I/art (19352): Late-enabling -Xcheck:jni
W/ResourceType(19352): Found multiple library tables, ignoring...
W/ResourceType(19352): Found multiple library tables, ignoring...
I/art ( 773): Background sticky concurrent mark sweep GC freed 103108(4MB) AllocSpace objects, 57(2MB) LOS objects, 11% free, 58MB/65MB, paused 2.319ms total 245.269ms
W/linker (19352): libgnustl_shared.so: unused DT entry: type 0x6ffffffe arg 0x47d58
W/linker (19352): libgnustl_shared.so: unused DT entry: type 0x6fffffff arg 0x2
W/linker (19352): libQt5Network.so: unused DT entry: type 0x1d arg 0x13997
W/linker (19352): Unsupported flags DT_FLAGS_1=0x81
W/linker (19352): libQt5Qml.so: unused DT entry: type 0x1d arg 0x37c03
W/linker (19352): Unsupported flags DT_FLAGS_1=0x81
W/linker (19352): libQt5Gui.so: unused DT entry: type 0x1d arg 0x53fd5
W/linker (19352): Unsupported flags DT_FLAGS_1=0x81
W/linker (19352): libQt5Quick.so: unused DT entry: type 0x1d arg 0x47a98
W/linker (19352): Unsupported flags DT_FLAGS_1=0x81
W/linker (19352): libQt5QuickParticles.so: unused DT entry: type 0x1d arg 0x5508
W/linker (19352): Unsupported flags DT_FLAGS_1=0x81
W/linker (19352): libQt5QuickTemplates2.so: unused DT entry: type 0x1d arg 0x1e147
W/linker (19352): Unsupported flags DT_FLAGS_1=0x81
W/linker (19352): libQt5QuickControls2.so: unused DT entry: type 0x1d arg 0x55c8
W/linker (19352): Unsupported flags DT_FLAGS_1=0x81
W/linker (19352): libqtforandroid.so: unused DT entry: type 0x1d arg 0x8a47
W/linker (19352): Unsupported flags DT_FLAGS_1=0x81
I/Qt (19352): qt start
W/linker (19352): libqandroidbearer.so: unused DT entry: type 0x1d arg 0x1711
W/linker (19352): Unsupported flags DT_FLAGS_1=0x81
W/linker (19352): libDroidServiceCrash.so: unused DT entry: type 0xf arg 0x58d
W/linker (19352): libDroidServiceCrash.so: unused DT entry: type 0x6ffffffe arg 0xba4
W/linker (19352): libDroidServiceCrash.so: unused DT entry: type 0x6fffffff arg 0x1
D/ (19352): (null):0 ((null)): QML debugging is enabled. Only use this in a safe environment.
D/OpenGLRenderer(19352): Use EGL_SWAP_BEHAVIOR_PRESERVED: true
D/Atlas (19352): Validating map...
V/WindowManager( 773): Adding window Window{2ab780f4 u0 org.qtproject.example.DroidServiceCrash/org.qtproject.qt5.android.bindings.QtActivity} at 6 of 13 (before Window{cfda2eb u0 Starting org.qtproject.example.DroidServiceCrash})
I/Adreno-EGL(19352): : EGL 1.4 QUALCOMM build: AU_LINUX_ANDROID_LA.AF.1.1_RB1.05.00.02.006.020_msm8960_LA.AF.1.1_RB1__release_AU ()
I/Adreno-EGL(19352): OpenGL ES Shader Compiler Version: E031.25.03.06
I/Adreno-EGL(19352): Build Date: 05/22/15 Fri I/Adreno-EGL(19352): Local Branch: mybranch10237523
I/Adreno-EGL(19352): Remote Branch: quic/LA.AF.1.1_rb1.18
I/Adreno-EGL(19352): Local Patches: NONE
I/Adreno-EGL(19352): Reconstruct Branch: AU_LINUX_ANDROID_LA.AF.1.1_RB1.05.00.02.006.020 + 9b2699f + 2215637 + 60aa592 + f2362e6 + 5c64f59 + 82411a1 + 89a0db6 + 6151be1 + NOTHING
I/OpenGLRenderer(19352): Initialized EGL, version 1.4
D/OpenGLRenderer(19352): Enabling debug mode 0
I/ActivityManager( 773): Displayed org.qtproject.example.DroidServiceCrash/org.qtproject.qt5.android.bindings.QtActivity: +587ms
I/Timeline(19352): Timeline: Activity_idle id: android.os.BinderProxy@88f09a9 time:88943782
I/Timeline( 773): Timeline: Activity_windows_visible id: ActivityRecord{351d5ce2 u0 org.qtproject.example.DroidServiceCrash/org.qtproject.qt5.android.bindings.QtActivity t9775} time:88943808
W/linker (19352): libqtquick2plugin.so: unused DT entry: type 0x1d arg 0x4de
W/linker (19352): Unsupported flags DT_FLAGS_1=0x81
W/linker (19352): libqtquickcontrols2plugin.so: unused DT entry: type 0x1d arg 0x238d
W/linker (19352): Unsupported flags DT_FLAGS_1=0x81
W/linker (19352): libqquicklayoutsplugin.so: unused DT entry: type 0x1d arg 0x1b89
W/linker (19352): Unsupported flags DT_FLAGS_1=0x81
W/linker (19352): libqtquicktemplates2plugin.so: unused DT entry: type 0x1d arg 0xae5a
W/linker (19352): Unsupported flags DT_FLAGS_1=0x81
W/linker (19352): libqtquickcontrols2materialstyleplugin.so: unused DT entry: type 0x1d arg 0x2795
W/linker (19352): Unsupported flags DT_FLAGS_1=0x81
W/linker (19352): libwindowplugin.so: unused DT entry: type 0x1d arg 0x4b2
W/linker (19352): Unsupported flags DT_FLAGS_1=0x81
V/WindowManager( 773): Adding window Window{191e75de u0 SurfaceView} at 6 of 13 (before Window{2ab780f4 u0 org.qtproject.example.DroidServiceCrash/org.qtproject.qt5.android.bindings.QtActivity})
I/Timeline( 773): Timeline: Activity_windows_visible id: ActivityRecord{351d5ce2 u0 org.qtproject.example.DroidServiceCrash/org.qtproject.qt5.android.bindings.QtActivity t9775} time:88944145
D/TaskPersister( 773): removeObsoleteFile: deleting file=9774_task.xml
D/TaskPersister( 773): removeObsoleteFile: deleting file=9774_task_thumbnail.png
I/Timeline( 1715): Timeline: Activity_idle id: android.os.BinderProxy@13884e1d time:88947643
F/libc (19352): Fatal signal 11 (SIGSEGV), code 1, fault addr 0x0 in tid 19352 (oidServiceCrash)
D/clmlib ( 389): Got activities:0x0000000E
I/DEBUG ( 389): *** *** *** *** *** *** *** *** *** *** *** *** *** *** *** ***
I/DEBUG ( 389): UUID: f8c5da4f-7f37-4ed8-a86b-fb477e4df1c8
I/DEBUG ( 389): Build fingerprint: 'Sony/C6503/C6503:5.1.1/10.7.A.0.228/3219080026:user/release-keys'
I/DEBUG ( 389): Revision: '0'
I/DEBUG ( 389): ABI: 'arm'
I/DEBUG ( 389): pid: 19352, tid: 19352, name: oidServiceCrash >>> org.qtproject.example.DroidServiceCrash <<<
I/DEBUG ( 389): signal 11 (SIGSEGV), code 1 (SEGV_MAPERR), fault addr 0x0
I/DEBUG ( 389): r0 b8b828cc r1 b8805048 r2 00000000 r3 00000000
I/DEBUG ( 389): r4 b8bee608 r5 00000000 r6 b6ec8de4 r7 b8805048
I/DEBUG ( 389): r8 a3b72370 r9 a3b723f0 sl 000006a5 fp 12c1d400
I/DEBUG ( 389): ip a3b7136c sp beecdb20 lr a3aeb3c5 pc a3aeb41a cpsr a00e0030
I/DEBUG ( 389):
I/DEBUG ( 389): backtrace:
I/DEBUG ( 389): #00 pc 0001a41a /data/data/org.qtproject.example.DroidServiceCrash/qt-reserved-files/plugins/platforms/android/libqtforandroid.so
I/DEBUG ( 389): #01 pc 0001a3c1 /data/data/org.qtproject.example.DroidServiceCrash/qt-reserved-files/plugins/platforms/android/libqtforandroid.so
I/Timeline( 773): Timeline: Activity_windows_visible id: ActivityRecord{159f258a u0 com.sonyericsson.home/com.sonymobile.home.HomeActivity t9685} time:88947909
I/ActivityManager( 773): Killing 17831:com.android.exchange/u0a27 (adj 15): empty #26
W/ProcessCpuTracker( 773): Skipping unknown process pid 19416
W/ProcessCpuTracker( 773): Skipping unknown process pid 19418
I/DEBUG ( 389):
I/DEBUG ( 389): Tombstone written to: /data/tombstones/tombstone_05
D/ActivityManager( 773): New dropbox entry: org.qtproject.example.DroidServiceCrash, data_app_native_crash, 9fdd8320-e9e2-49ec-b3d2-d01389d51f7b
I/BootReceiver( 773): Copying /data/tombstones/tombstone_05 to DropBox (SYSTEM_TOMBSTONE)
I/WindowState( 773): WIN DEATH: Window{2ab780f4 u0 org.qtproject.example.DroidServiceCrash/org.qtproject.qt5.android.bindings.QtActivity}
W/WindowManager( 773): Force-removing child win Window{191e75de u0 SurfaceView} from container Window{2ab780f4 u0 org.qtproject.example.DroidServiceCrash/org.qtproject.qt5.android.bindings.QtActivity}
W/WindowManager( 773): Failed looking up window
W/WindowManager( 773): java.lang.IllegalArgumentException: Requested window android.os.BinderProxy@2d1cf119 does not exist
W/WindowManager( 773): at com.android.server.wm.WindowManagerService.windowForClientLocked(WindowManagerService.java:8742)
W/WindowManager( 773): at com.android.server.wm.WindowManagerService.windowForClientLocked(WindowManagerService.java:8733)
W/WindowManager( 773): at com.android.server.wm.WindowState$DeathRecipient.binderDied(WindowState.java:1164)
W/WindowManager( 773): at android.os.BinderProxy.sendDeathNotice(Binder.java:551)
I/WindowState( 773): WIN DEATH: null
I/OpenGLRenderer( 773): Initialized EGL, version 1.4
I/ActivityManager( 773): Process org.qtproject.example.DroidServiceCrash (pid 19352) has died
I/Zygote ( 407): Process 19352 exited due to signal (11)
W/ResourceType( 1209): No package identifier when getting value for resource number 0x00000000
W/PackageManager( 1209): Failure retrieving resources for org.qtproject.example.DroidServiceCrash: Resource ID #0x0
W/ResourceType( 1209): No package identifier when getting value for resource number 0x00000000
W/PackageManager( 1209): Failure retrieving resources for org.qtproject.example.DroidServiceCrash: Resource ID #0x0
W/ContextImpl(18420): Calling a method in the system process without a qualified user: android.app.ContextImpl.bindService:1777 android.content.ContextWrapper.bindService:539 com.sonyericsson.crashmonitor.MiscTaAdapter.open:90 com.sonyericsson.crashmonitor.service.CrashMonitorService.onInit:127 com.sonyericsson.crashmonitor.service.CrashMonitorService.onHandleIntent:192