Starting remote process.I/art (24264): Late-enabling -Xcheck:jni
I/ActivityManager( 675): Start proc org.qtproject.example.ServiceDiscovery for activity org.qtproject.example.ServiceDiscovery/org.qtproject.qt5.android.bindings.QtActivity: pid=24264 uid=10097 gids={50097, 9997, 3003, 1028, 1015, 1023, 3002, 3001} abi=armeabi-v7a
D/ADB_SERVICES(23032): Adding socket 22 pid 24264 to jdwp process list
I/libPerfService( 675): perfSetFavorPid - pid:24264, 5ec8
I/libPerfService( 675): set_rootgroup - tid: 24264
I/libPerfService( 675): perfSetFavorPid - pid:24264, 5ec8
D/Proxy (24264): setHttpRequestCheckHandler
D/ActivityThread(24264): BIND_APPLICATION handled : 0 / AppBindData{appInfo=ApplicationInfo{34cf5223 org.qtproject.example.ServiceDiscovery}}
V/ActivityThread(24264): Handling launch of ActivityRecord{115ed320 token=android.os.BinderProxy@3473d4d9 {org.qtproject.example.ServiceDiscovery/org.qtproject.qt5.android.bindings.QtActivity}}
V/ActivityThread(24264): ActivityRecord{115ed320 token=android.os.BinderProxy@3473d4d9 {org.qtproject.example.ServiceDiscovery/org.qtproject.qt5.android.bindings.QtActivity}}: app=org.qtproject.qt5.android.bindings.QtApplication@28baed7f, appName=org.qtproject.example.ServiceDiscovery, pkg=org.qtproject.example.ServiceDiscovery, comp={org.qtproject.example.ServiceDiscovery/org.qtproject.qt5.android.bindings.QtActivity}, dir=/data/app/org.qtproject.example.ServiceDiscovery-1/base.apk
W/ADB_SERVICES(23032): create_local_service_socket() name=shell:while true; do sleep 1; cat /proc/24264/cmdline > /dev/null; done
W/ADB_SERVICES(23032): service_to_fd() name=shell:while true; do sleep 1; cat /proc/24264/cmdline > /dev/null; done
W/ADB_SERVICES(23032): LS(111): bound to 'shell:while true; do sleep 1; cat /proc/24264/cmdline > /dev/null; done' via 21
D/AccessibilityManager(24264): setStateLocked: wasEnabled = false, mIsEnabled = false, wasTouchExplorationEnabled = false, mIsTouchExplorationEnabled = false, wasHighTextContrastEnabled = false, mIsHighTextContrastEnabled = false
D/AccessibilityManager(24264): java.lang.Throwable: setStateLocked
D/AccessibilityManager(24264): at android.view.accessibility.AccessibilityManager.setStateLocked(AccessibilityManager.java:553)
D/AccessibilityManager(24264): at android.view.accessibility.AccessibilityManager.tryConnectToServiceLocked(AccessibilityManager.java:636)
D/AccessibilityManager(24264): at android.view.accessibility.AccessibilityManager.(AccessibilityManager.java:226)
D/AccessibilityManager(24264): at android.view.accessibility.AccessibilityManager.getInstance(AccessibilityManager.java:206)
D/AccessibilityManager(24264): at android.view.View.setFlags(View.java:9758)
D/AccessibilityManager(24264): at android.view.ViewGroup.initViewGroup(ViewGroup.java:530)
D/AccessibilityManager(24264): at android.view.ViewGroup.(ViewGroup.java:519)
D/AccessibilityManager(24264): at android.view.ViewGroup.(ViewGroup.java:514)
D/AccessibilityManager(24264): at android.view.ViewGroup.(ViewGroup.java:510)
D/AccessibilityManager(24264): at android.view.ViewGroup.(ViewGroup.java:506)
D/AccessibilityManager(24264): at android.widget.FrameLayout.(FrameLayout.java:119)
D/AccessibilityManager(24264): at com.android.internal.policy.impl.PhoneWindow$DecorView.(PhoneWindow.java:2247)
D/AccessibilityManager(24264): at com.android.internal.policy.impl.PhoneWindow.generateDecor(PhoneWindow.java:3306)
D/AccessibilityManager(24264): at com.android.internal.policy.impl.PhoneWindow.installDecor(PhoneWindow.java:3661)
D/AccessibilityManager(24264): at com.android.internal.policy.impl.PhoneWindow.getDecorView(PhoneWindow.java:1983)
D/AccessibilityManager(24264): at android.app.Activity.initWindowDecorActionBar(Activity.java:2145)
D/AccessibilityManager(24264): at android.app.Activity.getActionBar(Activity.java:2105)
D/AccessibilityManager(24264): at org.qtproject.qt5.android.QtActivityDelegate.setActionBarVisibility(QtActivityDelegate.java:1310)
D/AccessibilityManager(24264): at org.qtproject.qt5.android.QtActivityDelegate.loadApplication(QtActivityDelegate.java:555)
D/AccessibilityManager(24264): at java.lang.reflect.Method.invoke(Native Method)
D/AccessibilityManager(24264): at java.lang.reflect.Method.invoke(Method.java:372)
D/AccessibilityManager(24264): at org.qtproject.qt5.android.bindings.QtLoader.loadApplication(QtLoader.java:237)
D/AccessibilityManager(24264): at org.qtproject.qt5.android.bindings.QtLoader.startApp(QtLoader.java:647)
D/AccessibilityManager(24264): at org.qtproject.qt5.android.bindings.QtActivityLoader.onCreate(QtActivityLoader.java:181)
D/AccessibilityManager(24264): at org.qtproject.qt5.android.bindings.QtActivity.onCreateHook(QtActivity.java:266)
D/AccessibilityManager(24264): at org.qtproject.qt5.android.bindings.QtActivity.onCreate(QtActivity.java:273)
D/AccessibilityManager(24264): at android.app.Activity.performCreate(Activity.java:5975)
D/AccessibilityManager(24264): at android.app.Instrumentation.callActivityOnCreate(Instrumentation.java:1111)
D/AccessibilityManager(24264): at android.app.ActivityThread.performLaunchActivity(ActivityThread.java:2413)
D/AccessibilityManager(24264): at android.app.ActivityThread.handleLaunchActivity(ActivityThread.java:2522)
D/AccessibilityManager(24264): at android.app.ActivityThread.access$800(ActivityThread.java:167)
D/AccessibilityManager(24264): at android.app.ActivityThread$H.handleMessage(ActivityThread.java:1417)
D/AccessibilityManager(24264): at android.os.Handler.dispatchMessage(Handler.java:111)
D/AccessibilityManager(24264): at android.os.Looper.loop(Looper.java:194)
D/AccessibilityManager(24264): at android.app.ActivityThread.main(ActivityThread.java:5537)
D/AccessibilityManager(24264): at java.lang.reflect.Method.invoke(Native Method)
D/AccessibilityManager(24264): at java.lang.reflect.Method.invoke(Method.java:372)
D/AccessibilityManager(24264): at com.android.internal.os.ZygoteInit$MethodAndArgsCaller.run(ZygoteInit.java:955)
D/AccessibilityManager(24264): at com.android.internal.os.ZygoteInit.main(ZygoteInit.java:750)
I/Qt (24264): qt start
D/ (24264): (null):0 ((null)): QML debugging is enabled. Only use this in a safe environment.
V/ActivityThread(24264): Performing resume of ActivityRecord{115ed320 token=android.os.BinderProxy@3473d4d9 {org.qtproject.example.ServiceDiscovery/org.qtproject.qt5.android.bindings.QtActivity}}
D/ActivityThread(24264): ACT-AM_ON_RESUME_CALLED ActivityRecord{115ed320 token=android.os.BinderProxy@3473d4d9 {org.qtproject.example.ServiceDiscovery/org.qtproject.qt5.android.bindings.QtActivity}}
V/ActivityThread(24264): Resume ActivityRecord{115ed320 token=android.os.BinderProxy@3473d4d9 {org.qtproject.example.ServiceDiscovery/org.qtproject.qt5.android.bindings.QtActivity}} started activity: false, hideForNow: false, finished: false
V/PhoneWindow(24264): DecorView setVisiblity: visibility = 4 ,Parent =null, this =com.android.internal.policy.impl.PhoneWindow$DecorView{f4e0d0a I.E..... R.....ID 0,0-0,0}
I/SurfaceFlinger( 206): EventThread Client Pid (24264) created
I/SurfaceFlinger( 206): EventThread Client Pid (24264) created
D/OpenGLRenderer(24264): initialize DisplayEventReceiver 0xe3423050
D/OpenGLRenderer(24264): Render dirty regions requested: false
D/ViewRootImpl(24264): hardware acceleration is enabled, this = ViewRoot{94674a7 org.qtproject.example.ServiceDiscovery/org.qtproject.qt5.android.bindings.QtActivity,ident = 0}
V/ActivityThread(24264): Resuming ActivityRecord{115ed320 token=android.os.BinderProxy@3473d4d9 {org.qtproject.example.ServiceDiscovery/org.qtproject.qt5.android.bindings.QtActivity}} with isForward=true
V/PhoneWindow(24264): DecorView setVisiblity: visibility = 0 ,Parent =ViewRoot{94674a7 org.qtproject.example.ServiceDiscovery/org.qtproject.qt5.android.bindings.QtActivity,ident = 0}, this =com.android.internal.policy.impl.PhoneWindow$DecorView{f4e0d0a V.E..... R.....ID 0,0-0,0}
V/ActivityThread(24264): Scheduling idle handler for ActivityRecord{115ed320 token=android.os.BinderProxy@3473d4d9 {org.qtproject.example.ServiceDiscovery/org.qtproject.qt5.android.bindings.QtActivity}}
D/ActivityThread(24264): ACT-LAUNCH_ACTIVITY handled : 0 / ActivityRecord{115ed320 token=android.os.BinderProxy@3473d4d9 {org.qtproject.example.ServiceDiscovery/org.qtproject.qt5.android.bindings.QtActivity}}
D/skia (24264): jerry140307 familyname=Roboto
D/skia (24264): jerry140307 familyname=Roboto
D/OpenGLRenderer(24264): CanvasContext() 0xe342b020 initialize 0xf0170608
I/OpenGLRenderer(24264): Initialized EGL, version 1.4
D/MALI (24264): eglCreateContext:206: [MALI] eglCreateContext display 0xecb40280, share context 0x0 here.
V/InputMethodManager(24264): onWindowFocus: null softInputMode=272 first=true flags=#1810100
V/InputMethodManager(24264): START INPUT: com.android.internal.policy.impl.PhoneWindow$DecorView{f4e0d0a V.E..... R.....ID 0,0-800,1216} ic=null tba=android.view.inputmethod.EditorInfo@3cda62ec controlFlags=#104
D/MALI (24264): gles_context_new:248: Create GLES ctx 0xe346e008 successfully
D/MALI (24264): eglCreateContext:543: [MALI] eglCreateContext end. Created context 0xe3459908 here.
D/OpenGLRenderer(24264): Enabling debug mode 0
D/Surface (24264): Surface::connect(this=0xf0170600,api=1)
I/BufferQueueProducer( 206): [org.qtproject.example.ServiceDiscovery/org.qtproject.qt5.android.bindings.QtActivity](this:0x7f78ddc000,id:417,api:1,p:24264,c:206) connect(P): api=1 producer=(24264:org.qtproject.example.ServiceDiscovery) producerControlledByApp=true
D/mali_winsys(24264): new_window_surface returns 0x3000
D/Surface (24264): Surface::allocateBuffers(this=0xf0170600)
D/BufferQueueProducer( 206): [org.qtproject.example.ServiceDiscovery/org.qtproject.qt5.android.bindings.QtActivity](this:0x7f78ddc000,id:417,api:1,p:24264,c:206) allocateBuffers: allocating from 0 buffers up to 3 buffers
D/BufferQueueProducer( 206): [org.qtproject.example.ServiceDiscovery/org.qtproject.qt5.android.bindings.QtActivity](this:0x7f78ddc000,id:417,api:1,p:24264,c:206) allocateBuffers: allocating from 3 buffers up to 3 buffers
D/Surface (24264): Surface::setBuffersDimensions(this=0xf0170600,w=800,h=1216)
D/GraphicBuffer(24264): register, handle(0xe342b160) (w:800 h:1216 s:800 f:0x1 u:0x000b00)
W/MALI (24264): glDrawArrays:714: [MALI] glDrawArrays takes more than 5ms here. Total elapse time(us): 8316
V/SettingsInterface(24264): invalidate [system]: current 8 != cached 0
I/libPerfService( 675): perfSetFavorPid - pid:24264, 5ec8
D/ActivityManager( 675): getContentProviderImpl: from caller=android.app.ApplicationThreadProxy@396761f7 (pid=24264, userId=0) to get content provider settings cpr=ContentProviderRecord{325c06aa u0 com.android.providers.settings/.SettingsProvider}
D/ActivityThread(24264): hoder:android.app.IActivityManager$ContentProviderHolder@1ec23433,provider,holder.Provider:android.content.ContentProviderProxy@1709f3f0
I/libPerfService( 675): perfSetFavorPid - pid:24264, 5ec8
I/libPerfService( 675): perfSetFavorPid - pid:24264, 5ec8
D/BluetoothAdapter(24264): getName
D/BluetoothAdapter(24264): getAddress
D/MALI (24264): eglCreateContext:206: [MALI] eglCreateContext display 0xecb40280, share context 0x0 here.
D/MALI (24264): gles_context_new:248: Create GLES ctx 0xe1301008 successfully
D/MALI (24264): eglCreateContext:543: [MALI] eglCreateContext end. Created context 0xe28f6f08 here.
D/SurfaceView(24264): checkSurfaceViewlLogProperty get invalid command
I/SurfaceView(24264): updateWindow -- onWindowVisibilityChanged, visibility = 0, this = org.qtproject.qt5.android.QtSurface{17145108 V.E..... ......I. 0,0-0,0 #1}
D/Surface (24264): Surface::disconnect(this=0xf0170600,api=1)
D/GraphicBuffer(24264): unregister, handle(0xe342b160) (w:800 h:1216 s:800 f:0x1 u:0x000b00)
D/Surface (24264): Surface::connect(this=0xe15abb00,api=1)
I/BufferQueueProducer( 206): [org.qtproject.example.ServiceDiscovery/org.qtproject.qt5.android.bindings.QtActivity](this:0x7f79ef5000,id:418,api:1,p:24264,c:206) connect(P): api=1 producer=(24264:org.qtproject.example.ServiceDiscovery) producerControlledByApp=true
D/mali_winsys(24264): new_window_surface returns 0x3000
I/SurfaceView(24264): updateWindow -- setFrame, this = org.qtproject.qt5.android.QtSurface{17145108 V.E..... ......ID 0,0-800,1183 #1}
I/SurfaceView(24264): updateWindow -- OnPreDrawListener, mHaveFrame = true, this = org.qtproject.qt5.android.QtSurface{17145108 V.E..... ......ID 0,0-800,1183 #1}
I/SurfaceView(24264): Changes: creating=true format=true size=true visible=true left=true top=true mUpdateWindowNeeded=false mReportDrawNeeded=false redrawNeeded=false forceSizeChanged=true mVisible=false mRequestedVisible=true, this = org.qtproject.qt5.android.QtSurface{17145108 V.E..... ......ID 0,0-800,1183 #1}
I/SurfaceView(24264): Cur surface: Surface(name=null)/@0x388720a1, this = org.qtproject.qt5.android.QtSurface{17145108 V.E..... ......ID 0,0-800,1183 #1}
V/SurfaceView(24264): this = org.qtproject.qt5.android.QtSurface{17145108 V.E..... ......ID 0,0-800,1183 #1} got resized: w=800 h=1183, cur w=-1 h=-1
I/SurfaceView(24264): New surface: Surface(name=null)/@0x1b0022c6, vis=true, frame=Rect(0, 33 - 800, 1216), this = org.qtproject.qt5.android.QtSurface{17145108 V.E..... ......ID 0,0-800,1183 #1}
I/SurfaceView(24264): Callback --> surfaceCreated, this = org.qtproject.qt5.android.QtSurface{17145108 V.E..... ......ID 0,0-800,1183 #1}
I/SurfaceView(24264): surfaceCreated callback +, this = org.qtproject.qt5.android.QtSurface{17145108 V.E..... ......ID 0,0-800,1183 #1}
I/SurfaceView(24264): surfaceCreated callback -, this = org.qtproject.qt5.android.QtSurface{17145108 V.E..... ......ID 0,0-800,1183 #1}
I/SurfaceView(24264): surfaceChanged -- format=1 w=800 h=1183, this = org.qtproject.qt5.android.QtSurface{17145108 V.E..... ......ID 0,0-800,1183 #1}
I/SurfaceView(24264): surfaceChanged callback +, this = org.qtproject.qt5.android.QtSurface{17145108 V.E..... ......ID 0,0-800,1183 #1}
I/SurfaceView(24264): surfaceChanged callback -, this = org.qtproject.qt5.android.QtSurface{17145108 V.E..... ......ID 0,0-800,1183 #1}
I/SurfaceView(24264): surfaceRedrawNeeded, this = org.qtproject.qt5.android.QtSurface{17145108 V.E..... ......ID 0,0-800,1183 #1}
I/SurfaceView(24264): finishedDrawing, this = org.qtproject.qt5.android.QtSurface{17145108 V.E..... ......ID 0,0-800,1183 #1}
D/Surface (24264): Surface::connect(this=0xe15ac200,api=1)
I/BufferQueueProducer( 206): [SurfaceView](this:0x7f78d4a000,id:419,api:1,p:24264,c:206) connect(P): api=1 producer=(24264:org.qtproject.example.ServiceDiscovery) producerControlledByApp=true
D/mali_winsys(24264): new_window_surface returns 0x3000
V/SurfaceView(24264): Layout: x=0 y=33 w=800 h=1183, frame=Rect(0, 0 - 800, 1183), this = org.qtproject.qt5.android.QtSurface{17145108 V.E..... ......ID 0,0-800,1183 #1}
I/SurfaceView(24264): Punch a hole(dispatchDraw), w = 800, h = 1183, this = org.qtproject.qt5.android.QtSurface{17145108 V.E..... ........ 0,0-800,1183 #1}
D/Surface (24264): Surface::setBuffersDimensions(this=0xe15abb00,w=800,h=1216)
I/BufferQueueProducer( 206): [org.qtproject.example.ServiceDiscovery/org.qtproject.qt5.android.bindings.QtActivity](this:0x7f79ef5000,id:418,api:1,p:24264,c:206) new GraphicBuffer needed
D/GraphicBuffer(24264): register, handle(0xe342b160) (w:800 h:1216 s:800 f:0x1 u:0x000b00)
D/Surface (24264): Surface::setBuffersDimensions(this=0xe15ac200,w=800,h=1183)
I/BufferQueueProducer( 206): [SurfaceView](this:0x7f78d4a000,id:419,api:1,p:24264,c:206) new GraphicBuffer needed
D/GraphicBuffer(24264): register, handle(0xf0e2b200) (w:800 h:1183 s:800 f:0x1 u:0x000b00)
I/SurfaceView(24264): updateWindow -- UPDATE_WINDOW_MSG, this = Handler (android.view.SurfaceView$1) {34cb5287}
I/SurfaceView(24264): Changes: creating=false format=false size=false visible=false left=false top=false mUpdateWindowNeeded=true mReportDrawNeeded=true redrawNeeded=false forceSizeChanged=false mVisible=true mRequestedVisible=true, this = org.qtproject.qt5.android.QtSurface{17145108 V.E..... ........ 0,0-800,1183 #1}
I/SurfaceView(24264): Cur surface: Surface(name=null)/@0x388720a1, this = org.qtproject.qt5.android.QtSurface{17145108 V.E..... ........ 0,0-800,1183 #1}
I/SurfaceView(24264): New surface: Surface(name=null)/@0x1b0022c6, vis=true, frame=Rect(0, 33 - 800, 1216), this = org.qtproject.qt5.android.QtSurface{17145108 V.E..... ........ 0,0-800,1183 #1}
I/SurfaceView(24264): surfaceRedrawNeeded, this = org.qtproject.qt5.android.QtSurface{17145108 V.E..... ........ 0,0-800,1183 #1}
I/SurfaceView(24264): finishedDrawing, this = org.qtproject.qt5.android.QtSurface{17145108 V.E..... ........ 0,0-800,1183 #1}
V/SurfaceView(24264): Layout: x=0 y=33 w=800 h=1183, frame=Rect(0, 0 - 800, 1183), this = org.qtproject.qt5.android.QtSurface{17145108 V.E..... ........ 0,0-800,1183 #1}
D/Surface (24264): Surface::setBuffersDimensions(this=0xe15ac200,w=800,h=1183)
I/BufferQueueProducer( 206): [SurfaceView](this:0x7f78d4a000,id:419,api:1,p:24264,c:206) new GraphicBuffer needed
D/GraphicBuffer(24264): register, handle(0xf0e2b2a0) (w:800 h:1183 s:800 f:0x1 u:0x000b00)
D/Surface (24264): Surface::setBuffersDimensions(this=0xe15ac200,w=800,h=1183)
I/BufferQueueProducer( 206): [SurfaceView](this:0x7f78d4a000,id:419,api:1,p:24264,c:206) new GraphicBuffer needed
D/GraphicBuffer(24264): register, handle(0xf0e2b340) (w:800 h:1183 s:800 f:0x1 u:0x000b00)
I/BufferQueueProducer( 206): [SurfaceView](this:0x7f78d4a000,id:419,api:1,p:24264,c:206) RunningBehind, queued size:2
D/Surface (24264): Surface::setBuffersDimensions(this=0xe15ac200,w=800,h=1183)
I/BufferQueueProducer( 206): [SurfaceView](this:0x7f78d4a000,id:419,api:1,p:24264,c:206) queueBuffer: fps=0.67 dur=4446.17 max=4434.08 min=5.09
D/libServiceDiscovery.so(24264): ..\ServiceDiscovery\controller.cpp:18 (void Controller::startScan()): calling start
D/BluetoothAdapter(24264): 431698837: getState(). Returning 12
W/libServiceDiscovery.so(24264): (null):0 ((null)): qt.bluetooth.android: ACCESS_COARSE_LOCATION permission available
D/BluetoothAdapter(24264): startDiscovery
D/BluetoothAdapter(24264): 431698837: getState(). Returning 12
D/libServiceDiscovery.so(24264): (null):0 ((null)): qt.bluetooth.android: QBluetoothDeviceDiscoveryAgentPrivate::start() - Classic search successfully started.
D/libServiceDiscovery.so(24264): ..\ServiceDiscovery\controller.cpp:22 (void Controller::startScan()): started
D/Surface (24264): Surface::setBuffersDimensions(this=0xe15ac200,w=800,h=1183)
I/libPerfService( 675): perfSetFavorPid - pid:24264, 5ec8
D/libServiceDiscovery.so(24264): (null):0 ((null)): qt.bluetooth.android: DeviceDiscoveryBroadcastReceiver::onReceive() - event: "android.bluetooth.adapter.action.DISCOVERY_STARTED"
I/libPerfService( 675): perfSetFavorPid - pid:24264, 5ec8
I/libPerfService( 675): perfSetFavorPid - pid:24264, 5ec8
I/libPerfService( 675): perfSetFavorPid - pid:24264, 5ec8
I/libPerfService( 675): perfSetFavorPid - pid:24264, 5ec8
I/libPerfService( 675): perfSetFavorPid - pid:24264, 5ec8
I/libPerfService( 675): perfSetFavorPid - pid:24264, 5ec8
I/libPerfService( 675): perfSetFavorPid - pid:24264, 5ec8
I/libPerfService( 675): perfSetFavorPid - pid:24264, 5ec8
I/libPerfService( 675): perfSetFavorPid - pid:24264, 5ec8
D/libServiceDiscovery.so(24264): (null):0 ((null)): qt.bluetooth.android: DeviceDiscoveryBroadcastReceiver::onReceive() - event: "android.bluetooth.device.action.FOUND"
D/BluetoothDevice(24264): getName: name = vĂ­voactive HR
D/BluetoothDevice(24264): mAddress: E9:E6:3D:4E:65:03
D/BluetoothDevice(24264): getBluetoothClass: classInt = 0
D/BluetoothDevice(24264): getType: type = 2
D/libServiceDiscovery.so(24264): (null):0 ((null)): qt.bluetooth.android: Device found: "vĂ­voactive HR" "E9:E6:3D:4E:65:03" isLeScanResult: false
I/libPerfService( 675): perfSetFavorPid - pid:24264, 5ec8
I/libPerfService( 675): perfSetFavorPid - pid:24264, 5ec8
I/libPerfService( 675): perfSetFavorPid - pid:24264, 5ec8
I/libPerfService( 675): perfSetFavorPid - pid:24264, 5ec8
D/Surface (24264): Surface::setBuffersDimensions(this=0xe15ac200,w=800,h=1183)
I/BufferQueueProducer( 206): [SurfaceView](this:0x7f78d4a000,id:419,api:1,p:24264,c:206) queueBuffer: fps=0.09 dur=23049.52 max=22961.28 min=88.23
D/libServiceDiscovery.so(24264): ..\ServiceDiscovery\controller.cpp:28 (void Controller::stopScan()): calling stop
D/BluetoothAdapter(24264): cancelDiscovery
D/BluetoothAdapter(24264): 431698837: getState(). Returning 12
D/BluetoothAdapter(24264): cancelDiscovery
D/BluetoothAdapter(24264): 431698837: getState(). Returning 12
D/BluetoothAdapter(24264): cancelDiscovery
I/libPerfService( 675): perfSetFavorPid - pid:24264, 5ec8
D/libServiceDiscovery.so(24264): (null):0 ((null)): qt.bluetooth.android: DeviceDiscoveryBroadcastReceiver::onReceive() - event: "android.bluetooth.adapter.action.DISCOVERY_FINISHED"
D/BluetoothAdapter(24264): 431698837: getState(). Returning 12
D/BluetoothAdapter(24264): cancelDiscovery
D/BluetoothAdapter(24264): 431698837: getState(). Returning 12
D/BluetoothAdapter(24264): cancelDiscovery
D/BluetoothAdapter(24264): 431698837: getState(). Returning 12
D/BluetoothAdapter(24264): cancelDiscovery
D/BluetoothAdapter(24264): 431698837: getState(). Returning 12
D/BluetoothAdapter(24264): cancelDiscovery
D/BluetoothAdapter(24264): 431698837: getState(). Returning 12
D/BluetoothAdapter(24264): cancelDiscovery
D/BluetoothAdapter(24264): 431698837: getState(). Returning 12
D/BluetoothAdapter(24264): cancelDiscovery
D/BluetoothAdapter(24264): 431698837: getState(). Returning 12
D/BluetoothAdapter(24264): cancelDiscovery
D/BluetoothAdapter(24264): 431698837: getState(). Returning 12
D/BluetoothAdapter(24264): cancelDiscovery
D/BluetoothAdapter(24264): 431698837: getState(). Returning 12
I/libPerfService( 675): perfSetFavorPid - pid:24264, 5ec8
D/BluetoothAdapter(24264): cancelDiscovery
I/libPerfService( 675): perfSetFavorPid - pid:24264, 5ec8
D/BluetoothAdapter(24264): 431698837: getState(). Returning 12
D/BluetoothAdapter(24264): cancelDiscovery
D/BluetoothAdapter(24264): 431698837: getState(). Returning 12
D/BluetoothAdapter(24264): cancelDiscovery
D/BluetoothAdapter(24264): 431698837: getState(). Returning 12
D/BluetoothAdapter(24264): cancelDiscovery
D/BluetoothAdapter(24264): 431698837: getState(). Returning 12
D/BluetoothAdapter(24264): cancelDiscovery
D/BluetoothAdapter(24264): 431698837: getState(). Returning 12
D/BluetoothAdapter(24264): cancelDiscovery
D/BluetoothAdapter(24264): 431698837: getState(). Returning 12
D/BluetoothAdapter(24264): cancelDiscovery
D/BluetoothAdapter(24264): 431698837: getState(). Returning 12
D/BluetoothAdapter(24264): cancelDiscovery
D/BluetoothAdapter(24264): 431698837: getState(). Returning 12
D/BluetoothAdapter(24264): cancelDiscovery
D/BluetoothAdapter(24264): 431698837: getState(). Returning 12
D/BluetoothAdapter(24264): cancelDiscovery
D/BluetoothAdapter(24264): 431698837: getState(). Returning 12
D/BluetoothAdapter(24264): cancelDiscovery
D/BluetoothAdapter(24264): 431698837: getState(). Returning 12
D/BluetoothAdapter(24264): cancelDiscovery
D/BluetoothAdapter(24264): 431698837: getState(). Returning 12
D/BluetoothAdapter(24264): cancelDiscovery
D/BluetoothAdapter(24264): 431698837: getState(). Returning 12
D/BluetoothAdapter(24264): cancelDiscovery
D/BluetoothAdapter(24264): 431698837: getState(). Returning 12
D/BluetoothAdapter(24264): cancelDiscovery
D/BluetoothAdapter(24264): 431698837: getState(). Returning 12
D/BluetoothAdapter(24264): cancelDiscovery
D/BluetoothAdapter(24264): 431698837: getState(). Returning 12
D/BluetoothAdapter(24264): cancelDiscovery
D/BluetoothAdapter(24264): 431698837: getState(). Returning 12
D/BluetoothAdapter(24264): cancelDiscovery
D/BluetoothAdapter(24264): 431698837: getState(). Returning 12
D/BluetoothAdapter(24264): cancelDiscovery
D/BluetoothAdapter(24264): 431698837: getState(). Returning 12
D/BluetoothAdapter(24264): cancelDiscovery
D/BluetoothAdapter(24264): 431698837: getState(). Returning 12
D/BluetoothAdapter(24264): cancelDiscovery
D/BluetoothAdapter(24264): 431698837: getState(). Returning 12
D/BluetoothAdapter(24264): cancelDiscovery
D/BluetoothAdapter(24264): 431698837: getState(). Returning 12
D/BluetoothAdapter(24264): cancelDiscovery
D/BluetoothAdapter(24264): 431698837: getState(). Returning 12
D/BluetoothAdapter(24264): cancelDiscovery
D/BluetoothAdapter(24264): 431698837: getState(). Returning 12
D/BluetoothAdapter(24264): cancelDiscovery
D/BluetoothAdapter(24264): 431698837: getState(). Returning 12
D/BluetoothAdapter(24264): cancelDiscovery
D/BluetoothAdapter(24264): 431698837: getState(). Returning 12
D/BluetoothAdapter(24264): cancelDiscovery
D/BluetoothAdapter(24264): 431698837: getState(). Returning 12
D/BluetoothAdapter(24264): cancelDiscovery
D/BluetoothAdapter(24264): 431698837: getState(). Returning 12
D/BluetoothAdapter(24264): cancelDiscovery
D/BluetoothAdapter(24264): 431698837: getState(). Returning 12
D/BluetoothAdapter(24264): cancelDiscovery
D/BluetoothAdapter(24264): 431698837: getState(). Returning 12
D/BluetoothAdapter(24264): cancelDiscovery
D/BluetoothAdapter(24264): 431698837: getState(). Returning 12
D/BluetoothAdapter(24264): cancelDiscovery
D/BluetoothAdapter(24264): 431698837: getState(). Returning 12
D/BluetoothAdapter(24264): cancelDiscovery
D/BluetoothAdapter(24264): 431698837: getState(). Returning 12
D/BluetoothAdapter(24264): cancelDiscovery
D/BluetoothAdapter(24264): 431698837: getState(). Returning 12
D/BluetoothAdapter(24264): cancelDiscovery
D/BluetoothAdapter(24264): 431698837: getState(). Returning 12
D/BluetoothAdapter(24264): cancelDiscovery
D/BluetoothAdapter(24264): 431698837: getState(). Returning 12
D/BluetoothAdapter(24264): cancelDiscovery
D/BluetoothAdapter(24264): 431698837: getState(). Returning 12
D/BluetoothAdapter(24264): cancelDiscovery
D/BluetoothAdapter(24264): 431698837: getState(). Returning 12
D/BluetoothAdapter(24264): cancelDiscovery
D/BluetoothAdapter(24264): 431698837: getState(). Returning 12
D/BluetoothAdapter(24264): cancelDiscovery
D/BluetoothAdapter(24264): 431698837: getState(). Returning 12
D/BluetoothAdapter(24264): cancelDiscovery
D/BluetoothAdapter(24264): 431698837: getState(). Returning 12
D/BluetoothAdapter(24264): cancelDiscovery
D/BluetoothAdapter(24264): 431698837: getState(). Returning 12
D/BluetoothAdapter(24264): cancelDiscovery
D/BluetoothAdapter(24264): 431698837: getState(). Returning 12
D/BluetoothAdapter(24264): cancelDiscovery
D/BluetoothAdapter(24264): 431698837: getState(). Returning 12
D/BluetoothAdapter(24264): cancelDiscovery
D/BluetoothAdapter(24264): 431698837: getState(). Returning 12
D/BluetoothAdapter(24264): cancelDiscovery
D/BluetoothAdapter(24264): 431698837: getState(). Returning 12
D/BluetoothAdapter(24264): cancelDiscovery
D/BluetoothAdapter(24264): 431698837: getState(). Returning 12
D/BluetoothAdapter(24264): cancelDiscovery
D/BluetoothAdapter(24264): 431698837: getState(). Returning 12
D/BluetoothAdapter(24264): cancelDiscovery
D/BluetoothAdapter(24264): 431698837: getState(). Returning 12
D/BluetoothAdapter(24264): cancelDiscovery
D/BluetoothAdapter(24264): 431698837: getState(). Returning 12
D/BluetoothAdapter(24264): cancelDiscovery
D/BluetoothAdapter(24264): 431698837: getState(). Returning 12
D/BluetoothAdapter(24264): cancelDiscovery
D/BluetoothAdapter(24264): 431698837: getState(). Returning 12
D/BluetoothAdapter(24264): cancelDiscovery
D/BluetoothAdapter(24264): 431698837: getState(). Returning 12
D/BluetoothAdapter(24264): cancelDiscovery
D/BluetoothAdapter(24264): 431698837: getState(). Returning 12
D/BluetoothAdapter(24264): cancelDiscovery
D/BluetoothAdapter(24264): 431698837: getState(). Returning 12
D/BluetoothAdapter(24264): cancelDiscovery
D/BluetoothAdapter(24264): 431698837: getState(). Returning 12
D/BluetoothAdapter(24264): cancelDiscovery
D/BluetoothAdapter(24264): 431698837: getState(). Returning 12
D/BluetoothAdapter(24264): cancelDiscovery
D/BluetoothAdapter(24264): 431698837: getState(). Returning 12
D/BluetoothAdapter(24264): cancelDiscovery
D/BluetoothAdapter(24264): 431698837: getState(). Returning 12
D/BluetoothAdapter(24264): cancelDiscovery
D/BluetoothAdapter(24264): 431698837: getState(). Returning 12
D/BluetoothAdapter(24264): cancelDiscovery
D/BluetoothAdapter(24264): 431698837: getState(). Returning 12
D/BluetoothAdapter(24264): cancelDiscovery
D/BluetoothAdapter(24264): 431698837: getState(). Returning 12
D/BluetoothAdapter(24264): cancelDiscovery
D/BluetoothAdapter(24264): 431698837: getState(). Returning 12
D/BluetoothAdapter(24264): cancelDiscovery
D/BluetoothAdapter(24264): 431698837: getState(). Returning 12
D/BluetoothAdapter(24264): cancelDiscovery
D/BluetoothAdapter(24264): 431698837: getState(). Returning 12
D/BluetoothAdapter(24264): cancelDiscovery
D/BluetoothAdapter(24264): 431698837: getState(). Returning 12
D/BluetoothAdapter(24264): cancelDiscovery
D/BluetoothAdapter(24264): 431698837: getState(). Returning 12
D/BluetoothAdapter(24264): cancelDiscovery
D/BluetoothAdapter(24264): 431698837: getState(). Returning 12
D/BluetoothAdapter(24264): cancelDiscovery
D/BluetoothAdapter(24264): 431698837: getState(). Returning 12
D/BluetoothAdapter(24264): cancelDiscovery
D/BluetoothAdapter(24264): 431698837: getState(). Returning 12
D/BluetoothAdapter(24264): cancelDiscovery
D/BluetoothAdapter(24264): 431698837: getState(). Returning 12
D/BluetoothAdapter(24264): cancelDiscovery
D/BluetoothAdapter(24264): 431698837: getState(). Returning 12
D/BluetoothAdapter(24264): cancelDiscovery
D/BluetoothAdapter(24264): 431698837: getState(). Returning 12
D/BluetoothAdapter(24264): cancelDiscovery
D/BluetoothAdapter(24264): 431698837: getState(). Returning 12
D/BluetoothAdapter(24264): cancelDiscovery
D/BluetoothAdapter(24264): 431698837: getState(). Returning 12
D/BluetoothAdapter(24264): cancelDiscovery
D/BluetoothAdapter(24264): 431698837: getState(). Returning 12
D/BluetoothAdapter(24264): cancelDiscovery
D/BluetoothAdapter(24264): 431698837: getState(). Returning 12
D/BluetoothAdapter(24264): cancelDiscovery
D/BluetoothAdapter(24264): 431698837: getState(). Returning 12
D/BluetoothAdapter(24264): cancelDiscovery
D/BluetoothAdapter(24264): 431698837: getState(). Returning 12
D/BluetoothAdapter(24264): cancelDiscovery
D/BluetoothAdapter(24264): 431698837: getState(). Returning 12
D/BluetoothAdapter(24264): cancelDiscovery
D/BluetoothAdapter(24264): 431698837: getState(). Returning 12
D/BluetoothAdapter(24264): cancelDiscovery
D/BluetoothAdapter(24264): 431698837: getState(). Returning 12
D/BluetoothAdapter(24264): cancelDiscovery
D/BluetoothAdapter(24264): 431698837: getState(). Returning 12
D/BluetoothAdapter(24264): cancelDiscovery
D/BluetoothAdapter(24264): 431698837: getState(). Returning 12
D/BluetoothAdapter(24264): cancelDiscovery
D/BluetoothAdapter(24264): 431698837: getState(). Returning 12
D/BluetoothAdapter(24264): cancelDiscovery
D/BluetoothAdapter(24264): 431698837: getState(). Returning 12
D/BluetoothAdapter(24264): cancelDiscovery
D/BluetoothAdapter(24264): 431698837: getState(). Returning 12
D/BluetoothAdapter(24264): cancelDiscovery
D/BluetoothAdapter(24264): 431698837: getState(). Returning 12
D/BluetoothAdapter(24264): cancelDiscovery
D/BluetoothAdapter(24264): 431698837: getState(). Returning 12
D/BluetoothAdapter(24264): cancelDiscovery
D/BluetoothAdapter(24264): 431698837: getState(). Returning 12
D/BluetoothAdapter(24264): cancelDiscovery
D/BluetoothAdapter(24264): 431698837: getState(). Returning 12
D/BluetoothAdapter(24264): cancelDiscovery
D/BluetoothAdapter(24264): 431698837: getState(). Returning 12
D/BluetoothAdapter(24264): cancelDiscovery
D/BluetoothAdapter(24264): 431698837: getState(). Returning 12
D/BluetoothAdapter(24264): cancelDiscovery
D/BluetoothAdapter(24264): 431698837: getState(). Returning 12
D/BluetoothAdapter(24264): cancelDiscovery
D/BluetoothAdapter(24264): 431698837: getState(). Returning 12
D/BluetoothAdapter(24264): cancelDiscovery
D/BluetoothAdapter(24264): 431698837: getState(). Returning 12
D/BluetoothAdapter(24264): cancelDiscovery
D/BluetoothAdapter(24264): 431698837: getState(). Returning 12
D/BluetoothAdapter(24264): cancelDiscovery
D/BluetoothAdapter(24264): 431698837: getState(). Returning 12
D/BluetoothAdapter(24264): cancelDiscovery
D/BluetoothAdapter(24264): 431698837: getState(). Returning 12
D/BluetoothAdapter(24264): cancelDiscovery
D/BluetoothAdapter(24264): 431698837: getState(). Returning 12
D/BluetoothAdapter(24264): cancelDiscovery
D/BluetoothAdapter(24264): 431698837: getState(). Returning 12
D/BluetoothAdapter(24264): cancelDiscovery
D/BluetoothAdapter(24264): 431698837: getState(). Returning 12
D/BluetoothAdapter(24264): cancelDiscovery
D/BluetoothAdapter(24264): 431698837: getState(). Returning 12
D/BluetoothAdapter(24264): cancelDiscovery
D/BluetoothAdapter(24264): 431698837: getState(). Returning 12
D/BluetoothAdapter(24264): cancelDiscovery
D/BluetoothAdapter(24264): 431698837: getState(). Returning 12
D/BluetoothAdapter(24264): cancelDiscovery
D/BluetoothAdapter(24264): 431698837: getState(). Returning 12
D/BluetoothAdapter(24264): cancelDiscovery
D/BluetoothAdapter(24264): 431698837: getState(). Returning 12
D/BluetoothAdapter(24264): cancelDiscovery
D/BluetoothAdapter(24264): 431698837: getState(). Returning 12
D/BluetoothAdapter(24264): cancelDiscovery
D/BluetoothAdapter(24264): 431698837: getState(). Returning 12
D/BluetoothAdapter(24264): cancelDiscovery
D/BluetoothAdapter(24264): 431698837: getState(). Returning 12
D/BluetoothAdapter(24264): cancelDiscovery
D/BluetoothAdapter(24264): 431698837: getState(). Returning 12
D/BluetoothAdapter(24264): cancelDiscovery
D/BluetoothAdapter(24264): 431698837: getState(). Returning 12
D/BluetoothAdapter(24264): cancelDiscovery
D/BluetoothAdapter(24264): 431698837: getState(). Returning 12
D/BluetoothAdapter(24264): cancelDiscovery
D/BluetoothAdapter(24264): 431698837: getState(). Returning 12
D/BluetoothAdapter(24264): cancelDiscovery
D/BluetoothAdapter(24264): 431698837: getState(). Returning 12
D/BluetoothAdapter(24264): cancelDiscovery
D/BluetoothAdapter(24264): 431698837: getState(). Returning 12
D/BluetoothAdapter(24264): cancelDiscovery
D/BluetoothAdapter(24264): 431698837: getState(). Returning 12
D/BluetoothAdapter(24264): cancelDiscovery
D/BluetoothAdapter(24264): 431698837: getState(). Returning 12
D/BluetoothAdapter(24264): cancelDiscovery
D/BluetoothAdapter(24264): 431698837: getState(). Returning 12
D/BluetoothAdapter(24264): cancelDiscovery
D/BluetoothAdapter(24264): 431698837: getState(). Returning 12
D/BluetoothAdapter(24264): cancelDiscovery
D/BluetoothAdapter(24264): 431698837: getState(). Returning 12
D/BluetoothAdapter(24264): cancelDiscovery
D/BluetoothAdapter(24264): 431698837: getState(). Returning 12
D/BluetoothAdapter(24264): cancelDiscovery
D/BluetoothAdapter(24264): 431698837: getState(). Returning 12
D/BluetoothAdapter(24264): cancelDiscovery
D/BluetoothAdapter(24264): 431698837: getState(). Returning 12
D/BluetoothAdapter(24264): cancelDiscovery
D/BluetoothAdapter(24264): 431698837: getState(). Returning 12
D/BluetoothAdapter(24264): cancelDiscovery
D/BluetoothAdapter(24264): 431698837: getState(). Returning 12
D/BluetoothAdapter(24264): cancelDiscovery
D/BluetoothAdapter(24264): 431698837: getState(). Returning 12
D/BluetoothAdapter(24264): cancelDiscovery
D/BluetoothAdapter(24264): 431698837: getState(). Returning 12
D/BluetoothAdapter(24264): cancelDiscovery
D/BluetoothAdapter(24264): 431698837: getState(). Returning 12
D/BluetoothAdapter(24264): cancelDiscovery
D/BluetoothAdapter(24264): 431698837: getState(). Returning 12
D/BluetoothAdapter(24264): cancelDiscovery
D/BluetoothAdapter(24264): 431698837: getState(). Returning 12
D/BluetoothAdapter(24264): cancelDiscovery
D/BluetoothAdapter(24264): 431698837: getState(). Returning 12
D/BluetoothAdapter(24264): cancelDiscovery
D/BluetoothAdapter(24264): 431698837: getState(). Returning 12
D/BluetoothAdapter(24264): cancelDiscovery
D/BluetoothAdapter(24264): 431698837: getState(). Returning 12
D/BluetoothAdapter(24264): cancelDiscovery
D/BluetoothAdapter(24264): 431698837: getState(). Returning 12
D/BluetoothAdapter(24264): cancelDiscovery
D/BluetoothAdapter(24264): 431698837: getState(). Returning 12
D/BluetoothAdapter(24264): cancelDiscovery
D/BluetoothAdapter(24264): 431698837: getState(). Returning 12
D/BluetoothAdapter(24264): cancelDiscovery
D/BluetoothAdapter(24264): 431698837: getState(). Returning 12
D/BluetoothAdapter(24264): cancelDiscovery
D/BluetoothAdapter(24264): 431698837: getState(). Returning 12
D/BluetoothAdapter(24264): cancelDiscovery
D/BluetoothAdapter(24264): 431698837: getState(). Returning 12
D/BluetoothAdapter(24264): cancelDiscovery
D/BluetoothAdapter(24264): 431698837: getState(). Returning 12
D/BluetoothAdapter(24264): cancelDiscovery
D/BluetoothAdapter(24264): 431698837: getState(). Returning 12
D/BluetoothAdapter(24264): cancelDiscovery
D/BluetoothAdapter(24264): 431698837: getState(). Returning 12
D/BluetoothAdapter(24264): cancelDiscovery
D/BluetoothAdapter(24264): 431698837: getState(). Returning 12
D/BluetoothAdapter(24264): cancelDiscovery
D/BluetoothAdapter(24264): 431698837: getState(). Returning 12
D/BluetoothAdapter(24264): cancelDiscovery
D/BluetoothAdapter(24264): 431698837: getState(). Returning 12
D/BluetoothAdapter(24264): cancelDiscovery
D/BluetoothAdapter(24264): 431698837: getState(). Returning 12
D/BluetoothAdapter(24264): cancelDiscovery
D/BluetoothAdapter(24264): 431698837: getState(). Returning 12
D/BluetoothAdapter(24264): cancelDiscovery
D/BluetoothAdapter(24264): 431698837: getState(). Returning 12
D/BluetoothAdapter(24264): cancelDiscovery
D/BluetoothAdapter(24264): 431698837: getState(). Returning 12
D/BluetoothAdapter(24264): cancelDiscovery
D/BluetoothAdapter(24264): 431698837: getState(). Returning 12
D/BluetoothAdapter(24264): cancelDiscovery
D/BluetoothAdapter(24264): 431698837: getState(). Returning 12
D/BluetoothAdapter(24264): cancelDiscovery
D/BluetoothAdapter(24264): 431698837: getState(). Returning 12
D/BluetoothAdapter(24264): cancelDiscovery
D/BluetoothAdapter(24264): 431698837: getState(). Returning 12
D/BluetoothAdapter(24264): cancelDiscovery
D/BluetoothAdapter(24264): 431698837: getState(). Returning 12
D/BluetoothAdapter(24264): cancelDiscovery
D/BluetoothAdapter(24264): 431698837: getState(). Returning 12
D/BluetoothAdapter(24264): cancelDiscovery
D/BluetoothAdapter(24264): 431698837: getState(). Returning 12
D/BluetoothAdapter(24264): cancelDiscovery
D/BluetoothAdapter(24264): 431698837: getState(). Returning 12
D/BluetoothAdapter(24264): cancelDiscovery
D/BluetoothAdapter(24264): 431698837: getState(). Returning 12
D/BluetoothAdapter(24264): cancelDiscovery
D/BluetoothAdapter(24264): 431698837: getState(). Returning 12
D/BluetoothAdapter(24264): cancelDiscovery
D/BluetoothAdapter(24264): 431698837: getState(). Returning 12
D/BluetoothAdapter(24264): cancelDiscovery
D/BluetoothAdapter(24264): 431698837: getState(). Returning 12
D/BluetoothAdapter(24264): cancelDiscovery
D/BluetoothAdapter(24264): 431698837: getState(). Returning 12
D/BluetoothAdapter(24264): cancelDiscovery
D/BluetoothAdapter(24264): 431698837: getState(). Returning 12
D/BluetoothAdapter(24264): cancelDiscovery
D/BluetoothAdapter(24264): 431698837: getState(). Returning 12
D/BluetoothAdapter(24264): cancelDiscovery
D/BluetoothAdapter(24264): 431698837: getState(). Returning 12
D/BluetoothAdapter(24264): cancelDiscovery
D/BluetoothAdapter(24264): 431698837: getState(). Returning 12
D/BluetoothAdapter(24264): cancelDiscovery
D/BluetoothAdapter(24264): 431698837: getState(). Returning 12
D/BluetoothAdapter(24264): cancelDiscovery
D/BluetoothAdapter(24264): 431698837: getState(). Returning 12
D/BluetoothAdapter(24264): cancelDiscovery
D/BluetoothAdapter(24264): 431698837: getState(). Returning 12
D/BluetoothAdapter(24264): cancelDiscovery
D/BluetoothAdapter(24264): 431698837: getState(). Returning 12
D/BluetoothAdapter(24264): cancelDiscovery
D/BluetoothAdapter(24264): 431698837: getState(). Returning 12
D/BluetoothAdapter(24264): cancelDiscovery
D/BluetoothAdapter(24264): 431698837: getState(). Returning 12
D/BluetoothAdapter(24264): cancelDiscovery
D/BluetoothAdapter(24264): 431698837: getState(). Returning 12
D/BluetoothAdapter(24264): cancelDiscovery
D/BluetoothAdapter(24264): 431698837: getState(). Returning 12
D/BluetoothAdapter(24264): cancelDiscovery
D/BluetoothAdapter(24264): 431698837: getState(). Returning 12
D/BluetoothAdapter(24264): cancelDiscovery
D/BluetoothAdapter(24264): 431698837: getState(). Returning 12
D/BluetoothAdapter(24264): cancelDiscovery
D/BluetoothAdapter(24264): 431698837: getState(). Returning 12
D/BluetoothAdapter(24264): cancelDiscovery
D/BluetoothAdapter(24264): 431698837: getState(). Returning 12
D/BluetoothAdapter(24264): cancelDiscovery
D/BluetoothAdapter(24264): 431698837: getState(). Returning 12
D/BluetoothAdapter(24264): cancelDiscovery
D/BluetoothAdapter(24264): 431698837: getState(). Returning 12
D/BluetoothAdapter(24264): cancelDiscovery
D/BluetoothAdapter(24264): 431698837: getState(). Returning 12
D/BluetoothAdapter(24264): cancelDiscovery
D/BluetoothAdapter(24264): 431698837: getState(). Returning 12
D/BluetoothAdapter(24264): cancelDiscovery
D/BluetoothAdapter(24264): 431698837: getState(). Returning 12
D/BluetoothAdapter(24264): cancelDiscovery
D/BluetoothAdapter(24264): 431698837: getState(). Returning 12
D/BluetoothAdapter(24264): cancelDiscovery
D/BluetoothAdapter(24264): 431698837: getState(). Returning 12
D/BluetoothAdapter(24264): cancelDiscovery
D/BluetoothAdapter(24264): 431698837: getState(). Returning 12
D/BluetoothAdapter(24264): cancelDiscovery
D/BluetoothAdapter(24264): 431698837: getState(). Returning 12
D/BluetoothAdapter(24264): cancelDiscovery
D/BluetoothAdapter(24264): 431698837: getState(). Returning 12
D/BluetoothAdapter(24264): cancelDiscovery
D/BluetoothAdapter(24264): 431698837: getState(). Returning 12
D/BluetoothAdapter(24264): cancelDiscovery
D/BluetoothAdapter(24264): 431698837: getState(). Returning 12
D/BluetoothAdapter(24264): cancelDiscovery
D/BluetoothAdapter(24264): 431698837: getState(). Returning 12
D/BluetoothAdapter(24264): cancelDiscovery
D/BluetoothAdapter(24264): 431698837: getState(). Returning 12
D/BluetoothAdapter(24264): cancelDiscovery
D/BluetoothAdapter(24264): 431698837: getState(). Returning 12
D/BluetoothAdapter(24264): cancelDiscovery
D/BluetoothAdapter(24264): 431698837: getState(). Returning 12
D/BluetoothAdapter(24264): cancelDiscovery
D/BluetoothAdapter(24264): 431698837: getState(). Returning 12
D/BluetoothAdapter(24264): cancelDiscovery
D/BluetoothAdapter(24264): 431698837: getState(). Returning 12
D/BluetoothAdapter(24264): cancelDiscovery
D/BluetoothAdapter(24264): 431698837: getState(). Returning 12
D/BluetoothAdapter(24264): cancelDiscovery
D/BluetoothAdapter(24264): 431698837: getState(). Returning 12
D/BluetoothAdapter(24264): cancelDiscovery
D/BluetoothAdapter(24264): 431698837: getState(). Returning 12
D/BluetoothAdapter(24264): cancelDiscovery
D/BluetoothAdapter(24264): 431698837: getState(). Returning 12
D/BluetoothAdapter(24264): cancelDiscovery
D/BluetoothAdapter(24264): 431698837: getState(). Returning 12
D/BluetoothAdapter(24264): cancelDiscovery
D/BluetoothAdapter(24264): 431698837: getState(). Returning 12
D/BluetoothAdapter(24264): cancelDiscovery
D/BluetoothAdapter(24264): 431698837: getState(). Returning 12
D/BluetoothAdapter(24264): cancelDiscovery
D/BluetoothAdapter(24264): 431698837: getState(). Returning 12
D/BluetoothAdapter(24264): cancelDiscovery
D/BluetoothAdapter(24264): 431698837: getState(). Returning 12
D/BluetoothAdapter(24264): cancelDiscovery
D/BluetoothAdapter(24264): 431698837: getState(). Returning 12
D/BluetoothAdapter(24264): cancelDiscovery
D/BluetoothAdapter(24264): 431698837: getState(). Returning 12
D/BluetoothAdapter(24264): cancelDiscovery
D/BluetoothAdapter(24264): 431698837: getState(). Returning 12
D/BluetoothAdapter(24264): cancelDiscovery
D/BluetoothAdapter(24264): 431698837: getState(). Returning 12
D/BluetoothAdapter(24264): cancelDiscovery
D/BluetoothAdapter(24264): 431698837: getState(). Returning 12
D/BluetoothAdapter(24264): cancelDiscovery
D/BluetoothAdapter(24264): 431698837: getState(). Returning 12
D/BluetoothAdapter(24264): cancelDiscovery
D/BluetoothAdapter(24264): 431698837: getState(). Returning 12
D/BluetoothAdapter(24264): cancelDiscovery
D/BluetoothAdapter(24264): 431698837: getState(). Returning 12
D/BluetoothAdapter(24264): cancelDiscovery
D/BluetoothAdapter(24264): 431698837: getState(). Returning 12
D/BluetoothAdapter(24264): cancelDiscovery
D/BluetoothAdapter(24264): 431698837: getState(). Returning 12
D/BluetoothAdapter(24264): cancelDiscovery
D/BluetoothAdapter(24264): 431698837: getState(). Returning 12
D/BluetoothAdapter(24264): cancelDiscovery
D/BluetoothAdapter(24264): 431698837: getState(). Returning 12
D/BluetoothAdapter(24264): cancelDiscovery
D/BluetoothAdapter(24264): 431698837: getState(). Returning 12
D/BluetoothAdapter(24264): cancelDiscovery
D/BluetoothAdapter(24264): 431698837: getState(). Returning 12
D/BluetoothAdapter(24264): cancelDiscovery
D/BluetoothAdapter(24264): 431698837: getState(). Returning 12
D/BluetoothAdapter(24264): cancelDiscovery
D/BluetoothAdapter(24264): 431698837: getState(). Returning 12
D/BluetoothAdapter(24264): cancelDiscovery
D/BluetoothAdapter(24264): 431698837: getState(). Returning 12
D/BluetoothAdapter(24264): cancelDiscovery
D/BluetoothAdapter(24264): 431698837: getState(). Returning 12
D/BluetoothAdapter(24264): cancelDiscovery
D/BluetoothAdapter(24264): 431698837: getState(). Returning 12
D/BluetoothAdapter(24264): cancelDiscovery
D/BluetoothAdapter(24264): 431698837: getState(). Returning 12
D/BluetoothAdapter(24264): cancelDiscovery
D/BluetoothAdapter(24264): 431698837: getState(). Returning 12
D/BluetoothAdapter(24264): cancelDiscovery
D/BluetoothAdapter(24264): 431698837: getState(). Returning 12
D/BluetoothAdapter(24264): cancelDiscovery
D/BluetoothAdapter(24264): 431698837: getState(). Returning 12
D/BluetoothAdapter(24264): cancelDiscovery
D/BluetoothAdapter(24264): 431698837: getState(). Returning 12
D/BluetoothAdapter(24264): cancelDiscovery
D/BluetoothAdapter(24264): 431698837: getState(). Returning 12
D/BluetoothAdapter(24264): cancelDiscovery
D/BluetoothAdapter(24264): 431698837: getState(). Returning 12
D/BluetoothAdapter(24264): cancelDiscovery
D/BluetoothAdapter(24264): 431698837: getState(). Returning 12
D/BluetoothAdapter(24264): cancelDiscovery
D/BluetoothAdapter(24264): 431698837: getState(). Returning 12
D/BluetoothAdapter(24264): cancelDiscovery
D/BluetoothAdapter(24264): 431698837: getState(). Returning 12
D/BluetoothAdapter(24264): cancelDiscovery
D/BluetoothAdapter(24264): 431698837: getState(). Returning 12
D/BluetoothAdapter(24264): cancelDiscovery
D/BluetoothAdapter(24264): 431698837: getState(). Returning 12
D/BluetoothAdapter(24264): cancelDiscovery
D/BluetoothAdapter(24264): 431698837: getState(). Returning 12
D/BluetoothAdapter(24264): cancelDiscovery
D/BluetoothAdapter(24264): 431698837: getState(). Returning 12
D/BluetoothAdapter(24264): cancelDiscovery
D/BluetoothAdapter(24264): 431698837: getState(). Returning 12
D/BluetoothAdapter(24264): cancelDiscovery
D/BluetoothAdapter(24264): 431698837: getState(). Returning 12
D/BluetoothAdapter(24264): cancelDiscovery
D/BluetoothAdapter(24264): 431698837: getState(). Returning 12
D/BluetoothAdapter(24264): cancelDiscovery
D/BluetoothAdapter(24264): 431698837: getState(). Returning 12
D/BluetoothAdapter(24264): cancelDiscovery
D/BluetoothAdapter(24264): 431698837: getState(). Returning 12
D/BluetoothAdapter(24264): cancelDiscovery
D/BluetoothAdapter(24264): 431698837: getState(). Returning 12
D/BluetoothAdapter(24264): cancelDiscovery
D/BluetoothAdapter(24264): 431698837: getState(). Returning 12
D/BluetoothAdapter(24264): cancelDiscovery
D/BluetoothAdapter(24264): 431698837: getState(). Returning 12
D/BluetoothAdapter(24264): cancelDiscovery
D/BluetoothAdapter(24264): 431698837: getState(). Returning 12
D/BluetoothAdapter(24264): cancelDiscovery
D/BluetoothAdapter(24264): 431698837: getState(). Returning 12
D/BluetoothAdapter(24264): cancelDiscovery
D/BluetoothAdapter(24264): 431698837: getState(). Returning 12
D/BluetoothAdapter(24264): cancelDiscovery
D/BluetoothAdapter(24264): 431698837: getState(). Returning 12
D/BluetoothAdapter(24264): cancelDiscovery
D/BluetoothAdapter(24264): 431698837: getState(). Returning 12
D/BluetoothAdapter(24264): cancelDiscovery
D/BluetoothAdapter(24264): 431698837: getState(). Returning 12
D/BluetoothAdapter(24264): cancelDiscovery
D/BluetoothAdapter(24264): 431698837: getState(). Returning 12
D/BluetoothAdapter(24264): cancelDiscovery
D/BluetoothAdapter(24264): 431698837: getState(). Returning 12
D/BluetoothAdapter(24264): cancelDiscovery
D/BluetoothAdapter(24264): 431698837: getState(). Returning 12
D/BluetoothAdapter(24264): cancelDiscovery
D/BluetoothAdapter(24264): 431698837: getState(). Returning 12
D/BluetoothAdapter(24264): cancelDiscovery
D/BluetoothAdapter(24264): 431698837: getState(). Returning 12
D/BluetoothAdapter(24264): cancelDiscovery
D/BluetoothAdapter(24264): 431698837: getState(). Returning 12
D/BluetoothAdapter(24264): cancelDiscovery
D/BluetoothAdapter(24264): 431698837: getState(). Returning 12
D/BluetoothAdapter(24264): cancelDiscovery
D/BluetoothAdapter(24264): 431698837: getState(). Returning 12
D/BluetoothAdapter(24264): cancelDiscovery
D/BluetoothAdapter(24264): 431698837: getState(). Returning 12
D/BluetoothAdapter(24264): cancelDiscovery
D/BluetoothAdapter(24264): 431698837: getState(). Returning 12
D/BluetoothAdapter(24264): cancelDiscovery
D/BluetoothAdapter(24264): 431698837: getState(). Returning 12
D/BluetoothAdapter(24264): cancelDiscovery
D/BluetoothAdapter(24264): 431698837: getState(). Returning 12
D/BluetoothAdapter(24264): cancelDiscovery
