12-13 10:06:04.340 2101 2146 W BroadcastQueue: Background execution not allowed: receiving Intent { act=android.intent.action.USER_PRESENT flg=0x24200010 } to com.google.android.gms/.chimera.GmsIntentOperationService$PersistentTrustedReceiver
12-13 10:06:04.340 3661 3661 E LibSecureUISvc: svc_sock_send_message(suisvc): invalid remote socket suilst
12-13 10:06:04.343 577 577 E QTI PowerHAL: Failed to acquire lock.
12-13 10:06:04.343 577 577 I QTI PowerHAL: Got set_interactive hint
12-13 10:06:04.343 577 577 I QTI PowerHAL: Got set_interactive hint on= 1, count= 77
12-13 10:06:04.343 577 577 E QTI PowerHAL: Error opening /sys/kernel/hbtp/display_pwr: No such file or directory
12-13 10:06:04.344 2101 8369 D CompatibilityInfo: mCompatibilityFlags - 0
12-13 10:06:04.344 2101 8369 D CompatibilityInfo: applicationDensity - 480
12-13 10:06:04.344 813 813 D SurfaceFlinger: Set power mode=2, type=0 flinger=0x790f655000
12-13 10:06:04.344 2101 8369 D CompatibilityInfo: applicationScale - 1.0
12-13 10:06:04.344 2101 2157 I DisplayManagerService: Display device changed state: "Built-in Screen", ON
12-13 10:06:04.344 572 764 I SDM : DisplayBase::SetDisplayState: Set state = 1, display 0
12-13 10:06:04.347 3612 3612 I GsaVoiceInteractionSrv: O received Intent { act=android.intent.action.USER_PRESENT flg=0x24200010 }
12-13 10:06:04.351 2101 2240 I InputReader: Reconfiguring input devices. changes=0x00000004
12-13 10:06:04.364 2101 6214 D CompatibilityInfo: mCompatibilityFlags - 0
12-13 10:06:04.364 2101 6214 D CompatibilityInfo: applicationDensity - 480
12-13 10:06:04.364 2101 6214 D CompatibilityInfo: applicationScale - 1.0
12-13 10:06:04.370 2856 2856 V KeyguardStatusView: Schedule setEnableMarquee: Enable
12-13 10:06:04.380 2856 2856 D StatusBar: disable disable2
12-13 10:06:04.386 2822 2822 D BtOppService: action : android.intent.action.SCREEN_ON
12-13 10:06:04.395 2101 2147 D ActivityTrigger: activityResumeTrigger: The activity in ApplicationInfo{c18e50f org.qtproject.example.android_freeze_test} is now in focus and seems to be in full-screen mode
12-13 10:06:04.395 2101 2147 E ActivityTrigger: activityResumeTrigger: not whiteListedorg.qtproject.example.android_freeze_test/org.qtproject.qt5.android.bindings.QtActivity/1
12-13 10:06:04.395 589 611 E ANDR-PERF-MPCTL: Invalid profile no. 0, total profiles 0 only
12-13 10:06:04.408 2101 4851 D CompatibilityInfo: mCompatibilityFlags - 0
12-13 10:06:04.408 2101 4851 D CompatibilityInfo: applicationDensity - 480
12-13 10:06:04.408 2101 4851 D CompatibilityInfo: applicationScale - 1.0
12-13 10:06:04.409 2101 3987 V LocSvc_HIDL_Subscription_jni: screen_status_update
12-13 10:06:04.409 2101 3987 V LocSvc_HIDL_Subscription_jni: [screen_status_update][528] [HC] =>> [HS]
12-13 10:06:04.410 584 584 V LocSvc_HIDL_IzatSubscription: [screenStatusUpdate][575] [HS] <<<<= [HC]
12-13 10:06:04.410 2101 3987 V LocSvc_HIDL_Subscription_jni: Exit Result 0
12-13 10:06:04.410 8389 31742 I CastDatabase: Opening the database
12-13 10:06:04.411 589 611 E ANDR-PERF-OPTSHANDLER: Perflock resource /sys/class/devfreq/soc:qcom,llccbw/min_freq not supported
12-13 10:06:04.411 589 611 E ANDR-PERF-RESOURCEQS: Failed to apply optimization [12, 0]
12-13 10:06:04.411 589 611 E ANDR-PERF-OPTSHANDLER: Failed to read /sys/class/kgsl/kgsl-3d0/force_no_nap
12-13 10:06:04.411 589 611 E ANDR-PERF-RESOURCEQS: Failed to apply optimization [10, 7]
12-13 10:06:04.413 2856 2856 D StatusBar: disable disable2
12-13 10:06:04.415 3194 3194 D DPMJ : |SERVICE| DPM received action android.intent.action.SCREEN_ON
12-13 10:06:04.415 3194 3194 I DPMJ : |SERVICE| sendScreenState: state: true
12-13 10:06:04.417 3661 3661 E LibSecureUISvc: svc_sock_send_message(suisvc): invalid remote socket suilst
12-13 10:06:04.418 2101 4850 I WifiService: startScan uid=10016
12-13 10:06:04.419 6929 6929 I DeviceStatusMonitor: cqg: onReceive() : Action = android.intent.action.SCREEN_ON
12-13 10:06:04.420 8389 8389 I DiscoveryManager: WifiGuestModeDeviceScanner enabled.
12-13 10:06:04.422 8389 31742 I SQLiteCastStore: 0 CastNetworkInfo instances loaded, 0 CastDeviceInfo instances loaded, 0 paired guest mode devices loaded.
12-13 10:06:04.427 2101 2159 I DisplayPowerController: Unblocked screen on after 99 ms
12-13 10:06:04.493 2101 2240 D KeyLayoutMap: mapKey: scanCode=116, usageCode=0x00000000 ~ Result keyCode=26, outFlags=0x00000000.
12-13 10:06:04.493 2101 2240 D WindowManager: interceptKeyTq keycode=26 interactive=true keyguardActive=false policyFlags=22000000
12-13 10:06:04.595 813 813 D SurfaceFlinger: Finished set power mode=2, type=0
12-13 10:06:04.595 2101 2812 D SurfaceControl: Excessive delay in setPowerMode()
12-13 10:06:04.595 2856 12409 D KeyguardViewMediator: notifyScreenTurnedOn
12-13 10:06:04.595 2101 2159 W PowerManagerService: Screen on took 277 ms
12-13 10:06:04.595 2101 2159 I DreamManagerService: Gently waking up from dream.
12-13 10:06:04.596 2101 2155 I DreamManagerService: Performing gentle wake from dream.
12-13 10:06:04.620 2856 2856 D KeyguardViewMediator: handleNotifyScreenTurnedOn
12-13 10:06:04.621 2101 6690 I DreamManagerService: Leaving dreamland.
12-13 10:06:04.621 2101 2155 I DreamManagerService: Performing gentle wake from dream.
12-13 10:06:04.621 2101 2155 I DreamController: Stopping dream: name=ComponentInfo{com.android.systemui/com.android.systemui.doze.DozeService}, isTest=false, canDoze=true, userId=0
12-13 10:06:04.622 2101 2101 W AlarmManager: Unrecognized alarm listener com.android.server.job.controllers.-$$Lambda$IdleController$IdlenessTracker$nTdS-lGBXcES5VWKcJFmQFgU7IU@6502765
12-13 10:06:05.363 12199 12228 W SearchServiceCore: Abort, client detached.
12-13 10:06:05.472 2101 6690 D WificondControl: Scan result ready event
12-13 10:06:05.475 1018 3367 I LOWI-8.6.0.31: [LOWI-Scan] lowi_close_record:Scan done in 89683095ms, 29 APs in scan results
12-13 10:06:05.813 2856 2856 D KeyguardUpdateMonitor: received broadcast android.intent.action.BATTERY_CHANGED
12-13 10:06:05.814 3237 3237 D QtiCarrierConfigHelper: WARNING, no carrier configs on phone Id: 0
12-13 10:06:05.817 2856 2856 D KeyguardUpdateMonitor: handleBatteryUpdate
12-13 10:06:06.373 2856 2856 V KeyguardStatusView: Enable transport text marquee
12-13 10:06:06.788 3237 3237 D QtiCarrierConfigHelper: WARNING, no carrier configs on phone Id: 0
12-13 10:06:06.788 2856 2856 D KeyguardUpdateMonitor: received broadcast android.intent.action.BATTERY_CHANGED
12-13 10:06:06.789 2856 2856 D KeyguardUpdateMonitor: handleBatteryUpdate
12-13 10:06:08.809 2856 2856 D KeyguardUpdateMonitor: received broadcast android.intent.action.BATTERY_CHANGED
12-13 10:06:08.809 3237 3237 D QtiCarrierConfigHelper: WARNING, no carrier configs on phone Id: 0
12-13 10:06:08.815 2856 2856 D KeyguardUpdateMonitor: handleBatteryUpdate
12-13 10:06:09.810 2856 2856 D KeyguardUpdateMonitor: received broadcast android.intent.action.BATTERY_CHANGED
12-13 10:06:09.811 3237 3237 D QtiCarrierConfigHelper: WARNING, no carrier configs on phone Id: 0
12-13 10:06:09.813 2856 2856 D KeyguardUpdateMonitor: handleBatteryUpdate
12-13 10:06:11.760 2101 2239 I InputDispatcher: Application is not responding: Window{e9024c9 u0 org.qtproject.example.android_freeze_test/org.qtproject.qt5.android.bindings.QtActivity}. It has been 5006.8ms since event, 5005.9ms since wait started. Reason: Waiting to send non-key event because the touched window has not finished processing certain input events that were delivered to it over 500.0ms ago. Wait queue length: 6. Wait queue head age: 5606.3ms.
12-13 10:06:11.763 2101 2239 I WindowManager: Input event dispatching timed out sending to org.qtproject.example.android_freeze_test/org.qtproject.qt5.android.bindings.QtActivity. Reason: Waiting to send non-key event because the touched window has not finished processing certain input events that were delivered to it over 500.0ms ago. Wait queue length: 6. Wait queue head age: 5606.3ms.
12-13 10:06:11.803 2856 2856 D KeyguardUpdateMonitor: received broadcast android.intent.action.BATTERY_CHANGED
12-13 10:06:11.803 3237 3237 D QtiCarrierConfigHelper: WARNING, no carrier configs on phone Id: 0
12-13 10:06:11.808 2856 2856 D KeyguardUpdateMonitor: handleBatteryUpdate
12-13 10:06:12.394 2101 2146 I system_server: libdebuggerd_client: started dumping process 31931
12-13 10:06:12.395 1041 1041 I /system/bin/tombstoned: registered intercept for pid 31931 and type kDebuggerdJavaBacktrace
12-13 10:06:12.396 31931 31937 I oid_freeze_tes: Thread[3,tid=31937,WaitingInMainSignalCatcherLoop,Thread*=0xe3ac8c00,peer=0x15e40020,"Signal Catcher"]: reacting to signal 3
12-13 10:06:12.396 31931 31937 I oid_freeze_tes:
12-13 10:06:12.553 1041 1041 I /system/bin/tombstoned: received crash request for pid 31931
12-13 10:06:12.553 1041 1041 I /system/bin/tombstoned: found intercept fd 512 for pid 31931 and type kDebuggerdJavaBacktrace
12-13 10:06:12.553 31931 31937 I oid_freeze_tes: Wrote stack traces to '[tombstoned]'
12-13 10:06:12.554 2101 2146 I system_server: libdebuggerd_client: done dumping process 31931
12-13 10:06:12.554 2101 2146 I system_server: libdebuggerd_client: started dumping process 2101
12-13 10:06:12.555 1041 1041 I /system/bin/tombstoned: registered intercept for pid 2101 and type kDebuggerdJavaBacktrace
12-13 10:06:12.555 2101 2106 I system_server: Thread[2,tid=2106,WaitingInMainSignalCatcherLoop,Thread*=0x79d760e000,peer=0x13880130,"Signal Catcher"]: reacting to signal 3
12-13 10:06:12.555 2101 2106 I system_server:
12-13 10:06:12.653 2101 2238 I HidlSensorManager: hidl_ssvc_poll: spurious wake up, back to work
12-13 10:06:12.847 1041 1041 I /system/bin/tombstoned: received crash request for pid 2101
12-13 10:06:12.847 1041 1041 I /system/bin/tombstoned: found intercept fd 512 for pid 2101 and type kDebuggerdJavaBacktrace
12-13 10:06:12.848 2101 2106 I system_server: Wrote stack traces to '[tombstoned]'
12-13 10:06:12.851 2101 2146 I system_server: libdebuggerd_client: done dumping process 2101
12-13 10:06:12.851 2101 2146 I system_server: libdebuggerd_client: started dumping process 6929
12-13 10:06:12.851 1041 1041 I /system/bin/tombstoned: registered intercept for pid 6929 and type kDebuggerdJavaBacktrace
12-13 10:06:12.852 6929 6935 I putmethod.lati: Thread[3,tid=6935,WaitingInMainSignalCatcherLoop,Thread*=0x79de216400,peer=0x13100198,"Signal Catcher"]: reacting to signal 3
12-13 10:06:12.852 6929 6935 I putmethod.lati:
12-13 10:06:12.981 1041 1041 I /system/bin/tombstoned: received crash request for pid 6929
12-13 10:06:12.982 1041 1041 I /system/bin/tombstoned: found intercept fd 512 for pid 6929 and type kDebuggerdJavaBacktrace
12-13 10:06:12.982 6929 6935 I putmethod.lati: Wrote stack traces to '[tombstoned]'
12-13 10:06:12.983 2101 2146 I system_server: libdebuggerd_client: done dumping process 6929
12-13 10:06:12.984 2101 2146 I system_server: libdebuggerd_client: started dumping process 3661
12-13 10:06:12.984 1041 1041 I /system/bin/tombstoned: registered intercept for pid 3661 and type kDebuggerdJavaBacktrace
12-13 10:06:12.985 3661 3677 I eui:sui_servic: Thread[3,tid=3677,WaitingInMainSignalCatcherLoop,Thread*=0x79de216400,peer=0x13a00020,"Signal Catcher"]: reacting to signal 3
12-13 10:06:12.986 3661 3677 I eui:sui_servic:
12-13 10:06:13.052 1041 1041 I /system/bin/tombstoned: received crash request for pid 3661
12-13 10:06:13.053 1041 1041 I /system/bin/tombstoned: found intercept fd 512 for pid 3661 and type kDebuggerdJavaBacktrace
12-13 10:06:13.053 3661 3677 I eui:sui_servic: Wrote stack traces to '[tombstoned]'
12-13 10:06:13.054 2101 2146 I system_server: libdebuggerd_client: done dumping process 3661
12-13 10:06:13.054 2101 2146 I system_server: libdebuggerd_client: started dumping process 3651
12-13 10:06:13.054 1041 1041 I /system/bin/tombstoned: registered intercept for pid 3651 and type kDebuggerdJavaBacktrace
12-13 10:06:13.055 3651 3657 I com.android.se: Thread[3,tid=3657,WaitingInMainSignalCatcherLoop,Thread*=0x79de216400,peer=0x13940020,"Signal Catcher"]: reacting to signal 3
12-13 10:06:13.055 3651 3657 I com.android.se:
12-13 10:06:13.099 1041 1041 I /system/bin/tombstoned: received crash request for pid 3651
12-13 10:06:13.099 1041 1041 I /system/bin/tombstoned: found intercept fd 512 for pid 3651 and type kDebuggerdJavaBacktrace
12-13 10:06:13.100 2101 2146 I system_server: libdebuggerd_client: done dumping process 3651
12-13 10:06:13.100 2101 2146 I system_server: libdebuggerd_client: started dumping process 3631
12-13 10:06:13.101 1041 1041 I /system/bin/tombstoned: registered intercept for pid 3631 and type kDebuggerdJavaBacktrace
12-13 10:06:13.101 3651 3657 I com.android.se: Wrote stack traces to '[tombstoned]'
12-13 10:06:13.101 3631 3640 I dix.fingerprin: Thread[3,tid=3640,WaitingInMainSignalCatcherLoop,Thread*=0x79de216400,peer=0x13880020,"Signal Catcher"]: reacting to signal 3
12-13 10:06:13.101 3631 3640 I dix.fingerprin:
12-13 10:06:13.145 1041 1041 I /system/bin/tombstoned: received crash request for pid 3631
12-13 10:06:13.146 1041 1041 I /system/bin/tombstoned: found intercept fd 512 for pid 3631 and type kDebuggerdJavaBacktrace
12-13 10:06:13.146 3631 3640 I dix.fingerprin: Wrote stack traces to '[tombstoned]'
12-13 10:06:13.146 2101 2146 I system_server: libdebuggerd_client: done dumping process 3631
12-13 10:06:13.146 2101 2146 I system_server: libdebuggerd_client: started dumping process 3237
12-13 10:06:13.147 1041 1041 I /system/bin/tombstoned: registered intercept for pid 3237 and type kDebuggerdJavaBacktrace
12-13 10:06:13.148 3237 3245 I m.android.phon: Thread[3,tid=3245,WaitingInMainSignalCatcherLoop,Thread*=0x79de216400,peer=0x14280328,"Signal Catcher"]: reacting to signal 3
12-13 10:06:13.148 3237 3245 I m.android.phon:
12-13 10:06:13.261 1041 1041 I /system/bin/tombstoned: received crash request for pid 3237
12-13 10:06:13.261 1041 1041 I /system/bin/tombstoned: found intercept fd 512 for pid 3237 and type kDebuggerdJavaBacktrace
12-13 10:06:13.261 3237 3245 I m.android.phon: Wrote stack traces to '[tombstoned]'
12-13 10:06:13.263 2101 2146 I system_server: libdebuggerd_client: done dumping process 3237
12-13 10:06:13.263 2101 2146 I system_server: libdebuggerd_client: started dumping process 3221
12-13 10:06:13.264 1041 1041 I /system/bin/tombstoned: registered intercept for pid 3221 and type kDebuggerdJavaBacktrace
12-13 10:06:13.265 3221 3227 I se.dirac.acs: Thread[3,tid=3227,WaitingInMainSignalCatcherLoop,Thread*=0x79de216400,peer=0x131c0020,"Signal Catcher"]: reacting to signal 3
12-13 10:06:13.265 3221 3227 I se.dirac.acs:
12-13 10:06:13.275 975 1035 E storaged: getDiskStats failed with result NOT_SUPPORTED and size 0
12-13 10:06:13.316 1041 1041 I /system/bin/tombstoned: received crash request for pid 3221
12-13 10:06:13.316 1041 1041 I /system/bin/tombstoned: found intercept fd 512 for pid 3221 and type kDebuggerdJavaBacktrace
12-13 10:06:13.316 3221 3227 I se.dirac.acs: Wrote stack traces to '[tombstoned]'
12-13 10:06:13.317 2101 2146 I system_server: libdebuggerd_client: done dumping process 3221
12-13 10:06:13.317 2101 2146 I system_server: libdebuggerd_client: started dumping process 3207
12-13 10:06:13.318 1041 1041 I /system/bin/tombstoned: registered intercept for pid 3207 and type kDebuggerdJavaBacktrace
12-13 10:06:13.318 3207 3213 I elephonyservic: Thread[3,tid=3213,WaitingInMainSignalCatcherLoop,Thread*=0x79de216400,peer=0x13100020,"Signal Catcher"]: reacting to signal 3
12-13 10:06:13.318 3207 3213 I elephonyservic:
12-13 10:06:13.365 1041 1041 I /system/bin/tombstoned: received crash request for pid 3207
12-13 10:06:13.365 1041 1041 I /system/bin/tombstoned: found intercept fd 512 for pid 3207 and type kDebuggerdJavaBacktrace
12-13 10:06:13.365 3207 3213 I elephonyservic: Wrote stack traces to '[tombstoned]'
12-13 10:06:13.365 2101 2146 I system_server: libdebuggerd_client: done dumping process 3207
12-13 10:06:13.365 2101 2146 I system_server: libdebuggerd_client: started dumping process 3194
12-13 10:06:13.366 1041 1041 I /system/bin/tombstoned: registered intercept for pid 3194 and type kDebuggerdJavaBacktrace
12-13 10:06:13.366 3194 3200 I .dataservices: Thread[3,tid=3200,WaitingInMainSignalCatcherLoop,Thread*=0x79de216400,peer=0x13040020,"Signal Catcher"]: reacting to signal 3
12-13 10:06:13.366 3194 3200 I .dataservices:
12-13 10:06:13.431 1041 1041 I /system/bin/tombstoned: received crash request for pid 3194
12-13 10:06:13.431 1041 1041 I /system/bin/tombstoned: found intercept fd 512 for pid 3194 and type kDebuggerdJavaBacktrace
12-13 10:06:13.432 3194 3200 I .dataservices: Wrote stack traces to '[tombstoned]'
12-13 10:06:13.433 2101 2146 I system_server: libdebuggerd_client: done dumping process 3194
12-13 10:06:13.433 2101 2146 I system_server: libdebuggerd_client: started dumping process 2856
12-13 10:06:13.433 1041 1041 I /system/bin/tombstoned: registered intercept for pid 2856 and type kDebuggerdJavaBacktrace
12-13 10:06:13.434 2856 2864 I ndroid.systemu: Thread[3,tid=2864,WaitingInMainSignalCatcherLoop,Thread*=0x79de216400,peer=0x13200220,"Signal Catcher"]: reacting to signal 3
12-13 10:06:13.434 2856 2864 I ndroid.systemu:
12-13 10:06:13.743 1041 1041 I /system/bin/tombstoned: received crash request for pid 2856
12-13 10:06:13.743 1041 1041 I /system/bin/tombstoned: found intercept fd 512 for pid 2856 and type kDebuggerdJavaBacktrace
12-13 10:06:13.743 2856 2864 I ndroid.systemu: Wrote stack traces to '[tombstoned]'
12-13 10:06:13.744 2101 2146 I system_server: libdebuggerd_client: done dumping process 2856
12-13 10:06:13.744 2101 2146 I system_server: libdebuggerd_client: started dumping process 813
12-13 10:06:13.745 1041 1041 I /system/bin/tombstoned: registered intercept for pid 813 and type kDebuggerdNativeBacktrace
12-13 10:06:13.746 813 813 I libc : Requested dump for tid 813 (surfaceflinger)
12-13 10:06:13.778 31987 31987 I crash_dump64: obtaining output fd from tombstoned, type: kDebuggerdNativeBacktrace
12-13 10:06:13.778 1041 1041 I /system/bin/tombstoned: received crash request for pid 813
12-13 10:06:13.778 1041 1041 I /system/bin/tombstoned: found intercept fd 512 for pid 813 and type kDebuggerdNativeBacktrace
12-13 10:06:13.779 31987 31987 I crash_dump64: performing dump of process 813 (target tid = 813)
12-13 10:06:13.801 2101 2146 I system_server: libdebuggerd_client: done dumping process 813
12-13 10:06:13.802 2101 2146 I system_server: libdebuggerd_client: started dumping process 954
12-13 10:06:13.802 1041 1041 I /system/bin/tombstoned: registered intercept for pid 954 and type kDebuggerdNativeBacktrace
12-13 10:06:13.803 954 954 I libc : Requested dump for tid 954 (audioserver)
12-13 10:06:13.843 31992 31992 I crash_dump32: obtaining output fd from tombstoned, type: kDebuggerdNativeBacktrace
12-13 10:06:13.844 1041 1041 I /system/bin/tombstoned: received crash request for pid 954
12-13 10:06:13.844 1041 1041 I /system/bin/tombstoned: found intercept fd 512 for pid 954 and type kDebuggerdNativeBacktrace
12-13 10:06:13.844 31992 31992 I crash_dump32: performing dump of process 954 (target tid = 954)
12-13 10:06:13.894 2101 2146 I system_server: libdebuggerd_client: done dumping process 954
12-13 10:06:13.895 2101 2146 I system_server: libdebuggerd_client: started dumping process 958
12-13 10:06:13.896 1041 1041 I /system/bin/tombstoned: registered intercept for pid 958 and type kDebuggerdNativeBacktrace
12-13 10:06:13.897 958 958 I libc : Requested dump for tid 958 (cameraserver)
12-13 10:06:13.923 31997 31997 I crash_dump32: obtaining output fd from tombstoned, type: kDebuggerdNativeBacktrace
12-13 10:06:13.923 1041 1041 I /system/bin/tombstoned: received crash request for pid 958
12-13 10:06:13.923 1041 1041 I /system/bin/tombstoned: found intercept fd 512 for pid 958 and type kDebuggerdNativeBacktrace
12-13 10:06:13.923 31997 31997 I crash_dump32: performing dump of process 958 (target tid = 958)
12-13 10:06:13.946 2101 2146 I system_server: libdebuggerd_client: done dumping process 958
12-13 10:06:13.946 2101 2146 I system_server: libdebuggerd_client: started dumping process 960
12-13 10:06:13.947 1041 1041 I /system/bin/tombstoned: registered intercept for pid 960 and type kDebuggerdNativeBacktrace
12-13 10:06:13.948 960 960 I libc : Requested dump for tid 960 (drmserver)
12-13 10:06:13.971 32003 32003 I crash_dump32: obtaining output fd from tombstoned, type: kDebuggerdNativeBacktrace
12-13 10:06:13.972 1041 1041 I /system/bin/tombstoned: received crash request for pid 960
12-13 10:06:13.972 1041 1041 I /system/bin/tombstoned: found intercept fd 512 for pid 960 and type kDebuggerdNativeBacktrace
12-13 10:06:13.972 32003 32003 I crash_dump32: performing dump of process 960 (target tid = 960)
12-13 10:06:13.992 2101 2146 I system_server: libdebuggerd_client: done dumping process 960
12-13 10:06:13.992 2101 2146 I system_server: libdebuggerd_client: started dumping process 965
12-13 10:06:13.993 1041 1041 I /system/bin/tombstoned: registered intercept for pid 965 and type kDebuggerdNativeBacktrace
12-13 10:06:13.995 965 965 I libc : Requested dump for tid 965 (mediadrmserver)
12-13 10:06:14.016 32008 32008 I crash_dump32: obtaining output fd from tombstoned, type: kDebuggerdNativeBacktrace
12-13 10:06:14.016 1041 1041 I /system/bin/tombstoned: received crash request for pid 965
12-13 10:06:14.016 1041 1041 I /system/bin/tombstoned: found intercept fd 512 for pid 965 and type kDebuggerdNativeBacktrace
12-13 10:06:14.016 32008 32008 I crash_dump32: performing dump of process 965 (target tid = 965)
12-13 10:06:14.031 2101 2146 I system_server: libdebuggerd_client: done dumping process 965
12-13 10:06:14.031 2101 2146 I system_server: libdebuggerd_client: started dumping process 966
12-13 10:06:14.032 1041 1041 I /system/bin/tombstoned: registered intercept for pid 966 and type kDebuggerdNativeBacktrace
12-13 10:06:14.033 1041 1041 I /system/bin/tombstoned: received crash request for pid 966
12-13 10:06:14.033 1041 1041 I /system/bin/tombstoned: found intercept fd 512 for pid 966 and type kDebuggerdNativeBacktrace
12-13 10:06:14.066 2101 2146 I system_server: libdebuggerd_client: done dumping process 966
12-13 10:06:14.066 2101 2146 I system_server: libdebuggerd_client: started dumping process 967
12-13 10:06:14.066 1041 1041 I /system/bin/tombstoned: registered intercept for pid 967 and type kDebuggerdNativeBacktrace
12-13 10:06:14.067 967 967 I libc : Requested dump for tid 967 (mediametrics)
12-13 10:06:14.091 32013 32013 I crash_dump64: obtaining output fd from tombstoned, type: kDebuggerdNativeBacktrace
12-13 10:06:14.091 1041 1041 I /system/bin/tombstoned: received crash request for pid 967
12-13 10:06:14.091 1041 1041 I /system/bin/tombstoned: found intercept fd 512 for pid 967 and type kDebuggerdNativeBacktrace
12-13 10:06:14.091 32013 32013 I crash_dump64: performing dump of process 967 (target tid = 967)
12-13 10:06:14.100 2101 2146 I system_server: libdebuggerd_client: done dumping process 967
12-13 10:06:14.101 2101 2146 I system_server: libdebuggerd_client: started dumping process 970
12-13 10:06:14.101 1041 1041 I /system/bin/tombstoned: registered intercept for pid 970 and type kDebuggerdNativeBacktrace
12-13 10:06:14.102 970 970 I libc : Requested dump for tid 970 (mediaserver)
12-13 10:06:14.132 32018 32018 I crash_dump32: obtaining output fd from tombstoned, type: kDebuggerdNativeBacktrace
12-13 10:06:14.132 1041 1041 I /system/bin/tombstoned: received crash request for pid 970
12-13 10:06:14.132 1041 1041 I /system/bin/tombstoned: found intercept fd 512 for pid 970 and type kDebuggerdNativeBacktrace
12-13 10:06:14.133 32018 32018 I crash_dump32: performing dump of process 970 (target tid = 970)
12-13 10:06:14.161 2101 2146 I system_server: libdebuggerd_client: done dumping process 970
12-13 10:06:14.161 2101 2146 I system_server: libdebuggerd_client: started dumping process 978
12-13 10:06:14.162 1041 1041 I /system/bin/tombstoned: registered intercept for pid 978 and type kDebuggerdNativeBacktrace
12-13 10:06:14.163 1041 1041 I /system/bin/tombstoned: received crash request for pid 978
12-13 10:06:14.163 1041 1041 I /system/bin/tombstoned: found intercept fd 512 for pid 978 and type kDebuggerdNativeBacktrace
12-13 10:06:14.242 2101 2146 I system_server: libdebuggerd_client: done dumping process 978
12-13 10:06:14.243 2101 2146 I system_server: libdebuggerd_client: started dumping process 2822
12-13 10:06:14.244 1041 1041 I /system/bin/tombstoned: registered intercept for pid 2822 and type kDebuggerdNativeBacktrace
12-13 10:06:14.245 2822 2822 I libc : Requested dump for tid 2822 (droid.bluetooth)
12-13 10:06:14.334 32023 32023 I crash_dump64: obtaining output fd from tombstoned, type: kDebuggerdNativeBacktrace
12-13 10:06:14.334 1041 1041 I /system/bin/tombstoned: received crash request for pid 2822
12-13 10:06:14.335 1041 1041 I /system/bin/tombstoned: found intercept fd 512 for pid 2822 and type kDebuggerdNativeBacktrace
12-13 10:06:14.335 32023 32023 I crash_dump64: performing dump of process 2822 (target tid = 2822)
12-13 10:06:14.828 2101 2146 I system_server: libdebuggerd_client: done dumping process 2822
12-13 10:06:14.830 2101 2146 E ActivityManager: ANR in org.qtproject.example.android_freeze_test (org.qtproject.example.android_freeze_test/org.qtproject.qt5.android.bindings.QtActivity)
12-13 10:06:14.830 2101 2146 E ActivityManager: PID: 31931
12-13 10:06:14.830 2101 2146 E ActivityManager: Reason: Input dispatching timed out (Waiting to send non-key event because the touched window has not finished processing certain input events that were delivered to it over 500.0ms ago. Wait queue length: 6. Wait queue head age: 5606.3ms.)
12-13 10:06:14.830 2101 2146 E ActivityManager: Load: 5.28 / 5.39 / 5.34
12-13 10:06:14.830 2101 2146 E ActivityManager: CPU usage from 15659ms to 0ms ago (2018-12-13 10:05:56.182 to 2018-12-13 10:06:11.840):
12-13 10:06:14.830 2101 2146 E ActivityManager: 8.3% 2101/system_server: 5.5% user + 2.7% kernel / faults: 5554 minor
12-13 10:06:14.830 2101 2146 E ActivityManager: 5.3% 2856/com.android.systemui: 4.6% user + 0.6% kernel / faults: 1537 minor
12-13 10:06:14.830 2101 2146 E ActivityManager: 4.3% 813/surfaceflinger: 2.5% user + 1.7% kernel / faults: 65 minor
12-13 10:06:14.830 2101 2146 E ActivityManager: 2.1% 3535/adbd: 0.1% user + 2% kernel / faults: 27314 minor
12-13 10:06:14.830 2101 2146 E ActivityManager: 2.1% 434/ueventd: 1.3% user + 0.7% kernel
12-13 10:06:14.830 2101 2146 E ActivityManager: 1.9% 572/android.hardware.graphics.composer@2.1-service: 0.8% user + 1% kernel / faults: 6 minor
12-13 10:06:14.830 2101 2146 E ActivityManager: 0.3% 6929/com.google.android.inputmethod.latin: 0.3% user + 0% kernel / faults: 1080 minor
12-13 10:06:14.830 2101 2146 E ActivityManager: 0.5% 31931/org.qtproject.example.android_freeze_test: 0.4% user + 0% kernel / faults: 648 minor
12-13 10:06:14.830 2101 2146 E ActivityManager: 1.4% 578/android.hardware.sensors@1.0-service: 0.8% user + 0.6% kernel
12-13 10:06:14.830 2101 2146 E ActivityManager: 1.1% 454/logd: 0.4% user + 0.7% kernel / faults: 7 minor
12-13 10:06:14.830 2101 2146 E ActivityManager: 1.1% 8375/com.google.android.gms.persistent: 0.7% user + 0.3% kernel / faults: 390 minor
12-13 10:06:14.830 2101 2146 E ActivityManager: 0.3% 306/irq/72-ft5435_t: 0% user + 0.3% kernel
12-13 10:06:14.830 2101 2146 E ActivityManager: 1% 8389/com.google.android.gms: 0.9% user + 0% kernel / faults: 1752 minor
12-13 10:06:14.830 2101 2146 E ActivityManager: 0.9% 30206/kworker/u16:4: 0% user + 0.9% kernel
12-13 10:06:14.830 2101 2146 E ActivityManager: 0.7% 31653/kworker/u16:7: 0% user + 0.7% kernel
12-13 10:06:14.830 2101 2146 E ActivityManager: 0.6% 573/android.hardware.health@2.0-service: 0% user + 0.5% kernel
12-13 10:06:14.830 2101 2146 E ActivityManager: 0.5% 555/healthd: 0% user + 0.5% kernel
12-13 10:06:14.830 2101 2146 E ActivityManager: 0.5% 3362/VosMCThread: 0% user + 0.5% kernel
12-13 10:06:14.830 2101 2146 E ActivityManager: 0.5% 31212/kworker/u16:6: 0% user + 0.5% kernel
12-13 10:06:14.830 2101 2146 E ActivityManager: 0.5% 888/hvdcp_opti: 0% user + 0.4% kernel
12-13 10:06:14.830 2101 2146 E ActivityManager: 0.4% 264/kgsl_worker_thr: 0% user + 0.4% kernel
12-13 10:06:14.830 2101 2146 E ActivityManager: 0.1% 6/kworker/u16:0: 0% user + 0.1% kernel
12-13 10:06:14.830 2101 2146 E ActivityManager: 0.3% 3237/com.android.phone: 0.3% user + 0% kernel / faults: 55 minor
12-13 10:06:14.830 2101 2146 E ActivityManager: 0.2% 45/rcuop/4: 0% user + 0.2% kernel
12-13 10:06:14.830 2101 2146 E ActivityManager: 0% 114/system: 0% user + 0% kernel
12-13 10:06:14.830 2101 2146 E ActivityManager: 0.2% 1073/qcrild: 0.1% user + 0% kernel / faults: 8 minor
12-13 10:06:14.830 2101 2146 E ActivityManager: 0.2% 3364/VosRXThread: 0% user + 0.2% kernel
12-13 10:06:14.830 2101 2146 E ActivityManager: 0.1% 7/rcu_preempt: 0% user + 0.1% kernel
12-13 10:06:14.830 2101 2146 E ActivityManager: 0% 60/kworker/6:0H: 0% user + 0% kernel
12-13 10:06:14.830 2101 2146 E ActivityManager: 0.1% 61/rcuop/6: 0% user + 0.1% kernel
12-13 10:06:14.830 2101 2146 E ActivityManager: 0.1% 349/cfinteractive: 0% user + 0.1% kernel
12-13 10:06:14.830 2101 2146 E ActivityManager: 0.1% 581/android.hardware.wifi@1.0-service: 0% user + 0.1% kernel / faults: 2 minor
12-13 10:06:14.830 2101 2146 E ActivityManager: 0.1% 3363/VosTXThread: 0% user + 0.1% kernel
12-13 10:06:14.830 2101 2146 E ActivityManager: 0% 19342/kworker/5:2H: 0% user + 0% kernel
12-13 10:06:14.830 2101 2146 E ActivityManager: 0.1% 31554/kworker/4:3: 0% user + 0.1% kernel
12-13 10:06:14.830 2101 2146 E ActivityManager: 0% 431/kworker/7:1H: 0% user + 0% kernel
12-13 10:06:14.830 2101 2146 E ActivityManager: 0.1% 1050/msm_irqbalance: 0% user + 0.1% kernel
12-13 10:06:14.830 2101 2146 E ActivityManager: 0.1% 3365/wlan_logging_th: 0% user + 0.1% kernel
12-13 10:06:14.830 2101 2146 E ActivityManager: 0% 53/rcuop/5: 0% user + 0% kernel
12-13 10:06:14.830 2101 2146 E ActivityManager: 0% 58/ksoftirqd/6: 0% user + 0% kernel
12-13 10:06:14.830 2101 2146 E ActivityManager: 0% 69/rcuop/7: 0% user + 0% kernel
12-13 10:06:14.830 2101 2146 E ActivityManager: 0% 417/mmc-cmdqd/0: 0% user + 0% kernel
12-13 10:06:14.830 2101 2146 E ActivityManager: 0% 427/kworker/4:1H: 0% user + 0% kernel
12-13 10:06:14.830 2101 2146 E ActivityManager: 0% 460/servicemanager: 0% user + 0% kernel
12-13 10:06:14.830 2101 2146 E ActivityManager: 0% 570/android.hardware.graphics.allocator@2.0-service: 0% user + 0% kernel / faults: 22 minor
12-13 10:06:14.830 2101 2146 E ActivityManager: 0% 589/vendor.qti.hardware.perf@1.0-service: 0% user + 0% kernel / faults: 2 minor
12-13 10:06:14.830 2101 2146 E ActivityManager: 0% 850/dpmQmiMgr: 0% user + 0% kernel
12-13 10:06:14.830 2101 2146 E ActivityManager: 0% 974/statsd: 0% user + 0% kernel
12-13 10:06:14.830 2101 2146 E ActivityManager: 0% 976/wificond: 0% user + 0% kernel / faults: 12 minor
12-13 10:06:14.830 2101 2146 E ActivityManager: 0% 985/cnss-daemon: 0% user + 0% kernel
12-13 10:06:14.830 2101 2146 E ActivityManager: 0% 1049/qcrild: 0% user + 0% kernel / faults: 4 minor
12-13 10:06:14.830 2101 2146 E ActivityManager: 0% 1062/dpmd: 0% user + 0% kernel / faults: 1 minor
12-13 10:06:14.830 2101 2146 E ActivityManager: 0% 2822/com.android.bluetooth: 0% user + 0% kernel / faults: 4 minor
12-13 10:06:14.830 2101 2146 E ActivityManager: 0% 3366/wpa_supplicant: 0% user + 0% kernel
12-13 10:06:14.830 2101 2146 E ActivityManager: 0% 3424/irq/180-408000.: 0% user + 0% kernel
12-13 10:06:14.830 2101 2146 E ActivityManager: 0% 3612/com.google.android.googlequicksearchbox:interactor: 0% user + 0% kernel / faults: 262 minor
12-13 10:06:14.830 2101 2146 E ActivityManager: 0% 3672/com.android.launcher3: 0% user + 0% kernel / faults: 10 minor
12-13 10:06:14.830 2101 2146 E ActivityManager: 0% 15745/com.android.settings: 0% user + 0% kernel / faults: 1 minor
12-13 10:06:14.830 2101 2146 E ActivityManager: 0% 31380/kworker/5:3: 0% user + 0% kernel
12-13 10:06:14.830 2101 2146 E ActivityManager: 0% 31597/kworker/7:1: 0% user + 0% kernel
12-13 10:06:14.830 2101 2146 E ActivityManager: 0% 31620/kworker/6:1: 0% user + 0% kernel
12-13 10:06:14.830 2101 2146 E ActivityManager: +0% 31964/logcat: 0% user + 0% kernel
12-13 10:06:14.830 2101 2146 E ActivityManager: +0% 31970/mdss_fb0: 0% user +