12-13 10:05:10.036 2822 2822 D BluetoothMapAppObserver: The installed package is: org.qtproject.example.android_freeze_test
12-13 10:05:10.038 2101 2240 I InputReader: Reconfiguring input devices. changes=0x00000010
12-13 10:05:10.038 2822 2822 D BluetoothMapAppObserver: Found 0 application(s) with intent android.bluetooth.action.BLUETOOTH_MAP_PROVIDER
12-13 10:05:10.039 31775 31775 I Finsky : [2] com.google.android.finsky.packagemanager.impl.PackageMonitorReceiverImpl.a(12): PackageMonitor received: android.intent.action.PACKAGE_ADDED
12-13 10:05:10.042 2101 2146 D CompatibilityInfo: mCompatibilityFlags - 0
12-13 10:05:10.042 2101 2146 D CompatibilityInfo: applicationDensity - 480
12-13 10:05:10.042 2101 2146 D CompatibilityInfo: applicationScale - 1.0
12-13 10:05:10.043 31775 31775 I Finsky : [2] com.google.android.finsky.wear.eh.a(14): Do not start WearSupportService due to Wear service optimization
12-13 10:05:10.044 2822 2822 D BluetoothMapAppObserver: Found 0 application(s) with intent android.bluetooth.action.BLUETOOTH_MAP_IM_PROVIDER
12-13 10:05:10.044 31775 31775 I Finsky : [2] com.google.android.finsky.wear.eh.a(14): Do not start WearSupportService due to Wear service optimization
12-13 10:05:10.047 2101 4850 D CompatibilityInfo: mCompatibilityFlags - 0
12-13 10:05:10.047 2101 4850 D CompatibilityInfo: applicationDensity - 480
12-13 10:05:10.047 2101 4850 D CompatibilityInfo: applicationScale - 1.0
12-13 10:05:10.052 2101 4850 W BroadcastQueue: Background execution not allowed: receiving Intent { act=android.intent.action.PACKAGE_ADDED dat=package:org.qtproject.example.android_freeze_test flg=0x4000010 (has extras) } to com.android.musicfx/.Compatibility$Receiver
12-13 10:05:10.053 2101 2146 W BroadcastQueue: Background execution not allowed: receiving Intent { act=android.intent.action.PACKAGE_ADDED dat=package:org.qtproject.example.android_freeze_test flg=0x4000010 (has extras) } to com.android.vending/com.google.android.finsky.packagemanager.impl.PackageMonitorReceiverImpl$RegisteredReceiver
12-13 10:05:10.053 2101 2146 W BroadcastQueue: Background execution not allowed: receiving Intent { act=android.intent.action.PACKAGE_ADDED dat=package:org.qtproject.example.android_freeze_test flg=0x4000010 (has extras) } to com.google.android.gms/.games.chimera.GamesSystemBroadcastReceiverProxy
12-13 10:05:10.055 2101 2146 W BroadcastQueue: Background execution not allowed: receiving Intent { act=android.intent.action.PACKAGE_ADDED dat=package:org.qtproject.example.android_freeze_test flg=0x4000010 (has extras) } to com.google.android.gms/.gass.chimera.PackageChangeBroadcastReceiver
12-13 10:05:10.055 2101 2146 W BroadcastQueue: Background execution not allowed: receiving Intent { act=android.intent.action.PACKAGE_ADDED dat=package:org.qtproject.example.android_freeze_test flg=0x4000010 (has extras) } to com.google.android.gms/.chimera.GmsIntentOperationService$PersistentTrustedReceiver
12-13 10:05:10.055 2101 2146 W BroadcastQueue: Background execution not allowed: receiving Intent { act=android.intent.action.PACKAGE_ADDED dat=package:org.qtproject.example.android_freeze_test flg=0x4000010 (has extras) } to com.google.android.googlequicksearchbox/com.google.android.apps.gsa.googlequicksearchbox.GelStubAppWatcher
12-13 10:05:10.056 2101 2146 W BroadcastQueue: Background execution not allowed: receiving Intent { act=android.intent.action.PACKAGE_ADDED dat=package:org.qtproject.example.android_freeze_test flg=0x4000010 (has extras) } to com.google.android.ims/.receivers.RcsAutoStartReceiver
12-13 10:05:10.062 2101 2101 I Telecom : DefaultDialerCache: Refreshing default dialer for user 0: now com.google.android.dialer: DDC.oR@A04
12-13 10:05:10.062 2101 2146 D CompatibilityInfo: mCompatibilityFlags - 10
12-13 10:05:10.062 2101 2146 D CompatibilityInfo: applicationDensity - 480
12-13 10:05:10.062 2101 2146 D CompatibilityInfo: applicationScale - 1.0
12-13 10:05:10.064 31775 31870 I Finsky : [328] com.google.android.finsky.p2p.f.run(3): Wrote row to frosting DB: 532
12-13 10:05:10.078 8389 31910 I Auth : [SupervisedAccountIntentOperation] onHandleIntent(): android.intent.action.PACKAGE_ADDED
12-13 10:05:10.078 8389 31910 I Auth : [SupervisedAccountIntentOperation] This operation is disabled
12-13 10:05:10.079 8389 31910 I ChromeSync: [Sync,SyncIntentOperation] Handling the intent: Intent { act=android.intent.action.PACKAGE_ADDED dat=package:org.qtproject.example.android_freeze_test flg=0x4000010 cmp=com.google.android.gms/.chimera.GmsIntentOperationService (has extras) }.
12-13 10:05:10.082 2101 2101 V BackupManagerConstants: getFullBackupIntervalMilliseconds(...) returns 86400000
12-13 10:05:10.082 8389 31908 I FontsPackageChangeOp: Package org.qtproject.example.android_freeze_test has no metadata
12-13 10:05:10.083 2101 4851 D CompatibilityInfo: mCompatibilityFlags - 0
12-13 10:05:10.083 2101 4851 D CompatibilityInfo: applicationDensity - 480
12-13 10:05:10.083 2101 4851 D CompatibilityInfo: applicationScale - 1.0
12-13 10:05:10.085 31775 31775 I Finsky : [2] com.google.android.finsky.p2p.e.b(20): Frosting ID looked up on UI thread. Caller should move to a background thread.
12-13 10:05:10.086 3237 3237 E PhoneInterfaceManager: [PhoneIntfMgr] getCarrierPackageNamesForIntent: No UICC
12-13 10:05:10.086 3237 3237 D CarrierSvcBindHelper: No carrier app for: 0
12-13 10:05:10.086 3237 3237 E PhoneInterfaceManager: [PhoneIntfMgr] getCarrierPackageNamesForIntent: No UICC
12-13 10:05:10.086 3237 3237 D CarrierSvcBindHelper: No carrier app for: 1
12-13 10:05:10.094 3237 3237 D ImsResolver: maybeAddedImsService, packageName: org.qtproject.example.android_freeze_test
12-13 10:05:10.106 2101 8369 D CompatibilityInfo: mCompatibilityFlags - 0
12-13 10:05:10.106 2101 8369 D CompatibilityInfo: applicationDensity - 480
12-13 10:05:10.106 2101 8369 D CompatibilityInfo: applicationScale - 1.0
12-13 10:05:10.117 3237 3237 D CarrierConfigLoader: mHandler: 9 phoneId: 0
12-13 10:05:10.118 2101 2145 W LocationProviderProxy-network: com.qualcomm.location resolves service com.android.location.service.v3.NetworkLocationProvider, but has wrong signature, ignoring
12-13 10:05:10.118 2101 2145 W LocationProviderProxy-network: com.google.android.gms resolves service com.android.location.service.v3.NetworkLocationProvider, but has wrong signature, ignoring
12-13 10:05:10.119 2101 2145 W LocationProviderProxy-network: com.qualcomm.location resolves service com.android.location.service.v3.NetworkLocationProvider, but has wrong signature, ignoring
12-13 10:05:10.119 2101 2145 W LocationProviderProxy-network: Odd, no component found for service com.android.location.service.v3.NetworkLocationProvider
12-13 10:05:10.123 2101 6558 D CompatibilityInfo: mCompatibilityFlags - 0
12-13 10:05:10.123 2101 6558 D CompatibilityInfo: applicationDensity - 480
12-13 10:05:10.123 2101 6558 D CompatibilityInfo: applicationScale - 1.0
12-13 10:05:10.134 31726 31918 I ProvidersCache: Provider returned no roots. Possibly naughty: com.google.android.apps.docs.storage
12-13 10:05:10.147 8389 31909 I PeopleContactsSync: triggerPendingContactsCleanup: no accounts
12-13 10:05:10.151 2101 6690 D CompatibilityInfo: mCompatibilityFlags - 0
12-13 10:05:10.151 2101 6690 D CompatibilityInfo: applicationDensity - 480
12-13 10:05:10.152 2101 6690 D CompatibilityInfo: applicationScale - 1.0
12-13 10:05:10.164 31775 31775 I Finsky : [2] com.google.android.finsky.scheduler.bp.b(88): Jobs in database: 1-1337 12-1 24-77777777 26-1414141414
12-13 10:05:10.167 8389 20029 I Icing : IndexChimeraService.getServiceInterface callingPackage=com.google.android.gms componentName=AppsCorpus serviceId=32
12-13 10:05:10.168 8389 8605 I Icing : IndexChimeraService.getServiceInterface callingPackage=com.google.android.gms componentName=AppsCorpus serviceId=36
12-13 10:05:10.170 31775 31775 I Finsky : [2] com.google.android.finsky.scheduler.k.a(69): ConstraintMapping: 24-77777777, -> L: 0ms, D: 71802036ms, C: false, I: true, N: 0
12-13 10:05:10.175 31775 31775 I Finsky : [2] com.google.android.finsky.scheduler.k.a(69): ConstraintMapping: 1-1337, 12-1, -> L: 14949ms, D: 75397706ms, C: false, I: false, N: 1
12-13 10:05:10.177 31775 31775 I Finsky : [2] com.google.android.finsky.scheduler.k.a(69): ConstraintMapping: 26-1414141414, -> L: 4463629ms, D: 5363629ms, C: false, I: false, N: 0
12-13 10:05:10.178 2101 2110 I system_server: Background concurrent copying GC freed 203840(9MB) AllocSpace objects, 44(1948KB) LOS objects, 42% free, 17MB/30MB, paused 655us total 235.289ms
12-13 10:05:10.178 31775 31775 I Finsky : [2] com.google.android.finsky.scheduler.JobSchedulerEngine.a(109): Cancelling existing job with id: 9003
12-13 10:05:10.180 2101 4851 D CompatibilityInfo: mCompatibilityFlags - 0
12-13 10:05:10.180 2101 4851 D CompatibilityInfo: applicationDensity - 480
12-13 10:05:10.180 2101 4851 D CompatibilityInfo: applicationScale - 1.0
12-13 10:05:10.182 31775 31775 I Finsky : [2] com.google.android.finsky.scheduler.JobSchedulerEngine.a(109): Cancelling existing job with id: 9005
12-13 10:05:10.187 31775 31775 I Finsky : [2] com.google.android.finsky.scheduler.JobSchedulerEngine.a(109): Cancelling existing job with id: 9000
12-13 10:05:10.190 31775 31775 I Finsky : [2] com.google.android.finsky.scheduler.JobSchedulerEngine.a(66): Throttling wakeup for job 9001 (expected to run in 0 ms) due to recent wakeup
12-13 10:05:10.191 31775 31775 I Finsky : [2] com.google.android.finsky.scheduler.JobSchedulerEngine.a(48): Scheduling job Id: 9001, L: 30000, D: 71802036, C: false, I: true, N: 0
12-13 10:05:10.191 8389 31924 I Icing : Usage reports ok 0, Failed Usage reports 0, indexed 0, rejected 0, imm upload false
12-13 10:05:10.193 31775 31775 I Finsky : [2] com.google.android.finsky.scheduler.JobSchedulerEngine.a(48): Scheduling job Id: 9002, L: 14949, D: 75397706, C: false, I: false, N: 1
12-13 10:05:10.195 31775 31775 I Finsky : [2] com.google.android.finsky.scheduler.JobSchedulerEngine.a(48): Scheduling job Id: 9004, L: 4463629, D: 5363629, C: false, I: false, N: 0
12-13 10:05:10.206 8389 31924 I Icing : Usage reports ok 0, Failed Usage reports 0, indexed 0, rejected 0, imm upload false
12-13 10:05:10.792 2856 2856 D KeyguardUpdateMonitor: received broadcast android.intent.action.BATTERY_CHANGED
12-13 10:05:10.795 2856 2856 D KeyguardUpdateMonitor: handleBatteryUpdate
12-13 10:05:10.795 3237 3237 D QtiCarrierConfigHelper: WARNING, no carrier configs on phone Id: 0
12-13 10:05:11.216 8389 31924 I Icing : Indexing com.google.android.gms-apps from com.google.android.gms
12-13 10:05:11.298 8389 31924 I Icing : Indexing com.google.android.gms-internal.3p:MobileApplication from com.google.android.gms
12-13 10:05:11.316 8389 31924 I Icing : Indexing com.google.android.gms-internal.3p:Photograph from com.google.android.gms
12-13 10:05:11.324 8389 31924 I Icing : Indexing done com.google.android.gms-apps
12-13 10:05:11.328 8389 31924 I Icing : Indexing done com.google.android.gms-internal.3p:MobileApplication
12-13 10:05:11.331 8389 31924 I Icing : Indexing done com.google.android.gms-internal.3p:Photograph
12-13 10:05:11.788 2856 2856 D KeyguardUpdateMonitor: received broadcast android.intent.action.BATTERY_CHANGED
12-13 10:05:11.789 3237 3237 D QtiCarrierConfigHelper: WARNING, no carrier configs on phone Id: 0
12-13 10:05:11.792 2856 2856 D KeyguardUpdateMonitor: handleBatteryUpdate
12-13 10:05:12.605 2101 3610 V BackupManagerConstants: getFullBackupRequiredNetworkType(...) returns 2
12-13 10:05:12.606 2101 3610 V BackupManagerConstants: getFullBackupRequireCharging(...) returns true
12-13 10:05:12.845 2856 2856 D KeyguardUpdateMonitor: received broadcast android.intent.action.BATTERY_CHANGED
12-13 10:05:12.846 3237 3237 D QtiCarrierConfigHelper: WARNING, no carrier configs on phone Id: 0
12-13 10:05:12.847 2856 2856 D KeyguardUpdateMonitor: handleBatteryUpdate
12-13 10:05:13.269 975 1035 E storaged: getDiskStats failed with result NOT_SUPPORTED and size 0
12-13 10:05:14.790 2856 2856 D KeyguardUpdateMonitor: received broadcast android.intent.action.BATTERY_CHANGED
12-13 10:05:14.792 3237 3237 D QtiCarrierConfigHelper: WARNING, no carrier configs on phone Id: 0
12-13 10:05:14.794 2856 2856 D KeyguardUpdateMonitor: handleBatteryUpdate
12-13 10:05:15.790 2856 2856 D KeyguardUpdateMonitor: received broadcast android.intent.action.BATTERY_CHANGED
12-13 10:05:15.791 3237 3237 D QtiCarrierConfigHelper: WARNING, no carrier configs on phone Id: 0
12-13 10:05:15.794 2856 2856 D KeyguardUpdateMonitor: handleBatteryUpdate
12-13 10:05:17.789 2856 2856 D KeyguardUpdateMonitor: received broadcast android.intent.action.BATTERY_CHANGED
12-13 10:05:17.790 3237 3237 D QtiCarrierConfigHelper: WARNING, no carrier configs on phone Id: 0
12-13 10:05:17.794 2856 2856 D KeyguardUpdateMonitor: handleBatteryUpdate
12-13 10:05:18.278 2101 6214 I ActivityManager: START u0 {act=android.intent.action.MAIN cat=[android.intent.category.LAUNCHER] flg=0x10200000 cmp=org.qtproject.example.android_freeze_test/org.qtproject.qt5.android.bindings.QtActivity bnds=[41,592][241,857]} from uid 10024
12-13 10:05:18.296 589 611 E ANDR-PERF-MPCTL: Invalid profile no. 0, total profiles 0 only
12-13 10:05:18.297 2101 6214 E ANDR-PERF-JNI: com_qualcomm_qtiperformance_native_perf_io_prefetch_start
12-13 10:05:18.306 2101 6214 D ActivityTrigger: activityStartTrigger: Activity is Triggerred in full screen ApplicationInfo{c18e50f org.qtproject.example.android_freeze_test}
12-13 10:05:18.306 2101 6214 E ActivityTrigger: activityStartTrigger: not whiteListedorg.qtproject.example.android_freeze_test/org.qtproject.qt5.android.bindings.QtActivity/1
12-13 10:05:18.306 2101 6214 D CompatibilityInfo: mCompatibilityFlags - 0
12-13 10:05:18.306 2101 6214 D CompatibilityInfo: applicationDensity - 480
12-13 10:05:18.306 2101 6214 D CompatibilityInfo: applicationScale - 1.0
12-13 10:05:18.307 2101 6214 D ActivityTrigger: activityResumeTrigger: The activity in ApplicationInfo{c18e50f org.qtproject.example.android_freeze_test} is now in focus and seems to be in full-screen mode
12-13 10:05:18.307 2101 6214 E ActivityTrigger: activityResumeTrigger: not whiteListedorg.qtproject.example.android_freeze_test/org.qtproject.qt5.android.bindings.QtActivity/1
12-13 10:05:18.307 2101 6214 D ActivityTrigger: ActivityTrigger activityPauseTrigger
12-13 10:05:18.313 2101 5188 D ActivityTrigger: activityResumeTrigger: The activity in ApplicationInfo{c18e50f org.qtproject.example.android_freeze_test} is now in focus and seems to be in full-screen mode
12-13 10:05:18.313 2101 5188 E ActivityTrigger: activityResumeTrigger: not whiteListedorg.qtproject.example.android_freeze_test/org.qtproject.qt5.android.bindings.QtActivity/1
12-13 10:05:18.329 2101 2148 I ActivityManager: Start proc 31931:org.qtproject.example.android_freeze_test/u0a222 for activity org.qtproject.example.android_freeze_test/org.qtproject.qt5.android.bindings.QtActivity
12-13 10:05:18.334 31931 31931 I chatty : uid=10222(org.qtproject.example.android_freeze_test) expire 126 lines
12-13 10:05:18.401 2101 5188 D CompatibilityInfo: mCompatibilityFlags - 0
12-13 10:05:18.401 2101 5188 D CompatibilityInfo: applicationDensity - 480
12-13 10:05:18.401 2101 5188 D CompatibilityInfo: applicationScale - 1.0
12-13 10:05:18.406 2101 5188 D CompatibilityInfo: mCompatibilityFlags - 0
12-13 10:05:18.406 2101 5188 D CompatibilityInfo: applicationDensity - 480
12-13 10:05:18.406 2101 5188 D CompatibilityInfo: applicationScale - 1.0
12-13 10:05:18.407 2101 5188 W ActivityManager: Request to remove task ignored for non-existent task 1453
12-13 10:05:18.419 12199 12228 I MicroDetector: Keeping mic open: false
12-13 10:05:18.419 12199 31580 I DeviceStateChecker: DeviceStateChecker cancelled
12-13 10:05:18.419 12199 12228 I AudioController: internalShutdown
12-13 10:05:18.424 556 1379 D audio_hw_primary: in_standby: enter: stream (0xe68cd500) usecase(18: audio-record)
12-13 10:05:18.478 556 1379 D audio_hw_primary: disable_audio_route: reset and update mixer path: audio-record
12-13 10:05:18.478 556 1379 D soundtrigger: audio_extn_sound_trigger_update_stream_status: uc_info->id 18 of type 1 for Event 2, with Raise=1
12-13 10:05:18.478 556 1379 D soundtrigger: audio_extn_sound_trigger_update_stream_status: send event 12: usecase id 18, type 1
12-13 10:05:18.478 556 1379 D sound_trigger_platform: platform_stdev_check_and_update_concurrency: concurrency active 0, tx 1, rx 0, concurrency session_allowed 0
12-13 10:05:18.478 556 1379 D hardware_info: hw_info_append_hw_type : device_name = voice-rec-mic
12-13 10:05:18.478 556 1379 D audio_hw_primary: disable_snd_device: snd_device(104: voice-rec-mic)
12-13 10:05:18.478 556 1379 D msm8916_platform: platform_split_snd_device: snd_device(104) num devices(0) new_snd_devices(0)
12-13 10:05:18.481 556 1379 I soundtrigger: audio_extn_sound_trigger_update_device_status: device 0x68 of type 1 for Event 0, with Raise=1
12-13 10:05:18.481 556 1379 D sound_trigger_platform: platform_stdev_check_and_update_concurrency: concurrency active 0, tx 0, rx 0, concurrency session_allowed 1
12-13 10:05:18.482 954 12047 V AudioPolicyService: AudioCommandThread() adding recording configuration update event 0, source 1999 uid 10035
12-13 10:05:18.482 954 12047 V AudioPolicyService: inserting command: 14 at index 0, num commands 0
12-13 10:05:18.482 954 12047 V AudioPolicyService: AudioCommandThread() adding release patch delay 0
12-13 10:05:18.482 954 1184 V AudioPolicyService: AudioCommandThread() processing recording configuration update
12-13 10:05:18.482 954 12047 V AudioPolicyService: inserting command: 9 at index 0, num commands 0
12-13 10:05:18.482 954 1183 V AudioPolicyService: AudioCommandThread() processing release audio patch
12-13 10:05:18.482 954 1184 V AudioPolicyService: AudioCommandThread() going to sleep
12-13 10:05:18.483 556 1379 D audio_hw_primary: in_set_parameters: enter: kvpairs=routing=0
12-13 10:05:18.483 954 1183 V AudioPolicyService: AudioCommandThread() going to sleep
12-13 10:05:18.483 954 12047 V AudioPolicyService: AudioCommandThread() adding update audio patch list
12-13 10:05:18.483 954 12047 V AudioPolicyService: inserting command: 11 at index 0, num commands 0
12-13 10:05:18.483 954 1184 V AudioPolicyService: AudioCommandThread() processing update audio patch list
12-13 10:05:18.483 954 2226 I SoundTriggerHwService::Module: onCallbackEvent no clients
12-13 10:05:18.483 954 1184 V AudioPolicyService: AudioCommandThread() going to sleep
12-13 10:05:18.485 12199 12228 I MicrophoneInputStream: mic_close SR : 16000 CC : 16 SO : 1999
12-13 10:05:18.485 556 1379 D audio_hw_primary: adev_close_input_stream: enter:stream_handle(0xe68cd500)
12-13 10:05:18.485 556 1379 D audio_hw_primary: in_standby: enter: stream (0xe68cd500) usecase(18: audio-record)
12-13 10:05:18.485 954 12343 V AudioPolicyService: AudioCommandThread() adding update audio port list
12-13 10:05:18.485 954 12343 V AudioPolicyService: inserting command: 10 at index 0, num commands 0
12-13 10:05:18.485 954 1184 V AudioPolicyService: AudioCommandThread() processing update audio port list
12-13 10:05:18.485 954 1184 V AudioPolicyService: AudioCommandThread() going to sleep
12-13 10:05:18.485 12199 31513 I MicroRecognitionRunner: Detection finished
12-13 10:05:18.486 12199 21347 I MicroRecognitionRunner: Stopping hotword detection.
12-13 10:05:18.487 3672 3695 W System : A resource failed to call release.
12-13 10:05:18.487 3672 3695 W System : A resource failed to call release.
12-13 10:05:18.784 2856 2856 D KeyguardUpdateMonitor: received broadcast android.intent.action.BATTERY_CHANGED
12-13 10:05:18.784 3237 3237 D QtiCarrierConfigHelper: WARNING, no carrier configs on phone Id: 0
12-13 10:05:18.785 2856 2856 D KeyguardUpdateMonitor: handleBatteryUpdate
12-13 10:05:18.793 31931 31948 I chatty : uid=10222(org.qtproject.example.android_freeze_test) qtMainLoopThrea expire 9 lines
12-13 10:05:18.901 31931 31931 I chatty : uid=10222(org.qtproject.example.android_freeze_test) expire 146 lines
12-13 10:05:19.368 31931 31931 W System.err: at org.qtproject.qt5.android.ExtractStyle.getRotateDrawable(ExtractStyle.java:721)
12-13 10:05:19.369 31931 31931 W System.err: at org.qtproject.qt5.android.ExtractStyle.getDrawable(ExtractStyle.java:1063)
12-13 10:05:19.369 31931 31931 W System.err: at org.qtproject.qt5.android.ExtractStyle.getLayerDrawable(ExtractStyle.java:628)
12-13 10:05:19.369 31931 31931 W System.err: at org.qtproject.qt5.android.ExtractStyle.getDrawable(ExtractStyle.java:1051)
12-13 10:05:19.369 31931 31931 W System.err: at org.qtproject.qt5.android.ExtractStyle.extractProgressBarInfo(ExtractStyle.java:1685)
12-13 10:05:19.369 31931 31931 W System.err: at org.qtproject.qt5.android.ExtractStyle.extractProgressBar(ExtractStyle.java:1697)
12-13 10:05:19.369 31931 31931 W System.err: at org.qtproject.qt5.android.ExtractStyle.(ExtractStyle.java:2028)
12-13 10:05:19.369 31931 31931 W System.err: at org.qtproject.qt5.android.QtActivityDelegate.loadApplication(QtActivityDelegate.java:616)
12-13 10:05:19.369 31931 31931 W System.err: at java.lang.reflect.Method.invoke(Native Method)
12-13 10:05:19.369 31931 31931 W System.err: at org.qtproject.qt5.android.bindings.QtLoader.loadApplication(QtLoader.java:242)
12-13 10:05:19.369 31931 31931 W System.err: at org.qtproject.qt5.android.bindings.QtLoader.startApp(QtLoader.java:716)
12-13 10:05:19.370 31931 31931 W System.err: at org.qtproject.qt5.android.bindings.QtActivityLoader.onCreate(QtActivityLoader.java:183)
12-13 10:05:19.370 31931 31931 W System.err: at org.qtproject.qt5.android.bindings.QtActivity.onCreateHook(QtActivity.java:266)
12-13 10:05:19.370 31931 31931 W System.err: at org.qtproject.qt5.android.bindings.QtActivity.onCreate(QtActivity.java:273)
12-13 10:05:19.370 31931 31931 W System.err: at android.app.Activity.performCreate(Activity.java:7136)
12-13 10:05:19.370 31931 31931 W System.err: at android.app.Activity.performCreate(Activity.java:7127)
12-13 10:05:19.370 31931 31931 W System.err: at android.app.Instrumentation.callActivityOnCreate(Instrumentation.java:1272)
12-13 10:05:19.370 31931 31931 W System.err: at android.app.ActivityThread.performLaunchActivity(ActivityThread.java:2905)
12-13 10:05:19.370 31931 31931 W System.err: at android.app.ActivityThread.handleLaunchActivity(ActivityThread.java:3060)
12-13 10:05:19.370 31931 31931 W System.err: at android.app.servertransaction.LaunchActivityItem.execute(LaunchActivityItem.java:78)
12-13 10:05:19.370 31931 31931 W System.err: at android.app.servertransaction.TransactionExecutor.executeCallbacks(TransactionExecutor.java:108)
12-13 10:05:19.370 31931 31931 W System.err: at android.app.servertransaction.TransactionExecutor.execute(TransactionExecutor.java:68)
12-13 10:05:19.370 31931 31931 W System.err: at android.app.ActivityThread$H.handleMessage(ActivityThread.java:1818)
12-13 10:05:19.371 31931 31931 W System.err: at android.os.Handler.dispatchMessage(Handler.java:106)
12-13 10:05:19.371 31931 31931 W System.err: at android.os.Looper.loop(Looper.java:193)
12-13 10:05:19.371 31931 31931 W System.err: at android.app.ActivityThread.main(ActivityThread.java:6762)
12-13 10:05:19.371 31931 31931 W System.err: at java.lang.reflect.Method.invoke(Native Method)
12-13 10:05:19.371 31931 31931 W System.err: at com.android.internal.os.RuntimeInit$MethodAndArgsCaller.run(RuntimeInit.java:493)
12-13 10:05:19.371 31931 31931 W System.err: at com.android.internal.os.ZygoteInit.main(ZygoteInit.java:858)
12-13 10:05:19.391 31931 31931 W oid_freeze_tes: Accessing hidden field Landroid/graphics/drawable/RotateDrawable$RotateState;->mPivotX:F (dark greylist, reflection)
12-13 10:05:19.391 31931 31931 W System.err: java.lang.NoSuchFieldException: No field mPivotX in class Landroid/graphics/drawable/RotateDrawable$RotateState; (declaration of 'android.graphics.drawable.RotateDrawable$RotateState' appears in /system/framework/framework.jar)
12-13 10:05:19.392 31931 31931 W System.err: at java.lang.Class.getDeclaredField(Native Method)
12-13 10:05:19.392 31931 31931 W System.err: at org.qtproject.qt5.android.ExtractStyle.getAccessibleField(ExtractStyle.java:404)
12-13 10:05:19.392 31931 31931 W System.err: at org.qtproject.qt5.android.ExtractStyle.getRotateDrawable(ExtractStyle.java:721)
12-13 10:05:19.392 31931 31931 W System.err: at org.qtproject.qt5.android.ExtractStyle.getDrawable(ExtractStyle.java:1063)
12-13 10:05:19.392 31931 31931 W System.err: at org.qtproject.qt5.android.ExtractStyle.getLayerDrawable(ExtractStyle.java:628)
12-13 10:05:19.392 31931 31931 W System.err: at org.qtproject.qt5.android.ExtractStyle.getDrawable(ExtractStyle.java:1051)
12-13 10:05:19.392 31931 31931 W System.err: at org.qtproject.qt5.android.ExtractStyle.extractProgressBarInfo(ExtractStyle.java:1685)
12-13 10:05:19.392 31931 31931 W System.err: at org.qtproject.qt5.android.ExtractStyle.extractProgressBar(ExtractStyle.java:1697)
12-13 10:05:19.392 31931 31931 W System.err: at org.qtproject.qt5.android.ExtractStyle.(ExtractStyle.java:2029)
12-13 10:05:19.392 31931 31931 W System.err: at org.qtproject.qt5.android.QtActivityDelegate.loadApplication(QtActivityDelegate.java:616)
12-13 10:05:19.392 31931 31931 W System.err: at java.lang.reflect.Method.invoke(Native Method)
12-13 10:05:19.393 31931 31931 W System.err: at org.qtproject.qt5.android.bindings.QtLoader.loadApplication(QtLoader.java:242)
12-13 10:05:19.393 31931 31931 W System.err: at org.qtproject.qt5.android.bindings.QtLoader.startApp(QtLoader.java:716)
12-13 10:05:19.393 31931 31931 W System.err: at org.qtproject.qt5.android.bindings.QtActivityLoader.onCreate(QtActivityLoader.java:183)
12-13 10:05:19.393 31931 31931 W System.err: at org.qtproject.qt5.android.bindings.QtActivity.onCreateHook(QtActivity.java:266)
12-13 10:05:19.393 31931 31931 W System.err: at org.qtproject.qt5.android.bindings.QtActivity.onCreate(QtActivity.java:273)
12-13 10:05:19.393 31931 31931 W System.err: at android.app.Activity.performCreate(Activity.java:7136)
12-13 10:05:19.393 31931 31931 W System.err: at android.app.Activity.performCreate(Activity.java:7127)
12-13 10:05:19.393 31931 31931 W System.err: at android.app.Instrumentation.callActivityOnCreate(Instrumentation.java:1272)
12-13 10:05:19.393 31931 31931 W System.err: at android.app.ActivityThread.performLaunchActivity(ActivityThread.java:2905)
12-13 10:05:19.393 31931 31931 W System.err: at android.app.ActivityThread.handleLaunchActivity(ActivityThread.java:3060)
12-13 10:05:19.393 31931 31931 W System.err: at android.app.servertransaction.LaunchActivityItem.execute(LaunchActivityItem.java:78)
12-13 10:05:19.393 31931 31931 W System.err: at android.app.servertransaction.TransactionExecutor.executeCallbacks(TransactionExecutor.java:108)
12-13 10:05:19.394 31931 31931 W System.err: at android.app.servertransaction.TransactionExecutor.execute(TransactionExecutor.java:68)
12-13 10:05:19.394 31931 31931 W System.err: at android.app.ActivityThread$H.handleMessage(ActivityThread.java:1818)
12-13 10:05:19.394 31931 31931 W System.err: at android.os.Handler.dispatchMessage(Handler.java:106)
12-13 10:05:19.394 31931 31931 W System.err: at android.os.Looper.loop(Looper.java:193)
12-13 10:05:19.394 31931 31931 W System.err: at android.app.ActivityThread.main(ActivityThread.java:6762)
12-13 10:05:19.394 31931 31931 W System.err: at java.lang.reflect.Method.invoke(Native Method)
12-13 10:05:19.394 31931 31931 W System.err: at com.android.internal.os.RuntimeInit$MethodAndArgsCaller.run(RuntimeInit.java:493)
12-13 10:05:19.394 31931 31931 W System.err: at com.android.internal.os.ZygoteInit.main(ZygoteInit.java:858)
12-13 10:05:19.394 31931 31931 W System.err: java.lang.NullPointerException: Attempt to invoke virtual method 'float java.lang.reflect.Field.getFloat(java.lang.Object)' on a null object reference
12-13 10:05:19.395 31931 31931 W System.err: at org.qtproject.qt5.android.ExtractStyle.getRotateDrawable(ExtractStyle.java:721)
12-13 10:05:19.395 31931 31931 W System.err: at org.qtproject.qt5.android.ExtractStyle.getDrawable(ExtractStyle.java:1063)
12-13 10:05:19.395 31931 31931 W System.err: at org.qtproject.qt5.android.ExtractStyle.getLayerDrawable(ExtractStyle.java:628)
12-13 10:05:19.395 31931 31931 W System.err: at org.qtproject.qt5.android.ExtractStyle.getDrawable(ExtractStyle.java:1051)
12-13 10:05:19.395 31931 31931 W System.err: at org.qtproject.qt5.android.ExtractStyle.extractProgressBarInfo(ExtractStyle.java:1685)
12-13 10:05:19.395 31931 31931 W System.err: at org.qtproject.qt5.android.ExtractStyle.extractProgressBar(ExtractStyle.java:1697)
12-13 10:05:19.395 31931 31931 W System.err: at org.qtproject.qt5.android.ExtractStyle.(ExtractStyle.java:2029)
12-13 10:05:19.395 31931 31931 W System.err: at org.qtproject.qt5.android.QtActivityDelegate.loadApplication(QtActivityDelegate.java:616)
12-13 10:05:19.395 31931 31931 W System.err: at java.lang.reflect.Method.invoke(Native Method)
12-13 10:05:19.395 31931 31931 W System.err: at org.qtproject.qt5.android.bindings.QtLoader.loadApplication(QtLoader.java:242)
12-13 10:05:19.395 31931 31931 W System.err: at org.qtproject.qt5.android.bindings.QtLoader.startApp(QtLoader.java:716)
12-13 10:05:19.395 31931 31931 W System.err: at org.qtproject.qt5.android.bindings.QtActivityLoader.onCreate(QtActivityLoader.java:183)
12-13 10:05:19.396 31931 31931 W System.err: at org.qtproject.qt5.android.bindings.QtActivity.onCreateHook(QtActivity.java:266)
12-13 10:05:19.396 31931 31931 W System.err: at org.qtproject.qt5.android.bindings.QtActivity.onCreate(QtActivity.java:273)
12-13 10:05:19.396 31931 31931 W System.err: at android.app.Activity.performCreate(Activity.java:7136)
12-13 10:05:19.396 31931 31931 W System.err: at android.app.Activity.performCreate(Activity.java:7127)
12-13 10:05:19.396 31931 31931 W System.err: at android.app.Instrumentation.callActivityOnCreate(Instrumentation.java:1272)
12-13 10:05:19.396 31931 31931 W System.err: at android.app.ActivityThread.performLaunchActivity(ActivityThread.java:2905)
12-13 10:05:19.396 31931 31931 W System.err: at android.app.ActivityThread.handleLaunchActivity(ActivityThread.java:3060)
12-13 10:05:19.396 31931 31931 W System.err: at android.app.servertransaction.LaunchActivityItem.execute(LaunchActivityItem.java:78)
12-13 10:05:19.396 31931 31931 W System.err: at android.app.servertransaction.TransactionExecutor.executeCallbacks(TransactionExecutor.java:108)
12-13 10:05:19.396 31931 31931 W System.err: at android.app.servertransaction.TransactionExecutor.execute(TransactionExecutor.java:68)
12-13 10:05:19.396 31931 31931 W System.err: at android.app.ActivityThread$H.handleMessage(ActivityThread.java:1818)
12-13 10:05:19.396 31931 31931 W System.err: at android.os.Handler.dispatchMessage(Handler.java:106)
12-13 10:05:19.396 31931 31931 W System.err: at android.os.Looper.loop(Looper.java:193)
12-13 10:05:19.397 31931 31931 W System.err: at android.app.ActivityThread.main(ActivityThread.java:6762)
12-13 10:05:19.397 31931 31931 W System.err: at java.lang.reflect.Method.invoke(Native Method)
12-13 10:05:19.397 31931 31931 W System.err: at com.android.internal.os.RuntimeInit$MethodAndArgsCaller.run(RuntimeInit.java:493)
12-13 10:05:19.397 31931 31931 W System.err: at com.android.internal.os.ZygoteInit.main(ZygoteInit.java:858)
12-13 10:05:19.400 31931 31931 W oid_freeze_tes: Accessing hidden field Landroid/graphics/drawable/RotateDrawable$RotateState;->mPivotX:F (dark greylist, reflection)
12-13 10:05:19.400 31931 31931 W System.err: java.lang.NoSuchFieldException: No field mPivotX in class Landroid/graphics/drawable/RotateDrawable$RotateState; (declaration of 'android.graphics.drawable.RotateDrawable$RotateState' appears in /system/framework/framework.jar)
12-13 10:05:19.400 31931 31931 W System.err: at java.lang.Class.getDeclaredField(Native Method)
12-13 10:05:19.400 31931 31931 W System.err: at org.qtproject.qt5.android.ExtractStyle.getAccessibleField(ExtractStyle.java:404)
12-13 10:05:19.401 31931 31931 W System.err: at org.qtproject.qt5.android.ExtractStyle.getRotateDrawable(ExtractStyle.java:721)
12-13 10:05:19.401 31931 31931 W System.err: at org.qtproject.qt5.android.ExtractStyle.getDrawable(ExtractStyle.java:1063)
12-13 10:05:19.401 31931 31931 W System.err: at org.qtproject.qt5.android.ExtractStyle.getLayerDrawable(ExtractStyle.java:628)
12-13 10:05:19.401 31931 31931 W System.err: at org.qtproject.qt5.android.ExtractStyle.getDrawable(ExtractStyle.java:1051)
12-13 10:05:19.401 31931 31931 W System.err: at org.qtproject.qt5.android.ExtractStyle.extractProgressBarInfo(ExtractStyle.java:1685)
12-13 10:05:19.401 31931 31931 W System.err: at org.qtproject.qt5.android.ExtractStyle.extractProgressBar(ExtractStyle.java:1697)
12-13 10:05:19.401 31931 31931 W System.err: at org.qtproject.qt5.android.ExtractStyle.(ExtractStyle.java:2029)
12-13 10:05:19.401 31931 31931 W System.err: at org.qtproject.qt5.android.QtActivityDelegate.loadApplication(QtActivityDelegate.java:616)
12-13 10:05:19.401 31931 31931 W System.err: at java.lang.reflect.Method.invoke(Native Method)
12-13 10:05:19.401 31931 31931 W System.err: at org.qtproject.qt5.android.bindings.QtLoader.loadApplication(QtLoader.java:242)
12-13 10:05:19.401 31931 31931 W System.err: at org.qtproject.qt5.android.bindings.QtLoader.startApp(QtLoader.java:716)
12-13 10:05:19.401 31931 31931 W System.err: at org.qtproject.qt5.android.bindings.QtActivityLoader.onCreate(QtActivityLoader.java:183)
12-13 10:05:19.401 31931 31931 W System.err: at org.qtproject.qt5.android.bindings.QtActivity.onCreateHook(QtActivity.java:266)
12-13 10:05:19.401 31931 31931 W System.err: at org.qtproject.qt5.android.bindings.QtActivity.onCreate(QtActivity.java:273)
12-13 10:05:19.401 31931 31931 W System.err: at android.app.Activity.performCreate(Activity.java:7136)
12-13 10:05:19.402 31931 31931 W System.err: at android.app.Activity.performCreate(Activity.java:7127)
12-13 10:05:19.402 31931 31931 W System.err: at android.app.Instrumentation.callActivityOnCreate(Instrumentation.java:1272)
12-13 10:05:19.402 31931 31931 W System.err: at android.app.ActivityThread.performLaunchActivity(ActivityThread.java:2905)
12-13 10:05:19.402 31931 31931 W System.err: at android.app.ActivityThread.handleLaunchActivity(ActivityThread.java:3060)
12-13 10:05:19.402 31931 31931 W System.err: at android.app.servertransaction.LaunchActivityItem.execute(LaunchActivityItem.java:78)
12-13 10:05:19.402 31931 31931 W System.err: at android.app.servertransaction.TransactionExecutor.executeCallbacks(TransactionExecutor.java:108)
12-13 10:05:19.402 31931 31931 W System.err: at android.app.servertransaction.TransactionExecutor.execute(TransactionExecutor.java:68)
12-13 10:05:19.402 31931 31931 W System.err: at android.app.ActivityThread$H.handleMessage(ActivityThread.java:1818)
12-13 10:05:19.402 31931 31931 W System.err: at android.os.Handler.dispatchMessage(Handler.java:106)
12-13 10:05:19.402 31931 31931 W System.err: at android.os.Looper.loop(Looper.java:193)
12-13 10:05:19.402 31931 31931 W System.err: at android.app.ActivityThread.main(ActivityThread.java:6762)
12-13 10:05:19.402 31931 31931 W System.err: at java.lang.reflect.Method.invoke(Native Method)
12-13 10:05:19.402 31931 31931 W System.err: at com.android.internal.os.RuntimeInit$MethodAndArgsCaller.run(RuntimeInit.java:493)
12-13 10:05:19.402 31931 31931 W System.err: at com.android.internal.os.ZygoteInit.main(ZygoteInit.java:858)
12-13 10:05:19.403 31931 31931 W System.err: java.lang.NullPointerException: Attempt to invoke virtual method 'float java.lang.reflect.Field.getFloat(java.lang.Object)' on a null object reference
12-13 10:05:19.403 31931 31931 W System.err: at org.qtproject.qt5.android.ExtractStyle.getRotateDrawable(ExtractStyle.java:721)
12-13 10:05:19.403 31931 31931 W System.err: at org.qtproject.qt5.android.ExtractStyle.getDrawable(ExtractStyle.java:1063)
12-13 10:05:19.403 31931 31931 W System.err: at org.qtproject.qt5.android.ExtractStyle.getLayerDrawable(ExtractStyle.java:628)
12-13 10:05:19.403 31931 31931 W System.err: at org.qtproject.qt5.android.ExtractStyle.getDrawable(ExtractStyle.java:1051)
12-13 10:05:19.403 31931 31931 W System.err: at org.qtproject.qt5.android.ExtractStyle.extractProgressBarInfo(ExtractStyle.java:1685)
12-13 10:05:19.403 31931 31931 W System.err: at org.qtproject.qt5.android.ExtractStyle.extractProgressBar(ExtractStyle.java:1697)
12-13 10:05:19.403 31931 31931 W System.err: at org.qtproject.qt5.android.ExtractStyle.(ExtractStyle.java:2029)
12-13 10:05:19.403 31931 31931 W System.err: at org.qtproject.qt5.android.QtActivityDelegate.loadApplication(QtActivityDelegate.java:616)
12-13 10:05:19.403 31931 31931 W System.err: at java.lang.reflect.Method.invoke(Native Method)
12-13 10:05:19.403 31931 31931 W System.err: at org.qtproject.qt5.android.bindings.QtLoader.loadApplication(QtLoader.java:242)
12-13 10:05:19.404 31931 31931 W System.err: at org.qtproject.qt5.android.bindings.QtLoader.startApp(QtLoader.java:716)
12-13 10:05:19.404 31931 31931 W System.err: at org.qtproject.qt5.android.bindings.QtActivityLoader.onCreate(QtActivityLoader.java:183)
12-13 10:05:19.404 31931 31931 W System.err: at org.qtproject.qt5.android.bindings.QtActivity.onCreateHook(QtActivity.java:266)
12-13 10:05:19.404 31931 31931 W System.err: at org.qtproject.qt5.android.bindings.QtActivity.onCreate(QtActivity.java:273)
12-13 10:05:19.404 31931 31931 W System.err: at android.app.Activity.performCreate(Activity.java:7136)
12-13 10:05:19.404 31931 31931 W System.err: at android.app.Activity.performCreate(Activity.java:7127)
12-13 10:05:19.404 31931 31931 W System.err: at android.app.Instrumentation.callActivityOnCreate(Instrumentation.java:1272)
12-13 10:05:19.404 31931 31931 W System.err: at android.app.ActivityThread.performLaunchActivity(ActivityThread.java:2905)
12-13 10:05:19.404 31931 31931 W System.err: at android.app.ActivityThread.handleLaunchActivity(ActivityThread.java:3060)
12-13 10:05:19.404 31931 31931 W System.err: at android.app.servertransaction.LaunchActivityItem.execute(LaunchActivityItem.java:78)
12-13 10:05:19.404 31931 31931 W System.err: at android.app.servertransaction.TransactionExecutor.executeCallbacks(TransactionExecutor.java:108)
12-13 10:05:19.404 31931 31931 W System.err: at android.app.servertransaction.TransactionExecutor.execute(TransactionExecutor.java:68)
12-13 10:05:19.404 31931 31931 W System.err: at android.app.ActivityThread$H.handleMessage(ActivityThread.java:1818)
12-13 10:05:19.404 31931 31931 W System.err: at android.os.Handler.dispatchMessage(Handler.java:106)
12-13 10:05:19.404 31931 31931 W System.err: at android.os.Looper.loop(Looper.java:193)
12-13 10:05:19.405 31931 31931 W System.err: at android.app.ActivityThread.main(ActivityThread.java:6762)
12-13 10:05:19.405 31931 31931 W System.err: at java.lang.reflect.Method.invoke(Native Method)
12-13 10:05:19.405 31931 31931 W System.err: at com.android.internal.os.RuntimeInit$MethodAndArgsCaller.run(RuntimeInit.java:493)
12-13 10:05:19.405 31931 31931 W System.err: at com.android.internal.os.ZygoteInit.main(ZygoteInit.java:858)
12-13 10:05:19.432 31931 31931 W oid_freeze_tes: Accessing hidden field Landroid/graphics/drawable/RotateDrawable$RotateState;->mPivotX:F (dark greylist, reflection)
12-13 10:05:19.432 31931 31931 W System.err: java.lang.NoSuchFieldException: No field mPivotX in class Landroid/graphics/drawable/RotateDrawable$RotateState; (declaration of 'android.graphics.drawable.RotateDrawable$RotateState' appears in /system/framework/framework.jar)
12-13 10:05:19.432 31931 31931 W System.err: at java.lang.Class.getDeclaredField(Native Method)
12-13 10:05:19.432 31931 31931 W System.err: at org.qtproject.qt5.android.ExtractStyle.getAccessibleField(ExtractStyle.java:404)
12-13 10:05:19.433 31931 31931 W System.err: at org.qtproject.qt5.android.ExtractStyle.getRotateDrawable(ExtractStyle.java:721)
12-13 10:05:19.433 31931 31931 W System.err: at org.qtproject.qt5.android.ExtractStyle.getDrawable(ExtractStyle.java:1063)
12-13 10:05:19.433 31931 31931 W System.err: at org.qtproject.qt5.android.ExtractStyle.getLayerDrawable(ExtractStyle.java:628)
12-13 10:05:19.433 31931 31931 W System.err: at org.qtproject.qt5.android.ExtractStyle.getDrawable(ExtractStyle.java:1051)
12-13 10:05:19.433 31931 31931 W System.err: at org.qtproject.qt5.android.ExtractStyle.extractProgressBarInfo(ExtractStyle.java:1685)
12-13 10:05:19.433 31931 31931 W System.err: at org.qtproject.qt5.android.ExtractStyle.extractProgressBar(ExtractStyle.java:1697)
12-13 10:05:19.433 31931 31931 W System.err: at org.qtproject.qt5.android.ExtractStyle.(ExtractStyle.java:2030)
12-13 10:05:19.433 31931 31931 W System.err: at org.qtproject.qt5.android.QtActivityDelegate.loadApplication(QtActivityDelegate.java:616)
12-13 10:05:19.433 31931 31931 W System.err: at java.lang.reflect.Method.invoke(Native Method)
12-13 10:05:19.433 31931 31931 W System.err: at org.qtproject.qt5.android.bindings.QtLoader.loadApplication(QtLoader.java:242)
12-13 10:05:19.433 31931 31931 W System.err: at org.qtproject.qt5.android.bindings.QtLoader.startApp(QtLoader.java:716)
12-13 10:05:19.433 31931 31931 W System.err: at org.qtproject.qt5.android.bindings.QtActivityLoader.onCreate(QtActivityLoader.java:183)
12-13 10:05:19.433 31931 31931 W System.err: at org.qtproject.qt5.android.bindings.QtActivity.onCreateHook(QtActivity.java:266)
12-13 10:05:19.433 31931 31931 W System.err: at org.qtproject.qt5.android.bindings.QtActivity.onCreate(QtActivity.java:273)
12-13 10:05:19.434 31931 31931 W System.err: at android.app.Activity.performCreate(Activity.java:7136)
12-13 10:05:19.434 31931 31931 W System.err: at android.app.Activity.performCreate(Activity.java:7127)
12-13 10:05:19.434 31931 31931 W System.err: at android.app.Instrumentation.callActivityOnCreate(Instrumentation.java:1272)
12-13 10:05:19.434 31931 31931 W System.err: at android.app.ActivityThread.performLaunchActivity(ActivityThread.java:2905)
12-13 10:05:19.434 31931 31931 W System.err: at android.app.ActivityThread.handleLaunchActivity(ActivityThread.java:3060)
12-13 10:05:19.434 31931 31931 W System.err: at android.app.servertransaction.LaunchActivityItem.execute(LaunchActivityItem.java:78)
12-13 10:05:19.434 31931 31931 W System.err: at android.app.servertransaction.TransactionExecutor.executeCallbacks(TransactionExecutor.java:108)
12-13 10:05:19.434 31931 31931 W System.err: at android.app.servertransaction.TransactionExecutor.execute(TransactionExecutor.java:68)
12-13 10:05:19.434 31931 31931 W System.err: at android.app.ActivityThread$H.handleMessage(ActivityThread.java:1818)
12-13 10:05:19.434 31931 31931 W System.err: at android.os.Handler.dispatchMessage(Handler.java:106)
12-13 10:05:19.434 31931 31931 W System.err: at android.os.Looper.loop(Looper.java:193)
12-13 10:05:19.434 31931 31931 W System.err: at android.app.ActivityThread.main(ActivityThread.java:6762)
12-13 10:05:19.434 31931 31931 W System.err: at java.lang.reflect.Method.invoke(Native Method)
12-13 10:05:19.434 31931 31931 W System.err: at com.android.internal.os.RuntimeInit$MethodAndArgsCaller.run(RuntimeInit.java:493)
12-13 10:05:19.435 31931 31931 W System.err: at com.android.internal.os.ZygoteInit.main(ZygoteInit.java:858)
12-13 10:05:19.435 31931 31931 W System.err: java.lang.NullPointerException: Attempt to invoke virtual method 'float java.lang.reflect.Field.getFloat(java.lang.Object)' on a null object reference
12-13 10:05:19.435 31931 31931 W System.err: at org.qtproject.qt5.android.ExtractStyle.getRotateDrawable(ExtractStyle.java:721)
12-13 10:05:19.435 31931 31931 W System.err: at org.qtproject.qt5.android.ExtractStyle.getDrawable(ExtractStyle.java:1063)
12-13 10:05:19.435 31931 31931 W System.err: at org.qtproject.qt5.android.ExtractStyle.getLayerDrawable(ExtractStyle.java:628)
12-13 10:05:19.435 31931 31931 W System.err: at org.qtproject.qt5.android.ExtractStyle.getDrawable(ExtractStyle.java:1051)
12-13 10:05:19.435 31931 31931 W System.err: at org.qtproject.qt5.android.ExtractStyle.extractProgressBarInfo(ExtractStyle.java:1685)
12-13 10:05:19.435 31931 31931 W System.err: at org.qtproject.qt5.android.ExtractStyle.extractProgressBar(ExtractStyle.java:1697)
12-13 10:05:19.435 31931 31931 W System.err: at org.qtproject.qt5.android.ExtractStyle.(ExtractStyle.java:2030)
12-13 10:05:19.435 31931 31931 W System.err: at org.qtproject.qt5.android.QtActivityDelegate.loadApplication(QtActivityDelegate.java:616)
12-13 10:05:19.435 31931 31931 W System.err: at java.lang.reflect.Method.invoke(Native Method)
12-13 10:05:19.436 31931 31931 W System.err: at org.qtproject.qt5.android.bindings.QtLoader.loadApplication(QtLoader.java:242)
12-13 10:05:19.436 31931 31931 W System.err: at org.qtproject.qt5.android.bindings.QtLoader.startApp(QtLoader.java:716)
12-13 10:05:19.436 31931 31931 W System.err: at org.qtproject.qt5.android.bindings.QtActivityLoader.onCreate(QtActivityLoader.java:183)
12-13 10:05:19.436 31931 31931 W System.err: at org.qtproject.qt5.android.bindings.QtActivity.onCreateHook(QtActivity.java:266)
12-13 10:05:19.436 31931 31931 W System.err: at org.qtproject.qt5.android.bindings.QtActivity.onCreate(QtActivity.java:273)
12-13 10:05:19.436 31931 31931 W System.err: at android.app.Activity.performCreate(Activity.java:7136)
12-13 10:05:19.436 31931 31931 W System.err: at android.app.Activity.performCreate(Activity.java:7127)
12-13 10:05:19.436 31931 31931 W System.err: at android.app.Instrumentation.callActivityOnCreate(Instrumentation.java:1272)
12-13 10:05:19.436 31931 31931 W System.err: at android.app.ActivityThread.performLaunchActivity(ActivityThread.java:2905)
12-13 10:05:19.436 31931 31931 W System.err: at android.app.ActivityThread.handleLaunchActivity(ActivityThread.java:3060)
12-13 10:05:19.436 31931 31931 W System.err: at android.app.servertransaction.LaunchActivityItem.execute(LaunchActivityItem.java:78)
12-13 10:05:19.436 31931 31931 W System.err: at android.app.servertransaction.TransactionExecutor.executeCallbacks(TransactionExecutor.java:108)
12-13 10:05:19.436 31931 31931 W System.err: at android.app.servertransaction.TransactionExecutor.execute(TransactionExecutor.java:68)
12-13 10:05:19.436 31931 31931 W System.err: at android.app.ActivityThread$H.handleMessage(ActivityThread.java:1818)
12-13 10:05:19.436 31931 31931 W System.err: at android.os.Handler.dispatchMessage(Handler.java:106)
12-13 10:05:19.436 31931 31931 W System.err: at android.os.Looper.loop(Looper.java:193)
12-13 10:05:19.436 31931 31931 W System.err: at android.app.ActivityThread.main(ActivityThread.java:6762)
12-13 10:05:19.436 31931 31931 W System.err: at java.lang.reflect.Method.invoke(Native Method)
12-13 10:05:19.437 31931 31931 W System.err: at com.android.internal.os.RuntimeInit$MethodAndArgsCaller.run(RuntimeInit.java:493)
12-13 10:05:19.437 31931 31931 W System.err: at com.android.internal.os.ZygoteInit.main(ZygoteInit.java:858)
12-13 10:05:19.445 31931 31931 W oid_freeze_tes: Accessing hidden field Landroid/graphics/drawable/RotateDrawable$RotateState;->mPivotX:F (dark greylist, reflection)
12-13 10:05:19.446 31931 31931 W System.err: java.lang.NoSuchFieldException: No field mPivotX in class Landroid/graphics/drawable/RotateDrawable$RotateState; (declaration of 'android.graphics.drawable.RotateDrawable$RotateState' appears in /system/framework/framework.jar)
12-13 10:05:19.446 31931 31931 W System.err: at java.lang.Class.getDeclaredField(Native Method)
12-13 10:05:19.446 31931 31931 W System.err: at org.qtproject.qt5.android.ExtractStyle.getAccessibleField(ExtractStyle.java:404)
12-13 10:05:19.446 31931 31931 W System.err: at org.qtproject.qt5.android.ExtractStyle.getRotateDrawable(ExtractStyle.java:721)
12-13 10:05:19.446 31931 31931 W System.err: at org.qtproject.qt5.android.ExtractStyle.getDrawable(ExtractStyle.java:1063)
12-13 10:05:19.446 31931 31931 W System.err: at org.qtproject.qt5.android.ExtractStyle.getLayerDrawable(ExtractStyle.java:628)
12-13 10:05:19.446 31931 31931 W System.err: at org.qtproject.qt5.android.ExtractStyle.getDrawable(ExtractStyle.java:1051)
12-13 10:05:19.446 31931 31931 W System.err: at org.qtproject.qt5.android.ExtractStyle.extractProgressBarInfo(ExtractStyle.java:1685)
12-13 10:05:19.447 31931 31931 W System.err: at org.qtproject.qt5.android.ExtractStyle.extractProgressBar(ExtractStyle.java:1697)
12-13 10:05:19.447 31931 31931 W System.err: at org.qtproject.qt5.android.ExtractStyle.(ExtractStyle.java:2030)
12-13 10:05:19.447 31931 31931 W System.err: at org.qtproject.qt5.android.QtActivityDelegate.loadApplication(QtActivityDelegate.java:616)
12-13 10:05:19.447 31931 31931 W System.err: at java.lang.reflect.Method.invoke(Native Method)
12-13 10:05:19.447 31931 31931 W System.err: at org.qtproject.qt5.android.bindings.QtLoader.loadApplication(QtLoader.java:242)
12-13 10:05:19.447 31931 31931 W System.err: at org.qtproject.qt5.android.bindings.QtLoader.startApp(QtLoader.java:716)
12-13 10:05:19.447 31931 31931 W System.err: at org.qtproject.qt5.android.bindings.QtActivityLoader.onCreate(QtActivityLoader.java:183)
12-13 10:05:19.447 31931 31931 W System.err: at org.qtproject.qt5.android.bindings.QtActivity.onCreateHook(QtActivity.java:266)
12-13 10:05:19.447 31931 31931 W System.err: at org.qtproject.qt5.android.bindings.QtActivity.onCreate(QtActivity.java:273)
12-13 10:05:19.447 31931 31931 W System.err: at android.app.Activity.performCreate(Activity.java:7136)
12-13 10:05:19.447 31931 31931 W System.err: at android.app.Activity.performCreate(Activity.java:7127)
12-13 10:05:19.447 31931 31931 W System.err: at android.app.Instrumentation.callActivityOnCreate(Instrumentation.java:1272)
12-13 10:05:19.447 31931 31931 W System.err: at android.app.ActivityThread.performLaunchActivity(ActivityThread.java:2905)
12-13 10:05:19.447 31931 31931 W System.err: at android.app.ActivityThread.handleLaunchActivity(ActivityThread.java:3060)
