12-13 10:05:19.447 31931 31931 W System.err: at android.app.servertransaction.LaunchActivityItem.execute(LaunchActivityItem.java:78)
12-13 10:05:19.447 31931 31931 W System.err: at android.app.servertransaction.TransactionExecutor.executeCallbacks(TransactionExecutor.java:108)
12-13 10:05:19.447 31931 31931 W System.err: at android.app.servertransaction.TransactionExecutor.execute(TransactionExecutor.java:68)
12-13 10:05:19.448 31931 31931 W System.err: at android.app.ActivityThread$H.handleMessage(ActivityThread.java:1818)
12-13 10:05:19.448 31931 31931 W System.err: at android.os.Handler.dispatchMessage(Handler.java:106)
12-13 10:05:19.448 31931 31931 W System.err: at android.os.Looper.loop(Looper.java:193)
12-13 10:05:19.448 31931 31931 W System.err: at android.app.ActivityThread.main(ActivityThread.java:6762)
12-13 10:05:19.448 31931 31931 W System.err: at java.lang.reflect.Method.invoke(Native Method)
12-13 10:05:19.448 31931 31931 W System.err: at com.android.internal.os.RuntimeInit$MethodAndArgsCaller.run(RuntimeInit.java:493)
12-13 10:05:19.448 31931 31931 W System.err: at com.android.internal.os.ZygoteInit.main(ZygoteInit.java:858)
12-13 10:05:19.448 31931 31931 W System.err: java.lang.NullPointerException: Attempt to invoke virtual method 'float java.lang.reflect.Field.getFloat(java.lang.Object)' on a null object reference
12-13 10:05:19.448 31931 31931 W System.err: at org.qtproject.qt5.android.ExtractStyle.getRotateDrawable(ExtractStyle.java:721)
12-13 10:05:19.448 31931 31931 W System.err: at org.qtproject.qt5.android.ExtractStyle.getDrawable(ExtractStyle.java:1063)
12-13 10:05:19.448 31931 31931 W System.err: at org.qtproject.qt5.android.ExtractStyle.getLayerDrawable(ExtractStyle.java:628)
12-13 10:05:19.449 31931 31931 W System.err: at org.qtproject.qt5.android.ExtractStyle.getDrawable(ExtractStyle.java:1051)
12-13 10:05:19.449 31931 31931 W System.err: at org.qtproject.qt5.android.ExtractStyle.extractProgressBarInfo(ExtractStyle.java:1685)
12-13 10:05:19.449 31931 31931 W System.err: at org.qtproject.qt5.android.ExtractStyle.extractProgressBar(ExtractStyle.java:1697)
12-13 10:05:19.449 31931 31931 W System.err: at org.qtproject.qt5.android.ExtractStyle.(ExtractStyle.java:2030)
12-13 10:05:19.449 31931 31931 W System.err: at org.qtproject.qt5.android.QtActivityDelegate.loadApplication(QtActivityDelegate.java:616)
12-13 10:05:19.449 31931 31931 W System.err: at java.lang.reflect.Method.invoke(Native Method)
12-13 10:05:19.449 31931 31931 W System.err: at org.qtproject.qt5.android.bindings.QtLoader.loadApplication(QtLoader.java:242)
12-13 10:05:19.449 31931 31931 W System.err: at org.qtproject.qt5.android.bindings.QtLoader.startApp(QtLoader.java:716)
12-13 10:05:19.449 31931 31931 W System.err: at org.qtproject.qt5.android.bindings.QtActivityLoader.onCreate(QtActivityLoader.java:183)
12-13 10:05:19.449 31931 31931 W System.err: at org.qtproject.qt5.android.bindings.QtActivity.onCreateHook(QtActivity.java:266)
12-13 10:05:19.449 31931 31931 W System.err: at org.qtproject.qt5.android.bindings.QtActivity.onCreate(QtActivity.java:273)
12-13 10:05:19.449 31931 31931 W System.err: at android.app.Activity.performCreate(Activity.java:7136)
12-13 10:05:19.449 31931 31931 W System.err: at android.app.Activity.performCreate(Activity.java:7127)
12-13 10:05:19.449 31931 31931 W System.err: at android.app.Instrumentation.callActivityOnCreate(Instrumentation.java:1272)
12-13 10:05:19.449 31931 31931 W System.err: at android.app.ActivityThread.performLaunchActivity(ActivityThread.java:2905)
12-13 10:05:19.449 31931 31931 W System.err: at android.app.ActivityThread.handleLaunchActivity(ActivityThread.java:3060)
12-13 10:05:19.450 31931 31931 W System.err: at android.app.servertransaction.LaunchActivityItem.execute(LaunchActivityItem.java:78)
12-13 10:05:19.450 31931 31931 W System.err: at android.app.servertransaction.TransactionExecutor.executeCallbacks(TransactionExecutor.java:108)
12-13 10:05:19.450 31931 31931 W System.err: at android.app.servertransaction.TransactionExecutor.execute(TransactionExecutor.java:68)
12-13 10:05:19.450 31931 31931 W System.err: at android.app.ActivityThread$H.handleMessage(ActivityThread.java:1818)
12-13 10:05:19.450 31931 31931 W System.err: at android.os.Handler.dispatchMessage(Handler.java:106)
12-13 10:05:19.450 31931 31931 W System.err: at android.os.Looper.loop(Looper.java:193)
12-13 10:05:19.450 31931 31931 W System.err: at android.app.ActivityThread.main(ActivityThread.java:6762)
12-13 10:05:19.450 31931 31931 W System.err: at java.lang.reflect.Method.invoke(Native Method)
12-13 10:05:19.450 31931 31931 W System.err: at com.android.internal.os.RuntimeInit$MethodAndArgsCaller.run(RuntimeInit.java:493)
12-13 10:05:19.450 31931 31931 W System.err: at com.android.internal.os.ZygoteInit.main(ZygoteInit.java:858)
12-13 10:05:19.483 31931 31931 W oid_freeze_tes: Accessing hidden field Landroid/R$styleable;->SeekBar:[I (light greylist, reflection)
12-13 10:05:19.483 31931 31931 W oid_freeze_tes: Accessing hidden field Landroid/R$styleable;->SeekBar_thumb:I (light greylist, reflection)
12-13 10:05:19.490 2101 2146 D CompatibilityInfo: mCompatibilityFlags - 0
12-13 10:05:19.490 2101 2146 D CompatibilityInfo: applicationDensity - 480
12-13 10:05:19.490 2101 2146 D CompatibilityInfo: applicationScale - 1.0
12-13 10:05:19.517 31931 31931 W oid_freeze_tes: Accessing hidden field Landroid/R$styleable;->SeekBar_thumbOffset:I (light greylist, reflection)
12-13 10:05:19.522 31931 31931 W oid_freeze_tes: Accessing hidden field Lcom/android/internal/R$attr;->switchStyle:I (light greylist, reflection)
12-13 10:05:19.522 31931 31931 W oid_freeze_tes: Accessing hidden field Landroid/R$styleable;->Switch:[I (light greylist, reflection)
12-13 10:05:19.523 31931 31931 W oid_freeze_tes: Accessing hidden field Landroid/R$styleable;->Switch_thumb:I (light greylist, reflection)
12-13 10:05:19.553 31931 31931 W oid_freeze_tes: Accessing hidden field Landroid/R$styleable;->Switch_track:I (light greylist, reflection)
12-13 10:05:19.564 31931 31931 W oid_freeze_tes: Accessing hidden field Landroid/R$styleable;->Switch_switchTextAppearance:I (light greylist, reflection)
12-13 10:05:19.565 31931 31931 W oid_freeze_tes: Accessing hidden field Landroid/R$styleable;->Switch_textOn:I (light greylist, reflection)
12-13 10:05:19.565 31931 31931 W oid_freeze_tes: Accessing hidden field Landroid/R$styleable;->Switch_textOff:I (light greylist, reflection)
12-13 10:05:19.565 31931 31931 W oid_freeze_tes: Accessing hidden field Landroid/R$styleable;->Switch_switchMinWidth:I (light greylist, reflection)
12-13 10:05:19.565 31931 31931 W oid_freeze_tes: Accessing hidden field Landroid/R$styleable;->Switch_switchPadding:I (light greylist, reflection)
12-13 10:05:19.565 31931 31931 W oid_freeze_tes: Accessing hidden field Landroid/R$styleable;->Switch_thumbTextPadding:I (light greylist, reflection)
12-13 10:05:19.565 31931 31931 W oid_freeze_tes: Accessing hidden field Landroid/R$styleable;->Switch_showText:I (light greylist, reflection)
12-13 10:05:19.566 31931 31931 W oid_freeze_tes: Accessing hidden field Landroid/R$styleable;->Switch_splitTrack:I (light greylist, reflection)
12-13 10:05:19.577 31931 31931 W oid_freeze_tes: Accessing hidden field Landroid/R$styleable;->CompoundButton:[I (light greylist, reflection)
12-13 10:05:19.578 31931 31931 W oid_freeze_tes: Accessing hidden field Landroid/R$styleable;->CompoundButton_button:I (light greylist, reflection)
12-13 10:05:19.889 31931 31931 W oid_freeze_tes: Accessing hidden field Landroid/R$styleable;->ListView:[I (light greylist, reflection)
12-13 10:05:19.889 31931 31931 W oid_freeze_tes: Accessing hidden field Landroid/R$styleable;->ListView_divider:I (light greylist, reflection)
12-13 10:05:19.892 31931 31931 W oid_freeze_tes: Accessing hidden field Landroid/R$styleable;->ListView_dividerHeight:I (light greylist, reflection)
12-13 10:05:19.953 31931 31931 W oid_freeze_tes: Accessing hidden field Landroid/R$styleable;->CheckedTextView:[I (light greylist, reflection)
12-13 10:05:19.953 31931 31931 W oid_freeze_tes: Accessing hidden field Landroid/R$styleable;->CheckedTextView_checkMark:I (light greylist, reflection)
12-13 10:05:20.356 31931 31931 W oid_freeze_tes: Accessing hidden field Landroid/R$styleable;->CalendarView:[I (light greylist, reflection)
12-13 10:05:20.356 31931 31931 W oid_freeze_tes: Accessing hidden field Landroid/R$styleable;->CalendarView_selectedDateVerticalBar:I (light greylist, reflection)
12-13 10:05:20.359 31931 31931 W oid_freeze_tes: Accessing hidden field Landroid/R$styleable;->CalendarView_dateTextAppearance:I (light greylist, reflection)
12-13 10:05:20.360 31931 31931 W oid_freeze_tes: Accessing hidden field Landroid/R$styleable;->CalendarView_weekDayTextAppearance:I (light greylist, reflection)
12-13 10:05:20.360 31931 31931 W oid_freeze_tes: Accessing hidden field Landroid/R$styleable;->CalendarView_firstDayOfWeek:I (light greylist, reflection)
12-13 10:05:20.360 31931 31931 W oid_freeze_tes: Accessing hidden field Landroid/R$styleable;->CalendarView_focusedMonthDateColor:I (light greylist, reflection)
12-13 10:05:20.360 31931 31931 W oid_freeze_tes: Accessing hidden field Landroid/R$styleable;->CalendarView_selectedWeekBackgroundColor:I (light greylist, reflection)
12-13 10:05:20.360 31931 31931 W oid_freeze_tes: Accessing hidden field Landroid/R$styleable;->CalendarView_showWeekNumber:I (light greylist, reflection)
12-13 10:05:20.360 31931 31931 W oid_freeze_tes: Accessing hidden field Landroid/R$styleable;->CalendarView_shownWeekCount:I (light greylist, reflection)
12-13 10:05:20.360 31931 31931 W oid_freeze_tes: Accessing hidden field Landroid/R$styleable;->CalendarView_unfocusedMonthDateColor:I (light greylist, reflection)
12-13 10:05:20.360 31931 31931 W oid_freeze_tes: Accessing hidden field Landroid/R$styleable;->CalendarView_weekNumberColor:I (light greylist, reflection)
12-13 10:05:20.360 31931 31931 W oid_freeze_tes: Accessing hidden field Landroid/R$styleable;->CalendarView_weekSeparatorLineColor:I (light greylist, reflection)
12-13 10:05:20.374 31931 31931 W oid_freeze_tes: Accessing hidden field Lcom/android/internal/R$attr;->actionBarStyle:I (light greylist, reflection)
12-13 10:05:20.374 31931 31931 W oid_freeze_tes: Accessing hidden field Landroid/R$styleable;->ActionBar:[I (light greylist, reflection)
12-13 10:05:20.375 31931 31931 W oid_freeze_tes: Accessing hidden field Landroid/R$styleable;->ActionBar_background:I (light greylist, reflection)
12-13 10:05:20.378 31931 31931 W oid_freeze_tes: Accessing hidden field Landroid/R$styleable;->ActionBar_backgroundStacked:I (light greylist, reflection)
12-13 10:05:20.381 31931 31931 W oid_freeze_tes: Accessing hidden field Landroid/R$styleable;->ActionBar_backgroundSplit:I (light greylist, reflection)
12-13 10:05:20.385 31931 31931 W oid_freeze_tes: Accessing hidden field Landroid/R$styleable;->ActionBar_divider:I (light greylist, reflection)
12-13 10:05:20.387 31931 31931 W oid_freeze_tes: Accessing hidden field Landroid/R$styleable;->ActionBar_itemPadding:I (light greylist, reflection)
12-13 10:05:20.476 31931 31931 W oid_freeze_tes: Accessing hidden field Landroid/R$styleable;->ImageView:[I (light greylist, reflection)
12-13 10:05:20.490 31931 31931 W oid_freeze_tes: Accessing hidden field Landroid/R$styleable;->LinearLayout:[I (light greylist, reflection)
12-13 10:05:20.490 31931 31931 W oid_freeze_tes: Accessing hidden field Landroid/R$styleable;->LinearLayout_divider:I (light greylist, reflection)
12-13 10:05:20.492 31931 31931 W oid_freeze_tes: Accessing hidden field Landroid/R$styleable;->LinearLayout_showDividers:I (light greylist, reflection)
12-13 10:05:20.492 31931 31931 W oid_freeze_tes: Accessing hidden field Landroid/R$styleable;->LinearLayout_dividerPadding:I (light greylist, reflection)
12-13 10:05:20.601 31931 31949 I Adreno : QUALCOMM build : 2df12b3, I07da2d9908
12-13 10:05:20.601 31931 31949 I Adreno : Build Date : 10/04/18
12-13 10:05:20.601 31931 31949 I Adreno : OpenGL ES Shader Compiler Version: EV031.25.03.01
12-13 10:05:20.601 31931 31949 I Adreno : Local Branch :
12-13 10:05:20.601 31931 31949 I Adreno : Remote Branch :
12-13 10:05:20.601 31931 31949 I Adreno : Remote Branch :
12-13 10:05:20.601 31931 31949 I Adreno : Reconstruct Branch :
12-13 10:05:20.601 31931 31949 I Adreno : Build Config : S L 6.0.7 AArch32
12-13 10:05:20.601 31931 31949 D vndksupport: Loading /vendor/lib/hw/gralloc.msm8953.so from current namespace instead of sphal namespace.
12-13 10:05:20.605 31931 31949 I Adreno : PFP: 0x005ff087, ME: 0x005ff063
12-13 10:05:20.612 31931 31949 I ConfigStore: android::hardware::configstore::V1_0::ISurfaceFlingerConfigs::hasWideColorDisplay retrieved: 0
12-13 10:05:20.612 31931 31948 D : QML debugging is enabled. Only use this in a safe environment.
12-13 10:05:20.612 31931 31949 I ConfigStore: android::hardware::configstore::V1_0::ISurfaceFlingerConfigs::hasHDRDisplay retrieved: 0
12-13 10:05:20.616 31931 31949 I OpenGLRenderer: Initialized EGL, version 1.4
12-13 10:05:20.616 31931 31949 D OpenGLRenderer: Swap behavior 2
12-13 10:05:20.652 31931 31949 D vndksupport: Loading /vendor/lib/hw/android.hardware.graphics.mapper@2.0-impl.so from current namespace instead of sphal namespace.
12-13 10:05:20.652 31931 31949 D vndksupport: Loading /vendor/lib/hw/gralloc.msm8953.so from current namespace instead of sphal namespace.
12-13 10:05:20.733 2101 2157 I ActivityManager: Displayed org.qtproject.example.android_freeze_test/org.qtproject.qt5.android.bindings.QtActivity: +2s408ms
12-13 10:05:20.735 2101 2146 D ActivityTrigger: ActivityTrigger activityStopTrigger
12-13 10:05:20.775 31931 31951 W linker : Warning: "/data/data/org.qtproject.example.android_freeze_test/qt-reserved-files/qml/QtQuick.2/libqtquick2plugin.so" has unsupported flags DT_FLAGS_1=0x80 (ignoring unsupported flags)
12-13 10:05:20.785 2856 2856 D KeyguardUpdateMonitor: received broadcast android.intent.action.BATTERY_CHANGED
12-13 10:05:20.785 3237 3237 D QtiCarrierConfigHelper: WARNING, no carrier configs on phone Id: 0
12-13 10:05:20.786 2856 2856 D KeyguardUpdateMonitor: handleBatteryUpdate
12-13 10:05:20.788 31931 31951 W linker : Warning: "/data/data/org.qtproject.example.android_freeze_test/qt-reserved-files/qml/QtQuick/Window.2/libwindowplugin.so" has unsupported flags DT_FLAGS_1=0x80 (ignoring unsupported flags)
12-13 10:05:20.826 31931 31948 D libandroid-freeze-test.so: FT_New_Face failed with index 0 : 2
12-13 10:05:20.852 12199 31586 I PBSessionCacheImpl: Deleted sessionId[4138615228781] from persistence.
12-13 10:05:20.867 12199 12228 W SearchServiceCore: Abort, client detached.
12-13 10:05:20.867 12199 12228 I chatty : uid=10035(com.google.android.googlequicksearchbox) EventBus0 identical 1 line
12-13 10:05:20.870 12199 12228 W SearchServiceCore: Abort, client detached.
12-13 10:05:21.794 2856 2856 D KeyguardUpdateMonitor: received broadcast android.intent.action.BATTERY_CHANGED
12-13 10:05:21.796 3237 3237 D QtiCarrierConfigHelper: WARNING, no carrier configs on phone Id: 0
12-13 10:05:21.798 2856 2856 D KeyguardUpdateMonitor: handleBatteryUpdate
12-13 10:05:23.793 3237 3237 D QtiCarrierConfigHelper: WARNING, no carrier configs on phone Id: 0
12-13 10:05:23.794 2856 2856 D KeyguardUpdateMonitor: received broadcast android.intent.action.BATTERY_CHANGED
12-13 10:05:23.798 2856 2856 D KeyguardUpdateMonitor: handleBatteryUpdate
12-13 10:05:24.792 2856 2856 D KeyguardUpdateMonitor: received broadcast android.intent.action.BATTERY_CHANGED
12-13 10:05:24.793 3237 3237 D QtiCarrierConfigHelper: WARNING, no carrier configs on phone Id: 0
12-13 10:05:24.796 2856 2856 D KeyguardUpdateMonitor: handleBatteryUpdate
12-13 10:05:25.950 8375 31648 I Places : ?: PlacesBleScanner stop()
12-13 10:05:25.954 8375 31648 I PlaceInferenceEngine: [anon] Changed inference mode: 0
12-13 10:05:25.955 8375 8375 D BluetoothAdapter: disableBLE(): de-registering com.google.android.gms
12-13 10:05:25.955 2101 6688 D BluetoothManagerService: Unregistered for death of com.google.android.gms
12-13 10:05:25.955 2101 6688 D BluetoothManagerService: 0 registered Ble Apps
12-13 10:05:25.960 8375 8375 I BeaconBle: 'L' hardware scan: scan stopped, no clients
12-13 10:05:25.960 8375 8375 I BeaconBle: Places requested to stop scan
12-13 10:05:25.960 8375 8375 I BeaconBle: Scan canceled successfully.
12-13 10:05:25.976 8375 8375 I GeofencerStateMachine: removeGeofences: removeRequest=RemoveGeofencingRequest[REMOVE_BY_PENDING_INTENT pendingIntent=PendingIntent[creatorPackage=com.google.android.gms], packageName=null]
12-13 10:05:26.794 2856 2856 D KeyguardUpdateMonitor: received broadcast android.intent.action.BATTERY_CHANGED
12-13 10:05:26.794 3237 3237 D QtiCarrierConfigHelper: WARNING, no carrier configs on phone Id: 0
12-13 10:05:26.801 2856 2856 D KeyguardUpdateMonitor: handleBatteryUpdate
12-13 10:05:27.417 3237 3237 D QtiCarrierConfigHelper: WARNING, no carrier configs on phone Id: 0
12-13 10:05:27.417 2822 2822 D HeadsetPhoneState: sendDeviceStateChanged. mService=0 mIsSimStateLoaded=false mSignal=0 mRoam=0 mBatteryCharge=5
12-13 10:05:27.420 2101 2146 D CompatibilityInfo: mCompatibilityFlags - 10
12-13 10:05:27.421 2101 2146 D CompatibilityInfo: applicationDensity - 480
12-13 10:05:27.421 2101 2146 D CompatibilityInfo: applicationScale - 1.0
12-13 10:05:27.422 2856 2856 D KeyguardUpdateMonitor: received broadcast android.intent.action.BATTERY_CHANGED
12-13 10:05:27.428 2856 2856 D KeyguardUpdateMonitor: handleBatteryUpdate
12-13 10:05:28.939 2101 2101 D CompatibilityInfo: mCompatibilityFlags - 0
12-13 10:05:28.939 2101 2101 D CompatibilityInfo: applicationDensity - 480
12-13 10:05:28.939 2101 2101 D CompatibilityInfo: applicationScale - 1.0
12-13 10:05:28.966 31775 31775 I Finsky : [2] com.google.android.finsky.scheduler.JobSchedulerEngine$PhoneskyJobSchedulerJobService.onStartJob(8): onJobSchedulerWakeup with jobId 9002
12-13 10:05:28.970 31775 31775 I Finsky : [2] com.google.android.finsky.scheduler.ad.a(29): Scheduling fallback job with id: 9034, and delay: 43200000 ms
12-13 10:05:28.975 31775 31775 I Finsky : [2] com.google.android.finsky.scheduler.ad.a(41): Scheduling fallback in 64799997 (absolute: 154532052)
12-13 10:05:28.998 31775 31775 I Finsky : [2] com.google.android.finsky.scheduler.al.handleMessage(16): DeviceState: DeviceState{currentTime=1544724328990, isCharging=true, isIdle=false, netAny=true, netNotRoaming=true, netUnmetered=true}
12-13 10:05:29.008 31775 31866 I Finsky : [324] com.google.android.finsky.scheduler.bp.b(88): Jobs in database: 1-1337 12-1 24-77777777 26-1414141414
12-13 10:05:29.015 31775 31775 I Finsky : [2] com.google.android.finsky.scheduler.ag.a(59): Running job: 12-1
12-13 10:05:29.018 31775 31775 I Finsky : [2] com.google.android.finsky.contentsync.ContentSyncJob.a(32): ContentSyncJob started
12-13 10:05:29.019 31775 31775 I Finsky : [2] com.google.android.finsky.scheduler.ag.a(105): RunningQueue size: 1, PendingQueue size: 0
12-13 10:05:29.019 31775 31775 I Finsky : [2] com.google.android.finsky.scheduler.ag.a(116): Running queue: 12-1
12-13 10:05:29.034 31775 31835 I Finsky : [300] com.google.android.finsky.m.c.a(21): Completed 0 account content syncs with 0 successful.
12-13 10:05:29.035 31775 31775 I Finsky : [2] com.google.android.finsky.contentsync.ContentSyncJob.a(30): Installation state replication succeeded.
12-13 10:05:29.035 31775 31775 I Finsky : [2] com.google.android.finsky.scheduler.bm.b(8): jobFinished: 12-1. TimeElapsed: 20ms
12-13 10:05:29.039 31775 31775 I Finsky : [2] com.google.android.finsky.scheduler.ag.a(139): Job 12-1 finished
12-13 10:05:29.040 31775 31775 I Finsky : [2] com.google.android.finsky.scheduler.ag.a(105): RunningQueue size: 0, PendingQueue size: 0
12-13 10:05:29.041 31775 31775 I Finsky : [2] com.google.android.finsky.scheduler.al.handleMessage(42): Executor finished
12-13 10:05:29.080 31775 31775 I Finsky : [2] com.google.android.finsky.scheduler.bp.b(88): Jobs in database: 1-1337 24-77777777 26-1414141414
12-13 10:05:29.084 31775 31775 I Finsky : [2] com.google.android.finsky.scheduler.k.a(69): ConstraintMapping: 24-77777777, -> L: 0ms, D: 71783121ms, C: false, I: true, N: 0
12-13 10:05:29.087 31775 31775 I Finsky : [2] com.google.android.finsky.scheduler.k.a(69): ConstraintMapping: 1-1337, -> L: 32178792ms, D: 75378792ms, C: false, I: false, N: 1
12-13 10:05:29.088 31775 31775 I Finsky : [2] com.google.android.finsky.scheduler.k.a(69): ConstraintMapping: 26-1414141414, -> L: 4444717ms, D: 5344717ms, C: false, I: false, N: 0
12-13 10:05:29.089 31775 31775 I Finsky : [2] com.google.android.finsky.scheduler.JobSchedulerEngine.a(109): Cancelling existing job with id: 9004
12-13 10:05:29.092 31775 31775 I Finsky : [2] com.google.android.finsky.scheduler.JobSchedulerEngine.a(109): Cancelling existing job with id: 9001
12-13 10:05:29.094 31775 31775 I Finsky : [2] com.google.android.finsky.scheduler.JobSchedulerEngine.a(66): Throttling wakeup for job 9000 (expected to run in 0 ms) due to recent wakeup
12-13 10:05:29.094 31775 31775 I Finsky : [2] com.google.android.finsky.scheduler.JobSchedulerEngine.a(48): Scheduling job Id: 9000, L: 30000, D: 71783121, C: false, I: true, N: 0
12-13 10:05:29.097 31775 31775 I Finsky : [2] com.google.android.finsky.scheduler.JobSchedulerEngine.a(48): Scheduling job Id: 9003, L: 32178792, D: 75378792, C: false, I: false, N: 1
12-13 10:05:29.099 31775 31775 I Finsky : [2] com.google.android.finsky.scheduler.JobSchedulerEngine.a(48): Scheduling job Id: 9005, L: 4444717, D: 5344717, C: false, I: false, N: 0
12-13 10:05:29.796 3237 3237 D QtiCarrierConfigHelper: WARNING, no carrier configs on phone Id: 0
12-13 10:05:29.796 2856 2856 D KeyguardUpdateMonitor: received broadcast android.intent.action.BATTERY_CHANGED
12-13 10:05:29.800 2856 2856 D KeyguardUpdateMonitor: handleBatteryUpdate
12-13 10:05:30.275 2101 6688 D WificondControl: Scan result ready event
12-13 10:05:30.278 1018 3367 I LOWI-8.6.0.31: [LOWI-Scan] lowi_close_record:Scan done in 89647899ms, 31 APs in scan results
12-13 10:05:30.796 2856 2856 D KeyguardUpdateMonitor: received broadcast android.intent.action.BATTERY_CHANGED
12-13 10:05:30.796 2856 2856 D KeyguardUpdateMonitor: handleBatteryUpdate
12-13 10:05:30.797 3237 3237 D QtiCarrierConfigHelper: WARNING, no carrier configs on phone Id: 0
12-13 10:05:30.973 8375 8375 I BeaconBle: 'L' hardware scan: scan stopped, no clients
12-13 10:05:31.087 8375 8386 I .gms.persisten: Background concurrent copying GC freed 193241(9MB) AllocSpace objects, 45(2MB) LOS objects, 60% free, 7MB/19MB, paused 192us total 110.351ms
12-13 10:05:31.797 3237 3237 D QtiCarrierConfigHelper: WARNING, no carrier configs on phone Id: 0
12-13 10:05:31.797 2856 2856 D KeyguardUpdateMonitor: received broadcast android.intent.action.BATTERY_CHANGED
12-13 10:05:31.803 2856 2856 D KeyguardUpdateMonitor: handleBatteryUpdate
12-13 10:05:33.283 31775 31801 I Finsky : [283] com.google.android.finsky.bo.an.run(6): Stats for Executor: BlockingExecutor com.google.android.finsky.bo.ao@bff69f7[Running, pool size = 3, active threads = 0, queued tasks = 0, completed tasks = 6]
12-13 10:05:33.284 31775 31801 I Finsky : [283] com.google.android.finsky.bo.an.run(6): Stats for Executor: LightweightExecutor com.google.android.finsky.bo.ao@a139064[Running, pool size = 4, active threads = 0, queued tasks = 0, completed tasks = 53]
12-13 10:05:33.474 31775 31801 I Finsky : [283] com.google.android.finsky.bo.an.run(6): Stats for Executor: bgExecutor com.google.android.finsky.bo.ao@1ab22cd[Running, pool size = 4, active threads = 0, queued tasks = 0, completed tasks = 8]
12-13 10:05:33.524 31775 31801 I Finsky : [283] com.google.android.finsky.bo.an.run(6): Stats for Executor: SimChangeExecutor com.google.android.finsky.bo.ao@2067782[Running, pool size = 0, active threads = 0, queued tasks = 0, completed tasks = 0]
12-13 10:05:33.612 31775 31801 I Finsky : [283] com.google.android.finsky.bo.an.run(6): Stats for Executor: Db-xternal_referrer_status.db com.google.android.finsky.bo.ao@5b6ae93[Running, pool size = 0, active threads = 0, queued tasks = 0, completed tasks = 1]
12-13 10:05:33.633 31775 31801 I Finsky : [283] com.google.android.finsky.bo.an.run(6): Stats for Executor: Db-split_install_service com.google.android.finsky.bo.ao@ab4ed0[Running, pool size = 0, active threads = 0, queued tasks = 0, completed tasks = 5]
12-13 10:05:33.646 31775 31801 I Finsky : [283] com.google.android.finsky.bo.an.run(6): Stats for Executor: StorageAwareDownloadServiceManagerSpaceChecker com.google.android.finsky.bo.ao@fd41ec9[Running, pool size = 0, active threads = 0, queued tasks = 0, completed tasks = 0]
12-13 10:05:33.794 2856 2856 D KeyguardUpdateMonitor: received broadcast android.intent.action.BATTERY_CHANGED
12-13 10:05:33.795 3237 3237 D QtiCarrierConfigHelper: WARNING, no carrier configs on phone Id: 0
12-13 10:05:33.797 2856 2856 D KeyguardUpdateMonitor: handleBatteryUpdate
12-13 10:05:33.848 31775 31801 I Finsky : [283] com.google.android.finsky.bo.an.run(6): Stats for Executor: Db-scheduler com.google.android.finsky.bo.ao@72889ce[Running, pool size = 1, active threads = 0, queued tasks = 0, completed tasks = 18]
12-13 10:05:33.862 31775 31801 I Finsky : [283] com.google.android.finsky.bo.an.run(6): Stats for Executor: Db-frosting.db com.google.android.finsky.bo.ao@993a0ef[Running, pool size = 1, active threads = 0, queued tasks = 0, completed tasks = 3]
12-13 10:05:33.865 31775 31801 I Finsky : [283] com.google.android.finsky.bo.an.run(6): Stats for Executor: Db-notification_cache com.google.android.finsky.bo.ao@6be87fc[Running, pool size = 1, active threads = 0, queued tasks = 0, completed tasks = 4]
12-13 10:05:33.917 31775 31801 I Finsky : [283] com.google.android.finsky.bo.an.run(6): Stats for Executor: InstallQueueDatabaseManager com.google.android.finsky.bo.ao@576de85[Running, pool size = 0, active threads = 0, queued tasks = 0, completed tasks = 3]
12-13 10:05:33.947 31775 31801 I Finsky : [283] com.google.android.finsky.bo.an.run(6): Stats for Executor: Db-scheduler_logging_store.db com.google.android.finsky.bo.ao@b4774da[Running, pool size = 1, active threads = 0, queued tasks = 0, completed tasks = 4]
12-13 10:05:33.985 31775 31801 I Finsky : [283] com.google.android.finsky.bo.an.run(6): Stats for Executor: InstallBackgroundThread com.google.android.finsky.bo.ao@da35d0b[Running, pool size = 0, active threads = 0, queued tasks = 0, completed tasks = 0]
12-13 10:05:33.986 31775 31801 I Finsky : [283] com.google.android.finsky.bo.an.run(6): Stats for Executor: Db-install_service com.google.android.finsky.bo.ao@66a27e8[Running, pool size = 0, active threads = 0, queued tasks = 0, completed tasks = 0]
12-13 10:05:33.987 31775 31801 I Finsky : [283] com.google.android.finsky.bo.an.run(6): Stats for Executor: InstallBackgroundThread com.google.android.finsky.bo.ao@8cbde01[Running, pool size = 0, active threads = 0, queued tasks = 0, completed tasks = 0]
12-13 10:05:34.793 3237 3237 D QtiCarrierConfigHelper: WARNING, no carrier configs on phone Id: 0
12-13 10:05:34.793 2856 2856 D KeyguardUpdateMonitor: received broadcast android.intent.action.BATTERY_CHANGED
12-13 10:05:34.802 2856 2856 D KeyguardUpdateMonitor: handleBatteryUpdate
12-13 10:05:36.795 2856 2856 D KeyguardUpdateMonitor: received broadcast android.intent.action.BATTERY_CHANGED
12-13 10:05:36.796 3237 3237 D QtiCarrierConfigHelper: WARNING, no carrier configs on phone Id: 0
12-13 10:05:36.799 2856 2856 D KeyguardUpdateMonitor: handleBatteryUpdate
12-13 10:05:37.795 2856 2856 D KeyguardUpdateMonitor: received broadcast android.intent.action.BATTERY_CHANGED
12-13 10:05:37.796 3237 3237 D QtiCarrierConfigHelper: WARNING, no carrier configs on phone Id: 0
12-13 10:05:37.800 2856 2856 D KeyguardUpdateMonitor: handleBatteryUpdate
12-13 10:05:39.794 2856 2856 D KeyguardUpdateMonitor: received broadcast android.intent.action.BATTERY_CHANGED
12-13 10:05:39.795 3237 3237 D QtiCarrierConfigHelper: WARNING, no carrier configs on phone Id: 0
12-13 10:05:39.798 2856 2856 D KeyguardUpdateMonitor: handleBatteryUpdate
12-13 10:05:40.795 2856 2856 D KeyguardUpdateMonitor: received broadcast android.intent.action.BATTERY_CHANGED
12-13 10:05:40.796 3237 3237 D QtiCarrierConfigHelper: WARNING, no carrier configs on phone Id: 0
12-13 10:05:40.800 2856 2856 D KeyguardUpdateMonitor: handleBatteryUpdate
12-13 10:05:42.798 3237 3237 D QtiCarrierConfigHelper: WARNING, no carrier configs on phone Id: 0
12-13 10:05:42.798 2856 2856 D KeyguardUpdateMonitor: received broadcast android.intent.action.BATTERY_CHANGED
12-13 10:05:42.802 2856 2856 D KeyguardUpdateMonitor: handleBatteryUpdate
12-13 10:05:43.730 31775 31801 I Finsky : [283] com.google.android.finsky.bo.an.run(6): Stats for Executor: VerifyAppsDataStore com.google.android.finsky.bo.ao@23804a6[Running, pool size = 0, active threads = 0, queued tasks = 0, completed tasks = 2]
12-13 10:05:43.731 31775 31801 I Finsky : [283] com.google.android.finsky.bo.an.run(6): Stats for Executor: Db-verify_apps.db com.google.android.finsky.bo.ao@1a8bee7[Running, pool size = 0, active threads = 0, queued tasks = 0, completed tasks = 1]
12-13 10:05:43.797 2856 2856 D KeyguardUpdateMonitor: received broadcast android.intent.action.BATTERY_CHANGED
12-13 10:05:43.798 3237 3237 D QtiCarrierConfigHelper: WARNING, no carrier configs on phone Id: 0
12-13 10:05:43.802 2856 2856 D KeyguardUpdateMonitor: handleBatteryUpdate
12-13 10:05:45.798 2856 2856 D KeyguardUpdateMonitor: received broadcast android.intent.action.BATTERY_CHANGED
12-13 10:05:45.799 3237 3237 D QtiCarrierConfigHelper: WARNING, no carrier configs on phone Id: 0
12-13 10:05:45.802 2856 2856 D KeyguardUpdateMonitor: handleBatteryUpdate
12-13 10:05:46.797 2856 2856 D KeyguardUpdateMonitor: received broadcast android.intent.action.BATTERY_CHANGED
12-13 10:05:46.798 3237 3237 D QtiCarrierConfigHelper: WARNING, no carrier configs on phone Id: 0
12-13 10:05:46.802 2856 2856 D KeyguardUpdateMonitor: handleBatteryUpdate
12-13 10:05:47.813 2856 2856 D KeyguardUpdateMonitor: received broadcast android.intent.action.BATTERY_CHANGED
12-13 10:05:47.813 3237 3237 D QtiCarrierConfigHelper: WARNING, no carrier configs on phone Id: 0
12-13 10:05:47.816 2856 2856 D KeyguardUpdateMonitor: handleBatteryUpdate
12-13 10:05:48.195 8389 31742 I CastDatabase: Saving the database
12-13 10:05:48.205 8389 31742 I SQLiteCastStore: [CastNetworkInfo] saved: 0, skipped: 0, [CastDeviceInfo]: saved 0, skipped 0, Paired Guest Mode DeviceInfo] saved: 0, skipped: 0. [ProbedNetworks]: saved 0, skipped: 0, [ProbedSocketAddress]: saved 0, skipped: 0
12-13 10:05:48.797 2856 2856 D KeyguardUpdateMonitor: received broadcast android.intent.action.BATTERY_CHANGED
12-13 10:05:48.798 3237 3237 D QtiCarrierConfigHelper: WARNING, no carrier configs on phone Id: 0
12-13 10:05:48.802 2856 2856 D KeyguardUpdateMonitor: handleBatteryUpdate
12-13 10:05:49.799 2856 2856 D KeyguardUpdateMonitor: received broadcast android.intent.action.BATTERY_CHANGED
12-13 10:05:49.800 3237 3237 D QtiCarrierConfigHelper: WARNING, no carrier configs on phone Id: 0
12-13 10:05:49.803 2856 2856 D KeyguardUpdateMonitor: handleBatteryUpdate
12-13 10:05:50.799 2856 2856 D KeyguardUpdateMonitor: received broadcast android.intent.action.BATTERY_CHANGED
12-13 10:05:50.803 3237 3237 D QtiCarrierConfigHelper: WARNING, no carrier configs on phone Id: 0
12-13 10:05:50.804 2856 2856 D KeyguardUpdateMonitor: handleBatteryUpdate
12-13 10:05:52.801 3237 3237 D QtiCarrierConfigHelper: WARNING, no carrier configs on phone Id: 0
12-13 10:05:52.802 2856 2856 D KeyguardUpdateMonitor: received broadcast android.intent.action.BATTERY_CHANGED
12-13 10:05:52.807 2856 2856 D KeyguardUpdateMonitor: handleBatteryUpdate
12-13 10:05:53.800 2856 2856 D KeyguardUpdateMonitor: received broadcast android.intent.action.BATTERY_CHANGED
12-13 10:05:53.801 3237 3237 D QtiCarrierConfigHelper: WARNING, no carrier configs on phone Id: 0
12-13 10:05:53.803 2856 2856 D KeyguardUpdateMonitor: handleBatteryUpdate
12-13 10:05:54.802 3237 3237 D QtiCarrierConfigHelper: WARNING, no carrier configs on phone Id: 0
12-13 10:05:54.802 2856 2856 D KeyguardUpdateMonitor: received broadcast android.intent.action.BATTERY_CHANGED
12-13 10:05:54.807 2856 2856 D KeyguardUpdateMonitor: handleBatteryUpdate
12-13 10:05:55.803 2856 2856 D KeyguardUpdateMonitor: received broadcast android.intent.action.BATTERY_CHANGED
12-13 10:05:55.803 3237 3237 D QtiCarrierConfigHelper: WARNING, no carrier configs on phone Id: 0
12-13 10:05:55.807 2856 2856 D KeyguardUpdateMonitor: handleBatteryUpdate
12-13 10:05:55.882 12199 31513 W GmsLocationProvider: Error removing location updates: 16
12-13 10:05:56.797 2856 2856 D KeyguardUpdateMonitor: received broadcast android.intent.action.BATTERY_CHANGED
12-13 10:05:56.797 3237 3237 D QtiCarrierConfigHelper: WARNING, no carrier configs on phone Id: 0
12-13 10:05:56.798 2856 2856 D KeyguardUpdateMonitor: handleBatteryUpdate
12-13 10:05:58.808 2856 2856 D KeyguardUpdateMonitor: received broadcast android.intent.action.BATTERY_CHANGED
12-13 10:05:58.809 3237 3237 D QtiCarrierConfigHelper: WARNING, no carrier configs on phone Id: 0
12-13 10:05:58.812 2856 2856 D KeyguardUpdateMonitor: handleBatteryUpdate
12-13 10:05:59.808 3237 3237 D QtiCarrierConfigHelper: WARNING, no carrier configs on phone Id: 0
12-13 10:05:59.808 2856 2856 D KeyguardUpdateMonitor: received broadcast android.intent.action.BATTERY_CHANGED
12-13 10:05:59.813 2856 2856 D KeyguardUpdateMonitor: handleBatteryUpdate
12-13 10:06:00.003 2856 2856 D KeyguardUpdateMonitor: received broadcast android.intent.action.TIME_TICK
12-13 10:06:00.004 2856 2856 D KeyguardUpdateMonitor: handleTimeUpdate
12-13 10:06:00.289 31931 31931 W IInputConnectionWrapper: getTextBeforeCursor on inactive InputConnection
12-13 10:06:00.325 31931 31931 W IInputConnectionWrapper: getSelectedText on inactive InputConnection
12-13 10:06:00.327 31931 31931 W IInputConnectionWrapper: getTextAfterCursor on inactive InputConnection
12-13 10:06:00.330 6929 6929 I LatinIme: com.google.android.apps.inputmethod.libs.latin5.LatinIme: onActivate() : EditorInfo = Package = org.qtproject.example.android_freeze_test : Type = Text : Learning = Disable : Suggestion = Show : AutoCorrection = Disable : Microphone = Show : NoPersonalizedLearning = Disable
12-13 10:06:00.336 6929 7124 W native : neural_spatial_model.cc:382 Output symbol table doesn't contain symbol: @
12-13 10:06:00.336 6929 7124 W native : neural_spatial_model.cc:382 Output symbol table doesn't contain symbol: &
12-13 10:06:00.343 31931 31931 W IInputConnectionWrapper: beginBatchEdit on inactive InputConnection
12-13 10:06:00.343 31931 31931 W IInputConnectionWrapper: endBatchEdit on inactive InputConnection
12-13 10:06:00.355 6929 6929 I Conv2QueryExtension: com.google.android.apps.inputmethod.libs.search.sense.ConversationToQueryExtension: Current locale: en_US, config allows these locales: de,en,fr,it,es,pt
12-13 10:06:00.355 6929 6929 I Conv2QueryExtension: com.google.android.apps.inputmethod.libs.search.sense.ConversationToQueryExtension: Conv2Query not enabled due to current app [org.qtproject.example.android_freeze_test] not in whitelist
12-13 10:06:00.356 6929 6929 I Conv2QueryExtension: com.google.android.apps.inputmethod.libs.search.sense.ConversationToQueryExtension: onActivate() : Disabled by unsupported host app
12-13 10:06:00.362 31931 31931 W IInputConnectionWrapper: getTextBeforeCursor on inactive InputConnection
12-13 10:06:00.363 31931 31931 W IInputConnectionWrapper: getSelectedText on inactive InputConnection
12-13 10:06:00.364 31931 31931 W IInputConnectionWrapper: getTextAfterCursor on inactive InputConnection
12-13 10:06:00.366 6929 6929 I LatinIme: com.google.android.apps.inputmethod.libs.latin5.LatinIme: onDeactivate()
12-13 10:06:00.368 6929 6929 I LatinIme: com.google.android.apps.inputmethod.libs.latin5.LatinIme: onActivate() : EditorInfo = Package = org.qtproject.example.android_freeze_test : Type = Text : Learning = Disable : Suggestion = Show : AutoCorrection = Disable : Microphone = Show : NoPersonalizedLearning = Disable
12-13 10:06:00.371 31931 31931 W IInputConnectionWrapper: beginBatchEdit on inactive InputConnection
12-13 10:06:00.371 31931 31931 W IInputConnectionWrapper: endBatchEdit on inactive InputConnection
12-13 10:06:00.377 6929 6929 I Conv2QueryExtension: com.google.android.apps.inputmethod.libs.search.sense.ConversationToQueryExtension: Current locale: en_US, config allows these locales: de,en,fr,it,es,pt
12-13 10:06:00.378 6929 6929 I Conv2QueryExtension: com.google.android.apps.inputmethod.libs.search.sense.ConversationToQueryExtension: Conv2Query not enabled due to current app [org.qtproject.example.android_freeze_test] not in whitelist
12-13 10:06:00.378 6929 6929 I Conv2QueryExtension: com.google.android.apps.inputmethod.libs.search.sense.ConversationToQueryExtension: onActivate() : Disabled by unsupported host app
12-13 10:06:00.386 6929 6929 I LatinIme: com.google.android.apps.inputmethod.libs.latin5.LatinIme: onDeactivate()
12-13 10:06:00.389 6929 6929 I LatinIme: com.google.android.apps.inputmethod.libs.latin5.LatinIme: onActivate() : EditorInfo = Package = org.qtproject.example.android_freeze_test : Type = Text : Learning = Disable : Suggestion = Show : AutoCorrection = Disable : Microphone = Show : NoPersonalizedLearning = Disable
12-13 10:06:00.399 6929 6929 I Conv2QueryExtension: com.google.android.apps.inputmethod.libs.search.sense.ConversationToQueryExtension: Current locale: en_US, config allows these locales: de,en,fr,it,es,pt
12-13 10:06:00.399 6929 6929 I Conv2QueryExtension: com.google.android.apps.inputmethod.libs.search.sense.ConversationToQueryExtension: Conv2Query not enabled due to current app [org.qtproject.example.android_freeze_test] not in whitelist
12-13 10:06:00.399 6929 6929 I Conv2QueryExtension: com.google.android.apps.inputmethod.libs.search.sense.ConversationToQueryExtension: onActivate() : Disabled by unsupported host app
12-13 10:06:00.808 2856 2856 D KeyguardUpdateMonitor: received broadcast android.intent.action.BATTERY_CHANGED
12-13 10:06:00.808 3237 3237 D QtiCarrierConfigHelper: WARNING, no carrier configs on phone Id: 0
12-13 10:06:00.811 2856 2856 D KeyguardUpdateMonitor: handleBatteryUpdate
12-13 10:06:01.805 2856 2856 D KeyguardUpdateMonitor: received broadcast android.intent.action.BATTERY_CHANGED
12-13 10:06:01.805 3237 3237 D QtiCarrierConfigHelper: WARNING, no carrier configs on phone Id: 0
12-13 10:06:01.810 2856 2856 D KeyguardUpdateMonitor: handleBatteryUpdate
12-13 10:06:01.948 2101 2240 D KeyLayoutMap: mapKey: scanCode=116, usageCode=0x00000000 ~ Result keyCode=26, outFlags=0x00000000.
12-13 10:06:01.948 2101 2240 D WindowManager: interceptKeyTq keycode=26 interactive=true keyguardActive=false policyFlags=22000000
12-13 10:06:02.149 2101 2240 D KeyLayoutMap: mapKey: scanCode=116, usageCode=0x00000000 ~ Result keyCode=26, outFlags=0x00000000.
12-13 10:06:02.149 2101 2240 D WindowManager: interceptKeyTq keycode=26 interactive=true keyguardActive=false policyFlags=22000000
12-13 10:06:02.150 2101 2240 D WindowManager: powerPress: eventTime=78708293 interactive=true count=1 beganFromNonInteractive=false mShortPressOnPowerBehavior=1
12-13 10:06:02.150 2101 2240 I PowerManagerService: Going to sleep due to power button (uid 1000)...
12-13 10:06:02.150 2101 2101 W UsageStatsService: Event reported without a package name
12-13 10:06:02.154 2856 12409 D KeyguardViewMediator: onStartedGoingToSleep(2)
12-13 10:06:02.158 2856 12409 D KeyguardViewMediator: notifyStartedGoingToSleep
12-13 10:06:02.159 6929 6929 I PhenotypeExpConfig: com.google.android.apps.inputmethod.libs.experiments.PhenotypeExperimentConfiguration: refreshConfiguration() : Force = false : UpdateAvailable = true : Age = 1134 minutes : MaxAge = 720 minutes
12-13 10:06:02.159 2856 2856 V KeyguardUpdateMonitor: startListeningForFingerprint()
12-13 10:06:02.161 6929 6929 I LatinIme: com.google.android.apps.inputmethod.libs.latin5.LatinIme: onDeactivate()
12-13 10:06:02.162 2856 2856 D KeyguardViewMediator: handleNotifyStartedGoingToSleep
12-13 10:06:02.162 2856 2856 I vol.Events: writeEvent dismiss_dialog volume_controller
12-13 10:06:02.173 31931 31931 W IInputConnectionWrapper: getTextBeforeCursor on inactive InputConnection
12-13 10:06:02.176 31931 31931 W IInputConnectionWrapper: getSelectedText on inactive InputConnection
12-13 10:06:02.177 31931 31931 W IInputConnectionWrapper: getTextAfterCursor on inactive InputConnection
12-13 10:06:02.179 6929 6929 I LatinIme: com.google.android.apps.inputmethod.libs.latin5.LatinIme: onActivate() : EditorInfo = Package = org.qtproject.example.android_freeze_test : Type = Text : Learning = Disable : Suggestion = Show : AutoCorrection = Disable : Microphone = Show : NoPersonalizedLearning = Disable
12-13 10:06:02.184 31931 31931 W IInputConnectionWrapper: beginBatchEdit on inactive InputConnection
12-13 10:06:02.186 31931 31931 W IInputConnectionWrapper: endBatchEdit on inactive InputConnection
12-13 10:06:02.201 6929 6929 I Conv2QueryExtension: com.google.android.apps.inputmethod.libs.search.sense.ConversationToQueryExtension: Current locale: en_US, config allows these locales: de,en,fr,it,es,pt
12-13 10:06:02.201 6929 6929 I Conv2QueryExtension: com.google.android.apps.inputmethod.libs.search.sense.ConversationToQueryExtension: Conv2Query not enabled due to current app [org.qtproject.example.android_freeze_test] not in whitelist
12-13 10:06:02.202 6929 6929 I Conv2QueryExtension: com.google.android.apps.inputmethod.libs.search.sense.ConversationToQueryExtension: onActivate() : Disabled by unsupported host app
12-13 10:06:02.422 2101 2159 I DisplayPowerController: Blocking screen off
12-13 10:06:02.422 2101 2159 I DisplayPowerController: Unblocked screen off after 0 ms
12-13 10:06:02.443 2101 2159 D ActivityTrigger: ActivityTrigger activityPauseTrigger
12-13 10:06:02.453 2101 2146 D ActivityTrigger: ActivityTrigger activityStopTrigger
12-13 10:06:02.453 2856 12409 D KeyguardViewMediator: notifyScreenTurnedOff
12-13 10:06:02.455 2856 2856 D KeyguardViewMediator: handleNotifyScreenTurnedOff
12-13 10:06:02.462 2101 2157 I DisplayManagerService: Display device changed state: "Built-in Screen", OFF
12-13 10:06:02.462 813 813 D SurfaceFlinger: Set power mode=0, type=0 flinger=0x790f655000
12-13 10:06:02.463 572 764 I SDM : DisplayBase::SetDisplayState: Set state = 0, display 0
12-13 10:06:02.467 813 837 E BufferQueueProducer: [SurfaceView - org.qtproject.example.android_freeze_test/org.qtproject.qt5.android.bindings.QtActivity#0] disconnect: not connected (req=1)
12-13 10:06:02.467 31931 31948 W libEGL : EGLNativeWindowType 0xc85bc008 disconnect failed
12-13 10:06:02.467 2101 4820 I OpenGLRenderer: Initialized EGL, version 1.4
12-13 10:06:02.468 2101 4820 D OpenGLRenderer: Swap behavior 2
12-13 10:06:02.468 2101 2240 I InputReader: Reconfiguring input devices. changes=0x00000004
12-13 10:06:02.659 1063 1150 E libnav : AbaSuspend skips SVI deactivate: state was 3
12-13 10:06:02.661 813 813 D SurfaceFlinger: Finished set power mode=0, type=0
12-13 10:06:02.665 2101 2812 D SurfaceControl: Excessive delay in setPowerMode()
12-13 10:06:02.666 577 577 E QTI PowerHAL: Failed to acquire lock.
12-13 10:06:02.666 577 577 I QTI PowerHAL: Got set_interactive hint
12-13 10:06:02.667 589 611 E ANDR-PERF-MPCTL: Invalid profile no. 0, total profiles 0 only
12-13 10:06:02.667 577 577 I QTI PowerHAL: Got set_interactive hint on= 0, count= 76
12-13 10:06:02.667 577 577 E QTI PowerHAL: Error opening /sys/kernel/hbtp/display_pwr: No such file or directory
12-13 10:06:02.669 2101 2159 I DreamManagerService: Entering dreamland.
12-13 10:06:02.669 2101 2159 I PowerManagerService: Dozing...
12-13 10:06:02.670 2101 2155 I DreamController: Starting dream: name=ComponentInfo{com.android.systemui/com.android.systemui.doze.DozeService}, isTest=false, canDoze=true, userId=0
12-13 10:06:02.672 2856 2856 V StatusBar: mStatusBarWindow: com.android.systemui.statusbar.phone.StatusBarWindowView{fd49168 V.ED..... ......ID 0,0-1080,72} canPanelBeCollapsed(): false
12-13 10:06:02.673 2856 2856 I vol.Events: writeEvent dismiss_dialog volume_controller
12-13 10:06:02.678 2101 2155 D CompatibilityInfo: mCompatibilityFlags - 0
12-13 10:06:02.678 2101 2155 D CompatibilityInfo: applicationDensity - 480
12-13 10:06:02.678 2101 2155 D CompatibilityInfo: applicationScale - 1.0
12-13 10:06:02.684 2856 2856 V KeyguardUpdateMonitor: *** register callback for com.android.systemui.doze.DozeUi$1@a6ddda3
12-13 10:06:02.684 2856 2856 V KeyguardUpdateMonitor: *** unregister callback for null
12-13 10:06:02.725 2856 2856 D StatusBar: disable disable2
12-13 10:06:02.727 2856 2856 D StatusBar: disable disable2
12-13 10:06:02.735 2856 12409 D KeyguardViewMediator: onFinishedGoingToSleep(2)
12-13 10:06:02.735 2856 12409 D KeyguardViewMediator: notifyFinishedGoingToSleep
12-13 10:06:02.735 2856 2856 V KeyguardUpdateMonitor: startListeningForFingerprint()
12-13 10:06:02.738 556 1379 D audio_hw_primary: adev_set_parameters: enter: screen_state=off
12-13 10:06:02.738 556 1379 D msm8916_platform: platform_set_parameters: enter: - screen_state=off
12-13 10:06:02.738 556 1379 D msm8916_platform: platform_set_parameters:mic_ret: -2
12-13 10:06:02.738 556 1379 D msm8916_platform: platform_set_parameters:loopback_ret: 0
12-13 10:06:02.738 556 1379 D audio_hw_extn: audio_extn_set_anc_parameters: anc_enabled:0
12-13 10:06:02.738 556 1379 D audio_hw_spkr_prot: audio_extn_fbsp_set_parameters: Speaker protection disabled
12-13 10:06:02.756 2856 2856 D StatusBar: disable disable2
12-13 10:06:02.769 2856 2856 D KeyguardViewMediator: handleNotifyFinishedGoingToSleep
12-13 10:06:02.769 2856 2856 V KeyguardStatusView: Schedule setEnableMarquee: Disable
12-13 10:06:02.769 2856 2856 V KeyguardStatusView: Disable transport text marquee
12-13 10:06:02.771 2856 2856 V KeyguardUpdateMonitor: startListeningForFingerprint()
12-13 10:06:02.773 2856 2856 D StatusBar: disable disable2
12-13 10:06:02.777 2856 2856 I chatty : uid=10030(com.android.systemui) identical 2 lines
12-13 10:06:02.777 2856 2856 D StatusBar: disable disable2
12-13 10:06:02.778 2856 2856 I vol.Events: writeEvent dismiss_dialog screen_off
12-13 10:06:02.795 2822 2822 D BtOppService: action : android.intent.action.SCREEN_OFF
12-13 10:06:02.807 2856 2856 D KeyguardUpdateMonitor: received broadcast android.intent.action.BATTERY_CHANGED
12-13 10:06:02.808 2856 2856 D KeyguardUpdateMonitor: handleBatteryUpdate
12-13 10:06:02.809 3237 3237 D QtiCarrierConfigHelper: WARNING, no carrier configs on phone Id: 0
12-13 10:06:02.828 2101 3987 V LocSvc_HIDL_Subscription_jni: screen_status_update
12-13 10:06:02.828 2101 3987 V LocSvc_HIDL_Subscription_jni: [screen_status_update][528] [HC] =>> [HS]
12-13 10:06:02.828 584 584 V LocSvc_HIDL_IzatSubscription: [screenStatusUpdate][575] [HS] <<<<= [HC]
12-13 10:06:02.828 2101 3987 V LocSvc_HIDL_Subscription_jni: Exit Result 0
12-13 10:06:02.829 3194 3194 D DPMJ : |SERVICE| DPM received action android.intent.action.SCREEN_OFF
12-13 10:06:02.829 3194 3194 I DPMJ : |SERVICE| sendScreenState: state: false
12-13 10:06:02.831 3661 3661 E LibSecureUISvc: svc_sock_send_message(suisvc): invalid remote socket suitch
12-13 10:06:02.831 3661 3661 E LibSecureUISvc: svc_sock_send_message(suisvc): invalid remote socket suilst
12-13 10:06:02.833 6929 6929 I DeviceStatusMonitor: cqg: onReceive() : Action = android.intent.action.SCREEN_OFF
12-13 10:06:03.835 2856 2856 D KeyguardUpdateMonitor: received broadcast android.intent.action.BATTERY_CHANGED
12-13 10:06:03.840 3237 3237 D QtiCarrierConfigHelper: WARNING, no carrier configs on phone Id: 0
12-13 10:06:03.839 2856 2856 D KeyguardUpdateMonitor: handleBatteryUpdate
12-13 10:06:04.320 2101 2240 D KeyLayoutMap: mapKey: scanCode=116, usageCode=0x00000000 ~ Result keyCode=26, outFlags=0x00000000.
12-13 10:06:04.320 2101 2240 D WindowManager: interceptKeyTq keycode=26 interactive=false keyguardActive=false policyFlags=2000000
12-13 10:06:04.325 2101 2240 I PowerManagerService: Waking up from dozing (uid=1000 reason=android.policy:POWER)...
12-13 10:06:04.326 2101 2101 W UsageStatsService: Event reported without a package name
12-13 10:06:04.329 2101 2159 I DisplayPowerController: Blocking screen on until initial contents have been drawn.
12-13 10:06:04.329 2856 6018 D KeyguardViewMediator: notifyScreenOn
12-13 10:06:04.329 2856 2856 D KeyguardViewMediator: handleNotifyScreenTurningOn
12-13 10:06:04.331 2856 6018 D KeyguardViewMediator: onStartedWakingUp, seq = 75
12-13 10:06:04.331 2856 6018 D KeyguardViewMediator: notifyStartedWakingUp
12-13 10:06:04.334 556 1379 D audio_hw_primary: adev_set_parameters: enter: screen_state=on
12-13 10:06:04.334 556 1379 D msm8916_platform: platform_set_parameters: enter: - screen_state=on
12-13 10:06:04.334 2856 2856 D KeyguardViewMediator: handleNotifyWakingUp
12-13 10:06:04.334 556 1379 D msm8916_platform: platform_set_parameters:mic_ret: -2
12-13 10:06:04.334 556 1379 D msm8916_platform: platform_set_parameters:loopback_ret: 0
12-13 10:06:04.334 556 1379 D audio_hw_extn: audio_extn_set_anc_parameters: anc_enabled:0
12-13 10:06:04.335 556 1379 D audio_hw_spkr_prot: audio_extn_fbsp_set_parameters: Speaker protection disabled
12-13 10:06:04.339 2101 2146 W BroadcastQueue: Background execution not allowed: receiving Intent { act=android.intent.action.USER_PRESENT flg=0x24200010 } to com.google.android.gms/.auth.setup.devicesignals.LockScreenReceiver
12-13 10:06:04.339 2101 2146 W BroadcastQueue: Background execution not allowed: receiving Intent { act=android.intent.action.USER_PRESENT flg=0x24200010 } to com.google.android.gms/.trustagent.UserPresentBroadcastReceiver
