01-16 16:43:37.672 4404 4424 D EGL_emulation: eglCreateContext: 0xbb24bf00: maj 3 min 1 rcv 4
01-16 16:43:37.673 4404 4424 D EGL_emulation: eglMakeCurrent: 0xbb24bf00: ver 3 1 (tinfo 0xdb5597f0)
01-16 16:43:37.674 4404 4424 E eglCodecCommon: glUtilsParamSize: unknow param 0x000082da
01-16 16:43:37.674 4404 4424 E eglCodecCommon: glUtilsParamSize: unknow param 0x000082da
01-16 16:43:37.676 4404 4424 D EGL_emulation: eglMakeCurrent: 0xbb24bf00: ver 3 1 (tinfo 0xdb5597f0)
01-16 16:43:38.151 4404 4424 D eglCodecCommon: setVertexArrayObject: set vao to 0 (0) 0 0
01-16 16:43:38.151 4404 4424 D EGL_emulation: eglCreateContext: 0xb86d1ba0: maj 3 min 1 rcv 4
01-16 16:43:38.152 4404 4424 D EGL_emulation: eglMakeCurrent: 0xb86d1ba0: ver 3 1 (tinfo 0xdb5597f0)
01-16 16:43:38.197 1593 2349 D gralloc_ranchu: gralloc_alloc: Creating ashmem region of size 7479296
01-16 16:43:38.204 4404 4429 D : HostConnection::get() New Host Connection established 0xc47256d0, tid 4429
01-16 16:43:38.213 4404 4429 D : HostComposition ext ANDROID_EMU_CHECKSUM_HELPER_v1 ANDROID_EMU_dma_v1 ANDROID_EMU_direct_mem ANDROID_EMU_host_composition_v1 ANDROID_EMU_host_composition_v2 ANDROID_EMU_async_unmap_buffer GL_OES_EGL_image_external_essl3 GL_OES_vertex_array_object GL_KHR_texture_compression_astc_ldr ANDROID_EMU_gles_max_version_3_1
01-16 16:43:38.215 4404 4429 D EGL_emulation: eglMakeCurrent: 0xb86d1ba0: ver 3 1 (tinfo 0xc05fd570)
01-16 16:43:38.464 1593 2349 D gralloc_ranchu: gralloc_alloc: Creating ashmem region of size 7479296
01-16 16:43:38.495 1593 2349 D gralloc_ranchu: gralloc_alloc: Creating ashmem region of size 7479296
01-16 16:43:39.780 1583 1775 W audio_hw_generic: Not supplying enough data to HAL, expected position 4570957 , only wrote 4320296
01-16 16:43:40.941 4404 4424 W libprotox_x86.so: QMetaObject::invokeMethod: No such method Button_QMLTYPE_215::inputMethodQuery(Qt::InputMethodQuery,QVariant)
01-16 16:43:41.016 1832 2483 E TaskPersister: File error accessing recents directory (directory doesn't exist?).
01-16 16:43:42.128 1967 1967 I KeyButtonView: Back button event: ACTION_DOWN
01-16 16:43:42.129 1832 1919 V InputDispatcher: Asynchronous input event injection succeeded.
01-16 16:43:42.135 1583 3101 W audio_hw_generic: Not supplying enough data to HAL, expected position 4320303 , only wrote 4320296
01-16 16:43:42.193 1967 1967 I KeyButtonView: Back button event: ACTION_UP
01-16 16:43:42.194 1832 1919 V InputDispatcher: Asynchronous input event injection succeeded.
01-16 16:43:42.196 1832 1850 D AutofillManagerService: onBackKeyPressed()
01-16 16:43:45.298 1583 1775 W audio_hw_generic: Not supplying enough data to HAL, expected position 4597440 , only wrote 4459767
01-16 16:44:00.002 1967 1967 D KeyguardClockSwitch: Updating clock: 444
01-16 16:44:02.877 1611 4312 I adbd : host-10: read failed: I/O error
01-16 16:44:02.877 1611 4312 I adbd : host-10: connection terminated: read failed
01-16 16:44:02.877 1611 1611 I adbd : host-10: offline
01-16 16:44:02.878 1611 1611 I adbd : destroying transport host-10
01-16 16:44:02.878 1611 1611 I adbd : BlockingConnectionAdapter(host-10): stopping
01-16 16:44:02.878 1611 1611 I adbd : BlockingConnectionAdapter(host-10): stopped
01-16 16:44:02.879 1611 1611 I adbd : BlockingConnectionAdapter(host-10): destructing
01-16 16:44:02.879 1611 1611 I adbd : BlockingConnectionAdapter(host-10): already stopped
01-16 16:44:02.884 1611 4441 I adbd : host-21: read thread spawning
01-16 16:44:02.884 1611 1611 I adbd : host-21: already offline
01-16 16:44:02.885 1611 4442 I adbd : host-21: write thread spawning
01-16 16:44:08.402 1967 1967 D StatusBar: disable disable2
01-16 16:44:08.412 1593 2349 D gralloc_ranchu: gralloc_alloc: Creating ashmem region of size 8298496
01-16 16:44:08.433 1967 2226 D EGL_emulation: eglMakeCurrent: 0xe35dad40: ver 3 1 (tinfo 0xc1dd01a0)
01-16 16:44:08.449 1593 2349 D gralloc_ranchu: gralloc_alloc: Creating ashmem region of size 8298496
01-16 16:44:08.537 1593 2349 D gralloc_ranchu: gralloc_alloc: Creating ashmem region of size 8298496
01-16 16:44:08.610 1967 1967 D StatusBar: disable disable2
01-16 16:44:09.078 1967 1967 I chatty : uid=10089(com.android.systemui) identical 1 line
01-16 16:44:09.154 1967 1967 D StatusBar: disable disable2
01-16 16:44:09.173 1967 2226 D EGL_emulation: eglMakeCurrent: 0xe35dad40: ver 3 1 (tinfo 0xc1dd01a0)
01-16 16:44:09.175 1593 2349 D gralloc_ranchu: gralloc_alloc: Creating ashmem region of size 274432
01-16 16:44:09.186 1967 2226 D EGL_emulation: eglMakeCurrent: 0xe35dad40: ver 3 1 (tinfo 0xc1dd01a0)
01-16 16:44:09.191 1593 2349 D gralloc_ranchu: gralloc_alloc: Creating ashmem region of size 274432
01-16 16:44:11.763 1967 1967 V DeadZone: consuming errant click: (205.99365,26.917969)
01-16 16:44:09.207 1593 2349 D gralloc_ranchu: gralloc_alloc: Creating ashmem region of size 274432
01-16 16:44:11.771 1967 2226 D EGL_emulation: eglMakeCurrent: 0xe35dad40: ver 3 1 (tinfo 0xc1dd01a0)
01-16 16:44:12.324 1967 1967 I KeyButtonView: Back button event: ACTION_DOWN
01-16 16:44:12.325 1832 1919 V InputDispatcher: Asynchronous input event injection succeeded.
01-16 16:44:12.332 1583 3101 W audio_hw_generic: Not supplying enough data to HAL, expected position 4459772 , only wrote 4459767
01-16 16:44:12.387 1967 1967 I KeyButtonView: Back button event: ACTION_UP
01-16 16:44:12.388 1832 1919 V InputDispatcher: Asynchronous input event injection succeeded.
01-16 16:44:11.763 1967 1967 V DeadZone: consuming errant click: (205.99365,26.917969)
01-16 16:44:12.389 1832 1850 D AutofillManagerService: onBackKeyPressed()
01-16 16:44:12.771 1967 1967 I KeyButtonView: Back button event: ACTION_DOWN
01-16 16:44:12.773 1832 1919 V InputDispatcher: Asynchronous input event injection succeeded.
01-16 16:44:12.781 4404 4424 D libprotox_x86.so: "Program exited successfully."
01-16 16:44:12.835 1967 1967 I KeyButtonView: Back button event: ACTION_UP
01-16 16:44:12.836 1832 1919 V InputDispatcher: Asynchronous input event injection succeeded.
01-16 16:44:12.878 4404 4424 W libprotox_x86.so: exit app 0
01-16 16:44:12.898 1832 1858 E memtrack: Couldn't load memtrack module
01-16 16:44:12.898 1832 1858 W android.os.Debug: failed to get memory consumption info: -1
01-16 16:44:12.918 1593 2349 D gralloc_ranchu: gralloc_alloc: Creating ashmem region of size 8298496
01-16 16:44:12.943 1593 1593 D gralloc_ranchu: gralloc_alloc: Creating ashmem region of size 8298496
01-16 16:44:12.957 2170 2555 D EGL_emulation: eglMakeCurrent: 0xeeb04be0: ver 3 1 (tinfo 0xe3671a80)
01-16 16:44:12.977 1593 2349 D gralloc_ranchu: gralloc_alloc: Creating ashmem region of size 8298496
01-16 16:44:13.000 1593 1593 D gralloc_ranchu: gralloc_alloc: Creating ashmem region of size 8298496
01-16 16:44:13.056 1967 2226 D EGL_emulation: eglMakeCurrent: 0xe35dad40: ver 3 1 (tinfo 0xc1dd01a0)
01-16 16:44:13.144 1967 2226 I chatty : uid=10089(com.android.systemui) RenderThread identical 4 lines
01-16 16:44:13.148 1967 2226 D EGL_emulation: eglMakeCurrent: 0xe35dad40: ver 3 1 (tinfo 0xc1dd01a0)
01-16 16:44:13.159 2170 2189 I droid.launcher: NativeAlloc concurrent copying GC freed 6264(356KB) AllocSpace objects, 2(104KB) LOS objects, 49% free, 2489KB/4979KB, paused 1.678ms total 106.084ms
01-16 16:44:12.836 1832 1850 D AutofillManagerService: onBackKeyPressed()
01-16 16:44:13.164 1832 1851 I DropBoxManagerService: add tag=system_app_strictmode isTagEnabled=true flags=0x2
01-16 16:44:13.168 1967 2226 D EGL_emulation: eglMakeCurrent: 0xe35dad40: ver 3 1 (tinfo 0xc1dd01a0)
01-16 16:44:13.227 1967 2226 I chatty : uid=10089(com.android.systemui) RenderThread identical 4 lines
01-16 16:44:13.231 1967 2226 D EGL_emulation: eglMakeCurrent: 0xe35dad40: ver 3 1 (tinfo 0xc1dd01a0)
01-16 16:44:13.530 4404 4422 D EGL_emulation: eglMakeCurrent: 0xe35e3820: ver 3 1 (tinfo 0xd7f65240)
01-16 16:44:13.534 1832 3927 D : HostConnection::get() New Host Connection established 0xbe592200, tid 3927
01-16 16:44:13.539 1832 3927 D : HostComposition ext ANDROID_EMU_CHECKSUM_HELPER_v1 ANDROID_EMU_dma_v1 ANDROID_EMU_direct_mem ANDROID_EMU_host_composition_v1 ANDROID_EMU_host_composition_v2 ANDROID_EMU_async_unmap_buffer GL_OES_EGL_image_external_essl3 GL_OES_vertex_array_object GL_KHR_texture_compression_astc_ldr ANDROID_EMU_gles_max_version_3_1
01-16 16:44:13.540 1832 3927 W OpenGLRenderer: Failed to choose config with EGL_SWAP_BEHAVIOR_PRESERVED, retrying without...
01-16 16:44:13.541 1832 3927 D eglCodecCommon: setVertexArrayObject: set vao to 0 (0) 0 0
01-16 16:44:13.541 1832 3927 D EGL_emulation: eglCreateContext: 0xb39e13e0: maj 3 min 1 rcv 4
01-16 16:44:13.564 1832 3927 D EGL_emulation: eglMakeCurrent: 0xb39e13e0: ver 3 1 (tinfo 0xbe5034f0)
01-16 16:44:13.566 1832 3927 E eglCodecCommon: glUtilsParamSize: unknow param 0x000082da
01-16 16:44:13.566 1832 3927 E eglCodecCommon: glUtilsParamSize: unknow param 0x000082da
01-16 16:44:13.583 1832 3927 D eglCodecCommon: setVertexArrayObject: set vao to 0 (0) 1 0
01-16 16:44:13.672 1832 1919 W InputDispatcher: channel '2db709d PopupWindow:85cb13d (server)' ~ Consumer closed input channel or an error occurred. events=0x9
01-16 16:44:13.672 1832 1919 E InputDispatcher: channel '2db709d PopupWindow:85cb13d (server)' ~ Channel is unrecoverably broken and will be disposed!
01-16 16:44:13.673 1832 1919 W InputDispatcher: channel 'd0b3f61 org.protox/org.protox.activity.QtActivityEx (server)' ~ Consumer closed input channel or an error occurred. events=0x9
01-16 16:44:13.673 1832 1919 E InputDispatcher: channel 'd0b3f61 org.protox/org.protox.activity.QtActivityEx (server)' ~ Channel is unrecoverably broken and will be disposed!
01-16 16:44:13.678 1578 1578 I Zygote : Process 4404 exited cleanly (0)
01-16 16:44:13.172 1832 1851 I DropBoxManagerService: add tag=system_app_strictmode isTagEnabled=true flags=0x2
01-16 16:44:13.680 1832 2547 I WindowManager: WIN DEATH: Window{2db709d u0 PopupWindow:85cb13d}
01-16 16:44:13.680 1832 2547 W InputDispatcher: Attempted to unregister already unregistered input channel '2db709d PopupWindow:85cb13d (server)'
01-16 16:44:13.680 1832 2549 I ActivityManager: Process org.protox (pid 4404) has died: cch CRE
01-16 16:44:13.682 1832 1861 I libprocessgroup: Successfully killed process cgroup uid 10103 pid 4404 in 0ms
01-16 16:44:13.691 1832 4007 I WindowManager: WIN DEATH: Window{d0b3f61 u0 org.protox/org.protox.activity.QtActivityEx}
01-16 16:44:13.691 1832 4007 W InputDispatcher: Attempted to unregister already unregistered input channel 'd0b3f61 org.protox/org.protox.activity.QtActivityEx (server)'
01-16 16:44:13.708 1832 1852 W ActivityManager: setHasOverlayUi called on unknown pid: 4404
01-16 16:44:13.741 1832 1843 I system_server: NativeAlloc concurrent copying GC freed 27739(1564KB) AllocSpace objects, 12(464KB) LOS objects, 42% free, 7637KB/13MB, paused 233us total 132.638ms
01-16 16:44:15.929 1583 1775 W audio_hw_generic: Not supplying enough data to HAL, expected position 4775165 , only wrote 4618407
01-16 16:44:16.711 1832 2483 E TaskPersister: File error accessing recents directory (directory doesn't exist?).
01-16 16:44:24.932 1693 1693 E netmgr : Failed to open QEMU pipe 'qemud:network': Invalid argument
01-16 16:44:24.932 1693 1693 E netmgr : WifiForwarder unable to open QEMU pipe: Invalid argument
01-16 16:44:44.485 1832 4455 D WificondControl: Scan result ready event
01-16 16:45:00.003 1967 1967 D KeyguardClockSwitch: Updating clock: 445
01-16 16:45:00.021 1967 2226 D EGL_emulation: eglMakeCurrent: 0xe35dad40: ver 3 1 (tinfo 0xc1dd01a0)
01-16 16:45:17.859 1832 2549 I ActivityTaskManager: START u0 {act=android.intent.action.MAIN cat=[android.intent.category.LAUNCHER] flg=0x10200000 cmp=org.protox/.activity.QtActivityEx bnds=[843,503][1045,780]} from uid 10082
01-16 16:45:17.871 1583 3101 W audio_hw_generic: Not supplying enough data to HAL, expected position 4618473 , only wrote 4618407
01-16 16:45:17.946 1832 1853 E system_server: Invalid ID 0x00000000.
01-16 16:45:17.957 1578 1578 D Zygote : Forked child process 4460
01-16 16:45:17.962 1832 1860 I ActivityManager: Start proc 4460:org.protox/u0a103 for activity {org.protox/org.protox.activity.QtActivityEx}
01-16 16:45:17.973 1593 1593 D gralloc_ranchu: gralloc_alloc: Creating ashmem region of size 8298496
01-16 16:45:18.002 4460 4460 W org.protox: Unexpected CPU variant for X86 using defaults: x86
01-16 16:45:18.060 1606 1740 E SurfaceFlinger: ro.sf.lcd_density must be defined as a build property
01-16 16:45:18.061 1606 1740 E SurfaceFlinger: ro.sf.lcd_density must be defined as a build property
01-16 16:45:18.063 4460 4480 D libEGL : Emulator has host GPU support, qemu.gles is set to 1.
01-16 16:45:18.053 4460 4460 W RenderThread: type=1400 audit(0.0:43): avc: denied { write } for name="property_service" dev="tmpfs" ino=6051 scontext=u:r:untrusted_app:s0:c103,c256,c512,c768 tcontext=u:object_r:property_socket:s0 tclass=sock_file permissive=0 app=org.protox
01-16 16:45:18.064 4460 4480 W libc : Unable to set property "qemu.gles" to "1": connection failed; errno=13 (Permission denied)
01-16 16:45:18.083 1593 1593 D gralloc_ranchu: gralloc_alloc: Creating ashmem region of size 8298496
01-16 16:45:18.102 4460 4460 W System : ClassLoader referenced unknown path:
01-16 16:45:18.145 4460 4480 D libEGL : loaded /vendor/lib/egl/libEGL_emulation.so
01-16 16:45:18.160 4460 4460 D Qt JAVA : Class org.qtproject.qt5.android.multimedia.QtMultimediaUtils does not implement setActivity method
01-16 16:45:18.161 4460 4480 D libEGL : loaded /vendor/lib/egl/libGLESv1_CM_emulation.so
01-16 16:45:18.163 4460 4480 D libEGL : loaded /vendor/lib/egl/libGLESv2_emulation.so
01-16 16:45:18.185 1594 1594 W EmuHWC2 : validate: layer 73 CompositionType 1, fallback
01-16 16:45:18.203 1594 1594 I chatty : uid=1000(system) composer@2.1-se identical 1 line
01-16 16:45:18.219 1594 1594 W EmuHWC2 : validate: layer 73 CompositionType 1, fallback
01-16 16:45:18.225 1606 1606 E RenderEngine: GL error 0x0501
01-16 16:45:18.229 4460 4481 I QtCore : Start
01-16 16:45:18.236 1594 1594 W EmuHWC2 : validate: layer 73 CompositionType 1, fallback
01-16 16:45:18.320 1594 1594 I chatty : uid=1000(system) composer@2.1-se identical 5 lines
01-16 16:45:18.337 1594 1594 W EmuHWC2 : validate: layer 73 CompositionType 1, fallback
01-16 16:45:18.339 1967 2226 D EGL_emulation: eglMakeCurrent: 0xe35dad40: ver 3 1 (tinfo 0xc1dd01a0)
01-16 16:45:18.353 1594 1594 W EmuHWC2 : validate: layer 73 CompositionType 1, fallback
01-16 16:45:18.355 1967 2226 D EGL_emulation: eglMakeCurrent: 0xe35dad40: ver 3 1 (tinfo 0xc1dd01a0)
01-16 16:45:18.364 4460 4481 I Qt : qt started
01-16 16:45:18.366 1967 2226 D EGL_emulation: eglMakeCurrent: 0xe35dad40: ver 3 1 (tinfo 0xc1dd01a0)
01-16 16:45:18.371 1594 1594 W EmuHWC2 : validate: layer 73 CompositionType 1, fallback
01-16 16:45:18.383 1967 2226 D EGL_emulation: eglMakeCurrent: 0xe35dad40: ver 3 1 (tinfo 0xc1dd01a0)
01-16 16:45:18.386 1967 2226 D EGL_emulation: eglMakeCurrent: 0xe35dad40: ver 3 1 (tinfo 0xc1dd01a0)
01-16 16:45:18.387 1594 1594 W EmuHWC2 : validate: layer 73 CompositionType 1, fallback
01-16 16:45:18.399 1967 2226 D EGL_emulation: eglMakeCurrent: 0xe35dad40: ver 3 1 (tinfo 0xc1dd01a0)
01-16 16:45:18.402 1967 2226 D EGL_emulation: eglMakeCurrent: 0xe35dad40: ver 3 1 (tinfo 0xc1dd01a0)
01-16 16:45:18.404 1594 1594 W EmuHWC2 : validate: layer 73 CompositionType 1, fallback
01-16 16:45:18.421 1594 1594 W EmuHWC2 : validate: layer 73 CompositionType 1, fallback
01-16 16:45:18.433 1967 2226 D EGL_emulation: eglMakeCurrent: 0xe35dad40: ver 3 1 (tinfo 0xc1dd01a0)
01-16 16:45:18.436 1967 2226 D EGL_emulation: eglMakeCurrent: 0xe35dad40: ver 3 1 (tinfo 0xc1dd01a0)
01-16 16:45:18.438 1594 1594 W EmuHWC2 : validate: layer 73 CompositionType 1, fallback
01-16 16:45:18.455 1594 1594 W EmuHWC2 : validate: layer 73 CompositionType 1, fallback
01-16 16:45:18.462 1967 2226 D EGL_emulation: eglMakeCurrent: 0xe35dad40: ver 3 1 (tinfo 0xc1dd01a0)
01-16 16:45:18.471 1594 1594 W EmuHWC2 : validate: layer 73 CompositionType 1, fallback
01-16 16:45:18.488 1594 1594 W EmuHWC2 : validate: layer 73 CompositionType 1, fallback
01-16 16:45:18.489 1967 2226 D EGL_emulation: eglMakeCurrent: 0xe35dad40: ver 3 1 (tinfo 0xc1dd01a0)
01-16 16:45:18.503 4460 4478 D : HostConnection::get() New Host Connection established 0xd800a820, tid 4478
01-16 16:45:18.504 4460 4478 D : HostComposition ext ANDROID_EMU_CHECKSUM_HELPER_v1 ANDROID_EMU_dma_v1 ANDROID_EMU_direct_mem ANDROID_EMU_host_composition_v1 ANDROID_EMU_host_composition_v2 ANDROID_EMU_async_unmap_buffer GL_OES_EGL_image_external_essl3 GL_OES_vertex_array_object GL_KHR_texture_compression_astc_ldr ANDROID_EMU_gles_max_version_3_1
01-16 16:45:18.505 1594 1594 W EmuHWC2 : validate: layer 73 CompositionType 1, fallback
01-16 16:45:18.516 4460 4478 W OpenGLRenderer: Failed to choose config with EGL_SWAP_BEHAVIOR_PRESERVED, retrying without...
01-16 16:45:18.522 1594 1594 W EmuHWC2 : validate: layer 73 CompositionType 1, fallback
01-16 16:45:18.528 4460 4478 D eglCodecCommon: setVertexArrayObject: set vao to 0 (0) 0 0
01-16 16:45:18.528 4460 4478 D EGL_emulation: eglCreateContext: 0xe35e2560: maj 3 min 1 rcv 4
01-16 16:45:18.533 4460 4478 D EGL_emulation: eglMakeCurrent: 0xe35e2560: ver 3 1 (tinfo 0xd7f6c530)
01-16 16:45:18.534 4460 4478 E eglCodecCommon: glUtilsParamSize: unknow param 0x000082da
01-16 16:45:18.534 4460 4478 E eglCodecCommon: glUtilsParamSize: unknow param 0x000082da
01-16 16:45:18.546 1593 1593 D gralloc_ranchu: gralloc_alloc: Creating ashmem region of size 8298496
01-16 16:45:18.565 1478 1478 I hwservicemanager: getTransport: Cannot find entry android.hardware.graphics.mapper@3.0::IMapper/default in either framework or device manifest.
01-16 16:45:18.565 4460 4478 W Gralloc3: mapper 3.x is not supported
01-16 16:45:18.567 4460 4478 D : createUnique: call
01-16 16:45:18.569 4460 4478 D : HostConnection::get() New Host Connection established 0xd800c1c0, tid 4478
01-16 16:45:18.582 4460 4478 D : HostComposition ext ANDROID_EMU_CHECKSUM_HELPER_v1 ANDROID_EMU_dma_v1 ANDROID_EMU_direct_mem ANDROID_EMU_host_composition_v1 ANDROID_EMU_host_composition_v2 ANDROID_EMU_async_unmap_buffer GL_OES_EGL_image_external_essl3 GL_OES_vertex_array_object GL_KHR_texture_compression_astc_ldr ANDROID_EMU_gles_max_version_3_1
01-16 16:45:18.583 4460 4478 D eglCodecCommon: allocate: Ask for block of size 0x1000
01-16 16:45:18.583 4460 4478 D eglCodecCommon: allocate: ioctl allocate returned offset 0x3ffff6000 size 0x2000
01-16 16:45:18.586 1593 1593 D gralloc_ranchu: gralloc_alloc: Creating ashmem region of size 8298496
01-16 16:45:18.589 1606 1606 E Layer : [Surface(name=AppWindowToken{f7a9fa0 token=Token{30080a3 ActivityRecord{18b07d2 u0 org.protox/.activity.QtActivityEx t19}}})/@0xc810982 - animation-leash#0] No local sync point found
01-16 16:45:18.589 1606 1606 E Layer : [Surface(name=AppWindowToken{f7a9fa0 token=Token{30080a3 ActivityRecord{18b07d2 u0 org.protox/.activity.QtActivityEx t19}}})/@0xc810982 - animation-leash#0] No local sync point found
01-16 16:45:18.589 1606 1606 E Layer : [Surface(name=AppWindowToken{41e3c89 token=Token{af84b90 ActivityRecord{8daa653 u0 com.android.launcher3/.Launcher t8}}})/@0xa15b46d - animation-leash#0] No local sync point found
01-16 16:45:18.589 1606 1606 E Layer : [Surface(name=AppWindowToken{41e3c89 token=Token{af84b90 ActivityRecord{8daa653 u0 com.android.launcher3/.Launcher t8}}})/@0xa15b46d - animation-leash#0] No local sync point found
01-16 16:45:18.600 4460 4478 D EGL_emulation: eglMakeCurrent: 0xe35e2560: ver 3 1 (tinfo 0xd7f6c530)
01-16 16:45:18.616 4460 4478 D eglCodecCommon: setVertexArrayObject: set vao to 0 (0) 1 0
01-16 16:45:18.628 2170 2555 D EGL_emulation: eglMakeCurrent: 0xeeb04be0: ver 3 1 (tinfo 0xe3671a80)
01-16 16:45:18.635 1593 2349 D gralloc_ranchu: gralloc_alloc: Creating ashmem region of size 8298496
01-16 16:45:18.717 1593 2349 D gralloc_ranchu: gralloc_alloc: Creating ashmem region of size 8192
01-16 16:45:18.719 1832 1858 I ActivityTaskManager: Displayed org.protox/.activity.QtActivityEx: +825ms
01-16 16:45:18.719 1593 2349 D gralloc_ranchu: gralloc_alloc: Creating ashmem region of size 8192
01-16 16:45:18.733 1832 2549 I ActivityTaskManager: START u0 {act=android.settings.MANAGE_APP_ALL_FILES_ACCESS_PERMISSION} from uid 10103
01-16 16:45:18.721 1593 2349 D gralloc_ranchu: gralloc_alloc: Creating ashmem region of size 8192
01-16 16:45:18.736 4460 4481 D : "App started."
01-16 16:45:19.140 4460 4481 D : HostConnection::get() New Host Connection established 0xbc5e2470, tid 4481
01-16 16:45:19.154 4460 4481 D : HostComposition ext ANDROID_EMU_CHECKSUM_HELPER_v1 ANDROID_EMU_dma_v1 ANDROID_EMU_direct_mem ANDROID_EMU_host_composition_v1 ANDROID_EMU_host_composition_v2 ANDROID_EMU_async_unmap_buffer GL_OES_EGL_image_external_essl3 GL_OES_vertex_array_object GL_KHR_texture_compression_astc_ldr ANDROID_EMU_gles_max_version_3_1
01-16 16:45:19.160 4460 4481 D eglCodecCommon: setVertexArrayObject: set vao to 0 (0) 0 0
01-16 16:45:19.163 4460 4481 D EGL_emulation: eglCreateContext: 0xbc5e3f00: maj 3 min 1 rcv 4
01-16 16:45:19.164 4460 4481 D EGL_emulation: eglMakeCurrent: 0xbc5e3f00: ver 3 1 (tinfo 0xdb559830)
01-16 16:45:19.167 4460 4481 E eglCodecCommon: glUtilsParamSize: unknow param 0x000082da
01-16 16:45:19.167 4460 4481 E eglCodecCommon: glUtilsParamSize: unknow param 0x000082da
01-16 16:45:19.170 4460 4481 D EGL_emulation: eglMakeCurrent: 0xbc5e3f00: ver 3 1 (tinfo 0xdb559830)
01-16 16:45:19.496 1583 3101 W audio_hw_generic: Not supplying enough data to HAL, expected position 4690084 , only wrote 4689795
01-16 16:45:19.517 1583 3101 W audio_hw_generic: Not supplying enough data to HAL, expected position 4690706 , only wrote 4690456
01-16 16:45:19.525 1583 3101 W audio_hw_generic: Not supplying enough data to HAL, expected position 4690821 , only wrote 4690456
01-16 16:45:19.545 1583 3101 W audio_hw_generic: Not supplying enough data to HAL, expected position 4691361 , only wrote 4691117
01-16 16:45:19.868 1583 3101 W audio_hw_generic: Not supplying enough data to HAL, expected position 4705357 , only wrote 4704998
01-16 16:45:19.915 1583 3101 W audio_hw_generic: Not supplying enough data to HAL, expected position 4707063 , only wrote 4706981
01-16 16:45:20.067 1583 3101 W audio_hw_generic: Not supplying enough data to HAL, expected position 4713664 , only wrote 4713591
01-16 16:45:20.067 1583 3101 W audio_hw_generic: Not supplying enough data to HAL, expected position 4713604 , only wrote 4713591
01-16 16:45:20.073 4460 4471 I org.protox: Background young concurrent copying GC freed 18705(4283KB) AllocSpace objects, 2(40KB) LOS objects, 83% free, 1250KB/7394KB, paused 45.952ms total 65.451ms
01-16 16:45:20.173 1583 3101 W audio_hw_generic: Not supplying enough data to HAL, expected position 4718276 , only wrote 4718218
01-16 16:45:20.195 1583 3101 W audio_hw_generic: Not supplying enough data to HAL, expected position 4719157 , only wrote 4718879
01-16 16:45:20.219 4460 4481 D eglCodecCommon: setVertexArrayObject: set vao to 0 (0) 0 0
01-16 16:45:20.219 4460 4481 D EGL_emulation: eglCreateContext: 0xb888dd20: maj 3 min 1 rcv 4
01-16 16:45:20.222 4460 4481 D EGL_emulation: eglMakeCurrent: 0xb888dd20: ver 3 1 (tinfo 0xdb559830)
01-16 16:45:20.310 1593 2349 D gralloc_ranchu: gralloc_alloc: Creating ashmem region of size 7479296
01-16 16:45:20.324 4460 4485 D : HostConnection::get() New Host Connection established 0xbbff3590, tid 4485
01-16 16:45:20.327 4460 4485 D : HostComposition ext ANDROID_EMU_CHECKSUM_HELPER_v1 ANDROID_EMU_dma_v1 ANDROID_EMU_direct_mem ANDROID_EMU_host_composition_v1 ANDROID_EMU_host_composition_v2 ANDROID_EMU_async_unmap_buffer GL_OES_EGL_image_external_essl3 GL_OES_vertex_array_object GL_KHR_texture_compression_astc_ldr ANDROID_EMU_gles_max_version_3_1
01-16 16:45:20.327 4460 4485 D EGL_emulation: eglMakeCurrent: 0xb888dd20: ver 3 1 (tinfo 0xeeb1ea60)
01-16 16:45:20.967 1593 2349 D gralloc_ranchu: gralloc_alloc: Creating ashmem region of size 7479296
01-16 16:45:20.989 1583 1775 W audio_hw_generic: Not supplying enough data to HAL, expected position 4787964 , only wrote 4753912
01-16 16:45:21.003 1593 2349 D gralloc_ranchu: gralloc_alloc: Creating ashmem region of size 7479296
01-16 16:45:21.985 1832 2483 E TaskPersister: File error accessing recents directory (directory doesn't exist?).
01-16 16:45:24.662 1832 1858 E memtrack: Couldn't load memtrack module
01-16 16:45:24.662 1832 1858 W android.os.Debug: failed to get memory consumption info: -1
01-16 16:45:24.669 2229 2229 I LatinIME: Starting input. Cursor position = -1,-1
01-16 16:45:24.689 4460 4460 W IInputConnectionWrapper: getSelectedText on inactive InputConnection
01-16 16:45:24.703 1593 2349 D gralloc_ranchu: gralloc_alloc: Creating ashmem region of size 16384
01-16 16:45:24.712 1593 1593 D gralloc_ranchu: gralloc_alloc: Creating ashmem region of size 16384
01-16 16:45:24.716 4460 4478 D EGL_emulation: eglMakeCurrent: 0xe35e2560: ver 3 1 (tinfo 0xd7f6c530)
01-16 16:45:24.726 1593 2349 D gralloc_ranchu: gralloc_alloc: Creating ashmem region of size 16384
01-16 16:45:24.774 4460 4460 W IInputConnectionWrapper: requestCursorAnchorInfo on inactive InputConnection
01-16 16:45:24.784 4460 4460 W IInputConnectionWrapper: getTextBeforeCursor on inactive InputConnection
01-16 16:45:24.785 2229 2229 E RichInputConnection: Unable to connect to the editor to retrieve text.
01-16 16:45:24.785 2229 2229 D RichInputConnection: Will try to retrieve text later.
01-16 16:45:24.795 4460 4460 W IInputConnectionWrapper: getTextBeforeCursor on inactive InputConnection
01-16 16:45:24.796 2229 2229 E RichInputConnection: Unable to connect to the editor to retrieve text.
01-16 16:45:24.796 2229 2229 W RichInputConnection: Unable to connect to the editor. Setting caps mode without knowing text.
01-16 16:45:24.822 2229 2229 I LatinIME: Starting input. Cursor position = -1,-1
01-16 16:45:24.823 4460 4460 W IInputConnectionWrapper: getTextBeforeCursor on inactive InputConnection
01-16 16:45:24.823 4460 4460 W IInputConnectionWrapper: getSelectedText on inactive InputConnection
01-16 16:45:24.823 4460 4460 W IInputConnectionWrapper: requestCursorAnchorInfo on inactive InputConnection
01-16 16:45:24.824 4460 4460 W IInputConnectionWrapper: getTextBeforeCursor on inactive InputConnection
01-16 16:45:24.824 2229 2229 E RichInputConnection: Unable to connect to the editor to retrieve text.
01-16 16:45:24.824 2229 2229 D RichInputConnection: Will try to retrieve text later.
01-16 16:45:24.824 4460 4460 W IInputConnectionWrapper: getTextBeforeCursor on inactive InputConnection
01-16 16:45:24.825 2229 2229 E RichInputConnection: Unable to connect to the editor to retrieve text.
01-16 16:45:24.825 2229 2229 W RichInputConnection: Unable to connect to the editor. Setting caps mode without knowing text.
01-16 16:45:24.825 4460 4460 W IInputConnectionWrapper: getTextBeforeCursor on inactive InputConnection
01-16 16:45:24.825 2229 2229 E RichInputConnection: Unable to connect to the editor to retrieve text.
01-16 16:45:24.825 2229 2229 W RichInputConnection: Unable to connect to the editor. Setting caps mode without knowing text.
01-16 16:45:24.835 4460 4460 W IInputConnectionWrapper: getTextBeforeCursor on inactive InputConnection
01-16 16:45:24.836 2229 2229 E RichInputConnection: Unable to connect to the editor to retrieve text.
01-16 16:45:24.836 2229 2229 D RichInputConnection: Will try to retrieve text later.
01-16 16:45:24.836 4460 4460 W IInputConnectionWrapper: getTextBeforeCursor on inactive InputConnection
01-16 16:45:24.836 2229 2229 E RichInputConnection: Unable to connect to the editor to retrieve text.
01-16 16:45:24.836 2229 2229 W RichInputConnection: Unable to connect to the editor. Setting caps mode without knowing text.
01-16 16:45:24.842 2229 2229 I LatinIME: Starting input. Cursor position = -1,-1
01-16 16:45:24.889 1593 1593 D gralloc_ranchu: gralloc_alloc: Creating ashmem region of size 8024064
01-16 16:45:24.912 1593 1593 D gralloc_ranchu: gralloc_alloc: Creating ashmem region of size 8024064
01-16 16:45:24.931 2229 3872 D EGL_emulation: eglMakeCurrent: 0xe35daf80: ver 3 1 (tinfo 0xd8089850)
01-16 16:45:24.938 1593 2349 D gralloc_ranchu: gralloc_alloc: Creating ashmem region of size 8192
01-16 16:45:24.965 1593 2349 D gralloc_ranchu: gralloc_alloc: Creating ashmem region of size 8024064
01-16 16:45:24.985 1693 1693 E netmgr : Failed to open QEMU pipe 'qemud:network': Invalid argument
01-16 16:45:24.985 1693 1693 E netmgr : WifiForwarder unable to open QEMU pipe: Invalid argument
01-16 16:45:25.063 4460 4478 D EGL_emulation: eglMakeCurrent: 0xe35e2560: ver 3 1 (tinfo 0xd7f6c530)
01-16 16:45:26.874 2229 3872 D EGL_emulation: eglMakeCurrent: 0xe35daf80: ver 3 1 (tinfo 0xd8089850)
01-16 16:45:26.933 1593 2349 D gralloc_ranchu: gralloc_alloc: Creating ashmem region of size 8192
01-16 16:45:27.779 1593 2349 D gralloc_ranchu: gralloc_alloc: Creating ashmem region of size 233472
01-16 16:45:27.788 1593 2349 D gralloc_ranchu: gralloc_alloc: Creating ashmem region of size 233472
01-16 16:45:27.793 4460 4478 D EGL_emulation: eglMakeCurrent: 0xe35e2560: ver 3 1 (tinfo 0xd7f6c530)
01-16 16:45:27.836 1593 2349 D gralloc_ranchu: gralloc_alloc: Creating ashmem region of size 233472
01-16 16:45:28.531 4460 4481 D libprotox_x86.so: "Bootstrapping..."
01-16 16:45:28.533 4460 4484 D libprotox_x86.so: "Toxcore: network.c (line 508) ERROR: sendpacket attempted to send message of length 113 on uninitialised socket"
01-16 16:45:28.620 4460 4484 I chatty : uid=10103(org.protox) identical 1 line
01-16 16:45:28.620 4460 4484 D libprotox_x86.so: "Toxcore: network.c (line 508) ERROR: sendpacket attempted to send message of length 113 on uninitialised socket"
01-16 16:45:28.644 1624 2774 D NuPlayerDriver: NuPlayerDriver(0xe9934080) created, clientPid(1967)
01-16 16:45:28.645 1624 2774 I Codec2Client: Creating a Codec2 client to service "software"
01-16 16:45:28.646 1624 2774 I Codec2Client: Client to Codec2 service "software" created
01-16 16:45:28.654 1624 4496 D GenericSource: FileSource remote
01-16 16:45:28.671 1832 4007 I MediaFocusControl: requestAudioFocus() from uid/pid 10089/1967 clientId=android.media.AudioManager@9f651e6 callingPack=com.android.systemui req=3 flags=0x0 sdk=29
01-16 16:45:28.679 4460 4478 D EGL_emulation: eglMakeCurrent: 0xe35e2560: ver 3 1 (tinfo 0xd7f6c530)
01-16 16:45:28.721 1577 4491 E ResolverController: No valid NAT64 prefix (101, /0)
01-16 16:45:28.722 4460 4484 D libprotox_x86.so: "Toxcore: network.c (line 508) ERROR: sendpacket attempted to send message of length 113 on uninitialised socket"
01-16 16:45:28.741 1577 4499 E ResolverController: No valid NAT64 prefix (101, /0)
01-16 16:45:28.767 1577 4500 E ResolverController: No valid NAT64 prefix (101, /0)
01-16 16:45:28.768 4460 4484 D libprotox_x86.so: "Toxcore: network.c (line 508) ERROR: sendpacket attempted to send message of length 113 on uninitialised socket"
01-16 16:45:28.770 4460 4484 I chatty : uid=10103(org.protox) identical 2 lines
01-16 16:45:28.772 4460 4484 D libprotox_x86.so: "Toxcore: network.c (line 508) ERROR: sendpacket attempted to send message of length 113 on uninitialised socket"
01-16 16:45:28.779 1967 2226 D EGL_emulation: eglMakeCurrent: 0xe35dad40: ver 3 1 (tinfo 0xc1dd01a0)
01-16 16:45:28.868 1577 4501 E ResolverController: No valid NAT64 prefix (101, /0)
01-16 16:45:28.873 4460 4484 D libprotox_x86.so: "Toxcore: network.c (line 508) ERROR: sendpacket attempted to send message of length 113 on uninitialised socket"
01-16 16:45:28.891 1577 4502 E ResolverController: No valid NAT64 prefix (101, /0)
01-16 16:45:28.894 4460 4484 D libprotox_x86.so: "Toxcore: network.c (line 508) ERROR: sendpacket attempted to send message of length 113 on uninitialised socket"
01-16 16:45:29.112 4460 4484 I chatty : uid=10103(org.protox) identical 13 lines
01-16 16:45:29.115 4460 4484 D libprotox_x86.so: "Toxcore: network.c (line 508) ERROR: sendpacket attempted to send message of length 113 on uninitialised socket"
01-16 16:45:29.173 1624 4495 I GenericSource: start
01-16 16:45:29.173 1967 1967 V MediaRouter: Selecting route: RouteInfo{ name=Phone, description=null, status=null, category=RouteCategory{ name=System types=ROUTE_TYPE_LIVE_AUDIO ROUTE_TYPE_LIVE_VIDEO groupable=false }, supportedTypes=ROUTE_TYPE_LIVE_AUDIO ROUTE_TYPE_LIVE_VIDEO , presentationDisplay=null }
01-16 16:45:29.178 1624 4512 I OMXClient: IOmx service obtained
01-16 16:45:29.178 1628 1773 I OMXMaster: makeComponentInstance(OMX.google.vorbis.decoder) in android.hardwar process
01-16 16:45:29.180 1628 1773 E OMXNodeInstance: setConfig(0xf3618de0:google.vorbis.decoder, ConfigPriority(0x6f800002)) ERROR: Undefined(0x80001001)
01-16 16:45:29.180 1624 4512 I ACodec : codec does not support config priority (err -2147483648)
01-16 16:45:29.180 1628 1773 E OMXNodeInstance: getConfig(0xf3618de0:google.vorbis.decoder, ConfigAndroidVendorExtension(0x6f100004)) ERROR: Undefined(0x80001001)
01-16 16:45:29.180 1624 4512 I MediaCodec: MediaCodec will operate in async mode
01-16 16:45:29.190 1603 1804 D AudioFlinger: Client defaulted notificationFrames to 12064 for frameCount 24129
01-16 16:45:29.191 1603 1804 D AF::TrackHandle: OpPlayAudio: track:61 usage:5 not muted
01-16 16:45:29.195 1583 3101 W audio_hw_generic: Not supplying enough data to HAL, expected position 4753924 , only wrote 4753912
01-16 16:45:29.196 4460 4484 D libprotox_x86.so: "Toxcore: network.c (line 508) ERROR: sendpacket attempted to send message of length 113 on uninitialised socket"
01-16 16:45:29.204 4460 4484 I chatty : uid=10103(org.protox) identical 2 lines
01-16 16:45:29.204 4460 4484 D libprotox_x86.so: "Toxcore: network.c (line 508) ERROR: sendpacket attempted to send message of length 113 on uninitialised socket"
01-16 16:45:29.220 1624 4510 D AudioTrack: getTimestamp_l(14): device stall time corrected using current time 1458314617324
01-16 16:45:29.421 1577 4518 E ResolverController: No valid NAT64 prefix (101, /0)
01-16 16:45:29.422 4460 4484 D libprotox_x86.so: "Toxcore: network.c (line 508) ERROR: sendpacket attempted to send message of length 113 on uninitialised socket"
01-16 16:45:29.764 1832 4402 W NotificationService: Toast already killed. pkg=org.protox callback=android.app.ITransientNotification$Stub$Proxy@666119f
01-16 16:45:29.719 4460 4484 I chatty : uid=10103(org.protox) identical 14 lines
01-16 16:45:29.720 4460 4484 D libprotox_x86.so: "Toxcore: network.c (line 508) ERROR: sendpacket attempted to send message of length 113 on uninitialised socket"
01-16 16:45:29.764 1832 1858 E memtrack: Couldn't load memtrack module
01-16 16:45:29.764 1832 1858 W android.os.Debug: failed to get memory consumption info: -1
01-16 16:45:30.516 1624 4510 D AudioTrack: stop(14): called with 82980 frames delivered
01-16 16:45:31.046 1832 2547 I MediaFocusControl: abandonAudioFocus() from uid/pid 10089/1967 clientId=android.media.AudioManager@9f651e6
01-16 16:45:31.047 1967 4493 V MediaPlayer: resetDrmState: mDrmInfo=null mDrmProvisioningThread=null mPrepareDrmInProgress=false mActiveDrmScheme=false
01-16 16:45:31.047 1967 4493 V MediaPlayer: cleanDrmObj: mDrmObj=null mDrmSessionId=null
01-16 16:45:31.047 1624 2774 D NuPlayerDriver: reset(0xe9934080) at state 6
01-16 16:45:31.053 1624 4495 D NuPlayerDriver: notifyResetComplete(0xe9934080)
01-16 16:45:31.054 1624 2774 W AMessage: failed to post message as target looper for handler 0 is gone.
01-16 16:45:31.261 1832 1852 W WindowManager: Unable to start animation, surface is null or no children.
01-16 16:45:34.111 1583 1775 W audio_hw_generic: Not supplying enough data to HAL, expected position 5185688 , only wrote 4970720
01-16 16:45:37.911 4460 4481 D libprotox_x86.so: "Connection to Tox network is weak (using TCP)."
01-16 16:45:38.032 1624 2774 D NuPlayerDriver: NuPlayerDriver(0xe9934480) created, clientPid(1967)
01-16 16:45:38.033 1624 2774 I Codec2Client: Creating a Codec2 client to service "software"
01-16 16:45:38.033 1624 2774 I Codec2Client: Client to Codec2 service "software" created
01-16 16:45:38.043 1624 4527 D GenericSource: FileSource remote
01-16 16:45:38.056 1832 4233 I MediaFocusControl: requestAudioFocus() from uid/pid 10089/1967 clientId=android.media.AudioManager@3881ed0 callingPack=com.android.systemui req=3 flags=0x0 sdk=29
01-16 16:45:38.557 1624 4526 I GenericSource: start
01-16 16:45:38.559 1967 1967 V MediaRouter: Selecting route: RouteInfo{ name=Phone, description=null, status=null, category=RouteCategory{ name=System types=ROUTE_TYPE_LIVE_AUDIO ROUTE_TYPE_LIVE_VIDEO groupable=false }, supportedTypes=ROUTE_TYPE_LIVE_AUDIO ROUTE_TYPE_LIVE_VIDEO , presentationDisplay=null }
01-16 16:45:38.566 1624 4531 I OMXClient: IOmx service obtained
01-16 16:45:38.566 1628 2186 I OMXMaster: makeComponentInstance(OMX.google.vorbis.decoder) in android.hardwar process
01-16 16:45:38.568 1628 2186 E OMXNodeInstance: setConfig(0xf3618de0:google.vorbis.decoder, ConfigPriority(0x6f800002)) ERROR: Undefined(0x80001001)
01-16 16:45:38.569 1624 4531 I ACodec : codec does not support config priority (err -2147483648)
01-16 16:45:38.569 1628 2186 E OMXNodeInstance: getConfig(0xf3618de0:google.vorbis.decoder, ConfigAndroidVendorExtension(0x6f100004)) ERROR: Undefined(0x80001001)
01-16 16:45:38.570 1624 4531 I MediaCodec: MediaCodec will operate in async mode
01-16 16:45:38.586 1603 1804 D AudioFlinger: Client defaulted notificationFrames to 12064 for frameCount 24129
01-16 16:45:38.587 1603 1804 D AF::TrackHandle: OpPlayAudio: track:62 usage:5 not muted
01-16 16:45:38.590 1583 3101 W audio_hw_generic: Not supplying enough data to HAL, expected position 4970727 , only wrote 4970720
01-16 16:45:39.893 1624 4529 D AudioTrack: stop(15): called with 82980 frames delivered
01-16 16:45:40.437 1832 4034 I MediaFocusControl: abandonAudioFocus() from uid/pid 10089/1967 clientId=android.media.AudioManager@3881ed0
01-16 16:45:40.437 1967 4524 V MediaPlayer: resetDrmState: mDrmInfo=null mDrmProvisioningThread=null mPrepareDrmInProgress=false mActiveDrmScheme=false
01-16 16:45:40.437 1967 4524 V MediaPlayer: cleanDrmObj: mDrmObj=null mDrmSessionId=null
01-16 16:45:40.437 1624 2774 D NuPlayerDriver: reset(0xe9934480) at state 6
01-16 16:45:40.442 1624 4526 D NuPlayerDriver: notifyResetComplete(0xe9934480)
01-16 16:45:40.442 1624 2774 W AMessage: failed to post message as target looper for handler 0 is gone.
01-16 16:45:40.763 1832 1832 W WindowManager: removeWindowToken: Attempted to remove non-existing token: android.os.Binder@c0c36b6
01-16 16:45:40.889 4460 4481 D libprotox_x86.so: "Logout."
01-16 16:45:40.917 4460 4481 W libprotox_x86.so: QSqlDatabasePrivate::removeDatabase: connection 'qt_sql_default_connection' is still in use, all queries will cease to work.
01-16 16:45:40.929 1967 4534 W RingtonePlayer: STOP command without a player
01-16 16:45:40.944 1967 1967 V StatusBar: mStatusBarWindow: com.android.systemui.statusbar.phone.StatusBarWindowView{f1b224a V.E...... ........ 0,0-1080,63} canPanelBeCollapsed(): false
01-16 16:45:43.506 1583 1775 W audio_hw_generic: Not supplying enough data to HAL, expected position 5402436 , only wrote 5187528
01-16 16:45:44.767 1967 1967 D StatusBar: disable disable2
01-16 16:45:44.783 1967 2226 D EGL_emulation: eglMakeCurrent: 0xe35dad40: ver 3 1 (tinfo 0xc1dd01a0)
01-16 16:45:44.787 1593 2349 D gralloc_ranchu: gralloc_alloc: Creating ashmem region of size 8298496
01-16 16:45:44.811 1967 2226 D EGL_emulation: eglMakeCurrent: 0xe35dad40: ver 3 1 (tinfo 0xc1dd01a0)
01-16 16:45:44.832 1593 2349 D gralloc_ranchu: gralloc_alloc: Creating ashmem region of size 8298496
01-16 16:45:44.872 1593 2349 D gralloc_ranchu: gralloc_alloc: Creating ashmem region of size 8298496
01-16 16:45:44.905 1967 1967 D StatusBar: disable disable2
01-16 16:45:46.072 1967 1967 I chatty : uid=10089(com.android.systemui) identical 1 line
01-16 16:45:46.201 1967 1967 D StatusBar: disable disable2
01-16 16:45:46.215 1967 2226 D EGL_emulation: eglMakeCurrent: 0xe35dad40: ver 3 1 (tinfo 0xc1dd01a0)
01-16 16:45:46.217 1593 2349 D gralloc_ranchu: gralloc_alloc: Creating ashmem region of size 274432
01-16 16:45:46.230 1967 2226 D EGL_emulation: eglMakeCurrent: 0xe35dad40: ver 3 1 (tinfo 0xc1dd01a0)
01-16 16:45:46.238 1593 2349 D gralloc_ranchu: gralloc_alloc: Creating ashmem region of size 274432
01-16 16:45:46.254 1593 2349 D gralloc_ranchu: gralloc_alloc: Creating ashmem region of size 274432
01-16 16:45:48.544 1967 1967 I KeyButtonView: Back button event: ACTION_DOWN
01-16 16:45:48.545 1832 1919 V InputDispatcher: Asynchronous input event injection succeeded.
01-16 16:45:48.556 1583 3101 W audio_hw_generic: Not supplying enough data to HAL, expected position 5187534 , only wrote 5187528
01-16 16:45:48.563 1967 2226 D EGL_emulation: eglMakeCurrent: 0xe35dad40: ver 3 1 (tinfo 0xc1dd01a0)
01-16 16:45:48.602 1967 1967 I KeyButtonView: Back button event: ACTION_UP
01-16 16:45:48.605 1832 1850 D AutofillManagerService: onBackKeyPressed()
01-16 16:45:48.605 1832 1919 V InputDispatcher: Asynchronous input event injection succeeded.
01-16 16:45:49.113 1967 1967 I KeyButtonView: Back button event: ACTION_DOWN
01-16 16:45:49.114 1832 1919 V InputDispatcher: Asynchronous input event injection succeeded.
01-16 16:45:49.125 4460 4481 D libprotox_x86.so: "Program exited successfully."
01-16 16:45:49.175 1967 1967 I KeyButtonView: Back button event: ACTION_UP
01-16 16:45:49.176 1832 1919 V InputDispatcher: Asynchronous input event injection succeeded.
01-16 16:45:49.241 4460 4481 W libprotox_x86.so: exit app 0
01-16 16:45:49.256 1832 1858 E memtrack: Couldn't load memtrack module
01-16 16:45:49.256 1832 1858 W android.os.Debug: failed to get memory consumption info: -1
01-16 16:45:49.265 1593 2349 D gralloc_ranchu: gralloc_alloc: Creating ashmem region of size 8298496
01-16 16:45:49.286 1593 2349 D gralloc_ranchu: gralloc_alloc: Creating ashmem region of size 8298496
01-16 16:45:49.298 2170 2555 D EGL_emulation: eglMakeCurrent: 0xeeb04be0: ver 3 1 (tinfo 0xe3671a80)
01-16 16:45:49.316 1593 2349 D gralloc_ranchu: gralloc_alloc: Creating ashmem region of size 8298496
01-16 16:45:49.334 1593 2349 D gralloc_ranchu: gralloc_alloc: Creating ashmem region of size 8298496
01-16 16:45:49.372 1967 2226 D EGL_emulation: eglMakeCurrent: 0xe35dad40: ver 3 1 (tinfo 0xc1dd01a0)
01-16 16:45:49.176 1832 1850 D AutofillManagerService: onBackKeyPressed()
01-16 16:45:49.425 1832 1851 I DropBoxManagerService: add tag=system_app_strictmode isTagEnabled=true flags=0x2
01-16 16:45:49.512 1967 2226 I chatty : uid=10089(com.android.systemui) RenderThread identical 14 lines
01-16 16:45:49.520 1967 2226 D EGL_emulation: eglMakeCurrent: 0xe35dad40: ver 3 1 (tinfo 0xc1dd01a0)
01-16 16:45:49.837 1832 3927 D : HostConnection::get() New Host Connection established 0xbe592200, tid 3927
01-16 16:45:49.839 1832 3927 D : HostComposition ext ANDROID_EMU_CHECKSUM_HELPER_v1 ANDROID_EMU_dma_v1 ANDROID_EMU_direct_mem ANDROID_EMU_host_composition_v1 ANDROID_EMU_host_composition_v2 ANDROID_EMU_async_unmap_buffer GL_OES_EGL_image_external_essl3 GL_OES_vertex_array_object GL_KHR_texture_compression_astc_ldr ANDROID_EMU_gles_max_version_3_1
01-16 16:45:49.840 1832 3927 W OpenGLRenderer: Failed to choose config with EGL_SWAP_BEHAVIOR_PRESERVED, retrying without...
01-16 16:45:49.840 1832 3927 D eglCodecCommon: setVertexArrayObject: set vao to 0 (0) 0 0
01-16 16:45:49.840 1832 3927 D EGL_emulation: eglCreateContext: 0xb39e14a0: maj 3 min 1 rcv 4
01-16 16:45:49.841 1832 3927 D EGL_emulation: eglMakeCurrent: 0xb39e14a0: ver 3 1 (tinfo 0xbe5034f0)
01-16 16:45:49.842 1832 3927 E eglCodecCommon: glUtilsParamSize: unknow param 0x000082da
01-16 16:45:49.842 1832 3927 E eglCodecCommon: glUtilsParamSize: unknow param 0x000082da
01-16 16:45:49.844 4460 4478 D EGL_emulation: eglMakeCurrent: 0xe35e2560: ver 3 1 (tinfo 0xd7f6c530)
01-16 16:45:49.861 1832 3927 D eglCodecCommon: setVertexArrayObject: set vao to 0 (0) 1 0
01-16 16:45:49.957 1967 1967 I KeyButtonView: Back button event: ACTION_DOWN
01-16 16:45:49.959 1832 1919 V InputDispatcher: Asynchronous input event injection succeeded.
01-16 16:45:49.964 1832 1919 W InputDispatcher: channel 'e021c94 PopupWindow:85cb13d (server)' ~ Consumer closed input channel or an error occurred. events=0x9
01-16 16:45:49.964 1832 1919 E InputDispatcher: channel 'e021c94 PopupWindow:85cb13d (server)' ~ Channel is unrecoverably broken and will be disposed!
01-16 16:45:49.964 1832 1919 W InputDispatcher: channel '86ac70b org.protox/org.protox.activity.QtActivityEx (server)' ~ Consumer closed input channel or an error occurred. events=0x9
01-16 16:45:49.964 1832 1919 E InputDispatcher: channel '86ac70b org.protox/org.protox.activity.QtActivityEx (server)' ~ Channel is unrecoverably broken and will be disposed!
01-16 16:45:49.967 1578 1578 I Zygote : Process 4460 exited cleanly (0)
01-16 16:45:49.431 1832 1851 I DropBoxManagerService: add tag=system_app_strictmode isTagEnabled=true flags=0x2
01-16 16:45:49.970 1832 2152 I WindowManager: WIN DEATH: Window{e021c94 u0 PopupWindow:85cb13d}
01-16 16:45:49.970 1832 2152 W InputDispatcher: Attempted to unregister already unregistered input channel 'e021c94 PopupWindow:85cb13d (server)'
01-16 16:45:49.971 1832 4455 I ActivityManager: Process org.protox (pid 4460) has died: cch CRE
01-16 16:45:49.971 1832 1861 I libprocessgroup: Successfully killed process cgroup uid 10103 pid 4460 in 0ms
01-16 16:45:49.976 1832 3011 I WindowManager: WIN DEATH: Window{86ac70b u0 org.protox/org.protox.activity.QtActivityEx}
01-16 16:45:49.976 1832 3011 W InputDispatcher: Attempted to unregister already unregistered input channel '86ac70b org.protox/org.protox.activity.QtActivityEx (server)'
01-16 16:45:49.994 1832 1852 W ActivityManager: setHasOverlayUi called on unknown pid: 4460
01-16 16:45:49.999 1967 1967 I KeyButtonView: Back button event: ACTION_UP
01-16 16:45:50.000 1832 1919 V InputDispatcher: Asynchronous input event injection succeeded.
01-16 16:45:50.004 1832 1850 D AutofillManagerService: onBackKeyPressed()
01-16 16:45:50.028 1832 1843 I system_server: NativeAlloc concurrent copying GC freed 51875(2315KB) AllocSpace objects, 13(468KB) LOS objects, 42% free, 7815KB/13MB, paused 177us total 125.860ms
01-16 16:45:50.116 1967 2226 D EGL_emulation: eglMakeCurrent: 0xe35dad40: ver 3 1 (tinfo 0xc1dd01a0)
01-16 16:45:50.233 1967 2226 I chatty : uid=10089(com.android.systemui) RenderThread identical 14 lines
01-16 16:45:50.237 1967 2226 D EGL_emulation: eglMakeCurrent: 0xe35dad40: ver 3 1 (tinfo 0xc1dd01a0)
01-16 16:45:50.238 1967 1967 I KeyButtonView: Back button event: ACTION_DOWN
01-16 16:45:50.239 1832 1919 V InputDispatcher: Asynchronous input event injection succeeded.
01-16 16:45:50.268 1967 2226 D EGL_emulation: eglMakeCurrent: 0xe35dad40: ver 3 1 (tinfo 0xc1dd01a0)
01-16 16:45:50.270 1967 1967 I KeyButtonView: Back button event: ACTION_UP
01-16 16:45:50.271 1832 1919 V InputDispatcher: Asynchronous input event injection succeeded.
01-16 16:45:50.278 1967 2226 D EGL_emulation: eglMakeCurrent: 0xe35dad40: ver 3 1 (tinfo 0xc1dd01a0)
01-16 16:45:50.272 1832 1850 D AutofillManagerService: onBackKeyPressed()
01-16 16:45:53.016 1832 2483 E TaskPersister: File error accessing recents directory (directory doesn't exist?).
01-16 16:45:53.398 1583 1775 W audio_hw_generic: Not supplying enough data to HAL, expected position 5612713 , only wrote 5401031
01-16 16:45:57.206 1611 4441 I adbd : host-21: read failed: I/O error
01-16 16:45:57.206 1611 4441 I adbd : host-21: connection terminated: read failed
01-16 16:45:57.207 1611 1611 I adbd : host-21: offline
01-16 16:45:57.207 1611 1611 I adbd : destroying transport host-21
01-16 16:45:57.207 1611 1611 I adbd : BlockingConnectionAdapter(host-21): stopping
01-16 16:45:57.208 1611 1611 I adbd : BlockingConnectionAdapter(host-21): stopped
01-16 16:45:57.208 1611 1611 I adbd : BlockingConnectionAdapter(host-21): destructing
01-16 16:45:57.208 1611 1611 I adbd : BlockingConnectionAdapter(host-21): already stopped
01-16 16:45:57.215 1611 4541 I adbd : host-16: write thread spawning
01-16 16:45:57.219 1611 4540 I adbd : host-16: read thread spawning
01-16 16:45:57.221 1611 1611 I adbd : host-16: already offline
01-16 16:45:57.223 1832 3011 D AlarmManagerService: Kernel timezone updated to -120 minutes west of GMT
01-16 16:45:57.229 1832 3011 D timedetector.SimpleTimeDetectorStrategy: Setting system clock using time=TimestampedValue{mReferenceTimeMillis=1486312, mValue=1610891465000} reason=New time signal elapsedRealtimeMillis=1486324 newTimeMillis=1610891465012
01-16 16:45:57.229 1832 3011 D AlarmManagerService: Setting time of day to sec=1610891465
01-17 15:51:05.017 1832 1832 D DevicePolicyManager: updateSystemUpdateFreezePeriodsRecord
01-17 15:51:05.017 1832 1832 D ConditionProviders.SCP: onReceive android.intent.action.TIME_SET
01-17 15:51:05.018 1832 1832 D ConditionProviders.SCP: evaluateSubscriptionLocked cal=ScheduleCalendar[mDays={1, 2, 3, 4, 5, 6, 7}, mSchedule=ScheduleInfo{days=[1, 2, 3, 4, 5, 6, 7], startHour=22, startMinute=0, endHour=7, endMinute=0, exitAtAlarm=true, nextAlarm=Thu Jan 01 03:00:00 GMT+02:00 1970 (0)}], now=Sun Jan 17 15:51:05 GMT+02:00 2021 (1610891465017), nextUserAlarmTime=Thu Jan 01 03:00:00 GMT+02:00 1970 (0)
01-17 15:51:05.018 1832 1832 D ConditionProviders.SCP: notifyCondition condition://android/schedule?days=1.2.3.4.5.6.7&start=22.0&end=7.0&exitAtAlarm=true STATE_FALSE reason=!meetsSchedule
01-17 15:51:05.019 1832 1832 D ConditionProviders.SCP: Scheduling evaluate for Sun Jan 17 22:00:00 GMT+02:00 2021 (1610913600000), in +6h8m54s983ms, now=Sun Jan 17 15:51:05 GMT+02:00 2021 (1610891465017)
01-17 15:51:05.025 1967 1967 D KeyguardClockSwitch: Updating clock: 351
01-17 15:51:05.032 1832 1858 E memtrack: Couldn't load memtrack module
01-17 15:51:05.032 1832 1858 W android.os.Debug: failed to get memory consumption info: -1
