01-17 15:51:05.034 4263 4263 I AlarmClock: AlarmInitReceiver android.intent.action.TIME_SET
01-17 15:51:05.037 4263 4283 I AlarmClock: Fixing alarm instances
01-17 15:51:05.048 4263 4283 V AlarmClock: AlarmInitReceiver finished
01-17 15:51:05.074 1832 1851 I DropBoxManagerService: add tag=system_app_strictmode isTagEnabled=true flags=0x2
01-17 15:51:05.077 1832 1858 I UsageStatsService: Time changed in UsageStats by 83107 seconds
01-17 15:51:05.077 1832 1858 I UsageStatsService: User[0] Flushing usage stats to disk
01-17 15:51:05.164 4263 4263 I DigitalWidgetProvider: onReceive: Intent { act=android.intent.action.TIME_SET flg=0x25200010 cmp=com.android.deskclock/com.android.alarmclock.DigitalAppWidgetProvider }
01-17 15:51:05.165 1832 4536 W BroadcastQueue: Background execution not allowed: receiving Intent { act=com.android.calendar.APPWIDGET_UPDATE flg=0x10 } to com.android.calendar/.widget.CalendarAppWidgetProvider
01-17 15:51:05.962 1832 1858 I UsageStatsDatabase: Time changed by +23h5m7s782ms. files deleted: 0 files moved: 4
01-17 15:51:05.964 1832 1858 I UsageStatsService: User[0] Rollover scheduled @ 2021-01-17 21:03:50(1610910230889)
01-17 15:51:06.978 1967 2226 D EGL_emulation: eglMakeCurrent: 0xe35dad40: ver 3 1 (tinfo 0xc1dd01a0)
01-17 15:51:06.981 1967 1967 I Choreographer: Skipped 116 frames! The application may be doing too much work on its main thread.
01-17 15:51:13.583 1832 2167 I ActivityTaskManager: START u0 {act=android.search.action.GLOBAL_SEARCH flg=0x10000000 cmp=com.android.quicksearchbox/.SearchActivity (has extras)} from uid 10082
01-17 15:51:13.608 1578 1578 D Zygote : Forked child process 4554
01-17 15:51:13.613 4554 4554 W .quicksearchbo: Unexpected CPU variant for X86 using defaults: x86
01-17 15:51:13.613 1832 1860 I ActivityManager: Start proc 4554:com.android.quicksearchbox/u0a91 for activity {com.android.quicksearchbox/com.android.quicksearchbox.SearchActivity}
01-17 15:51:13.657 4554 4554 D ApplicationLoaders: Returning zygote-cached class loader: /system/framework/android.hidl.base-V1.0-java.jar
01-17 15:51:13.657 4554 4554 D ApplicationLoaders: Returning zygote-cached class loader: /system/framework/android.hidl.manager-V1.0-java.jar
01-17 15:51:13.657 4554 4554 D ApplicationLoaders: Returning zygote-cached class loader: /system/framework/android.hidl.base-V1.0-java.jar
01-17 15:51:13.659 4554 4554 I .quicksearchbo: The ClassLoaderContext is a special shared library.
01-17 15:51:13.661 4554 4554 I .quicksearchbo: The ClassLoaderContext is a special shared library.
01-17 15:51:13.691 1606 1959 E SurfaceFlinger: ro.sf.lcd_density must be defined as a build property
01-17 15:51:13.691 1606 1959 E SurfaceFlinger: ro.sf.lcd_density must be defined as a build property
01-17 15:51:13.696 4554 4576 D libEGL : Emulator has host GPU support, qemu.gles is set to 1.
01-17 15:51:13.755 4554 4576 W libc : Unable to set property "qemu.gles" to "1": connection failed; errno=13 (Permission denied)
01-17 15:51:13.682 4554 4554 W RenderThread: type=1400 audit(0.0:44): avc: denied { write } for name="property_service" dev="tmpfs" ino=6051 scontext=u:r:untrusted_app_27:s0:c91,c256,c512,c768 tcontext=u:object_r:property_socket:s0 tclass=sock_file permissive=0 app=com.android.quicksearchbox
01-17 15:51:13.762 4554 4576 D libEGL : loaded /vendor/lib/egl/libEGL_emulation.so
01-17 15:51:13.769 4554 4576 D libEGL : loaded /vendor/lib/egl/libGLESv1_CM_emulation.so
01-17 15:51:13.772 4554 4576 D libEGL : loaded /vendor/lib/egl/libGLESv2_emulation.so
01-17 15:51:13.875 4554 4574 D : HostConnection::get() New Host Connection established 0xdb533190, tid 4574
01-17 15:51:13.891 4554 4574 D : HostComposition ext ANDROID_EMU_CHECKSUM_HELPER_v1 ANDROID_EMU_dma_v1 ANDROID_EMU_direct_mem ANDROID_EMU_host_composition_v1 ANDROID_EMU_host_composition_v2 ANDROID_EMU_async_unmap_buffer GL_OES_EGL_image_external_essl3 GL_OES_vertex_array_object GL_KHR_texture_compression_astc_ldr ANDROID_EMU_gles_max_version_3_1
01-17 15:51:14.138 4554 4574 W OpenGLRenderer: Failed to choose config with EGL_SWAP_BEHAVIOR_PRESERVED, retrying without...
01-17 15:51:14.144 4554 4574 D eglCodecCommon: setVertexArrayObject: set vao to 0 (0) 0 0
01-17 15:51:14.144 4554 4574 D EGL_emulation: eglCreateContext: 0xdb51a120: maj 3 min 1 rcv 4
01-17 15:51:14.146 4554 4574 D EGL_emulation: eglMakeCurrent: 0xdb51a120: ver 3 1 (tinfo 0xdb50f7c0)
01-17 15:51:14.147 4554 4574 E eglCodecCommon: glUtilsParamSize: unknow param 0x000082da
01-17 15:51:14.147 4554 4574 E eglCodecCommon: glUtilsParamSize: unknow param 0x000082da
01-17 15:51:14.153 1593 2349 D gralloc_ranchu: gralloc_alloc: Creating ashmem region of size 8298496
01-17 15:51:14.173 1478 1478 I hwservicemanager: getTransport: Cannot find entry android.hardware.graphics.mapper@3.0::IMapper/default in either framework or device manifest.
01-17 15:51:14.173 4554 4574 W Gralloc3: mapper 3.x is not supported
01-17 15:51:14.176 4554 4574 D : createUnique: call
01-17 15:51:14.177 4554 4574 D : HostConnection::get() New Host Connection established 0xdb5335f0, tid 4574
01-17 15:51:14.181 4554 4574 D : HostComposition ext ANDROID_EMU_CHECKSUM_HELPER_v1 ANDROID_EMU_dma_v1 ANDROID_EMU_direct_mem ANDROID_EMU_host_composition_v1 ANDROID_EMU_host_composition_v2 ANDROID_EMU_async_unmap_buffer GL_OES_EGL_image_external_essl3 GL_OES_vertex_array_object GL_KHR_texture_compression_astc_ldr ANDROID_EMU_gles_max_version_3_1
01-17 15:51:14.182 4554 4574 D eglCodecCommon: allocate: Ask for block of size 0x1000
01-17 15:51:14.182 4554 4574 D eglCodecCommon: allocate: ioctl allocate returned offset 0x3ffff6000 size 0x2000
01-17 15:51:14.184 1593 2349 D gralloc_ranchu: gralloc_alloc: Creating ashmem region of size 8298496
01-17 15:51:14.205 4554 4574 D EGL_emulation: eglMakeCurrent: 0xdb51a120: ver 3 1 (tinfo 0xdb50f7c0)
01-17 15:51:14.205 1593 2349 D gralloc_ranchu: gralloc_alloc: Creating ashmem region of size 8298496
01-17 15:51:14.231 4554 4574 D eglCodecCommon: setVertexArrayObject: set vao to 0 (0) 0 0
01-17 15:51:14.302 1832 1919 W WindowManager: Failed looking up window callers=com.android.server.wm.InputManagerCallback.interceptKeyBeforeDispatching:182 com.android.server.input.InputManagerService.interceptKeyBeforeDispatching:1839
01-17 15:51:14.540 1832 1858 I ActivityTaskManager: Displayed com.android.quicksearchbox/.SearchActivity: +953ms
01-17 15:51:14.540 4554 4554 I QSB.SuggestionsProviderImpl: chars:0,source:Source{name=com.android.quicksearchbox/.google.GoogleSearch}
01-17 15:51:14.557 2229 2229 I LatinIME: Starting input. Cursor position = 1,1
01-17 15:51:14.616 1967 2226 D EGL_emulation: eglMakeCurrent: 0xe35dad40: ver 3 1 (tinfo 0xc1dd01a0)
01-17 15:51:14.625 1593 2349 D gralloc_ranchu: gralloc_alloc: Creating ashmem region of size 8024064
01-17 15:51:14.666 1593 2349 D gralloc_ranchu: gralloc_alloc: Creating ashmem region of size 8024064
01-17 15:51:14.680 2229 3872 D EGL_emulation: eglMakeCurrent: 0xe35daf80: ver 3 1 (tinfo 0xd8089850)
01-17 15:51:14.683 1593 2349 D gralloc_ranchu: gralloc_alloc: Creating ashmem region of size 8024064
01-17 15:51:17.223 1832 2483 E TaskPersister: File error accessing recents directory (directory doesn't exist?).
01-17 15:51:18.177 1832 4536 D AlarmManagerService: Kernel timezone updated to -120 minutes west of GMT
01-17 15:51:27.835 1967 1967 V DeadZone: consuming errant click: (251.97144,75.90234)
01-17 15:51:32.775 1693 1693 E netmgr : Failed to open QEMU pipe 'qemud:network': Invalid argument
01-17 15:51:32.775 1693 1693 E netmgr : WifiForwarder unable to open QEMU pipe: Invalid argument
01-17 15:51:35.120 1967 1967 I KeyButtonView: Back button event: ACTION_DOWN
01-17 15:51:35.121 1832 1919 V InputDispatcher: Asynchronous input event injection succeeded.
01-17 15:51:35.127 1583 3101 W audio_hw_generic: Not supplying enough data to HAL, expected position 5401084 , only wrote 5401031
01-17 15:51:35.284 1967 1967 I KeyButtonView: Back button event: ACTION_UP
01-17 15:51:27.836 1967 1967 I chatty : uid=10089(com.android.systemui) identical 2 lines
01-17 15:51:27.836 1967 1967 V DeadZone: consuming errant click: (251.97144,75.90234)
01-17 15:51:35.286 1832 1850 D AutofillManagerService: onBackKeyPressed()
01-17 15:51:35.286 1832 1919 V InputDispatcher: Asynchronous input event injection succeeded.
01-17 15:51:35.293 1832 1858 E memtrack: Couldn't load memtrack module
01-17 15:51:35.293 1832 1858 W android.os.Debug: failed to get memory consumption info: -1
01-17 15:51:35.297 2229 3872 D EGL_emulation: eglMakeCurrent: 0xe35daf80: ver 3 1 (tinfo 0xd8089850)
01-17 15:51:35.312 1832 1858 E memtrack: Couldn't load memtrack module
01-17 15:51:35.312 1832 1858 W android.os.Debug: failed to get memory consumption info: -1
01-17 15:51:36.010 1967 1967 I KeyButtonView: Back button event: ACTION_DOWN
01-17 15:51:36.011 1832 1919 V InputDispatcher: Asynchronous input event injection succeeded.
01-17 15:51:36.100 1967 1967 I KeyButtonView: Back button event: ACTION_UP
01-17 15:51:36.102 1832 1919 V InputDispatcher: Asynchronous input event injection succeeded.
01-17 15:51:36.130 1593 2349 D gralloc_ranchu: gralloc_alloc: Creating ashmem region of size 8298496
01-17 15:51:36.330 4554 4574 D EGL_emulation: eglMakeCurrent: 0xdb51a120: ver 3 1 (tinfo 0xdb50f7c0)
01-17 15:51:36.329 1832 1852 W system_server: Long monitor contention with owner Binder:1832_B (3011) at void com.android.server.wm.ActivityTaskManagerService.activityPaused(android.os.IBinder)(ActivityTaskManagerService.java:1696) waiters=0 in void com.android.server.wm.WindowManagerService.notifyFocusChanged() for 213ms
01-17 15:51:36.333 1832 2167 W system_server: Long monitor contention with owner Binder:1832_B (3011) at void com.android.server.wm.ActivityTaskManagerService.activityPaused(android.os.IBinder)(ActivityTaskManagerService.java:1696) waiters=4 in int com.android.server.wm.ActivityTaskManagerService.getLastResumedActivityUserId() for 205ms
01-17 15:51:36.405 1593 2349 D gralloc_ranchu: gralloc_alloc: Creating ashmem region of size 2076672
01-17 15:51:36.425 1832 3941 D : HostConnection::get() New Host Connection established 0xbe591df0, tid 3941
01-17 15:51:36.425 1832 3941 D : HostComposition ext ANDROID_EMU_CHECKSUM_HELPER_v1 ANDROID_EMU_dma_v1 ANDROID_EMU_direct_mem ANDROID_EMU_host_composition_v1 ANDROID_EMU_host_composition_v2 ANDROID_EMU_async_unmap_buffer GL_OES_EGL_image_external_essl3 GL_OES_vertex_array_object GL_KHR_texture_compression_astc_ldr ANDROID_EMU_gles_max_version_3_1
01-17 15:51:36.426 1832 3941 W OpenGLRenderer: Failed to choose config with EGL_SWAP_BEHAVIOR_PRESERVED, retrying without...
01-17 15:51:36.436 1832 3941 D eglCodecCommon: setVertexArrayObject: set vao to 0 (0) 0 0
01-17 15:51:36.436 1832 3941 D EGL_emulation: eglCreateContext: 0xdb51a840: maj 3 min 1 rcv 4
01-17 15:51:36.440 1832 3941 D EGL_emulation: eglMakeCurrent: 0xdb51a840: ver 3 1 (tinfo 0xdb5f7310)
01-17 15:51:36.441 1832 3941 E eglCodecCommon: glUtilsParamSize: unknow param 0x000082da
01-17 15:51:36.441 1832 3941 E eglCodecCommon: glUtilsParamSize: unknow param 0x000082da
01-17 15:51:36.490 1593 2349 D gralloc_ranchu: gralloc_alloc: Creating ashmem region of size 2076672
01-17 15:51:36.517 1967 1982 I ndroid.systemu: NativeAlloc concurrent copying GC freed 115022(2913KB) AllocSpace objects, 0(0B) LOS objects, 49% free, 4327KB/8655KB, paused 213us total 119.103ms
01-17 15:51:36.582 1832 1843 I system_server: NativeAlloc concurrent copying GC freed 27368(1653KB) AllocSpace objects, 15(540KB) LOS objects, 42% free, 7510KB/12MB, paused 171us total 123.685ms
01-17 15:51:38.038 1967 2226 D EGL_emulation: eglMakeCurrent: 0xe35dad40: ver 3 1 (tinfo 0xc1dd01a0)
01-17 15:51:38.176 1967 2226 I chatty : uid=10089(com.android.systemui) RenderThread identical 16 lines
01-17 15:51:38.196 1967 2226 D EGL_emulation: eglMakeCurrent: 0xe35dad40: ver 3 1 (tinfo 0xc1dd01a0)
01-17 15:51:39.144 1583 1775 W audio_hw_generic: Not supplying enough data to HAL, expected position 5753471 , only wrote 5578179
01-17 15:51:36.102 1832 1850 D AutofillManagerService: onBackKeyPressed()
01-17 15:51:39.774 1832 2167 I ActivityTaskManager: START u0 {act=android.intent.action.MAIN cat=[android.intent.category.LAUNCHER] flg=0x10200000 cmp=org.protox/.activity.QtActivityEx bnds=[843,503][1045,780]} from uid 10082
01-17 15:51:39.777 1583 3101 W audio_hw_generic: Not supplying enough data to HAL, expected position 5578184 , only wrote 5578179
01-17 15:51:39.834 1578 1578 D Zygote : Forked child process 4586
01-17 15:51:39.846 1832 1853 E system_server: Invalid ID 0x00000000.
01-17 15:51:39.848 1832 1860 I ActivityManager: Start proc 4586:org.protox/u0a103 for activity {org.protox/org.protox.activity.QtActivityEx}
01-17 15:51:39.858 4586 4586 W org.protox: Unexpected CPU variant for X86 using defaults: x86
01-17 15:51:39.912 1583 3101 W audio_hw_generic: Not supplying enough data to HAL, expected position 5584156 , only wrote 5584128
01-17 15:51:39.912 1583 3101 W audio_hw_generic: Not supplying enough data to HAL, expected position 5584137 , only wrote 5584128
01-17 15:51:39.926 1593 2349 D gralloc_ranchu: gralloc_alloc: Creating ashmem region of size 8298496
01-17 15:51:39.992 4586 4586 W System : ClassLoader referenced unknown path:
01-17 15:51:40.021 1593 2349 D gralloc_ranchu: gralloc_alloc: Creating ashmem region of size 8298496
01-17 15:51:40.034 4586 4586 D Qt JAVA : Class org.qtproject.qt5.android.multimedia.QtMultimediaUtils does not implement setActivity method
01-17 15:51:40.043 4586 4606 I QtCore : Start
01-17 15:51:40.045 1606 1740 E SurfaceFlinger: ro.sf.lcd_density must be defined as a build property
01-17 15:51:40.045 1606 1740 E SurfaceFlinger: ro.sf.lcd_density must be defined as a build property
01-17 15:51:40.054 4586 4607 D libEGL : Emulator has host GPU support, qemu.gles is set to 1.
01-17 15:51:40.056 4586 4607 W libc : Unable to set property "qemu.gles" to "1": connection failed; errno=13 (Permission denied)
01-17 15:51:40.066 4586 4607 D libEGL : loaded /vendor/lib/egl/libEGL_emulation.so
01-17 15:51:40.068 4586 4607 D libEGL : loaded /vendor/lib/egl/libGLESv1_CM_emulation.so
01-17 15:51:40.070 4586 4607 D libEGL : loaded /vendor/lib/egl/libGLESv2_emulation.so
01-17 15:51:40.114 1594 1594 W EmuHWC2 : validate: layer 83 CompositionType 1, fallback
01-17 15:51:40.042 4586 4586 W RenderThread: type=1400 audit(0.0:45): avc: denied { write } for name="property_service" dev="tmpfs" ino=6051 scontext=u:r:untrusted_app:s0:c103,c256,c512,c768 tcontext=u:object_r:property_socket:s0 tclass=sock_file permissive=0 app=org.protox
01-17 15:51:40.173 1594 1594 W EmuHWC2 : validate: layer 83 CompositionType 1, fallback
01-17 15:51:40.173 4586 4606 I Qt : qt started
01-17 15:51:40.230 1594 1594 W EmuHWC2 : validate: layer 83 CompositionType 1, fallback
01-17 15:51:40.264 1967 2226 D EGL_emulation: eglMakeCurrent: 0xe35dad40: ver 3 1 (tinfo 0xc1dd01a0)
01-17 15:51:40.269 1967 2226 D EGL_emulation: eglMakeCurrent: 0xe35dad40: ver 3 1 (tinfo 0xc1dd01a0)
01-17 15:51:40.276 1594 1594 W EmuHWC2 : validate: layer 83 CompositionType 1, fallback
01-17 15:51:40.325 1594 1594 I chatty : uid=1000(system) composer@2.1-se identical 1 line
01-17 15:51:40.336 1594 1594 W EmuHWC2 : validate: layer 83 CompositionType 1, fallback
01-17 15:51:40.345 1967 2226 D EGL_emulation: eglMakeCurrent: 0xe35dad40: ver 3 1 (tinfo 0xc1dd01a0)
01-17 15:51:40.353 1967 2226 D EGL_emulation: eglMakeCurrent: 0xe35dad40: ver 3 1 (tinfo 0xc1dd01a0)
01-17 15:51:40.355 1594 1594 W EmuHWC2 : validate: layer 83 CompositionType 1, fallback
01-17 15:51:40.377 1594 1594 W EmuHWC2 : validate: layer 83 CompositionType 1, fallback
01-17 15:51:40.377 4586 4604 D : HostConnection::get() New Host Connection established 0xd800ad70, tid 4604
01-17 15:51:40.386 1967 2226 D EGL_emulation: eglMakeCurrent: 0xe35dad40: ver 3 1 (tinfo 0xc1dd01a0)
01-17 15:51:40.393 4586 4604 D : HostComposition ext ANDROID_EMU_CHECKSUM_HELPER_v1 ANDROID_EMU_dma_v1 ANDROID_EMU_direct_mem ANDROID_EMU_host_composition_v1 ANDROID_EMU_host_composition_v2 ANDROID_EMU_async_unmap_buffer GL_OES_EGL_image_external_essl3 GL_OES_vertex_array_object GL_KHR_texture_compression_astc_ldr ANDROID_EMU_gles_max_version_3_1
01-17 15:51:40.396 4586 4604 W OpenGLRenderer: Failed to choose config with EGL_SWAP_BEHAVIOR_PRESERVED, retrying without...
01-17 15:51:40.398 1594 1594 W EmuHWC2 : validate: layer 83 CompositionType 1, fallback
01-17 15:51:40.399 4586 4604 D eglCodecCommon: setVertexArrayObject: set vao to 0 (0) 0 0
01-17 15:51:40.399 4586 4604 D EGL_emulation: eglCreateContext: 0xe367cde0: maj 3 min 1 rcv 4
01-17 15:51:40.407 4586 4604 D EGL_emulation: eglMakeCurrent: 0xe367cde0: ver 3 1 (tinfo 0xd7f6e340)
01-17 15:51:40.408 4586 4604 E eglCodecCommon: glUtilsParamSize: unknow param 0x000082da
01-17 15:51:40.408 4586 4604 E eglCodecCommon: glUtilsParamSize: unknow param 0x000082da
01-17 15:51:40.414 1593 2349 D gralloc_ranchu: gralloc_alloc: Creating ashmem region of size 8298496
01-17 15:51:40.420 1594 1594 W EmuHWC2 : validate: layer 83 CompositionType 1, fallback
01-17 15:51:40.428 4586 4606 D : "App started."
01-17 15:51:40.433 1478 1478 I hwservicemanager: getTransport: Cannot find entry android.hardware.graphics.mapper@3.0::IMapper/default in either framework or device manifest.
01-17 15:51:40.433 4586 4604 W Gralloc3: mapper 3.x is not supported
01-17 15:51:40.435 4586 4604 D : createUnique: call
01-17 15:51:40.436 4586 4604 D : HostConnection::get() New Host Connection established 0xd800cf80, tid 4604
01-17 15:51:40.441 4586 4604 D : HostComposition ext ANDROID_EMU_CHECKSUM_HELPER_v1 ANDROID_EMU_dma_v1 ANDROID_EMU_direct_mem ANDROID_EMU_host_composition_v1 ANDROID_EMU_host_composition_v2 ANDROID_EMU_async_unmap_buffer GL_OES_EGL_image_external_essl3 GL_OES_vertex_array_object GL_KHR_texture_compression_astc_ldr ANDROID_EMU_gles_max_version_3_1
01-17 15:51:40.441 4586 4604 D eglCodecCommon: allocate: Ask for block of size 0x1000
01-17 15:51:40.441 4586 4604 D eglCodecCommon: allocate: ioctl allocate returned offset 0x3ff7ff000 size 0x2000
01-17 15:51:40.443 1594 1594 W EmuHWC2 : validate: layer 83 CompositionType 1, fallback
01-17 15:51:40.452 1593 2349 D gralloc_ranchu: gralloc_alloc: Creating ashmem region of size 8298496
01-17 15:51:40.464 1594 1594 W EmuHWC2 : validate: layer 83 CompositionType 1, fallback
01-17 15:51:40.468 1967 2226 D EGL_emulation: eglMakeCurrent: 0xe35dad40: ver 3 1 (tinfo 0xc1dd01a0)
01-17 15:51:40.470 4586 4604 D EGL_emulation: eglMakeCurrent: 0xe367cde0: ver 3 1 (tinfo 0xd7f6e340)
01-17 15:51:40.486 4586 4604 D eglCodecCommon: setVertexArrayObject: set vao to 0 (0) 1 0
01-17 15:51:40.503 1967 2226 D EGL_emulation: eglMakeCurrent: 0xe35dad40: ver 3 1 (tinfo 0xc1dd01a0)
01-17 15:51:40.505 1593 1593 D gralloc_ranchu: gralloc_alloc: Creating ashmem region of size 8298496
01-17 15:51:40.508 1606 1606 E Layer : [Surface(name=AppWindowToken{41e3c89 token=Token{af84b90 ActivityRecord{8daa653 u0 com.android.launcher3/.Launcher t8}}})/@0xa15b46d - animation-leash#0] No local sync point found
01-17 15:51:40.508 1606 1606 E Layer : [Surface(name=AppWindowToken{41e3c89 token=Token{af84b90 ActivityRecord{8daa653 u0 com.android.launcher3/.Launcher t8}}})/@0xa15b46d - animation-leash#0] No local sync point found
01-17 15:51:40.508 1606 1606 E Layer : [Surface(name=AppWindowToken{b552cfc token=Token{f79b9ef ActivityRecord{4e366ce u0 org.protox/.activity.QtActivityEx t21}}})/@0xcbbcd2c - animation-leash#0] No local sync point found
01-17 15:51:40.508 1606 1606 E Layer : [Surface(name=AppWindowToken{b552cfc token=Token{f79b9ef ActivityRecord{4e366ce u0 org.protox/.activity.QtActivityEx t21}}})/@0xcbbcd2c - animation-leash#0] No local sync point found
01-17 15:51:40.528 1606 1606 E Layer : [Surface(name=AppWindowToken{41e3c89 token=Token{af84b90 ActivityRecord{8daa653 u0 com.android.launcher3/.Launcher t8}}})/@0xa15b46d - animation-leash#0] No local sync point found
01-17 15:51:40.528 1606 1606 E Layer : [Surface(name=AppWindowToken{b552cfc token=Token{f79b9ef ActivityRecord{4e366ce u0 org.protox/.activity.QtActivityEx t21}}})/@0xcbbcd2c - animation-leash#0] No local sync point found
01-17 15:51:40.589 1967 2226 D EGL_emulation: eglMakeCurrent: 0xe35dad40: ver 3 1 (tinfo 0xc1dd01a0)
01-17 15:51:40.601 2170 2555 D EGL_emulation: eglMakeCurrent: 0xeeb04be0: ver 3 1 (tinfo 0xe3671a80)
01-17 15:51:40.643 1832 1858 I ActivityTaskManager: Displayed org.protox/.activity.QtActivityEx: +863ms
01-17 15:51:40.654 1832 2167 I ActivityTaskManager: START u0 {act=android.settings.MANAGE_APP_ALL_FILES_ACCESS_PERMISSION} from uid 10103
01-17 15:51:40.664 1593 1593 D gralloc_ranchu: gralloc_alloc: Creating ashmem region of size 8192
01-17 15:51:40.668 1593 1593 I chatty : uid=1000(system) allocator@2.0-s identical 1 line
01-17 15:51:40.683 1593 1593 D gralloc_ranchu: gralloc_alloc: Creating ashmem region of size 8192
01-17 15:51:40.992 4586 4606 D : HostConnection::get() New Host Connection established 0xc07d3270, tid 4606
01-17 15:51:40.992 4586 4606 D : HostComposition ext ANDROID_EMU_CHECKSUM_HELPER_v1 ANDROID_EMU_dma_v1 ANDROID_EMU_direct_mem ANDROID_EMU_host_composition_v1 ANDROID_EMU_host_composition_v2 ANDROID_EMU_async_unmap_buffer GL_OES_EGL_image_external_essl3 GL_OES_vertex_array_object GL_KHR_texture_compression_astc_ldr ANDROID_EMU_gles_max_version_3_1
01-17 15:51:40.993 4586 4606 D eglCodecCommon: setVertexArrayObject: set vao to 0 (0) 0 0
01-17 15:51:40.993 4586 4606 D EGL_emulation: eglCreateContext: 0xc07c8480: maj 3 min 1 rcv 4
01-17 15:51:40.998 4586 4606 D EGL_emulation: eglMakeCurrent: 0xc07c8480: ver 3 1 (tinfo 0xd80d9d50)
01-17 15:51:40.999 4586 4606 E eglCodecCommon: glUtilsParamSize: unknow param 0x000082da
01-17 15:51:40.999 4586 4606 E eglCodecCommon: glUtilsParamSize: unknow param 0x000082da
01-17 15:51:41.002 4586 4606 D EGL_emulation: eglMakeCurrent: 0xc07c8480: ver 3 1 (tinfo 0xd80d9d50)
01-17 15:51:41.245 1832 2483 E TaskPersister: File error accessing recents directory (directory doesn't exist?).
01-17 15:51:41.494 4586 4606 D eglCodecCommon: setVertexArrayObject: set vao to 0 (0) 0 0
01-17 15:51:41.494 4586 4606 D EGL_emulation: eglCreateContext: 0xbc7260a0: maj 3 min 1 rcv 4
01-17 15:51:41.495 4586 4606 D EGL_emulation: eglMakeCurrent: 0xbc7260a0: ver 3 1 (tinfo 0xd80d9d50)
01-17 15:51:41.556 1593 1593 D gralloc_ranchu: gralloc_alloc: Creating ashmem region of size 7479296
01-17 15:51:41.573 4586 4611 D : HostConnection::get() New Host Connection established 0xb9535350, tid 4611
01-17 15:51:41.573 4586 4611 D : HostComposition ext ANDROID_EMU_CHECKSUM_HELPER_v1 ANDROID_EMU_dma_v1 ANDROID_EMU_direct_mem ANDROID_EMU_host_composition_v1 ANDROID_EMU_host_composition_v2 ANDROID_EMU_async_unmap_buffer GL_OES_EGL_image_external_essl3 GL_OES_vertex_array_object GL_KHR_texture_compression_astc_ldr ANDROID_EMU_gles_max_version_3_1
01-17 15:51:41.574 4586 4611 D EGL_emulation: eglMakeCurrent: 0xbc7260a0: ver 3 1 (tinfo 0xc084a470)
01-17 15:51:42.073 1593 1593 D gralloc_ranchu: gralloc_alloc: Creating ashmem region of size 7479296
01-17 15:51:42.114 1593 1593 D gralloc_ranchu: gralloc_alloc: Creating ashmem region of size 7479296
01-17 15:51:42.776 1583 3101 W audio_hw_generic: Not supplying enough data to HAL, expected position 5710438 , only wrote 5710379
01-17 15:51:42.881 1583 1775 W audio_hw_generic: Not supplying enough data to HAL, expected position 5718668 , only wrote 5715006
01-17 15:51:44.745 2229 2229 I LatinIME: Starting input. Cursor position = -1,-1
01-17 15:51:44.751 1593 1593 D gralloc_ranchu: gralloc_alloc: Creating ashmem region of size 16384
01-17 15:51:44.763 1593 1593 D gralloc_ranchu: gralloc_alloc: Creating ashmem region of size 16384
01-17 15:51:44.765 4586 4604 D EGL_emulation: eglMakeCurrent: 0xe367cde0: ver 3 1 (tinfo 0xd7f6e340)
01-17 15:51:44.765 1593 1593 D gralloc_ranchu: gralloc_alloc: Creating ashmem region of size 16384
01-17 15:51:44.820 4586 4586 W IInputConnectionWrapper: getSelectedText on inactive InputConnection
01-17 15:51:44.821 4586 4586 W IInputConnectionWrapper: requestCursorAnchorInfo on inactive InputConnection
01-17 15:51:44.826 4586 4586 W IInputConnectionWrapper: getTextBeforeCursor on inactive InputConnection
01-17 15:51:44.826 2229 2229 E RichInputConnection: Unable to connect to the editor to retrieve text.
01-17 15:51:44.826 2229 2229 D RichInputConnection: Will try to retrieve text later.
01-17 15:51:44.829 4586 4586 W IInputConnectionWrapper: getTextBeforeCursor on inactive InputConnection
01-17 15:51:44.829 2229 2229 E RichInputConnection: Unable to connect to the editor to retrieve text.
01-17 15:51:44.829 2229 2229 W RichInputConnection: Unable to connect to the editor. Setting caps mode without knowing text.
01-17 15:51:44.843 2229 2229 I LatinIME: Starting input. Cursor position = -1,-1
01-17 15:51:44.844 4586 4586 W IInputConnectionWrapper: getTextBeforeCursor on inactive InputConnection
01-17 15:51:44.844 4586 4586 W IInputConnectionWrapper: getSelectedText on inactive InputConnection
01-17 15:51:44.845 4586 4586 W IInputConnectionWrapper: requestCursorAnchorInfo on inactive InputConnection
01-17 15:51:44.846 4586 4586 W IInputConnectionWrapper: getTextBeforeCursor on inactive InputConnection
01-17 15:51:44.846 2229 2229 E RichInputConnection: Unable to connect to the editor to retrieve text.
01-17 15:51:44.846 2229 2229 D RichInputConnection: Will try to retrieve text later.
01-17 15:51:44.846 4586 4586 W IInputConnectionWrapper: getTextBeforeCursor on inactive InputConnection
01-17 15:51:44.847 2229 2229 E RichInputConnection: Unable to connect to the editor to retrieve text.
01-17 15:51:44.847 2229 2229 W RichInputConnection: Unable to connect to the editor. Setting caps mode without knowing text.
01-17 15:51:44.847 4586 4586 W IInputConnectionWrapper: getTextBeforeCursor on inactive InputConnection
01-17 15:51:44.847 2229 2229 E RichInputConnection: Unable to connect to the editor to retrieve text.
01-17 15:51:44.847 2229 2229 W RichInputConnection: Unable to connect to the editor. Setting caps mode without knowing text.
01-17 15:51:44.854 2229 2229 I LatinIME: Starting input. Cursor position = -1,-1
01-17 15:51:44.867 1593 1593 D gralloc_ranchu: gralloc_alloc: Creating ashmem region of size 8024064
01-17 15:51:44.883 1593 2349 D gralloc_ranchu: gralloc_alloc: Creating ashmem region of size 8024064
01-17 15:51:44.899 2229 3872 D EGL_emulation: eglMakeCurrent: 0xe35daf80: ver 3 1 (tinfo 0xd8089850)
01-17 15:51:44.901 1593 1593 D gralloc_ranchu: gralloc_alloc: Creating ashmem region of size 8024064
01-17 15:51:44.936 1593 2349 D gralloc_ranchu: gralloc_alloc: Creating ashmem region of size 8192
01-17 15:51:44.988 4586 4604 D EGL_emulation: eglMakeCurrent: 0xe367cde0: ver 3 1 (tinfo 0xd7f6e340)
01-17 15:51:46.828 1832 2152 E InputDispatcher: Window handle Window{cbd518c u0 PopupWindow:4eddb56} has no registered input channel
01-17 15:51:46.840 2229 3872 D EGL_emulation: eglMakeCurrent: 0xe35daf80: ver 3 1 (tinfo 0xd8089850)
01-17 15:51:46.869 1593 1593 D gralloc_ranchu: gralloc_alloc: Creating ashmem region of size 8192
01-17 15:51:47.645 1593 1593 D gralloc_ranchu: gralloc_alloc: Creating ashmem region of size 233472
01-17 15:51:47.648 1593 1593 D gralloc_ranchu: gralloc_alloc: Creating ashmem region of size 233472
01-17 15:51:47.649 4586 4604 D EGL_emulation: eglMakeCurrent: 0xe367cde0: ver 3 1 (tinfo 0xd7f6e340)
01-17 15:51:47.649 1593 1593 D gralloc_ranchu: gralloc_alloc: Creating ashmem region of size 233472
01-17 15:51:48.320 4586 4606 D libprotox_x86.so: "Bootstrapping..."
01-17 15:51:48.322 4586 4609 D libprotox_x86.so: "Toxcore: network.c (line 508) ERROR: sendpacket attempted to send message of length 113 on uninitialised socket"
01-17 15:51:48.327 4586 4609 I chatty : uid=10103(org.protox) identical 1 line
01-17 15:51:48.327 4586 4609 D libprotox_x86.so: "Toxcore: network.c (line 508) ERROR: sendpacket attempted to send message of length 113 on uninitialised socket"
01-17 15:51:48.380 4586 4604 D EGL_emulation: eglMakeCurrent: 0xe367cde0: ver 3 1 (tinfo 0xd7f6e340)
01-17 15:51:48.411 1577 4617 E ResolverController: No valid NAT64 prefix (101, /0)
01-17 15:51:48.414 4586 4609 D libprotox_x86.so: "Toxcore: network.c (line 508) ERROR: sendpacket attempted to send message of length 113 on uninitialised socket"
01-17 15:51:48.431 1577 4618 E ResolverController: No valid NAT64 prefix (101, /0)
01-17 15:51:48.439 1832 1938 D NotificationSQLiteLog: Pruned event entries: 0
01-17 15:51:48.440 1577 4619 E ResolverController: No valid NAT64 prefix (101, /0)
01-17 15:51:48.441 4586 4609 D libprotox_x86.so: "Toxcore: network.c (line 508) ERROR: sendpacket attempted to send message of length 113 on uninitialised socket"
01-17 15:51:48.441 4586 4609 I chatty : uid=10103(org.protox) identical 2 lines
01-17 15:51:48.442 4586 4609 D libprotox_x86.so: "Toxcore: network.c (line 508) ERROR: sendpacket attempted to send message of length 113 on uninitialised socket"
01-17 15:51:48.446 1624 2774 D NuPlayerDriver: NuPlayerDriver(0xe9934080) created, clientPid(1967)
01-17 15:51:48.450 1624 2774 I Codec2Client: Creating a Codec2 client to service "software"
01-17 15:51:48.451 1624 2774 I Codec2Client: Client to Codec2 service "software" created
01-17 15:51:48.454 1624 4625 D GenericSource: FileSource remote
01-17 15:51:48.465 1832 4536 I MediaFocusControl: requestAudioFocus() from uid/pid 10089/1967 clientId=android.media.AudioManager@b7cd8d9 callingPack=com.android.systemui req=3 flags=0x0 sdk=29
01-17 15:51:48.508 1967 2226 D EGL_emulation: eglMakeCurrent: 0xe35dad40: ver 3 1 (tinfo 0xc1dd01a0)
01-17 15:51:48.532 1577 4622 E ResolverController: No valid NAT64 prefix (101, /0)
01-17 15:51:48.533 4586 4609 D libprotox_x86.so: "Toxcore: network.c (line 508) ERROR: sendpacket attempted to send message of length 113 on uninitialised socket"
01-17 15:51:48.546 1577 4628 E ResolverController: No valid NAT64 prefix (101, /0)
01-17 15:51:48.629 4586 4609 D libprotox_x86.so: "Toxcore: network.c (line 508) ERROR: sendpacket attempted to send message of length 113 on uninitialised socket"
01-17 15:51:48.907 4586 4609 I chatty : uid=10103(org.protox) identical 17 lines
01-17 15:51:48.908 4586 4609 D libprotox_x86.so: "Toxcore: network.c (line 508) ERROR: sendpacket attempted to send message of length 113 on uninitialised socket"
01-17 15:51:48.966 1624 4624 I GenericSource: start
01-17 15:51:48.967 1967 1967 V MediaRouter: Selecting route: RouteInfo{ name=Phone, description=null, status=null, category=RouteCategory{ name=System types=ROUTE_TYPE_LIVE_AUDIO ROUTE_TYPE_LIVE_VIDEO groupable=false }, supportedTypes=ROUTE_TYPE_LIVE_AUDIO ROUTE_TYPE_LIVE_VIDEO , presentationDisplay=null }
01-17 15:51:48.971 1624 4642 I OMXClient: IOmx service obtained
01-17 15:51:48.971 1628 2058 I OMXMaster: makeComponentInstance(OMX.google.vorbis.decoder) in android.hardwar process
01-17 15:51:48.972 1628 2058 E OMXNodeInstance: setConfig(0xf3618f00:google.vorbis.decoder, ConfigPriority(0x6f800002)) ERROR: Undefined(0x80001001)
01-17 15:51:48.972 1624 4642 I ACodec : codec does not support config priority (err -2147483648)
01-17 15:51:48.973 1628 2058 E OMXNodeInstance: getConfig(0xf3618f00:google.vorbis.decoder, ConfigAndroidVendorExtension(0x6f100004)) ERROR: Undefined(0x80001001)
01-17 15:51:48.973 1624 4642 I MediaCodec: MediaCodec will operate in async mode
01-17 15:51:48.980 1603 1804 D AudioFlinger: Client defaulted notificationFrames to 12064 for frameCount 24129
01-17 15:51:48.981 1603 1804 D AF::TrackHandle: OpPlayAudio: track:63 usage:5 not muted
01-17 15:51:48.984 1583 3101 W audio_hw_generic: Not supplying enough data to HAL, expected position 5715012 , only wrote 5715006
01-17 15:51:49.128 1577 4639 E ResolverController: No valid NAT64 prefix (101, /0)
01-17 15:51:49.129 4586 4609 D libprotox_x86.so: "Toxcore: network.c (line 508) ERROR: sendpacket attempted to send message of length 113 on uninitialised socket"
01-17 15:51:49.635 1832 4536 W NotificationService: Toast already killed. pkg=org.protox callback=android.app.ITransientNotification$Stub$Proxy@9f137a1
01-17 15:51:49.595 4586 4609 I chatty : uid=10103(org.protox) identical 14 lines
01-17 15:51:49.596 4586 4609 D libprotox_x86.so: "Toxcore: network.c (line 508) ERROR: sendpacket attempted to send message of length 113 on uninitialised socket"
01-17 15:51:50.304 1624 4640 D AudioTrack: stop(16): called with 82980 frames delivered
01-17 15:51:50.850 1832 2167 I MediaFocusControl: abandonAudioFocus() from uid/pid 10089/1967 clientId=android.media.AudioManager@b7cd8d9
01-17 15:51:50.850 1967 4621 V MediaPlayer: resetDrmState: mDrmInfo=null mDrmProvisioningThread=null mPrepareDrmInProgress=false mActiveDrmScheme=false
01-17 15:51:50.850 1967 4621 V MediaPlayer: cleanDrmObj: mDrmObj=null mDrmSessionId=null
01-17 15:51:50.850 1624 2774 D NuPlayerDriver: reset(0xe9934080) at state 6
01-17 15:51:50.850 1967 2203 W MessageQueue: Handler (android.media.MediaPlayer$EventHandler) {19865ba} sending message to a Handler on a dead thread
01-17 15:51:50.850 1967 2203 W MessageQueue: java.lang.IllegalStateException: Handler (android.media.MediaPlayer$EventHandler) {19865ba} sending message to a Handler on a dead thread
01-17 15:51:50.850 1967 2203 W MessageQueue: at android.os.MessageQueue.enqueueMessage(MessageQueue.java:558)
01-17 15:51:50.850 1967 2203 W MessageQueue: at android.os.Handler.enqueueMessage(Handler.java:754)
01-17 15:51:50.850 1967 2203 W MessageQueue: at android.os.Handler.sendMessageAtTime(Handler.java:703)
01-17 15:51:50.850 1967 2203 W MessageQueue: at android.os.Handler.sendMessageDelayed(Handler.java:673)
01-17 15:51:50.850 1967 2203 W MessageQueue: at android.os.Handler.sendMessage(Handler.java:611)
01-17 15:51:50.850 1967 2203 W MessageQueue: at android.media.MediaPlayer.postEventFromNative(MediaPlayer.java:3676)
01-17 15:51:50.855 1624 4624 D NuPlayerDriver: notifyResetComplete(0xe9934080)
01-17 15:51:50.856 1624 2774 W AMessage: failed to post message as target looper for handler 0 is gone.
01-17 15:51:51.132 1832 1852 W WindowManager: Unable to start animation, surface is null or no children.
01-17 15:51:53.915 1583 1775 W audio_hw_generic: Not supplying enough data to HAL, expected position 6148057 , only wrote 5932475
01-17 15:51:58.696 4586 4606 D libprotox_x86.so: "Connection to Tox network is weak (using TCP)."
01-17 15:51:58.818 1624 2774 D NuPlayerDriver: NuPlayerDriver(0xe9934480) created, clientPid(1967)
01-17 15:51:58.819 1624 2774 I Codec2Client: Creating a Codec2 client to service "software"
01-17 15:51:58.821 1624 2774 I Codec2Client: Client to Codec2 service "software" created
01-17 15:51:58.823 1624 4653 D GenericSource: FileSource remote
01-17 15:51:58.830 1832 2152 I MediaFocusControl: requestAudioFocus() from uid/pid 10089/1967 clientId=android.media.AudioManager@d24ad9d callingPack=com.android.systemui req=3 flags=0x0 sdk=29
01-17 15:51:59.331 1624 4652 I GenericSource: start
01-17 15:51:59.333 1967 1967 V MediaRouter: Selecting route: RouteInfo{ name=Phone, description=null, status=null, category=RouteCategory{ name=System types=ROUTE_TYPE_LIVE_AUDIO ROUTE_TYPE_LIVE_VIDEO groupable=false }, supportedTypes=ROUTE_TYPE_LIVE_AUDIO ROUTE_TYPE_LIVE_VIDEO , presentationDisplay=null }
01-17 15:51:59.335 1624 4657 I OMXClient: IOmx service obtained
01-17 15:51:59.335 1628 1773 I OMXMaster: makeComponentInstance(OMX.google.vorbis.decoder) in android.hardwar process
01-17 15:51:59.337 1628 1773 E OMXNodeInstance: setConfig(0xf3618de0:google.vorbis.decoder, ConfigPriority(0x6f800002)) ERROR: Undefined(0x80001001)
01-17 15:51:59.337 1624 4657 I ACodec : codec does not support config priority (err -2147483648)
01-17 15:51:59.337 1628 1773 E OMXNodeInstance: getConfig(0xf3618de0:google.vorbis.decoder, ConfigAndroidVendorExtension(0x6f100004)) ERROR: Undefined(0x80001001)
01-17 15:51:59.337 1624 4657 I MediaCodec: MediaCodec will operate in async mode
01-17 15:51:59.346 1603 1804 D AudioFlinger: Client defaulted notificationFrames to 12064 for frameCount 24129
01-17 15:51:59.346 1603 1804 D AF::TrackHandle: OpPlayAudio: track:64 usage:5 not muted
01-17 15:51:59.350 1583 3101 W audio_hw_generic: Not supplying enough data to HAL, expected position 5932528 , only wrote 5932475
01-17 15:52:00.002 1967 1967 D KeyguardClockSwitch: Updating clock: 352
01-17 15:52:00.632 1832 1832 W WindowManager: removeWindowToken: Attempted to remove non-existing token: android.os.Binder@3dc4dc0
01-17 15:52:00.650 1624 4655 D AudioTrack: stop(17): called with 82980 frames delivered
01-17 15:52:01.197 1832 4536 I MediaFocusControl: abandonAudioFocus() from uid/pid 10089/1967 clientId=android.media.AudioManager@d24ad9d
01-17 15:52:01.197 1967 4650 V MediaPlayer: resetDrmState: mDrmInfo=null mDrmProvisioningThread=null mPrepareDrmInProgress=false mActiveDrmScheme=false
01-17 15:52:01.197 1967 4650 V MediaPlayer: cleanDrmObj: mDrmObj=null mDrmSessionId=null
01-17 15:52:01.197 1624 2774 D NuPlayerDriver: reset(0xe9934480) at state 6
01-17 15:52:01.202 1624 4652 D NuPlayerDriver: notifyResetComplete(0xe9934480)
01-17 15:52:01.202 1624 2774 W AMessage: failed to post message as target looper for handler 0 is gone.
01-17 15:52:02.775 1967 1967 D StatusBar: disable disable2
01-17 15:52:02.793 1967 2226 D EGL_emulation: eglMakeCurrent: 0xe35dad40: ver 3 1 (tinfo 0xc1dd01a0)
01-17 15:52:02.799 1593 1593 D gralloc_ranchu: gralloc_alloc: Creating ashmem region of size 8298496
01-17 15:52:02.820 1967 2226 D EGL_emulation: eglMakeCurrent: 0xe35dad40: ver 3 1 (tinfo 0xc1dd01a0)
01-17 15:52:02.832 1967 4661 W RingtonePlayer: STOP command without a player
01-17 15:52:02.835 1593 1593 D gralloc_ranchu: gralloc_alloc: Creating ashmem region of size 8298496
01-17 15:52:02.929 1593 1593 D gralloc_ranchu: gralloc_alloc: Creating ashmem region of size 8298496
01-17 15:52:02.951 1967 1967 D StatusBar: disable disable2
01-17 15:52:04.266 1583 1775 W audio_hw_generic: Not supplying enough data to HAL, expected position 6364327 , only wrote 6149283
01-17 15:52:05.935 1967 1967 D StatusBar: disable disable2
01-17 15:52:06.017 1967 1967 D StatusBar: disable disable2
01-17 15:52:06.034 1967 2226 D EGL_emulation: eglMakeCurrent: 0xe35dad40: ver 3 1 (tinfo 0xc1dd01a0)
01-17 15:52:06.039 1593 1593 D gralloc_ranchu: gralloc_alloc: Creating ashmem region of size 274432
01-17 15:52:06.046 1967 2226 D EGL_emulation: eglMakeCurrent: 0xe35dad40: ver 3 1 (tinfo 0xc1dd01a0)
01-17 15:52:06.055 1593 1593 D gralloc_ranchu: gralloc_alloc: Creating ashmem region of size 274432
01-17 15:52:09.029 1832 3011 I ActivityTaskManager: START u0 {act=android.intent.action.VIEW dat=market://details?id=com.google.zxing.client.android} from uid 10103
01-17 15:52:09.031 1832 3011 I ActivityTaskManager: START u0 {act=android.intent.action.VIEW dat=https://play.google.com/... flg=0x1 cmp=org.chromium.webview_shell/.WebViewBrowserActivity} from uid 10103
01-17 15:52:06.062 1593 1593 D gralloc_ranchu: gralloc_alloc: Creating ashmem region of size 274432
01-17 15:52:09.039 1832 1858 E memtrack: Couldn't load memtrack module
01-17 15:52:09.039 1832 1858 W android.os.Debug: failed to get memory consumption info: -1
01-17 15:52:09.040 1832 1853 E system_server: Invalid ID 0x00000000.
01-17 15:52:09.045 1832 1858 E memtrack: Couldn't load memtrack module
01-17 15:52:09.045 1832 1858 W android.os.Debug: failed to get memory consumption info: -1
01-17 15:52:09.066 1578 1578 D Zygote : Forked child process 4662
01-17 15:52:09.067 1593 1593 D gralloc_ranchu: gralloc_alloc: Creating ashmem region of size 581632
01-17 15:52:09.072 4662 4662 W m.webview_shel: Unexpected CPU variant for X86 using defaults: x86
01-17 15:52:09.074 1593 2349 D gralloc_ranchu: gralloc_alloc: Creating ashmem region of size 581632
01-17 15:52:09.082 1832 1860 I ActivityManager: Start proc 4662:org.chromium.webview_shell/u0a90 for activity {org.chromium.webview_shell/org.chromium.webview_shell.WebViewBrowserActivity}
01-17 15:52:09.082 1593 2349 D gralloc_ranchu: gralloc_alloc: Creating ashmem region of size 581632
01-17 15:52:09.090 4586 4604 D EGL_emulation: eglMakeCurrent: 0xe367cde0: ver 3 1 (tinfo 0xd7f6e340)
01-17 15:52:09.133 1593 2349 D gralloc_ranchu: gralloc_alloc: Creating ashmem region of size 8298496
01-17 15:52:09.180 4662 4662 I m.webview_shel: The ClassLoaderContext is a special shared library.
01-17 15:52:09.181 4662 4662 D ApplicationLoaders: Returning zygote-cached class loader: /system/framework/android.hidl.base-V1.0-java.jar
01-17 15:52:09.182 4662 4662 D ApplicationLoaders: Returning zygote-cached class loader: /system/framework/android.hidl.manager-V1.0-java.jar
01-17 15:52:09.182 4662 4662 D ApplicationLoaders: Returning zygote-cached class loader: /system/framework/android.hidl.base-V1.0-java.jar
01-17 15:52:09.184 4662 4662 I m.webview_shel: The ClassLoaderContext is a special shared library.
01-17 15:52:09.186 4662 4662 I m.webview_shel: The ClassLoaderContext is a special shared library.
01-17 15:52:09.204 1593 2349 D gralloc_ranchu: gralloc_alloc: Creating ashmem region of size 8298496
01-17 15:52:09.220 1606 1822 E SurfaceFlinger: ro.sf.lcd_density must be defined as a build property
01-17 15:52:09.220 1606 1822 E SurfaceFlinger: ro.sf.lcd_density must be defined as a build property
01-17 15:52:09.242 4662 4683 D libEGL : Emulator has host GPU support, qemu.gles is set to 1.
01-17 15:52:09.248 4662 4683 W libc : Unable to set property "qemu.gles" to "1": connection failed; errno=13 (Permission denied)
01-17 15:52:09.251 4662 4683 D libEGL : loaded /vendor/lib/egl/libEGL_emulation.so
01-17 15:52:09.252 4662 4683 D libEGL : loaded /vendor/lib/egl/libGLESv1_CM_emulation.so
01-17 15:52:09.255 4662 4683 D libEGL : loaded /vendor/lib/egl/libGLESv2_emulation.so
01-17 15:52:09.258 4662 4662 I WebViewFactory: Loading com.android.webview version 74.0.3729.186 (code 373018615)
01-17 15:52:09.269 4662 4662 I m.webview_shel: The ClassLoaderContext is a special shared library.
01-17 15:52:09.232 4662 4662 W RenderThread: type=1400 audit(0.0:46): avc: denied { write } for name="property_service" dev="tmpfs" ino=6051 scontext=u:r:untrusted_app_27:s0:c90,c256,c512,c768 tcontext=u:object_r:property_socket:s0 tclass=sock_file permissive=0 app=org.chromium.webview_shell
01-17 15:52:09.316 4662 4662 I cr_LibraryLoader: Time to load native libraries: 5 ms (timestamps 623-628)
01-17 15:52:09.332 4662 4662 I chromium: [INFO:library_loader_hooks.cc(50)] Chromium logging enabled: level = 0, default verbosity = 0
01-17 15:52:09.333 4662 4662 I cr_LibraryLoader: Expected native library version number "74.0.3729.186", actual native library version number "74.0.3729.186"
01-17 15:52:09.358 1578 1578 D Zygote : Forked child process 4690
01-17 15:52:09.366 4662 4662 I cr_BrowserStartup: Initializing chromium process, singleProcess=false
01-17 15:52:09.374 1832 1860 I ActivityManager: Start proc 4690:com.android.webview:webview_service/u0a96 for service {com.android.webview/org.chromium.android_webview.services.VariationsSeedServer}
01-17 15:52:09.382 4662 4662 E chromium: [ERROR:filesystem_posix.cc(89)] stat /data/user/0/org.chromium.webview_shell/cache/WebView/Crashpad: No such file or directory (2)
01-17 15:52:09.382 4662 4662 E chromium: [ERROR:filesystem_posix.cc(62)] mkdir /data/user/0/org.chromium.webview_shell/cache/WebView/Crashpad: No such file or directory (2)
01-17 15:52:09.383 4662 4689 W cr_ChildProcLH: Create a new ChildConnectionAllocator with package name = com.android.webview, sandboxed = true
01-17 15:52:09.401 4690 4690 W webview_servic: Unexpected CPU variant for X86 using defaults: x86
01-17 15:52:09.407 2035 2035 D Zygote : Forked child process 4705
01-17 15:52:09.410 1832 1860 I ActivityManager: Start proc 4705:com.android.webview:sandboxed_process0:org.chromium.content.app.SandboxedProcessService0/u0ai9000 for {org.chromium.webview_shell/org.chromium.content.app.SandboxedProcessService0}
01-17 15:52:09.425 4705 4705 W ProcessService: Unexpected CPU variant for X86 using defaults: x86
01-17 15:52:09.463 4690 4690 I webview_servic: The ClassLoaderContext is a special shared library.
01-17 15:52:09.490 4705 4705 I LoadedApk: No resource references to update in package com.android.webview
01-17 15:52:09.493 4705 4705 I cr_ChildProcessService: Creating new ChildProcessService pid=4705
01-17 15:52:09.523 4690 4690 I LoadedApk: No resource references to update in package com.android.webview
01-17 15:52:09.606 1832 4536 D ConnectivityService: requestNetwork for uid/pid:10090/4662 NetworkRequest [ TRACK_DEFAULT id=16, [ Capabilities: INTERNET&NOT_RESTRICTED&TRUSTED Uid: 10090] ]
01-17 15:52:09.607 2064 2064 D PhoneSwitcherNetworkRequstListener: got request NetworkRequest [ TRACK_DEFAULT id=16, [ Capabilities: INTERNET&NOT_RESTRICTED&TRUSTED Uid: 10090] ] with score 60 and serial -1
01-17 15:52:09.608 1832 1930 D WifiNetworkFactory: got request NetworkRequest [ TRACK_DEFAULT id=16, [ Capabilities: INTERNET&NOT_RESTRICTED&TRUSTED Uid: 10090] ] with score 60 and serial -1
01-17 15:52:09.609 1832 1930 D UntrustedWifiNetworkFactory: got request NetworkRequest [ TRACK_DEFAULT id=16, [ Capabilities: INTERNET&NOT_RESTRICTED&TRUSTED Uid: 10090] ] with score 60 and serial -1
01-17 15:52:09.670 4662 4731 W cr_media: Requires BLUETOOTH permission
01-17 15:52:09.672 4662 4742 D : HostConnection::get() New Host Connection established 0xc31b1b40, tid 4742
01-17 15:52:09.676 4662 4742 D : HostComposition ext ANDROID_EMU_CHECKSUM_HELPER_v1 ANDROID_EMU_dma_v1 ANDROID_EMU_direct_mem ANDROID_EMU_host_composition_v1 ANDROID_EMU_host_composition_v2 ANDROID_EMU_async_unmap_buffer GL_OES_EGL_image_external_essl3 GL_OES_vertex_array_object GL_KHR_texture_compression_astc_ldr ANDROID_EMU_gles_max_version_3_1
01-17 15:52:09.684 4662 4715 E cr_SBApiBridge: Failed to init handler: Attempt to invoke virtual method 'java.lang.reflect.Constructor java.lang.Class.getDeclaredConstructor(java.lang.Class[])' on a null object reference
01-17 15:52:09.685 4705 4732 I cr_LibraryLoader: Time to load native libraries: 0 ms (timestamps 997-997)
01-17 15:52:09.687 4705 4732 I chromium: [INFO:library_loader_hooks.cc(50)] Chromium logging enabled: level = 0, default verbosity = 0
01-17 15:52:09.687 4705 4732 I cr_LibraryLoader: Expected native library version number "74.0.3729.186", actual native library version number "74.0.3729.186"
01-17 15:52:09.693 4662 4742 D eglCodecCommon: setVertexArrayObject: set vao to 0 (0) 0 0
01-17 15:52:09.693 4662 4742 D EGL_emulation: eglCreateContext: 0xe36de5c0: maj 3 min 1 rcv 4
01-17 15:52:09.693 4662 4742 D EGL_emulation: eglMakeCurrent: 0xe36de5c0: ver 3 1 (tinfo 0xc31ada50)
01-17 15:52:09.694 4662 4742 E eglCodecCommon: glUtilsParamSize: unknow param 0x000082da
01-17 15:52:09.704 1832 2152 D ConnectivityService: requestNetwork for uid/pid:10090/4662 NetworkRequest [ TRACK_DEFAULT id=18, [ Capabilities: INTERNET&NOT_RESTRICTED&TRUSTED Uid: 10090] ]
01-17 15:52:09.694 4662 4742 E eglCodecCommon: glUtilsParamSize: unknow param 0x000082da
01-17 15:52:09.704 1832 1930 D WifiNetworkFactory: got request NetworkRequest [ TRACK_DEFAULT id=18, [ Capabilities: INTERNET&NOT_RESTRICTED&TRUSTED Uid: 10090] ] with score 60 and serial -1
01-17 15:52:09.704 1832 1930 D UntrustedWifiNetworkFactory: got request NetworkRequest [ TRACK_DEFAULT id=18, [ Capabilities: INTERNET&NOT_RESTRICTED&TRUSTED Uid: 10090] ] with score 60 and serial -1
01-17 15:52:09.705 2064 2064 D PhoneSwitcherNetworkRequstListener: got request NetworkRequest [ TRACK_DEFAULT id=18, [ Capabilities: INTERNET&NOT_RESTRICTED&TRUSTED Uid: 10090] ] with score 60 and serial -1
01-17 15:52:09.738 1832 4536 I ActivityManager: Killing 3040:com.android.traceur/u0a62 (adj 985): empty #17
01-17 15:52:09.762 4662 4681 D : HostConnection::get() New Host Connection established 0xd800a870, tid 4681
01-17 15:52:09.771 4662 4681 D : HostComposition ext ANDROID_EMU_CHECKSUM_HELPER_v1 ANDROID_EMU_dma_v1 ANDROID_EMU_direct_mem ANDROID_EMU_host_composition_v1 ANDROID_EMU_host_composition_v2 ANDROID_EMU_async_unmap_buffer GL_OES_EGL_image_external_essl3 GL_OES_vertex_array_object GL_KHR_texture_compression_astc_ldr ANDROID_EMU_gles_max_version_3_1
01-17 15:52:09.772 4662 4681 W OpenGLRenderer: Failed to choose config with EGL_SWAP_BEHAVIOR_PRESERVED, retrying without...
01-17 15:52:09.773 4662 4681 D eglCodecCommon: setVertexArrayObject: set vao to 0 (0) 0 0
01-17 15:52:09.773 4662 4681 D EGL_emulation: eglCreateContext: 0xe35e30a0: maj 3 min 1 rcv 4
01-17 15:52:09.774 4662 4681 D EGL_emulation: eglMakeCurrent: 0xe35e30a0: ver 3 1 (tinfo 0xc207caa0)
01-17 15:52:09.775 4662 4681 E eglCodecCommon: glUtilsParamSize: unknow param 0x000082da
01-17 15:52:09.775 4662 4681 E eglCodecCommon: glUtilsParamSize: unknow param 0x000082da
01-17 15:52:09.785 1593 2349 D gralloc_ranchu: gralloc_alloc: Creating ashmem region of size 8298496
01-17 15:52:09.799 1478 1478 I hwservicemanager: getTransport: Cannot find entry android.hardware.graphics.mapper@3.0::IMapper/default in either framework or device manifest.
01-17 15:52:09.799 4662 4681 W Gralloc3: mapper 3.x is not supported
01-17 15:52:09.800 4662 4742 I VideoCapabilities: Unsupported profile 4 for video/mp4v-es
01-17 15:52:09.802 4662 4742 W cr_MediaCodecUtil: HW encoder for video/avc is not available on this device.
01-17 15:52:09.805 4662 4681 D : createUnique: call
01-17 15:52:09.805 4662 4681 D : HostConnection::get() New Host Connection established 0xd800e1a0, tid 4681
01-17 15:52:09.806 4662 4681 D : HostComposition ext ANDROID_EMU_CHECKSUM_HELPER_v1 ANDROID_EMU_dma_v1 ANDROID_EMU_direct_mem ANDROID_EMU_host_composition_v1 ANDROID_EMU_host_composition_v2 ANDROID_EMU_async_unmap_buffer GL_OES_EGL_image_external_essl3 GL_OES_vertex_array_object GL_KHR_texture_compression_astc_ldr ANDROID_EMU_gles_max_version_3_1
01-17 15:52:09.806 4662 4681 D eglCodecCommon: allocate: Ask for block of size 0x1000
