01-16 13:57:04.915 1967 2138 W ndroid.systemu: Core platform API violation: Ljava/nio/Buffer;->_elementSizeShift:I from Landroid/opengl/GLES20; using JNI
01-16 13:57:04.915 1967 2138 W ndroid.systemu: Core platform API violation: Ljava/nio/Buffer;->address:J from Landroid/opengl/GLES20; using JNI
01-16 13:57:04.951 2064 2064 D TelephonyProvider: subIdString = 1 subId = 1
01-16 13:57:04.957 2064 2064 D TelephonyProvider: subIdString = 1 subId = 1
01-16 13:57:05.076 2064 2064 D MultiSimSettingController: onDefaultDataSettingChanged
01-16 13:57:05.124 2064 2064 D MultiSimSettingController: onDefaultDataSettingChanged
01-16 13:57:05.126 2064 2064 D MultiSimSettingController: onAllSubscriptionsLoaded
01-16 13:57:05.126 2064 2064 D MultiSimSettingController: updateDefaults
01-16 13:57:05.127 2064 2064 D MultiSimSettingController: [updateDefaultValues] change: 6
01-16 13:57:05.127 2064 2064 D MultiSimSettingController: [updateDefaultValues] to only primary sub 1
01-16 13:57:05.133 2064 2342 D IccSmsInterfaceManager: [IccSmsInterfaceManager] Failed to add GSM cell broadcast channels range 4370 to 4370
01-16 13:57:05.143 2064 2342 D IccSmsInterfaceManager: [IccSmsInterfaceManager] Calling setCdmaBroadcastConfig with 1 configurations
01-16 13:57:05.161 1832 1852 W WindowManager: Timeout waiting for drawn: undrawn=[Window{31609d2 u0 StatusBar}]
01-16 13:57:05.165 1593 2349 D gralloc_ranchu: gralloc_alloc: Creating ashmem region of size 5095424
01-16 13:57:05.192 1832 1848 W Telecom : PhoneAccountRegistrar: Trying to set nonexistent default outgoing ComponentInfo{com.android.phone/com.android.services.telephony.TelephonyConnectionService}, ***, UserHandle{0}: TSI.sUSOPA@ABQ
01-16 13:57:05.202 2064 2064 D TelephonyProvider: match current APN size: 1
01-16 13:57:05.203 2064 2064 D TelephonyProvider: match MNO APN: 1
01-16 13:57:05.204 2064 2064 D TelephonyProvider: subIdString = 1 subId = 1
01-16 13:57:05.263 2064 2064 I TelecomFramework: : onSubscriptionsChanged - update accounts
01-16 13:57:05.263 2064 2064 I TelecomFramework: PstnIncomingCallNotifier: Unregistering: Handler (com.android.internal.telephony.GsmCdmaPhone) {a723ea1}
01-16 13:57:05.263 2064 2064 I TelecomFramework: TelecomAccountRegistry: setupAccounts: Found 1 phones. Attempting to register.
01-16 13:57:05.264 2064 2064 I TelecomFramework: TelecomAccountRegistry: setupAccounts: Phone with subscription id 1
01-16 13:57:05.311 1832 2084 I Telecom : PhoneAccountRegistrar: New phone account registered: [[ ] PhoneAccount: ComponentInfo{com.android.phone/com.android.services.telephony.TelephonyConnectionService}, ***, UserHandle{0} Capabilities: CallProvider MultiUser PlaceEmerg SimSub Audio Routes: BESW Schemes: tel voicemail Extras: Bundle[{android.telecom.extra.SUPPORTS_VIDEO_CALLING_FALLBACK=true}] GroupId: ***]: TSI.rPA@ABU
01-16 13:57:05.329 1832 2084 I Telecom : CallsManager: Sending phone-account ComponentInfo{com.android.phone/com.android.services.telephony.TelephonyConnectionService}, ***, UserHandle{0} registered intent as user: TSI.rPA@ABU
01-16 13:57:05.331 1832 2084 I Telecom : CallsManager: Sending phone-account registered intent to default dialer: TSI.rPA@ABU
01-16 13:57:05.331 2064 2064 I TelecomFramework: AccountEntry: Registered phoneAccount: [[ ] PhoneAccount: ComponentInfo{com.android.phone/com.android.services.telephony.TelephonyConnectionService}, ***, UserHandle{0} Capabilities: CallProvider MultiUser PlaceEmerg SimSub Audio Routes: BESW Schemes: tel voicemail Extras: Bundle[{android.telecom.extra.SUPPORTS_VIDEO_CALLING_FALLBACK=true}] GroupId: ***] with handle: ComponentInfo{com.android.phone/com.android.services.telephony.TelephonyConnectionService}, ***, UserHandle{0}
01-16 13:57:05.332 2064 2064 I TelecomFramework: PstnIncomingCallNotifier: Registering: Handler (com.android.internal.telephony.GsmCdmaPhone) {a723ea1}
01-16 13:57:05.224 2064 2064 I chatty : uid=1001(radio) com.android.phone identical 1 line
01-16 13:57:05.238 2064 2064 D TelephonyProvider: subIdString = 1 subId = 1
01-16 13:57:05.336 1832 1849 E GnssLocationProvider: android_location_GnssLocationProvider_set_agps_server: AGPS interface not supported
01-16 13:57:05.336 1832 1849 W Looper : Slow dispatch took 157ms android.fg h=com.android.server.location.GnssLocationProvider$ProviderHandler c=android.app.-$$Lambda$LoadedApk$ReceiverDispatcher$Args$_BumDX2UKsnxLVrE6UJsJZkotuA@8cf4113 m=0
01-16 13:57:05.359 2064 2064 I TelecomFramework: TelecomAccountRegistry: Unregistering phone account ComponentInfo{com.android.phone/com.android.services.telephony.TelephonyConnectionService}, ***, UserHandle{0}.
01-16 13:57:05.376 1832 2084 I Telecom : CallsManager: Sending phone-account ComponentInfo{com.android.phone/com.android.services.telephony.TelephonyConnectionService}, ***, UserHandle{0} unregistered intent as user: TSI.uPA@ABc
01-16 13:57:05.382 1832 2084 I Telecom : CallsManager: Sending phone-account unregistered intent to default dialer: TSI.uPA@ABc
01-16 13:57:05.409 2064 2064 D TelephonyProvider: subIdString = 1 subId = 1
01-16 13:57:05.606 2064 2064 D TelephonyProvider: subIdString = 1 subId = 1
01-16 13:57:05.627 2064 2064 W m.android.phon: JNI critical lock held for 16.236ms on Thread[1,tid=2064,Runnable,Thread*=0xeeabc800,peer=0x71d754a0,"main"]
01-16 13:57:05.700 1832 1927 W BestClock: java.time.DateTimeException: Missing NTP fix
01-16 13:57:05.726 1832 1927 W BestClock: java.time.DateTimeException: Missing NTP fix
01-16 13:57:05.726 1577 1577 I netd : bandwidthSetGlobalAlert(2097152) <0.14ms>
01-16 13:57:05.754 1832 1927 W BestClock: java.time.DateTimeException: Missing NTP fix
01-16 13:57:05.772 2064 2064 D MultiSimSettingController: onSubscriptionsChanged
01-16 13:57:05.772 2064 2064 D MultiSimSettingController: updateDefaults
01-16 13:57:05.772 2064 2064 D MultiSimSettingController: [updateDefaultValues] change: 0
01-16 13:57:05.777 1832 1927 W BestClock: java.time.DateTimeException: Missing NTP fix
01-16 13:57:05.805 1577 1577 I netd : bandwidthSetGlobalAlert(2097152) <0.10ms>
01-16 13:57:05.808 2064 2064 I TelecomFramework: PstnIncomingCallNotifier: Unregistering: Handler (com.android.internal.telephony.GsmCdmaPhone) {a723ea1}
01-16 13:57:05.808 2064 2064 I TelecomFramework: TelecomAccountRegistry: setupAccounts: Found 1 phones. Attempting to register.
01-16 13:57:05.808 2064 2064 I TelecomFramework: TelecomAccountRegistry: setupAccounts: Phone with subscription id 1
01-16 13:57:05.857 1832 1848 I Telecom : PhoneAccountRegistrar: Modify account: [ComponentInfo{com.android.phone/com.android.services.telephony.TelephonyConnectionService}, ***, UserHandle{0}]: TSI.rPA@ABk
01-16 13:57:05.861 1832 1848 I Telecom : CallsManager: handlePhoneAccountChanged: phoneAccount=[[X] PhoneAccount: ComponentInfo{com.android.phone/com.android.services.telephony.TelephonyConnectionService}, ***, UserHandle{0} Capabilities: CallProvider MultiUser PlaceEmerg SimSub Audio Routes: BESW Schemes: tel voicemail Extras: Bundle[{android.telecom.extra.SUPPORTS_VIDEO_CALLING_FALLBACK=true}] GroupId: ***]: TSI.rPA@ABk
01-16 13:57:05.862 2064 2064 I TelecomFramework: AccountEntry: Registered phoneAccount: [[ ] PhoneAccount: ComponentInfo{com.android.phone/com.android.services.telephony.TelephonyConnectionService}, ***, UserHandle{0} Capabilities: CallProvider MultiUser PlaceEmerg SimSub Audio Routes: BESW Schemes: tel voicemail Extras: Bundle[{android.telecom.extra.SUPPORTS_VIDEO_CALLING_FALLBACK=true}] GroupId: ***] with handle: ComponentInfo{com.android.phone/com.android.services.telephony.TelephonyConnectionService}, ***, UserHandle{0}
01-16 13:57:05.863 2064 2064 I TelecomFramework: PstnIncomingCallNotifier: Registering: Handler (com.android.internal.telephony.GsmCdmaPhone) {a723ea1}
01-16 13:57:05.865 2064 2064 I TelecomFramework: : onSubscriptionsChanged - update accounts
01-16 13:57:05.865 2064 2064 I TelecomFramework: PstnIncomingCallNotifier: Unregistering: Handler (com.android.internal.telephony.GsmCdmaPhone) {a723ea1}
01-16 13:57:05.865 2064 2064 I TelecomFramework: TelecomAccountRegistry: setupAccounts: Found 1 phones. Attempting to register.
01-16 13:57:05.865 2064 2064 I TelecomFramework: TelecomAccountRegistry: setupAccounts: Phone with subscription id 1
01-16 13:57:05.903 1832 1848 I Telecom : PhoneAccountRegistrar: Modify account: [ComponentInfo{com.android.phone/com.android.services.telephony.TelephonyConnectionService}, ***, UserHandle{0}]: TSI.rPA@ABw
01-16 13:57:05.904 1832 1848 I Telecom : CallsManager: handlePhoneAccountChanged: phoneAccount=[[X] PhoneAccount: ComponentInfo{com.android.phone/com.android.services.telephony.TelephonyConnectionService}, ***, UserHandle{0} Capabilities: CallProvider MultiUser PlaceEmerg SimSub Audio Routes: BESW Schemes: tel voicemail Extras: Bundle[{android.telecom.extra.SUPPORTS_VIDEO_CALLING_FALLBACK=true}] GroupId: ***]: TSI.rPA@ABw
01-16 13:57:05.906 2064 2064 I TelecomFramework: AccountEntry: Registered phoneAccount: [[ ] PhoneAccount: ComponentInfo{com.android.phone/com.android.services.telephony.TelephonyConnectionService}, ***, UserHandle{0} Capabilities: CallProvider MultiUser PlaceEmerg SimSub Audio Routes: BESW Schemes: tel voicemail Extras: Bundle[{android.telecom.extra.SUPPORTS_VIDEO_CALLING_FALLBACK=true}] GroupId: ***] with handle: ComponentInfo{com.android.phone/com.android.services.telephony.TelephonyConnectionService}, ***, UserHandle{0}
01-16 13:57:05.906 2064 2064 I TelecomFramework: PstnIncomingCallNotifier: Registering: Handler (com.android.internal.telephony.GsmCdmaPhone) {a723ea1}
01-16 13:57:05.909 2064 2064 D MultiSimSettingController: onSubscriptionsChanged
01-16 13:57:05.909 2064 2064 D MultiSimSettingController: updateDefaults
01-16 13:57:05.909 2064 2064 D MultiSimSettingController: [updateDefaultValues] change: 0
01-16 13:57:05.918 2064 2064 D CallNotifier: updatePhoneStateListeners: update CF notifications.
01-16 13:57:05.920 2064 2064 I TelecomFramework: : onSubscriptionsChanged - update accounts
01-16 13:57:05.920 2064 2064 I TelecomFramework: PstnIncomingCallNotifier: Unregistering: Handler (com.android.internal.telephony.GsmCdmaPhone) {a723ea1}
01-16 13:57:05.921 2064 2064 I TelecomFramework: TelecomAccountRegistry: setupAccounts: Found 1 phones. Attempting to register.
01-16 13:57:05.921 2064 2064 I TelecomFramework: TelecomAccountRegistry: setupAccounts: Phone with subscription id 1
01-16 13:57:05.940 1832 1848 I Telecom : PhoneAccountRegistrar: Modify account: [ComponentInfo{com.android.phone/com.android.services.telephony.TelephonyConnectionService}, ***, UserHandle{0}]: TSI.rPA@AB8
01-16 13:57:05.941 1832 1848 I Telecom : CallsManager: handlePhoneAccountChanged: phoneAccount=[[X] PhoneAccount: ComponentInfo{com.android.phone/com.android.services.telephony.TelephonyConnectionService}, ***, UserHandle{0} Capabilities: CallProvider MultiUser PlaceEmerg SimSub Audio Routes: BESW Schemes: tel voicemail Extras: Bundle[{android.telecom.extra.SUPPORTS_VIDEO_CALLING_FALLBACK=true}] GroupId: ***]: TSI.rPA@AB8
01-16 13:57:05.949 2064 2064 I TelecomFramework: AccountEntry: Registered phoneAccount: [[ ] PhoneAccount: ComponentInfo{com.android.phone/com.android.services.telephony.TelephonyConnectionService}, ***, UserHandle{0} Capabilities: CallProvider MultiUser PlaceEmerg SimSub Audio Routes: BESW Schemes: tel voicemail Extras: Bundle[{android.telecom.extra.SUPPORTS_VIDEO_CALLING_FALLBACK=true}] GroupId: ***] with handle: ComponentInfo{com.android.phone/com.android.services.telephony.TelephonyConnectionService}, ***, UserHandle{0}
01-16 13:57:05.949 2064 2064 I TelecomFramework: PstnIncomingCallNotifier: Registering: Handler (com.android.internal.telephony.GsmCdmaPhone) {a723ea1}
01-16 13:57:05.919 2064 2064 D CallNotifier: updatePhoneStateListeners: update CF notifications.
01-16 13:57:05.951 2064 2064 D MultiSimSettingController: onSubscriptionsChanged
01-16 13:57:05.951 2064 2064 D MultiSimSettingController: updateDefaults
01-16 13:57:05.952 2064 2064 D MultiSimSettingController: [updateDefaultValues] change: 0
01-16 13:57:05.956 2064 2064 I TelecomFramework: : onSubscriptionsChanged - update accounts
01-16 13:57:05.956 2064 2064 I TelecomFramework: PstnIncomingCallNotifier: Unregistering: Handler (com.android.internal.telephony.GsmCdmaPhone) {a723ea1}
01-16 13:57:05.956 2064 2064 I TelecomFramework: TelecomAccountRegistry: setupAccounts: Found 1 phones. Attempting to register.
01-16 13:57:05.956 2064 2064 I TelecomFramework: TelecomAccountRegistry: setupAccounts: Phone with subscription id 1
01-16 13:57:06.052 1832 1848 I Telecom : PhoneAccountRegistrar: Modify account: [ComponentInfo{com.android.phone/com.android.services.telephony.TelephonyConnectionService}, ***, UserHandle{0}]: TSI.rPA@ACI
01-16 13:57:06.068 1832 1848 I Telecom : CallsManager: handlePhoneAccountChanged: phoneAccount=[[X] PhoneAccount: ComponentInfo{com.android.phone/com.android.services.telephony.TelephonyConnectionService}, ***, UserHandle{0} Capabilities: CallProvider MultiUser PlaceEmerg SimSub Audio Routes: BESW Schemes: tel voicemail Extras: Bundle[{android.telecom.extra.SUPPORTS_VIDEO_CALLING_FALLBACK=true}] GroupId: ***]: TSI.rPA@ACI
01-16 13:57:06.069 2064 2064 I TelecomFramework: AccountEntry: Registered phoneAccount: [[ ] PhoneAccount: ComponentInfo{com.android.phone/com.android.services.telephony.TelephonyConnectionService}, ***, UserHandle{0} Capabilities: CallProvider MultiUser PlaceEmerg SimSub Audio Routes: BESW Schemes: tel voicemail Extras: Bundle[{android.telecom.extra.SUPPORTS_VIDEO_CALLING_FALLBACK=true}] GroupId: ***] with handle: ComponentInfo{com.android.phone/com.android.services.telephony.TelephonyConnectionService}, ***, UserHandle{0}
01-16 13:57:06.069 2064 2064 I TelecomFramework: PstnIncomingCallNotifier: Registering: Handler (com.android.internal.telephony.GsmCdmaPhone) {a723ea1}
01-16 13:57:06.079 2064 2064 D MultiSimSettingController: onSubscriptionsChanged
01-16 13:57:06.079 2064 2064 D MultiSimSettingController: updateDefaults
01-16 13:57:06.080 2064 2064 D MultiSimSettingController: [updateDefaultValues] change: 0
01-16 13:57:06.081 2064 2064 D CallNotifier: updatePhoneStateListeners: update CF notifications.
01-16 13:57:06.082 2064 2064 I TelecomFramework: : onSubscriptionsChanged - update accounts
01-16 13:57:06.082 2064 2064 I TelecomFramework: PstnIncomingCallNotifier: Unregistering: Handler (com.android.internal.telephony.GsmCdmaPhone) {a723ea1}
01-16 13:57:06.082 2064 2064 I TelecomFramework: TelecomAccountRegistry: setupAccounts: Found 1 phones. Attempting to register.
01-16 13:57:06.082 2064 2064 I TelecomFramework: TelecomAccountRegistry: setupAccounts: Phone with subscription id 1
01-16 13:57:06.082 2064 2064 D CallNotifier: updatePhoneStateListeners: update CF notifications.
01-16 13:57:06.103 1967 1982 I ndroid.systemu: NativeAlloc concurrent copying GC freed 8199(590KB) AllocSpace objects, 2(40KB) LOS objects, 49% free, 3318KB/6636KB, paused 33us total 1.421s
01-16 13:57:06.111 1832 1848 I Telecom : PhoneAccountRegistrar: Modify account: [ComponentInfo{com.android.phone/com.android.services.telephony.TelephonyConnectionService}, ***, UserHandle{0}]: TSI.rPA@ACU
01-16 13:57:06.137 1832 1848 I Telecom : CallsManager: handlePhoneAccountChanged: phoneAccount=[[X] PhoneAccount: ComponentInfo{com.android.phone/com.android.services.telephony.TelephonyConnectionService}, ***, UserHandle{0} Capabilities: CallProvider MultiUser PlaceEmerg SimSub Audio Routes: BESW Schemes: tel voicemail Extras: Bundle[{android.telecom.extra.SUPPORTS_VIDEO_CALLING_FALLBACK=true}] GroupId: ***]: TSI.rPA@ACU
01-16 13:57:06.137 2064 2064 I TelecomFramework: AccountEntry: Registered phoneAccount: [[ ] PhoneAccount: ComponentInfo{com.android.phone/com.android.services.telephony.TelephonyConnectionService}, ***, UserHandle{0} Capabilities: CallProvider MultiUser PlaceEmerg SimSub Audio Routes: BESW Schemes: tel voicemail Extras: Bundle[{android.telecom.extra.SUPPORTS_VIDEO_CALLING_FALLBACK=true}] GroupId: ***] with handle: ComponentInfo{com.android.phone/com.android.services.telephony.TelephonyConnectionService}, ***, UserHandle{0}
01-16 13:57:06.137 2064 2064 I TelecomFramework: PstnIncomingCallNotifier: Registering: Handler (com.android.internal.telephony.GsmCdmaPhone) {a723ea1}
01-16 13:57:06.143 2064 2064 D MultiSimSettingController: onSubscriptionsChanged
01-16 13:57:06.143 2064 2064 D MultiSimSettingController: updateDefaults
01-16 13:57:06.143 2064 2064 D MultiSimSettingController: [updateDefaultValues] change: 0
01-16 13:57:06.164 2064 2064 I VvmSimStateTracker: android.intent.action.SIM_STATE_CHANGED
01-16 13:57:06.188 1832 1852 W WindowManager: Window freeze timeout expired.
01-16 13:57:06.188 1832 1852 W WindowManager: Force clearing orientation change: Window{31609d2 u0 StatusBar}
01-16 13:57:06.188 1832 1852 W WindowManager: Force clearing orientation change: Window{fed4f8d u0 com.android.systemui.ImageWallpaper}
01-16 13:57:06.214 2064 2064 D CallNotifier: updatePhoneStateListeners: update CF notifications.
01-16 13:57:06.214 2064 2064 I TelecomFramework: : onSubscriptionsChanged - update accounts
01-16 13:57:06.214 2064 2064 I TelecomFramework: PstnIncomingCallNotifier: Unregistering: Handler (com.android.internal.telephony.GsmCdmaPhone) {a723ea1}
01-16 13:57:06.214 2064 2064 I TelecomFramework: TelecomAccountRegistry: setupAccounts: Found 1 phones. Attempting to register.
01-16 13:57:06.217 2319 2319 D CellBroadcastReceiver: onReceive Intent { act=android.telephony.action.DEFAULT_SMS_SUBSCRIPTION_CHANGED flg=0x21000010 cmp=com.android.cellbroadcastreceiver/.CellBroadcastReceiver (has extras) }
01-16 13:57:06.217 2319 2319 D CellBroadcastReceiver: Start Cell Broadcast configuration.
01-16 13:57:06.222 1832 1858 E memtrack: Couldn't load memtrack module
01-16 13:57:06.226 2064 2064 I TelecomFramework: TelecomAccountRegistry: setupAccounts: Phone with subscription id 1
01-16 13:57:06.231 1832 1858 W android.os.Debug: failed to get memory consumption info: -1
01-16 13:57:06.231 1832 1858 I system_server: Using smaps_rollup for pss collection
01-16 13:57:06.263 1832 2167 I Telecom : PhoneAccountRegistrar: Modify account: [ComponentInfo{com.android.phone/com.android.services.telephony.TelephonyConnectionService}, ***, UserHandle{0}]: TSI.rPA@ACg
01-16 13:57:06.291 1832 2167 I Telecom : CallsManager: handlePhoneAccountChanged: phoneAccount=[[X] PhoneAccount: ComponentInfo{com.android.phone/com.android.services.telephony.TelephonyConnectionService}, ***, UserHandle{0} Capabilities: CallProvider MultiUser PlaceEmerg SimSub Audio Routes: BESW Schemes: tel voicemail Extras: Bundle[{android.telecom.extra.SUPPORTS_VIDEO_CALLING_FALLBACK=true}] GroupId: ***]: TSI.rPA@ACg
01-16 13:57:06.291 2064 2064 I TelecomFramework: AccountEntry: Registered phoneAccount: [[ ] PhoneAccount: ComponentInfo{com.android.phone/com.android.services.telephony.TelephonyConnectionService}, ***, UserHandle{0} Capabilities: CallProvider MultiUser PlaceEmerg SimSub Audio Routes: BESW Schemes: tel voicemail Extras: Bundle[{android.telecom.extra.SUPPORTS_VIDEO_CALLING_FALLBACK=true}] GroupId: ***] with handle: ComponentInfo{com.android.phone/com.android.services.telephony.TelephonyConnectionService}, ***, UserHandle{0}
01-16 13:57:06.291 2064 2064 I TelecomFramework: PstnIncomingCallNotifier: Registering: Handler (com.android.internal.telephony.GsmCdmaPhone) {a723ea1}
01-16 13:57:06.299 2064 2064 D MultiSimSettingController: onSubscriptionsChanged
01-16 13:57:06.299 2064 2064 D MultiSimSettingController: updateDefaults
01-16 13:57:06.299 2064 2064 D MultiSimSettingController: [updateDefaultValues] change: 0
01-16 13:57:06.299 2064 2064 D CarrierConfigLoader: mHandler: 7 phoneId: 0
01-16 13:57:06.361 1832 1843 I system_server: Background young concurrent copying GC freed 35088(2013KB) AllocSpace objects, 30(1304KB) LOS objects, 27% free, 7239KB/9995KB, paused 93us total 419.338ms
01-16 13:57:06.367 2064 2064 D CarrierConfigLoader: Loaded config from XML. package=com.android.carrierconfig phoneId=0
01-16 13:57:06.367 2064 2064 D CarrierSvcBindHelper: mHandler: 0
01-16 13:57:06.367 2064 2064 D CarrierSvcBindHelper: Rebinding if necessary for phoneId: 0
01-16 13:57:06.376 2064 2064 D CarrierSvcBindHelper: No carrier app for: 0
01-16 13:57:06.376 2064 2342 D IccSmsInterfaceManager: [IccSmsInterfaceManager] Failed to add cdma broadcast channels range 4096 to 4096
01-16 13:57:06.377 2064 2342 D IccSmsInterfaceManager: [IccSmsInterfaceManager] Calling setGsmBroadcastConfig with 1 configurations
01-16 13:57:06.391 2064 2064 D MultiSimSettingController: onDefaultDataSettingChanged
01-16 13:57:06.394 2064 2064 D CallNotifier: updatePhoneStateListeners: update CF notifications.
01-16 13:57:06.394 2064 2064 I NotificationMgr: updateMwi(): subId 1 update to false
01-16 13:57:06.405 2064 2064 I CallNotifier: onCallForwardingIndicatorChanged(): subId=1, visible=N
01-16 13:57:06.406 2064 2064 D CallNotifier: updatePhoneStateListeners: update CF notifications.
01-16 13:57:06.406 2064 2064 I NotificationMgr: updateCfi: subId= 1, visible=N
01-16 13:57:06.425 1578 1578 D Zygote : Forked child process 2359
01-16 13:57:06.427 2064 2064 I NotificationMgr: updateMwi(): subId 1 update to false
01-16 13:57:06.430 1832 1860 I ActivityManager: Start proc 2359:com.android.dialer/u0a85 for broadcast {com.android.dialer/com.android.dialer.app.voicemail.LegacyVoicemailNotificationReceiver}
01-16 13:57:06.436 2064 2064 I TelecomFramework: PstnPhoneCapabilitiesNotifier: handleVideoCapabilitesChanged. Video capability - false
01-16 13:57:06.436 2064 2064 I CallNotifier: onCallForwardingIndicatorChanged(): subId=1, visible=N
01-16 13:57:06.437 2064 2064 D CallNotifier: updatePhoneStateListeners: update CF notifications.
01-16 13:57:06.437 2064 2064 I NotificationMgr: updateCfi: subId= 1, visible=N
01-16 13:57:06.438 2064 2064 I NotificationMgr: updateMwi(): subId 1 update to false
01-16 13:57:06.449 1832 1934 D ConnectivityService: releasing NetworkRequest [ TRACK_DEFAULT id=14, [ Capabilities: INTERNET&NOT_RESTRICTED&TRUSTED Uid: 1001] ] (release request)
01-16 13:57:06.465 2064 2080 W System : A resource failed to call close.
01-16 13:57:06.466 2064 2064 D CallNotifier: updatePhoneStateListeners: update CF notifications.
01-16 13:57:06.466 2064 2064 I NotificationMgr: updateCfi: subId= 1, visible=N
01-16 13:57:06.466 2064 2064 I NotificationMgr: updateMwi(): subId 1 update to false
01-16 13:57:06.469 2064 2064 I TelecomFramework: : onSubscriptionsChanged - update accounts
01-16 13:57:06.469 2064 2064 I TelecomFramework: PstnIncomingCallNotifier: Unregistering: Handler (com.android.internal.telephony.GsmCdmaPhone) {a723ea1}
01-16 13:57:06.469 2064 2064 I TelecomFramework: TelecomAccountRegistry: setupAccounts: Found 1 phones. Attempting to register.
01-16 13:57:06.469 2064 2064 I TelecomFramework: TelecomAccountRegistry: setupAccounts: Phone with subscription id 1
01-16 13:57:06.487 2359 2359 W .android.diale: Unexpected CPU variant for X86 using defaults: x86
01-16 13:57:06.519 1832 2167 I Telecom : PhoneAccountRegistrar: Modify account: [ComponentInfo{com.android.phone/com.android.services.telephony.TelephonyConnectionService}, ***, UserHandle{0}]: TSI.rPA@ACs
01-16 13:57:06.520 1832 2167 I Telecom : CallsManager: handlePhoneAccountChanged: phoneAccount=[[X] PhoneAccount: ComponentInfo{com.android.phone/com.android.services.telephony.TelephonyConnectionService}, ***, UserHandle{0} Capabilities: CallProvider MultiUser PlaceEmerg SimSub Audio Routes: BESW Schemes: tel voicemail Extras: Bundle[{android.telecom.extra.SUPPORTS_VIDEO_CALLING_FALLBACK=true}] GroupId: ***]: TSI.rPA@ACs
01-16 13:57:06.521 2064 2064 I TelecomFramework: AccountEntry: Registered phoneAccount: [[ ] PhoneAccount: ComponentInfo{com.android.phone/com.android.services.telephony.TelephonyConnectionService}, ***, UserHandle{0} Capabilities: CallProvider MultiUser PlaceEmerg SimSub Audio Routes: BESW Schemes: tel voicemail Extras: Bundle[{android.telecom.extra.SUPPORTS_VIDEO_CALLING_FALLBACK=true}] GroupId: ***] with handle: ComponentInfo{com.android.phone/com.android.services.telephony.TelephonyConnectionService}, ***, UserHandle{0}
01-16 13:57:06.521 2064 2064 I TelecomFramework: PstnIncomingCallNotifier: Registering: Handler (com.android.internal.telephony.GsmCdmaPhone) {a723ea1}
01-16 13:57:06.527 2064 2064 D MultiSimSettingController: onSubscriptionsChanged
01-16 13:57:06.527 2064 2064 D MultiSimSettingController: updateDefaults
01-16 13:57:06.527 2064 2064 D MultiSimSettingController: [updateDefaultValues] change: 0
01-16 13:57:06.529 2064 2064 D CallNotifier: updatePhoneStateListeners: update CF notifications.
01-16 13:57:06.529 2064 2064 I NotificationMgr: updateCfi: subId= 1, visible=N
01-16 13:57:06.531 2064 2064 I NotificationMgr: updateMwi(): subId 1 update to false
01-16 13:57:06.533 2064 2064 I TelecomFramework: : onSubscriptionsChanged - update accounts
01-16 13:57:06.533 2064 2064 I TelecomFramework: PstnIncomingCallNotifier: Unregistering: Handler (com.android.internal.telephony.GsmCdmaPhone) {a723ea1}
01-16 13:57:06.533 2064 2064 I TelecomFramework: TelecomAccountRegistry: setupAccounts: Found 1 phones. Attempting to register.
01-16 13:57:06.534 2064 2064 I TelecomFramework: TelecomAccountRegistry: setupAccounts: Phone with subscription id 1
01-16 13:57:06.580 1832 1848 I Telecom : PhoneAccountRegistrar: Modify account: [ComponentInfo{com.android.phone/com.android.services.telephony.TelephonyConnectionService}, ***, UserHandle{0}]: TSI.rPA@AC4
01-16 13:57:06.581 1832 1848 I Telecom : CallsManager: handlePhoneAccountChanged: phoneAccount=[[X] PhoneAccount: ComponentInfo{com.android.phone/com.android.services.telephony.TelephonyConnectionService}, ***, UserHandle{0} Capabilities: CallProvider MultiUser PlaceEmerg SimSub Audio Routes: BESW Schemes: tel voicemail Extras: Bundle[{android.telecom.extra.SUPPORTS_VIDEO_CALLING_FALLBACK=true}] GroupId: ***]: TSI.rPA@AC4
01-16 13:57:06.582 2064 2064 I TelecomFramework: AccountEntry: Registered phoneAccount: [[ ] PhoneAccount: ComponentInfo{com.android.phone/com.android.services.telephony.TelephonyConnectionService}, ***, UserHandle{0} Capabilities: CallProvider MultiUser PlaceEmerg SimSub Audio Routes: BESW Schemes: tel voicemail Extras: Bundle[{android.telecom.extra.SUPPORTS_VIDEO_CALLING_FALLBACK=true}] GroupId: ***] with handle: ComponentInfo{com.android.phone/com.android.services.telephony.TelephonyConnectionService}, ***, UserHandle{0}
01-16 13:57:06.582 2064 2064 I TelecomFramework: PstnIncomingCallNotifier: Registering: Handler (com.android.internal.telephony.GsmCdmaPhone) {a723ea1}
01-16 13:57:06.610 2064 2064 D MultiSimSettingController: onSubscriptionsChanged
01-16 13:57:06.610 2064 2064 D MultiSimSettingController: updateDefaults
01-16 13:57:06.610 2064 2064 D MultiSimSettingController: [updateDefaultValues] change: 0
01-16 13:57:06.611 2064 2064 D CallNotifier: updatePhoneStateListeners: update CF notifications.
01-16 13:57:06.611 2064 2064 I NotificationMgr: updateCfi: subId= 1, visible=N
01-16 13:57:06.612 2064 2064 I NotificationMgr: updateMwi(): subId 1 update to false
01-16 13:57:06.619 2064 2064 I TelecomFramework: PstnPhoneCapabilitiesNotifier: handleVideoCapabilitesChanged. Video capability - false
01-16 13:57:06.639 2064 2064 D CarrierConfigLoader: mHandler: 5 phoneId: 0
01-16 13:57:06.647 2064 2342 D IccSmsInterfaceManager: [IccSmsInterfaceManager] Failed to add GSM cell broadcast channels range 4383 to 4383
01-16 13:57:06.659 2064 2064 D TelephonyProvider: subIdString = 1 subId = 1
01-16 13:57:06.686 2064 2083 D IccSmsInterfaceManager: [IccSmsInterfaceManager] Calling setGsmBroadcastConfig with 1 configurations
01-16 13:57:06.748 2064 2257 D TelephonyProvider: subIdString = 1 subId = 1
01-16 13:57:06.728 2064 2064 I chatty : uid=1001(radio) com.android.phone identical 6 lines
01-16 13:57:06.728 2064 2064 I TelecomFramework: PstnPhoneCapabilitiesNotifier: handleVideoCapabilitesChanged. Video capability - false
01-16 13:57:06.786 1832 1848 I Telecom : PhoneAccountRegistrar: Modify account: [ComponentInfo{com.android.phone/com.android.services.telephony.TelephonyConnectionService}, ***, UserHandle{0}]: TSI.rPA@ADE
01-16 13:57:06.788 1832 1848 I Telecom : CallsManager: handlePhoneAccountChanged: phoneAccount=[[X] PhoneAccount: ComponentInfo{com.android.phone/com.android.services.telephony.TelephonyConnectionService}, ***, UserHandle{0} Capabilities: CallProvider MultiUser PlaceEmerg SimSub Audio Routes: BESW Schemes: tel voicemail Extras: Bundle[{android.telecom.extra.SUPPORTS_VIDEO_CALLING_FALLBACK=true}] GroupId: ***]: TSI.rPA@ADE
01-16 13:57:06.813 2064 2083 D IccSmsInterfaceManager: [IccSmsInterfaceManager] Failed to add GSM cell broadcast channels range 4371 to 4372
01-16 13:57:06.814 2064 2083 D IccSmsInterfaceManager: [IccSmsInterfaceManager] Calling setCdmaBroadcastConfig with 1 configurations
01-16 13:57:06.833 2064 2064 D TelephonyProvider: subIdString = 1 subId = 1
01-16 13:57:06.848 2359 2359 D ApplicationLoaders: Returning zygote-cached class loader: /system/framework/android.hidl.base-V1.0-java.jar
01-16 13:57:06.848 2359 2359 D ApplicationLoaders: Returning zygote-cached class loader: /system/framework/android.hidl.manager-V1.0-java.jar
01-16 13:57:06.848 2359 2359 D ApplicationLoaders: Returning zygote-cached class loader: /system/framework/android.hidl.base-V1.0-java.jar
01-16 13:57:06.850 2359 2359 I .android.diale: The ClassLoaderContext is a special shared library.
01-16 13:57:06.858 2064 2064 D TelephonyProvider: subIdString = 1 subId = 1
01-16 13:57:06.878 1832 1848 D ConnectivityService: registerNetworkAgent NetworkAgentInfo{ ni{[type: MOBILE[LTE], state: CONNECTED/CONNECTED, reason: connected, extra: epc.tmobile.com, failover: false, available: true, roaming: false]} network{100} nethandle{432902426637} lp{{InterfaceName: radio0 LinkAddresses: [ 192.168.200.2/24,fe80::b8bb:21ff:fe15:a39f/64,fec0::b8bb:21ff:fe15:a39f/64,fec0::2538:797f:f23:3272/64 ] DnsAddresses: [ /10.0.2.3 ] Domains: null MTU: 1500 TcpBufferSizes: 524288,1048576,2097152,262144,524288,1048576 Routes: [ 0.0.0.0/0 -> 192.168.200.1 radio0,192.168.200.0/24 -> 0.0.0.0 radio0,fe80::/64 -> :: radio0,fec0::/64 -> :: radio0 ]}} nc{[ Transports: CELLULAR Capabilities: MMS&SUPL&DUN&FOTA&IMS&CBS&INTERNET&NOT_RESTRICTED&TRUSTED&NOT_VPN&NOT_ROAMING&FOREGROUND&NOT_CONGESTED&NOT_SUSPENDED LinkUpBandwidth>=51200Kbps LinkDnBandwidth>=102400Kbps Specifier: <1>]} Score{10} everValidated{false} lastValidated{false} created{false} lingering{false} explicitlySelected{false} acceptUnvalidated{false} everCaptivePortalDetected{false} lastCaptivePortalDetected{false} captivePortalValidationPending{false} partialConnectivity{false} acceptPartialConnectivity{false} clat{mBaseIface: null, mIface: null, mState: IDLE} }
01-16 13:57:06.915 2064 2064 I chatty : uid=1001(radio) com.android.phone identical 6 lines
01-16 13:57:06.923 2064 2064 D TelephonyProvider: subIdString = 1 subId = 1
01-16 13:57:06.939 2064 2064 D CarrierConfigLoader: mHandler: 16 phoneId: 0
01-16 13:57:06.940 2064 2064 D CarrierConfigLoader: Broadcast CARRIER_CONFIG_CHANGED for phone 0
01-16 13:57:06.941 2064 2083 D IccSmsInterfaceManager: [IccSmsInterfaceManager] Failed to add cdma broadcast channels range 4097 to 4097
01-16 13:57:06.942 2064 2083 D IccSmsInterfaceManager: [IccSmsInterfaceManager] Calling setGsmBroadcastConfig with 1 configurations
01-16 13:57:06.954 2064 2342 I CarrierInfoManager: using values for mnc, mcc: 260,310
01-16 13:57:06.958 2064 2342 D CarrierInfoManager: No rows found for keyType: 2
01-16 13:57:07.030 2359 2359 I .android.diale: The ClassLoaderContext is a special shared library.
01-16 13:57:07.047 1832 1934 D ConnectivityService: NetworkAgentInfo [MOBILE (LTE) - 100] EVENT_NETWORK_INFO_CHANGED, going from null to CONNECTED
01-16 13:57:07.047 1577 1577 D TcpSocketMonitor: resuming tcpinfo polling (interval=30000ms)
01-16 13:57:07.047 1577 1577 I netd : networkCreatePhysical(100, 0) <0.05ms>
01-16 13:57:07.048 1577 1577 I netd : createNetworkCache(100) <0.04ms>
01-16 13:57:07.049 1832 1934 W DnsManager: updatePrivateDns(100, PrivateDnsConfig{true:/[]})
01-16 13:57:07.049 1832 1934 D ConnectivityService: Setting DNS servers for network 100 to [/10.0.2.3]
01-16 13:57:07.049 1832 1934 D DnsManager: setDnsConfigurationForNetwork(100, [10.0.2.3], [], 1800, 25, 8, 64, 0, 0, , [10.0.2.3])
01-16 13:57:07.050 1577 1577 I netd : DnsResolverService::setResolverConfiguration(100, [10.0.2.3], [], 1800, 25, 8, 64, 0, 0, [10.0.2.3], []) -> (0) (0.3ms)
01-16 13:57:07.050 1577 1577 I netd : setResolverConfiguration() <0.39ms>
01-16 13:57:07.050 1832 1934 D ConnectivityService: Adding iface radio0 to network 100
01-16 13:57:07.057 1832 1927 W BestClock: java.time.DateTimeException: Missing NTP fix
01-16 13:57:07.060 1577 1577 I netd : networkAddInterface(100, "radio0") <9.77ms>
01-16 13:57:07.077 1832 1832 I Telecom : PhoneAccountRegistrar: getSimCallManager: SimCallManager for subId 1 queried, returning: null: TSI.gSCMFU@ADI
01-16 13:57:07.079 1577 1577 I netd : interfaceSetMtu("radio0", 1500) <0.13ms>
01-16 13:57:07.085 1577 1577 I netd : networkAddRoute(100, "radio0", "192.168.200.0/24", "") <0.13ms>
01-16 13:57:07.092 1577 1577 I netd : networkAddRoute(100, "radio0", "fe80::/64", "") <0.16ms>
01-16 13:57:07.093 1832 1849 E GnssLocationProvider: android_location_GnssLocationProvider_set_agps_server: AGPS interface not supported
01-16 13:57:07.093 1832 1849 W Looper : Slow dispatch took 148ms android.fg h=com.android.server.location.GnssLocationProvider$ProviderHandler c=android.app.-$$Lambda$LoadedApk$ReceiverDispatcher$Args$_BumDX2UKsnxLVrE6UJsJZkotuA@4df791b m=0
01-16 13:57:07.094 1577 1577 I netd : networkAddRoute(100, "radio0", "fec0::/64", "") <0.15ms>
01-16 13:57:07.095 1577 1577 I netd : networkAddRoute(100, "radio0", "0.0.0.0/0", "192.168.200.1") <0.15ms>
01-16 13:57:07.095 1832 1934 D ConnectivityService: Setting DNS servers for network 100 to [/10.0.2.3]
01-16 13:57:07.095 1832 1934 D DnsManager: setDnsConfigurationForNetwork(100, [10.0.2.3], [], 1800, 25, 8, 64, 0, 0, , [10.0.2.3])
01-16 13:57:07.109 1577 1577 I netd : DnsResolverService::setResolverConfiguration(100, [10.0.2.3], [], 1800, 25, 8, 64, 0, 0, [10.0.2.3], []) -> (0) (1e+01ms)
01-16 13:57:07.109 1577 1577 I netd : setResolverConfiguration() <13.51ms>
01-16 13:57:07.116 1832 1934 W BestClock: java.time.DateTimeException: Missing NTP fix
01-16 13:57:07.127 2064 2064 D CarrierKeyDownloadManager: Carrier Config changed: android.telephony.action.CARRIER_CONFIG_CHANGED
01-16 13:57:07.132 2064 2064 I TelecomFramework: : Carrier-config changed, checking for phone account updates.
01-16 13:57:07.144 2064 2064 I TelecomFramework: AccountEntry: reRegisterPstnPhoneAccount: subId: 1 - no change
01-16 13:57:07.144 2064 2083 D IccSmsInterfaceManager: [IccSmsInterfaceManager] Failed to add GSM cell broadcast channels range 4384 to 4385
01-16 13:57:07.167 1577 2380 W DnsTlsSocket: SSL_connect error 5, errno=111
01-16 13:57:07.187 2064 2083 D IccSmsInterfaceManager: [IccSmsInterfaceManager] Calling setGsmBroadcastConfig with 1 configurations
01-16 13:57:07.190 1577 1577 I netd : trafficSwapActiveStatsMap() <73.07ms>
01-16 13:57:07.191 2359 2359 W ContextImpl: Failed to ensure /data/user/0/com.android.dialer/cache: mkdir failed: ENOENT (No such file or directory)
01-16 13:57:07.191 1577 1577 I netd : tetherGetStats() <0.53ms>
01-16 13:57:07.191 2359 2359 W ContextImpl: Failed to update user.inode_cache: stat failed: ENOENT (No such file or directory)
01-16 13:57:07.197 1832 1934 W BestClock: java.time.DateTimeException: Missing NTP fix
01-16 13:57:07.206 1577 1577 I netd : bandwidthSetInterfaceQuota("radio0", 9223372036854775807) <1.32ms>
01-16 13:57:07.215 1832 1927 W BestClock: java.time.DateTimeException: Missing NTP fix
01-16 13:57:07.218 1577 1577 I netd : bandwidthSetGlobalAlert(2097152) <0.19ms>
01-16 13:57:07.223 1832 1927 W BestClock: java.time.DateTimeException: Missing NTP fix
01-16 13:57:07.229 1577 1577 I netd : idletimerAddInterface("radio0", 10, "0") <1.06ms>
01-16 13:57:07.250 1832 1934 D ConnectivityService: Switching to new default network: NetworkAgentInfo{ ni{[type: MOBILE[LTE], state: CONNECTED/CONNECTED, reason: connected, extra: epc.tmobile.com, failover: false, available: true, roaming: false]} network{100} nethandle{432902426637} lp{{InterfaceName: radio0 LinkAddresses: [ 192.168.200.2/24,fe80::b8bb:21ff:fe15:a39f/64,fec0::b8bb:21ff:fe15:a39f/64,fec0::2538:797f:f23:3272/64 ] DnsAddresses: [ /10.0.2.3 ] Domains: null MTU: 1500 TcpBufferSizes: 524288,1048576,2097152,262144,524288,1048576 Routes: [ 0.0.0.0/0 -> 192.168.200.1 radio0,192.168.200.0/24 -> 0.0.0.0 radio0,fe80::/64 -> :: radio0,fec0::/64 -> :: radio0 ]}} nc{[ Transports: CELLULAR Capabilities: MMS&SUPL&DUN&FOTA&IMS&CBS&INTERNET&NOT_RESTRICTED&TRUSTED&NOT_VPN&NOT_ROAMING&FOREGROUND&NOT_CONGESTED&NOT_SUSPENDED LinkUpBandwidth>=51200Kbps LinkDnBandwidth>=102400Kbps Specifier: <1>]} Score{10} everValidated{false} lastValidated{false} created{true} lingering{false} explicitlySelected{false} acceptUnvalidated{false} everCaptivePortalDetected{false} lastCaptivePortalDetected{false} captivePortalValidationPending{false} partialConnectivity{false} acceptPartialConnectivity{false} clat{mBaseIface: null, mIface: null, mState: IDLE} }
01-16 13:57:07.255 1577 1577 I netd : networkSetDefault(100) <0.15ms>
01-16 13:57:07.255 1577 1577 I netd : setTcpRWmemorySize("524288 1048576 2097152", "262144 524288 1048576") <0.09ms>
01-16 13:57:07.258 1832 1934 W BestClock: java.time.DateTimeException: Missing NTP fix
01-16 13:57:07.295 1577 1577 I netd : trafficSwapActiveStatsMap() <36.05ms>
01-16 13:57:07.299 1577 1577 I netd : tetherGetStats() <3.36ms>
01-16 13:57:07.311 2359 2359 I Dialer : DialerExecutorModule.newThread - creating low priority thread
01-16 13:57:07.332 2359 2387 I Dialer : BlockedNumbersAutoMigrator - not attempting auto-migrate: device is locked
01-16 13:57:07.340 2064 2064 D CarrierKeyDownloadManager: Carrier not enabled or invalid values
01-16 13:57:07.340 2064 2064 D CarrierKeyDownloadManager: Cleaning up existing renewal alarms
01-16 13:57:07.345 2359 2359 I Dialer : DialerApplication.initializeAnnotatedCallLog - framework not enabled
01-16 13:57:07.351 1832 1934 W BestClock: java.time.DateTimeException: Missing NTP fix
01-16 13:57:07.354 1577 1577 I netd : bandwidthRemoveInterfaceQuota("radio0") <1.34ms>
01-16 13:57:07.356 1577 1577 I netd : bandwidthSetInterfaceQuota("radio0", 9223372036854775807) <1.34ms>
01-16 13:57:07.357 1832 1927 W BestClock: java.time.DateTimeException: Missing NTP fix
01-16 13:57:07.357 1577 1577 I netd : bandwidthSetGlobalAlert(2097152) <0.10ms>
01-16 13:57:07.357 1832 2054 D NetworkTimeUpdateService: New default network 100; checking time.
01-16 13:57:07.360 1832 1934 D ConnectivityService: Sending CONNECTED broadcast for type 0 NetworkAgentInfo [MOBILE (LTE) - 100] isDefaultNetwork=true
01-16 13:57:07.364 1832 1934 W BestClock: java.time.DateTimeException: Missing NTP fix
01-16 13:57:07.364 1832 1934 W BestClock: java.time.DateTimeException: Missing NTP fix
01-16 13:57:07.371 2014 2384 D NetworkMonitor/100: PROBE_DNS connectivitycheck.gstatic.com 111ms OK 64.233.163.94,2a00:1450:4010:c06::5e
01-16 13:57:07.379 1832 1927 W BestClock: java.time.DateTimeException: Missing NTP fix
01-16 13:57:07.388 1832 1927 W BestClock: java.time.DateTimeException: Missing NTP fix
01-16 13:57:07.405 2359 2359 I Dialer : LegacyVoicemailNotificationReceiver.onReceive - received legacy voicemail notification
01-16 13:57:07.405 2359 2359 I Dialer : LegacyVoicemailNotificationReceiver.onReceive - isRefresh: false
01-16 13:57:07.411 2014 2384 D NetworkSecurityConfig: No Network Security Config specified, using platform default
01-16 13:57:07.424 2359 2359 I Dialer : LegacyVoicemailNotificationReceiver.onReceive - clearing notification
01-16 13:57:07.424 2359 2359 I Dialer : LegacyVoicemailNotifier.cancelNotification - enter
01-16 13:57:07.471 1577 1577 I netd : bandwidthRemoveInterfaceQuota("radio0") <1.44ms>
01-16 13:57:07.473 1577 1577 I netd : bandwidthSetInterfaceQuota("radio0", 9223372036854775807) <1.19ms>
01-16 13:57:07.474 1832 1927 W BestClock: java.time.DateTimeException: Missing NTP fix
01-16 13:57:07.474 1577 1577 I netd : bandwidthSetGlobalAlert(2097152) <0.11ms>
01-16 13:57:07.499 1832 1934 W BestClock: java.time.DateTimeException: Missing NTP fix
01-16 13:57:07.507 2064 2078 I m.android.phon: Background concurrent copying GC freed 20715(2153KB) AllocSpace objects, 0(0B) LOS objects, 49% free, 2388KB/4776KB, paused 34us total 641.280ms
01-16 13:57:07.510 1578 1578 D Zygote : Forked child process 2397
01-16 13:57:07.511 1832 1926 W BestClock: java.time.DateTimeException: Missing NTP fix
01-16 13:57:07.521 2359 2359 I Dialer : LegacyVoicemailNotificationReceiver.onReceive - received legacy voicemail notification
01-16 13:57:07.521 2359 2359 I Dialer : LegacyVoicemailNotificationReceiver.onReceive - isRefresh: true
01-16 13:57:07.521 2359 2359 I Dialer : LegacyVoicemailNotificationReceiver.onReceive - clearing notification
01-16 13:57:07.527 1832 1934 W BestClock: java.time.DateTimeException: Missing NTP fix
01-16 13:57:07.548 1832 1860 W ActivityManager: Slow operation: 464ms so far, now at startProcess: returned from zygote!
01-16 13:57:07.548 1832 1860 W ActivityManager: Slow operation: 464ms so far, now at startProcess: done updating battery stats
01-16 13:57:07.548 1832 1860 W ActivityManager: Slow operation: 464ms so far, now at startProcess: building log message
01-16 13:57:07.548 1832 1860 I ActivityManager: Start proc 2397:android.process.acore/u0a36 for content provider {com.android.providers.blockednumber/com.android.providers.blockednumber.BlockedNumberProvider}
01-16 13:57:07.548 1832 1860 W ActivityManager: Slow operation: 464ms so far, now at startProcess: starting to update pids map
01-16 13:57:07.549 1832 1860 W ActivityManager: Slow operation: 465ms so far, now at startProcess: done updating pids map
01-16 13:57:07.554 2359 2359 I Dialer : LegacyVoicemailNotifier.cancelNotification - enter
01-16 13:57:07.559 1577 1577 I netd : trafficSwapActiveStatsMap() <43.20ms>
01-16 13:57:07.571 2359 2391 W ContextImpl: Failed to ensure /data/user/0/com.android.dialer/cache: mkdir failed: ENOENT (No such file or directory)
01-16 13:57:07.572 2359 2391 W ContextImpl: Failed to update user.inode_cache: stat failed: ENOENT (No such file or directory)
01-16 13:57:07.588 1577 1577 I netd : tetherGetStats() <7.92ms>
01-16 13:57:07.597 2359 2359 I Dialer : LegacyVoicemailNotificationReceiver.onReceive - received legacy voicemail notification
01-16 13:57:07.598 2359 2359 I Dialer : LegacyVoicemailNotificationReceiver.onReceive - isRefresh: true
01-16 13:57:07.598 2359 2359 I Dialer : LegacyVoicemailNotificationReceiver.onReceive - clearing notification
01-16 13:57:07.598 2359 2359 I Dialer : LegacyVoicemailNotifier.cancelNotification - enter
01-16 13:57:07.599 2064 2083 D IccSmsInterfaceManager: [IccSmsInterfaceManager] Failed to add GSM cell broadcast channels range 4373 to 4378
01-16 13:57:07.601 2064 2083 D IccSmsInterfaceManager: [IccSmsInterfaceManager] Calling setCdmaBroadcastConfig with 1 configurations
01-16 13:57:07.623 1832 1926 W BestClock: java.time.DateTimeException: Missing NTP fix
01-16 13:57:07.625 2359 2359 I Dialer : LegacyVoicemailNotificationReceiver.onReceive - received legacy voicemail notification
01-16 13:57:07.625 2359 2359 I Dialer : LegacyVoicemailNotificationReceiver.onReceive - isRefresh: true
01-16 13:57:07.626 2359 2359 I Dialer : LegacyVoicemailNotificationReceiver.onReceive - clearing notification
01-16 13:57:07.626 2359 2359 I Dialer : LegacyVoicemailNotifier.cancelNotification - enter
01-16 13:57:07.626 1832 1927 W BestClock: java.time.DateTimeException: Missing NTP fix
01-16 13:57:07.627 2359 2359 I Dialer : LegacyVoicemailNotificationReceiver.onReceive - received legacy voicemail notification
01-16 13:57:07.627 2359 2359 I Dialer : LegacyVoicemailNotificationReceiver.onReceive - isRefresh: true
01-16 13:57:07.627 2359 2359 I Dialer : LegacyVoicemailNotificationReceiver.onReceive - clearing notification
01-16 13:57:07.627 2359 2359 I Dialer : LegacyVoicemailNotifier.cancelNotification - enter
01-16 13:57:07.629 2359 2359 I Dialer : LegacyVoicemailNotificationReceiver.onReceive - received legacy voicemail notification
01-16 13:57:07.629 2359 2359 I Dialer : LegacyVoicemailNotificationReceiver.onReceive - isRefresh: false
01-16 13:57:07.629 2359 2359 I Dialer : LegacyVoicemailNotificationReceiver.onReceive - clearing notification
01-16 13:57:07.629 2359 2359 I Dialer : LegacyVoicemailNotifier.cancelNotification - enter
01-16 13:57:07.630 2064 2083 D IccSmsInterfaceManager: [IccSmsInterfaceManager] Failed to add cdma broadcast channels range 4098 to 4098
01-16 13:57:07.632 2064 2083 D IccSmsInterfaceManager: [IccSmsInterfaceManager] Calling setGsmBroadcastConfig with 1 configurations
01-16 13:57:07.633 2397 2397 W d.process.acor: Unexpected CPU variant for X86 using defaults: x86
01-16 13:57:07.636 2014 2383 D NetworkMonitor/100: PROBE_DNS www.google.com 377ms OK 173.194.73.103,173.194.73.105,173.194.73.99,173.194.73.147,173.194.73.104,173.194.73.106,2a00:1450:4010:c0d::6a,2a00:1450:4010:c0d::69,2a00:1450:4010:c0d::93,2a00:1450:4010:c0d::68
01-16 13:57:07.652 2014 2384 D NetworkMonitor/100: PROBE_HTTP http://connectivitycheck.gstatic.com/generate_204 time=239ms ret=204 request={Connection=[close], User-Agent=[Mozilla/5.0 (X11; Linux x86_64) AppleWebKit/537.36 (KHTML, like Gecko) Chrome/60.0.3112.32 Safari/537.36]} headers={null=[HTTP/1.1 204 No Content], Connection=[close], Content-Length=[0], Date=[Sat, 16 Jan 2021 11:57:07 GMT], X-Android-Received-Millis=[1610798227651], X-Android-Response-Source=[NETWORK 204], X-Android-Selected-Protocol=[http/1.1], X-Android-Sent-Millis=[1610798227613]}
01-16 13:57:07.654 1832 2054 D SntpClient: round trip: 67ms, clock offset: -131ms
01-16 13:57:07.668 2319 2319 D CellBroadcastReceiver: onReceive Intent { act=android.telephony.action.CARRIER_CONFIG_CHANGED flg=0x15000010 cmp=com.android.cellbroadcastreceiver/.CellBroadcastReceiver (has extras) }
01-16 13:57:07.668 2319 2319 D CellBroadcastReceiver: initializeSharedPreference
01-16 13:57:07.672 2064 2083 D IccSmsInterfaceManager: [IccSmsInterfaceManager] Failed to add GSM cell broadcast channels range 4386 to 4391
01-16 13:57:07.688 2319 2319 D CellBroadcastReceiver: Default interval 0 did not change.
01-16 13:57:07.688 2319 2319 D CellBroadcastReceiver: Start Cell Broadcast configuration.
01-16 13:57:07.693 2064 2064 D OtaspSimStateReceiver: Received intent: android.telephony.action.CARRIER_CONFIG_CHANGED
01-16 13:57:07.694 2064 2064 D OtaspSimStateReceiver: otasp activation not needed: no supported carrier
01-16 13:57:07.698 2064 2064 I VvmSimStateTracker: android.telephony.action.CARRIER_CONFIG_CHANGED
01-16 13:57:07.700 2064 2083 D IccSmsInterfaceManager: [IccSmsInterfaceManager] Calling setGsmBroadcastConfig with 1 configurations
01-16 13:57:07.712 2064 2083 D IccSmsInterfaceManager: [IccSmsInterfaceManager] Failed to add GSM cell broadcast channels range 4379 to 4379
01-16 13:57:07.721 2064 2083 D IccSmsInterfaceManager: [IccSmsInterfaceManager] Calling setCdmaBroadcastConfig with 1 configurations
01-16 13:57:07.730 2064 2083 D IccSmsInterfaceManager: [IccSmsInterfaceManager] Failed to add cdma broadcast channels range 4099 to 4099
01-16 13:57:07.731 2064 2083 D IccSmsInterfaceManager: [IccSmsInterfaceManager] Calling setGsmBroadcastConfig with 1 configurations
01-16 13:57:07.763 2064 2083 D IccSmsInterfaceManager: [IccSmsInterfaceManager] Failed to add GSM cell broadcast channels range 4392 to 4392
01-16 13:57:07.793 2064 2083 D IccSmsInterfaceManager: [IccSmsInterfaceManager] Failed to remove GSM cell broadcast channels range 4380 to 4380
01-16 13:57:07.801 2064 2083 D IccSmsInterfaceManager: [IccSmsInterfaceManager] Failed to remove cdma broadcast channels range 4100 to 4100
01-16 13:57:07.802 2064 2350 D IccSmsInterfaceManager: [IccSmsInterfaceManager] Failed to remove GSM cell broadcast channels range 4393 to 4393
01-16 13:57:07.829 2064 2350 D IccSmsInterfaceManager: [IccSmsInterfaceManager] Failed to remove GSM cell broadcast channels range 4381 to 4381
01-16 13:57:07.830 2064 2350 D IccSmsInterfaceManager: [IccSmsInterfaceManager] Failed to remove GSM cell broadcast channels range 4394 to 4394
01-16 13:57:07.865 1832 1851 I DropBoxManagerService: add tag=system_app_strictmode isTagEnabled=true flags=0x2
01-16 13:57:07.881 2397 2397 I d.process.acor: The ClassLoaderContext is a special shared library.
01-16 13:57:07.905 2064 2350 D IccSmsInterfaceManager: [IccSmsInterfaceManager] Failed to remove GSM cell broadcast channels range 4382 to 4382
01-16 13:57:07.907 2064 2350 D IccSmsInterfaceManager: [IccSmsInterfaceManager] Failed to remove GSM cell broadcast channels range 4395 to 4395
01-16 13:57:07.913 2064 2350 D IccSmsInterfaceManager: [IccSmsInterfaceManager] Calling setGsmBroadcastConfig with 1 configurations
01-16 13:57:07.915 2064 2350 D IccSmsInterfaceManager: [IccSmsInterfaceManager] Failed to add GSM cell broadcast channels range 4352 to 4354
01-16 13:57:07.917 2064 2350 D IccSmsInterfaceManager: [IccSmsInterfaceManager] Calling setGsmBroadcastConfig with 1 configurations
01-16 13:57:07.919 2064 2350 D IccSmsInterfaceManager: [IccSmsInterfaceManager] Failed to add GSM cell broadcast channels range 4356 to 4356
01-16 13:57:07.933 2064 2083 D IccSmsInterfaceManager: [IccSmsInterfaceManager] Failed to remove GSM cell broadcast channels range 4355 to 4355
01-16 13:57:07.942 2064 2083 D IccSmsInterfaceManager: [IccSmsInterfaceManager] Calling setGsmBroadcastConfig with 1 configurations
01-16 13:57:07.975 2064 2083 D IccSmsInterfaceManager: [IccSmsInterfaceManager] Failed to add GSM cell broadcast channels range 4396 to 4396
