01-16 14:02:29.769 3752 3786 E EGL_emulation: tid 3786: swapBuffers(537): error 0x300d (EGL_BAD_SURFACE)
01-16 14:02:29.769 3752 3786 W libprotox_x86.so: QEGLPlatformContext: eglSwapBuffers failed: 300d
01-16 14:02:29.793 3752 3786 E EGL_emulation: egl_window_surface_t::swapBuffers called with NULL buffer
01-16 14:02:29.793 3752 3786 E EGL_emulation: tid 3786: swapBuffers(537): error 0x300d (EGL_BAD_SURFACE)
01-16 14:02:29.793 3752 3786 W libprotox_x86.so: QEGLPlatformContext: eglSwapBuffers failed: 300d
01-16 14:02:29.796 1832 1858 I ActivityTaskManager: Displayed com.android.documentsui/.picker.PickActivity: +791ms
01-16 14:02:29.797 3752 3786 E EGL_emulation: egl_window_surface_t::swapBuffers called with NULL buffer
01-16 14:02:29.797 3752 3786 E EGL_emulation: tid 3786: swapBuffers(537): error 0x300d (EGL_BAD_SURFACE)
01-16 14:02:29.801 3752 3786 W libprotox_x86.so: QEGLPlatformContext: eglSwapBuffers failed: 300d
01-16 14:02:29.803 3752 3786 E EGL_emulation: egl_window_surface_t::swapBuffers called with NULL buffer
01-16 14:02:29.803 3752 3786 E EGL_emulation: tid 3786: swapBuffers(537): error 0x300d (EGL_BAD_SURFACE)
01-16 14:02:29.803 3752 3786 W libprotox_x86.so: QEGLPlatformContext: eglSwapBuffers failed: 300d
01-16 14:02:29.818 3752 3786 E EGL_emulation: egl_window_surface_t::swapBuffers called with NULL buffer
01-16 14:02:29.818 3752 3786 E EGL_emulation: tid 3786: swapBuffers(537): error 0x300d (EGL_BAD_SURFACE)
01-16 14:02:29.818 3752 3786 W libprotox_x86.so: QEGLPlatformContext: eglSwapBuffers failed: 300d
01-16 14:02:29.820 3752 3786 E EGL_emulation: egl_window_surface_t::swapBuffers called with NULL buffer
01-16 14:02:29.820 3752 3786 E EGL_emulation: tid 3786: swapBuffers(537): error 0x300d (EGL_BAD_SURFACE)
01-16 14:02:29.820 3752 3786 W libprotox_x86.so: QEGLPlatformContext: eglSwapBuffers failed: 300d
01-16 14:02:29.827 3752 3786 E EGL_emulation: egl_window_surface_t::swapBuffers called with NULL buffer
01-16 14:02:29.827 3752 3786 E EGL_emulation: tid 3786: swapBuffers(537): error 0x300d (EGL_BAD_SURFACE)
01-16 14:02:29.827 3752 3786 W libprotox_x86.so: QEGLPlatformContext: eglSwapBuffers failed: 300d
01-16 14:02:29.836 3752 3786 E EGL_emulation: egl_window_surface_t::swapBuffers called with NULL buffer
01-16 14:02:29.836 3752 3786 E EGL_emulation: tid 3786: swapBuffers(537): error 0x300d (EGL_BAD_SURFACE)
01-16 14:02:29.836 3752 3786 W libprotox_x86.so: QEGLPlatformContext: eglSwapBuffers failed: 300d
01-16 14:02:29.842 3752 3786 E EGL_emulation: egl_window_surface_t::swapBuffers called with NULL buffer
01-16 14:02:29.842 3752 3786 E EGL_emulation: tid 3786: swapBuffers(537): error 0x300d (EGL_BAD_SURFACE)
01-16 14:02:29.842 3752 3786 W libprotox_x86.so: QEGLPlatformContext: eglSwapBuffers failed: 300d
01-16 14:02:29.847 3752 3786 E EGL_emulation: egl_window_surface_t::swapBuffers called with NULL buffer
01-16 14:02:29.848 3752 3786 E EGL_emulation: tid 3786: swapBuffers(537): error 0x300d (EGL_BAD_SURFACE)
01-16 14:02:29.848 3752 3786 W libprotox_x86.so: QEGLPlatformContext: eglSwapBuffers failed: 300d
01-16 14:02:29.853 3752 3786 E EGL_emulation: egl_window_surface_t::swapBuffers called with NULL buffer
01-16 14:02:29.853 3752 3786 E EGL_emulation: tid 3786: swapBuffers(537): error 0x300d (EGL_BAD_SURFACE)
01-16 14:02:29.854 3752 3786 W libprotox_x86.so: QEGLPlatformContext: eglSwapBuffers failed: 300d
01-16 14:02:29.859 3752 3786 E EGL_emulation: egl_window_surface_t::swapBuffers called with NULL buffer
01-16 14:02:29.859 3752 3786 E EGL_emulation: tid 3786: swapBuffers(537): error 0x300d (EGL_BAD_SURFACE)
01-16 14:02:29.859 3752 3786 W libprotox_x86.so: QEGLPlatformContext: eglSwapBuffers failed: 300d
01-16 14:02:29.864 3752 3786 E EGL_emulation: egl_window_surface_t::swapBuffers called with NULL buffer
01-16 14:02:29.864 3752 3786 E EGL_emulation: tid 3786: swapBuffers(537): error 0x300d (EGL_BAD_SURFACE)
01-16 14:02:29.864 3752 3786 W libprotox_x86.so: QEGLPlatformContext: eglSwapBuffers failed: 300d
01-16 14:02:29.870 3752 3786 E EGL_emulation: egl_window_surface_t::swapBuffers called with NULL buffer
01-16 14:02:29.870 3752 3786 E EGL_emulation: tid 3786: swapBuffers(537): error 0x300d (EGL_BAD_SURFACE)
01-16 14:02:29.870 3752 3786 W libprotox_x86.so: QEGLPlatformContext: eglSwapBuffers failed: 300d
01-16 14:02:29.878 3752 3786 E EGL_emulation: egl_window_surface_t::swapBuffers called with NULL buffer
01-16 14:02:29.878 3752 3786 E EGL_emulation: tid 3786: swapBuffers(537): error 0x300d (EGL_BAD_SURFACE)
01-16 14:02:29.878 3752 3786 W libprotox_x86.so: QEGLPlatformContext: eglSwapBuffers failed: 300d
01-16 14:02:29.890 1606 1822 E BufferQueueProducer: [SurfaceView - org.protox/org.protox.activity.QtActivityEx#0] disconnect: not connected (req=1)
01-16 14:02:29.890 3752 3774 W libEGL : EGLNativeWindowType 0xd7fad008 disconnect failed
01-16 14:02:30.024 3789 3835 D ProvidersAccess: Matched roots: [Root{authority=null, rootId=null, title=Recent, isUsb=false, isSd=false, isMtp=false} @ content:/root/null, Root{authority=com.android.providers.downloads.documents, rootId=downloads, title=Downloads, isUsb=false, isSd=false, isMtp=false} @ content://com.android.providers.downloads.documents/root/downloads, Root{authority=com.android.externalstorage.documents, rootId=home, title=Documents, isUsb=false, isSd=false, isMtp=false} @ content://com.android.externalstorage.documents/root/home]
01-16 14:02:30.025 3789 3809 D ProvidersAccess: Matched roots: [Root{authority=null, rootId=null, title=Recent, isUsb=false, isSd=false, isMtp=false} @ content:/root/null, Root{authority=com.android.providers.downloads.documents, rootId=downloads, title=Downloads, isUsb=false, isSd=false, isMtp=false} @ content://com.android.providers.downloads.documents/root/downloads, Root{authority=com.android.externalstorage.documents, rootId=home, title=Documents, isUsb=false, isSd=false, isMtp=false} @ content://com.android.externalstorage.documents/root/home]
01-16 14:02:30.025 3789 3789 D DocumentStack: Root changed to: Root{authority=null, rootId=null, title=Recent, isUsb=false, isSd=false, isMtp=false} @ content:/root/null
01-16 14:02:30.025 3789 3789 D DocumentStack: Adding doc to stack: DocumentInfo{docId=null, name=null, mimeType=null, isContainer=false, isDirectory=false, isArchive=false, isInArchive=false, isPartial=false, isVirtual=false, isDeleteSupported=false, isCreateSupported=false, isMoveSupported=false, isRenameSupported=false, isMetadataSupported=false} @ content:/document/null
01-16 14:02:30.026 3789 3789 D DirectoryFragment: Creating new fragment null directory
01-16 14:02:30.070 3789 3810 D ProvidersAccess: Matched roots: [Root{authority=null, rootId=null, title=Recent, isUsb=false, isSd=false, isMtp=false} @ content:/root/null, Root{authority=com.android.providers.downloads.documents, rootId=downloads, title=Downloads, isUsb=false, isSd=false, isMtp=false} @ content://com.android.providers.downloads.documents/root/downloads, Root{authority=com.android.externalstorage.documents, rootId=home, title=Documents, isUsb=false, isSd=false, isMtp=false} @ content://com.android.externalstorage.documents/root/home]
01-16 14:02:30.083 3789 3789 D AbstractActionHandler: Creating new loader recents.
01-16 14:02:30.084 3789 3836 D ProvidersAccess: Matched roots: [Root{authority=null, rootId=null, title=Recent, isUsb=false, isSd=false, isMtp=false} @ content:/root/null, Root{authority=com.android.providers.downloads.documents, rootId=downloads, title=Downloads, isUsb=false, isSd=false, isMtp=false} @ content://com.android.providers.downloads.documents/root/downloads, Root{authority=com.android.externalstorage.documents, rootId=home, title=Documents, isUsb=false, isSd=false, isMtp=false} @ content://com.android.externalstorage.documents/root/home]
01-16 14:02:30.096 3789 3835 D ProvidersAccess: Matched roots: [Root{authority=null, rootId=null, title=Recent, isUsb=false, isSd=false, isMtp=false} @ content:/root/null, Root{authority=com.android.providers.downloads.documents, rootId=downloads, title=Downloads, isUsb=false, isSd=false, isMtp=false} @ content://com.android.providers.downloads.documents/root/downloads, Root{authority=com.android.externalstorage.documents, rootId=home, title=Documents, isUsb=false, isSd=false, isMtp=false} @ content://com.android.externalstorage.documents/root/home]
01-16 14:02:30.128 3789 3836 D Documents: Found 1 of 1 queries done
01-16 14:02:30.462 3789 3789 D AbstractActionHandler: Loader has finished for: content:/document/null
01-16 14:02:30.462 3789 3789 I Model : Updating model with new result set.
01-16 14:02:30.463 3789 3789 D DirectoryFragment: Received model update. Loading=false
01-16 14:02:31.274 1967 1967 I KeyButtonView: Back button event: ACTION_DOWN
01-16 14:02:31.275 1832 1919 V InputDispatcher: Asynchronous input event injection succeeded.
01-16 14:02:31.283 1583 3101 W audio_hw_generic: Not supplying enough data to HAL, expected position 495804 , only wrote 495750
01-16 14:02:31.355 1967 1967 I KeyButtonView: Back button event: ACTION_UP
01-16 14:02:31.356 1832 1919 V InputDispatcher: Asynchronous input event injection succeeded.
01-16 14:02:31.356 1832 1850 D AutofillManagerService: onBackKeyPressed()
01-16 14:02:31.356 1832 1850 D AutofillManagerServiceImpl: Reset component for user 0:
01-16 14:02:31.356 1832 1850 D AutofillUI: destroySaveUiUiThread(): already destroyed
01-16 14:02:31.386 1593 1593 D gralloc_ranchu: gralloc_alloc: Creating ashmem region of size 8298496
01-16 14:02:31.414 3752 3771 D EGL_emulation: eglMakeCurrent: 0xdb51a120: ver 3 1 (tinfo 0xdb50f2d0)
01-16 14:02:31.430 1593 1593 D gralloc_ranchu: gralloc_alloc: Creating ashmem region of size 8298496
01-16 14:02:31.457 1593 1593 D gralloc_ranchu: gralloc_alloc: Creating ashmem region of size 8192
01-16 14:02:31.460 1593 2349 D gralloc_ranchu: gralloc_alloc: Creating ashmem region of size 8192
01-16 14:02:31.466 1593 2349 D gralloc_ranchu: gralloc_alloc: Creating ashmem region of size 8192
01-16 14:02:31.495 1593 2349 D gralloc_ranchu: gralloc_alloc: Creating ashmem region of size 7479296
01-16 14:02:31.511 1967 2226 D EGL_emulation: eglMakeCurrent: 0xe35dad40: ver 3 1 (tinfo 0xc1dd01a0)
01-16 14:02:31.520 1593 2349 D gralloc_ranchu: gralloc_alloc: Creating ashmem region of size 8298496
01-16 14:02:31.534 1967 2226 D EGL_emulation: eglMakeCurrent: 0xe35dad40: ver 3 1 (tinfo 0xc1dd01a0)
01-16 14:02:31.545 3752 3786 D EGL_emulation: eglMakeCurrent: 0xbf94fae0: ver 3 1 (tinfo 0xdb50f040)
01-16 14:02:31.563 1967 2226 D EGL_emulation: eglMakeCurrent: 0xe35dad40: ver 3 1 (tinfo 0xc1dd01a0)
01-16 14:02:31.579 1593 2349 D gralloc_ranchu: gralloc_alloc: Creating ashmem region of size 7479296
01-16 14:02:31.595 1967 2226 D EGL_emulation: eglMakeCurrent: 0xe35dad40: ver 3 1 (tinfo 0xc1dd01a0)
01-16 14:02:31.603 1967 2226 D EGL_emulation: eglMakeCurrent: 0xe35dad40: ver 3 1 (tinfo 0xc1dd01a0)
01-16 14:02:31.605 1593 2349 D gralloc_ranchu: gralloc_alloc: Creating ashmem region of size 7479296
01-16 14:02:31.615 3752 3763 I org.protox: NativeAlloc concurrent copying GC freed 7028(465KB) AllocSpace objects, 0(0B) LOS objects, 54% free, 1297KB/2833KB, paused 326us total 120.374ms
01-16 14:02:31.622 1967 2226 D EGL_emulation: eglMakeCurrent: 0xe35dad40: ver 3 1 (tinfo 0xc1dd01a0)
01-16 14:02:31.654 1967 2226 I chatty : uid=10089(com.android.systemui) RenderThread identical 3 lines
01-16 14:02:31.662 1967 2226 D EGL_emulation: eglMakeCurrent: 0xe35dad40: ver 3 1 (tinfo 0xc1dd01a0)
01-16 14:02:31.907 3789 3818 D EGL_emulation: eglMakeCurrent: 0xe35e2e60: ver 3 1 (tinfo 0xd80556e0)
01-16 14:02:32.537 1832 2483 E TaskPersister: File error accessing recents directory (directory doesn't exist?).
01-16 14:02:32.883 3752 3774 W libprotox_x86.so: QMetaObject::invokeMethod: No such method Button_QMLTYPE_104::inputMethodQuery(Qt::InputMethodQuery,QVariant)
01-16 14:02:33.908 1593 2349 D gralloc_ranchu: gralloc_alloc: Creating ashmem region of size 16384
01-16 14:02:33.910 1593 1593 D gralloc_ranchu: gralloc_alloc: Creating ashmem region of size 16384
01-16 14:02:33.914 1593 1593 D gralloc_ranchu: gralloc_alloc: Creating ashmem region of size 16384
01-16 14:02:33.916 3752 3771 D EGL_emulation: eglMakeCurrent: 0xdb51a120: ver 3 1 (tinfo 0xdb50f2d0)
01-16 14:02:34.037 2229 2229 W RichInputMethodSubtype: Can't find emoji subtype
01-16 14:02:34.038 2229 2229 W RichInputMethodSubtype: No input method subtype found; returning dummy subtype: Multi-lingual subtype: android.view.inputmethod.InputMethodSubtype@d78b2ed0, zz
01-16 14:02:34.185 2229 2241 I putmethod.lati: Background young concurrent copying GC freed 1733(230KB) AllocSpace objects, 1(16KB) LOS objects, 0% free, 3005KB/3005KB, paused 174us total 198.199ms
01-16 14:02:34.207 2229 2266 I putmethod.lati: Waiting for a blocking GC ProfileSaver
01-16 14:02:34.296 2229 2266 I putmethod.lati: WaitForGcToComplete blocked ProfileSaver on HeapTrim for 88.948ms
01-16 14:02:34.359 2229 2229 I EmojiCategory: Last Emoji category id is 8
01-16 14:02:34.406 2229 2229 W ViewPager: Requested offscreen page limit 0 too small; defaulting to 1
01-16 14:02:34.428 2229 2229 I LatinIME: Starting input. Cursor position = -1,-1
01-16 14:02:34.431 1583 1583 W audio_hw_generic: Not supplying enough data to HAL, expected position 771430 , only wrote 634560
01-16 14:02:34.547 1606 1822 E SurfaceFlinger: ro.sf.lcd_density must be defined as a build property
01-16 14:02:34.548 1606 1822 E SurfaceFlinger: ro.sf.lcd_density must be defined as a build property
01-16 14:02:34.551 1593 1593 D gralloc_ranchu: gralloc_alloc: Creating ashmem region of size 12288
01-16 14:02:34.554 1967 2436 D : HostConnection::get() New Host Connection established 0xdb51d280, tid 2436
01-16 14:02:34.554 1967 2436 D : HostComposition ext ANDROID_EMU_CHECKSUM_HELPER_v1 ANDROID_EMU_dma_v1 ANDROID_EMU_direct_mem ANDROID_EMU_host_composition_v1 ANDROID_EMU_host_composition_v2 ANDROID_EMU_async_unmap_buffer GL_OES_EGL_image_external_essl3 GL_OES_vertex_array_object GL_KHR_texture_compression_astc_ldr ANDROID_EMU_gles_max_version_3_1
01-16 14:02:34.554 1967 2436 W OpenGLRenderer: Failed to choose config with EGL_SWAP_BEHAVIOR_PRESERVED, retrying without...
01-16 14:02:34.555 1967 2436 D eglCodecCommon: setVertexArrayObject: set vao to 0 (0) 0 0
01-16 14:02:34.555 1967 2436 D EGL_emulation: eglCreateContext: 0xdb51b0e0: maj 3 min 1 rcv 4
01-16 14:02:34.557 1967 2436 D EGL_emulation: eglMakeCurrent: 0xdb51b0e0: ver 3 1 (tinfo 0xdb50f920)
01-16 14:02:34.557 1967 2436 E eglCodecCommon: glUtilsParamSize: unknow param 0x000082da
01-16 14:02:34.557 1967 2436 E eglCodecCommon: glUtilsParamSize: unknow param 0x000082da
01-16 14:02:34.585 2229 3872 D libEGL : Emulator has host GPU support, qemu.gles is set to 1.
01-16 14:02:34.585 2229 3872 W libc : Unable to set property "qemu.gles" to "1": connection failed; errno=13 (Permission denied)
01-16 14:02:34.596 2229 3872 D libEGL : loaded /vendor/lib/egl/libEGL_emulation.so
01-16 14:02:34.631 1593 1593 D gralloc_ranchu: gralloc_alloc: Creating ashmem region of size 8192
01-16 14:02:34.583 2229 2229 W RenderThread: type=1400 audit(0.0:26): avc: denied { write } for name="property_service" dev="tmpfs" ino=6051 scontext=u:r:untrusted_app_27:s0:c93,c256,c512,c768 tcontext=u:object_r:property_socket:s0 tclass=sock_file permissive=0 app=com.android.inputmethod.latin
01-16 14:02:34.640 2229 2241 I putmethod.lati: Background young concurrent copying GC freed 15283(2244KB) AllocSpace objects, 6(196KB) LOS objects, 42% free, 3115KB/5392KB, paused 319us total 146.246ms
01-16 14:02:34.643 2229 3872 D libEGL : loaded /vendor/lib/egl/libGLESv1_CM_emulation.so
01-16 14:02:34.649 2229 3872 D libEGL : loaded /vendor/lib/egl/libGLESv2_emulation.so
01-16 14:02:34.683 2229 3872 D : HostConnection::get() New Host Connection established 0xd800d160, tid 3872
01-16 14:02:34.685 2229 3872 D : HostComposition ext ANDROID_EMU_CHECKSUM_HELPER_v1 ANDROID_EMU_dma_v1 ANDROID_EMU_direct_mem ANDROID_EMU_host_composition_v1 ANDROID_EMU_host_composition_v2 ANDROID_EMU_async_unmap_buffer GL_OES_EGL_image_external_essl3 GL_OES_vertex_array_object GL_KHR_texture_compression_astc_ldr ANDROID_EMU_gles_max_version_3_1
01-16 14:02:34.690 2229 3872 W OpenGLRenderer: Failed to choose config with EGL_SWAP_BEHAVIOR_PRESERVED, retrying without...
01-16 14:02:34.697 2229 3872 D eglCodecCommon: setVertexArrayObject: set vao to 0 (0) 0 0
01-16 14:02:34.697 2229 3872 D EGL_emulation: eglCreateContext: 0xe35daf80: maj 3 min 1 rcv 4
01-16 14:02:34.718 2229 3872 D EGL_emulation: eglMakeCurrent: 0xe35daf80: ver 3 1 (tinfo 0xd8089850)
01-16 14:02:34.719 2229 3872 E eglCodecCommon: glUtilsParamSize: unknow param 0x000082da
01-16 14:02:34.719 2229 3872 E eglCodecCommon: glUtilsParamSize: unknow param 0x000082da
01-16 14:02:34.730 1593 1593 D gralloc_ranchu: gralloc_alloc: Creating ashmem region of size 8024064
01-16 14:02:34.746 1478 1478 I hwservicemanager: getTransport: Cannot find entry android.hardware.graphics.mapper@3.0::IMapper/default in either framework or device manifest.
01-16 14:02:34.746 2229 3872 W Gralloc3: mapper 3.x is not supported
01-16 14:02:34.749 2229 3872 D : createUnique: call
01-16 14:02:34.749 2229 3872 D : HostConnection::get() New Host Connection established 0xd800d430, tid 3872
01-16 14:02:34.753 2229 3872 D : HostComposition ext ANDROID_EMU_CHECKSUM_HELPER_v1 ANDROID_EMU_dma_v1 ANDROID_EMU_direct_mem ANDROID_EMU_host_composition_v1 ANDROID_EMU_host_composition_v2 ANDROID_EMU_async_unmap_buffer GL_OES_EGL_image_external_essl3 GL_OES_vertex_array_object GL_KHR_texture_compression_astc_ldr ANDROID_EMU_gles_max_version_3_1
01-16 14:02:34.753 2229 3872 D eglCodecCommon: allocate: Ask for block of size 0x1000
01-16 14:02:34.754 2229 3872 D eglCodecCommon: allocate: ioctl allocate returned offset 0x3ff803000 size 0x2000
01-16 14:02:34.756 1593 1593 D gralloc_ranchu: gralloc_alloc: Creating ashmem region of size 8024064
01-16 14:02:34.780 2229 3872 D EGL_emulation: eglMakeCurrent: 0xe35daf80: ver 3 1 (tinfo 0xd8089850)
01-16 14:02:34.781 1593 2349 D gralloc_ranchu: gralloc_alloc: Creating ashmem region of size 8024064
01-16 14:02:34.835 2229 3872 D eglCodecCommon: setVertexArrayObject: set vao to 0 (0) 0 0
01-16 14:02:35.575 1832 2084 D WificondControl: Scan result ready event
01-16 14:02:41.216 3752 3771 D EGL_emulation: eglMakeCurrent: 0xdb51a120: ver 3 1 (tinfo 0xdb50f2d0)
01-16 14:02:41.230 1832 2084 E InputDispatcher: Window handle Window{27af50a u0 PopupWindow:f786d6c} has no registered input channel
01-16 14:02:41.234 2229 3872 D EGL_emulation: eglMakeCurrent: 0xe35daf80: ver 3 1 (tinfo 0xd8089850)
01-16 14:02:41.274 3752 3771 D EGL_emulation: eglMakeCurrent: 0xdb51a120: ver 3 1 (tinfo 0xdb50f2d0)
01-16 14:02:41.297 2229 2229 I LatinIME: Starting input. Cursor position = -1,-1
01-16 14:02:41.310 1832 1858 E memtrack: Couldn't load memtrack module
01-16 14:02:41.310 1832 1858 W android.os.Debug: failed to get memory consumption info: -1
01-16 14:02:41.312 1593 2349 D gralloc_ranchu: gralloc_alloc: Creating ashmem region of size 8192
01-16 14:02:41.398 1832 1900 D WindowManager: relayoutVisibleWindow: Window{542b4ba u0 InputMethod EXITING} mAnimatingExit=true, mRemoveOnExit=false, mDestroying=false
01-16 14:02:41.405 1593 2349 D gralloc_ranchu: gralloc_alloc: Creating ashmem region of size 8024064
01-16 14:02:41.422 1593 2349 D gralloc_ranchu: gralloc_alloc: Creating ashmem region of size 8024064
01-16 14:02:41.438 2229 3872 D EGL_emulation: eglMakeCurrent: 0xe35daf80: ver 3 1 (tinfo 0xd8089850)
01-16 14:02:41.439 1593 1593 D gralloc_ranchu: gralloc_alloc: Creating ashmem region of size 8024064
01-16 14:02:41.528 1593 1593 D gralloc_ranchu: gralloc_alloc: Creating ashmem region of size 8192
01-16 14:02:43.569 2229 3872 D EGL_emulation: eglMakeCurrent: 0xe35daf80: ver 3 1 (tinfo 0xd8089850)
01-16 14:02:43.604 1593 1593 D gralloc_ranchu: gralloc_alloc: Creating ashmem region of size 8192
01-16 14:02:44.919 3752 3774 D libprotox_x86.so: "Bootstrapping..."
01-16 14:02:44.921 3752 3783 D libprotox_x86.so: "Toxcore: network.c (line 508) ERROR: sendpacket attempted to send message of length 113 on uninitialised socket"
01-16 14:02:44.956 3752 3783 I chatty : uid=10103(org.protox) identical 1 line
01-16 14:02:44.956 3752 3783 D libprotox_x86.so: "Toxcore: network.c (line 508) ERROR: sendpacket attempted to send message of length 113 on uninitialised socket"
01-16 14:02:45.012 1577 3876 E ResolverController: No valid NAT64 prefix (101, /0)
01-16 14:02:45.014 3752 3783 D libprotox_x86.so: "Toxcore: network.c (line 508) ERROR: sendpacket attempted to send message of length 113 on uninitialised socket"
01-16 14:02:45.045 1577 3877 E ResolverController: No valid NAT64 prefix (101, /0)
01-16 14:02:45.058 1577 3880 E ResolverController: No valid NAT64 prefix (101, /0)
01-16 14:02:45.059 3752 3783 D libprotox_x86.so: "Toxcore: network.c (line 508) ERROR: sendpacket attempted to send message of length 113 on uninitialised socket"
01-16 14:02:45.061 3752 3783 I chatty : uid=10103(org.protox) identical 2 lines
01-16 14:02:45.062 3752 3783 D libprotox_x86.so: "Toxcore: network.c (line 508) ERROR: sendpacket attempted to send message of length 113 on uninitialised socket"
01-16 14:02:45.077 1967 2256 W System : ClassLoader referenced unknown path:
01-16 14:02:45.119 1832 1938 D NotificationSQLiteLog: Pruned event entries: 0
01-16 14:02:45.140 1577 3882 E ResolverController: No valid NAT64 prefix (101, /0)
01-16 14:02:45.140 3752 3783 D libprotox_x86.so: "Toxcore: network.c (line 508) ERROR: sendpacket attempted to send message of length 113 on uninitialised socket"
01-16 14:02:45.148 1577 3884 E ResolverController: No valid NAT64 prefix (101, /0)
01-16 14:02:45.152 3752 3783 D libprotox_x86.so: "Toxcore: network.c (line 508) ERROR: sendpacket attempted to send message of length 113 on uninitialised socket"
01-16 14:02:45.152 3752 3783 D libprotox_x86.so: "Toxcore: network.c (line 508) ERROR: sendpacket attempted to send message of length 113 on uninitialised socket"
01-16 14:02:45.155 1624 1802 D NuPlayerDriver: NuPlayerDriver(0xe9934080) created, clientPid(1967)
01-16 14:02:45.171 1624 1802 I Codec2Client: Available Codec2 services: "software"
01-16 14:02:45.171 1624 1802 I Codec2Client: Creating a Codec2 client to service "software"
01-16 14:02:45.172 1624 1802 I Codec2Client: Client to Codec2 service "software" created
01-16 14:02:45.188 1967 2226 D EGL_emulation: eglMakeCurrent: 0xe35dad40: ver 3 1 (tinfo 0xc1dd01a0)
01-16 14:02:45.194 3752 3783 D libprotox_x86.so: "Toxcore: network.c (line 508) ERROR: sendpacket attempted to send message of length 113 on uninitialised socket"
01-16 14:02:45.194 3752 3783 D libprotox_x86.so: "Toxcore: network.c (line 508) ERROR: sendpacket attempted to send message of length 113 on uninitialised socket"
01-16 14:02:45.195 1624 3890 D GenericSource: FileSource remote
01-16 14:02:45.201 3752 3783 D libprotox_x86.so: "Toxcore: network.c (line 508) ERROR: sendpacket attempted to send message of length 113 on uninitialised socket"
01-16 14:02:45.414 3752 3783 I chatty : uid=10103(org.protox) identical 13 lines
01-16 14:02:45.414 3752 3783 D libprotox_x86.so: "Toxcore: network.c (line 508) ERROR: sendpacket attempted to send message of length 113 on uninitialised socket"
01-16 14:02:45.433 1832 2084 I MediaFocusControl: requestAudioFocus() from uid/pid 10089/1967 clientId=android.media.AudioManager@224b651 callingPack=com.android.systemui req=3 flags=0x0 sdk=29
01-16 14:02:45.612 1577 3900 E ResolverController: No valid NAT64 prefix (101, /0)
01-16 14:02:45.613 3752 3783 D libprotox_x86.so: "Toxcore: network.c (line 508) ERROR: sendpacket attempted to send message of length 113 on uninitialised socket"
01-16 14:02:45.723 3752 3783 I chatty : uid=10103(org.protox) identical 10 lines
01-16 14:02:45.723 3752 3783 D libprotox_x86.so: "Toxcore: network.c (line 508) ERROR: sendpacket attempted to send message of length 113 on uninitialised socket"
01-16 14:02:45.803 1967 1967 I Choreographer: Skipped 34 frames! The application may be doing too much work on its main thread.
01-16 14:02:45.935 1624 3886 I GenericSource: start
01-16 14:02:45.935 1967 1967 V MediaRouter: Selecting route: RouteInfo{ name=Phone, description=null, status=null, category=RouteCategory{ name=System types=ROUTE_TYPE_LIVE_AUDIO ROUTE_TYPE_LIVE_VIDEO groupable=false }, supportedTypes=ROUTE_TYPE_LIVE_AUDIO ROUTE_TYPE_LIVE_VIDEO , presentationDisplay=null }
01-16 14:02:45.940 1624 3907 I OMXClient: IOmx service obtained
01-16 14:02:45.941 1628 2186 I OMXMaster: makeComponentInstance(OMX.google.vorbis.decoder) in android.hardwar process
01-16 14:02:45.942 1628 2186 E OMXNodeInstance: setConfig(0xf153c240:google.vorbis.decoder, ConfigPriority(0x6f800002)) ERROR: Undefined(0x80001001)
01-16 14:02:45.942 1624 3907 I ACodec : codec does not support config priority (err -2147483648)
01-16 14:02:45.942 1628 2186 E OMXNodeInstance: getConfig(0xf153c240:google.vorbis.decoder, ConfigAndroidVendorExtension(0x6f100004)) ERROR: Undefined(0x80001001)
01-16 14:02:45.943 1624 3907 I MediaCodec: MediaCodec will operate in async mode
01-16 14:02:45.962 1603 1805 D AudioFlinger: Client defaulted notificationFrames to 12064 for frameCount 24129
01-16 14:02:45.963 1603 1805 D AF::TrackHandle: OpPlayAudio: track:57 usage:5 not muted
01-16 14:02:45.981 1583 3101 W audio_hw_generic: Not supplying enough data to HAL, expected position 634617 , only wrote 634560
01-16 14:02:45.996 3752 3783 D libprotox_x86.so: "Toxcore: network.c (line 508) ERROR: sendpacket attempted to send message of length 113 on uninitialised socket"
01-16 14:02:45.997 3752 3783 I chatty : uid=10103(org.protox) identical 2 lines
01-16 14:02:45.997 3752 3783 D libprotox_x86.so: "Toxcore: network.c (line 508) ERROR: sendpacket attempted to send message of length 113 on uninitialised socket"
01-16 14:02:46.767 2359 3059 I Dialer : OmtpVvmCarrierCfgHlpr - OmtpEvent:CONFIG_STATUS_SMS_TIME_OUT
01-16 14:02:46.769 2359 2359 I Dialer : RetryPolicy - Retry limit for com.android.voicemail.impl.ActivationTask@de82439 reached
01-16 14:02:46.769 2359 2359 I Dialer : RetryPolicy - committing deferred status: configuration_state=4
01-16 14:02:46.787 2397 2417 I VoicemailNotifier: receivers for android.intent.action.PROVIDER_CHANGED :[]
01-16 14:02:46.788 2359 2359 I Dialer : VvmTaskExecutor - no more tasks, stopping service if no task are added in 5000 millis
01-16 14:02:47.283 1624 3905 D AudioTrack: stop(10): called with 82980 frames delivered
01-16 14:02:47.829 1832 2549 I MediaFocusControl: abandonAudioFocus() from uid/pid 10089/1967 clientId=android.media.AudioManager@224b651
01-16 14:02:47.829 1967 3879 V MediaPlayer: resetDrmState: mDrmInfo=null mDrmProvisioningThread=null mPrepareDrmInProgress=false mActiveDrmScheme=false
01-16 14:02:47.829 1967 3879 V MediaPlayer: cleanDrmObj: mDrmObj=null mDrmSessionId=null
01-16 14:02:47.829 1624 1802 D NuPlayerDriver: reset(0xe9934080) at state 6
01-16 14:02:47.834 1624 3886 D NuPlayerDriver: notifyResetComplete(0xe9934080)
01-16 14:02:47.834 1624 1802 W AMessage: failed to post message as target looper for handler 0 is gone.
01-16 14:02:49.688 1967 1967 D StatusBar: disable disable2
01-16 14:02:49.706 1967 2226 D EGL_emulation: eglMakeCurrent: 0xe35dad40: ver 3 1 (tinfo 0xc1dd01a0)
01-16 14:02:49.707 1593 1593 D gralloc_ranchu: gralloc_alloc: Creating ashmem region of size 8298496
01-16 14:02:49.744 1967 2226 D EGL_emulation: eglMakeCurrent: 0xe35dad40: ver 3 1 (tinfo 0xc1dd01a0)
01-16 14:02:49.756 1593 1593 D gralloc_ranchu: gralloc_alloc: Creating ashmem region of size 8298496
01-16 14:02:49.776 1967 3912 W RingtonePlayer: STOP command without a player
01-16 14:02:49.836 1593 1593 D gralloc_ranchu: gralloc_alloc: Creating ashmem region of size 8298496
01-16 14:02:49.854 1967 1967 D StatusBar: disable disable2
01-16 14:02:50.466 1967 1967 I Choreographer: Skipped 35 frames! The application may be doing too much work on its main thread.
01-16 14:02:50.584 1967 2226 I OpenGLRenderer: Davey! duration=707ms; Flags=0, IntendedVsync=399601657386, Vsync=400184990696, OldestInputEvent=399580370000, NewestInputEvent=400179990696, HandleInputStart=400191783354, AnimationStart=400206431924, PerformTraversalsStart=400206506424, DrawStart=400210415024, SyncQueued=400213412174, SyncStart=400213598764, IssueDrawCommandsStart=400214420664, SwapBuffers=400302593844, FrameCompleted=400309354904, DequeueBufferDuration=127000, QueueBufferDuration=269000,
01-16 14:02:50.897 1583 1583 W audio_hw_generic: Not supplying enough data to HAL, expected position 1066231 , only wrote 851368
01-16 14:02:51.583 1967 1967 D StatusBar: disable disable2
01-16 14:02:51.634 1967 1967 D StatusBar: disable disable2
01-16 14:02:51.647 1967 2226 D EGL_emulation: eglMakeCurrent: 0xe35dad40: ver 3 1 (tinfo 0xc1dd01a0)
01-16 14:02:51.648 1593 1593 D gralloc_ranchu: gralloc_alloc: Creating ashmem region of size 274432
01-16 14:02:51.656 1967 2226 D EGL_emulation: eglMakeCurrent: 0xe35dad40: ver 3 1 (tinfo 0xc1dd01a0)
01-16 14:02:51.659 1593 1593 D gralloc_ranchu: gralloc_alloc: Creating ashmem region of size 274432
01-16 14:02:51.673 1593 1593 D gralloc_ranchu: gralloc_alloc: Creating ashmem region of size 274432
01-16 14:02:51.828 2359 2359 I Dialer : VvmTaskExecutor - Stopping service
01-16 14:02:51.828 2359 2359 I Dialer : VvmTaskExecutor - finishing Job
01-16 14:02:51.829 2359 2359 I Dialer : TaskSchedulerJobService - finishing job
01-16 14:02:51.836 1832 2547 I ActivityManager: Killing 2443:com.android.deskclock/u0a98 (adj 985): empty #17
01-16 14:02:51.841 1832 2547 I ActivityManager: Killing 2775:com.android.contacts/u0a83 (adj 985): empty #18
01-16 14:02:51.846 2359 2359 I Dialer : JobFinishedPoller.run - Job finished
01-16 14:02:51.850 2359 2359 I Dialer : VvmTaskExecutor - terminated
01-16 14:02:51.852 1832 2547 I ActivityManager: Killing 2802:com.android.dynsystem/1000 (adj 985): empty #17
01-16 14:02:51.885 1578 1578 I Zygote : Process 2443 exited due to signal 9 (Killed)
01-16 14:02:51.888 1578 1578 I Zygote : Process 2775 exited due to signal 9 (Killed)
01-16 14:02:51.896 1578 1578 I Zygote : Process 2802 exited due to signal 9 (Killed)
01-16 14:02:51.897 1832 1858 E memtrack: Couldn't load memtrack module
01-16 14:02:51.897 1832 1858 W android.os.Debug: failed to get memory consumption info: -1
01-16 14:02:51.929 1832 1861 I libprocessgroup: Successfully killed process cgroup uid 10098 pid 2443 in 88ms
01-16 14:02:51.930 1832 1861 I libprocessgroup: Successfully killed process cgroup uid 10083 pid 2775 in 0ms
01-16 14:02:51.930 1832 1861 I libprocessgroup: Successfully killed process cgroup uid 1000 pid 2802 in 0ms
01-16 14:02:56.275 3752 3774 D libprotox_x86.so: "Connection to Tox network is weak (using TCP)."
01-16 14:02:56.397 1624 1802 D NuPlayerDriver: NuPlayerDriver(0xe9934480) created, clientPid(1967)
01-16 14:02:56.398 1624 1802 I Codec2Client: Creating a Codec2 client to service "software"
01-16 14:02:56.399 1624 1802 I Codec2Client: Client to Codec2 service "software" created
01-16 14:02:56.400 1624 3919 D GenericSource: FileSource remote
01-16 14:02:56.407 1832 2547 I MediaFocusControl: requestAudioFocus() from uid/pid 10089/1967 clientId=android.media.AudioManager@5aa8bee callingPack=com.android.systemui req=3 flags=0x0 sdk=29
01-16 14:02:56.908 1624 3918 I GenericSource: start
01-16 14:02:56.912 1967 1967 V MediaRouter: Selecting route: RouteInfo{ name=Phone, description=null, status=null, category=RouteCategory{ name=System types=ROUTE_TYPE_LIVE_AUDIO ROUTE_TYPE_LIVE_VIDEO groupable=false }, supportedTypes=ROUTE_TYPE_LIVE_AUDIO ROUTE_TYPE_LIVE_VIDEO , presentationDisplay=null }
01-16 14:02:56.912 1624 3923 I OMXClient: IOmx service obtained
01-16 14:02:56.913 1628 2058 I OMXMaster: makeComponentInstance(OMX.google.vorbis.decoder) in android.hardwar process
01-16 14:02:56.914 1628 2058 E OMXNodeInstance: setConfig(0xf153c240:google.vorbis.decoder, ConfigPriority(0x6f800002)) ERROR: Undefined(0x80001001)
01-16 14:02:56.914 1624 3923 I ACodec : codec does not support config priority (err -2147483648)
01-16 14:02:56.914 1628 2058 E OMXNodeInstance: getConfig(0xf153c240:google.vorbis.decoder, ConfigAndroidVendorExtension(0x6f100004)) ERROR: Undefined(0x80001001)
01-16 14:02:56.915 1624 3923 I MediaCodec: MediaCodec will operate in async mode
01-16 14:02:56.922 1603 1805 D AudioFlinger: Client defaulted notificationFrames to 12064 for frameCount 24129
01-16 14:02:56.923 1603 1805 D AF::TrackHandle: OpPlayAudio: track:58 usage:5 not muted
01-16 14:02:56.926 1583 3101 W audio_hw_generic: Not supplying enough data to HAL, expected position 851417 , only wrote 851368
01-16 14:02:58.234 1624 3921 D AudioTrack: stop(11): called with 82980 frames delivered
01-16 14:02:58.770 1832 3869 I MediaFocusControl: abandonAudioFocus() from uid/pid 10089/1967 clientId=android.media.AudioManager@5aa8bee
01-16 14:02:58.771 1967 3916 V MediaPlayer: resetDrmState: mDrmInfo=null mDrmProvisioningThread=null mPrepareDrmInProgress=false mActiveDrmScheme=false
01-16 14:02:58.771 1967 3916 V MediaPlayer: cleanDrmObj: mDrmObj=null mDrmSessionId=null
01-16 14:02:58.771 1624 1802 D NuPlayerDriver: reset(0xe9934480) at state 6
01-16 14:02:58.776 1624 3918 D NuPlayerDriver: notifyResetComplete(0xe9934480)
01-16 14:02:58.776 1624 1802 W AMessage: failed to post message as target looper for handler 0 is gone.
01-16 14:03:00.004 1967 1967 D KeyguardClockSwitch: Updating clock: 203
01-16 14:03:01.753 1583 1583 W audio_hw_generic: Not supplying enough data to HAL, expected position 1275227 , only wrote 1064210
01-16 14:03:02.708 3752 3774 D libprotox_x86.so: "Logout."
01-16 14:03:02.714 3752 3774 W libprotox_x86.so: QSqlDatabasePrivate::removeDatabase: connection 'qt_sql_default_connection' is still in use, all queries will cease to work.
01-16 14:03:02.716 3752 3774 D libprotox_x86.so: "Program exited successfully."
01-16 14:03:02.719 1967 3926 W RingtonePlayer: STOP command without a player
01-16 14:03:02.727 3752 3786 D EGL_emulation: eglMakeCurrent: 0xbf94fae0: ver 3 1 (tinfo 0xdb50f040)
01-16 14:03:02.734 1967 1967 V StatusBar: mStatusBarWindow: com.android.systemui.statusbar.phone.StatusBarWindowView{f1b224a V.E...... ........ 0,0-1080,63} canPanelBeCollapsed(): false
01-16 14:03:02.854 3752 3774 W libprotox_x86.so: exit app 0
01-16 14:03:02.881 1593 1593 D gralloc_ranchu: gralloc_alloc: Creating ashmem region of size 8298496
01-16 14:03:02.901 1593 2349 D gralloc_ranchu: gralloc_alloc: Creating ashmem region of size 8298496
01-16 14:03:02.912 2170 2555 D EGL_emulation: eglMakeCurrent: 0xeeb04be0: ver 3 1 (tinfo 0xe3671a80)
01-16 14:03:02.924 1606 1606 E Layer : [Surface(name=AppWindowToken{81ec7e0 token=Token{2f721e3 ActivityRecord{b1e6612 u0 org.protox/.activity.QtActivityEx t9}}})/@0x72610e6 - animation-leash#0] No local sync point found
01-16 14:03:02.925 1606 1606 E Layer : [Surface(name=AppWindowToken{41e3c89 token=Token{af84b90 ActivityRecord{8daa653 u0 com.android.launcher3/.Launcher t8}}})/@0xa15b46d - animation-leash#0] No local sync point found
01-16 14:03:02.932 1593 1593 D gralloc_ranchu: gralloc_alloc: Creating ashmem region of size 8298496
01-16 14:03:02.956 1606 1959 D PermissionCache: checking android.permission.READ_FRAME_BUFFER for uid=1000 => granted (103 us)
01-16 14:03:02.957 1593 2349 D gralloc_ranchu: gralloc_alloc: Creating ashmem region of size 8298496
01-16 14:03:02.971 1967 2226 D EGL_emulation: eglMakeCurrent: 0xe35dad40: ver 3 1 (tinfo 0xc1dd01a0)
01-16 14:03:03.170 1967 2226 I chatty : uid=10089(com.android.systemui) RenderThread identical 13 lines
01-16 14:03:03.175 1967 2226 D EGL_emulation: eglMakeCurrent: 0xe35dad40: ver 3 1 (tinfo 0xc1dd01a0)
01-16 14:03:03.490 3752 3771 D EGL_emulation: eglMakeCurrent: 0xdb51a120: ver 3 1 (tinfo 0xdb50f2d0)
01-16 14:03:03.495 1606 1959 E SurfaceFlinger: ro.sf.lcd_density must be defined as a build property
01-16 14:03:03.495 1606 1959 E SurfaceFlinger: ro.sf.lcd_density must be defined as a build property
01-16 14:03:03.496 1832 3927 D libEGL : Emulator has host GPU support, qemu.gles is set to 1.
01-16 14:03:03.503 1832 3927 W libc : Unable to set property "qemu.gles" to "1": error code: 0x18
01-16 14:03:03.517 1832 3927 D libEGL : loaded /vendor/lib/egl/libEGL_emulation.so
01-16 14:03:03.518 1832 3927 D libEGL : loaded /vendor/lib/egl/libGLESv1_CM_emulation.so
01-16 14:03:03.521 1832 3927 D libEGL : loaded /vendor/lib/egl/libGLESv2_emulation.so
01-16 14:03:03.554 1832 3927 D : HostConnection::get() New Host Connection established 0xbe592200, tid 3927
01-16 14:03:03.554 1832 3927 D : HostComposition ext ANDROID_EMU_CHECKSUM_HELPER_v1 ANDROID_EMU_dma_v1 ANDROID_EMU_direct_mem ANDROID_EMU_host_composition_v1 ANDROID_EMU_host_composition_v2 ANDROID_EMU_async_unmap_buffer GL_OES_EGL_image_external_essl3 GL_OES_vertex_array_object GL_KHR_texture_compression_astc_ldr ANDROID_EMU_gles_max_version_3_1
01-16 14:03:03.556 1832 3927 W OpenGLRenderer: Failed to choose config with EGL_SWAP_BEHAVIOR_PRESERVED, retrying without...
01-16 14:03:03.556 1832 3927 D eglCodecCommon: setVertexArrayObject: set vao to 0 (0) 0 0
01-16 14:03:03.556 1832 3927 D EGL_emulation: eglCreateContext: 0xb39e13e0: maj 3 min 1 rcv 4
01-16 14:03:03.557 1832 3927 D EGL_emulation: eglMakeCurrent: 0xb39e13e0: ver 3 1 (tinfo 0xbe5034f0)
01-16 14:03:03.558 1832 3927 E eglCodecCommon: glUtilsParamSize: unknow param 0x000082da
01-16 14:03:03.558 1832 3927 E eglCodecCommon: glUtilsParamSize: unknow param 0x000082da
01-16 14:03:03.572 1832 3927 D eglCodecCommon: setVertexArrayObject: set vao to 0 (0) 1 0
01-16 14:03:03.595 1832 1919 W InputDispatcher: channel '258f20f PopupWindow:964834b (server)' ~ Consumer closed input channel or an error occurred. events=0x9
01-16 14:03:03.595 1832 1919 E InputDispatcher: channel '258f20f PopupWindow:964834b (server)' ~ Channel is unrecoverably broken and will be disposed!
01-16 14:03:03.622 1832 1919 W InputDispatcher: channel '8f320ca org.protox/org.protox.activity.QtActivityEx (server)' ~ Consumer closed input channel or an error occurred. events=0x9
01-16 14:03:03.622 1832 1919 E InputDispatcher: channel '8f320ca org.protox/org.protox.activity.QtActivityEx (server)' ~ Channel is unrecoverably broken and will be disposed!
01-16 14:03:03.626 1832 2547 I WindowManager: WIN DEATH: Window{8f320ca u0 org.protox/org.protox.activity.QtActivityEx}
01-16 14:03:03.627 1832 2547 W InputDispatcher: Attempted to unregister already unregistered input channel '8f320ca org.protox/org.protox.activity.QtActivityEx (server)'
01-16 14:03:03.628 1832 2152 I ActivityManager: Process org.protox (pid 3752) has died: cch CRE
01-16 14:03:03.629 1832 2547 W InputDispatcher: Attempted to unregister already unregistered input channel '258f20f PopupWindow:964834b (server)'
01-16 14:03:03.633 1832 3869 W WindowManager: Failed looking up window callers=com.android.server.wm.WindowManagerService.windowForClientLocked:5281 com.android.server.wm.WindowState$DeathRecipient.binderDied:2491 android.os.BinderProxy.sendDeathNotice:620
01-16 14:03:03.633 1832 3869 I WindowManager: WIN DEATH: null
01-16 14:03:03.640 1578 1578 I Zygote : Process 3752 exited cleanly (0)
01-16 14:03:03.648 1832 1852 W ActivityManager: setHasOverlayUi called on unknown pid: 3752
01-16 14:03:03.669 1832 1861 I libprocessgroup: Successfully killed process cgroup uid 10103 pid 3752 in 40ms
01-16 14:03:07.189 1832 2483 E TaskPersister: File error accessing recents directory (directory doesn't exist?).
01-16 14:03:23.541 1693 1693 E netmgr : Failed to open QEMU pipe 'qemud:network': Invalid argument
01-16 14:03:23.541 1693 1693 E netmgr : WifiForwarder unable to open QEMU pipe: Invalid argument
01-16 14:03:50.782 1832 3928 I ActivityTaskManager: START u0 {act=android.intent.action.MAIN cat=[android.intent.category.LAUNCHER] flg=0x10200000 cmp=com.android.documentsui/.LauncherActivity bnds=[35,503][237,780]} from uid 10082
01-16 14:03:50.811 1583 3101 W audio_hw_generic: Not supplying enough data to HAL, expected position 1064263 , only wrote 1064210
01-16 14:03:50.816 3789 3789 W ActivityThread: handleWindowVisibility: no activity for token android.os.BinderProxy@4a9b17
01-16 14:03:50.828 1832 1858 E memtrack: Couldn't load memtrack module
01-16 14:03:50.829 1832 1858 W android.os.Debug: failed to get memory consumption info: -1
01-16 14:03:50.835 3789 3789 D LauncherActivity: Starting new task > //com.android.documentsui.launchControl#1610798630835
01-16 14:03:50.836 1832 3928 I ActivityTaskManager: START u0 {dat=//com.android.documentsui.launchControl flg=0x10200000 cmp=com.android.documentsui/.files.FilesActivity (has extras)} from uid 10037
01-16 14:03:50.847 1832 1853 E system_server: Invalid ID 0x00000000.
01-16 14:03:50.864 1832 1858 E memtrack: Couldn't load memtrack module
01-16 14:03:50.864 1832 1858 W android.os.Debug: failed to get memory consumption info: -1
01-16 14:03:50.871 1593 2349 D gralloc_ranchu: gralloc_alloc: Creating ashmem region of size 8298496
01-16 14:03:50.873 1832 1858 E memtrack: Couldn't load memtrack module
01-16 14:03:50.873 1832 1858 W android.os.Debug: failed to get memory consumption info: -1
01-16 14:03:50.926 3789 3789 W ActivityThread: handleWindowVisibility: no activity for token android.os.BinderProxy@92ddf6e
01-16 14:03:50.971 1593 2349 D gralloc_ranchu: gralloc_alloc: Creating ashmem region of size 8298496
01-16 14:03:50.975 3789 3789 D FilesActivity: Created new state object: State{action=1, acceptMimes=[*/*], allowMultiple=true, localOnly=false, showDeviceStorageOption=true, showAdvanced=false, stack=DocumentStack{root=null, docStack=[], stackTouched=false}, dirConfigs={}, excludedAuthorities=[], openableOnly=false, sortModel=SortModel{dimensions={16908304=SortDimension{id=16908304, labelId=2131755268, dataType=0, sortCapability=0, defaultSortDirection=1, sortDirection=0, visibility=4}, 16908310=SortDimension{id=16908310, labelId=2131755262, dataType=0, sortCapability=3, defaultSortDirection=1, sortDirection=0, visibility=0}, 2131296377=SortDimension{id=2131296377, labelId=2131755255, dataType=1, sortCapability=3, defaultSortDirection=2, sortDirection=0, visibility=0}, 2131296425=SortDimension{id=2131296425, labelId=2131755259, dataType=0, sortCapability=3, defaultSortDirection=1, sortDirection=0, visibility=0}, 2131296571=SortDimension{id=2131296571, labelId=2131755265, dataType=1, sortCapability=3, defaultSortDirection=1, sortDirection=0, visibility=0}}, defaultDimensionId=0, sortedDimension=null}}
01-16 14:03:50.976 3789 3789 D DrawerController: Calculated drawer width:280.0
01-16 14:03:51.037 3789 3789 D ManagerActionHandler: Launching directly into Home directory.
01-16 14:03:51.037 3789 3789 D DocumentStack: Root changed to: Root{authority=null, rootId=null, title=Recent, isUsb=false, isSd=false, isMtp=false} @ content:/root/null
01-16 14:03:51.037 3789 3789 D DocumentStack: Adding doc to stack: DocumentInfo{docId=null, name=null, mimeType=null, isContainer=false, isDirectory=false, isArchive=false, isInArchive=false, isPartial=false, isVirtual=false, isDeleteSupported=false, isCreateSupported=false, isMoveSupported=false, isRenameSupported=false, isMetadataSupported=false} @ content:/document/null
01-16 14:03:51.040 3789 3789 D DirectoryFragment: Creating new fragment null directory
01-16 14:03:51.064 3789 3789 D AbstractActionHandler: Creating new loader recents.
01-16 14:03:51.066 3789 3836 D ProvidersAccess: Matched roots: [Root{authority=null, rootId=null, title=Recent, isUsb=false, isSd=false, isMtp=false} @ content:/root/null, Root{authority=com.android.providers.downloads.documents, rootId=downloads, title=Downloads, isUsb=false, isSd=false, isMtp=false} @ content://com.android.providers.downloads.documents/root/downloads, Root{authority=com.android.providers.media.documents, rootId=images_root, title=Images, isUsb=false, isSd=false, isMtp=false} @ content://com.android.providers.media.documents/root/images_root, Root{authority=com.android.providers.media.documents, rootId=videos_root, title=Videos, isUsb=false, isSd=false, isMtp=false} @ content://com.android.providers.media.documents/root/videos_root, Root{authority=com.android.providers.media.documents, rootId=audio_root, title=Audio, isUsb=false, isSd=false, isMtp=false} @ content://com.android.providers.media.documents/root/audio_root, Root{authority=com.android.externalstorage.documents, rootId=home, title=Documents, isUsb=false, isSd=false, isMtp=false} @ content://com.android.externalstorage.documents/root/home]
01-16 14:03:51.088 3789 3939 D ProvidersAccess: Matched roots: [Root{authority=null, rootId=null, title=Recent, isUsb=false, isSd=false, isMtp=false} @ content:/root/null, Root{authority=com.android.providers.downloads.documents, rootId=downloads, title=Downloads, isUsb=false, isSd=false, isMtp=false} @ content://com.android.providers.downloads.documents/root/downloads, Root{authority=com.android.providers.media.documents, rootId=images_root, title=Images, isUsb=false, isSd=false, isMtp=false} @ content://com.android.providers.media.documents/root/images_root, Root{authority=com.android.providers.media.documents, rootId=videos_root, title=Videos, isUsb=false, isSd=false, isMtp=false} @ content://com.android.providers.media.documents/root/videos_root, Root{authority=com.android.providers.media.documents, rootId=audio_root, title=Audio, isUsb=false, isSd=false, isMtp=false} @ content://com.android.providers.media.documents/root/audio_root, Root{authority=com.android.externalstorage.documents, rootId=home, title=Documents, isUsb=false, isSd=false, isMtp=false} @ content://com.android.externalstorage.documents/root/home]
01-16 14:03:51.098 1593 2349 D gralloc_ranchu: gralloc_alloc: Creating ashmem region of size 8298496
01-16 14:03:51.111 1593 2349 D gralloc_ranchu: gralloc_alloc: Creating ashmem region of size 8298496
01-16 14:03:51.129 1593 1593 D gralloc_ranchu: gralloc_alloc: Creating ashmem region of size 8298496
01-16 14:03:51.142 3789 3818 D EGL_emulation: eglMakeCurrent: 0xe35e2e60: ver 3 1 (tinfo 0xd80556e0)
01-16 14:03:51.378 3789 3801 I oid.documentsu: Background young concurrent copying GC freed 2976(232KB) AllocSpace objects, 1(20KB) LOS objects, 0% free, 2714KB/2714KB, paused 153us total 320.147ms
01-16 14:03:51.397 3789 3836 D Documents: Found 3 of 3 queries done
01-16 14:03:51.397 3789 3789 D AbstractActionHandler: Loader has finished for: content:/document/null
01-16 14:03:51.397 3789 3789 I Model : Updating model with new result set.
01-16 14:03:51.398 3789 3789 D DirectoryFragment: Received model update. Loading=false
01-16 14:03:51.400 1832 1858 I ActivityTaskManager: Displayed com.android.documentsui/.files.FilesActivity: +388ms
01-16 14:03:51.730 2170 2555 I OpenGLRenderer: Davey! duration=762ms; Flags=0, IntendedVsync=460692048678, Vsync=460708715344, OldestInputEvent=9223372036854775807, NewestInputEvent=0, HandleInputStart=460714087144, AnimationStart=460714127224, PerformTraversalsStart=460714886194, DrawStart=460715572944, SyncQueued=460716093054, SyncStart=460717542094, IssueDrawCommandsStart=460718700114, SwapBuffers=461443007504, FrameCompleted=461455940534, DequeueBufferDuration=76000, QueueBufferDuration=451000,
01-16 14:03:51.734 2170 2170 I Choreographer: Skipped 43 frames! The application may be doing too much work on its main thread.
01-16 14:03:51.754 1606 1606 E Layer : [Surface(name=AppWindowToken{41e3c89 token=Token{af84b90 ActivityRecord{8daa653 u0 com.android.launcher3/.Launcher t8}}})/@0xa15b46d - animation-leash#0] No local sync point found
01-16 14:03:51.754 1606 1606 E Layer : [Surface(name=AppWindowToken{41e3c89 token=Token{af84b90 ActivityRecord{8daa653 u0 com.android.launcher3/.Launcher t8}}})/@0xa15b46d - animation-leash#0] No local sync point found
01-16 14:03:51.754 1606 1606 E Layer : [Surface(name=AppWindowToken{71737a9 token=Token{fd9bf30 ActivityRecord{9912473 u0 com.android.documentsui/.files.FilesActivity t11}}})/@0x4ffe92 - animation-leash#0] No local sync point found
01-16 14:03:51.754 1606 1606 E Layer : [Surface(name=AppWindowToken{71737a9 token=Token{fd9bf30 ActivityRecord{9912473 u0 com.android.documentsui/.files.FilesActivity t11}}})/@0x4ffe92 - animation-leash#0] No local sync point found
01-16 14:03:51.770 3789 3801 I oid.documentsu: Background concurrent copying GC freed 11561(648KB) AllocSpace objects, 0(0B) LOS objects, 49% free, 2147KB/4295KB, paused 156us total 204.967ms
01-16 14:03:51.847 1478 1478 I hwservicemanager: getTransport: Cannot find entry android.hardware.graphics.allocator@3.0::IAllocator/default in either framework or device manifest.
01-16 14:03:51.847 1832 2152 W Gralloc3: allocator 3.x is not supported
01-16 14:03:51.848 1593 2349 D gralloc_ranchu: gralloc_alloc: Creating ashmem region of size 2076672
01-16 14:03:51.854 1606 1606 E Layer : [Surface(name=AppWindowToken{41e3c89 token=Token{af84b90 ActivityRecord{8daa653 u0 com.android.launcher3/.Launcher t8}}})/@0xa15b46d - animation-leash#0] No local sync point found
01-16 14:03:51.854 1606 1606 E Layer : [Surface(name=AppWindowToken{71737a9 token=Token{fd9bf30 ActivityRecord{9912473 u0 com.android.documentsui/.files.FilesActivity t11}}})/@0x4ffe92 - animation-leash#0] No local sync point found
01-16 14:03:51.856 1832 3941 D : HostConnection::get() New Host Connection established 0xbe591df0, tid 3941
01-16 14:03:51.856 1832 3941 D : HostComposition ext ANDROID_EMU_CHECKSUM_HELPER_v1 ANDROID_EMU_dma_v1 ANDROID_EMU_direct_mem ANDROID_EMU_host_composition_v1 ANDROID_EMU_host_composition_v2 ANDROID_EMU_async_unmap_buffer GL_OES_EGL_image_external_essl3 GL_OES_vertex_array_object GL_KHR_texture_compression_astc_ldr ANDROID_EMU_gles_max_version_3_1
01-16 14:03:51.857 2170 2555 D EGL_emulation: eglMakeCurrent: 0xeeb04be0: ver 3 1 (tinfo 0xe3671a80)
01-16 14:03:51.859 1832 3941 W OpenGLRenderer: Failed to choose config with EGL_SWAP_BEHAVIOR_PRESERVED, retrying without...
