01-16 13:56:55.180 1592 1592 E GnssHAL_GnssInterface: getExtensionGnssGeofencing: GnssGeofencing interface not implemented by HAL
01-16 13:56:55.180 1592 1592 E GnssHAL_GnssInterface: gnss flp hw_get_module failed: -2
01-16 13:56:55.180 1592 1592 E GnssHAL_GnssInterface: getExtensionGnssBatching: GnssBatching interface is not implemented by HAL
01-16 13:56:55.181 1832 1849 D GnssLocationProvider: gnssSetCapabilitesCb: 0u
01-16 13:56:55.181 1832 1849 D GnssLocationProvider: gnssSetSystemInfoCb: yearOfHw=2015
01-16 13:56:55.181 1832 1849 I GnssLocationProvider: Unable to initialize IGnssXtra interface.
01-16 13:56:55.181 1832 1849 I GnssLocationProvider: Unable to initialize IAGnss interface.
01-16 13:56:55.181 1832 1849 I GnssLocationProvider: Unable to initialize IGnssGeofencing interface.
01-16 13:56:55.181 1832 1849 I GnssLocationProvider: Unable to initialize IGnssNi interface.
01-16 13:56:55.181 1832 1849 I GnssLocationProvider: Unable to initialize IAGnssRil interface.
01-16 13:56:55.182 1624 1802 I OMXClient: IOmx service obtained
01-16 13:56:55.182 1628 1773 I OMXMaster: makeComponentInstance(OMX.google.g711.mlaw.decoder) in android.hardwar process
01-16 13:56:55.184 1832 1849 E GnssLocationProvider: android_location_GnssLocationProvider_set_agps_server: AGPS interface not supported
01-16 13:56:55.185 1592 1592 W GnssHAL_GnssInterface: setCallback called more than once. Unexpected unless test.
01-16 13:56:55.185 1832 1849 D GnssLocationProvider: gnssSetSystemInfoCb: yearOfHw=2015
01-16 13:56:55.186 1832 1849 D GnssLocationProvider: gnssSetCapabilitesCb: 0u
01-16 13:56:55.186 1832 1849 D GnssLocationProvider: gnssSetSystemInfoCb: yearOfHw=2015
01-16 13:56:55.186 1832 1849 I GnssLocationProvider: Unable to initialize IGnssXtra interface.
01-16 13:56:55.186 1832 1849 I GnssLocationProvider: Unable to initialize IAGnss interface.
01-16 13:56:55.186 1832 1849 I GnssLocationProvider: Unable to initialize IGnssGeofencing interface.
01-16 13:56:55.186 1832 1849 I GnssLocationProvider: Unable to initialize IGnssNi interface.
01-16 13:56:55.186 1832 1849 I GnssLocationProvider: Unable to initialize IAGnssRil interface.
01-16 13:56:55.186 1832 1849 E GnssLocationProvider: android_location_GnssLocationProvider_set_agps_server: AGPS interface not supported
01-16 13:56:55.186 1832 1849 E GnssBatchingProvider: Failed to initialize GNSS batching
01-16 13:56:55.186 1832 1849 W Looper : Drained
01-16 13:56:55.186 1832 1849 I GnssBlacklistHelper: Update GNSS satellite blacklist:
01-16 13:56:55.188 1832 1849 I GnssLocationProvider: restartRequests
01-16 13:56:55.188 1832 1849 I GnssLocationProvider: restartRequests
01-16 13:56:55.188 1832 1849 I GnssLocationProvider: No GNSS Satellite Blacklist interface available
01-16 13:56:55.193 1832 1832 D ConnectivityService: requestNetwork for uid/pid:1000/1832 NetworkRequest [ TRACK_DEFAULT id=10, [ Capabilities: INTERNET&NOT_RESTRICTED&TRUSTED Uid: 1000] ]
01-16 13:56:55.194 1832 1832 D SystemServerTiming: MakeNetworkTimeUpdateReady took to complete: 14ms
01-16 13:56:55.194 1832 1832 I SystemServer: MakeInputManagerServiceReady
01-16 13:56:55.194 1832 1832 D SystemServerTiming: MakeInputManagerServiceReady took to complete: 0ms
01-16 13:56:55.194 1832 1832 I SystemServer: MakeTelephonyRegistryReady
01-16 13:56:55.194 1832 1832 D SystemServerTiming: MakeTelephonyRegistryReady took to complete: 0ms
01-16 13:56:55.194 1832 1832 I SystemServer: MakeMediaRouterServiceReady
01-16 13:56:55.194 1832 1832 D SystemServerTiming: MakeMediaRouterServiceReady took to complete: 0ms
01-16 13:56:55.194 1832 1832 I SystemServer: MakeMmsServiceReady
01-16 13:56:55.194 1832 1832 I MmsServiceBroker: Delay connecting to MmsService until an API is called
01-16 13:56:55.194 1832 1832 D SystemServerTiming: MakeMmsServiceReady took to complete: 0ms
01-16 13:56:55.194 1832 1832 I SystemServer: IncidentDaemonReady
01-16 13:56:55.195 2035 2035 I WebViewZygoteInit: Application preload done
01-16 13:56:55.200 1832 1920 I InputReader: Reconfiguring input devices. changes=0x00000030
01-16 13:56:55.203 1624 1802 I OMXClient: IOmx service obtained
01-16 13:56:55.204 1628 1773 I OMXMaster: makeComponentInstance(OMX.google.gsm.decoder) in android.hardwar process
01-16 13:56:55.204 1832 1832 D SystemServerTiming: IncidentDaemonReady took to complete: 10ms
01-16 13:56:55.204 1832 1832 I ActivityManager: Current user:0
01-16 13:56:55.205 1832 1832 I SystemServiceManager: Calling onStartUser u0
01-16 13:56:55.220 1624 1802 I OMXClient: IOmx service obtained
01-16 13:56:55.220 1628 2058 I OMXMaster: makeComponentInstance(OMX.google.mp3.decoder) in android.hardwar process
01-16 13:56:55.223 1832 1832 W VoiceInteractionManagerService: no available voice interaction services found for user 0
01-16 13:56:55.223 1832 1832 W VoiceInteractionManagerService: no available voice recognition services found for user 0
01-16 13:56:55.259 1832 1832 I ActivityTaskManager: START u0 {act=android.intent.action.MAIN cat=[android.intent.category.HOME] flg=0x10000100 cmp=com.android.settings/.FallbackHome} from uid 0
01-16 13:56:55.263 1578 1578 D Zygote : Forked child process 2064
01-16 13:56:55.279 1832 1832 I ActivityTaskManager: Loaded persisted task ids for user 0
01-16 13:56:55.280 2064 2064 W m.android.phon: Unexpected CPU variant for X86 using defaults: x86
01-16 13:56:55.282 1624 1802 I OMXClient: IOmx service obtained
01-16 13:56:55.282 1628 2058 I OMXMaster: makeComponentInstance(OMX.google.opus.decoder) in android.hardwar process
01-16 13:56:55.344 1966 1966 I wpa_supplicant: Processing hidl events on FD 3
01-16 13:56:55.353 1966 1966 I ServiceManagement: Registered android.hardware.wifi.supplicant@1.2::ISupplicant/default (start delay of 1517ms)
01-16 13:56:55.353 1966 1966 I wpa_supplicant: Successfully initialized wpa_supplicant
01-16 13:56:55.355 1966 1966 I wpa_supplicant: rfkill: Cannot open RFKILL control device
01-16 13:56:55.595 1966 1966 I wpa_supplicant: rfkill: Cannot get wiphy information
01-16 13:56:55.619 1624 1802 I OMXClient: IOmx service obtained
01-16 13:56:55.619 1628 2058 I OMXMaster: makeComponentInstance(OMX.google.raw.decoder) in android.hardwar process
01-16 13:56:55.629 1832 1965 I android_os_HwBinder: HwBinder: Starting thread pool for getting: android.hardware.wifi.supplicant@1.0::ISupplicant/default
01-16 13:56:55.629 1832 1965 I SupplicantStaIfaceHal: Completed initialization of ISupplicant.
01-16 13:56:55.632 1599 1599 I android.hardware.wifi@1.0-service: Adding interface handle for wlan0
01-16 13:56:55.632 1599 1599 W android.hardware.wifi@1.0-service: No active wlan interfaces in use! Using default
01-16 13:56:55.632 1599 1599 E android.hardware.wifi@1.0-service: Failed to register radio mode change callback
01-16 13:56:55.632 1599 1599 W android.hardware.wifi@1.0-service: No active wlan interfaces in use! Using default
01-16 13:56:55.643 1599 1599 W libc : Unable to set property "vendor.wlan.firmware.version" to "1.0": error code: 0x18
01-16 13:56:55.651 1832 1843 I system_server: Background concurrent copying GC freed 30813(2221KB) AllocSpace objects, 22(864KB) LOS objects, 42% free, 5711KB/9995KB, paused 70us total 449.653ms
01-16 13:56:55.652 1832 1844 W JHwRemoteBinder: BinderProxy is being destroyed but the application did not call unlinkToDeath to unlink all of its death recipients beforehand. Releasing leaked death recipient: com.android.server.wifi.-$$Lambda$HalDeviceManager$jNAzj5YlVhwJm5NjZ6HiKskQStI
01-16 13:56:55.662 1599 1599 W libc : Unable to set property "vendor.wlan.driver.version" to "1.0": error code: 0x18
01-16 13:56:55.662 1599 1599 I android.hardware.wifi@1.0-service: Configured chip in mode 0
01-16 13:56:55.662 1599 1599 W android.hardware.wifi@1.0-service: No active wlan interfaces in use! Using default
01-16 13:56:55.662 1832 1930 D HalDevMgr: updateRttController: no one is interested in RTT controllers
01-16 13:56:55.662 1599 1599 E android.hardware.wifi@1.0-service: Failed to set DFS flag; DFS channels may be unavailable.
01-16 13:56:55.672 1832 1930 D WificondControl: Setting up interface for client mode
01-16 13:56:55.673 1627 1627 I wificond: create scanner for interface with index: 3
01-16 13:56:55.673 1627 1627 I wificond: subscribe scan result for interface with index: 3
01-16 13:56:55.674 1478 1478 I hwservicemanager: getTransport: Cannot find entry android.hardware.wifi.offload@1.0::IOffload/default in either framework or device manifest.
01-16 13:56:55.681 1627 1627 E wificond: No Offload Service available
01-16 13:56:55.681 1627 1627 I wificond: Offload HAL not supported
01-16 13:56:55.682 1832 1930 E SupplicantStaIfaceHal: Can't call setupIface, ISupplicantStaIface is null
01-16 13:56:55.682 1478 1478 I hwservicemanager: getTransport: Cannot find entry android.hardware.wifi.supplicant@1.1::ISupplicant/default in either framework or device manifest.
01-16 13:56:55.694 1624 1802 I OMXClient: IOmx service obtained
01-16 13:56:55.695 1628 1773 I OMXMaster: makeComponentInstance(OMX.google.vorbis.decoder) in android.hardwar process
01-16 13:56:55.703 1478 1478 I hwservicemanager: getTransport: Cannot find entry android.hardware.wifi.supplicant@1.2::ISupplicant/default in either framework or device manifest.
01-16 13:56:55.705 1478 1478 I hwservicemanager: getTransport: Cannot find entry android.hardware.wifi.supplicant@1.1::ISupplicant/default in either framework or device manifest.
01-16 13:56:55.718 1624 1802 I OMXClient: IOmx service obtained
01-16 13:56:55.718 1628 1773 I OMXMaster: makeComponentInstance(OMX.google.aac.encoder) in android.hardwar process
01-16 13:56:55.764 1577 1577 I netd : interfaceGetCfg("wlan0") <0.16ms>
01-16 13:56:55.783 1832 1930 I WifiNative: Interface state changed on Iface:{Name=wlan0,Id=1,Type=STA_CONNECTIVITY}, isUp=true
01-16 13:56:55.784 1577 1577 I netd : interfaceClearAddrs("wlan0") <0.21ms>
01-16 13:56:55.788 1577 1577 I netd : interfaceSetIPv6PrivacyExtensions("wlan0", "true") <3.78ms>
01-16 13:56:55.789 1577 1990 I netd : interfaceSetEnableIPv6("wlan0", "false") <0.11ms>
01-16 13:56:55.789 1832 1930 I WifiNative: Successfully setup Iface:{Name=wlan0,Id=1,Type=STA_CONNECTIVITY}
01-16 13:56:55.789 1478 1478 I hwservicemanager: getTransport: Cannot find entry android.hardware.wifi.supplicant@1.2::ISupplicant/default in either framework or device manifest.
01-16 13:56:55.789 1832 1930 E SupplicantStaIfaceHal: Method getKeyMgmtCapabilities is not supported in existing HAL
01-16 13:56:55.825 1832 1930 D WifiClientModeManager: entering StartedState
01-16 13:56:55.825 1577 1577 I netd : interfaceGetCfg("wlan0") <0.18ms>
01-16 13:56:55.826 1832 1930 D WifiClientModeManager: Wifi is ready to use for client mode
01-16 13:56:55.826 1832 1930 D WifiActiveModeWarden: State changed from client mode. state = 3
01-16 13:56:55.826 1832 1930 D WifiActiveModeWarden: client mode active
01-16 13:56:55.828 1832 1933 E WifiVendorHal: getBgScanCapabilities(l.630) failed {.code = ERROR_NOT_SUPPORTED, .description = }
01-16 13:56:55.835 1832 1930 D WifiScanRequestProxy: Sending scan available broadcast: true
01-16 13:56:55.835 1832 1933 I WifiScanningService: wifi driver loaded with scan capabilities: max buckets=16
01-16 13:56:55.856 1832 1853 W system_server: Long monitor contention with owner main (1832) at void com.android.server.wm.ActivityTaskManagerService$LocalService.showSystemReadyErrorDialogsIfNeeded()(ActivityTaskManagerService.java:6457) waiters=0 in void com.android.server.wm.WindowAnimator.lambda$new$1$WindowAnimator(long) for 547ms
01-16 13:56:55.858 1832 1832 D SystemServerTiming: ActivityManagerStartApps took to complete: 654ms
01-16 13:56:55.858 1832 1832 D SystemServerTiming: PhaseActivityManagerReady took to complete: 2727ms
01-16 13:56:55.858 1832 1850 W system_server: Long monitor contention with owner main (1832) at void com.android.server.am.ActivityManagerService.systemReady(java.lang.Runnable, android.util.TimingsTraceLog)(ActivityManagerService.java:9054) waiters=0 in void com.android.server.am.ActivityManagerService.dispatchUidsChanged() for 632ms
01-16 13:56:55.858 1832 1860 W system_server: Long monitor contention with owner main (1832) at void com.android.server.am.ActivityManagerService.systemReady(java.lang.Runnable, android.util.TimingsTraceLog)(ActivityManagerService.java:9054) waiters=1 in void com.android.server.am.ProcessList.lambda$startProcessLocked$0$ProcessList(com.android.server.am.ProcessRecord, java.lang.String, int[], int, int, java.lang.String, java.lang.String, java.lang.String, long) for 587ms
01-16 13:56:55.859 1832 1860 W ActivityManager: Slow operation: 633ms so far, now at startProcess: done updating battery stats
01-16 13:56:55.859 1832 1860 W ActivityManager: Slow operation: 633ms so far, now at startProcess: building log message
01-16 13:56:55.859 1832 1860 I ActivityManager: Start proc 2064:com.android.phone/1001 for added application com.android.phone
01-16 13:56:55.859 1832 1860 W ActivityManager: Slow operation: 633ms so far, now at startProcess: starting to update pids map
01-16 13:56:55.860 1832 1860 W ActivityManager: Slow operation: 634ms so far, now at startProcess: done updating pids map
01-16 13:56:55.860 1832 1852 W system_server: Long monitor contention with owner main (1832) at void com.android.server.am.ActivityManagerService.systemReady(java.lang.Runnable, android.util.TimingsTraceLog)(ActivityManagerService.java:9054) waiters=2 in void com.android.server.am.ActivityManagerService$LocalService.startProcess(java.lang.String, android.content.pm.ApplicationInfo, boolean, java.lang.String, android.content.ComponentName) for 566ms
01-16 13:56:55.864 1832 1848 W system_server: Long monitor contention with owner main (1832) at void com.android.server.am.ActivityManagerService.systemReady(java.lang.Runnable, android.util.TimingsTraceLog)(ActivityManagerService.java:9054) waiters=4 in void com.android.server.am.ActivityManagerService.serviceDoneExecuting(android.os.IBinder, int, int, int) for 393ms
01-16 13:56:55.865 1832 1832 D SystemServerInitThreadPool: Shutdown successful
01-16 13:56:55.865 1832 1832 D SystemServerTiming: StartServices took to complete: 15726ms
01-16 13:56:55.868 1832 1847 W system_server: Long monitor contention with owner main (1832) at void com.android.server.am.ActivityManagerService.systemReady(java.lang.Runnable, android.util.TimingsTraceLog)(ActivityManagerService.java:9054) waiters=3 in void com.android.server.am.ActivityManagerService.attachApplication(android.app.IApplicationThread, long) for 519ms
01-16 13:56:55.869 1832 1900 W system_server: Long monitor contention with owner main (1832) at void com.android.server.am.ActivityManagerService.systemReady(java.lang.Runnable, android.util.TimingsTraceLog)(ActivityManagerService.java:9054) waiters=5 in android.app.ContentProviderHolder com.android.server.am.ActivityManagerService.getContentProviderImpl(android.app.IApplicationThread, java.lang.String, android.os.IBinder, int, java.lang.String, java.lang.String, boolean, int) for 387ms
01-16 13:56:55.883 1832 1832 W Looper : Slow delivery took 8396ms main h=android.app.ActivityThread$H c=null m=156
01-16 13:56:55.892 1832 1930 I WifiScanRequestProxy: Scanning is enabled
01-16 13:56:55.892 1832 1930 I WifiScanRequestProxy: Scanning for hidden networks is enabled
01-16 13:56:55.892 1832 1850 W Looper : Slow dispatch took 666ms android.ui h=com.android.server.am.ActivityManagerService$UiHandler c=null m=53
01-16 13:56:55.892 1832 1850 W Looper : Slow delivery took 599ms android.ui h=com.android.server.wm.BarController$BarHandler c=com.android.server.wm.-$$Lambda$StatusBarController$1$x4q7e0Eysf0ynMSdT1A-JN_ucuI@499f968 m=0
01-16 13:56:55.892 1832 1850 W Looper : Drained
01-16 13:56:55.893 1832 1930 D WifiClientModeImpl: entering ConnectModeState: ifaceName = wlan0
01-16 13:56:55.893 1832 1930 D WifiClientModeImpl: setupClientMode() ifacename = wlan0
01-16 13:56:55.897 1832 1832 V SettingsProvider: Notifying for 0: content://settings/global/network_watchlist_last_report_time
01-16 13:56:55.898 1832 1832 D ConditionProviders.SCP: onConnected
01-16 13:56:55.899 1832 1832 V SettingsProvider: Notifying for 0: content://settings/secure/zen_settings_updated
01-16 13:56:55.899 1832 1832 D ConditionProviders: Subscribing to condition://android/event?userId=-10000&calendar=&reply=1 with ComponentInfo{android/com.android.server.notification.EventConditionProvider}
01-16 13:56:55.900 1832 1832 D ConditionProviders: Subscribing to condition://android/schedule?days=1.2.3.4.5.6.7&start=22.0&end=7.0&exitAtAlarm=true with ComponentInfo{android/com.android.server.notification.ScheduleConditionProvider}
01-16 13:56:55.900 1832 1832 V FingerprintService: starting client EnumerateClient(android) cookie: 0/0
01-16 13:56:55.907 1624 1802 I OMXClient: IOmx service obtained
01-16 13:56:55.907 1628 1773 I OMXMaster: makeComponentInstance(OMX.google.amrnb.encoder) in android.hardwar process
01-16 13:56:55.908 1635 1635 D FingerprintHal: ----------------> fingerprint_enumerate ----------------->
01-16 13:56:55.908 1635 1635 D android.hardware.biometrics.fingerprint@2.1-service: onEnumerate(fid=0, gid=0, rem=0)
01-16 13:56:55.919 1832 1832 V SettingsProvider: Notifying for 0: content://settings/secure/location_mode
01-16 13:56:55.919 1832 1832 V SettingsProvider: Notifying for 0: content://settings/global/location_global_kill_switch
01-16 13:56:55.930 1578 1578 D Zygote : Forked child process 2096
01-16 13:56:55.959 2096 2096 W ndroid.setting: Unexpected CPU variant for X86 using defaults: x86
01-16 13:56:55.969 1832 1860 W ActivityManager: Slow operation: 109ms so far, now at startProcess: returned from zygote!
01-16 13:56:55.969 1832 1860 W ActivityManager: Slow operation: 109ms so far, now at startProcess: done updating battery stats
01-16 13:56:55.969 1832 1860 W ActivityManager: Slow operation: 109ms so far, now at startProcess: building log message
01-16 13:56:55.969 1832 1860 I ActivityManager: Start proc 2096:com.android.settings/1000 for activity {com.android.settings/com.android.settings.FallbackHome}
01-16 13:56:55.969 1832 1860 W ActivityManager: Slow operation: 109ms so far, now at startProcess: starting to update pids map
01-16 13:56:55.969 1832 1860 W ActivityManager: Slow operation: 109ms so far, now at startProcess: done updating pids map
01-16 13:56:55.980 1624 1802 I OMXClient: IOmx service obtained
01-16 13:56:55.980 1628 2058 I OMXMaster: makeComponentInstance(OMX.google.amrwb.encoder) in android.hardwar process
01-16 13:56:56.002 1624 1802 I OMXClient: IOmx service obtained
01-16 13:56:56.002 1628 1773 I OMXMaster: makeComponentInstance(OMX.google.flac.encoder) in android.hardwar process
01-16 13:56:56.033 1624 1802 I OMXClient: IOmx service obtained
01-16 13:56:56.034 1628 2053 I OMXMaster: makeComponentInstance(OMX.google.h264.decoder) in android.hardwar process
01-16 13:56:56.044 1628 1773 E OMXNodeInstance: getExtensionIndex(0xf153c120:google.h264.decoder, OMX.google.android.index.configureVideoTunnelMode) ERROR: UnsupportedIndex(0x8000101a)
01-16 13:56:56.044 1624 1802 D MediaCodecInfo: detail feature-tunneled-playback wasn't present to remove
01-16 13:56:56.044 1628 1773 E OMXNodeInstance: getExtensionIndex(0xf153c120:google.h264.decoder, OMX.google.android.index.enableAndroidNativeBuffers) ERROR: UnsupportedIndex(0x8000101a)
01-16 13:56:56.055 1624 1802 I OMXClient: IOmx service obtained
01-16 13:56:56.055 1628 1773 I OMXMaster: makeComponentInstance(OMX.google.h263.decoder) in android.hardwar process
01-16 13:56:56.060 1628 1773 E OMXNodeInstance: getExtensionIndex(0xf153c120:google.h263.decoder, OMX.google.android.index.configureVideoTunnelMode) ERROR: UnsupportedIndex(0x8000101a)
01-16 13:56:56.060 1624 1802 D MediaCodecInfo: detail feature-tunneled-playback wasn't present to remove
01-16 13:56:56.060 1628 1773 E OMXNodeInstance: getExtensionIndex(0xf153c120:google.h263.decoder, OMX.google.android.index.enableAndroidNativeBuffers) ERROR: UnsupportedIndex(0x8000101a)
01-16 13:56:56.068 1624 1802 I OMXClient: IOmx service obtained
01-16 13:56:56.068 1628 1773 I OMXMaster: makeComponentInstance(OMX.google.hevc.decoder) in android.hardwar process
01-16 13:56:56.088 1628 2053 E OMXNodeInstance: getExtensionIndex(0xf153c120:google.hevc.decoder, OMX.google.android.index.configureVideoTunnelMode) ERROR: UnsupportedIndex(0x8000101a)
01-16 13:56:56.088 1624 1802 D MediaCodecInfo: detail feature-tunneled-playback wasn't present to remove
01-16 13:56:56.088 1628 2053 E OMXNodeInstance: getExtensionIndex(0xf153c120:google.hevc.decoder, OMX.google.android.index.enableAndroidNativeBuffers) ERROR: UnsupportedIndex(0x8000101a)
01-16 13:56:56.092 1624 1802 I OMXClient: IOmx service obtained
01-16 13:56:56.092 1628 2053 I OMXMaster: makeComponentInstance(OMX.google.mpeg4.decoder) in android.hardwar process
01-16 13:56:56.093 1628 2058 E OMXNodeInstance: getExtensionIndex(0xf36191a0:google.mpeg4.decoder, OMX.google.android.index.configureVideoTunnelMode) ERROR: UnsupportedIndex(0x8000101a)
01-16 13:56:56.093 1624 1802 D MediaCodecInfo: detail feature-tunneled-playback wasn't present to remove
01-16 13:56:56.093 1628 2058 E OMXNodeInstance: getExtensionIndex(0xf36191a0:google.mpeg4.decoder, OMX.google.android.index.enableAndroidNativeBuffers) ERROR: UnsupportedIndex(0x8000101a)
01-16 13:56:56.096 1624 1802 I OMXClient: IOmx service obtained
01-16 13:56:56.096 1628 2058 I OMXMaster: makeComponentInstance(OMX.google.vp8.decoder) in android.hardwar process
01-16 13:56:56.105 1628 1773 E OMXNodeInstance: getExtensionIndex(0xf36191a0:google.vp8.decoder, OMX.google.android.index.configureVideoTunnelMode) ERROR: UnsupportedIndex(0x8000101a)
01-16 13:56:56.105 1624 1802 D MediaCodecInfo: detail feature-tunneled-playback wasn't present to remove
01-16 13:56:56.105 1628 1773 E OMXNodeInstance: getExtensionIndex(0xf36191a0:google.vp8.decoder, OMX.google.android.index.enableAndroidNativeBuffers) ERROR: UnsupportedIndex(0x8000101a)
01-16 13:56:56.108 1624 1802 I OMXClient: IOmx service obtained
01-16 13:56:56.108 1628 1773 I OMXMaster: makeComponentInstance(OMX.google.vp9.decoder) in android.hardwar process
01-16 13:56:56.109 1628 1773 E OMXNodeInstance: getExtensionIndex(0xf36191a0:google.vp9.decoder, OMX.google.android.index.configureVideoTunnelMode) ERROR: UnsupportedIndex(0x8000101a)
01-16 13:56:56.109 1624 1802 D MediaCodecInfo: detail feature-tunneled-playback wasn't present to remove
01-16 13:56:56.109 1628 1773 E OMXNodeInstance: getExtensionIndex(0xf36191a0:google.vp9.decoder, OMX.google.android.index.enableAndroidNativeBuffers) ERROR: UnsupportedIndex(0x8000101a)
01-16 13:56:56.112 1624 1802 I OMXClient: IOmx service obtained
01-16 13:56:56.112 1628 1773 I OMXMaster: makeComponentInstance(OMX.google.h264.encoder) in android.hardwar process
01-16 13:56:56.123 1624 1802 W OMXUtils: do not know color format 0x7f000789 = 2130708361
01-16 13:56:56.133 1624 1802 I OMXClient: IOmx service obtained
01-16 13:56:56.133 1628 2058 I OMXMaster: makeComponentInstance(OMX.google.h263.encoder) in android.hardwar process
01-16 13:56:56.142 1628 2058 I SoftMPEG4Encoder: Construct SoftMPEG4Encoder
01-16 13:56:56.143 1624 1802 W OMXUtils: do not know color format 0x7f000789 = 2130708361
01-16 13:56:56.144 1628 1773 E OMXNodeInstance: getConfig(0xf36191a0:google.h263.encoder, ConfigAndroidIntraRefresh(0x6f60000a)) ERROR: Undefined(0x80001001)
01-16 13:56:56.144 1628 1773 E OMXNodeInstance: getParameter(0xf36191a0:google.h263.encoder, ParamVideoIntraRefresh(0x6000006)) ERROR: UnsupportedIndex(0x8000101a)
01-16 13:56:56.144 1624 1802 D MediaCodecInfo: detail feature-frame-parsing wasn't present to remove
01-16 13:56:56.158 1624 1802 I OMXClient: IOmx service obtained
01-16 13:56:56.159 1628 1773 I OMXMaster: makeComponentInstance(OMX.google.mpeg4.encoder) in android.hardwar process
01-16 13:56:56.161 1628 1773 I SoftMPEG4Encoder: Construct SoftMPEG4Encoder
01-16 13:56:56.163 1624 1802 W OMXUtils: do not know color format 0x7f000789 = 2130708361
01-16 13:56:56.164 1628 2053 E OMXNodeInstance: getConfig(0xf36191a0:google.mpeg4.encoder, ConfigAndroidIntraRefresh(0x6f60000a)) ERROR: Undefined(0x80001001)
01-16 13:56:56.164 1628 2053 E OMXNodeInstance: getParameter(0xf36191a0:google.mpeg4.encoder, ParamVideoIntraRefresh(0x6000006)) ERROR: UnsupportedIndex(0x8000101a)
01-16 13:56:56.164 1624 1802 D MediaCodecInfo: detail feature-frame-parsing wasn't present to remove
01-16 13:56:56.180 1624 1802 I OMXClient: IOmx service obtained
01-16 13:56:56.180 1628 2058 I OMXMaster: makeComponentInstance(OMX.google.vp8.encoder) in android.hardwar process
01-16 13:56:56.185 1624 1802 W OMXUtils: do not know color format 0x7f000789 = 2130708361
01-16 13:56:56.185 1628 2058 E OMXNodeInstance: getConfig(0xf3619440:google.vp8.encoder, ConfigAndroidIntraRefresh(0x6f60000a)) ERROR: Undefined(0x80001001)
01-16 13:56:56.185 1628 2058 E OMXNodeInstance: getParameter(0xf3619440:google.vp8.encoder, ParamVideoIntraRefresh(0x6000006)) ERROR: UnsupportedIndex(0x8000101a)
01-16 13:56:56.185 1624 1802 D MediaCodecInfo: detail feature-frame-parsing wasn't present to remove
01-16 13:56:56.200 1624 1802 D MediaCodecList: ignored a null builder
01-16 13:56:56.211 1618 1618 D incidentd: WorkDirectory::getReports
01-16 13:56:56.220 1967 1982 I ndroid.systemu: Background young concurrent copying GC freed 7278(429KB) AllocSpace objects, 0(0B) LOS objects, 82% free, 1265KB/7409KB, paused 1.941ms total 154.108ms
01-16 13:56:56.223 1967 1967 V SystemUIService: Starting SystemUI services for user 0.
01-16 13:56:56.235 1577 1577 W ServiceManager: Permission failure: android.permission.NETWORK_STACK from uid=1073 pid=2014
01-16 13:56:56.235 1577 1577 I netd : registerUnsolicitedEventListener() <1.57ms>
01-16 13:56:56.238 1967 1967 D SystemUIBootTiming: StartServicescom.android.systemui.Dependency$DependencyCreator took to complete: 15ms
01-16 13:56:56.239 1832 1991 I OMXClient: IOmx service obtained
01-16 13:56:56.245 1967 1967 D SystemUIBootTiming: StartServicescom.android.systemui.util.NotificationChannels took to complete: 7ms
01-16 13:56:56.247 1832 1832 I system_server: The ClassLoaderContext is a special shared library.
01-16 13:56:56.248 1628 2058 I OMXMaster: makeComponentInstance(OMX.google.vorbis.decoder) in android.hardwar process
01-16 13:56:56.256 1628 2058 E OMXNodeInstance: getConfig(0xf153c1e0:google.vorbis.decoder, ConfigAndroidVendorExtension(0x6f100004)) ERROR: Undefined(0x80001001)
01-16 13:56:56.364 1967 1967 D SystemUIBootTiming: StartServicescom.android.systemui.statusbar.CommandQueue$CommandQueueStart took to complete: 119ms
01-16 13:56:56.373 2096 2096 I ndroid.setting: The ClassLoaderContext is a special shared library.
01-16 13:56:56.379 2064 2064 I m.android.phon: The ClassLoaderContext is a special shared library.
01-16 13:56:56.420 1967 1967 V MediaRouter: Selecting route: RouteInfo{ name=Phone, description=null, status=null, category=RouteCategory{ name=System types=ROUTE_TYPE_LIVE_AUDIO ROUTE_TYPE_LIVE_VIDEO groupable=false }, supportedTypes=ROUTE_TYPE_LIVE_AUDIO ROUTE_TYPE_LIVE_VIDEO , presentationDisplay=null }
01-16 13:56:56.435 2096 2096 I ndroid.setting: The ClassLoaderContext is a special shared library.
01-16 13:56:56.561 2064 2064 I m.android.phon: The ClassLoaderContext is a special shared library.
01-16 13:56:56.597 1832 2148 I OMXClient: IOmx service obtained
01-16 13:56:56.597 1628 1773 I OMXMaster: makeComponentInstance(OMX.google.vorbis.decoder) in android.hardwar process
01-16 13:56:56.598 1628 1773 E OMXNodeInstance: getConfig(0xf153c1e0:google.vorbis.decoder, ConfigAndroidVendorExtension(0x6f100004)) ERROR: Undefined(0x80001001)
01-16 13:56:56.672 1832 2153 I OMXClient: IOmx service obtained
01-16 13:56:56.672 1628 2058 I OMXMaster: makeComponentInstance(OMX.google.vorbis.decoder) in android.hardwar process
01-16 13:56:56.674 1628 2058 E OMXNodeInstance: getConfig(0xf153c1e0:google.vorbis.decoder, ConfigAndroidVendorExtension(0x6f100004)) ERROR: Undefined(0x80001001)
01-16 13:56:56.741 1832 2156 I OMXClient: IOmx service obtained
01-16 13:56:56.742 1628 2053 I OMXMaster: makeComponentInstance(OMX.google.vorbis.decoder) in android.hardwar process
01-16 13:56:56.743 1628 2053 E OMXNodeInstance: getConfig(0xf153c1e0:google.vorbis.decoder, ConfigAndroidVendorExtension(0x6f100004)) ERROR: Undefined(0x80001001)
01-16 13:56:56.883 2064 2064 I m.android.phon: The ClassLoaderContext is a special shared library.
01-16 13:56:56.951 1832 2159 I OMXClient: IOmx service obtained
01-16 13:56:56.951 1628 2053 I OMXMaster: makeComponentInstance(OMX.google.vorbis.decoder) in android.hardwar process
01-16 13:56:56.952 1628 2053 E OMXNodeInstance: getConfig(0xf153c1e0:google.vorbis.decoder, ConfigAndroidVendorExtension(0x6f100004)) ERROR: Undefined(0x80001001)
01-16 13:56:56.986 1832 1832 W Looper : Slow dispatch took 1067ms main h=android.app.ActivityThread$H c=null m=114
01-16 13:56:57.029 2064 2064 D CarrierProvider: onCreate
01-16 13:56:57.039 2064 2064 D CarrierIdProvider: onCreate
01-16 13:56:57.039 2064 2064 D CarrierIdDatabaseHelper: CarrierIdDatabaseHelper: 5
01-16 13:56:57.044 1967 1967 D SystemUIBootTiming: StartServicescom.android.systemui.keyguard.KeyguardViewMediator took to complete: 680ms
01-16 13:56:57.097 2064 2064 D CarrierIdProvider: update database from pb file
01-16 13:56:57.127 1967 1967 D SystemUIBootTiming: StartServicescom.android.systemui.recents.Recents took to complete: 83ms
01-16 13:56:57.140 2064 2064 E CarrierIdProvider: read carrier list from ota pb failure: java.io.FileNotFoundException: /data/misc/carrierid/carrier_list.pb: open failed: ENOENT (No such file or directory)
01-16 13:56:57.140 2064 2064 D CarrierIdProvider: latest version: 16777227 need update: false
01-16 13:56:57.160 1967 1967 I vol.Events: writeEvent collection_started
01-16 13:56:57.170 1578 1578 D Zygote : Forked child process 2170
01-16 13:56:57.179 2170 2170 W droid.launcher: Unexpected CPU variant for X86 using defaults: x86
01-16 13:56:57.202 1832 2174 I OMXClient: IOmx service obtained
01-16 13:56:57.202 1628 2053 I OMXMaster: makeComponentInstance(OMX.google.vorbis.decoder) in android.hardwar process
01-16 13:56:57.203 1628 2053 E OMXNodeInstance: getConfig(0xf153c1e0:google.vorbis.decoder, ConfigAndroidVendorExtension(0x6f100004)) ERROR: Undefined(0x80001001)
01-16 13:56:57.205 1967 2179 I OMXClient: IOmx service obtained
01-16 13:56:57.206 1628 2053 I OMXMaster: makeComponentInstance(OMX.google.vorbis.decoder) in android.hardwar process
01-16 13:56:57.207 1628 2058 E OMXNodeInstance: getConfig(0xf153c300:google.vorbis.decoder, ConfigAndroidVendorExtension(0x6f100004)) ERROR: Undefined(0x80001001)
01-16 13:56:57.218 1832 1860 W ActivityManager: Slow operation: 93ms so far, now at startProcess: returned from zygote!
01-16 13:56:57.219 1832 1860 W ActivityManager: Slow operation: 93ms so far, now at startProcess: done updating battery stats
01-16 13:56:57.219 1832 1860 W ActivityManager: Slow operation: 94ms so far, now at startProcess: building log message
01-16 13:56:57.219 1832 1860 I ActivityManager: Start proc 2170:com.android.launcher3/u0a82 for service {com.android.launcher3/com.android.quickstep.TouchInteractionService}
01-16 13:56:57.219 1832 1860 W ActivityManager: Slow operation: 94ms so far, now at startProcess: starting to update pids map
01-16 13:56:57.219 1832 1860 W ActivityManager: Slow operation: 94ms so far, now at startProcess: done updating pids map
01-16 13:56:57.298 1606 1959 E SurfaceFlinger: ro.sf.lcd_density must be defined as a build property
01-16 13:56:57.298 1606 1959 E SurfaceFlinger: ro.sf.lcd_density must be defined as a build property
01-16 13:56:57.323 2096 2201 D libEGL : Emulator has host GPU support, qemu.gles is set to 1.
01-16 13:56:57.330 2096 2201 W libc : Unable to set property "qemu.gles" to "1": error code: 0x18
01-16 13:56:57.346 2096 2201 D libEGL : loaded /vendor/lib/egl/libEGL_emulation.so
01-16 13:56:57.349 2096 2201 D libEGL : loaded /vendor/lib/egl/libGLESv1_CM_emulation.so
01-16 13:56:57.352 2096 2201 D libEGL : loaded /vendor/lib/egl/libGLESv2_emulation.so
01-16 13:56:57.407 1967 2207 I OMXClient: IOmx service obtained
01-16 13:56:57.408 1628 2202 I OMXMaster: makeComponentInstance(OMX.google.vorbis.decoder) in android.hardwar process
01-16 13:56:57.410 1628 2186 E OMXNodeInstance: getConfig(0xf3618de0:google.vorbis.decoder, ConfigAndroidVendorExtension(0x6f100004)) ERROR: Undefined(0x80001001)
01-16 13:56:57.448 1478 1478 I hwservicemanager: getTransport: Cannot find entry android.hardware.radio@1.4::IRadio/slot1 in either framework or device manifest.
01-16 13:56:57.470 1478 1478 I hwservicemanager: getTransport: Cannot find entry android.hardware.radio@1.3::IRadio/slot1 in either framework or device manifest.
01-16 13:56:57.470 1967 2210 I OMXClient: IOmx service obtained
01-16 13:56:57.470 1628 2186 I OMXMaster: makeComponentInstance(OMX.google.vorbis.decoder) in android.hardwar process
01-16 13:56:57.471 1628 2186 E OMXNodeInstance: getConfig(0xf3618de0:google.vorbis.decoder, ConfigAndroidVendorExtension(0x6f100004)) ERROR: Undefined(0x80001001)
01-16 13:56:57.478 1478 1478 I hwservicemanager: getTransport: Cannot find entry android.hardware.radio@1.2::IRadio/slot1 in either framework or device manifest.
01-16 13:56:57.493 2096 2197 D : HostConnection::get() New Host Connection established 0xd800a730, tid 2197
01-16 13:56:57.505 2096 2197 D : HostComposition ext ANDROID_EMU_CHECKSUM_HELPER_v1 ANDROID_EMU_dma_v1 ANDROID_EMU_direct_mem ANDROID_EMU_host_composition_v1 ANDROID_EMU_host_composition_v2 ANDROID_EMU_async_unmap_buffer GL_OES_EGL_image_external_essl3 GL_OES_vertex_array_object GL_KHR_texture_compression_astc_ldr ANDROID_EMU_gles_max_version_3_1
01-16 13:56:57.512 2096 2197 W OpenGLRenderer: Failed to choose config with EGL_SWAP_BEHAVIOR_PRESERVED, retrying without...
01-16 13:56:57.689 2170 2170 I droid.launcher: The ClassLoaderContext is a special shared library.
01-16 13:56:57.715 1478 1478 I hwservicemanager: getTransport: Cannot find entry android.hardware.radio@1.1::IRadio/slot1 in either framework or device manifest.
01-16 13:56:57.736 2170 2170 W ContextImpl: Failed to ensure /data/user/0/com.android.launcher3/cache: mkdir failed: ENOENT (No such file or directory)
01-16 13:56:57.736 2170 2170 W ContextImpl: Failed to update user.inode_cache: stat failed: ENOENT (No such file or directory)
01-16 13:56:57.749 2096 2197 D eglCodecCommon: setVertexArrayObject: set vao to 0 (0) 0 0
01-16 13:56:57.749 2096 2197 D EGL_emulation: eglCreateContext: 0xeeb04be0: maj 3 min 1 rcv 4
01-16 13:56:57.798 1832 1850 W WindowManager: Keyguard drawn timeout. Setting mKeyguardDrawComplete
01-16 13:56:57.871 2170 2170 D TouchInteractionService: Touch service connected
01-16 13:56:57.911 2096 2197 D EGL_emulation: eglMakeCurrent: 0xeeb04be0: ver 3 1 (tinfo 0xe35ef1d0)
01-16 13:56:57.912 2096 2197 E eglCodecCommon: glUtilsParamSize: unknow param 0x000082da
01-16 13:56:57.913 2096 2197 E eglCodecCommon: glUtilsParamSize: unknow param 0x000082da
01-16 13:56:57.979 2064 2064 I android_os_HwBinder: HwBinder: Starting thread pool for getting: android.hardware.radio@1.0::IRadio/slot1
01-16 13:56:58.125 1478 1478 I hwservicemanager: getTransport: Cannot find entry android.hardware.radio.deprecated@1.0::IOemHook/slot1 in either framework or device manifest.
01-16 13:56:58.188 1967 2169 I vol.Events: writeEvent level_changed STREAM_VOICE_CALL 1
01-16 13:56:58.191 1832 1832 E BluetoothAdapter: Bluetooth binder is null
01-16 13:56:58.192 1967 2169 I vol.Events: writeEvent level_changed STREAM_SYSTEM 5
01-16 13:56:58.193 1967 2169 I vol.Events: writeEvent level_changed STREAM_RING 5
01-16 13:56:58.195 1967 2169 I vol.Events: writeEvent level_changed STREAM_MUSIC 5
01-16 13:56:58.197 1967 2169 I vol.Events: writeEvent level_changed STREAM_ALARM 6
01-16 13:56:58.203 1967 2169 I vol.Events: writeEvent level_changed STREAM_BLUETOOTH_SCO 7
01-16 13:56:58.204 1832 2219 I Telecom : BluetoothRouteManager: getBluetoothAudioConnectedDevice: no service available.
01-16 13:56:58.225 2064 2064 D TelephonyProvider: dbh.onOpen: ok, queried table=siminfo
01-16 13:56:58.225 2064 2064 D TelephonyProvider: dbh.onOpen: ok, queried table=carriers
01-16 13:56:58.231 1967 2169 I vol.Events: writeEvent zen_mode_config_changed [disallowAlarms=false disallowMedia=false disallowSystem=true disallowRinger=false]
01-16 13:56:58.234 1832 1851 I DropBoxManagerService: add tag=system_app_strictmode isTagEnabled=true flags=0x2
01-16 13:56:58.275 1967 1967 D SystemUIBootTiming: StartServicescom.android.systemui.volume.VolumeUI took to complete: 1148ms
01-16 13:56:58.275 1967 1967 W SystemUIService: Initialization of com.android.systemui.volume.VolumeUI took 1148 ms
01-16 13:56:58.285 1593 1593 D gralloc_ranchu: gralloc_alloc: Creating ashmem region of size 8298496
01-16 13:56:58.303 1832 1832 I Telecom : SystemStateHelper: Registering car mode receiver: android.content.IntentFilter@4f1281c: TS.init@AAA
01-16 13:56:58.310 1832 1851 I DropBoxManagerService: add tag=system_app_strictmode isTagEnabled=true flags=0x2
01-16 13:56:58.325 1478 1478 I hwservicemanager: getTransport: Cannot find entry android.hardware.graphics.mapper@3.0::IMapper/default in either framework or device manifest.
01-16 13:56:58.326 2096 2197 W Gralloc3: mapper 3.x is not supported
01-16 13:56:58.339 2096 2197 D : createUnique: call
01-16 13:56:58.339 2096 2197 D : HostConnection::get() New Host Connection established 0xd800bfe0, tid 2197
01-16 13:56:58.345 2096 2197 D : HostComposition ext ANDROID_EMU_CHECKSUM_HELPER_v1 ANDROID_EMU_dma_v1 ANDROID_EMU_direct_mem ANDROID_EMU_host_composition_v1 ANDROID_EMU_host_composition_v2 ANDROID_EMU_async_unmap_buffer GL_OES_EGL_image_external_essl3 GL_OES_vertex_array_object GL_KHR_texture_compression_astc_ldr ANDROID_EMU_gles_max_version_3_1
01-16 13:56:58.347 2096 2197 D eglCodecCommon: allocate: Ask for block of size 0x1000
01-16 13:56:58.347 2096 2197 D eglCodecCommon: allocate: ioctl allocate returned offset 0x3ffff6000 size 0x2000
01-16 13:56:58.391 1593 1593 D gralloc_ranchu: gralloc_alloc: Creating ashmem region of size 8298496
01-16 13:56:58.408 2096 2197 D EGL_emulation: eglMakeCurrent: 0xeeb04be0: ver 3 1 (tinfo 0xe35ef1d0)
01-16 13:56:58.419 1593 1730 D gralloc_ranchu: gralloc_alloc: Creating ashmem region of size 8298496
01-16 13:56:58.651 1606 1740 E SurfaceFlinger: ro.sf.lcd_density must be defined as a build property
01-16 13:56:58.319 1832 1851 I chatty : uid=1000(system) android.io identical 1 line
01-16 13:56:58.379 1832 1851 I DropBoxManagerService: add tag=system_app_strictmode isTagEnabled=true flags=0x2
01-16 13:56:58.674 1967 1967 D SystemUIBootTiming: StartServicescom.android.systemui.stackdivider.Divider took to complete: 399ms
01-16 13:56:58.885 1832 1852 W WindowManager: Timeout waiting for drawn: undrawn=[Window{7dc0563 u0 com.android.settings/com.android.settings.FallbackHome}]
01-16 13:56:58.657 1606 1740 E SurfaceFlinger: ro.sf.lcd_density must be defined as a build property
01-16 13:56:58.940 2096 2197 I OpenGLRenderer: Davey! duration=1449ms; Flags=1, IntendedVsync=47199096117, Vsync=47199096117, OldestInputEvent=9223372036854775807, NewestInputEvent=0, HandleInputStart=47199935221, AnimationStart=47199947885, PerformTraversalsStart=47199948850, DrawStart=48116294375, SyncQueued=48116541320, SyncStart=48133573610, IssueDrawCommandsStart=48133640596, SwapBuffers=48373101201, FrameCompleted=48665627071, DequeueBufferDuration=2974000, QueueBufferDuration=635000,
01-16 13:56:58.950 1967 1967 I FalsingManagerPlugin: xdpi, ydpi: 420.0, 420.0
01-16 13:56:58.950 1967 1967 I FalsingManagerPlugin: width, height: 1080, 1794
01-16 13:56:58.970 1578 1578 D Zygote : Forked child process 2229
01-16 13:56:58.972 1832 1860 I ActivityManager: Start proc 2229:com.android.inputmethod.latin/u0a93 for service {com.android.inputmethod.latin/com.android.inputmethod.latin.LatinIME}
01-16 13:56:58.988 2229 2229 W putmethod.lati: Unexpected CPU variant for X86 using defaults: x86
01-16 13:56:59.150 1832 1858 I ActivityTaskManager: Displayed com.android.settings/.FallbackHome: +3s693ms
01-16 13:56:59.153 1832 1852 W KeyguardServiceDelegate: onScreenTurningOn(): no keyguard service!
01-16 13:56:59.153 1832 1853 W system_server: Long monitor contention with owner android.display (1852) at void com.android.server.wm.ActivityTaskManagerService$LocalService.enableScreenAfterBoot(boolean)(ActivityTaskManagerService.java:6440) waiters=0 in void com.android.server.wm.WindowSurfacePlacer.lambda$new$0$WindowSurfacePlacer() for 177ms
01-16 13:56:59.153 1597 1668 W hw-IPCThreadState: All binder threads in pool (2 threads) busy for 168 ms
01-16 13:56:59.166 1832 2239 I Telecom : Logging.Events: Non-call EVENT: AUDIO_ROUTE, Entering state QuiescentSpeakerRoute
01-16 13:56:59.166 1832 2239 I Telecom : BluetoothRouteManager: getBluetoothAudioConnectedDevice: no service available.
01-16 13:56:59.190 1832 2250 I Telecom : CallAudioModeStateMachine: Message received: null.: TS.init->CAMSM.pM_1@AAA
01-16 13:56:59.197 2229 2229 D ApplicationLoaders: Returning zygote-cached class loader: /system/framework/android.hidl.base-V1.0-java.jar
01-16 13:56:59.197 2229 2229 D ApplicationLoaders: Returning zygote-cached class loader: /system/framework/android.hidl.manager-V1.0-java.jar
01-16 13:56:59.197 2229 2229 D ApplicationLoaders: Returning zygote-cached class loader: /system/framework/android.hidl.base-V1.0-java.jar
01-16 13:56:59.205 1832 1832 I Telecom : MissedCallNotifierImpl: reloadFromDatabase: Boot not yet complete -- call log db may not be available. Deferring loading until boot complete for user 0: TS.init@AAA
01-16 13:56:59.206 1832 1832 E BluetoothAdapter: Bluetooth binder is null
01-16 13:56:59.219 1832 1832 I Telecom : Class: TelecomSystem.INSTANCE being set
01-16 13:56:59.227 1832 1832 W Looper : Slow dispatch took 2240ms main h=android.app.ActivityThread$H c=null m=121
01-16 13:56:59.226 1832 1832 E BluetoothAdapter: Bluetooth binder is null
01-16 13:56:59.227 1832 1832 D WifiP2pService: Wifi enabled=false, P2P Interface availability=true
01-16 13:56:59.227 1832 1832 V SettingsProvider: Notifying for 0: content://settings/global/adb_enabled
01-16 13:56:59.228 1832 1832 D PackageWatchdog: Getting all observed packages pending health checks
01-16 13:56:59.228 1832 1832 I PackageWatchdog: Syncing health check requests for packages: {}
01-16 13:56:59.228 1832 1832 I ExplicitHealthCheckController: Service not ready to get health check supported packages. Binding...
01-16 13:56:59.229 1832 1832 I ExplicitHealthCheckController: Explicit health check service is bound
01-16 13:56:59.230 1832 1832 V SettingsProvider: Notifying for 0: content://settings/global/boot_count
01-16 13:56:59.230 1832 1832 V SettingsProvider: Notifying for 0: content://settings/secure/location_providers_allowed
01-16 13:56:59.241 1967 1967 V WifiManager: registerTrafficStateCallback: callback=com.android.systemui.statusbar.policy.WifiSignalController$WifiTrafficStateCallback@fafd60f, handler=null
01-16 13:56:59.242 1832 1832 I system_server: The ClassLoaderContext is a special shared library.
01-16 13:56:59.230 1832 1832 V SettingsProvider: Notifying for 0: content://settings/secure/location_providers_allowed
01-16 13:56:59.255 1832 2167 D ConnectivityService: requestNetwork for uid/pid:10089/1967 NetworkRequest [ TRACK_DEFAULT id=12, [ Capabilities: INTERNET&NOT_RESTRICTED&TRUSTED Uid: 10089] ]
01-16 13:56:59.274 1832 1832 I system_server: The ClassLoaderContext is a special shared library.
01-16 13:56:59.276 1832 1832 I system_server: Waiting for a blocking GC ClassLinker
01-16 13:56:59.282 1832 1832 I system_server: WaitForGcToComplete blocked ClassLinker on ClassLinker for 5.543ms
01-16 13:56:59.289 1578 1578 D Zygote : Forked child process 2252
01-16 13:56:59.292 2229 2229 I putmethod.lati: The ClassLoaderContext is a special shared library.
01-16 13:56:59.304 1832 1832 E WiredAccessoryManager: No state change.
01-16 13:56:59.315 2252 2252 W id.ext.service: Unexpected CPU variant for X86 using defaults: x86
01-16 13:56:59.320 1832 1832 V NotificationListeners: enabling notification listener for 0: ComponentInfo{com.android.launcher3/com.android.launcher3.notification.NotificationListener}
01-16 13:56:59.320 1832 1832 V NotificationListeners: binding: Intent { act=android.service.notification.NotificationListenerService cmp=com.android.launcher3/.notification.NotificationListener (has extras) }
01-16 13:56:59.320 1832 1832 W ActivityManager: Unable to start service Intent { act=android.service.notification.NotificationListenerService cmp=com.android.launcher3/.notification.NotificationListener } U=0: not found
01-16 13:56:59.320 1832 1832 W NotificationListeners: Unable to bind notification listener service: Intent { act=android.service.notification.NotificationListenerService cmp=com.android.launcher3/.notification.NotificationListener (has extras) } in user 0
01-16 13:56:59.321 1832 1832 V NotificationAssistants: enabling notification assistant for 0: ComponentInfo{android.ext.services/android.ext.services.notification.Assistant}
01-16 13:56:59.321 1832 1832 V NotificationAssistants: binding: Intent { act=android.service.notification.NotificationAssistantService cmp=android.ext.services/.notification.Assistant (has extras) }
01-16 13:56:59.323 1832 1860 W ActivityManager: Slow operation: 94ms so far, now at startProcess: returned from zygote!
01-16 13:56:59.323 1832 1860 W ActivityManager: Slow operation: 94ms so far, now at startProcess: done updating battery stats
01-16 13:56:59.323 1832 1860 W ActivityManager: Slow operation: 94ms so far, now at startProcess: building log message
01-16 13:56:59.323 1832 1860 I ActivityManager: Start proc 2252:android.ext.services/u0a40 for service {android.ext.services/android.ext.services.watchdog.ExplicitHealthCheckServiceImpl}
01-16 13:56:59.323 1832 1860 W ActivityManager: Slow operation: 94ms so far, now at startProcess: starting to update pids map
01-16 13:56:59.324 1832 1860 W ActivityManager: Slow operation: 95ms so far, now at startProcess: done updating pids map
01-16 13:56:59.346 1583 1583 W DeviceHAL: Error from HAL Device in function set_mic_mute: Function not implemented
01-16 13:56:59.347 1832 1832 E AudioSystem-JNI: Command failed for android_media_AudioSystem_muteMicrophone: -38
01-16 13:56:59.448 2064 2064 W TelecomManager: Telecom Service not found.
01-16 13:56:59.476 1832 1832 W Looper : Slow dispatch took 155ms main h=android.app.ActivityThread$H c=android.app.-$$Lambda$LoadedApk$ReceiverDispatcher$Args$_BumDX2UKsnxLVrE6UJsJZkotuA@2d19186 m=0
01-16 13:56:59.513 1832 1832 D WifiP2pService: Wifi enabled=true, P2P Interface availability=true, Number of clients=0
01-16 13:56:59.513 1832 1832 D WifiP2pService: Wifi enabled=true, P2P Interface availability=true
01-16 13:56:59.535 1832 1832 D ConditionProviders.SCP: onSubscribe condition://android/schedule?days=1.2.3.4.5.6.7&start=22.0&end=7.0&exitAtAlarm=true
01-16 13:56:59.535 1832 1832 D ConditionProviders.SCP: setRegistered true
01-16 13:56:59.550 1832 1940 E ActivityThread: Failed to find provider info for com.android.calendar
01-16 13:56:59.588 2229 2229 I LatinIME: Hardware accelerated drawing: true
01-16 13:56:59.628 1606 1959 D : HostConnection::get() New Host Connection established 0xe9e405f0, tid 1959
01-16 13:56:59.635 1606 1959 D : HostComposition ext ANDROID_EMU_CHECKSUM_HELPER_v1 ANDROID_EMU_dma_v1 ANDROID_EMU_direct_mem ANDROID_EMU_host_composition_v1 ANDROID_EMU_host_composition_v2 ANDROID_EMU_async_unmap_buffer GL_OES_EGL_image_external_essl3 GL_OES_vertex_array_object GL_KHR_texture_compression_astc_ldr ANDROID_EMU_gles_max_version_3_1
01-16 13:56:59.667 2252 2252 I id.ext.service: The ClassLoaderContext is a special shared library.
01-16 13:56:59.691 2096 2197 D eglCodecCommon: setVertexArrayObject: set vao to 0 (0) 1 0
01-16 13:56:59.550 1832 1940 E ActivityThread: Failed to find provider info for com.android.calendar
01-16 13:56:59.707 2064 2064 W SystemConfig: No directory /product/etc/sysconfig, skipping
01-16 13:56:59.713 2064 2064 W SystemConfig: No directory /product_services/etc/sysconfig, skipping
01-16 13:56:59.713 2064 2064 W SystemConfig: No directory /product_services/etc/permissions, skipping
01-16 13:56:59.728 2064 2064 D PhoneSwitcherNetworkRequstListener: Registering NetworkFactory
01-16 13:56:59.728 1832 1934 D ConnectivityService: Got NetworkFactory Messenger for PhoneSwitcherNetworkRequstListener
01-16 13:56:59.786 1832 1832 D ConditionProviders.SCP: evaluateSubscriptionLocked cal=ScheduleCalendar[mDays={1, 2, 3, 4, 5, 6, 7}, mSchedule=ScheduleInfo{days=[1, 2, 3, 4, 5, 6, 7], startHour=22, startMinute=0, endHour=7, endMinute=0, exitAtAlarm=true, nextAlarm=Thu Jan 01 03:00:00 GMT+02:00 1970 (0)}], now=Sat Jan 16 13:56:59 GMT+02:00 2021 (1610798219535), nextUserAlarmTime=Thu Jan 01 03:00:00 GMT+02:00 1970 (0)
01-16 13:56:59.786 1832 1832 D ConditionProviders.SCP: notifyCondition condition://android/schedule?days=1.2.3.4.5.6.7&start=22.0&end=7.0&exitAtAlarm=true STATE_FALSE reason=!meetsSchedule
01-16 13:56:59.801 1832 1832 D ConditionProviders.SCP: Scheduling evaluate for Sat Jan 16 22:00:00 GMT+02:00 2021 (1610827200000), in +8h3m0s465ms, now=Sat Jan 16 13:56:59 GMT+02:00 2021 (1610798219535)
01-16 13:56:59.801 1832 1832 W Looper : Slow dispatch took 266ms main h=android.service.notification.ConditionProviderService$H c=null m=3
01-16 13:56:59.801 1832 1832 V FingerprintService: handleEnumeratedTemplate: 0
01-16 13:56:59.801 1832 1832 V FingerprintService: Matched: false
01-16 13:56:59.801 1832 1832 V FingerprintService: Done with client: android
01-16 13:56:59.801 1832 1832 V FingerprintService: clearEnumerateState()
01-16 13:56:59.804 1967 1967 D StatusBar: disable disable2
01-16 13:56:59.805 1832 2084 I StatusBarManagerService: registerStatusBar bar=com.android.internal.statusbar.IStatusBar$Stub$Proxy@5f81082
