01-16 13:57:15.260 2397 2515 I ContactLocale: AddressBook Labels [[en_US]]: […, A, B, C, D, E, F, G, H, I, J, K, L, M, N, O, P, Q, R, S, T, U, V, W, X, Y, Z, Α, Β, Γ, Δ, Ε, Ζ, Η, Θ, Ι, Κ, Λ, Μ, Ν, Ξ, Ο, Π, Ρ, Σ, Τ, Υ, Φ, Χ, Ψ, Ω, …, А, Б, В, Г, Д, Ђ, Е, Є, Ж, З, И, І, Й, Ј, К, Л, Љ, М, Н, Њ, О, П, Р, С, Т, Ћ, У, Ф, Х, Ц, Ч, Џ, Ш, Щ, Ю, Я, …, א, ב, ג, ד, ה, ו, ז, ח, ט, י, כ, ל, מ, נ, ס, ע, פ, צ, ק, ר, ש, ת, …, ا, ب, ت, ث, ج, ح, خ, د, ذ, ر, ز, س, ش, ص, ض, ط, ظ, ع, غ, ف, ق, ك, ل, م, ن, ه, و, ي, …, ก, ข, ฃ, ค, ฅ, ฆ, ง, จ, ฉ, ช, ซ, ฌ, ญ, ฎ, ฏ, ฐ, ฑ, ฒ, ณ, ด, ต, ถ, ท, ธ, น, บ, ป, ผ, ฝ, พ, ฟ, ภ, ม, ย, ร, ฤ, ล, ฦ, ว, ศ, ษ, ส, ห, ฬ, อ, ฮ, …, ㄱ, ㄴ, ㄷ, ㄹ, ㅁ, ㅂ, ㅅ, ㅇ, ㅈ, ㅊ, ㅋ, ㅌ, ㅍ, ㅎ, …, あ, か, さ, た, な, は, ま, や, ら, わ, #, …]
01-16 13:57:15.386 2170 2170 W System : ClassLoader referenced unknown path:
01-16 13:57:15.424 1578 1578 D Zygote : Forked child process 2651
01-16 13:57:15.450 1832 1832 V NotificationListeners: 0 notification listener service connected: ComponentInfo{com.android.launcher3/com.android.launcher3.notification.NotificationListener}
01-16 13:57:15.463 2170 2170 D TouchInteractionService: Touch service connected
01-16 13:57:15.469 1832 1860 W ActivityManager: Slow operation: 191ms so far, now at startProcess: returned from zygote!
01-16 13:57:15.470 1832 1860 W ActivityManager: Slow operation: 192ms so far, now at startProcess: done updating battery stats
01-16 13:57:15.470 1832 1860 W ActivityManager: Slow operation: 192ms so far, now at startProcess: building log message
01-16 13:57:15.470 1832 1860 I ActivityManager: Start proc 2651:com.android.keychain/1000 for service {com.android.keychain/com.android.keychain.KeyChainService}
01-16 13:57:15.470 1832 1860 W ActivityManager: Slow operation: 192ms so far, now at startProcess: starting to update pids map
01-16 13:57:15.470 1832 1860 W ActivityManager: Slow operation: 192ms so far, now at startProcess: done updating pids map
01-16 13:57:15.480 2397 2515 W d.process.acor: JNI critical lock held for 17.458ms on Thread[3,tid=2515,Runnable,Thread*=0xe36a6400,peer=0x12e40fb0,"Worker-1"]
01-16 13:57:15.488 2397 2515 D ContactsDatabaseHelper: WAL enabled for profile.db: false
01-16 13:57:15.495 1593 1593 D gralloc_ranchu: gralloc_alloc: Creating ashmem region of size 28672
01-16 13:57:15.495 1832 2167 D WificondControl: Scan result ready event
01-16 13:57:15.519 2494 2506 I com.android.se: Background young concurrent copying GC freed 4334(1178KB) AllocSpace objects, 0(0B) LOS objects, 86% free, 969KB/7113KB, paused 57us total 159.939ms
01-16 13:57:15.520 1593 1593 D gralloc_ranchu: gralloc_alloc: Creating ashmem region of size 28672
01-16 13:57:15.533 1593 2349 D gralloc_ranchu: gralloc_alloc: Creating ashmem region of size 28672
01-16 13:57:15.538 2170 2555 D : HostConnection::get() New Host Connection established 0xd800cf30, tid 2555
01-16 13:57:15.557 2170 2567 D LoaderTask: loadWorkspace: loading default favorites
01-16 13:57:15.564 2651 2651 W ndroid.keychai: Unexpected CPU variant for X86 using defaults: x86
01-16 13:57:15.564 1593 2349 D gralloc_ranchu: gralloc_alloc: Creating ashmem region of size 28672
01-16 13:57:15.566 2170 2555 D : HostComposition ext ANDROID_EMU_CHECKSUM_HELPER_v1 ANDROID_EMU_dma_v1 ANDROID_EMU_direct_mem ANDROID_EMU_host_composition_v1 ANDROID_EMU_host_composition_v2 ANDROID_EMU_async_unmap_buffer GL_OES_EGL_image_external_essl3 GL_OES_vertex_array_object GL_KHR_texture_compression_astc_ldr ANDROID_EMU_gles_max_version_3_1
01-16 13:57:15.569 2170 2555 W OpenGLRenderer: Failed to choose config with EGL_SWAP_BEHAVIOR_PRESERVED, retrying without...
01-16 13:57:15.570 2170 2555 D eglCodecCommon: setVertexArrayObject: set vao to 0 (0) 0 0
01-16 13:57:15.570 2170 2555 D EGL_emulation: eglCreateContext: 0xeeb04be0: maj 3 min 1 rcv 4
01-16 13:57:15.583 1593 2349 D gralloc_ranchu: gralloc_alloc: Creating ashmem region of size 28672
01-16 13:57:15.642 1832 1930 D WifiClientModeImpl: CMD_START_CONNECT sup state UninitializedState my state DisconnectedState nid=0 roam=false
01-16 13:57:15.645 2170 2555 D EGL_emulation: eglMakeCurrent: 0xeeb04be0: ver 3 1 (tinfo 0xe3671a80)
01-16 13:57:15.646 2170 2555 E eglCodecCommon: glUtilsParamSize: unknow param 0x000082da
01-16 13:57:15.646 2170 2555 E eglCodecCommon: glUtilsParamSize: unknow param 0x000082da
01-16 13:57:15.654 1593 1593 D gralloc_ranchu: gralloc_alloc: Creating ashmem region of size 8298496
01-16 13:57:15.693 1832 1930 I WifiClientModeImpl: Connecting with 02:15:b2:00:00:00 as the mac address
01-16 13:57:15.693 1627 1627 W wificond: Scan is not started. Ignore abort request
01-16 13:57:15.693 1832 1930 D SupplicantStaIfaceHal: connectToNetwork "AndroidWifi"NONE
01-16 13:57:15.693 1832 1930 I SupplicantStaIfaceHal: addSupplicantStaNetwork via HIDL
01-16 13:57:15.695 1478 1478 I hwservicemanager: getTransport: Cannot find entry android.hardware.graphics.mapper@3.0::IMapper/default in either framework or device manifest.
01-16 13:57:15.695 2170 2555 W Gralloc3: mapper 3.x is not supported
01-16 13:57:15.696 2170 2555 D : createUnique: call
01-16 13:57:15.697 2170 2555 D : HostConnection::get() New Host Connection established 0xd800d660, tid 2555
01-16 13:57:15.697 2170 2555 D : HostComposition ext ANDROID_EMU_CHECKSUM_HELPER_v1 ANDROID_EMU_dma_v1 ANDROID_EMU_direct_mem ANDROID_EMU_host_composition_v1 ANDROID_EMU_host_composition_v2 ANDROID_EMU_async_unmap_buffer GL_OES_EGL_image_external_essl3 GL_OES_vertex_array_object GL_KHR_texture_compression_astc_ldr ANDROID_EMU_gles_max_version_3_1
01-16 13:57:15.698 2170 2555 D eglCodecCommon: allocate: Ask for block of size 0x1000
01-16 13:57:15.698 2170 2555 D eglCodecCommon: allocate: ioctl allocate returned offset 0x3ffffa000 size 0x2000
01-16 13:57:15.718 1593 2349 D gralloc_ranchu: gralloc_alloc: Creating ashmem region of size 28672
01-16 13:57:15.721 1593 2349 D gralloc_ranchu: gralloc_alloc: Creating ashmem region of size 8298496
01-16 13:57:15.736 1593 1593 D gralloc_ranchu: gralloc_alloc: Creating ashmem region of size 8298496
01-16 13:57:15.758 2170 2555 D EGL_emulation: eglMakeCurrent: 0xeeb04be0: ver 3 1 (tinfo 0xe3671a80)
01-16 13:57:15.779 2064 2064 I VvmSimStateTracker: android.intent.action.SIM_STATE_CHANGED
01-16 13:57:15.782 2651 2651 W ndroid.keychai: JNI critical lock held for 20.946ms on Thread[1,tid=2651,Runnable,Thread*=0xeeabc800,peer=0x71d754a0,"main"]
01-16 13:57:15.796 1578 1578 D Zygote : Forked child process 2671
01-16 13:57:15.798 1832 1860 I ActivityManager: Start proc 2671:com.android.quicksearchbox/u0a91 for broadcast {com.android.quicksearchbox/com.android.quicksearchbox.SearchWidgetProvider}
01-16 13:57:15.827 1478 1478 I hwservicemanager: getTransport: Cannot find entry android.hardware.graphics.allocator@3.0::IAllocator/default in either framework or device manifest.
01-16 13:57:15.828 2170 2567 W Gralloc3: allocator 3.x is not supported
01-16 13:57:15.829 2597 2670 I MediaProvider: Begin Intent { act=android.intent.action.MEDIA_MOUNTED dat=file:///storage/emulated/0 flg=0x5000010 cmp=com.android.providers.media/.MediaService (has extras) }
01-16 13:57:15.851 1593 1593 D gralloc_ranchu: gralloc_alloc: Creating ashmem region of size 90112
01-16 13:57:15.859 2671 2671 W .quicksearchbo: Unexpected CPU variant for X86 using defaults: x86
01-16 13:57:15.899 1966 1966 I wpa_supplicant: wlan0: SME: Trying to authenticate with 02:15:b2:00:01:00 (SSID='AndroidWifi' freq=2447 MHz)
01-16 13:57:15.904 1785 1785 I hostapd : wlan1: STA 02:15:b2:00:00:00 IEEE 802.11: authenticated
01-16 13:57:15.904 1785 1785 I hostapd : wlan1: STA 02:15:b2:00:00:00 IEEE 802.11: authenticated
01-16 13:57:15.905 1966 1966 I wpa_supplicant: wlan0: Trying to associate with 02:15:b2:00:01:00 (SSID='AndroidWifi' freq=2447 MHz)
01-16 13:57:15.945 2597 2670 W ModernMediaScanner: Failed to visit /system/media: java.nio.file.NoSuchFileException: /system/media
01-16 13:57:15.947 1785 1785 I hostapd : wlan1: STA 02:15:b2:00:00:00 IEEE 802.11: associated (aid 1)
01-16 13:57:15.947 1785 1785 I hostapd : wlan1: STA 02:15:b2:00:00:00 IEEE 802.11: associated (aid 1)
01-16 13:57:15.947 1785 1785 I hostapd : wlan1: AP-STA-CONNECTED 02:15:b2:00:00:00
01-16 13:57:15.949 1966 1966 I wpa_supplicant: wlan0: Associated with 02:15:b2:00:01:00
01-16 13:57:15.949 1966 1966 I wpa_supplicant: wlan0: CTRL-EVENT-CONNECTED - Connection to 02:15:b2:00:01:00 completed [id=0 id_str=%7B%22configKey%22%3A%22%5C%22AndroidWifi%5C%22NONE%22%2C%22creatorUid%22%3A%221000%22%7D]
01-16 13:57:15.949 1966 1966 I wpa_supplicant: wlan0: CTRL-EVENT-SUBNET-STATUS-UPDATE status=0
01-16 13:57:16.028 2096 2197 D EGL_emulation: eglMakeCurrent: 0xeeb04be0: ver 3 1 (tinfo 0xe35ef1d0)
01-16 13:57:16.033 2170 2686 D : HostConnection::get() New Host Connection established 0xd800d700, tid 2686
01-16 13:57:16.034 2671 2671 D ApplicationLoaders: Returning zygote-cached class loader: /system/framework/android.hidl.base-V1.0-java.jar
01-16 13:57:16.034 2671 2671 D ApplicationLoaders: Returning zygote-cached class loader: /system/framework/android.hidl.manager-V1.0-java.jar
01-16 13:57:16.034 2671 2671 D ApplicationLoaders: Returning zygote-cached class loader: /system/framework/android.hidl.base-V1.0-java.jar
01-16 13:57:16.037 2170 2686 D : HostComposition ext ANDROID_EMU_CHECKSUM_HELPER_v1 ANDROID_EMU_dma_v1 ANDROID_EMU_direct_mem ANDROID_EMU_host_composition_v1 ANDROID_EMU_host_composition_v2 ANDROID_EMU_async_unmap_buffer GL_OES_EGL_image_external_essl3 GL_OES_vertex_array_object GL_KHR_texture_compression_astc_ldr ANDROID_EMU_gles_max_version_3_1
01-16 13:57:16.037 2170 2686 W OpenGLRenderer: Failed to choose config with EGL_SWAP_BEHAVIOR_PRESERVED, retrying without...
01-16 13:57:16.038 2170 2686 D eglCodecCommon: setVertexArrayObject: set vao to 0 (0) 0 0
01-16 13:57:16.038 2170 2686 D EGL_emulation: eglCreateContext: 0xe35e20e0: maj 3 min 1 rcv 4
01-16 13:57:16.048 2651 2651 I ndroid.keychai: The ClassLoaderContext is a special shared library.
01-16 13:57:16.056 2170 2686 D EGL_emulation: eglMakeCurrent: 0xe35e20e0: ver 3 1 (tinfo 0xc3c077f0)
01-16 13:57:16.057 2170 2686 E eglCodecCommon: glUtilsParamSize: unknow param 0x000082da
01-16 13:57:16.057 2170 2686 E eglCodecCommon: glUtilsParamSize: unknow param 0x000082da
01-16 13:57:16.068 2597 2670 W ModernMediaScanner: Failed to visit /oem/media: java.nio.file.NoSuchFileException: /oem/media
01-16 13:57:16.077 2671 2671 I .quicksearchbo: The ClassLoaderContext is a special shared library.
01-16 13:57:16.104 1832 1930 D ConnectivityService: registerNetworkAgent NetworkAgentInfo{ ni{[type: WIFI[], state: CONNECTING/CONNECTING, reason: (unspecified), extra: (none), failover: false, available: true, roaming: false]} network{101} nethandle{437197393933} lp{{LinkAddresses: [ ] DnsAddresses: [ ] Domains: null MTU: 0 Routes: [ ]}} nc{[ Transports: WIFI Capabilities: NOT_METERED&INTERNET&NOT_RESTRICTED&NOT_VPN&NOT_ROAMING&FOREGROUND&NOT_CONGESTED&NOT_SUSPENDED LinkUpBandwidth>=1048576Kbps LinkDnBandwidth>=1048576Kbps Specifier: SSID: "AndroidWifi"]} Score{20} everValidated{false} lastValidated{false} created{false} lingering{false} explicitlySelected{false} acceptUnvalidated{false} everCaptivePortalDetected{false} lastCaptivePortalDetected{false} captivePortalValidationPending{false} partialConnectivity{false} acceptPartialConnectivity{false} clat{mBaseIface: null, mIface: null, mState: IDLE} }
01-16 13:57:16.127 1832 1930 E SupplicantStaIfaceHal: ISupplicantStaIface.setPowerSave failed: {.code = FAILURE_UNKNOWN, .debugMessage = }
01-16 13:57:16.134 1577 1577 I netd : interfaceGetCfg("wlan0") <0.21ms>
01-16 13:57:16.135 1577 1577 I netd : interfaceGetCfg("wlan0") <0.16ms>
01-16 13:57:16.137 2170 2567 D : HostConnection::get() New Host Connection established 0xd800dfc0, tid 2567
01-16 13:57:16.138 2170 2567 D : HostComposition ext ANDROID_EMU_CHECKSUM_HELPER_v1 ANDROID_EMU_dma_v1 ANDROID_EMU_direct_mem ANDROID_EMU_host_composition_v1 ANDROID_EMU_host_composition_v2 ANDROID_EMU_async_unmap_buffer GL_OES_EGL_image_external_essl3 GL_OES_vertex_array_object GL_KHR_texture_compression_astc_ldr ANDROID_EMU_gles_max_version_3_1
01-16 13:57:16.173 1832 1934 D ConnectivityService: NetworkAgentInfo [WIFI () - 101] EVENT_NETWORK_INFO_CHANGED, going from null to CONNECTING
01-16 13:57:16.174 1577 1577 W ServiceManager: Permission failure: android.permission.NETWORK_STACK from uid=1073 pid=2014
01-16 13:57:16.175 1577 1577 I netd : interfaceSetIPv6PrivacyExtensions("wlan0", "true") <1.78ms>
01-16 13:57:16.175 1577 1577 W ServiceManager: Permission failure: android.permission.NETWORK_STACK from uid=1073 pid=2014
01-16 13:57:16.175 1577 1577 I netd : setIPv6AddrGenMode("wlan0", 0) <0.39ms>
01-16 13:57:16.176 1577 1577 W ServiceManager: Permission failure: android.permission.NETWORK_STACK from uid=1073 pid=2014
01-16 13:57:16.176 1577 1577 I netd : interfaceSetEnableIPv6("wlan0", "true") <0.39ms>
01-16 13:57:16.180 1577 1577 W ServiceManager: Permission failure: android.permission.NETWORK_STACK from uid=1073 pid=2014
01-16 13:57:16.180 1577 1577 I netd : setProcSysNet(4, 2, "wlan0", "retrans_time_ms", "750") <0.53ms>
01-16 13:57:16.181 1577 1577 W ServiceManager: Permission failure: android.permission.NETWORK_STACK from uid=1073 pid=2014
01-16 13:57:16.181 1577 1577 I netd : setProcSysNet(4, 2, "wlan0", "ucast_solicit", "5") <0.46ms>
01-16 13:57:16.181 1577 1577 W ServiceManager: Permission failure: android.permission.NETWORK_STACK from uid=1073 pid=2014
01-16 13:57:16.181 1577 1577 I netd : setProcSysNet(6, 2, "wlan0", "retrans_time_ms", "750") <0.38ms>
01-16 13:57:16.182 1577 1577 W ServiceManager: Permission failure: android.permission.NETWORK_STACK from uid=1073 pid=2014
01-16 13:57:16.182 1577 1577 I netd : setProcSysNet(6, 2, "wlan0", "ucast_solicit", "5") <0.33ms>
01-16 13:57:16.186 2671 2671 I .quicksearchbo: The ClassLoaderContext is a special shared library.
01-16 13:57:16.230 2170 2189 I droid.launcher: NativeAlloc concurrent copying GC freed 24682(1673KB) AllocSpace objects, 9(244KB) LOS objects, 49% free, 2056KB/4113KB, paused 35us total 475.406ms
01-16 13:57:16.232 2170 2191 W InputChannel-JNI: Input channel object 'recents_animation_input_consumer (client)' was finalized without being disposed!
01-16 13:57:16.239 2014 2701 D DhcpClient: Receive thread started
01-16 13:57:16.391 1601 1601 I qemu-props: tell the host boot completed
01-16 13:57:16.741 1832 1934 D ConnectivityService: NetworkAgentInfo [WIFI () - 101] EVENT_NETWORK_INFO_CHANGED, going from CONNECTING to CONNECTING
01-16 13:57:16.742 1832 1934 D ConnectivityService: Adding iface wlan0 to network 101
01-16 13:57:16.743 1577 1577 E Netd : no such netId 101
01-16 13:57:16.743 1577 1577 I netd : networkAddInterface(101, "wlan0") -> ServiceSpecificException(64, "Machine is not on the network") <0.02ms>
01-16 13:57:16.743 1832 1934 E ConnectivityService: Exception adding interface: java.lang.IllegalStateException: android.os.ServiceSpecificException: Machine is not on the network (code 64)
01-16 13:57:16.743 1577 1577 E Netd : no such netId 101
01-16 13:57:16.743 1577 1577 I netd : networkAddRoute(101, "wlan0", "fe80::/64", "") -> ServiceSpecificException(64, "Machine is not on the network") <0.01ms>
01-16 13:57:16.746 2014 2284 D DhcpClient: Broadcasting DHCPDISCOVER
01-16 13:57:16.749 2014 2701 D DhcpClient: Received packet: 02:15:b2:00:00:00 OFFER, ip /192.168.232.2, mask /255.255.248.0, DNS servers: /10.0.2.3 , gateways [/192.168.232.1] lease time 1476526080, domain null
01-16 13:57:16.749 2014 2284 D DhcpClient: Got pending lease: android.net.networkstack.DhcpResults@4148511 DHCP server /192.168.232.1 Vendor info null lease 1476526080 seconds Servername
01-16 13:57:16.750 2014 2284 D DhcpClient: Broadcasting DHCPREQUEST ciaddr=0.0.0.0 request=192.168.232.2 serverid=192.168.232.1
01-16 13:57:16.750 2014 2701 D DhcpClient: Received packet: 02:15:b2:00:00:00 ACK: your new IP /192.168.232.2, netmask /255.255.248.0, gateways [/192.168.232.1] DNS servers: /10.0.2.3 , lease time 1476526080
01-16 13:57:16.751 2014 2284 D DhcpClient: Confirmed lease: android.net.networkstack.DhcpResults@f14e477 DHCP server /192.168.232.1 Vendor info null lease 1476526080 seconds Servername
01-16 13:57:16.752 1832 1930 E SupplicantStaIfaceHal: ISupplicantStaIface.setPowerSave failed: {.code = FAILURE_UNKNOWN, .debugMessage = }
01-16 13:57:16.756 1577 1990 W ServiceManager: Permission failure: android.permission.NETWORK_STACK from uid=1073 pid=2014
01-16 13:57:16.756 1577 1990 I netd : interfaceSetCfg() <0.44ms>
01-16 13:57:16.779 2014 2284 D DhcpClient: Scheduling renewal in 738263039s
01-16 13:57:16.779 2014 2284 D DhcpClient: Scheduling rebind in 1291960319s
01-16 13:57:16.779 2014 2284 D DhcpClient: Scheduling expiry in 1476526079s
01-16 13:57:17.319 1593 1593 D gralloc_ranchu: gralloc_alloc: Creating ashmem region of size 90112
01-16 13:57:17.342 1577 1577 I netd : trafficSwapActiveStatsMap() <597.61ms>
01-16 13:57:17.344 1577 1577 I netd : tetherGetStats() <1.03ms>
01-16 13:57:17.400 1967 1967 W View : requestLayout() improperly called by com.android.keyguard.AlphaOptimizedLinearLayout{e778a2d V.E...... ......ID 7,0-53,58 #7f0a03ef app:id/wifi_group} during layout: running second layout pass
01-16 13:57:17.400 1967 1967 W View : requestLayout() improperly called by com.android.keyguard.AlphaOptimizedLinearLayout{cdbb62 V.E...... ......ID 7,0-53,58 #7f0a03ef app:id/wifi_group} during layout: running second layout pass
01-16 13:57:17.400 1967 1967 W View : requestLayout() improperly called by com.android.keyguard.AlphaOptimizedLinearLayout{67cd4f3 V.E...... ......ID 7,0-53,58 #7f0a03ef app:id/wifi_group} during layout: running second layout pass
01-16 13:57:17.428 1577 1577 E Netd : no such netId 101
01-16 13:57:17.428 1577 1577 I netd : networkAddRoute(101, "wlan0", "192.168.232.0/21", "") -> ServiceSpecificException(64, "Machine is not on the network") <0.04ms>
01-16 13:57:17.430 1832 1934 E ConnectivityService: Exception in addRoute for non-gateway: java.lang.IllegalStateException: android.os.ServiceSpecificException: Machine is not on the network (code 64)
01-16 13:57:17.431 1577 1577 E Netd : no such netId 101
01-16 13:57:17.431 1577 1577 I netd : networkAddRoute(101, "wlan0", "0.0.0.0/0", "192.168.232.1") -> ServiceSpecificException(64, "Machine is not on the network") <0.03ms>
01-16 13:57:17.431 1832 1934 E ConnectivityService: Exception in addRoute for gateway: java.lang.IllegalStateException: android.os.ServiceSpecificException: Machine is not on the network (code 64)
01-16 13:57:17.442 1967 2226 D EGL_emulation: eglMakeCurrent: 0xe35dad40: ver 3 1 (tinfo 0xc1dd01a0)
01-16 13:57:17.453 2671 2671 W .quicksearchbo: Verification of void com.android.quicksearchbox.google.GoogleSuggestClient.() took 112.447ms
01-16 13:57:17.500 1593 1593 D gralloc_ranchu: gralloc_alloc: Creating ashmem region of size 90112
01-16 13:57:17.527 1577 1577 I netd : trafficSwapActiveStatsMap() <90.34ms>
01-16 13:57:17.528 1577 1577 I netd : tetherGetStats() <0.78ms>
01-16 13:57:17.530 1593 1593 D gralloc_ranchu: gralloc_alloc: Creating ashmem region of size 90112
01-16 13:57:17.576 1832 1934 D ConnectivityService: Setting DNS servers for network 101 to [/10.0.2.3]
01-16 13:57:17.576 1832 1934 D DnsManager: setDnsConfigurationForNetwork(101, [10.0.2.3], [], 1800, 25, 8, 64, 0, 0, , [])
01-16 13:57:17.576 1577 1577 I netd : DnsResolverService::setResolverConfiguration(101, [10.0.2.3], [], 1800, 25, 8, 64, 0, 0, [], []) -> (-64) (0.08ms)
01-16 13:57:17.576 1577 1577 I netd : setResolverConfiguration() -> ServiceSpecificException(64, "Machine is not on the network") <0.17ms>
01-16 13:57:17.576 1832 1934 E DnsManager: Error setting DNS configuration: android.os.ServiceSpecificException: Machine is not on the network (code 64)
01-16 13:57:17.619 1593 1593 D gralloc_ranchu: gralloc_alloc: Creating ashmem region of size 90112
01-16 13:57:17.635 1577 1577 I netd : trafficSwapActiveStatsMap() <49.35ms>
01-16 13:57:17.636 1577 1577 I netd : tetherGetStats() <0.71ms>
01-16 13:57:17.700 1593 1593 D gralloc_ranchu: gralloc_alloc: Creating ashmem region of size 90112
01-16 13:57:17.711 1832 1858 I ActivityTaskManager: Displayed com.android.launcher3/.Launcher: +2s59ms
01-16 13:57:17.736 1832 1934 D ConnectivityService: NetworkAgentInfo [WIFI () - 101] EVENT_NETWORK_INFO_CHANGED, going from CONNECTING to CONNECTED
01-16 13:57:17.736 1577 1577 D TcpSocketMonitor: resuming tcpinfo polling (interval=30000ms)
01-16 13:57:17.737 1577 1577 I netd : networkCreatePhysical(101, 0) <0.03ms>
01-16 13:57:17.737 1577 1577 I netd : createNetworkCache(101) <0.03ms>
01-16 13:57:17.737 1832 1934 W DnsManager: updatePrivateDns(101, PrivateDnsConfig{true:/[]})
01-16 13:57:17.737 1832 1934 D ConnectivityService: Setting DNS servers for network 101 to [/10.0.2.3]
01-16 13:57:17.737 1832 1934 D DnsManager: setDnsConfigurationForNetwork(101, [10.0.2.3], [], 1800, 25, 8, 64, 0, 0, , [10.0.2.3])
01-16 13:57:17.738 1577 1577 I netd : DnsResolverService::setResolverConfiguration(101, [10.0.2.3], [], 1800, 25, 8, 64, 0, 0, [10.0.2.3], []) -> (0) (0.2ms)
01-16 13:57:17.738 1577 1577 I netd : setResolverConfiguration() <0.32ms>
01-16 13:57:17.749 1832 1934 D ConnectivityService: Adding iface wlan0 to network 101
01-16 13:57:17.754 1577 1577 I netd : networkAddInterface(101, "wlan0") <4.54ms>
01-16 13:57:17.757 1577 1577 I netd : networkAddRoute(101, "wlan0", "fe80::/64", "") <0.16ms>
01-16 13:57:17.765 1577 1577 I netd : networkAddRoute(101, "wlan0", "192.168.232.0/21", "") <5.41ms>
01-16 13:57:17.770 1577 1577 I netd : networkAddRoute(101, "wlan0", "0.0.0.0/0", "192.168.232.1") <0.21ms>
01-16 13:57:17.770 1832 1934 D ConnectivityService: Setting DNS servers for network 101 to [/10.0.2.3]
01-16 13:57:17.770 1832 1934 D DnsManager: setDnsConfigurationForNetwork(101, [10.0.2.3], [], 1800, 25, 8, 64, 0, 0, , [10.0.2.3])
01-16 13:57:17.771 1577 1577 I netd : DnsResolverService::setResolverConfiguration(101, [10.0.2.3], [], 1800, 25, 8, 64, 0, 0, [10.0.2.3], []) -> (0) (0.2ms)
01-16 13:57:17.771 1577 1577 I netd : setResolverConfiguration() <0.26ms>
01-16 13:57:17.780 2359 2359 I Dialer : DialerExecutorModule.newThread - creating low priority thread
01-16 13:57:17.780 2170 2170 E libprocessgroup: set_timerslack_ns write failed: Operation not permitted
01-16 13:57:17.801 2359 2714 I Dialer : VisualVoicemailUpdateTask.updateNotification - enter
01-16 13:57:17.801 1577 2713 W DnsTlsSocket: SSL_connect error 5, errno=111
01-16 13:57:17.815 1577 1577 I netd : trafficSwapActiveStatsMap() <40.48ms>
01-16 13:57:17.840 2359 2714 I Dialer : VisualVoicemailUpdateTask.updateNotification - no voicemails to notify about
01-16 13:57:17.840 2359 2714 I Dialer : VisualVoicemailNotifier.cancelAllVoicemailNotifications - enter
01-16 13:57:17.848 1832 2712 I RecoverySystem: No recovery log file
01-16 13:57:17.861 1577 1577 I netd : tetherGetStats() <13.58ms>
01-16 13:57:17.871 1832 1930 D WifiNetworkAgent: NetworkAgent: Received signal strength thresholds: []
01-16 13:57:17.873 1577 1577 I netd : networkAddRoute(101, "wlan0", "fec0::/64", "") <0.16ms>
01-16 13:57:17.874 1832 1930 E WifiVendorHal: stopRssiMonitoring(l.2042) failed {.code = ERROR_NOT_AVAILABLE, .description = }
01-16 13:57:17.890 1577 1577 I netd : bandwidthRemoveInterfaceQuota("radio0") <15.89ms>
01-16 13:57:17.890 1577 1990 E Netd : Error adding route ::/0 -> fe80::15:b2ff:fe00:100 wlan0 to table 1003: File exists
01-16 13:57:17.890 1577 1990 I netd : networkAddRoute(101, "wlan0", "::/0", "fe80::15:b2ff:fe00:100") <0.15ms>
01-16 13:57:17.902 1832 2712 I DropBoxManagerService: add tag=SYSTEM_BOOT isTagEnabled=true flags=0x2
01-16 13:57:17.904 1832 2712 I BootReceiver: Copying audit failures to DropBox
01-16 13:57:17.905 1832 2712 I BootReceiver: Checking for fsck errors
01-16 13:57:17.906 1577 1577 I netd : bandwidthSetInterfaceQuota("radio0", 9223372036854775807) <15.61ms>
01-16 13:57:17.908 1832 2712 I BootReceiver: fs_stat, partition:vdc stat:0xb
01-16 13:57:17.909 1832 2712 I BootReceiver: Copying /dev/fscklogs/log to DropBox (SYSTEM_FSCK)
01-16 13:57:17.909 1832 2712 I DropBoxManagerService: add tag=SYSTEM_FSCK isTagEnabled=true flags=0x2
01-16 13:57:17.913 2170 2555 D eglCodecCommon: setVertexArrayObject: set vao to 0 (0) 0 0
01-16 13:57:17.924 2359 2714 I Dialer : VoicemailNotificationJobService.scheduleJob - job canceled
01-16 13:57:17.924 2359 2359 I Dialer : VisualVoicemailUpdateTask.scheduleTask - update successful
01-16 13:57:17.926 1551 1560 V apexd : Found bundled key in package /system/apex/com.android.apex.cts.shim.apex
01-16 13:57:17.927 1551 1560 V apexd : Found bundled key in package /system/apex/com.android.apex.cts.shim.apex
01-16 13:57:17.927 1551 1560 E apexd : Can't open /product/apex for reading : No such file or directory
01-16 13:57:17.991 1578 1578 D Zygote : Forked child process 2722
01-16 13:57:17.993 1832 1860 I ActivityManager: Start proc 2722:com.android.localtransport/1000 for service {com.android.localtransport/com.android.localtransport.LocalTransportService}
01-16 13:57:18.035 1577 1577 I netd : trafficSwapActiveStatsMap() <90.17ms>
01-16 13:57:18.038 1577 1577 I netd : tetherGetStats() <0.68ms>
01-16 13:57:18.048 1577 1577 I netd : bandwidthSetGlobalAlert(2097152) <0.17ms>
01-16 13:57:18.081 2014 2721 D NetworkMonitor/101: PROBE_DNS connectivitycheck.gstatic.com 100ms OK 64.233.163.94,2a00:1450:4010:c06::5e
01-16 13:57:18.084 1832 1851 I DropBoxManagerService: add tag=system_app_strictmode isTagEnabled=true flags=0x2
01-16 13:57:18.098 2722 2722 W .localtranspor: Unexpected CPU variant for X86 using defaults: x86
01-16 13:57:18.113 2014 2720 D NetworkMonitor/101: PROBE_DNS www.google.com 129ms OK 173.194.73.106,173.194.73.104,173.194.73.147,173.194.73.99,173.194.73.105,173.194.73.103,2a00:1450:4010:c0d::68,2a00:1450:4010:c0d::93,2a00:1450:4010:c0d::69,2a00:1450:4010:c0d::6a
01-16 13:57:18.156 1832 1832 W Looper : Slow dispatch took 231ms main h=android.app.ActivityThread$H c=android.app.-$$Lambda$LoadedApk$ReceiverDispatcher$Args$_BumDX2UKsnxLVrE6UJsJZkotuA@372b928 m=0
01-16 13:57:18.156 1832 1832 W Looper : Slow delivery took 212ms main h=com.android.server.job.JobSchedulerService$JobHandler c=null m=4
01-16 13:57:18.157 1832 1832 I Telecom : DefaultDialerCache: Refreshing default dialer for user 0: now com.android.dialer: CM.CCCR->CM.UECNT@ADM
01-16 13:57:18.158 1577 1577 I netd : bandwidthAddNiceApp(10044) <0.03ms>
01-16 13:57:18.158 1832 1832 I Telecom : MissedCallNotifierImpl: reloadAfterBootComplete: user=0: CM.CCCR->CM.UECNT@ADM
01-16 13:57:18.185 1832 1851 I DropBoxManagerService: add tag=system_app_strictmode isTagEnabled=true flags=0x2
01-16 13:57:18.191 2014 2721 D NetworkMonitor/101: PROBE_HTTP http://connectivitycheck.gstatic.com/generate_204 time=108ms ret=204 request={Connection=[close], User-Agent=[Mozilla/5.0 (X11; Linux x86_64) AppleWebKit/537.36 (KHTML, like Gecko) Chrome/60.0.3112.32 Safari/537.36]} headers={null=[HTTP/1.1 204 No Content], Connection=[close], Content-Length=[0], Date=[Sat, 16 Jan 2021 11:57:18 GMT], X-Android-Received-Millis=[1610798238190], X-Android-Response-Source=[NETWORK 204], X-Android-Selected-Protocol=[http/1.1], X-Android-Sent-Millis=[1610798238147]}
01-16 13:57:18.227 1832 1832 W Looper : Drained
01-16 13:57:18.239 2014 2720 D NetworkMonitor/101: PROBE_HTTPS https://www.google.com/generate_204 time=125ms ret=204 request={Connection=[close], User-Agent=[Mozilla/5.0 (X11; Linux x86_64) AppleWebKit/537.36 (KHTML, like Gecko) Chrome/60.0.3112.32 Safari/537.36]} headers={null=[HTTP/1.1 204 No Content], Alt-Svc=[h3-29=":443"; ma=2592000,h3-T051=":443"; ma=2592000,h3-Q050=":443"; ma=2592000,h3-Q046=":443"; ma=2592000,h3-Q043=":443"; ma=2592000,quic=":443"; ma=2592000; v="46,43"], Connection=[close], Content-Length=[0], Date=[Sat, 16 Jan 2021 11:57:18 GMT], X-Android-Received-Millis=[1610798238238], X-Android-Response-Source=[NETWORK 204], X-Android-Selected-Protocol=[http/1.1], X-Android-Sent-Millis=[1610798238210]}
01-16 13:57:18.250 2064 2064 D CarrierConfigLoader: mHandler: 13 phoneId: 0
01-16 13:57:18.251 2064 2064 D CarrierConfigLoader: mHandler: 7 phoneId: 0
01-16 13:57:18.259 2064 2064 D CarrierConfigLoader: Loaded config from XML. package=com.android.carrierconfig phoneId=0
01-16 13:57:18.271 2014 2718 D NetworkMonitor/101: isCaptivePortal: isSuccessful()=true isPortal()=false RedirectUrl=null isPartialConnectivity()=false Time=379ms
01-16 13:57:18.273 1832 1934 D ConnectivityService: NetworkAgentInfo [WIFI () - 101] validation passed
01-16 13:57:18.275 1577 1577 I netd : idletimerAddInterface("wlan0", 15, "1") <1.19ms>
01-16 13:57:18.279 1577 1577 I netd : idletimerRemoveInterface("radio0", 10, "0") <1.68ms>
01-16 13:57:18.280 1832 1934 D ConnectivityService: Switching to new default network: NetworkAgentInfo{ ni{[type: WIFI[], state: CONNECTED/CONNECTED, reason: (unspecified), extra: (none), failover: false, available: true, roaming: false]} network{101} nethandle{437197393933} lp{{InterfaceName: wlan0 LinkAddresses: [ fe80::15:b2ff:fe00:0/64,192.168.232.2/21,fec0::15:b2ff:fe00:0/64,fec0::b456:f1fd:c54c:c077/64 ] DnsAddresses: [ /10.0.2.3 ] Domains: null MTU: 0 TcpBufferSizes: 524288,1048576,2097152,262144,524288,1048576 Routes: [ fe80::/64 -> :: wlan0,::/0 -> fe80::15:b2ff:fe00:100 wlan0,fec0::/64 -> :: wlan0,192.168.232.0/21 -> 0.0.0.0 wlan0,0.0.0.0/0 -> 192.168.232.1 wlan0 ]}} nc{[ Transports: WIFI Capabilities: NOT_METERED&INTERNET&NOT_RESTRICTED&TRUSTED&NOT_VPN&VALIDATED&NOT_ROAMING&FOREGROUND&NOT_CONGESTED&NOT_SUSPENDED LinkUpBandwidth>=1048576Kbps LinkDnBandwidth>=1048576Kbps Specifier: SignalStrength: -30 SSID: "AndroidWifi"]} Score{60} everValidated{true} lastValidated{true} created{true} lingering{false} explicitlySelected{false} acceptUnvalidated{false} everCaptivePortalDetected{false} lastCaptivePortalDetected{false} captivePortalValidationPending{false} partialConnectivity{false} acceptPartialConnectivity{false} clat{mBaseIface: null, mIface: null, mState: IDLE} }
01-16 13:57:18.280 1577 1577 I netd : networkSetDefault(101) <0.21ms>
01-16 13:57:18.287 2722 2722 I .localtranspor: The ClassLoaderContext is a special shared library.
01-16 13:57:18.299 2170 2170 E libprocessgroup: set_timerslack_ns write failed: Operation not permitted
01-16 13:57:18.345 1577 1577 I netd : trafficSwapActiveStatsMap() <53.03ms>
01-16 13:57:18.362 2064 2064 D CarrierConfigLoader: mHandler: 5 phoneId: 0
01-16 13:57:18.381 1577 1577 I netd : tetherGetStats() <34.99ms>
01-16 13:57:18.397 1832 2054 D NetworkTimeUpdateService: New default network 101; checking time.
01-16 13:57:18.400 1832 1934 D ConnectivityService: Lingering NetworkAgentInfo [MOBILE (LTE) - 100] for 30000ms
01-16 13:57:18.401 1832 1934 D ConnectivityService: Sending DISCONNECTED broadcast for type 0 NetworkAgentInfo [MOBILE (LTE) - 100] isDefaultNetwork=true
01-16 13:57:18.402 1832 1849 I GnssNetworkConnectivityHandler: updateNetworkState, state=CLOSED, connected=true, network=101, capabilities=[ Transports: WIFI Capabilities: NOT_METERED&INTERNET&NOT_RESTRICTED&TRUSTED&NOT_VPN&VALIDATED&NOT_ROAMING&FOREGROUND&NOT_CONGESTED&NOT_SUSPENDED LinkUpBandwidth>=1048576Kbps LinkDnBandwidth>=1048576Kbps SignalStrength: -30 SSID: "AndroidWifi"], apn: null, availableNetworkCount: 2
01-16 13:57:18.430 1832 1934 D ConnectivityService: Sending CONNECTED broadcast for type 1 NetworkAgentInfo [WIFI () - 101] isDefaultNetwork=true
01-16 13:57:18.440 1832 1934 D ConnectivityService: Setting DNS servers for network 101 to [/10.0.2.3]
01-16 13:57:18.440 1832 1934 D DnsManager: setDnsConfigurationForNetwork(101, [10.0.2.3], [], 1800, 25, 8, 64, 0, 0, , [10.0.2.3])
01-16 13:57:18.441 1577 1577 I netd : DnsResolverService::setResolverConfiguration(101, [10.0.2.3], [], 1800, 25, 8, 64, 0, 0, [10.0.2.3], []) -> (0) (0.3ms)
01-16 13:57:18.453 1577 1577 I netd : setResolverConfiguration() <0.36ms>
01-16 13:57:18.465 1577 2749 W DnsTlsSocket: SSL_connect error 5, errno=111
01-16 13:57:18.524 2064 2064 D CarrierConfigLoader: mHandler: 16 phoneId: 0
01-16 13:57:18.531 2064 2064 D CarrierConfigLoader: Broadcast CARRIER_CONFIG_CHANGED for phone 0
01-16 13:57:18.533 1578 1578 D Zygote : Forked child process 2750
01-16 13:57:18.534 1832 1860 W ActivityManager: Slow operation: 174ms so far, now at startProcess: returned from zygote!
01-16 13:57:18.620 1832 2094 W system_server: Long monitor contention with owner Binder:1832_5 (2084) at void com.android.server.am.ActivityManagerService.appendDropBoxProcessHeaders(com.android.server.am.ProcessRecord, java.lang.String, java.lang.StringBuilder)(ActivityManagerService.java:9466) waiters=0 in java.lang.String com.android.server.am.ActivityManagerService.checkContentProviderAccess(java.lang.String, int) for 107ms
01-16 13:57:18.626 2064 2064 D CarrierKeyDownloadManager: Carrier Config changed: android.telephony.action.CARRIER_CONFIG_CHANGED
01-16 13:57:18.640 1832 1860 W ActivityManager: Slow operation: 280ms so far, now at startProcess: done updating battery stats
01-16 13:57:18.640 1832 1860 W ActivityManager: Slow operation: 280ms so far, now at startProcess: building log message
01-16 13:57:18.640 1832 1860 I ActivityManager: Start proc 2750:com.android.calendar/u0a102 for broadcast {com.android.calendar/com.android.calendar.alerts.AlertReceiver}
01-16 13:57:18.640 1832 1860 W ActivityManager: Slow operation: 280ms so far, now at startProcess: starting to update pids map
01-16 13:57:18.641 2319 2319 D CellBroadcastReceiver: onReceive Intent { act=android.telephony.action.CARRIER_CONFIG_CHANGED flg=0x15000010 cmp=com.android.cellbroadcastreceiver/.CellBroadcastReceiver (has extras) }
01-16 13:57:18.641 2319 2319 D CellBroadcastReceiver: initializeSharedPreference
01-16 13:57:18.642 1832 1860 W ActivityManager: Slow operation: 282ms so far, now at startProcess: done updating pids map
01-16 13:57:18.672 2064 2354 I CarrierInfoManager: using values for mnc, mcc: 260,310
01-16 13:57:18.673 1832 1851 I DropBoxManagerService: add tag=system_app_strictmode isTagEnabled=true flags=0x2
01-16 13:57:18.674 2064 2354 D CarrierInfoManager: No rows found for keyType: 2
01-16 13:57:18.685 1577 1577 I netd : trafficSwapActiveStatsMap() <40.07ms>
01-16 13:57:18.686 1577 1577 I netd : tetherGetStats() <0.57ms>
01-16 13:57:18.689 1832 1849 E GnssLocationProvider: android_location_GnssLocationProvider_set_agps_server: AGPS interface not supported
01-16 13:57:18.689 2319 2319 D CellBroadcastReceiver: Default interval 0 did not change.
01-16 13:57:18.689 2319 2319 D CellBroadcastReceiver: Start Cell Broadcast configuration.
01-16 13:57:18.706 2750 2750 W ndroid.calenda: Unexpected CPU variant for X86 using defaults: x86
01-16 13:57:18.687 1832 1851 I chatty : uid=1000(system) android.io identical 1 line
01-16 13:57:18.693 1832 1851 I DropBoxManagerService: add tag=system_app_strictmode isTagEnabled=true flags=0x2
01-16 13:57:18.723 1832 1832 I Telecom : PhoneAccountRegistrar: getSimCallManager: SimCallManager for subId 1 queried, returning: null: CM.CCCR->CM.UECNT@ADM
01-16 13:57:18.734 1832 1851 I DropBoxManagerService: add tag=system_app_strictmode isTagEnabled=true flags=0x2
01-16 13:57:18.833 2319 2761 D CellBroadcastConfigService: Enable CellBroadcast on sub 1
01-16 13:57:18.860 2064 2064 D CarrierKeyDownloadManager: Carrier not enabled or invalid values
01-16 13:57:18.860 2064 2064 D CarrierKeyDownloadManager: Cleaning up existing renewal alarms
01-16 13:57:18.796 1832 1851 I chatty : uid=1000(system) android.io identical 2 lines
01-16 13:57:18.829 1832 1851 I DropBoxManagerService: add tag=system_app_strictmode isTagEnabled=true flags=0x2
01-16 13:57:18.874 1832 1832 W Looper : Slow dispatch took 151ms main h=android.app.ActivityThread$H c=android.app.-$$Lambda$LoadedApk$ReceiverDispatcher$Args$_BumDX2UKsnxLVrE6UJsJZkotuA@2577b37 m=0
01-16 13:57:18.874 1832 1832 W Looper : Slow delivery took 232ms main h=com.android.server.job.JobSchedulerService$JobHandler c=null m=4
01-16 13:57:18.877 1832 1832 I TransportClient: LocalTransportService#0: Notifying [TransportManager.registerTransport()] transport = IBackupTransport
01-16 13:57:18.878 1832 1832 W Looper : Drained
01-16 13:57:18.883 2064 2082 D IccSmsInterfaceManager: [IccSmsInterfaceManager] Calling setGsmBroadcastConfig with 1 configurations
01-16 13:57:18.890 2064 2064 I TelecomFramework: : Carrier-config changed, checking for phone account updates.
01-16 13:57:18.899 1832 2510 W Binder : Outgoing transactions from this process must be FLAG_ONEWAY
01-16 13:57:18.899 1832 2510 W Binder : java.lang.Throwable
01-16 13:57:18.899 1832 2510 W Binder : at android.os.BinderProxy.transact(BinderProxy.java:480)
01-16 13:57:18.899 1832 2510 W Binder : at com.android.internal.backup.IBackupTransport$Stub$Proxy.name(IBackupTransport.java:869)
01-16 13:57:18.899 1832 2510 W Binder : at com.android.server.backup.TransportManager.registerTransport(TransportManager.java:653)
01-16 13:57:18.899 1832 2510 W Binder : at com.android.server.backup.TransportManager.registerTransportsForIntent(TransportManager.java:588)
01-16 13:57:18.899 1832 2510 W Binder : at com.android.server.backup.TransportManager.registerTransports(TransportManager.java:558)
01-16 13:57:18.899 1832 2510 W Binder : at com.android.server.backup.-$$Lambda$pM_c5tVAGDtxjxLF_ONtACWWq6Q.run(Unknown Source:2)
01-16 13:57:18.899 1832 2510 W Binder : at android.os.Handler.handleCallback(Handler.java:883)
01-16 13:57:18.899 1832 2510 W Binder : at android.os.Handler.dispatchMessage(Handler.java:100)
01-16 13:57:18.899 1832 2510 W Binder : at android.os.Looper.loop(Looper.java:214)
01-16 13:57:18.899 1832 2510 W Binder : at android.os.HandlerThread.run(HandlerThread.java:67)
01-16 13:57:18.904 1577 1577 I netd : bandwidthRemoveInterfaceQuota("radio0") <1.21ms>
01-16 13:57:18.905 1577 1577 I netd : bandwidthSetInterfaceQuota("radio0", 9223372036854775807) <1.18ms>
01-16 13:57:18.907 1577 1577 I netd : bandwidthSetGlobalAlert(2097152) <0.17ms>
01-16 13:57:18.928 1832 2510 D BackupTransportManager: Transport com.android.localtransport/.LocalTransportService registered
01-16 13:57:18.928 1832 2510 D BackupManagerService: Transport com.android.localtransport/.LocalTransport registered 4061ms after first request (delay = 3000ms)
01-16 13:57:18.997 2170 2567 W droid.launcher: Core platform API violation: Ljava/nio/Buffer;->address:J from Landroid/graphics/Bitmap; using JNI
01-16 13:57:18.997 2170 2567 W droid.launcher: Core platform API violation: Ljava/nio/NIOAccess;->getBaseArrayOffset(Ljava/nio/Buffer;)I from Landroid/graphics/Bitmap; using JNI
01-16 13:57:18.998 2170 2567 W droid.launcher: Core platform API violation: Ljava/nio/NIOAccess;->getBaseArray(Ljava/nio/Buffer;)Ljava/lang/Object; from Landroid/graphics/Bitmap; using JNI
01-16 13:57:19.009 2064 2064 I TelecomFramework: AccountEntry: reRegisterPstnPhoneAccount: subId: 1 - no change
01-16 13:57:19.009 2064 2064 D OtaspSimStateReceiver: Received intent: android.telephony.action.CARRIER_CONFIG_CHANGED
01-16 13:57:19.012 2064 2064 D OtaspSimStateReceiver: otasp activation not needed: no supported carrier
01-16 13:57:19.015 1577 1577 I netd : bandwidthRemoveInterfaceQuota("radio0") <2.67ms>
01-16 13:57:19.028 1577 1577 I netd : bandwidthSetInterfaceQuota("radio0", 9223372036854775807) <11.69ms>
01-16 13:57:19.035 1577 1577 I netd : bandwidthSetGlobalAlert(2097152) <0.12ms>
01-16 13:57:19.037 2750 2750 D ApplicationLoaders: Returning zygote-cached class loader: /system/framework/android.hidl.base-V1.0-java.jar
01-16 13:57:19.037 2750 2750 D ApplicationLoaders: Returning zygote-cached class loader: /system/framework/android.hidl.manager-V1.0-java.jar
01-16 13:57:19.038 2750 2750 D ApplicationLoaders: Returning zygote-cached class loader: /system/framework/android.hidl.base-V1.0-java.jar
01-16 13:57:19.042 1832 2510 I BackupManagerService: Found stale backup journal, scheduling
01-16 13:57:19.042 1832 2510 V BackupManagerConstants: getKeyValueBackupIntervalMilliseconds(...) returns 14400000
01-16 13:57:19.042 1832 2510 V BackupManagerConstants: getKeyValueBackupFuzzMilliseconds(...) returns 600000
01-16 13:57:19.042 1832 2510 V BackupManagerConstants: getKeyValueBackupRequiredNetworkType(...) returns 1
01-16 13:57:19.042 1832 2510 V BackupManagerConstants: getKeyValueBackupRequireCharging(...) returns true
01-16 13:57:19.042 1832 2510 V KeyValueBackupJob: Scheduling k/v pass in 244 minutes
01-16 13:57:19.053 2397 2412 I d.process.acor: Background young concurrent copying GC freed 6848(392KB) AllocSpace objects, 0(0B) LOS objects, 27% free, 1282KB/1771KB, paused 35us total 202.615ms
01-16 13:57:19.055 1832 2510 I BackupManagerService: Found stale backup journal, scheduling
01-16 13:57:19.056 1832 2510 I chatty : uid=1000(system) backup-0 identical 8 lines
01-16 13:57:19.056 1832 2510 I BackupManagerService: Found stale backup journal, scheduling
01-16 13:57:19.061 1832 1851 I DropBoxManagerService: add tag=system_app_strictmode isTagEnabled=true flags=0x2
01-16 13:57:19.070 1577 1577 I netd : bandwidthRemoveInterfaceQuota("radio0") <1.71ms>
01-16 13:57:19.072 2750 2750 I ndroid.calenda: The ClassLoaderContext is a special shared library.
01-16 13:57:19.076 1577 1577 I netd : bandwidthSetInterfaceQuota("radio0", 9223372036854775807) <5.23ms>
01-16 13:57:19.083 1577 1577 I netd : bandwidthSetGlobalAlert(2097152) <0.11ms>
01-16 13:57:19.116 2064 2082 D IccSmsInterfaceManager: [IccSmsInterfaceManager] Failed to add GSM cell broadcast channels range 4370 to 4370
01-16 13:57:19.120 2064 2082 D IccSmsInterfaceManager: [IccSmsInterfaceManager] Calling setCdmaBroadcastConfig with 1 configurations
01-16 13:57:19.122 2750 2750 D AlertReceiver: onReceive: a=android.intent.action.BOOT_COMPLETED Intent { act=android.intent.action.BOOT_COMPLETED flg=0x89000010 cmp=com.android.calendar/.alerts.AlertReceiver (has extras) }
01-16 13:57:19.067 1832 1851 I chatty : uid=1000(system) android.io identical 1 line
01-16 13:57:19.108 1832 1851 I DropBoxManagerService: add tag=system_app_strictmode isTagEnabled=true flags=0x2
01-16 13:57:19.123 1832 1849 D AutofillManagerService: Close system dialogs
01-16 13:57:19.124 1967 1967 V StatusBar: mStatusBarWindow: com.android.systemui.statusbar.phone.StatusBarWindowView{f1b224a V.E...... ........ 0,0-1080,63} canPanelBeCollapsed(): false
01-16 13:57:19.129 2064 2078 I m.android.phon: Background young concurrent copying GC freed 21787(2316KB) AllocSpace objects, 13(320KB) LOS objects, 49% free, 2407KB/4776KB, paused 42us total 415.140ms
01-16 13:57:19.132 2064 2064 I VvmSimStateTracker: android.telephony.action.CARRIER_CONFIG_CHANGED
01-16 13:57:19.136 2064 2064 I VvmSimStateTracker: Service connected on ComponentInfo{com.android.phone/com.android.services.telephony.TelephonyConnectionService}, ***, UserHandle{0}
01-16 13:57:19.163 2064 2082 D IccSmsInterfaceManager: [IccSmsInterfaceManager] Failed to add cdma broadcast channels range 4096 to 4096
01-16 13:57:19.165 2064 2082 D IccSmsInterfaceManager: [IccSmsInterfaceManager] Calling setGsmBroadcastConfig with 1 configurations
01-16 13:57:19.165 1578 1578 D Zygote : Forked child process 2775
01-16 13:57:19.167 1832 1860 I ActivityManager: Start proc 2775:com.android.contacts/u0a83 for broadcast {com.android.contacts/com.android.contacts.interactions.OnBootOrUpgradeReceiver}
01-16 13:57:19.203 2064 2064 I RemoteVvmTaskManager: Binding to ComponentInfo{com.android.dialer/com.android.voicemail.impl.OmtpService}
01-16 13:57:19.208 2064 2082 D IccSmsInterfaceManager: [IccSmsInterfaceManager] Failed to add GSM cell broadcast channels range 4383 to 4383
01-16 13:57:19.211 2775 2775 W ndroid.contact: Unexpected CPU variant for X86 using defaults: x86
01-16 13:57:19.216 2359 2359 I Dialer : VvmOmtpService - onCellServiceConnected
01-16 13:57:19.224 2359 2359 I Dialer : VoicemailModule.provideVoicemailClient - providing VoicemailClientImpl
01-16 13:57:19.227 2064 2082 D IccSmsInterfaceManager: [IccSmsInterfaceManager] Calling setGsmBroadcastConfig with 1 configurations
01-16 13:57:19.233 2064 2082 D IccSmsInterfaceManager: [IccSmsInterfaceManager] Failed to add GSM cell broadcast channels range 4371 to 4372
01-16 13:57:19.258 2064 2082 D IccSmsInterfaceManager: [IccSmsInterfaceManager] Calling setCdmaBroadcastConfig with 1 configurations
01-16 13:57:19.264 2775 2775 D ApplicationLoaders: Returning zygote-cached class loader: /system/framework/android.hidl.base-V1.0-java.jar
01-16 13:57:19.264 2775 2775 D ApplicationLoaders: Returning zygote-cached class loader: /system/framework/android.hidl.manager-V1.0-java.jar
01-16 13:57:19.264 2775 2775 D ApplicationLoaders: Returning zygote-cached class loader: /system/framework/android.hidl.base-V1.0-java.jar
01-16 13:57:19.270 2064 2082 D IccSmsInterfaceManager: [IccSmsInterfaceManager] Failed to add cdma broadcast channels range 4097 to 4097
01-16 13:57:19.271 2064 2342 D IccSmsInterfaceManager: [IccSmsInterfaceManager] Calling setGsmBroadcastConfig with 1 configurations
01-16 13:57:19.273 2064 2342 D IccSmsInterfaceManager: [IccSmsInterfaceManager] Failed to add GSM cell broadcast channels range 4384 to 4385
01-16 13:57:19.283 2064 2342 D IccSmsInterfaceManager: [IccSmsInterfaceManager] Calling setGsmBroadcastConfig with 1 configurations
01-16 13:57:19.285 2064 2342 D IccSmsInterfaceManager: [IccSmsInterfaceManager] Failed to add GSM cell broadcast channels range 4373 to 4378
01-16 13:57:19.287 2064 2342 D IccSmsInterfaceManager: [IccSmsInterfaceManager] Calling setCdmaBroadcastConfig with 1 configurations
01-16 13:57:19.289 2064 2342 D IccSmsInterfaceManager: [IccSmsInterfaceManager] Failed to add cdma broadcast channels range 4098 to 4098
01-16 13:57:19.290 2064 2342 D IccSmsInterfaceManager: [IccSmsInterfaceManager] Calling setGsmBroadcastConfig with 1 configurations
01-16 13:57:19.293 2064 2342 D IccSmsInterfaceManager: [IccSmsInterfaceManager] Failed to add GSM cell broadcast channels range 4386 to 4391
01-16 13:57:19.304 2064 2082 D IccSmsInterfaceManager: [IccSmsInterfaceManager] Calling setGsmBroadcastConfig with 1 configurations
01-16 13:57:19.305 2064 2082 D IccSmsInterfaceManager: [IccSmsInterfaceManager] Failed to add GSM cell broadcast channels range 4379 to 4379
01-16 13:57:19.309 2064 2082 D IccSmsInterfaceManager: [IccSmsInterfaceManager] Calling setCdmaBroadcastConfig with 1 configurations
01-16 13:57:19.311 2064 2082 D IccSmsInterfaceManager: [IccSmsInterfaceManager] Failed to add cdma broadcast channels range 4099 to 4099
01-16 13:57:19.314 2064 2082 D IccSmsInterfaceManager: [IccSmsInterfaceManager] Calling setGsmBroadcastConfig with 1 configurations
01-16 13:57:19.316 2064 2082 D IccSmsInterfaceManager: [IccSmsInterfaceManager] Failed to add GSM cell broadcast channels range 4392 to 4392
01-16 13:57:19.322 1832 1843 I system_server: Background concurrent copying GC freed 68377(4283KB) AllocSpace objects, 43(1772KB) LOS objects, 42% free, 7183KB/12MB, paused 603us total 1.137s
01-16 13:57:19.330 2775 2775 I ndroid.contact: The ClassLoaderContext is a special shared library.
01-16 13:57:19.333 2064 2082 D IccSmsInterfaceManager: [IccSmsInterfaceManager] Failed to remove GSM cell broadcast channels range 4380 to 4380
01-16 13:57:19.334 2064 2082 D IccSmsInterfaceManager: [IccSmsInterfaceManager] Failed to remove cdma broadcast channels range 4100 to 4100
01-16 13:57:19.336 2064 2082 D IccSmsInterfaceManager: [IccSmsInterfaceManager] Failed to remove GSM cell broadcast channels range 4393 to 4393
01-16 13:57:19.347 1832 1851 I DropBoxManagerService: add tag=system_server_strictmode isTagEnabled=true flags=0x2
01-16 13:57:19.353 2064 2082 D IccSmsInterfaceManager: [IccSmsInterfaceManager] Failed to remove GSM cell broadcast channels range 4381 to 4381
01-16 13:57:19.354 2064 2082 D IccSmsInterfaceManager: [IccSmsInterfaceManager] Failed to remove GSM cell broadcast channels range 4394 to 4394
01-16 13:57:19.360 2064 2082 D IccSmsInterfaceManager: [IccSmsInterfaceManager] Failed to remove GSM cell broadcast channels range 4382 to 4382
01-16 13:57:19.362 2064 2082 D IccSmsInterfaceManager: [IccSmsInterfaceManager] Failed to remove GSM cell broadcast channels range 4395 to 4395
01-16 13:57:19.370 2064 2082 D IccSmsInterfaceManager: [IccSmsInterfaceManager] Calling setGsmBroadcastConfig with 1 configurations
01-16 13:57:19.414 2064 2082 D IccSmsInterfaceManager: [IccSmsInterfaceManager] Failed to add GSM cell broadcast channels range 4352 to 4354
01-16 13:57:19.416 2064 2082 D IccSmsInterfaceManager: [IccSmsInterfaceManager] Calling setGsmBroadcastConfig with 1 configurations
01-16 13:57:19.436 2064 2082 D IccSmsInterfaceManager: [IccSmsInterfaceManager] Failed to add GSM cell broadcast channels range 4356 to 4356
01-16 13:57:19.449 1593 1593 D gralloc_ranchu: gralloc_alloc: Creating ashmem region of size 90112
01-16 13:57:19.459 2064 2342 D IccSmsInterfaceManager: [IccSmsInterfaceManager] Failed to remove GSM cell broadcast channels range 4355 to 4355
01-16 13:57:19.491 1593 1593 D gralloc_ranchu: gralloc_alloc: Creating ashmem region of size 90112
01-16 13:57:19.498 1593 2349 D gralloc_ranchu: gralloc_alloc: Creating ashmem region of size 90112
01-16 13:57:19.504 1593 2349 I chatty : uid=1000(system) HwBinder:1593_3 identical 1 line
01-16 13:57:19.509 1593 2349 D gralloc_ranchu: gralloc_alloc: Creating ashmem region of size 90112
01-16 13:57:19.522 1593 1593 D gralloc_ranchu: gralloc_alloc: Creating ashmem region of size 90112
01-16 13:57:19.531 2170 2170 E libprocessgroup: set_timerslack_ns write failed: Operation not permitted
01-16 13:57:19.532 2443 2443 I AlarmClock: AlarmInitReceiver android.intent.action.BOOT_COMPLETED
01-16 13:57:19.537 2064 2342 D IccSmsInterfaceManager: [IccSmsInterfaceManager] Calling setGsmBroadcastConfig with 1 configurations
01-16 13:57:19.541 2064 2342 D IccSmsInterfaceManager: [IccSmsInterfaceManager] Failed to add GSM cell broadcast channels range 4396 to 4396
