--------- beginning of main
01-16 13:56:17.928 1477 1477 I SELinux : SELinux: Loaded service_contexts from:
01-16 13:56:17.936 1477 1477 I SELinux : /system/etc/selinux/plat_service_contexts
01-16 13:56:18.060 1479 1479 I SELinux : SELinux: Loaded service_contexts from:
01-16 13:56:18.060 1479 1479 I SELinux : /vendor/etc/selinux/vndservice_contexts
01-16 13:56:10.200 1476 1476 W auditd : type=2000 audit(0.0:1): state=initialized audit_enabled=0 res=1
01-16 13:56:16.445 1476 1476 I auditd : type=1403 audit(0.0:2): policy loaded auid=4294967295 ses=4294967295
01-16 13:56:16.445 1476 1476 W auditd : type=1404 audit(0.0:3): enforcing=1 old_enforcing=0 auid=4294967295 ses=4294967295 --------- beginning of system
01-16 13:56:18.541 1481 1481 I vold : Vold 3.0 (the awakening) firing up
01-16 13:56:18.542 1481 1481 D vold : Detected support for: ext4 f2fs vfat
01-16 13:56:18.551 1481 1481 D vold : Found unmanaged dm device named vendor
01-16 13:56:18.551 1481 1481 D vold : Found unmanaged dm device named system
01-16 13:56:18.551 1481 1481 D vold : Found unmanaged dm device named system-verity
01-16 13:56:18.551 1481 1481 W vold : Failed to LOOP_GET_STATUS64 /dev/block/loop5: No such device or address
01-16 13:56:18.551 1481 1481 W vold : Failed to LOOP_GET_STATUS64 /dev/block/loop7: No such device or address
01-16 13:56:18.551 1481 1481 W vold : Failed to LOOP_GET_STATUS64 /dev/block/loop4: No such device or address
01-16 13:56:18.551 1481 1481 W vold : Failed to LOOP_GET_STATUS64 /dev/block/loop1: No such device or address
01-16 13:56:18.551 1481 1481 W vold : Failed to LOOP_GET_STATUS64 /dev/block/loop3: No such device or address
01-16 13:56:18.551 1481 1481 W vold : Failed to LOOP_GET_STATUS64 /dev/block/loop0: No such device or address
01-16 13:56:18.551 1481 1481 W vold : Failed to LOOP_GET_STATUS64 /dev/block/loop2: No such device or address
01-16 13:56:18.551 1481 1481 W vold : Failed to LOOP_GET_STATUS64 /dev/block/loop6: No such device or address
01-16 13:56:18.552 1481 1481 I vold : Skip mounting partition: /product
01-16 13:56:18.552 1481 1481 I vold : Skip mounting partition: /product_services
01-16 13:56:18.557 1481 1481 D vold : VoldNativeService::start() completed OK
01-16 13:56:19.935 1478 1478 I hwservicemanager: hwservicemanager is ready now.
01-16 13:56:19.972 1481 1494 I vold : Found disk at /devices/pci0000:00/0000:00:08.0/virtio5/block/vdf but delaying scan due to secure keyguard
01-16 13:56:20.114 1481 1481 I vold : fscrypt_initialize_global_de
01-16 13:56:20.115 1481 1481 D vold : Key exists, using: /data/unencrypted/key
01-16 13:56:20.265 1478 1478 I hwservicemanager: getTransport: Cannot find entry android.hardware.keymaster@4.0::IKeymasterDevice/default in either framework or device manifest.
01-16 13:56:20.267 1481 1481 I ServiceManagement: getService: Trying again for android.hardware.keymaster@3.0::IKeymasterDevice/default...
01-16 13:56:20.357 1539 1539 I android.hardware.keymaster@3.0-impl: Fetching keymaster device name default
01-16 13:56:20.357 1539 1539 I android.hardware.keymaster@3.0-impl: Could not find any keystore module, using software-only implementation.
01-16 13:56:20.358 1539 1539 I ServiceManagement: Registered android.hardware.keymaster@3.0::IKeymasterDevice/default (start delay of 303ms)
01-16 13:56:20.359 1539 1539 I ServiceManagement: Removing namespace from process name android.hardware.keymaster@3.0-service to keymaster@3.0-service.
01-16 13:56:20.359 1539 1539 I android.hardware.keymaster@3.0-service: Registration complete for android.hardware.keymaster@3.0::IKeymasterDevice/default.
01-16 13:56:20.360 1481 1481 I vold : List of Keymaster HALs found:
01-16 13:56:20.360 1481 1481 I vold : Keymaster HAL #1: SoftwareKeymasterDevice from Google SecurityLevel: SOFTWARE HAL: android.hardware.keymaster@3.0::IKeymasterDevice/default
01-16 13:56:20.360 1481 1481 I vold : Using SoftwareKeymasterDevice from Google for encryption. Security level: SOFTWARE, HAL: android.hardware.keymaster@3.0::IKeymasterDevice/default
01-16 13:56:20.380 1481 1481 D RefBase : RefBase: Explicit destruction, weak count = 0 (in 0xeb01b13c)
01-16 13:56:20.380 1481 1481 W RefBase : CallStack::getCurrentInternal not linked, returning null
01-16 13:56:20.380 1481 1481 W RefBase : CallStack::logStackInternal not linked
01-16 13:56:20.381 1481 1481 D vold : Added key 122745909 (ext4:42b1eb9ad7e97baf) to keyring 498202695 in process 1481
01-16 13:56:20.381 1481 1481 D vold : Added key 156844004 (f2fs:42b1eb9ad7e97baf) to keyring 498202695 in process 1481
01-16 13:56:20.381 1481 1481 D vold : Added key 531630015 (fscrypt:42b1eb9ad7e97baf) to keyring 498202695 in process 1481
01-16 13:56:20.398 1481 1481 I vold : Wrote system DE key reference to:/data/unencrypted/ref
01-16 13:56:20.491 1548 1548 E fsverity_init: Failed to load /product/etc/security/fsverity/*.der
01-16 13:56:20.507 1549 1549 E /system/bin/mini-keyctl: Cannot find keyring id
01-16 13:56:20.533 1550 1550 E fsverity_init: Failed to restrict .fs-verity keyring
01-16 13:56:20.615 1553 1553 W init : type=1400 audit(0.0:4): avc: denied { execute_no_trans } for path="/vendor/bin/toybox_vendor" dev="dm-1" ino=204 scontext=u:r:init:s0 tcontext=u:object_r:vendor_toolbox_exec:s0 tclass=file permissive=0
01-16 13:56:20.619 1553 1553 E logwrapper: executing ls failed: Permission denied
01-16 13:56:20.622 1 1 I ls : executing ls failed: Permission denied
01-16 13:56:20.622 1 1 I ls : ls terminated by exit(255)
01-16 13:56:20.631 1551 1551 I apexd : Marking APEXd as starting
01-16 13:56:20.636 1551 1551 I apexd : Scanning /system/apex for embedded keys
01-16 13:56:20.638 1551 1551 V apexd : Found bundled key in package /system/apex/com.android.apex.cts.shim.apex
01-16 13:56:20.638 1551 1551 I apexd : Scanning /product/apex for embedded keys
01-16 13:56:20.639 1551 1551 I apexd : ... does not exist. Skipping
01-16 13:56:20.639 1551 1551 I apexd : Populating APEX database from mounts...
01-16 13:56:20.640 1551 1551 E apexd : Failed to walk /product/apex : Can't open /product/apex for reading : No such file or directory
01-16 13:56:20.641 1551 1551 I apexd : 0 packages restored.
01-16 13:56:20.642 1551 1551 I apexd : Scanning /data/apex/sessions looking for sessions to be activated.
01-16 13:56:20.646 1551 1551 I apexd : Scanning /data/apex/active looking for APEX packages.
01-16 13:56:20.651 1551 1551 I apexd : Activated 0 packages. Skipped: 0
01-16 13:56:20.651 1551 1551 I apexd : Scanning /system/apex looking for APEX packages.
01-16 13:56:20.651 1551 1551 I apexd : Found /system/apex/com.android.media
01-16 13:56:20.651 1551 1551 V apexd : Creating mount point: /apex/com.android.media@290000000
01-16 13:56:20.652 1551 1551 I apexd : Successfully bind-mounted flattened package /system/apex/com.android.media on /apex/com.android.media@290000000
01-16 13:56:20.652 1551 1551 V apexd : Creating bind-mount for /apex/com.android.media for /apex/com.android.media@290000000
01-16 13:56:20.652 1551 1551 V apexd : Creating mountpoint /apex/com.android.media
01-16 13:56:20.652 1551 1551 V apexd : Bind-mounting /apex/com.android.media@290000000 to /apex/com.android.media
01-16 13:56:20.652 1551 1551 D apexd : Successfully activated /system/apex/com.android.media package_name: com.android.media version: 290000000
01-16 13:56:20.652 1551 1551 I apexd : Found /system/apex/com.android.conscrypt
01-16 13:56:20.652 1551 1551 V apexd : Creating mount point: /apex/com.android.conscrypt@290000000
01-16 13:56:20.652 1551 1551 I apexd : Successfully bind-mounted flattened package /system/apex/com.android.conscrypt on /apex/com.android.conscrypt@290000000
01-16 13:56:20.652 1551 1551 V apexd : Creating bind-mount for /apex/com.android.conscrypt for /apex/com.android.conscrypt@290000000
01-16 13:56:20.652 1551 1551 V apexd : Creating mountpoint /apex/com.android.conscrypt
01-16 13:56:20.652 1551 1551 V apexd : Bind-mounting /apex/com.android.conscrypt@290000000 to /apex/com.android.conscrypt
01-16 13:56:20.652 1551 1551 D apexd : Successfully activated /system/apex/com.android.conscrypt package_name: com.android.conscrypt version: 290000000
01-16 13:56:20.652 1551 1551 I apexd : Found /system/apex/com.android.apex.cts.shim.apex
01-16 13:56:20.652 1551 1551 V apexd : Found bundled key in package /system/apex/com.android.apex.cts.shim.apex
01-16 13:56:20.652 1551 1551 V apexd : Creating mount point: /apex/com.android.apex.cts.shim@1
01-16 13:56:20.653 1481 1494 D vold : Disk at 7:0 changed
01-16 13:56:20.685 1551 1551 W apexd : Failed to LOOP_SET_BLOCK_SIZE: Not a typewriter
01-16 13:56:20.685 1551 1551 V apexd : Loopback device created: /dev/block/loop0
01-16 13:56:20.685 1551 1551 V apexd : AVB footer verification successful.
01-16 13:56:20.686 1481 1494 D vold : Disk at 7:0 changed
01-16 13:56:20.687 1551 1551 V apexd : /system/apex/com.android.apex.cts.shim.apex: public key matches.
01-16 13:56:20.687 1551 1551 D apexd : Waiting for /dev/block/loop0 to be created
01-16 13:56:20.701 1551 1551 I apexd : Successfully mounted package /system/apex/com.android.apex.cts.shim.apex on /apex/com.android.apex.cts.shim@1
01-16 13:56:20.701 1551 1551 D apexd : Validating shim apex /apex/com.android.apex.cts.shim@1
01-16 13:56:20.701 1551 1551 D apexd : Checking if "/apex/com.android.apex.cts.shim@1/lost+found" is an allowed directory
01-16 13:56:20.702 1551 1551 D apexd : Checking if "/apex/com.android.apex.cts.shim@1/etc" is an allowed directory
01-16 13:56:20.702 1551 1551 D apexd : Checking if "/apex/com.android.apex.cts.shim@1/etc/hash.txt" is an allowed file
01-16 13:56:20.702 1551 1551 D apexd : Checking if "/apex/com.android.apex.cts.shim@1/apex_manifest.json" is an allowed directory
01-16 13:56:20.702 1551 1551 V apexd : Creating bind-mount for /apex/com.android.apex.cts.shim for /apex/com.android.apex.cts.shim@1
01-16 13:56:20.702 1551 1551 V apexd : Creating mountpoint /apex/com.android.apex.cts.shim
01-16 13:56:20.702 1551 1551 V apexd : Bind-mounting /apex/com.android.apex.cts.shim@1 to /apex/com.android.apex.cts.shim
01-16 13:56:20.702 1551 1551 D apexd : Successfully activated /system/apex/com.android.apex.cts.shim.apex package_name: com.android.apex.cts.shim version: 1
01-16 13:56:20.702 1551 1551 I apexd : Found /system/apex/com.android.media.swcodec
01-16 13:56:20.702 1551 1551 V apexd : Creating mount point: /apex/com.android.media.swcodec@290000000
01-16 13:56:20.702 1551 1551 I apexd : Successfully bind-mounted flattened package /system/apex/com.android.media.swcodec on /apex/com.android.media.swcodec@290000000
01-16 13:56:20.702 1551 1551 V apexd : Creating bind-mount for /apex/com.android.media.swcodec for /apex/com.android.media.swcodec@290000000
01-16 13:56:20.702 1551 1551 V apexd : Creating mountpoint /apex/com.android.media.swcodec
01-16 13:56:20.702 1551 1551 V apexd : Bind-mounting /apex/com.android.media.swcodec@290000000 to /apex/com.android.media.swcodec
01-16 13:56:20.703 1551 1551 D apexd : Successfully activated /system/apex/com.android.media.swcodec package_name: com.android.media.swcodec version: 290000000
01-16 13:56:20.703 1551 1551 I apexd : Found /system/apex/com.android.tzdata
01-16 13:56:20.703 1551 1551 V apexd : Creating mount point: /apex/com.android.tzdata@290000000
01-16 13:56:20.703 1551 1551 I apexd : Successfully bind-mounted flattened package /system/apex/com.android.tzdata on /apex/com.android.tzdata@290000000
01-16 13:56:20.703 1551 1551 V apexd : Creating bind-mount for /apex/com.android.tzdata for /apex/com.android.tzdata@290000000
01-16 13:56:20.703 1551 1551 V apexd : Bind-mounting /apex/com.android.tzdata@290000000 to /apex/com.android.tzdata
01-16 13:56:20.703 1551 1551 D apexd : Successfully activated /system/apex/com.android.tzdata package_name: com.android.tzdata version: 290000000
01-16 13:56:20.703 1551 1551 I apexd : Found /system/apex/com.android.runtime.debug
01-16 13:56:20.703 1551 1551 V apexd : Creating mount point: /apex/com.android.runtime@1
01-16 13:56:20.703 1551 1551 I apexd : Successfully bind-mounted flattened package /system/apex/com.android.runtime.debug on /apex/com.android.runtime@1
01-16 13:56:20.703 1551 1551 V apexd : Creating bind-mount for /apex/com.android.runtime for /apex/com.android.runtime@1
01-16 13:56:20.703 1551 1551 V apexd : Bind-mounting /apex/com.android.runtime@1 to /apex/com.android.runtime
01-16 13:56:20.703 1551 1551 D apexd : Successfully activated /system/apex/com.android.runtime.debug package_name: com.android.runtime version: 1
01-16 13:56:20.703 1551 1551 I apexd : Found /system/apex/com.android.resolv
01-16 13:56:20.703 1551 1551 V apexd : Creating mount point: /apex/com.android.resolv@290000000
01-16 13:56:20.703 1551 1551 I apexd : Successfully bind-mounted flattened package /system/apex/com.android.resolv on /apex/com.android.resolv@290000000
01-16 13:56:20.703 1551 1551 V apexd : Creating bind-mount for /apex/com.android.resolv for /apex/com.android.resolv@290000000
01-16 13:56:20.703 1551 1551 V apexd : Creating mountpoint /apex/com.android.resolv
01-16 13:56:20.703 1551 1551 V apexd : Bind-mounting /apex/com.android.resolv@290000000 to /apex/com.android.resolv
01-16 13:56:20.703 1551 1551 D apexd : Successfully activated /system/apex/com.android.resolv package_name: com.android.resolv version: 290000000
01-16 13:56:20.703 1551 1551 I apexd : Activated 7 packages. Skipped: 0
01-16 13:56:20.703 1551 1551 I apexd : Scanning /product/apex looking for APEX packages.
01-16 13:56:20.703 1551 1551 E apexd : Failed to activate packages from /product/apex : Failed to scan /product/apex : Can't open /product/apex for reading : No such file or directory
01-16 13:56:20.704 1551 1551 I apexd : Marking APEXd as ready
01-16 13:56:20.726 1481 1481 D vold : fscrypt_init_user0
01-16 13:56:20.726 1481 1481 D vold : Preparing: /data/misc/vold/user_keys
01-16 13:56:20.726 1481 1481 D vold : Preparing: /data/misc/vold/user_keys/ce
01-16 13:56:20.726 1481 1481 D vold : Preparing: /data/misc/vold/user_keys/de
01-16 13:56:20.727 1481 1481 D vold : Skipping non-de-key .
01-16 13:56:20.727 1481 1481 D vold : Skipping non-de-key ..
01-16 13:56:20.729 1478 1478 I hwservicemanager: getTransport: Cannot find entry android.hardware.keymaster@4.0::IKeymasterDevice/default in either framework or device manifest.
01-16 13:56:20.729 1481 1481 I vold : List of Keymaster HALs found:
01-16 13:56:20.729 1481 1481 I vold : Keymaster HAL #1: SoftwareKeymasterDevice from Google SecurityLevel: SOFTWARE HAL: android.hardware.keymaster@3.0::IKeymasterDevice/default
01-16 13:56:20.730 1481 1481 I vold : Using SoftwareKeymasterDevice from Google for encryption. Security level: SOFTWARE, HAL: android.hardware.keymaster@3.0::IKeymasterDevice/default
01-16 13:56:20.730 1481 1481 D RefBase : RefBase: Explicit destruction, weak count = 0 (in 0xeb01b13c)
01-16 13:56:20.730 1481 1481 W RefBase : CallStack::getCurrentInternal not linked, returning null
01-16 13:56:20.730 1481 1481 W RefBase : CallStack::logStackInternal not linked
01-16 13:56:20.730 1481 1481 D vold : Added key 475023761 (ext4:5a7ceae37108c00c) to keyring 498202695 in process 1481
01-16 13:56:20.730 1481 1481 D vold : Added key 1067649339 (f2fs:5a7ceae37108c00c) to keyring 498202695 in process 1481
01-16 13:56:20.730 1481 1481 D vold : Added key 303379018 (fscrypt:5a7ceae37108c00c) to keyring 498202695 in process 1481
01-16 13:56:20.730 1481 1481 D vold : Installed de key for user 0
01-16 13:56:20.730 1481 1481 D vold : fscrypt_prepare_user_storage for volume null, user 0, serial 0, flags 1
01-16 13:56:20.730 1481 1481 D vold : Preparing: /data/system/users/0
01-16 13:56:20.731 1481 1481 D vold : Preparing: /data/misc/profiles/cur/0
01-16 13:56:20.731 1481 1481 D vold : Preparing: /data/system_de/0
01-16 13:56:20.731 1481 1481 D vold : Preparing: /data/misc_de/0
01-16 13:56:20.731 1481 1481 D vold : Preparing: /data/vendor_de/0
01-16 13:56:20.731 1481 1481 D vold : Preparing: /data/user_de/0
01-16 13:56:20.732 1481 1481 I vold : Found policy 5a7ceae37108c00c at /data/system_de/0 which matches expected value
01-16 13:56:20.732 1481 1481 I vold : Found policy 5a7ceae37108c00c at /data/misc_de/0 which matches expected value
01-16 13:56:20.732 1481 1481 I vold : Found policy 5a7ceae37108c00c at /data/vendor_de/0 which matches expected value
01-16 13:56:20.733 1481 1481 I vold : Found policy 5a7ceae37108c00c at /data/user_de/0 which matches expected value
01-16 13:56:20.733 1481 1481 D vold : /system/bin/vold_prepare_subdirs
01-16 13:56:20.733 1481 1481 D vold : prepare
01-16 13:56:20.733 1481 1481 D vold :
01-16 13:56:20.733 1481 1481 D vold : 0
01-16 13:56:20.733 1481 1481 D vold : 1
01-16 13:56:20.750 1561 1561 D vold_prepare_subdirs: Setting up mode 700 uid 0 gid 0 context u:object_r:vold_data_file:s0 on path: /data/misc_de/0/vold
01-16 13:56:20.751 1561 1561 D vold_prepare_subdirs: Setting up mode 700 uid 0 gid 0 context u:object_r:storaged_data_file:s0 on path: /data/misc_de/0/storaged
01-16 13:56:20.751 1561 1561 D vold_prepare_subdirs: Setting up mode 700 uid 0 gid 0 context u:object_r:rollback_data_file:s0 on path: /data/misc_de/0/rollback
01-16 13:56:20.752 1561 1561 D vold_prepare_subdirs: Setting up mode 700 uid 1000 gid 1000 context u:object_r:fingerprint_vendor_data_file:s0 on path: /data/vendor_de/0/fpdata
01-16 13:56:20.752 1561 1561 D vold_prepare_subdirs: Setting up mode 700 uid 1000 gid 1000 context u:object_r:face_vendor_data_file:s0 on path: /data/vendor_de/0/facedata
01-16 13:56:20.762 1563 1563 I /system/bin/tzdatacheck: timezone distro dir /data/misc/zoneinfo/current does not exist. No action required.
01-16 13:56:20.796 1565 1565 I art_apex: === ART pre-boot integrity checks ===
01-16 13:56:20.834 1567 1567 F art_apex: Device is not fsverity-enabled.
01-16 13:56:20.928 1571 1571 W otapreopt_slot: Slot property empty.
01-16 13:56:21.020 1574 1574 I /system/bin/flags_health_check: ServerConfigurableFlagsReset reset_mode value: 0
01-16 13:56:21.021 1574 1574 I /system/bin/flags_health_check: ServerConfigurableFlagsReset attempted boot count is under threshold, skipping reset.
01-16 13:56:21.239 1579 1579 I bootstat: Service started: /system/bin/bootstat --set_system_boot_reason
01-16 13:56:21.239 1579 1579 I bootstat: Canonical boot reason: reboot
01-16 13:56:21.239 1579 1579 I bootstat: Canonical boot reason: reboot
01-16 13:56:21.323 1601 1601 I qemu-props: connected to 'boot-properties' qemud service.
01-16 13:56:21.323 1601 1601 I qemu-props: receiving..
01-16 13:56:21.323 1601 1601 I qemu-props: received: qemu.cmdline=androidboot.logcat=v:* androidboot.consolepipe=qemu_pipe,pipe:logcat
01-16 13:56:21.357 1596 1596 I android.hardware.power@1.1-service.ranchu: Power HAL Service 1.1 for Ranchu is starting.
01-16 13:56:21.359 1596 1596 I ServiceManagement: Registered android.hardware.power@1.1::IPower/default (start delay of 174ms)
01-16 13:56:21.359 1596 1596 I ServiceManagement: Removing namespace from process name android.hardware.power@1.1-service.ranchu to power@1.1-service.ranchu.
01-16 13:56:21.359 1596 1596 I android.hardware.power@1.1-service.ranchu: Power Service is ready
01-16 13:56:21.368 1601 1601 I qemu-props: successfully set property 'qemu.cmdline' to 'androidboot.logcat=v:* androidboot.consolepipe=qemu_pipe,pipe:logcat'
01-16 13:56:21.368 1601 1601 I qemu-props: receiving..
01-16 13:56:21.368 1601 1601 I qemu-props: received: qemu.logcat=start
01-16 13:56:21.370 1601 1601 I qemu-props: successfully set property 'vendor.qemu.logcat' to 'start'
01-16 13:56:21.370 1601 1601 I qemu-props: receiving..
01-16 13:56:21.370 1601 1601 I qemu-props: received: ro.opengles.version=196609
01-16 13:56:21.370 1601 1601 I qemu-props: receiving..
01-16 13:56:21.370 1601 1601 I qemu-props: received: qemu.sf.fake_camera=front
01-16 13:56:21.372 1601 1601 I qemu-props: successfully set property 'vendor.qemu.sf.fake_camera' to 'front'
01-16 13:56:21.372 1601 1601 I qemu-props: receiving..
01-16 13:56:21.372 1601 1601 I qemu-props: received: dalvik.vm.heapsize=512m
01-16 13:56:21.372 1601 1601 I qemu-props: receiving..
01-16 13:56:21.372 1601 1601 I qemu-props: received: qemu.hw.mainkeys=0
01-16 13:56:21.377 1601 1601 I qemu-props: successfully set property 'qemu.hw.mainkeys' to '0'
01-16 13:56:21.377 1601 1601 I qemu-props: receiving..
01-16 13:56:21.377 1601 1601 I qemu-props: received: qemu.sf.lcd_density=420
01-16 13:56:21.378 1601 1601 I qemu-props: successfully set property 'vendor.qemu.sf.lcd_density' to '420'
01-16 13:56:21.378 1601 1601 I qemu-props: receiving..
01-16 13:56:21.378 1601 1601 I qemu-props: received: qemu.timezone=Europe/Kaliningrad
01-16 13:56:21.378 1601 1601 I qemu-props: successfully set property 'vendor.qemu.timezone' to 'Europe/Kaliningrad'
01-16 13:56:21.378 1601 1601 I qemu-props: receiving..
01-16 13:56:21.541 1619 1619 I installd: installd firing up
01-16 13:56:21.571 1580 1580 I ServiceManagement: Registered android.hidl.allocator@1.0::IAllocator/ashmem (start delay of 466ms)
01-16 13:56:21.571 1580 1580 I ServiceManagement: Removing namespace from process name android.hidl.allocator@1.0-service to allocator@1.0-service.
01-16 13:56:21.611 1605 1605 I lowmemorykiller: Using psi monitors for memory pressure detection
01-16 13:56:21.617 1614 1614 D LibBpfLoader: Loading ELF object /system/etc/bpf/netd.o with license Apache 2.0
01-16 13:56:21.618 1614 1614 D LibBpfLoader: Loaded code section 3 (cgroupskb_ingress_stats)
01-16 13:56:21.618 1614 1614 D LibBpfLoader: Loaded relo section 3 (.relcgroupskb/ingress/stats)
01-16 13:56:21.618 1614 1614 D LibBpfLoader: Adding section 3 to cs list
01-16 13:56:21.618 1614 1614 D LibBpfLoader: Loaded code section 5 (cgroupskb_egress_stats)
01-16 13:56:21.618 1614 1614 D LibBpfLoader: Loaded relo section 5 (.relcgroupskb/egress/stats)
01-16 13:56:21.618 1614 1614 D LibBpfLoader: Adding section 5 to cs list
01-16 13:56:21.618 1614 1614 D LibBpfLoader: Loaded code section 7 (skfilter_egress_xtbpf)
01-16 13:56:21.618 1614 1614 D LibBpfLoader: Loaded relo section 7 (.relskfilter/egress/xtbpf)
01-16 13:56:21.618 1614 1614 D LibBpfLoader: Adding section 7 to cs list
01-16 13:56:21.618 1614 1614 D LibBpfLoader: Loaded code section 9 (skfilter_ingress_xtbpf)
01-16 13:56:21.618 1614 1614 D LibBpfLoader: Loaded relo section 9 (.relskfilter/ingress/xtbpf)
01-16 13:56:21.618 1614 1614 D LibBpfLoader: Adding section 9 to cs list
01-16 13:56:21.618 1614 1614 D LibBpfLoader: Loaded code section 11 (skfilter_whitelist_xtbpf)
01-16 13:56:21.618 1614 1614 D LibBpfLoader: Loaded relo section 11 (.relskfilter/whitelist/xtbpf)
01-16 13:56:21.618 1614 1614 D LibBpfLoader: Adding section 11 to cs list
01-16 13:56:21.618 1614 1614 D LibBpfLoader: Loaded code section 13 (skfilter_blacklist_xtbpf)
01-16 13:56:21.618 1614 1614 D LibBpfLoader: Loaded relo section 13 (.relskfilter/blacklist/xtbpf)
01-16 13:56:21.618 1614 1614 D LibBpfLoader: Adding section 13 to cs list
01-16 13:56:21.618 1614 1614 D LibBpfLoader: Loaded code section 15 (cgroupsock_inet_create)
01-16 13:56:21.618 1614 1614 D LibBpfLoader: Loaded relo section 15 (.relcgroupsock/inet/create)
01-16 13:56:21.618 1614 1614 D LibBpfLoader: Adding section 15 to cs list
01-16 13:56:21.622 1614 1614 D LibBpfLoader: bpf_create_map name cookie_tag_map, ret: 6
01-16 13:56:21.623 1614 1614 D LibBpfLoader: bpf_create_map name uid_counterset_map, ret: 7
01-16 13:56:21.651 1614 1614 D LibBpfLoader: bpf_create_map name app_uid_stats_map, ret: 8
01-16 13:56:21.652 1614 1614 D LibBpfLoader: bpf_create_map name stats_map_A, ret: 9
01-16 13:56:21.661 1587 1587 W /vendor/bin/hw/android.hardware.configstore@1.1-service: Could not find seccomp policy file at: /vendor/etc/seccomp_policy/configstore@1.1.policy
01-16 13:56:21.666 1614 1614 D LibBpfLoader: bpf_create_map name stats_map_B, ret: 10
01-16 13:56:21.667 1614 1614 D LibBpfLoader: bpf_create_map name iface_stats_map, ret: 11
01-16 13:56:21.667 1614 1614 D LibBpfLoader: bpf_create_map name configuration_map, ret: 12
01-16 13:56:21.667 1581 1581 I ServiceManagement: Registered android.system.suspend@1.0::ISystemSuspend/default (start delay of 561ms)
01-16 13:56:21.667 1581 1581 I ServiceManagement: Removing namespace from process name android.system.suspend@1.0-service to suspend@1.0-service.
01-16 13:56:21.667 1614 1614 D LibBpfLoader: bpf_create_map name uid_owner_map, ret: 13
01-16 13:56:21.667 1614 1614 D LibBpfLoader: bpf_create_map name iface_index_name_map, ret: 14
01-16 13:56:21.667 1614 1614 D LibBpfLoader: bpf_create_map name uid_permission_map, ret: 15
01-16 13:56:21.667 1614 1614 D LibBpfLoader: map_fd found at 0 is 6 in /system/etc/bpf/netd.o
01-16 13:56:21.667 1614 1614 D LibBpfLoader: map_fd found at 1 is 7 in /system/etc/bpf/netd.o
01-16 13:56:21.667 1614 1614 D LibBpfLoader: map_fd found at 2 is 8 in /system/etc/bpf/netd.o
01-16 13:56:21.667 1614 1614 D LibBpfLoader: map_fd found at 3 is 9 in /system/etc/bpf/netd.o
01-16 13:56:21.667 1614 1614 D LibBpfLoader: map_fd found at 4 is 10 in /system/etc/bpf/netd.o
01-16 13:56:21.667 1614 1614 D LibBpfLoader: map_fd found at 5 is 11 in /system/etc/bpf/netd.o
01-16 13:56:21.667 1614 1614 D LibBpfLoader: map_fd found at 6 is 12 in /system/etc/bpf/netd.o
01-16 13:56:21.667 1614 1614 D LibBpfLoader: map_fd found at 7 is 13 in /system/etc/bpf/netd.o
01-16 13:56:21.667 1614 1614 D LibBpfLoader: map_fd found at 8 is 14 in /system/etc/bpf/netd.o
01-16 13:56:21.667 1614 1614 D LibBpfLoader: map_fd found at 9 is 15 in /system/etc/bpf/netd.o
01-16 13:56:21.670 1614 1614 D LibBpfLoader: applying relo to instruction at byte offset: 616, insn offset 77 , insn 118
01-16 13:56:21.671 1614 1614 D LibBpfLoader: applying relo to instruction at byte offset: 688, insn offset 86 , insn 118
01-16 13:56:21.671 1614 1614 D LibBpfLoader: applying relo to instruction at byte offset: 1040, insn offset 130 , insn 118
01-16 13:56:21.671 1614 1614 D LibBpfLoader: applying relo to instruction at byte offset: 1184, insn offset 148 , insn 118
01-16 13:56:21.671 1614 1614 D LibBpfLoader: applying relo to instruction at byte offset: 1264, insn offset 158 , insn 118
01-16 13:56:21.671 1614 1614 D LibBpfLoader: applying relo to instruction at byte offset: 1368, insn offset 171 , insn 118
01-16 13:56:21.671 1614 1614 D LibBpfLoader: applying relo to instruction at byte offset: 1472, insn offset 184 , insn 118
01-16 13:56:21.671 1614 1614 D LibBpfLoader: applying relo to instruction at byte offset: 1512, insn offset 189 , insn 118
01-16 13:56:21.671 1614 1614 D LibBpfLoader: applying relo to instruction at byte offset: 1576, insn offset 197 , insn 118
01-16 13:56:21.671 1614 1614 D LibBpfLoader: applying relo to instruction at byte offset: 1680, insn offset 210 , insn 118
01-16 13:56:21.671 1614 1614 D LibBpfLoader: applying relo to instruction at byte offset: 1720, insn offset 215 , insn 118
01-16 13:56:21.671 1614 1614 D LibBpfLoader: applying relo to instruction at byte offset: 1848, insn offset 231 , insn 118
01-16 13:56:21.671 1614 1614 D LibBpfLoader: applying relo to instruction at byte offset: 1952, insn offset 244 , insn 118
01-16 13:56:21.671 1614 1614 D LibBpfLoader: applying relo to instruction at byte offset: 1992, insn offset 249 , insn 118
01-16 13:56:21.671 1614 1614 D LibBpfLoader: applying relo to instruction at byte offset: 2056, insn offset 257 , insn 118
01-16 13:56:21.671 1614 1614 D LibBpfLoader: applying relo to instruction at byte offset: 2160, insn offset 270 , insn 118
01-16 13:56:21.671 1614 1614 D LibBpfLoader: applying relo to instruction at byte offset: 2200, insn offset 275 , insn 118
01-16 13:56:21.671 1614 1614 D LibBpfLoader: applying relo to instruction at byte offset: 2288, insn offset 286 , insn 118
01-16 13:56:21.671 1614 1614 D LibBpfLoader: applying relo to instruction at byte offset: 2392, insn offset 299 , insn 118
01-16 13:56:21.671 1614 1614 D LibBpfLoader: applying relo to instruction at byte offset: 2432, insn offset 304 , insn 118
01-16 13:56:21.671 1614 1614 D LibBpfLoader: applying relo to instruction at byte offset: 608, insn offset 76 , insn 118
01-16 13:56:21.671 1614 1614 D LibBpfLoader: applying relo to instruction at byte offset: 680, insn offset 85 , insn 118
01-16 13:56:21.671 1614 1614 D LibBpfLoader: applying relo to instruction at byte offset: 904, insn offset 113 , insn 118
01-16 13:56:21.671 1614 1614 D LibBpfLoader: applying relo to instruction at byte offset: 1048, insn offset 131 , insn 118
01-16 13:56:21.671 1614 1614 D LibBpfLoader: applying relo to instruction at byte offset: 1128, insn offset 141 , insn 118
01-16 13:56:21.671 1614 1614 D LibBpfLoader: applying relo to instruction at byte offset: 1232, insn offset 154 , insn 118
01-16 13:56:21.671 1614 1614 D LibBpfLoader: applying relo to instruction at byte offset: 1336, insn offset 167 , insn 118
01-16 13:56:21.671 1614 1614 D LibBpfLoader: applying relo to instruction at byte offset: 1376, insn offset 172 , insn 118
01-16 13:56:21.671 1614 1614 D LibBpfLoader: applying relo to instruction at byte offset: 1440, insn offset 180 , insn 118
01-16 13:56:21.671 1614 1614 D LibBpfLoader: applying relo to instruction at byte offset: 1544, insn offset 193 , insn 118
01-16 13:56:21.671 1614 1614 D LibBpfLoader: applying relo to instruction at byte offset: 1584, insn offset 198 , insn 118
01-16 13:56:21.671 1614 1614 D LibBpfLoader: applying relo to instruction at byte offset: 1712, insn offset 214 , insn 118
01-16 13:56:21.672 1614 1614 D LibBpfLoader: applying relo to instruction at byte offset: 1816, insn offset 227 , insn 118
01-16 13:56:21.672 1614 1614 D LibBpfLoader: applying relo to instruction at byte offset: 1856, insn offset 232 , insn 118
01-16 13:56:21.672 1614 1614 D LibBpfLoader: applying relo to instruction at byte offset: 1920, insn offset 240 , insn 118
01-16 13:56:21.672 1614 1614 D LibBpfLoader: applying relo to instruction at byte offset: 2024, insn offset 253 , insn 118
01-16 13:56:21.672 1614 1614 D LibBpfLoader: applying relo to instruction at byte offset: 2064, insn offset 258 , insn 118
01-16 13:56:21.672 1614 1614 D LibBpfLoader: applying relo to instruction at byte offset: 2152, insn offset 269 , insn 118
01-16 13:56:21.672 1614 1614 D LibBpfLoader: applying relo to instruction at byte offset: 2256, insn offset 282 , insn 118
01-16 13:56:21.672 1614 1614 D LibBpfLoader: applying relo to instruction at byte offset: 2296, insn offset 287 , insn 118
01-16 13:56:21.672 1614 1614 D LibBpfLoader: applying relo to instruction at byte offset: 40, insn offset 5 , insn 118
01-16 13:56:21.672 1614 1614 D LibBpfLoader: applying relo to instruction at byte offset: 144, insn offset 18 , insn 118
01-16 13:56:21.672 1614 1614 D LibBpfLoader: applying relo to instruction at byte offset: 184, insn offset 23 , insn 118
01-16 13:56:21.672 1614 1614 D LibBpfLoader: applying relo to instruction at byte offset: 40, insn offset 5 , insn 118
01-16 13:56:21.672 1614 1614 D LibBpfLoader: applying relo to instruction at byte offset: 144, insn offset 18 , insn 118
01-16 13:56:21.672 1614 1614 D LibBpfLoader: applying relo to instruction at byte offset: 184, insn offset 23 , insn 118
01-16 13:56:21.672 1614 1614 D LibBpfLoader: applying relo to instruction at byte offset: 80, insn offset 10 , insn 118
01-16 13:56:21.672 1614 1614 D LibBpfLoader: applying relo to instruction at byte offset: 32, insn offset 4 , insn 118
01-16 13:56:21.672 1614 1614 D LibBpfLoader: applying relo to instruction at byte offset: 80, insn offset 10 , insn 118
01-16 13:56:21.683 1587 1587 I ServiceManagement: Registered android.hardware.configstore@1.1::ISurfaceFlingerConfigs/default (start delay of 558ms)
01-16 13:56:21.683 1587 1587 I ServiceManagement: Removing namespace from process name android.hardware.configstore@1.1-service to configstore@1.1-service.
01-16 13:56:21.691 1614 1614 D LibBpfLoader: New bpf core prog_load for /system/etc/bpf/netd.o (cgroupskb_ingress_stats) returned: 16
01-16 13:56:21.700 1614 1614 D LibBpfLoader: New bpf core prog_load for /system/etc/bpf/netd.o (cgroupskb_egress_stats) returned: 17
01-16 13:56:21.700 1614 1614 D LibBpfLoader: New bpf core prog_load for /system/etc/bpf/netd.o (skfilter_egress_xtbpf) returned: 18
01-16 13:56:21.701 1614 1614 D LibBpfLoader: New bpf core prog_load for /system/etc/bpf/netd.o (skfilter_ingress_xtbpf) returned: 19
01-16 13:56:21.701 1614 1614 D LibBpfLoader: New bpf core prog_load for /system/etc/bpf/netd.o (skfilter_whitelist_xtbpf) returned: 20
01-16 13:56:21.701 1614 1614 D LibBpfLoader: New bpf core prog_load for /system/etc/bpf/netd.o (skfilter_blacklist_xtbpf) returned: 21
01-16 13:56:21.701 1614 1614 D LibBpfLoader: New bpf core prog_load for /system/etc/bpf/netd.o (cgroupsock_inet_create) returned: 22
01-16 13:56:21.702 1614 1614 I bpfloader: Attempted load object: /system/etc/bpf/netd.o, ret: Success
01-16 13:56:21.702 1614 1614 D LibBpfLoader: Loading ELF object /system/etc/bpf/clatd.o with license Apache 2.0
01-16 13:56:21.703 1614 1614 D LibBpfLoader: Loaded code section 3 (schedcls_ingress_clat_ether)
01-16 13:56:21.703 1614 1614 D LibBpfLoader: Loaded relo section 3 (.relschedcls/ingress/clat_ether)
01-16 13:56:21.703 1614 1614 D LibBpfLoader: Adding section 3 to cs list
01-16 13:56:21.703 1614 1614 D LibBpfLoader: Loaded code section 5 (schedcls_ingress_clat_rawip)
01-16 13:56:21.703 1614 1614 D LibBpfLoader: Loaded relo section 5 (.relschedcls/ingress/clat_rawip)
01-16 13:56:21.703 1614 1614 D LibBpfLoader: Adding section 5 to cs list
01-16 13:56:21.703 1614 1614 D LibBpfLoader: bpf_create_map name clat_ingress_map, ret: 23
01-16 13:56:21.703 1614 1614 D LibBpfLoader: map_fd found at 0 is 23 in /system/etc/bpf/clatd.o
01-16 13:56:21.703 1614 1614 D LibBpfLoader: applying relo to instruction at byte offset: 400, insn offset 50 , insn 118
01-16 13:56:21.703 1614 1614 D LibBpfLoader: applying relo to instruction at byte offset: 360, insn offset 45 , insn 118
01-16 13:56:21.704 1614 1614 D LibBpfLoader: New bpf core prog_load for /system/etc/bpf/clatd.o (schedcls_ingress_clat_ether) returned: 24
01-16 13:56:21.705 1614 1614 D LibBpfLoader: New bpf core prog_load for /system/etc/bpf/clatd.o (schedcls_ingress_clat_rawip) returned: 25
01-16 13:56:21.705 1614 1614 I bpfloader: Attempted load object: /system/etc/bpf/clatd.o, ret: Success
01-16 13:56:21.837 1584 1584 I ServiceManagement: Registered android.hardware.broadcastradio@1.1::IBroadcastRadioFactory/default (start delay of 722ms)
01-16 13:56:21.837 1584 1584 I ServiceManagement: Removing namespace from process name android.hardware.broadcastradio@1.1-service to broadcastradio@1.1-service.
01-16 13:56:22.080 1598 1598 I android.hardware.thermal@2.0-service-mock: Thermal HAL Service Mock 2.0 starting...
01-16 13:56:22.095 1598 1598 I ServiceManagement: Registered android.hardware.thermal@2.0::IThermal/default (start delay of 890ms)
01-16 13:56:22.095 1598 1598 I ServiceManagement: Removing namespace from process name android.hardware.thermal@2.0-service.mock to thermal@2.0-service.mock.
01-16 13:56:22.096 1598 1598 I android.hardware.thermal@2.0-service-mock: Thermal Service started successfully.
01-16 13:56:22.097 1595 1595 I health@2.0/: health@2.0/default: Hal starting main loop...
01-16 13:56:22.097 1595 1595 I health@2.0/: health@2.0/default Hal is starting up...
01-16 13:56:22.104 1595 1595 I ServiceManagement: Registered android.hardware.health@2.0::IHealth/default (start delay of 919ms)
01-16 13:56:22.104 1595 1595 I ServiceManagement: Removing namespace from process name android.hardware.health@2.0-service.goldfish to health@2.0-service.goldfish.
01-16 13:56:22.104 1595 1595 I health@2.0/: health@2.0/default: Hal init done
01-16 13:56:22.148 1633 1633 I /system/bin/tombstoned: tombstoned successfully initialized
01-16 13:56:22.275 1627 1627 I wificond: wificond is starting up...
01-16 13:56:22.354 1635 1635 D android.hardware.biometrics.fingerprint@2.1-service: Opening fingerprint hal library...
01-16 13:56:22.358 1478 1478 I hwservicemanager: getTransport: Cannot find entry android.hardware.usb.gadget@1.0::IUsbGadget/default in either framework or device manifest.
01-16 13:56:22.364 1634 1634 I usbd : Usb HAL not found
01-16 13:56:22.396 1582 1582 I health@2.0/: health@2.0/backup: Hal starting main loop...
01-16 13:56:22.396 1582 1582 I health@2.0/: health@2.0/backup Hal is starting up...
01-16 13:56:22.397 1478 1478 I hwservicemanager: getTransport: Cannot find entry android.hardware.health@1.0::IHealth/default in either framework or device manifest.
01-16 13:56:22.397 1582 1582 I ServiceManagement: Registered android.hardware.health@2.0::IHealth/backup (start delay of 1282ms)
01-16 13:56:22.397 1582 1582 I health@2.0/: health@2.0/backup: Hal init done
01-16 13:56:22.421 1632 1632 I gatekeeperd: Starting gatekeeperd...
01-16 13:56:22.423 1632 1632 I ServiceManagement: getService: Trying again for android.hardware.gatekeeper@1.0::IGatekeeper/default...
01-16 13:56:22.516 1613 1613 I perfetto: probes.cc:56 Starting /system/bin/traced_probes service
01-16 13:56:22.528 1612 1612 W perfetto: service.cc:65 Started traced, listening on /dev/socket/traced_producer /dev/socket/traced_consumer
01-16 13:56:22.538 1613 1613 I perfetto: probes_producer.cc:88 Connected to the service
01-16 13:56:22.639 1478 1478 I hwservicemanager: getTransport: Cannot find entry android.hardware.keymaster@4.0::IKeymasterDevice/default in either framework or device manifest.
01-16 13:56:22.647 1620 1620 I keystore: found android.hardware.keymaster@3.0::IKeymasterDevice with interface name default and seclevel SOFTWARE
01-16 13:56:22.647 1620 1620 W keystore: No secure Keymaster implementation found, but device offers insecure Keymaster HAL. Using as default.
01-16 13:56:22.649 1620 1620 I ServiceManagement: Registered android.system.wifi.keystore@1.0::IKeystore/default (start delay of 1234ms)
01-16 13:56:22.677 1611 1611 I adbd : adbd listening on port 5555
01-16 13:56:22.681 1611 1667 I adbd : host-10: write thread spawning
01-16 13:56:22.681 1611 1666 I adbd : host-10: read thread spawning
01-16 13:56:22.681 1611 1611 I adbd : host-10: already offline
01-16 13:56:22.716 1640 1640 I livelock: started
01-16 13:56:22.717 1640 1640 W livelock: [khungtaskd] not configurable
01-16 13:56:22.718 1640 1640 I livelock: ro.config.low_ram=false
01-16 13:56:22.719 1640 1640 I livelock: ro.llk.sysrq_t=true
01-16 13:56:22.719 1640 1640 I livelock: ro.llk.enable=true
01-16 13:56:22.719 1640 1640 I livelock: ro.khungtask.enable=true
01-16 13:56:22.719 1640 1640 I livelock: ro.llk.mlockall=true
01-16 13:56:22.719 1640 1640 I livelock: ro.llk.killtest=true
01-16 13:56:22.719 1640 1640 I livelock: ro.khungtask.timeout=720s
01-16 13:56:22.719 1640 1640 I livelock: ro.llk.timeout_ms=600.000s
01-16 13:56:22.719 1640 1640 I livelock: ro.llk.D.timeout_ms=600.000s
01-16 13:56:22.719 1640 1640 I livelock: ro.llk.Z.timeout_ms=600.000s
01-16 13:56:22.719 1640 1640 I livelock: ro.llk.stack.timeout_ms=600.000s
01-16 13:56:22.719 1640 1640 I livelock: ro.llk.check_ms=120.000s
01-16 13:56:22.719 1640 1640 I livelock: ro.llk.stack=wait_on_page_bit_killable,bit_wait_io,__get_user_pages,cma_alloc
01-16 13:56:22.719 1640 1640 I livelock: ro.llk.blacklist.process.stack=apexd,ueventd,init,keystore,lmkd.llkd,llkd
01-16 13:56:22.719 1640 1640 I livelock: ro.llk.blacklist.process=[watchdogd/0],[watchdog/1],watchdogd,[khungtaskd],lmkd,[watchdogd],[kthreadd],2,1640,0,1,init,llkd
01-16 13:56:22.719 1640 1640 I livelock: ro.llk.blacklist.parent=[kthreadd],2,0,adbd&[setsid]
01-16 13:56:22.719 1640 1640 I livelock: ro.llk.blacklist.uid=
01-16 13:56:22.726 1626 1657 I ServiceManager: Waiting for service 'package_native' on '/dev/binder'...
01-16 13:56:22.788 1597 1597 I ServiceManagement: Registered android.hardware.sensors@1.0::ISensors/default (start delay of 1602ms)
01-16 13:56:22.788 1597 1597 I ServiceManagement: Removing namespace from process name android.hardware.sensors@1.0-service to sensors@1.0-service.
01-16 13:56:22.788 1597 1597 I android.hardware.sensors@1.0-service: Registration complete for android.hardware.sensors@1.0::ISensors/default.
01-16 13:56:22.792 1635 1635 D FingerprintHal: ----------------> fingerprint_open ----------------->
01-16 13:56:22.792 1635 1635 D FingerprintHal: ----------------> set_notify_callback ----------------->
01-16 13:56:22.792 1635 1635 D FingerprintHal: fingerprint callback notification set
01-16 13:56:22.793 1635 1669 D FingerprintHal: ----------------> listenerFunction ----------------->
01-16 13:56:22.793 1635 1635 I ServiceManagement: Registered android.hardware.biometrics.fingerprint@2.1::IBiometricsFingerprint/default (start delay of 1258ms)
01-16 13:56:22.794 1635 1635 I ServiceManagement: Removing namespace from process name android.hardware.biometrics.fingerprint@2.1-service to fingerprint@2.1-service.
01-16 13:56:22.826 1626 1657 I ServiceManager: Waiting for service 'package_native' on '/dev/binder'...
01-16 13:56:22.844 1592 1592 I ServiceManagement: Registered android.hardware.gnss@1.0::IGnss/default (start delay of 1699ms)
01-16 13:56:22.845 1592 1592 I ServiceManagement: Removing namespace from process name android.hardware.gnss@1.0-service to gnss@1.0-service.
01-16 13:56:22.845 1592 1592 I android.hardware.gnss@1.0-service: Registration complete for android.hardware.gnss@1.0::IGnss/default.
01-16 13:56:22.929 1626 1657 I ServiceManager: Waiting for service 'package_native' on '/dev/binder'...
01-16 13:56:22.971 1591 1591 E GoldfishGatekeeper: called goldfish_gatekeeper_open with gate keeper 0xf100e0d8 device 0xf0cbf000
01-16 13:56:22.988 1591 1591 I ServiceManagement: Registered android.hardware.gatekeeper@1.0::IGatekeeper/default (start delay of 1843ms)
01-16 13:56:22.988 1591 1591 I ServiceManagement: Removing namespace from process name android.hardware.gatekeeper@1.0-service to gatekeeper@1.0-service.
01-16 13:56:22.988 1591 1591 I android.hardware.gatekeeper@1.0-service: Registration complete for android.hardware.gatekeeper@1.0::IGatekeeper/default.
01-16 13:56:23.006 1589 1589 I ServiceManagement: Registered android.hardware.drm@1.2::IDrmFactory/clearkey (start delay of 1870ms)
01-16 13:56:23.006 1589 1589 I ServiceManagement: Removing namespace from process name android.hardware.drm@1.2-service.clearkey to drm@1.2-service.clearkey.
01-16 13:56:23.006 1589 1589 I ServiceManagement: Registered android.hardware.drm@1.2::ICryptoFactory/clearkey (start delay of 1871ms)
01-16 13:56:23.006 1589 1589 I ServiceManagement: Removing namespace from process name android.hardware.drm@1.2-service.clearkey to drm@1.2-service.clearkey.
01-16 13:56:23.035 1626 1657 I ServiceManager: Waiting for service 'package_native' on '/dev/binder'...
01-16 13:56:23.051 1585 1585 I android.hardware.camera.provider@2.4-service: CameraProvider@2.4 legacy service is starting.
01-16 13:56:23.150 1626 1657 I ServiceManager: Waiting for service 'package_native' on '/dev/binder'...
01-16 13:56:23.206 1586 1586 I ServiceManagement: Registered android.hardware.cas@1.1::IMediaCasService/default (start delay of 2081ms)
01-16 13:56:23.206 1586 1586 I ServiceManagement: Removing namespace from process name android.hardware.cas@1.1-service to cas@1.1-service.
01-16 13:56:23.255 1626 1657 I ServiceManager: Waiting for service 'package_native' on '/dev/binder'...
01-16 13:56:23.359 1626 1657 I ServiceManager: Waiting for service 'package_native' on '/dev/binder'...
01-16 13:56:23.407 1621 1621 I mediaserver: ServiceManager: 0xf2206740
01-16 13:56:23.418 1625 1625 I ServiceManagement: Registered android.frameworks.stats@1.0::IStats/default (start delay of 1973ms)
01-16 13:56:23.418 1625 1625 W statsd : statscompanion service unavailable!
01-16 13:56:23.420 1625 1625 I statsd : Statsd starts to listen to socket.
01-16 13:56:23.421 1693 1693 E netmgr : Failed to open QEMU pipe 'qemud:network': Invalid argument
01-16 13:56:23.421 1693 1693 E netmgr : WifiForwarder unable to open QEMU pipe: Invalid argument
01-16 13:56:23.475 1626 1657 I ServiceManager: Waiting for service 'package_native' on '/dev/binder'...
01-16 13:56:23.480 1630 1630 I /apex/com.android.media.swcodec/bin/mediaswcodec: media swcodec service starting
01-16 13:56:23.502 1630 1630 W /apex/com.android.media.swcodec/bin/mediaswcodec: Could not read additional policy file '/vendor/etc/seccomp_policy/mediaswcodec.policy'
01-16 13:56:23.502 1630 1630 W /apex/com.android.media.swcodec/bin/mediaswcodec: libminijail[1630]: failed to get path of fd 4: No such file or directory
01-16 13:56:23.502 1630 1630 W /apex/com.android.media.swcodec/bin/mediaswcodec: libminijail[1630]: allowing syscall: socketcall
01-16 13:56:23.502 1630 1630 W /apex/com.android.media.swcodec/bin/mediaswcodec: libminijail[1630]: allowing syscall: writev
01-16 13:56:23.502 1630 1630 W /apex/com.android.media.swcodec/bin/mediaswcodec: libminijail[1630]: allowing syscall: fcntl64
01-16 13:56:23.502 1630 1630 W /apex/com.android.media.swcodec/bin/mediaswcodec: libminijail[1630]: allowing syscall: clock_gettime
01-16 13:56:23.502 1630 1630 W /apex/com.android.media.swcodec/bin/mediaswcodec: libminijail[1630]: compile_file: (34): nonexistent syscall 'newfstatat'
01-16 13:56:23.579 1626 1657 I ServiceManager: Waiting for service 'package_native' on '/dev/binder'...
01-16 13:56:23.650 1594 1594 D : createUnique: call
01-16 13:56:23.726 1626 1657 I ServiceManager: Waiting for service 'package_native' on '/dev/binder'...
01-16 13:56:23.727 1594 1594 D : HostConnection::get() New Host Connection established 0xf6416320, tid 1594
01-16 13:56:23.735 1590 1590 I ServiceManagement: Registered android.hardware.drm@1.2::IDrmFactory/widevine (start delay of 2589ms)
01-16 13:56:23.735 1590 1590 I ServiceManagement: Removing namespace from process name android.hardware.drm@1.2-service.widevine to drm@1.2-service.widevine.
01-16 13:56:23.736 1590 1590 I ServiceManagement: Registered android.hardware.drm@1.2::ICryptoFactory/widevine (start delay of 2591ms)
01-16 13:56:23.736 1590 1590 I ServiceManagement: Removing namespace from process name android.hardware.drm@1.2-service.widevine to drm@1.2-service.widevine.
01-16 13:56:23.741 1594 1594 D : HostComposition ext ANDROID_EMU_CHECKSUM_HELPER_v1 ANDROID_EMU_dma_v1 ANDROID_EMU_direct_mem ANDROID_EMU_host_composition_v1 ANDROID_EMU_host_composition_v2 ANDROID_EMU_async_unmap_buffer GL_OES_EGL_image_external_essl3 GL_OES_vertex_array_object GL_KHR_texture_compression_astc_ldr ANDROID_EMU_gles_max_version_3_1
01-16 13:56:23.743 1594 1594 I ServiceManagement: Registered android.hardware.graphics.composer@2.1::IComposer/default (start delay of 2558ms)
01-16 13:56:23.743 1594 1594 I ServiceManagement: Removing namespace from process name android.hardware.graphics.composer@2.1-service to composer@2.1-service.
01-16 13:56:23.743 1594 1594 I android.hardware.graphics.composer@2.1-service: Registration complete for android.hardware.graphics.composer@2.1::IComposer/default.
01-16 13:56:23.760 1629 1629 I ServiceManagement: Registered android.hardware.radio@1.1::IRadio/slot1 (start delay of 2285ms)
01-16 13:56:23.760 1629 1629 I ServiceManagement: Registered android.hardware.radio.deprecated@1.0::IOemHook/slot1 (start delay of 2285ms)
01-16 13:56:23.762 1593 1593 D : createUnique: call
01-16 13:56:23.762 1593 1593 D : HostConnection::get() New Host Connection established 0xf3026050, tid 1593
01-16 13:56:23.764 1593 1593 I ServiceManagement: Registered android.hardware.graphics.allocator@2.0::IAllocator/default (start delay of 2609ms)
01-16 13:56:23.764 1593 1593 I ServiceManagement: Removing namespace from process name android.hardware.graphics.allocator@2.0-service to allocator@2.0-service.
01-16 13:56:23.765 1593 1593 I android.hardware.graphics.allocator@2.0-service: Registration complete for android.hardware.graphics.allocator@2.0::IAllocator/default.
01-16 13:56:23.810 1630 1630 W /apex/com.android.media.swcodec/bin/mediaswcodec: libminijail[1630]: logging seccomp filter failures
01-16 13:56:23.810 1630 1630 I CodecServiceRegistrant: Creating software Codec2 service...
01-16 13:56:23.813 1630 1630 I ServiceManagement: Registered android.hardware.media.c2@1.0::IComponentStore/software (start delay of 2308ms)
01-16 13:56:23.813 1630 1630 I CodecServiceRegistrant: Software Codec2 service created.
01-16 13:56:23.826 1626 1657 I ServiceManager: Waiting for service 'package_native' on '/dev/binder'...
01-16 13:56:23.853 1577 1577 I netdClient: Skipping libnetd_client init since *we* are netd
01-16 13:56:23.873 1588 1588 I ServiceManagement: Registered android.hardware.drm@1.0::IDrmFactory/default (start delay of 2748ms)
01-16 13:56:23.873 1588 1588 I ServiceManagement: Removing namespace from process name android.hardware.drm@1.0-service to drm@1.0-service.
01-16 13:56:23.873 1588 1588 I : Registration complete for android.hardware.drm@1.0::IDrmFactory/default.
01-16 13:56:23.874 1588 1588 I ServiceManagement: Registered android.hardware.drm@1.0::ICryptoFactory/default (start delay of 2749ms)
01-16 13:56:23.874 1588 1588 I ServiceManagement: Removing namespace from process name android.hardware.drm@1.0-service to drm@1.0-service.
01-16 13:56:23.874 1588 1588 I : Registration complete for android.hardware.drm@1.0::ICryptoFactory/default.
01-16 13:56:23.927 1626 1657 I ServiceManager: Waiting for service 'package_native' on '/dev/binder'...
01-16 13:56:23.937 1577 1577 I netd : netd 1.0 starting
01-16 13:56:23.937 1577 1577 W Netd : dlopen(/apex/com.android.resolv/lib64/libnetd_resolv.so) failed: No such file or directory
01-16 13:56:24.027 1626 1657 I ServiceManager: Waiting for service 'package_native' on '/dev/binder'...
01-16 13:56:24.111 1628 1628 I media.codec: mediacodecservice starting
01-16 13:56:24.111 1628 1628 W media.codec: Could not read additional policy file '/vendor/etc/seccomp_policy/mediacodec.policy'
01-16 13:56:24.111 1628 1628 W media.codec: libminijail[1628]: failed to get path of fd 4: No such file or directory
