01-16 13:56:24.112 1628 1628 W media.codec: libminijail[1628]: allowing syscall: socketcall
01-16 13:56:24.112 1628 1628 W media.codec: libminijail[1628]: allowing syscall: writev
01-16 13:56:24.112 1628 1628 W media.codec: libminijail[1628]: allowing syscall: fcntl64
01-16 13:56:24.112 1628 1628 W media.codec: libminijail[1628]: allowing syscall: clock_gettime
01-16 13:56:24.112 1628 1628 W media.codec: libminijail[1628]: compile_file: (34): nonexistent syscall 'newfstatat'
01-16 13:56:24.112 1628 1628 W media.codec: libminijail[1628]: logging seccomp filter failures
01-16 13:56:24.128 1626 1657 I ServiceManager: Waiting for service 'package_native' on '/dev/binder'...
01-16 13:56:24.181 1577 1577 I Netd : Loaded resolver library from /apex/com.android.resolv/lib/libnetd_resolv.so
01-16 13:56:24.181 1577 1577 D TetherController: Setting IP forward enable = 0
01-16 13:56:24.206 1577 1577 D FirewallController: Could not read /proc/self/uid_map, max uid defaulting to 4294967294
01-16 13:56:24.228 1626 1657 I ServiceManager: Waiting for service 'package_native' on '/dev/binder'...
01-16 13:56:24.309 1599 1599 I android.hardware.wifi@1.0-service: Wifi Hal is booting up...
01-16 13:56:24.311 1599 1599 I ServiceManagement: Registered android.hardware.wifi@1.3::IWifi/default (start delay of 3106ms)
01-16 13:56:24.311 1599 1599 I ServiceManagement: Removing namespace from process name android.hardware.wifi@1.0-service to wifi@1.0-service.
01-16 13:56:24.313 1606 1606 I SurfaceFlinger: Using HWComposer service: 'default'
01-16 13:56:24.313 1606 1606 I SurfaceFlinger: SurfaceFlinger is starting
01-16 13:56:24.314 1478 1478 I hwservicemanager: getTransport: Cannot find entry android.hardware.configstore@1.1::ISurfaceFlingerConfigs/default in either framework or device manifest.
01-16 13:56:24.324 1606 1606 I SurfaceFlinger: Treble testing override: 'false'
01-16 13:56:24.324 1606 1606 I SurfaceFlinger: SurfaceFlinger's main thread ready to run. Initializing graphics H/W...
01-16 13:56:24.324 1606 1606 I SurfaceFlinger: Phase offset NS: 1000000
01-16 13:56:24.324 1606 1744 W SurfaceFlinger: Ignoring VSYNC request while display is disconnected
01-16 13:56:24.324 1606 1744 W SurfaceFlinger: Ignoring VSYNC request while display is disconnected
01-16 13:56:24.325 1606 1745 W SurfaceFlinger: Ignoring VSYNC request while display is disconnected
01-16 13:56:24.325 1606 1745 W SurfaceFlinger: Ignoring VSYNC request while display is disconnected
01-16 13:56:24.325 1606 1606 D RenderEngine: RenderEngine GLES Backend
01-16 13:56:24.325 1606 1606 D libEGL : Emulator has host GPU support, qemu.gles is set to 1.
01-16 13:56:24.333 1606 1606 D libEGL : loaded /vendor/lib/egl/libEGL_emulation.so
01-16 13:56:24.334 1626 1657 I ServiceManager: Waiting for service 'package_native' on '/dev/binder'...
01-16 13:56:24.335 1606 1606 D libEGL : loaded /vendor/lib/egl/libGLESv1_CM_emulation.so
01-16 13:56:24.434 1626 1657 I ServiceManager: Waiting for service 'package_native' on '/dev/binder'...
01-16 13:56:24.496 1628 1628 E vndksupport: Could not load libstagefrighthw.so from default namespace: dlopen failed: library "libstagefrighthw.so" not found.
01-16 13:56:24.534 1626 1657 I ServiceManager: Waiting for service 'package_native' on '/dev/binder'...
01-16 13:56:24.635 1626 1657 I ServiceManager: Waiting for service 'package_native' on '/dev/binder'...
01-16 13:56:24.678 1606 1606 D libEGL : loaded /vendor/lib/egl/libGLESv2_emulation.so
01-16 13:56:24.694 1606 1606 D : HostConnection::get() New Host Connection established 0xec0167d0, tid 1606
01-16 13:56:24.704 1606 1606 D : HostComposition ext ANDROID_EMU_CHECKSUM_HELPER_v1 ANDROID_EMU_dma_v1 ANDROID_EMU_direct_mem ANDROID_EMU_host_composition_v1 ANDROID_EMU_host_composition_v2 ANDROID_EMU_async_unmap_buffer GL_OES_EGL_image_external_essl3 GL_OES_vertex_array_object GL_KHR_texture_compression_astc_ldr ANDROID_EMU_gles_max_version_3_1
01-16 13:56:24.708 1606 1606 I RenderEngine: EGL information:
01-16 13:56:24.708 1606 1606 I RenderEngine: vendor : Android
01-16 13:56:24.708 1606 1606 I RenderEngine: version : 1.4 Android META-EGL
01-16 13:56:24.708 1606 1606 I RenderEngine: extensions: EGL_KHR_get_all_proc_addresses EGL_ANDROID_presentation_time EGL_KHR_swap_buffers_with_damage EGL_ANDROID_get_native_client_buffer EGL_ANDROID_front_buffer_auto_refresh EGL_ANDROID_get_frame_timestamps EGL_EXT_surface_SMPTE2086_metadata EGL_EXT_surface_CTA861_3_metadata EGL_KHR_image EGL_KHR_image_base EGL_KHR_gl_texture_2D_image EGL_KHR_fence_sync EGL_KHR_create_context EGL_ANDROID_image_native_buffer EGL_ANDROID_recordable
01-16 13:56:24.708 1606 1606 I RenderEngine: Client API: OpenGL_ES
01-16 13:56:24.708 1606 1606 I RenderEngine: EGLSurface: 8-8-8-8, config=0x2
01-16 13:56:24.711 1606 1606 D eglCodecCommon: setVertexArrayObject: set vao to 0 (0) 0 0
01-16 13:56:24.711 1606 1606 D EGL_emulation: eglCreateContext: 0xec012c00: maj 3 min 1 rcv 4
01-16 13:56:24.738 1626 1657 I ServiceManager: Waiting for service 'package_native' on '/dev/binder'...
01-16 13:56:24.845 1626 1657 I ServiceManager: Waiting for service 'package_native' on '/dev/binder'...
01-16 13:56:24.887 1478 1478 I hwservicemanager: getTransport: Cannot find entry android.hardware.audio@5.0::IDevicesFactory/default in either framework or device manifest.
01-16 13:56:24.945 1626 1657 I ServiceManager: Waiting for service 'package_native' on '/dev/binder'...
01-16 13:56:24.979 1577 1577 I netd : Creating child chains: 752.8ms
01-16 13:56:24.979 1577 1577 I netd : Setting up OEM hooks: 0.1ms
01-16 13:56:24.979 1577 1577 I netd : Setting up FirewallController hooks: 0.0ms
01-16 13:56:24.980 1577 1577 I netd : Setting up TetherController hooks: 1.1ms
01-16 13:56:24.981 1577 1577 I netd : Setting up BandwidthController hooks: 1.4ms
01-16 13:56:24.981 1577 1577 I netd : Setting up IdletimerController hooks: 0.0ms
01-16 13:56:25.052 1626 1657 I ServiceManager: Waiting for service 'package_native' on '/dev/binder'...
01-16 13:56:25.152 1626 1657 I chatty : uid=0(root) /system/bin/storaged identical 1 line
01-16 13:56:25.252 1626 1657 I ServiceManager: Waiting for service 'package_native' on '/dev/binder'...
01-16 13:56:25.309 1583 1583 E audiohalservice: Could not get passthrough implementation for android.hardware.audio@5.0::IDevicesFactory/default.
01-16 13:56:25.345 1628 1628 I SoftOMXPlugin: createOMXPlugin
01-16 13:56:25.345 1628 1628 D MediaCodecsXmlParser: parsing /vendor/etc/media_codecs.xml...
01-16 13:56:25.353 1626 1657 I ServiceManager: Waiting for service 'package_native' on '/dev/binder'...
01-16 13:56:25.355 1577 1577 I netd : Setting up StrictController hooks: 373.7ms
01-16 13:56:25.355 1577 1577 I ClatdController: 4.9+ kernel and device shipped with P - clat ebpf might work.
01-16 13:56:25.355 1577 1577 I netd : Initializing ClatdController: 0.2ms
01-16 13:56:25.356 1577 1577 I netd : Initializing traffic control: 0.9ms
01-16 13:56:25.423 1577 1577 I netd : Enabling bandwidth control: 67.2ms
01-16 13:56:25.424 1577 1577 E Netd : cannot find interface dummy0
01-16 13:56:25.424 1577 1577 I netd : Initializing RouteController: 0.7ms
01-16 13:56:25.424 1577 1577 D XfrmController: XfrmController::ipSecAddXfrmInterface, line=1379
01-16 13:56:25.425 1577 1577 D XfrmController: XfrmController::ipSecRemoveTunnelInterface, line=1592
01-16 13:56:25.425 1577 1577 D XfrmController: deviceName=ipsec_test
01-16 13:56:25.458 1626 1657 I ServiceManager: Waiting for service 'package_native' on '/dev/binder'...
01-16 13:56:25.465 1577 1577 D XfrmController: Sending Netlink XFRM Message: XFRM_MSG_FLUSHSA
01-16 13:56:25.465 1577 1577 D XfrmController: Sending Netlink XFRM Message: XFRM_MSG_FLUSHPOLICY
01-16 13:56:25.465 1577 1577 I netd : Initializing XfrmController: 40.8ms
01-16 13:56:25.465 1577 1577 E Netd : Unable to create netlink socket for family 5: Protocol not supported
01-16 13:56:25.465 1577 1577 W Netd : Unable to open qlog quota socket, check if xt_quota2 can send via UeventHandler
01-16 13:56:25.468 1577 1577 I libnetd_resolv: resolv_init: Initializing resolver
01-16 13:56:25.469 1577 1577 D MDnsDS : MDnsSdListener::Hander starting up
01-16 13:56:25.470 1577 1577 I netd : Registering NetdNativeService: 0.2ms
01-16 13:56:25.471 1577 1577 I ServiceManagement: Registered android.system.net.netd@1.1::INetd/default (start delay of 4406ms)
01-16 13:56:25.471 1577 1577 I netd : Registering NetdHwService: 1.5ms
01-16 13:56:25.471 1577 1577 I netd : Netd started in 1534ms
01-16 13:56:25.492 1577 1767 D MDnsDS : MDnsSdListener starting to monitor
01-16 13:56:25.492 1577 1767 D MDnsDS : Going to poll with pollCount 1
01-16 13:56:25.566 1623 1623 I mediametrics: ServiceManager: 0xec340220
01-16 13:56:25.566 1623 1623 D MediaAnalyticsService: MediaAnalyticsService created
01-16 13:56:25.567 1626 1657 I ServiceManager: Waiting for service 'package_native' on '/dev/binder'...
01-16 13:56:25.572 1628 1628 D MediaCodecsXmlParser: parsing /vendor/etc/media_codecs_google_audio.xml...
01-16 13:56:25.573 1628 1628 I MediaCodecsXmlParser: limit: max-channel-count = 2
01-16 13:56:25.573 1628 1628 I MediaCodecsXmlParser: limit: sample-rate-ranges = 8000,11025,12000,16000,22050,24000,32000,44100,48000
01-16 13:56:25.573 1628 1628 I MediaCodecsXmlParser: limit: bitrate-range = 8000-320000
01-16 13:56:25.573 1628 1628 I MediaCodecsXmlParser: limit: max-channel-count = 1
01-16 13:56:25.573 1628 1628 I MediaCodecsXmlParser: limit: sample-rate-ranges = 8000
01-16 13:56:25.573 1628 1628 I MediaCodecsXmlParser: limit: bitrate-range = 4750-12200
01-16 13:56:25.573 1628 1628 I MediaCodecsXmlParser: limit: max-channel-count = 1
01-16 13:56:25.573 1628 1628 I MediaCodecsXmlParser: limit: sample-rate-ranges = 16000
01-16 13:56:25.573 1628 1628 I MediaCodecsXmlParser: limit: bitrate-range = 6600-23850
01-16 13:56:25.573 1628 1628 I MediaCodecsXmlParser: limit: max-channel-count = 8
01-16 13:56:25.573 1628 1628 I MediaCodecsXmlParser: limit: sample-rate-ranges = 7350,8000,11025,12000,16000,22050,24000,32000,44100,48000
01-16 13:56:25.573 1628 1628 I MediaCodecsXmlParser: limit: bitrate-range = 8000-960000
01-16 13:56:25.573 1628 1628 I MediaCodecsXmlParser: limit: max-channel-count = 1
01-16 13:56:25.573 1628 1628 I MediaCodecsXmlParser: limit: sample-rate-ranges = 8000-48000
01-16 13:56:25.573 1628 1628 I MediaCodecsXmlParser: limit: bitrate-range = 64000
01-16 13:56:25.573 1628 1628 I MediaCodecsXmlParser: limit: max-channel-count = 1
01-16 13:56:25.573 1628 1628 I MediaCodecsXmlParser: limit: sample-rate-ranges = 8000-48000
01-16 13:56:25.573 1628 1628 I MediaCodecsXmlParser: limit: bitrate-range = 64000
01-16 13:56:25.573 1628 1628 I MediaCodecsXmlParser: limit: max-channel-count = 8
01-16 13:56:25.573 1628 1628 I MediaCodecsXmlParser: limit: sample-rate-ranges = 8000-96000
01-16 13:56:25.573 1628 1628 I MediaCodecsXmlParser: limit: bitrate-range = 32000-500000
01-16 13:56:25.573 1628 1628 I MediaCodecsXmlParser: limit: max-channel-count = 8
01-16 13:56:25.573 1628 1628 I MediaCodecsXmlParser: limit: sample-rate-ranges = 48000
01-16 13:56:25.573 1628 1628 I MediaCodecsXmlParser: limit: bitrate-range = 6000-510000
01-16 13:56:25.573 1628 1628 I MediaCodecsXmlParser: limit: max-channel-count = 8
01-16 13:56:25.573 1628 1628 I MediaCodecsXmlParser: limit: sample-rate-ranges = 8000-192000
01-16 13:56:25.573 1628 1628 I MediaCodecsXmlParser: limit: bitrate-range = 1-10000000
01-16 13:56:25.573 1628 1628 I MediaCodecsXmlParser: limit: max-channel-count = 8
01-16 13:56:25.573 1628 1628 I MediaCodecsXmlParser: limit: sample-rate-ranges = 1-655350
01-16 13:56:25.573 1628 1628 I MediaCodecsXmlParser: limit: bitrate-range = 1-21000000
01-16 13:56:25.573 1628 1628 I MediaCodecsXmlParser: limit: max-channel-count = 6
01-16 13:56:25.573 1628 1628 I MediaCodecsXmlParser: limit: sample-rate-ranges = 8000,11025,12000,16000,22050,24000,32000,44100,48000
01-16 13:56:25.573 1628 1628 I MediaCodecsXmlParser: limit: bitrate-range = 8000-960000
01-16 13:56:25.573 1628 1628 I MediaCodecsXmlParser: limit: max-channel-count = 1
01-16 13:56:25.573 1628 1628 I MediaCodecsXmlParser: limit: sample-rate-ranges = 8000
01-16 13:56:25.573 1628 1628 I MediaCodecsXmlParser: limit: bitrate-range = 4750-12200
01-16 13:56:25.573 1628 1628 I MediaCodecsXmlParser: limit: feature-bitrate-modes = CBR
01-16 13:56:25.573 1628 1628 I MediaCodecsXmlParser: limit: max-channel-count = 1
01-16 13:56:25.573 1628 1628 I MediaCodecsXmlParser: limit: sample-rate-ranges = 16000
01-16 13:56:25.573 1628 1628 I MediaCodecsXmlParser: limit: bitrate-range = 6600-23850
01-16 13:56:25.573 1628 1628 I MediaCodecsXmlParser: limit: feature-bitrate-modes = CBR
01-16 13:56:25.573 1628 1628 I MediaCodecsXmlParser: limit: max-channel-count = 2
01-16 13:56:25.573 1628 1628 I MediaCodecsXmlParser: limit: sample-rate-ranges = 1-655350
01-16 13:56:25.573 1628 1628 I MediaCodecsXmlParser: limit: bitrate-range = 1-21000000
01-16 13:56:25.573 1628 1628 I MediaCodecsXmlParser: limit: complexity-default = 5
01-16 13:56:25.573 1628 1628 I MediaCodecsXmlParser: limit: complexity-range = 0-8
01-16 13:56:25.573 1628 1628 I MediaCodecsXmlParser: limit: feature-bitrate-modes = CQ
01-16 13:56:25.573 1628 1628 D MediaCodecsXmlParser: parsing /vendor/etc/media_codecs_google_telephony.xml...
01-16 13:56:25.574 1628 1628 I MediaCodecsXmlParser: limit: max-channel-count = 1
01-16 13:56:25.574 1628 1628 I MediaCodecsXmlParser: limit: sample-rate-ranges = 8000
01-16 13:56:25.574 1628 1628 I MediaCodecsXmlParser: limit: bitrate-range = 13000
01-16 13:56:25.574 1628 1628 D MediaCodecsXmlParser: parsing /vendor/etc/media_codecs_google_video.xml...
01-16 13:56:25.574 1628 1628 I MediaCodecsXmlParser: limit: size-range = 2x2-352x288
01-16 13:56:25.574 1628 1628 I MediaCodecsXmlParser: limit: alignment = 2x2
01-16 13:56:25.574 1628 1628 I MediaCodecsXmlParser: limit: block-size = 16x16
01-16 13:56:25.574 1628 1628 I MediaCodecsXmlParser: limit: blocks-per-second-range = 12-11880
01-16 13:56:25.575 1628 1628 I MediaCodecsXmlParser: limit: bitrate-range = 1-384000
01-16 13:56:25.575 1628 1628 I MediaCodecsXmlParser: limit: feature-adaptive-playback = 0
01-16 13:56:25.575 1628 1628 I MediaCodecsXmlParser: limit: size-range = 2x2-352x288
01-16 13:56:25.575 1628 1628 I MediaCodecsXmlParser: limit: alignment = 2x2
01-16 13:56:25.575 1628 1628 I MediaCodecsXmlParser: limit: bitrate-range = 1-384000
01-16 13:56:25.575 1628 1628 I MediaCodecsXmlParser: limit: feature-adaptive-playback = 0
01-16 13:56:25.575 1628 1628 I MediaCodecsXmlParser: limit: size-range = 16x16-1920x1088
01-16 13:56:25.575 1628 1628 I MediaCodecsXmlParser: limit: alignment = 2x2
01-16 13:56:25.575 1628 1628 I MediaCodecsXmlParser: limit: block-size = 16x16
01-16 13:56:25.575 1628 1628 I MediaCodecsXmlParser: limit: blocks-per-second-range = 1-244800
01-16 13:56:25.575 1628 1628 I MediaCodecsXmlParser: limit: bitrate-range = 1-12000000
01-16 13:56:25.575 1628 1628 I MediaCodecsXmlParser: limit: feature-adaptive-playback = 0
01-16 13:56:25.575 1628 1628 I MediaCodecsXmlParser: limit: size-range = 2x2-2048x2048
01-16 13:56:25.575 1628 1628 I MediaCodecsXmlParser: limit: alignment = 2x2
01-16 13:56:25.575 1628 1628 I MediaCodecsXmlParser: limit: block-size = 8x8
01-16 13:56:25.575 1628 1628 I MediaCodecsXmlParser: limit: block-count-range = 1-139264
01-16 13:56:25.575 1628 1628 I MediaCodecsXmlParser: limit: blocks-per-second-range = 1-2000000
01-16 13:56:25.575 1628 1628 I MediaCodecsXmlParser: limit: bitrate-range = 1-10000000
01-16 13:56:25.575 1628 1628 I MediaCodecsXmlParser: limit: feature-adaptive-playback = 0
01-16 13:56:25.575 1628 1628 I MediaCodecsXmlParser: limit: size-range = 2x2-2048x2048
01-16 13:56:25.575 1628 1628 I MediaCodecsXmlParser: limit: alignment = 2x2
01-16 13:56:25.575 1628 1628 I MediaCodecsXmlParser: limit: block-size = 16x16
01-16 13:56:25.575 1628 1628 I MediaCodecsXmlParser: limit: blocks-per-second-range = 1-1000000
01-16 13:56:25.575 1628 1628 I MediaCodecsXmlParser: limit: bitrate-range = 1-40000000
01-16 13:56:25.575 1628 1628 I MediaCodecsXmlParser: limit: feature-adaptive-playback = 0
01-16 13:56:25.575 1628 1628 I MediaCodecsXmlParser: limit: size-range = 2x2-2048x2048
01-16 13:56:25.575 1628 1628 I MediaCodecsXmlParser: limit: alignment = 2x2
01-16 13:56:25.575 1628 1628 I MediaCodecsXmlParser: limit: block-size = 16x16
01-16 13:56:25.575 1628 1628 I MediaCodecsXmlParser: limit: blocks-per-second-range = 1-500000
01-16 13:56:25.575 1628 1628 I MediaCodecsXmlParser: limit: bitrate-range = 1-40000000
01-16 13:56:25.575 1628 1628 I MediaCodecsXmlParser: limit: feature-adaptive-playback = 0
01-16 13:56:25.575 1628 1628 I MediaCodecsXmlParser: limit: size-range = 176x144-176x144
01-16 13:56:25.575 1628 1628 I MediaCodecsXmlParser: limit: alignment = 16x16
01-16 13:56:25.575 1628 1628 I MediaCodecsXmlParser: limit: bitrate-range = 1-128000
01-16 13:56:25.575 1628 1628 I MediaCodecsXmlParser: limit: size-range = 16x16-1920x1088
01-16 13:56:25.575 1628 1628 I MediaCodecsXmlParser: limit: alignment = 2x2
01-16 13:56:25.575 1628 1628 I MediaCodecsXmlParser: limit: block-size = 16x16
01-16 13:56:25.575 1628 1628 I MediaCodecsXmlParser: limit: blocks-per-second-range = 1-244800
01-16 13:56:25.575 1628 1628 I MediaCodecsXmlParser: limit: bitrate-range = 1-20000000
01-16 13:56:25.575 1628 1628 I MediaCodecsXmlParser: limit: feature-intra-refresh = 0
01-16 13:56:25.575 1628 1628 I MediaCodecsXmlParser: limit: size-range = 16x16-176x144
01-16 13:56:25.575 1628 1628 I MediaCodecsXmlParser: limit: alignment = 16x16
01-16 13:56:25.575 1628 1628 I MediaCodecsXmlParser: limit: block-size = 16x16
01-16 13:56:25.575 1628 1628 I MediaCodecsXmlParser: limit: blocks-per-second-range = 12-1485
01-16 13:56:25.575 1628 1628 I MediaCodecsXmlParser: limit: bitrate-range = 1-64000
01-16 13:56:25.575 1628 1628 I MediaCodecsXmlParser: limit: size-range = 2x2-2048x2048
01-16 13:56:25.575 1628 1628 I MediaCodecsXmlParser: limit: alignment = 2x2
01-16 13:56:25.575 1628 1628 I MediaCodecsXmlParser: limit: bitrate-range = 1-40000000
01-16 13:56:25.575 1628 1628 I MediaCodecsXmlParser: limit: feature-bitrate-modes = VBR,CBR
01-16 13:56:25.575 1628 1628 D MediaCodecsXmlParser: parsing /vendor/etc/media_codecs_performance.xml...
01-16 13:56:25.575 1628 1628 I MediaCodecsXmlParser: limit: measured-frame-rate-176x144-range = 849-1008
01-16 13:56:25.576 1628 1628 I MediaCodecsXmlParser: limit: measured-frame-rate-320x240-range = 496-629
01-16 13:56:25.576 1628 1628 I MediaCodecsXmlParser: limit: measured-frame-rate-720x480-range = 197-203
01-16 13:56:25.576 1628 1628 I MediaCodecsXmlParser: limit: measured-frame-rate-1280x720-range = 93-97
01-16 13:56:25.576 1628 1628 I MediaCodecsXmlParser: limit: measured-frame-rate-1920x1080-range = 45-47
01-16 13:56:25.576 1628 1628 I MediaCodecsXmlParser: limit: measured-frame-rate-176x144-range = 881-1142
01-16 13:56:25.576 1628 1628 I MediaCodecsXmlParser: limit: measured-frame-rate-320x180-range = 249-285
01-16 13:56:25.576 1628 1628 I MediaCodecsXmlParser: limit: measured-frame-rate-640x360-range = 104-115
01-16 13:56:25.576 1628 1628 I MediaCodecsXmlParser: limit: measured-frame-rate-1280x720-range = 34-35
01-16 13:56:25.576 1628 1628 I MediaCodecsXmlParser: limit: measured-frame-rate-1920x1080-range = 26-29
01-16 13:56:25.576 1628 1628 I MediaCodecsXmlParser: limit: measured-frame-rate-176x144-range = 1246-1390
01-16 13:56:25.576 1628 1628 I MediaCodecsXmlParser: limit: measured-frame-rate-320x240-range = 299-629
01-16 13:56:25.576 1628 1628 I MediaCodecsXmlParser: limit: measured-frame-rate-720x480-range = 215-250
01-16 13:56:25.576 1628 1628 I MediaCodecsXmlParser: limit: measured-frame-rate-1280x720-range = 75-85
01-16 13:56:25.576 1628 1628 I MediaCodecsXmlParser: limit: measured-frame-rate-1920x1080-range = 31-34
01-16 13:56:25.576 1628 1628 I MediaCodecsXmlParser: limit: measured-frame-rate-352x288-range = 754-817
01-16 13:56:25.576 1628 1628 I MediaCodecsXmlParser: limit: measured-frame-rate-640x360-range = 323-394
01-16 13:56:25.576 1628 1628 I MediaCodecsXmlParser: limit: measured-frame-rate-720x480-range = 349-372
01-16 13:56:25.576 1628 1628 I MediaCodecsXmlParser: limit: measured-frame-rate-1280x720-range = 144-157
01-16 13:56:25.576 1628 1628 I MediaCodecsXmlParser: limit: measured-frame-rate-1920x1080-range = 74-85
01-16 13:56:25.576 1628 1628 I MediaCodecsXmlParser: limit: measured-frame-rate-176x144-range = 1439-1625
01-16 13:56:25.576 1628 1628 I MediaCodecsXmlParser: limit: measured-frame-rate-320x180-range = 1129-1261
01-16 13:56:25.576 1628 1628 I MediaCodecsXmlParser: limit: measured-frame-rate-640x360-range = 471-525
01-16 13:56:25.576 1628 1628 I MediaCodecsXmlParser: limit: measured-frame-rate-1280x720-range = 126-145
01-16 13:56:25.576 1628 1628 I MediaCodecsXmlParser: limit: measured-frame-rate-1920x1080-range = 48-51
01-16 13:56:25.576 1628 1628 I MediaCodecsXmlParser: limit: measured-frame-rate-320x180-range = 968-1101
01-16 13:56:25.576 1628 1628 I MediaCodecsXmlParser: limit: measured-frame-rate-640x360-range = 291-338
01-16 13:56:25.576 1628 1628 I MediaCodecsXmlParser: limit: measured-frame-rate-1280x720-range = 280-400
01-16 13:56:25.576 1628 1628 I MediaCodecsXmlParser: limit: measured-frame-rate-1920x1080-range = 178-240
01-16 13:56:25.576 1628 1628 D MediaCodecsXmlParser: Cannot find /data/misc/media/media_codecs_profiling_results.xml
01-16 13:56:25.579 1628 1628 I ServiceManagement: Registered android.hardware.media.omx@1.0::IOmx/default (start delay of 4114ms)
01-16 13:56:25.580 1628 1628 I ServiceManagement: Removing namespace from process name android.hardware.media.omx@1.0-service to omx@1.0-service.
01-16 13:56:25.580 1628 1628 I media.codec: IOmx HAL service created.
01-16 13:56:25.580 1628 1628 D MediaCodecsXmlParser: parsing /vendor/etc/media_codecs.xml...
01-16 13:56:25.580 1628 1628 D MediaCodecsXmlParser: parsing /vendor/etc/media_codecs_google_audio.xml...
01-16 13:56:25.580 1628 1628 I MediaCodecsXmlParser: limit: max-channel-count = 2
01-16 13:56:25.580 1628 1628 I MediaCodecsXmlParser: limit: sample-rate-ranges = 8000,11025,12000,16000,22050,24000,32000,44100,48000
01-16 13:56:25.580 1628 1628 I MediaCodecsXmlParser: limit: bitrate-range = 8000-320000
01-16 13:56:25.580 1628 1628 I MediaCodecsXmlParser: limit: max-channel-count = 1
01-16 13:56:25.580 1628 1628 I MediaCodecsXmlParser: limit: sample-rate-ranges = 8000
01-16 13:56:25.580 1628 1628 I MediaCodecsXmlParser: limit: bitrate-range = 4750-12200
01-16 13:56:25.580 1628 1628 I MediaCodecsXmlParser: limit: max-channel-count = 1
01-16 13:56:25.580 1628 1628 I MediaCodecsXmlParser: limit: sample-rate-ranges = 16000
01-16 13:56:25.580 1628 1628 I MediaCodecsXmlParser: limit: bitrate-range = 6600-23850
01-16 13:56:25.580 1628 1628 I MediaCodecsXmlParser: limit: max-channel-count = 8
01-16 13:56:25.580 1628 1628 I MediaCodecsXmlParser: limit: sample-rate-ranges = 7350,8000,11025,12000,16000,22050,24000,32000,44100,48000
01-16 13:56:25.580 1628 1628 I MediaCodecsXmlParser: limit: bitrate-range = 8000-960000
01-16 13:56:25.580 1628 1628 I MediaCodecsXmlParser: limit: max-channel-count = 1
01-16 13:56:25.580 1628 1628 I MediaCodecsXmlParser: limit: sample-rate-ranges = 8000-48000
01-16 13:56:25.580 1628 1628 I MediaCodecsXmlParser: limit: bitrate-range = 64000
01-16 13:56:25.580 1628 1628 I MediaCodecsXmlParser: limit: max-channel-count = 1
01-16 13:56:25.655 1628 1628 I MediaCodecsXmlParser: limit: sample-rate-ranges = 8000-48000
01-16 13:56:25.655 1628 1628 I MediaCodecsXmlParser: limit: bitrate-range = 64000
01-16 13:56:25.655 1628 1628 I MediaCodecsXmlParser: limit: max-channel-count = 8
01-16 13:56:25.655 1628 1628 I MediaCodecsXmlParser: limit: sample-rate-ranges = 8000-96000
01-16 13:56:25.655 1628 1628 I MediaCodecsXmlParser: limit: bitrate-range = 32000-500000
01-16 13:56:25.655 1628 1628 I MediaCodecsXmlParser: limit: max-channel-count = 8
01-16 13:56:25.655 1628 1628 I MediaCodecsXmlParser: limit: sample-rate-ranges = 48000
01-16 13:56:25.655 1628 1628 I MediaCodecsXmlParser: limit: bitrate-range = 6000-510000
01-16 13:56:25.655 1628 1628 I MediaCodecsXmlParser: limit: max-channel-count = 8
01-16 13:56:25.655 1628 1628 I MediaCodecsXmlParser: limit: sample-rate-ranges = 8000-192000
01-16 13:56:25.655 1628 1628 I MediaCodecsXmlParser: limit: bitrate-range = 1-10000000
01-16 13:56:25.655 1628 1628 I MediaCodecsXmlParser: limit: max-channel-count = 8
01-16 13:56:25.655 1628 1628 I MediaCodecsXmlParser: limit: sample-rate-ranges = 1-655350
01-16 13:56:25.655 1628 1628 I MediaCodecsXmlParser: limit: bitrate-range = 1-21000000
01-16 13:56:25.655 1628 1628 I MediaCodecsXmlParser: limit: max-channel-count = 6
01-16 13:56:25.655 1628 1628 I MediaCodecsXmlParser: limit: sample-rate-ranges = 8000,11025,12000,16000,22050,24000,32000,44100,48000
01-16 13:56:25.655 1628 1628 I MediaCodecsXmlParser: limit: bitrate-range = 8000-960000
01-16 13:56:25.655 1628 1628 I MediaCodecsXmlParser: limit: max-channel-count = 1
01-16 13:56:25.655 1628 1628 I MediaCodecsXmlParser: limit: sample-rate-ranges = 8000
01-16 13:56:25.655 1628 1628 I MediaCodecsXmlParser: limit: bitrate-range = 4750-12200
01-16 13:56:25.655 1628 1628 I MediaCodecsXmlParser: limit: feature-bitrate-modes = CBR
01-16 13:56:25.655 1628 1628 I MediaCodecsXmlParser: limit: max-channel-count = 1
01-16 13:56:25.655 1628 1628 I MediaCodecsXmlParser: limit: sample-rate-ranges = 16000
01-16 13:56:25.655 1628 1628 I MediaCodecsXmlParser: limit: bitrate-range = 6600-23850
01-16 13:56:25.655 1628 1628 I MediaCodecsXmlParser: limit: feature-bitrate-modes = CBR
01-16 13:56:25.655 1628 1628 I MediaCodecsXmlParser: limit: max-channel-count = 2
01-16 13:56:25.655 1628 1628 I MediaCodecsXmlParser: limit: sample-rate-ranges = 1-655350
01-16 13:56:25.655 1628 1628 I MediaCodecsXmlParser: limit: bitrate-range = 1-21000000
01-16 13:56:25.655 1628 1628 I MediaCodecsXmlParser: limit: complexity-default = 5
01-16 13:56:25.655 1628 1628 I MediaCodecsXmlParser: limit: complexity-range = 0-8
01-16 13:56:25.655 1628 1628 I MediaCodecsXmlParser: limit: feature-bitrate-modes = CQ
01-16 13:56:25.655 1628 1628 D MediaCodecsXmlParser: parsing /vendor/etc/media_codecs_google_telephony.xml...
01-16 13:56:25.655 1628 1628 I MediaCodecsXmlParser: limit: max-channel-count = 1
01-16 13:56:25.655 1628 1628 I MediaCodecsXmlParser: limit: sample-rate-ranges = 8000
01-16 13:56:25.655 1628 1628 I MediaCodecsXmlParser: limit: bitrate-range = 13000
01-16 13:56:25.655 1628 1628 D MediaCodecsXmlParser: parsing /vendor/etc/media_codecs_google_video.xml...
01-16 13:56:25.655 1628 1628 I MediaCodecsXmlParser: limit: size-range = 2x2-352x288
01-16 13:56:25.655 1628 1628 I MediaCodecsXmlParser: limit: alignment = 2x2
01-16 13:56:25.655 1628 1628 I MediaCodecsXmlParser: limit: block-size = 16x16
01-16 13:56:25.655 1628 1628 I MediaCodecsXmlParser: limit: blocks-per-second-range = 12-11880
01-16 13:56:25.655 1628 1628 I MediaCodecsXmlParser: limit: bitrate-range = 1-384000
01-16 13:56:25.655 1628 1628 I MediaCodecsXmlParser: limit: feature-adaptive-playback = 0
01-16 13:56:25.655 1628 1628 I MediaCodecsXmlParser: limit: size-range = 2x2-352x288
01-16 13:56:25.655 1628 1628 I MediaCodecsXmlParser: limit: alignment = 2x2
01-16 13:56:25.655 1628 1628 I MediaCodecsXmlParser: limit: bitrate-range = 1-384000
01-16 13:56:25.655 1628 1628 I MediaCodecsXmlParser: limit: feature-adaptive-playback = 0
01-16 13:56:25.655 1628 1628 I MediaCodecsXmlParser: limit: size-range = 16x16-1920x1088
01-16 13:56:25.655 1628 1628 I MediaCodecsXmlParser: limit: alignment = 2x2
01-16 13:56:25.655 1628 1628 I MediaCodecsXmlParser: limit: block-size = 16x16
01-16 13:56:25.655 1628 1628 I MediaCodecsXmlParser: limit: blocks-per-second-range = 1-244800
01-16 13:56:25.655 1628 1628 I MediaCodecsXmlParser: limit: bitrate-range = 1-12000000
01-16 13:56:25.655 1628 1628 I MediaCodecsXmlParser: limit: feature-adaptive-playback = 0
01-16 13:56:25.655 1628 1628 I MediaCodecsXmlParser: limit: size-range = 2x2-2048x2048
01-16 13:56:25.655 1628 1628 I MediaCodecsXmlParser: limit: alignment = 2x2
01-16 13:56:25.655 1628 1628 I MediaCodecsXmlParser: limit: block-size = 8x8
01-16 13:56:25.655 1628 1628 I MediaCodecsXmlParser: limit: block-count-range = 1-139264
01-16 13:56:25.655 1628 1628 I MediaCodecsXmlParser: limit: blocks-per-second-range = 1-2000000
01-16 13:56:25.655 1628 1628 I MediaCodecsXmlParser: limit: bitrate-range = 1-10000000
01-16 13:56:25.655 1628 1628 I MediaCodecsXmlParser: limit: feature-adaptive-playback = 0
01-16 13:56:25.655 1628 1628 I MediaCodecsXmlParser: limit: size-range = 2x2-2048x2048
01-16 13:56:25.655 1628 1628 I MediaCodecsXmlParser: limit: alignment = 2x2
01-16 13:56:25.655 1628 1628 I MediaCodecsXmlParser: limit: block-size = 16x16
01-16 13:56:25.655 1628 1628 I MediaCodecsXmlParser: limit: blocks-per-second-range = 1-1000000
01-16 13:56:25.655 1628 1628 I MediaCodecsXmlParser: limit: bitrate-range = 1-40000000
01-16 13:56:25.655 1628 1628 I MediaCodecsXmlParser: limit: feature-adaptive-playback = 0
01-16 13:56:25.656 1628 1628 I MediaCodecsXmlParser: limit: size-range = 2x2-2048x2048
01-16 13:56:25.656 1628 1628 I MediaCodecsXmlParser: limit: alignment = 2x2
01-16 13:56:25.656 1628 1628 I MediaCodecsXmlParser: limit: block-size = 16x16
01-16 13:56:25.656 1628 1628 I MediaCodecsXmlParser: limit: blocks-per-second-range = 1-500000
01-16 13:56:25.656 1628 1628 I MediaCodecsXmlParser: limit: bitrate-range = 1-40000000
01-16 13:56:25.656 1628 1628 I MediaCodecsXmlParser: limit: feature-adaptive-playback = 0
01-16 13:56:25.656 1628 1628 I MediaCodecsXmlParser: limit: size-range = 176x144-176x144
01-16 13:56:25.656 1628 1628 I MediaCodecsXmlParser: limit: alignment = 16x16
01-16 13:56:25.656 1628 1628 I MediaCodecsXmlParser: limit: bitrate-range = 1-128000
01-16 13:56:25.656 1628 1628 I MediaCodecsXmlParser: limit: size-range = 16x16-1920x1088
01-16 13:56:25.656 1628 1628 I MediaCodecsXmlParser: limit: alignment = 2x2
01-16 13:56:25.656 1628 1628 I MediaCodecsXmlParser: limit: block-size = 16x16
01-16 13:56:25.656 1628 1628 I MediaCodecsXmlParser: limit: blocks-per-second-range = 1-244800
01-16 13:56:25.656 1628 1628 I MediaCodecsXmlParser: limit: bitrate-range = 1-20000000
01-16 13:56:25.656 1628 1628 I MediaCodecsXmlParser: limit: feature-intra-refresh = 0
01-16 13:56:25.656 1628 1628 I MediaCodecsXmlParser: limit: size-range = 16x16-176x144
01-16 13:56:25.656 1628 1628 I MediaCodecsXmlParser: limit: alignment = 16x16
01-16 13:56:25.656 1628 1628 I MediaCodecsXmlParser: limit: block-size = 16x16
01-16 13:56:25.656 1628 1628 I MediaCodecsXmlParser: limit: blocks-per-second-range = 12-1485
01-16 13:56:25.656 1628 1628 I MediaCodecsXmlParser: limit: bitrate-range = 1-64000
01-16 13:56:25.656 1628 1628 I MediaCodecsXmlParser: limit: size-range = 2x2-2048x2048
01-16 13:56:25.656 1628 1628 I MediaCodecsXmlParser: limit: alignment = 2x2
01-16 13:56:25.656 1628 1628 I MediaCodecsXmlParser: limit: bitrate-range = 1-40000000
01-16 13:56:25.656 1628 1628 I MediaCodecsXmlParser: limit: feature-bitrate-modes = VBR,CBR
01-16 13:56:25.656 1628 1628 D MediaCodecsXmlParser: parsing /vendor/etc/media_codecs_performance.xml...
01-16 13:56:25.656 1628 1628 I MediaCodecsXmlParser: limit: measured-frame-rate-176x144-range = 849-1008
01-16 13:56:25.656 1628 1628 I MediaCodecsXmlParser: limit: measured-frame-rate-320x240-range = 496-629
01-16 13:56:25.656 1628 1628 I MediaCodecsXmlParser: limit: measured-frame-rate-720x480-range = 197-203
01-16 13:56:25.656 1628 1628 I MediaCodecsXmlParser: limit: measured-frame-rate-1280x720-range = 93-97
01-16 13:56:25.656 1628 1628 I MediaCodecsXmlParser: limit: measured-frame-rate-1920x1080-range = 45-47
01-16 13:56:25.656 1628 1628 I MediaCodecsXmlParser: limit: measured-frame-rate-176x144-range = 881-1142
01-16 13:56:25.656 1628 1628 I MediaCodecsXmlParser: limit: measured-frame-rate-320x180-range = 249-285
01-16 13:56:25.656 1628 1628 I MediaCodecsXmlParser: limit: measured-frame-rate-640x360-range = 104-115
01-16 13:56:25.656 1628 1628 I MediaCodecsXmlParser: limit: measured-frame-rate-1280x720-range = 34-35
01-16 13:56:25.656 1628 1628 I MediaCodecsXmlParser: limit: measured-frame-rate-1920x1080-range = 26-29
01-16 13:56:25.656 1628 1628 I MediaCodecsXmlParser: limit: measured-frame-rate-176x144-range = 1246-1390
01-16 13:56:25.656 1628 1628 I MediaCodecsXmlParser: limit: measured-frame-rate-320x240-range = 299-629
01-16 13:56:25.656 1628 1628 I MediaCodecsXmlParser: limit: measured-frame-rate-720x480-range = 215-250
01-16 13:56:25.656 1628 1628 I MediaCodecsXmlParser: limit: measured-frame-rate-1280x720-range = 75-85
01-16 13:56:25.656 1628 1628 I MediaCodecsXmlParser: limit: measured-frame-rate-1920x1080-range = 31-34
01-16 13:56:25.656 1628 1628 I MediaCodecsXmlParser: limit: measured-frame-rate-352x288-range = 754-817
01-16 13:56:25.656 1628 1628 I MediaCodecsXmlParser: limit: measured-frame-rate-640x360-range = 323-394
01-16 13:56:25.656 1628 1628 I MediaCodecsXmlParser: limit: measured-frame-rate-720x480-range = 349-372
01-16 13:56:25.656 1628 1628 I MediaCodecsXmlParser: limit: measured-frame-rate-1280x720-range = 144-157
01-16 13:56:25.656 1628 1628 I MediaCodecsXmlParser: limit: measured-frame-rate-1920x1080-range = 74-85
01-16 13:56:25.656 1628 1628 I MediaCodecsXmlParser: limit: measured-frame-rate-176x144-range = 1439-1625
01-16 13:56:25.656 1628 1628 I MediaCodecsXmlParser: limit: measured-frame-rate-320x180-range = 1129-1261
01-16 13:56:25.656 1628 1628 I MediaCodecsXmlParser: limit: measured-frame-rate-640x360-range = 471-525
01-16 13:56:25.656 1628 1628 I MediaCodecsXmlParser: limit: measured-frame-rate-1280x720-range = 126-145
01-16 13:56:25.656 1628 1628 I MediaCodecsXmlParser: limit: measured-frame-rate-1920x1080-range = 48-51
01-16 13:56:25.656 1628 1628 I MediaCodecsXmlParser: limit: measured-frame-rate-320x180-range = 968-1101
01-16 13:56:25.656 1628 1628 I MediaCodecsXmlParser: limit: measured-frame-rate-640x360-range = 291-338
01-16 13:56:25.656 1628 1628 I MediaCodecsXmlParser: limit: measured-frame-rate-1280x720-range = 280-400
01-16 13:56:25.656 1628 1628 I MediaCodecsXmlParser: limit: measured-frame-rate-1920x1080-range = 178-240
01-16 13:56:25.656 1628 1628 D MediaCodecsXmlParser: Cannot find /data/misc/media/media_codecs_profiling_results.xml
01-16 13:56:25.667 1583 1583 I ServiceManagement: Registered android.hardware.audio@4.0::IDevicesFactory/default (start delay of 4552ms)
01-16 13:56:25.668 1583 1583 I ServiceManagement: Removing namespace from process name android.hardware.audio@2.0-service to audio@2.0-service.
01-16 13:56:25.668 1583 1583 I audiohalservice: Registration complete for android.hardware.audio@4.0::IDevicesFactory/default.
01-16 13:56:25.668 1478 1478 I hwservicemanager: getTransport: Cannot find entry android.hardware.audio.effect@5.0::IEffectsFactory/default in either framework or device manifest.
01-16 13:56:25.668 1583 1583 E audiohalservice: Could not get passthrough implementation for android.hardware.audio.effect@5.0::IEffectsFactory/default.
01-16 13:56:25.671 1626 1657 I ServiceManager: Waiting for service 'package_native' on '/dev/binder'...
01-16 13:56:25.725 1583 1583 I ServiceManagement: Registered android.hardware.audio.effect@4.0::IEffectsFactory/default (start delay of 4610ms)
01-16 13:56:25.725 1583 1583 I audiohalservice: Registration complete for android.hardware.audio.effect@4.0::IEffectsFactory/default.
01-16 13:56:25.725 1478 1478 I hwservicemanager: getTransport: Cannot find entry android.hardware.soundtrigger@2.2::ISoundTriggerHw/default in either framework or device manifest.
01-16 13:56:25.738 1628 1628 I ServiceManagement: Registered android.hardware.media.omx@1.0::IOmxStore/default (start delay of 4273ms)
01-16 13:56:25.738 1628 1628 I ServiceManagement: Removing namespace from process name android.hardware.media.omx@1.0-service to omx@1.0-service.
01-16 13:56:25.738 1583 1583 E audiohalservice: Could not get passthrough implementation for android.hardware.soundtrigger@2.2::ISoundTriggerHw/default.
01-16 13:56:25.739 1478 1478 I hwservicemanager: getTransport: Cannot find entry android.hardware.soundtrigger@2.1::ISoundTriggerHw/default in either framework or device manifest.
01-16 13:56:25.739 1583 1583 E audiohalservice: Could not get passthrough implementation for android.hardware.soundtrigger@2.1::ISoundTriggerHw/default.
01-16 13:56:25.739 1478 1478 I hwservicemanager: getTransport: Cannot find entry android.hardware.soundtrigger@2.0::ISoundTriggerHw/default in either framework or device manifest.
01-16 13:56:25.791 1626 1657 I ServiceManager: Waiting for service 'package_native' on '/dev/binder'...
01-16 13:56:25.813 1585 1585 D EmulatedCamera_QemuClient: Emulated camera list: name=virtualscene channel=0 pix=876758866 dir=back framedims=640x480,352x288,320x240,176x144,1280x720,1280x960
01-16 13:56:25.896 1585 1585 I EmulatedCamera_QemuCamera3: Constructing emulated qemu camera 3: ID 0
01-16 13:56:25.896 1585 1585 I EmulatedCamera_QemuCamera3: parseResolutions: 640x480
01-16 13:56:25.896 1585 1585 I EmulatedCamera_QemuCamera3: parseResolutions: 352x288
01-16 13:56:25.896 1585 1585 I EmulatedCamera_QemuCamera3: parseResolutions: 320x240
01-16 13:56:25.896 1585 1585 I EmulatedCamera_QemuCamera3: parseResolutions: 176x144
01-16 13:56:25.896 1585 1585 I EmulatedCamera_QemuCamera3: parseResolutions: 1280x720
01-16 13:56:25.896 1585 1585 I EmulatedCamera_QemuCamera3: parseResolutions: 1280x960
01-16 13:56:25.896 1585 1585 I EmulatedCamera_QemuCamera3: Camera 0 capabilities:
01-16 13:56:25.896 1585 1585 I EmulatedCamera_QemuCamera3: BACKWARD_COMPATIBLE
01-16 13:56:25.896 1585 1585 I EmulatedCamera_FakeCamera3: Constructing emulated fake camera 3: ID 1, facing front
01-16 13:56:25.896 1585 1585 I EmulatedCamera_FakeCamera3: Camera 1 capabilities:
01-16 13:56:25.896 1585 1585 I EmulatedCamera_FakeCamera3: BACKWARD_COMPATIBLE
01-16 13:56:25.896 1585 1585 I EmulatedCamera_FakeCamera3: MANUAL_SENSOR
01-16 13:56:25.896 1585 1585 I EmulatedCamera_FakeCamera3: MANUAL_POST_PROCESSING
01-16 13:56:25.896 1585 1585 I EmulatedCamera_FakeCamera3: READ_SENSOR_SETTINGS
01-16 13:56:25.896 1585 1585 I EmulatedCamera_FakeCamera3: BURST_CAPTURE
01-16 13:56:25.896 1585 1585 I EmulatedCamera_FakeCamera3: FULL_LEVEL
01-16 13:56:25.896 1585 1585 I EmulatedCamera_FakeCamera3: (null)
01-16 13:56:25.897 1585 1585 E EmulatedCamera_Factory: 2 cameras are being emulated. 1 of them are fake cameras.
01-16 13:56:25.897 1585 1585 E EmulatedCamera_HotplugThread: createFileIfNotExists: Could not create file '/data/misc/media/emulator.camera.hotplug.0', error: 'Permission denied' (13)
01-16 13:56:25.897 1585 1585 E EmulatedCamera_HotplugThread: createFileIfNotExists: Could not create file '/data/misc/media/emulator.camera.hotplug.1', error: 'Permission denied' (13)
01-16 13:56:25.906 1626 1657 I ServiceManager: Waiting for service 'package_native' on '/dev/binder'...
01-16 13:56:25.934 1585 1585 I CamPrvdr@2.4-legacy: Loaded "Emulated Camera Module" camera module
01-16 13:56:25.934 1585 1585 E CamPrvdr@2.4-legacy: setUpVendorTags: Vendor tag operations not fully defined. Ignoring definitions.
01-16 13:56:25.934 1585 1585 E CamPrvdr@2.4-legacy: initialize: Vendor tag setup failed, will not be available.
01-16 13:56:25.934 1585 1585 V EmulatedCamera_BaseCamera: getCameraInfo
01-16 13:56:25.934 1585 1585 V EmulatedCamera_BaseCamera: getCameraInfo
01-16 13:56:25.935 1585 1585 I ServiceManagement: Registered android.hardware.camera.provider@2.4::ICameraProvider/legacy/0 (start delay of 4820ms)
01-16 13:56:25.935 1585 1585 I ServiceManagement: Removing namespace from process name android.hardware.camera.provider@2.4-service to provider@2.4-service.
01-16 13:56:25.936 1585 1585 I android.hardware.camera.provider@2.4-service: Registration complete for android.hardware.camera.provider@2.4::ICameraProvider/legacy/0.
01-16 13:56:26.000 1583 1583 E SoundTriggerHalImpl: couldn't load sound trigger module sound_trigger.primary (No such file or directory)
01-16 13:56:26.000 1583 1583 I ServiceManagement: Registered android.hardware.soundtrigger@2.0::ISoundTriggerHw/default (start delay of 4885ms)
01-16 13:56:26.000 1583 1583 I audiohalservice: Registration complete for android.hardware.soundtrigger@2.0::ISoundTriggerHw/default.
01-16 13:56:26.001 1478 1478 I hwservicemanager: getTransport: Cannot find entry android.hardware.bluetooth.audio@2.0::IBluetoothAudioProvidersFactory/default in either framework or device manifest.
01-16 13:56:26.001 1583 1583 E audiohalservice: Could not get passthrough implementation for android.hardware.bluetooth.audio@2.0::IBluetoothAudioProvidersFactory/default.
01-16 13:56:26.001 1583 1583 W audiohalservice: Could not register Bluetooth Audio API 2.0
01-16 13:56:26.001 1478 1478 I hwservicemanager: getTransport: Cannot find entry android.hardware.bluetooth.a2dp@1.0::IBluetoothAudioOffload/default in either framework or device manifest.
01-16 13:56:26.001 1583 1583 E audiohalservice: Could not get passthrough implementation for android.hardware.bluetooth.a2dp@1.0::IBluetoothAudioOffload/default.
01-16 13:56:26.001 1583 1583 W audiohalservice: Could not register Bluetooth audio offload 1.0
01-16 13:56:26.015 1626 1657 I ServiceManager: Waiting for service 'package_native' on '/dev/binder'...
01-16 13:56:26.125 1626 1657 I chatty : uid=0(root) /system/bin/storaged identical 1 line
01-16 13:56:26.229 1626 1657 I ServiceManager: Waiting for service 'package_native' on '/dev/binder'...
01-16 13:56:26.248 1622 1622 V MediaUtils: physMem: 2091626496
01-16 13:56:26.248 1622 1622 V MediaUtils: requested limit: 418325280
01-16 13:56:26.248 1622 1622 I libc : malloc_limit: Allocation limit enabled, max size 418325280 bytes
01-16 13:56:26.251 1615 1615 I cameraserver: ServiceManager: 0xf545db80
01-16 13:56:26.253 1615 1615 I CameraService: CameraService started (pid=1615)
01-16 13:56:26.253 1615 1615 I CameraService: CameraService process starting
01-16 13:56:26.253 1615 1615 W BatteryNotifier: batterystats service unavailable!
01-16 13:56:26.253 1615 1615 W BatteryNotifier: batterystats service unavailable!
01-16 13:56:26.255 1622 1622 W /system/bin/mediaextractor: Could not read additional policy file '/vendor/etc/seccomp_policy/mediaextractor.policy'
01-16 13:56:26.255 1622 1622 W /system/bin/mediaextractor: libminijail[1622]: failed to get path of fd 4: No such file or directory
01-16 13:56:26.256 1622 1622 W /system/bin/mediaextractor: libminijail[1622]: allowing syscall: socketcall
01-16 13:56:26.256 1622 1622 W /system/bin/mediaextractor: libminijail[1622]: allowing syscall: writev
01-16 13:56:26.256 1622 1622 W /system/bin/mediaextractor: libminijail[1622]: allowing syscall: fcntl64
01-16 13:56:26.256 1622 1622 W /system/bin/mediaextractor: libminijail[1622]: allowing syscall: clock_gettime
01-16 13:56:26.257 1622 1622 W /system/bin/mediaextractor: libminijail[1622]: logging seccomp filter failures
01-16 13:56:26.259 1615 1615 I CameraProviderManager: Connecting to new camera provider: legacy/0, isRemote? 1
01-16 13:56:26.260 1615 1615 I CameraProviderManager: Enumerating new camera device: device@3.3/legacy/0
01-16 13:56:26.260 1615 1615 E CameraProviderManager: DeviceInfo3: Converted ICameraDevice instance to nullptr
01-16 13:56:26.260 1615 1615 I CameraProviderManager: Enumerating new camera device: device@3.3/legacy/1
01-16 13:56:26.260 1615 1615 E CameraProviderManager: DeviceInfo3: Converted ICameraDevice instance to nullptr
01-16 13:56:26.260 1615 1615 I CameraProviderManager: Camera provider legacy/0 ready with 2 camera devices
01-16 13:56:26.262 1478 1478 I hwservicemanager: getTransport: Cannot find entry android.hardware.camera.provider@2.4::ICameraProvider/external/0 in either framework or device manifest.
01-16 13:56:26.263 1615 1790 W CameraProviderManager: addProviderLocked: Camera provider HAL with name 'legacy/0' already registered
01-16 13:56:26.264 1615 1615 I CameraHardwareInterface: Opening camera 1
01-16 13:56:26.264 1615 1615 E CameraHardwareInterface: initialize: openSession failed! No such file or directory (-2)
01-16 13:56:26.264 1615 1615 E CameraFlashlight: connectCameraDevice: initializing camera 1 failed
01-16 13:56:26.264 1615 1615 I CameraHardwareInterface: Destroying camera 1
01-16 13:56:26.264 1615 1615 E CameraFlashlight: findFlashUnits: failed to check if camera 1 has a flash unit. No such file or directory (-2)
01-16 13:56:26.264 1615 1615 I CameraHardwareInterface: Opening camera 0
01-16 13:56:26.264 1615 1615 E CameraHardwareInterface: initialize: openSession failed! No such file or directory (-2)
01-16 13:56:26.264 1615 1615 E CameraFlashlight: connectCameraDevice: initializing camera 0 failed
01-16 13:56:26.264 1615 1615 I CameraHardwareInterface: Destroying camera 0
01-16 13:56:26.264 1615 1615 E CameraFlashlight: findFlashUnits: failed to check if camera 0 has a flash unit. No such file or directory (-2)
01-16 13:56:26.264 1615 1615 I CameraService: onDeviceStatusChanged: Status changed for cameraId=1, newStatus=1
01-16 13:56:26.264 1615 1615 I CameraService: onDeviceStatusChanged: Unknown camera ID 1, a new camera is added
01-16 13:56:26.264 1615 1615 I CameraService: onDeviceStatusChanged: Status changed for cameraId=0, newStatus=1
01-16 13:56:26.264 1615 1615 I CameraService: onDeviceStatusChanged: Unknown camera ID 0, a new camera is added
01-16 13:56:26.265 1615 1615 I : Waiting for activity service
01-16 13:56:26.329 1626 1657 I ServiceManager: Waiting for service 'package_native' on '/dev/binder'...
01-16 13:56:26.424 1578 1578 D AndroidRuntime: >>>>>> START com.android.internal.os.ZygoteInit uid 0 <<<<<<
01-16 13:56:26.430 1626 1657 I ServiceManager: Waiting for service 'package_native' on '/dev/binder'...
01-16 13:56:26.494 1603 1603 I FastMixerState: sMaxFastTracks = 8
01-16 13:56:26.498 1603 1603 V MediaUtils: physMem: 2091626496
01-16 13:56:26.498 1603 1603 V MediaUtils: requested limit: 418325280
01-16 13:56:26.499 1603 1603 I libc : malloc_limit: Allocation limit enabled, max size 418325280 bytes
01-16 13:56:26.499 1603 1603 I audioserver: ServiceManager: 0xf698db80
01-16 13:56:26.499 1603 1603 W BatteryNotifier: batterystats service unavailable!
01-16 13:56:26.500 1478 1478 I hwservicemanager: getTransport: Cannot find entry android.hardware.audio@5.0::IDevicesFactory/default in either framework or device manifest.
01-16 13:56:26.501 1478 1478 I hwservicemanager: getTransport: Cannot find entry android.hardware.audio@4.0::IDevicesFactory/msd in either framework or device manifest.
01-16 13:56:26.502 1478 1478 I hwservicemanager: getTransport: Cannot find entry android.hardware.audio.effect@5.0::IEffectsFactory/default in either framework or device manifest.
01-16 13:56:26.503 1603 1603 I AudioFlinger: Using default 3000 mSec as standby time.
01-16 13:56:26.535 1626 1657 I ServiceManager: Waiting for service 'package_native' on '/dev/binder'...
01-16 13:56:26.557 1785 1785 E hostapd : Configuration file: /data/vendor/wifi/hostapd/hostapd.conf
01-16 13:56:26.635 1626 1657 I ServiceManager: Waiting for service 'package_native' on '/dev/binder'...
01-16 13:56:26.935 1626 1657 I chatty : uid=0(root) /system/bin/storaged identical 3 lines
01-16 13:56:27.036 1626 1657 I ServiceManager: Waiting for service 'package_native' on '/dev/binder'...
01-16 13:56:27.075 1779 1779 E ipv6proxy: Failed to forward Router Advertisement from eth0 to wlan1: Network is unreachable
01-16 13:56:27.076 1779 1779 E ipv6proxy: Failed to forward Router Advertisement from eth0 to radio0-peer: Cannot assign requested address
01-16 13:56:27.136 1626 1657 I ServiceManager: Waiting for service 'package_native' on '/dev/binder'...
01-16 13:56:27.236 1626 1657 I ServiceManager: Waiting for service 'package_native' on '/dev/binder'...
01-16 13:56:27.276 1785 1785 I hostapd : rfkill: Cannot get wiphy information
01-16 13:56:27.277 1785 1785 I hostapd : wlan1: interface state UNINITIALIZED->COUNTRY_UPDATE
01-16 13:56:27.297 1624 1624 I mediaserver: ServiceManager: 0xee606ca0
01-16 13:56:27.336 1626 1657 I ServiceManager: Waiting for service 'package_native' on '/dev/binder'...
01-16 13:56:27.436 1626 1657 I chatty : uid=0(root) /system/bin/storaged identical 1 line
01-16 13:56:27.537 1626 1657 I ServiceManager: Waiting for service 'package_native' on '/dev/binder'...
01-16 13:56:27.610 1603 1603 E APM::Serializer: deserialize: Could not parse /odm/etc/audio_policy_configuration.xml document.
01-16 13:56:27.640 1626 1657 I ServiceManager: Waiting for service 'package_native' on '/dev/binder'...
01-16 13:56:27.686 1622 1622 E MediaExtractorFactory: couldn't opendir(/system/lib/extractors)
01-16 13:56:27.714 1624 1624 W BatteryNotifier: batterystats service unavailable!
01-16 13:56:27.740 1626 1657 W ServiceManager: Service package_native didn't start. Returning NULL
01-16 13:56:27.740 1626 1657 E storaged: getService package_native failed
01-16 13:56:27.743 1626 1657 I storaged: storaged: Start
01-16 13:56:27.743 1626 1657 I ServiceManager: Waiting for service 'package_native' on '/dev/binder'...
01-16 13:56:27.843 1626 1657 I ServiceManager: Waiting for service 'package_native' on '/dev/binder'...
01-16 13:56:27.902 1603 1603 E APM::AudioPolicyEngine/Config: parse: Could not parse document /vendor/etc/audio_policy_engine_configuration.xml
01-16 13:56:27.902 1603 1603 W APM::AudioPolicyEngine/Base: loadAudioPolicyEngineConfig: No configuration found, using default matching phone experience.
01-16 13:56:27.902 1603 1603 E APM::AudioPolicyEngine/Config: parseLegacyVolumeFile: Could not parse document /odm/etc/audio_policy_configuration.xml
01-16 13:56:27.944 1626 1657 I ServiceManager: Waiting for service 'package_native' on '/dev/binder'...
01-16 13:56:27.949 1606 1606 D EGL_emulation: eglMakeCurrent: 0xec012c00: ver 3 1 (tinfo 0xec005820)
