01-16 13:56:59.856 1832 1832 I NetworkStackClient: Network stack service connected
01-16 13:56:59.860 1481 1481 D vold : Recognized experimental block major ID 253 as virtio-blk (emulator's virtual SD card device)
01-16 13:56:59.860 1481 1481 D vold : /system/bin/sgdisk
01-16 13:56:59.860 1481 1481 D vold : --android-dump
01-16 13:56:59.860 1481 1481 D vold : /dev/block/vold/disk:253,80
01-16 13:56:59.862 1832 1832 I Telecom : WiredHeadsetManager: ACTION_HEADSET_PLUG event, plugged in: false, : WHC.oADA@AAE
01-16 13:56:59.877 1832 1832 D MediaSessionService: Global priority session is changed from null to com.android.server.telecom/HeadsetMediaButton (userId=0)
01-16 13:56:59.879 1832 1934 D ConnectivityService: Got NetworkFactory Messenger for TelephonyNetworkFactory[0]
01-16 13:56:59.880 2064 2254 W m.android.phon: Long monitor contention with owner main (2064) at void java.lang.Object.wait(long, int)(Object.java:-2) waiters=0 in com.android.internal.telephony.Phone com.android.internal.telephony.PhoneFactory.getPhone(int) for 530ms
01-16 13:56:59.883 1832 1832 I ContentSuggestionsManagerService: Updating for user 0: disabled=false
01-16 13:56:59.883 1832 1832 D AutofillManagerService: Restriction did not change for user 0
01-16 13:56:59.896 1832 1930 D WifiClientModeImpl: Setting OUI to DA-A1-19
01-16 13:56:59.897 1832 1930 D WifiCountryCode: updateCountryCode to null
01-16 13:56:59.897 1832 1930 I WifiVendorHal: Driver: 1.0 Firmware: 1.0
01-16 13:56:59.901 1832 1930 E SupplicantStaIfaceHal: ISupplicantStaIface.setPowerSave failed: {.code = FAILURE_UNKNOWN, .debugMessage = }
01-16 13:56:59.902 1832 1930 D WakeupController: reset()
01-16 13:56:59.902 1832 1930 D WakeupController: Setting active to false
01-16 13:56:59.902 1832 1930 E WifiConfigManager: Cannot save to store before store is read!
01-16 13:56:59.902 1832 1930 I WifiClientModeImpl: disconnectedstate enter
01-16 13:56:59.911 1832 1832 I ExplicitHealthCheckController: Explicit health check service is connected ComponentInfo{android.ext.services/android.ext.services.watchdog.ExplicitHealthCheckServiceImpl}
01-16 13:56:59.912 1832 1832 I ExplicitHealthCheckController: Service initialized, syncing requests
01-16 13:56:59.922 1577 1577 W ServiceManager: Permission failure: android.permission.NETWORK_STACK from uid=1073 pid=2014
01-16 13:56:59.922 1577 1577 I netd : interfaceSetEnableIPv6("wlan0", "false") <0.58ms>
01-16 13:56:59.922 1832 1832 D PackageWatchdog: Getting all observed packages pending health checks
01-16 13:56:59.922 1832 1832 I PackageWatchdog: Syncing health check requests for packages: {}
01-16 13:56:59.923 1832 1832 D ExplicitHealthCheckController: Getting health check supported packages
01-16 13:56:59.923 1832 1832 W Looper : Drained
01-16 13:56:59.923 1832 1832 V NotificationAssistants: 0 notification assistant service connected: ComponentInfo{android.ext.services/android.ext.services.notification.Assistant}
01-16 13:56:59.923 1577 1577 W ServiceManager: Permission failure: android.permission.NETWORK_STACK from uid=1073 pid=2014
01-16 13:56:59.924 1577 1577 I netd : interfaceClearAddrs("wlan0") <1.58ms>
01-16 13:56:59.931 2252 2289 D ExtAssistant: File doesn't exist or isn't readable yet
01-16 13:56:59.934 1832 2084 I ExplicitHealthCheckController: Explicit health check supported packages [PackageConfig{com.android.networkstack, 3600000}]
01-16 13:56:59.934 1832 2084 D PackageWatchdog: Received supported packages [PackageConfig{com.android.networkstack, 3600000}]
01-16 13:56:59.935 1832 2084 D ExplicitHealthCheckController: Getting health check requested packages
01-16 13:56:59.936 1832 2084 I ExplicitHealthCheckController: Explicit health check requested packages []
01-16 13:56:59.936 1832 2084 I ExplicitHealthCheckController: No more health check requests, unbinding...
01-16 13:56:59.937 1832 2084 I ExplicitHealthCheckController: Explicit health check service is unbound
01-16 13:56:59.944 2064 2064 D CarrierConfigLoader: CarrierConfigLoader has started
01-16 13:56:59.945 2064 2064 E BluetoothAdapter: Bluetooth binder is null
01-16 13:56:59.948 2229 2229 W InputAttributes: No editor info for this field. Bug?
01-16 13:56:59.959 2064 2288 E ActivityThread: Failed to find provider info for com.android.contacts
01-16 13:56:59.959 2064 2288 W CallerInfoCache: cursor is null
01-16 13:56:59.969 1478 1478 I hwservicemanager: getTransport: Cannot find entry android.hardware.radio.config@1.1::IRadioConfig/default in either framework or device manifest.
01-16 13:56:59.970 1478 1478 I hwservicemanager: getTransport: Cannot find entry android.hardware.radio.config@1.0::IRadioConfig/default in either framework or device manifest.
01-16 13:57:00.050 1832 2084 D AlarmManagerService: Kernel timezone updated to -120 minutes west of GMT
01-16 13:57:00.054 2229 2295 I LatinIME:LogUtils: Dictionary info: dictionary = UserHistoryDictionary.en_US ; version = 1610798220 ; date = ?
01-16 13:57:00.055 1832 2084 D timedetector.SimpleTimeDetectorStrategy: adjustAndSetDeviceSystemClock: Not setting system clock. New time and system clock are close enough. elapsedRealtimeMillis=49780 newTime=TimestampedValue{mReferenceTimeMillis=13739, mValue=1610798183000} reason=New time signal systemClockUpdateThreshold=2000 absTimeDifference=1014
01-16 13:57:00.073 2229 2295 I LatinIME:LogUtils: Dictionary info: dictionary = userunigram.en_US ; version = 1610798220 ; date = ?
01-16 13:57:00.074 2229 2295 E ActivityThread: Failed to find provider info for user_dictionary
01-16 13:57:00.117 1832 2084 I DefaultPermGrantPolicy: Revoking permissions from disabled data services for user:0
01-16 13:57:00.123 1832 2084 I DefaultPermGrantPolicy: Granting permissions to enabled data services for user:0
01-16 13:57:00.273 1832 1851 I DropBoxManagerService: add tag=system_app_strictmode isTagEnabled=true flags=0x2
01-16 13:57:00.286 2229 2295 I LatinIME:LogUtils: Dictionary info: dictionary = main:en ; version = 54 ; date = 1414726273
01-16 13:57:00.393 1478 1478 I hwservicemanager: getTransport: Cannot find entry android.hardware.radio.config@1.1::IRadioConfig/default in either framework or device manifest.
01-16 13:57:00.394 1478 1478 I hwservicemanager: getTransport: Cannot find entry android.hardware.radio.config@1.0::IRadioConfig/default in either framework or device manifest.
01-16 13:57:00.356 1832 1851 I DropBoxManagerService: add tag=system_app_strictmode isTagEnabled=true flags=0x2
01-16 13:57:00.404 1832 1899 D ConnectivityService: requestNetwork for uid/pid:1001/2064 NetworkRequest [ TRACK_DEFAULT id=14, [ Capabilities: INTERNET&NOT_RESTRICTED&TRUSTED Uid: 1001] ]
01-16 13:57:00.404 1478 1478 I hwservicemanager: getTransport: Cannot find entry android.hardware.radio.config@1.1::IRadioConfig/default in either framework or device manifest.
01-16 13:57:00.405 1478 1478 I hwservicemanager: getTransport: Cannot find entry android.hardware.radio.config@1.0::IRadioConfig/default in either framework or device manifest.
01-16 13:57:00.406 2064 2064 D PhoneSwitcherNetworkRequstListener: got request NetworkRequest [ TRACK_DEFAULT id=10, [ Capabilities: INTERNET&NOT_RESTRICTED&TRUSTED Uid: 1000] ] with score 0 and serial -1
01-16 13:57:00.406 2064 2064 D PhoneSwitcherNetworkRequstListener: got request NetworkRequest [ TRACK_DEFAULT id=12, [ Capabilities: INTERNET&NOT_RESTRICTED&TRUSTED Uid: 10089] ] with score 0 and serial -1
01-16 13:57:00.406 2064 2064 D PhoneSwitcherNetworkRequstListener: got request NetworkRequest [ REQUEST id=6, [ Capabilities: INTERNET&NOT_RESTRICTED&TRUSTED&NOT_VPN] ] with score 0 and serial -1
01-16 13:57:00.406 2064 2064 D PhoneSwitcherNetworkRequstListener: got request NetworkRequest [ REQUEST id=1, [ Capabilities: INTERNET&NOT_RESTRICTED&TRUSTED&NOT_VPN] ] with score 0 and serial -1
01-16 13:57:00.406 2064 2064 D PhoneSwitcherNetworkRequstListener: got request NetworkRequest [ BACKGROUND_REQUEST id=2, [ Transports: CELLULAR Capabilities: INTERNET&NOT_RESTRICTED&TRUSTED&NOT_VPN] ] with score 0 and serial -1
01-16 13:57:00.407 2064 2064 D TelephonyDebugService: TelephonyDebugService()
01-16 13:57:00.409 2064 2064 D CarrierConfigLoader: mHandler: 12 phoneId: 0
01-16 13:57:00.461 1481 1481 D vold : DISK gpt C974D488-612D-45E3-8517-6BEC4416FC8C
01-16 13:57:00.461 1481 1481 D vold :
01-16 13:57:00.461 1481 1481 D vold : PART 1 19A710A2-B3CA-11E4-B026-10604B889DCF D5A44059-D597-46F2-BC18-8BC022BDC19E android_meta
01-16 13:57:00.461 1481 1481 D vold :
01-16 13:57:00.461 1481 1481 D vold : PART 2 193D1EA4-B3CA-11E4-B075-10604B889DCF F87FA4E1-ACCD-444A-97BB-61F5CC7D646F android_expand
01-16 13:57:00.461 1481 1481 D vold :
01-16 13:57:00.491 1481 1481 D vold : Found key for GUID f87fa4e1accd444a97bb61f5cc7d646f
01-16 13:57:00.492 1481 1481 E Cryptfs : Cannot remove dm-crypt device private:253,82: No such device or address
01-16 13:57:00.510 1481 1481 I Cryptfs : Creating crypto dev "private:253,82"; cipher=aes-cbc-essiv:sha256, keysize=16, real_dev=/dev/block/vold/private:253,82, len=519028224, params="1 allow_discards"
01-16 13:57:00.583 1481 1481 I vold : wait for '/dev/block/dm-3' took 0ms
01-16 13:57:00.584 1481 1494 D vold : Disk at 251:3 changed
01-16 13:57:00.586 1481 1481 D vold : /system/bin/blkid
01-16 13:57:00.586 1481 1481 D vold : -c
01-16 13:57:00.586 1481 1481 D vold : /dev/null
01-16 13:57:00.586 1481 1481 D vold : -s
01-16 13:57:00.586 1481 1481 D vold : TYPE
01-16 13:57:00.586 1481 1481 D vold : -s
01-16 13:57:00.586 1481 1481 D vold : UUID
01-16 13:57:00.586 1481 1481 D vold : -s
01-16 13:57:00.586 1481 1481 D vold : LABEL
01-16 13:57:00.586 1481 1481 D vold : /dev/block/dm-3
01-16 13:57:00.689 1481 1481 D vold : /dev/block/dm-3: UUID="9da996ab-1ca4-4ed6-a4c7-fe033ed1a4d1" TYPE="ext4"
01-16 13:57:00.689 1481 1481 D vold :
01-16 13:57:00.713 1967 1967 I CameraManagerGlobal: Connecting to camera service
01-16 13:57:00.810 2064 2064 D PhoneSwitcherNetworkRequstListener: got request NetworkRequest [ TRACK_DEFAULT id=14, [ Capabilities: INTERNET&NOT_RESTRICTED&TRUSTED Uid: 1001] ] with score 0 and serial 0
01-16 13:57:00.812 1832 1864 E KernelCpuUidFreqTimeReader: Failed to read /proc/uid_time_in_state: java.nio.file.NoSuchFileException: /proc/uid_time_in_state
01-16 13:57:00.813 1832 1864 E KernelCpuSpeedReader: Failed to read cpu-freq: /sys/devices/system/cpu/cpu0/cpufreq/stats/time_in_state: open failed: ENOENT (No such file or directory)
01-16 13:57:00.814 1832 1864 W KernelCpuProcStringReader: File not found. It's normal if not implemented: /proc/uid_time_in_state
01-16 13:57:00.814 1832 1864 W KernelCpuProcStringReader: File not found. It's normal if not implemented: /proc/uid_concurrent_active_time
01-16 13:57:00.814 1832 1864 W KernelCpuProcStringReader: File not found. It's normal if not implemented: /proc/uid_concurrent_policy_time
01-16 13:57:00.892 1481 1481 D vold : Running /system/bin/e2fsck on /dev/block/dm-3
01-16 13:57:00.892 1481 1481 D vold : /system/bin/e2fsck
01-16 13:57:00.892 1481 1481 D vold : -y
01-16 13:57:00.892 1481 1481 D vold : /dev/block/dm-3
01-16 13:57:00.978 1832 2084 I WifiService: WifiService trying to set country code to us
01-16 13:57:00.978 1832 2084 I WifiService: setCountryCode uid=1001
01-16 13:57:00.978 1832 2084 D WifiCountryCode: Receive set country code request: us
01-16 13:57:00.978 1832 2084 D WifiCountryCode: updateCountryCode to US
01-16 13:57:00.986 1832 1927 W BestClock: java.time.DateTimeException: Missing NTP fix
01-16 13:57:00.991 1832 2084 D WifiCountryCode: Succeeded to set country code to: US
01-16 13:57:01.004 1832 1927 W BestClock: java.time.DateTimeException: Missing NTP fix
01-16 13:57:01.006 1577 1577 I netd : bandwidthSetGlobalAlert(2097152) <0.17ms>
01-16 13:57:01.009 1832 2084 D AlarmManagerService: Kernel timezone updated to -120 minutes west of GMT
01-16 13:57:01.033 1481 1481 D vold : /dev/block/dm-3: clean, 23/126720 files, 8194/126715 blocks
01-16 13:57:01.033 1481 1481 D vold :
01-16 13:57:01.071 1481 1481 D vold : private:253,82 passed filesystem check
01-16 13:57:01.116 2064 2064 D ServiceStateProvider: subId=-1
01-16 13:57:01.152 1578 1578 D Zygote : Forked child process 2319
01-16 13:57:01.172 2064 2064 I TelecomFramework: : onSubscriptionsChanged - update accounts
01-16 13:57:01.173 2064 2064 I TelecomFramework: TelecomAccountRegistry: setupAccounts: Found 1 phones. Attempting to register.
01-16 13:57:01.173 2064 2064 I TelecomFramework: TelecomAccountRegistry: setupAccounts: Phone with subscription id -1
01-16 13:57:01.173 2064 2064 I TelecomFramework: TelecomAccountRegistry: setupAccounts: adding default
01-16 13:57:01.174 2064 2064 E PhoneInterfaceManager: [PhoneIntfMgr] getIccId: No UICC
01-16 13:57:01.229 1481 1481 D vold : Starting restorecon of /mnt/expand/9da996ab-1ca4-4ed6-a4c7-fe033ed1a4d1
01-16 13:57:01.244 1832 1860 W ActivityManager: Slow operation: 153ms so far, now at startProcess: returned from zygote!
01-16 13:57:01.245 1832 1860 W ActivityManager: Slow operation: 154ms so far, now at startProcess: done updating battery stats
01-16 13:57:01.245 1832 1860 W ActivityManager: Slow operation: 154ms so far, now at startProcess: building log message
01-16 13:57:01.245 1832 1860 I ActivityManager: Start proc 2319:com.android.cellbroadcastreceiver/u0a55 for broadcast {com.android.cellbroadcastreceiver/com.android.cellbroadcastreceiver.CellBroadcastReceiver}
01-16 13:57:01.245 1832 1860 W ActivityManager: Slow operation: 154ms so far, now at startProcess: starting to update pids map
01-16 13:57:01.245 1832 1860 W ActivityManager: Slow operation: 154ms so far, now at startProcess: done updating pids map
01-16 13:57:01.246 2319 2319 W oadcastreceive: Unexpected CPU variant for X86 using defaults: x86
01-16 13:57:01.254 2064 2064 E PhoneInterfaceManager: [PhoneIntfMgr] isRttSupported: no Phone found. Invalid subId:-1
01-16 13:57:01.262 1832 1899 I Telecom : PhoneAccountRegistrar: New phone account registered: [[ ] PhoneAccount: ComponentInfo{com.android.phone/com.android.services.telephony.TelephonyConnectionService}, ***, UserHandle{0} Capabilities: CallProvider MultiUser PlaceEmerg SimSub Audio Routes: BESW Schemes: tel voicemail Extras: Bundle[{android.telecom.extra.SUPPORTS_VIDEO_CALLING_FALLBACK=true}] GroupId: ***]: TSI.rPA@AAI
01-16 13:57:01.268 1481 1481 D vold : Finished restorecon of /mnt/expand/9da996ab-1ca4-4ed6-a4c7-fe033ed1a4d1
01-16 13:57:01.299 1832 1899 I Telecom : CallsManager: Sending phone-account ComponentInfo{com.android.phone/com.android.services.telephony.TelephonyConnectionService}, ***, UserHandle{0} registered intent as user: TSI.rPA@AAI
01-16 13:57:01.299 1832 1899 I Telecom : CallsManager: Sending phone-account registered intent to default dialer: TSI.rPA@AAI
01-16 13:57:01.300 2064 2064 I TelecomFramework: AccountEntry: Registered phoneAccount: [[ ] PhoneAccount: ComponentInfo{com.android.phone/com.android.services.telephony.TelephonyConnectionService}, ***, UserHandle{0} Capabilities: CallProvider MultiUser PlaceEmerg SimSub Audio Routes: BESW Schemes: tel voicemail Extras: Bundle[{android.telecom.extra.SUPPORTS_VIDEO_CALLING_FALLBACK=true}] GroupId: ***] with handle: ComponentInfo{com.android.phone/com.android.services.telephony.TelephonyConnectionService}, ***, UserHandle{0}
01-16 13:57:01.300 2064 2064 I TelecomFramework: PstnIncomingCallNotifier: Registering: Handler (com.android.internal.telephony.GsmCdmaPhone) {a723ea1}
01-16 13:57:01.302 2064 2064 I TelecomFramework: TelecomAccountRegistry: Unregistering phone account ComponentInfo{com.android.phone/com.android.services.telephony.TelephonyConnectionService}, ***, UserHandle{0}.
01-16 13:57:01.306 1967 1967 D StatusBar: mUserSetupObserver - DeviceProvisionedListener called for user 0
01-16 13:57:01.325 1832 1899 I Telecom : CallsManager: Sending phone-account ComponentInfo{com.android.phone/com.android.services.telephony.TelephonyConnectionService}, ***, UserHandle{0} unregistered intent as user: TSI.uPA@AAQ
01-16 13:57:01.326 1832 1899 I Telecom : CallsManager: Sending phone-account unregistered intent to default dialer: TSI.uPA@AAQ
01-16 13:57:01.327 1967 1967 D StatusBar: updateQsExpansionEnabled - QS Expand enabled: true
01-16 13:57:01.335 2064 2064 D MultiSimSettingController: onSubscriptionsChanged
01-16 13:57:01.336 1967 1967 D StatusBar: mUserSetupObserver - DeviceProvisionedListener called for user 0
01-16 13:57:01.337 1967 2226 D OpenGLRenderer: profile bars disabled
01-16 13:57:01.337 1967 2226 D OpenGLRenderer: ambientRatio = 1.50
01-16 13:57:01.340 1619 1910 D installd: Found quota mount /dev/block/vdc at /data
01-16 13:57:01.340 2064 2064 W PhoneGlobals: Can't get phone with sub id = -1
01-16 13:57:01.352 1619 1910 D installd: Found quota mount /dev/block/dm-3 at /mnt/expand/9da996ab-1ca4-4ed6-a4c7-fe033ed1a4d1
01-16 13:57:01.357 1832 1832 V UserDataPreparer: Found /mnt/expand/9da996ab-1ca4-4ed6-a4c7-fe033ed1a4d1/user_de/0 with serial number -1
01-16 13:57:01.357 1832 1832 D UserDataPreparer: Serial number missing on /mnt/expand/9da996ab-1ca4-4ed6-a4c7-fe033ed1a4d1/user_de/0; assuming current is valid
01-16 13:57:01.359 1832 1832 V UserDataPreparer: Found /mnt/expand/9da996ab-1ca4-4ed6-a4c7-fe033ed1a4d1/user/0 with serial number -1
01-16 13:57:01.359 1832 1832 D UserDataPreparer: Serial number missing on /mnt/expand/9da996ab-1ca4-4ed6-a4c7-fe033ed1a4d1/user/0; assuming current is valid
01-16 13:57:01.359 1832 1832 V UserDataPreparer: Found /data/system_de/0 with serial number 0
01-16 13:57:01.359 1832 1832 V UserDataPreparer: Found /data/system_ce/0 with serial number 0
01-16 13:57:01.359 1832 1832 V UserDataPreparer: Found /data/misc_ce/0 with serial number 0
01-16 13:57:01.360 1481 1481 D vold : fscrypt_prepare_user_storage for volume 9da996ab-1ca4-4ed6-a4c7-fe033ed1a4d1, user 0, serial 0, flags 1
01-16 13:57:01.360 1481 1481 D vold : Preparing: /mnt/expand/9da996ab-1ca4-4ed6-a4c7-fe033ed1a4d1/user_de/0
01-16 13:57:01.390 2319 2319 I oadcastreceive: The ClassLoaderContext is a special shared library.
01-16 13:57:01.413 1481 1481 D vold : Key exists, using: /data/misc_de/0/vold/volume_keys/9da996ab-1ca4-4ed6-a4c7-fe033ed1a4d1/default
01-16 13:57:01.427 2319 2319 D CellBroadcastReceiver: onReceive Intent { act=android.intent.action.SERVICE_STATE flg=0x1000010 cmp=com.android.cellbroadcastreceiver/.CellBroadcastReceiver (has extras) }
01-16 13:57:01.461 1481 1481 D vold : Added key 691305330 (ext4:4ba2975b15ddbbf4) to keyring 498202695 in process 1481
01-16 13:57:01.461 1481 1481 D vold : Added key 85050138 (f2fs:4ba2975b15ddbbf4) to keyring 498202695 in process 1481
01-16 13:57:01.461 1481 1481 D vold : Added key 205542152 (fscrypt:4ba2975b15ddbbf4) to keyring 498202695 in process 1481
01-16 13:57:01.463 1481 1481 I vold : Policy for /mnt/expand/9da996ab-1ca4-4ed6-a4c7-fe033ed1a4d1/user_de/0 set to 4ba2975b15ddbbf4 modes 1/4
01-16 13:57:01.463 1481 1481 D vold : /system/bin/vold_prepare_subdirs
01-16 13:57:01.463 1481 1481 D vold : prepare
01-16 13:57:01.463 1481 1481 D vold : 9da996ab-1ca4-4ed6-a4c7-fe033ed1a4d1
01-16 13:57:01.463 1481 1481 D vold : 0
01-16 13:57:01.463 1481 1481 D vold : 1
01-16 13:57:01.631 1832 1871 V PackageManager: reconcileAppsData for 9da996ab-1ca4-4ed6-a4c7-fe033ed1a4d1 u0 0x1 migrateAppData=true
01-16 13:57:01.631 1832 1871 V PackageManager: reconcileAppsData finished 0 packages
01-16 13:57:01.632 1832 1871 I PackageManager: Un-granting permission android.permission.GLOBAL_SEARCH from package com.android.quicksearchbox (protectionLevel=18 flags=0x3088be45)
01-16 13:57:01.633 1832 1871 I PackageManager: Un-granting permission android.permission.BIND_WALLPAPER from package com.android.camera2 (protectionLevel=18 flags=0x20d8bc45)
01-16 13:57:01.644 1832 1871 I PackageManager: Un-granting permission android.permission.CONNECTIVITY_USE_RESTRICTED_NETWORKS from package com.android.captiveportallogin (protectionLevel=18 flags=0x38c8be45)
01-16 13:57:01.644 1832 1871 I PackageManager: Un-granting permission android.permission.NETWORK_BYPASS_PRIVATE_DNS from package com.android.captiveportallogin (protectionLevel=2 flags=0x38c8be45)
01-16 13:57:01.668 2064 2064 D IntentBroadcaster: Broadcasting and adding intent for rebroadcast: android.intent.action.SIM_STATE_CHANGED READY for slotId 0
01-16 13:57:01.788 1832 2084 W system_server: Long monitor contention with owner PackageManager (1871) at void com.android.server.pm.PackageManagerService.loadPrivatePackagesInner(android.os.storage.VolumeInfo)(PackageManagerService.java:22634) waiters=1 in int com.android.server.pm.PackageManagerService.checkUidPermission(java.lang.String, int) for 119ms
01-16 13:57:01.804 1967 1967 E BluetoothAdapter: Bluetooth binder is null
01-16 13:57:01.835 2064 2064 I TelecomFramework: PstnPhoneCapabilitiesNotifier: handleVideoCapabilitesChanged. Video capability - false
01-16 13:57:01.836 2064 2064 E PhoneInterfaceManager: [PhoneIntfMgr] getIccId: No UICC
01-16 13:57:01.837 2064 2064 E PhoneInterfaceManager: [PhoneIntfMgr] isRttSupported: no Phone found. Invalid subId:-1
01-16 13:57:01.857 1832 2084 I Telecom : PhoneAccountRegistrar: Modify account: [ComponentInfo{com.android.phone/com.android.services.telephony.TelephonyConnectionService}, ***, UserHandle{0}]: TSI.rPA@AAc
01-16 13:57:01.859 1832 2084 I Telecom : CallsManager: handlePhoneAccountChanged: phoneAccount=[[X] PhoneAccount: ComponentInfo{com.android.phone/com.android.services.telephony.TelephonyConnectionService}, ***, UserHandle{0} Capabilities: CallProvider MultiUser PlaceEmerg SimSub Audio Routes: BESW Schemes: tel voicemail Extras: Bundle[{android.telecom.extra.SUPPORTS_VIDEO_CALLING_FALLBACK=true}] GroupId: ***]: TSI.rPA@AAc
01-16 13:57:01.874 1967 1967 V WifiManager: registerSoftApCallback: callback=com.android.systemui.statusbar.policy.HotspotControllerImpl@502914f, handler=Handler (android.os.Handler) {c7820dc}
01-16 13:57:01.895 1967 1967 D SystemUIBootTiming: StartServicescom.android.systemui.SystemBars took to complete: 3221ms
01-16 13:57:01.895 1967 1967 W SystemUIService: Initialization of com.android.systemui.SystemBars took 3221 ms
01-16 13:57:01.902 1967 1967 D StorageNotification: Notifying about private volume: VolumeInfo{private:253,82}:
01-16 13:57:01.902 1967 1967 D StorageNotification: type=PRIVATE diskId=disk:253,80
01-16 13:57:01.902 1967 1967 D StorageNotification: partGuid=F87FA4E1-ACCD-444A-97BB-61F5CC7D646F mountFlags=0
01-16 13:57:01.902 1967 1967 D StorageNotification: mountUserId=-10000 state=MOUNTED
01-16 13:57:01.902 1967 1967 D StorageNotification: fsType=ext4 fsUuid=9da996ab-1ca4-4ed6-a4c7-fe033ed1a4d1 fsLabel=
01-16 13:57:01.902 1967 1967 D StorageNotification: path=/mnt/expand/9da996ab-1ca4-4ed6-a4c7-fe033ed1a4d1 internalPath=null
01-16 13:57:01.906 1967 1967 D StorageNotification: Notifying about private volume: VolumeInfo{private}:
01-16 13:57:01.906 1967 1967 D StorageNotification: type=PRIVATE diskId=null partGuid=null mountFlags=0 mountUserId=-10000
01-16 13:57:01.906 1967 1967 D StorageNotification: state=MOUNTED
01-16 13:57:01.906 1967 1967 D StorageNotification: fsType=null fsUuid=null fsLabel=null
01-16 13:57:01.906 1967 1967 D StorageNotification: path=/data internalPath=null
01-16 13:57:01.909 1967 1967 D SystemUIBootTiming: StartServicescom.android.systemui.usb.StorageNotification took to complete: 14ms
01-16 13:57:01.918 1967 2256 I SecurityController: failed to get CA certs
01-16 13:57:01.918 1967 2256 I SecurityController: java.lang.AssertionError: could not bind to KeyChainService
01-16 13:57:01.918 1967 2256 I SecurityController: at android.security.KeyChain.bindAsUser(KeyChain.java:814)
01-16 13:57:01.918 1967 2256 I SecurityController: at com.android.systemui.statusbar.policy.SecurityControllerImpl$CACertLoader.doInBackground(SecurityControllerImpl.java:415)
01-16 13:57:01.918 1967 2256 I SecurityController: at com.android.systemui.statusbar.policy.SecurityControllerImpl$CACertLoader.doInBackground(SecurityControllerImpl.java:411)
01-16 13:57:01.918 1967 2256 I SecurityController: at android.os.AsyncTask$3.call(AsyncTask.java:378)
01-16 13:57:01.918 1967 2256 I SecurityController: at java.util.concurrent.FutureTask.run(FutureTask.java:266)
01-16 13:57:01.918 1967 2256 I SecurityController: at android.os.AsyncTask$SerialExecutor$1.run(AsyncTask.java:289)
01-16 13:57:01.918 1967 2256 I SecurityController: at java.util.concurrent.ThreadPoolExecutor.runWorker(ThreadPoolExecutor.java:1167)
01-16 13:57:01.918 1967 2256 I SecurityController: at java.util.concurrent.ThreadPoolExecutor$Worker.run(ThreadPoolExecutor.java:641)
01-16 13:57:01.918 1967 2256 I SecurityController: at java.lang.Thread.run(Thread.java:919)
01-16 13:57:01.928 1967 1967 D SystemUIBootTiming: StartServicescom.android.systemui.power.PowerUI took to complete: 19ms
01-16 13:57:01.932 1967 2145 E ActivityThread: Failed to find provider info for com.android.contacts
01-16 13:57:01.934 1967 1967 D SystemUIBootTiming: StartServicescom.android.systemui.media.RingtonePlayer took to complete: 6ms
01-16 13:57:01.937 1967 1967 D SystemUIBootTiming: StartServicescom.android.systemui.keyboard.KeyboardUI took to complete: 3ms
01-16 13:57:02.007 1832 1927 W BestClock: java.time.DateTimeException: Missing NTP fix
01-16 13:57:02.007 1967 1967 D SystemUIBootTiming: StartServicescom.android.systemui.pip.PipUI took to complete: 70ms
01-16 13:57:02.007 1832 1927 W BestClock: java.time.DateTimeException: Missing NTP fix
01-16 13:57:02.008 1577 1577 I netd : bandwidthSetGlobalAlert(2097152) <0.11ms>
01-16 13:57:02.009 1967 1967 D SystemUIBootTiming: StartServicescom.android.systemui.shortcut.ShortcutKeyDispatcher took to complete: 2ms
01-16 13:57:02.009 1967 1967 D SystemUIBootTiming: StartServicescom.android.systemui.VendorServices took to complete: 0ms
01-16 13:57:02.010 1967 1967 D SystemUIBootTiming: StartServicescom.android.systemui.util.leak.GarbageMonitor$Service took to complete: 1ms
01-16 13:57:02.018 1967 1967 D SystemUIBootTiming: StartServicescom.android.systemui.LatencyTester took to complete: 7ms
01-16 13:57:02.044 2064 2064 D ServiceStateProvider: subId=-1
01-16 13:57:02.047 1967 1967 D SystemUIBootTiming: StartServicescom.android.systemui.globalactions.GlobalActionsComponent took to complete: 29ms
01-16 13:57:02.061 2064 2064 I VvmSimStateTracker: android.intent.action.SIM_STATE_CHANGED
01-16 13:57:02.062 2319 2319 D CellBroadcastReceiver: onReceive Intent { act=android.intent.action.SERVICE_STATE flg=0x1000010 cmp=com.android.cellbroadcastreceiver/.CellBroadcastReceiver (has extras) }
01-16 13:57:02.064 1967 1967 D SystemUIBootTiming: StartServicescom.android.systemui.ScreenDecorations took to complete: 17ms
01-16 13:57:02.071 1967 1967 D SystemUIBootTiming: StartServicescom.android.systemui.biometrics.BiometricDialogImpl took to complete: 7ms
01-16 13:57:02.077 1967 1967 D SystemUIBootTiming: StartServicescom.android.systemui.SliceBroadcastRelayHandler took to complete: 6ms
01-16 13:57:02.077 1967 1967 D SystemUIBootTiming: StartServicescom.android.systemui.SizeCompatModeActivityController took to complete: 0ms
01-16 13:57:02.084 1967 1967 D SystemUIBootTiming: StartServicescom.android.systemui.statusbar.notification.InstantAppNotifier took to complete: 7ms
01-16 13:57:02.105 1967 1967 D SystemUIBootTiming: StartServicescom.android.systemui.theme.ThemeOverlayController took to complete: 21ms
01-16 13:57:02.108 1967 1967 D InterruptionStateProvider: heads up is enabled
01-16 13:57:02.114 2064 2064 I TelecomFramework: : onSubscriptionsChanged - update accounts
01-16 13:57:02.114 2064 2064 I TelecomFramework: PstnIncomingCallNotifier: Unregistering: Handler (com.android.internal.telephony.GsmCdmaPhone) {a723ea1}
01-16 13:57:02.114 2064 2064 I TelecomFramework: TelecomAccountRegistry: setupAccounts: Found 1 phones. Attempting to register.
01-16 13:57:02.114 2064 2064 I TelecomFramework: TelecomAccountRegistry: setupAccounts: Phone with subscription id -1
01-16 13:57:02.114 2064 2064 I TelecomFramework: TelecomAccountRegistry: setupAccounts: adding default
01-16 13:57:02.128 2064 2064 E PhoneInterfaceManager: [PhoneIntfMgr] getIccId: No UICC
01-16 13:57:02.137 1967 1967 D StatusBar: disable disable2
01-16 13:57:02.138 1967 1967 D SystemUIBootTiming: StartServices took to complete: 5915ms
01-16 13:57:02.147 1967 1967 W AlarmManager: Unrecognized alarm listener com.android.systemui.keyguard.-$$Lambda$KeyguardSliceProvider$IhzByd8TsqFuOrSyuGurVskyPLo@44a1321
01-16 13:57:02.149 2064 2064 E PhoneInterfaceManager: [PhoneIntfMgr] isRttSupported: no Phone found. Invalid subId:-1
01-16 13:57:02.221 1967 1967 D Tonal : Tonal Palette - index: 10. Main color: ffe590b7
01-16 13:57:02.221 1967 1967 D Tonal : Colors: ff060104, ff1b0613, ff2f0b23, ff481135, ff671850, ff861f5d, ffa42773, ffbe4d91, ffd85a9e, ffde73aa, ffe590b7, ffefb9d1, fff5d6e5
01-16 13:57:02.221 1967 1967 D Tonal : Gradients:
01-16 13:57:02.221 1967 1967 D Tonal : Normal GradientColors(ffe590b7, ffe590b7)
01-16 13:57:02.221 1967 1967 D Tonal : Dark GradientColors(ff481135, ff481135)
01-16 13:57:02.221 1967 1967 D Tonal : Extra dark: GradientColors(ff2f0b23, ff2f0b23)
01-16 13:57:02.221 1967 1967 D Tonal : Tonal Palette - index: 10. Main color: ffe590b7
01-16 13:57:02.221 1967 1967 D Tonal : Colors: ff060104, ff1b0613, ff2f0b23, ff481135, ff671850, ff861f5d, ffa42773, ffbe4d91, ffd85a9e, ffde73aa, ffe590b7, ffefb9d1, fff5d6e5
01-16 13:57:02.221 1967 1967 D Tonal : Gradients:
01-16 13:57:02.221 1967 1967 D Tonal : Normal GradientColors(ffe590b7, ffe590b7)
01-16 13:57:02.221 1967 1967 D Tonal : Dark GradientColors(ff481135, ff481135)
01-16 13:57:02.221 1967 1967 D Tonal : Extra dark: GradientColors(ff2f0b23, ff2f0b23)
01-16 13:57:02.244 1967 1967 I Choreographer: Skipped 214 frames! The application may be doing too much work on its main thread.
01-16 13:57:02.279 1832 2094 I Telecom : PhoneAccountRegistrar: Modify account: [ComponentInfo{com.android.phone/com.android.services.telephony.TelephonyConnectionService}, ***, UserHandle{0}]: TSI.rPA@AAk
01-16 13:57:02.282 1832 2094 I Telecom : CallsManager: handlePhoneAccountChanged: phoneAccount=[[X] PhoneAccount: ComponentInfo{com.android.phone/com.android.services.telephony.TelephonyConnectionService}, ***, UserHandle{0} Capabilities: CallProvider MultiUser PlaceEmerg SimSub Audio Routes: BESW Schemes: tel voicemail Extras: Bundle[{android.telecom.extra.SUPPORTS_VIDEO_CALLING_FALLBACK=true}] GroupId: ***]: TSI.rPA@AAk
01-16 13:57:02.293 2064 2064 I TelecomFramework: AccountEntry: Registered phoneAccount: [[ ] PhoneAccount: ComponentInfo{com.android.phone/com.android.services.telephony.TelephonyConnectionService}, ***, UserHandle{0} Capabilities: CallProvider MultiUser PlaceEmerg SimSub Audio Routes: BESW Schemes: tel voicemail Extras: Bundle[{android.telecom.extra.SUPPORTS_VIDEO_CALLING_FALLBACK=true}] GroupId: ***] with handle: ComponentInfo{com.android.phone/com.android.services.telephony.TelephonyConnectionService}, ***, UserHandle{0}
01-16 13:57:02.293 2064 2064 I TelecomFramework: PstnIncomingCallNotifier: Registering: Handler (com.android.internal.telephony.GsmCdmaPhone) {a723ea1}
01-16 13:57:02.303 2064 2064 D MultiSimSettingController: onSubscriptionsChanged
01-16 13:57:02.420 1967 2226 D libEGL : Emulator has host GPU support, qemu.gles is set to 1.
01-16 13:57:02.435 1967 2226 W libc : Unable to set property "qemu.gles" to "1": error code: 0x18
01-16 13:57:02.451 1967 2226 D libEGL : loaded /vendor/lib/egl/libEGL_emulation.so
01-16 13:57:02.452 1967 2226 D libEGL : loaded /vendor/lib/egl/libGLESv1_CM_emulation.so
01-16 13:57:02.467 1967 2226 D libEGL : loaded /vendor/lib/egl/libGLESv2_emulation.so
01-16 13:57:02.485 1832 2084 E memtrack: Couldn't load memtrack module
01-16 13:57:02.485 1832 2084 W android.os.Debug: failed to get memory consumption info: -1
01-16 13:57:02.577 2064 2064 W PhoneGlobals: Can't get phone with sub id = -1
01-16 13:57:02.626 1967 2226 D : HostConnection::get() New Host Connection established 0xd800db60, tid 2226
01-16 13:57:02.660 2064 2064 D MccTable: updateMccMncConfiguration mccmnc='310260
01-16 13:57:02.660 2064 2064 D MccTable: updateMccMncConfiguration: mcc=310, mnc=260
01-16 13:57:02.660 2064 2064 D MccTable: updateMccMncConfiguration updateConfig config={0.0 310mcc260mnc ?localeList ?layoutDir ?swdp ?wdp ?hdp ?density ?lsize ?long ?ldr ?wideColorGamut ?orien ?uimode ?night ?touch ?keyb/?/? ?nav/? winConfig={ mBounds=Rect(0, 0 - 0, 0) mAppBounds=null mWindowingMode=undefined mDisplayWindowingMode=undefined mActivityType=undefined mAlwaysOnTop=undefined mRotation=undefined}}
01-16 13:57:02.666 1832 2084 I ActivityTaskManager: Config changes=3 {1.0 310mcc260mnc [en_US] ldltr sw411dp w411dp h659dp 420dpi nrml port finger qwerty/v/v -nav/h winConfig={ mBounds=Rect(0, 0 - 1080, 1920) mAppBounds=Rect(0, 0 - 1080, 1794) mWindowingMode=fullscreen mDisplayWindowingMode=fullscreen mActivityType=undefined mAlwaysOnTop=undefined mRotation=ROTATION_0} s.6}
01-16 13:57:02.690 1967 2226 D : HostComposition ext ANDROID_EMU_CHECKSUM_HELPER_v1 ANDROID_EMU_dma_v1 ANDROID_EMU_direct_mem ANDROID_EMU_host_composition_v1 ANDROID_EMU_host_composition_v2 ANDROID_EMU_async_unmap_buffer GL_OES_EGL_image_external_essl3 GL_OES_vertex_array_object GL_KHR_texture_compression_astc_ldr ANDROID_EMU_gles_max_version_3_1
01-16 13:57:02.699 1967 2226 W OpenGLRenderer: Failed to choose config with EGL_SWAP_BEHAVIOR_PRESERVED, retrying without...
01-16 13:57:02.706 1967 2226 D eglCodecCommon: setVertexArrayObject: set vao to 0 (0) 0 0
01-16 13:57:02.706 1967 2226 D EGL_emulation: eglCreateContext: 0xe35dad40: maj 3 min 1 rcv 4
01-16 13:57:02.716 1967 2226 D EGL_emulation: eglMakeCurrent: 0xe35dad40: ver 3 1 (tinfo 0xc1dd01a0)
01-16 13:57:02.717 1967 2226 E eglCodecCommon: glUtilsParamSize: unknow param 0x000082da
01-16 13:57:02.736 1832 2084 I ActivityTaskManager: Override config changes=3 {1.0 310mcc260mnc [en_US] ldltr sw411dp w411dp h659dp 420dpi nrml port finger qwerty/v/v -nav/h winConfig={ mBounds=Rect(0, 0 - 1080, 1920) mAppBounds=Rect(0, 0 - 1080, 1794) mWindowingMode=fullscreen mDisplayWindowingMode=fullscreen mActivityType=undefined mAlwaysOnTop=undefined mRotation=ROTATION_0} s.6} for displayId=0
01-16 13:57:02.718 1967 2226 E eglCodecCommon: glUtilsParamSize: unknow param 0x000082da
01-16 13:57:02.765 2096 2197 D EGL_emulation: eglMakeCurrent: 0xeeb04be0: ver 3 1 (tinfo 0xe35ef1d0)
01-16 13:57:02.774 2064 2064 I TelecomFramework: PstnPhoneCapabilitiesNotifier: handleVideoCapabilitesChanged. Video capability - false
01-16 13:57:02.774 2064 2064 E PhoneInterfaceManager: [PhoneIntfMgr] getIccId: No UICC
01-16 13:57:02.774 1593 1730 D gralloc_ranchu: gralloc_alloc: Creating ashmem region of size 8298496
01-16 13:57:02.784 2064 2064 E PhoneInterfaceManager: [PhoneIntfMgr] isRttSupported: no Phone found. Invalid subId:-1
01-16 13:57:02.793 1832 2084 I Telecom : PhoneAccountRegistrar: Modify account: [ComponentInfo{com.android.phone/com.android.services.telephony.TelephonyConnectionService}, ***, UserHandle{0}]: TSI.rPA@AAw
01-16 13:57:02.800 1832 2084 I Telecom : CallsManager: handlePhoneAccountChanged: phoneAccount=[[X] PhoneAccount: ComponentInfo{com.android.phone/com.android.services.telephony.TelephonyConnectionService}, ***, UserHandle{0} Capabilities: CallProvider MultiUser PlaceEmerg SimSub Audio Routes: BESW Schemes: tel voicemail Extras: Bundle[{android.telecom.extra.SUPPORTS_VIDEO_CALLING_FALLBACK=true}] GroupId: ***]: TSI.rPA@AAw
01-16 13:57:02.825 1593 1730 D gralloc_ranchu: gralloc_alloc: Creating ashmem region of size 544768
01-16 13:57:02.856 1478 1478 I hwservicemanager: getTransport: Cannot find entry android.hardware.graphics.mapper@3.0::IMapper/default in either framework or device manifest.
01-16 13:57:02.857 2096 2197 D EGL_emulation: eglMakeCurrent: 0xeeb04be0: ver 3 1 (tinfo 0xe35ef1d0)
01-16 13:57:02.858 1967 2226 W Gralloc3: mapper 3.x is not supported
01-16 13:57:02.869 1593 1730 D gralloc_ranchu: gralloc_alloc: Creating ashmem region of size 8298496
01-16 13:57:02.871 1967 2226 D : createUnique: call
01-16 13:57:02.879 1967 2226 D : HostConnection::get() New Host Connection established 0xd800df70, tid 2226
01-16 13:57:02.898 1967 2226 D : HostComposition ext ANDROID_EMU_CHECKSUM_HELPER_v1 ANDROID_EMU_dma_v1 ANDROID_EMU_direct_mem ANDROID_EMU_host_composition_v1 ANDROID_EMU_host_composition_v2 ANDROID_EMU_async_unmap_buffer GL_OES_EGL_image_external_essl3 GL_OES_vertex_array_object GL_KHR_texture_compression_astc_ldr ANDROID_EMU_gles_max_version_3_1
01-16 13:57:02.899 1967 2226 D eglCodecCommon: allocate: Ask for block of size 0x1000
01-16 13:57:02.899 1967 2226 D eglCodecCommon: allocate: ioctl allocate returned offset 0x3ffff4000 size 0x2000
01-16 13:57:02.921 1593 1730 D gralloc_ranchu: gralloc_alloc: Creating ashmem region of size 8298496
01-16 13:57:02.958 1593 1593 D gralloc_ranchu: gralloc_alloc: Creating ashmem region of size 544768
01-16 13:57:02.962 1967 2226 D EGL_emulation: eglMakeCurrent: 0xe35dad40: ver 3 1 (tinfo 0xc1dd01a0)
01-16 13:57:02.966 1593 1729 D gralloc_ranchu: gralloc_alloc: Creating ashmem region of size 544768
01-16 13:57:02.979 1967 2226 I OpenGLRenderer: Davey! duration=4308ms; Flags=1, IntendedVsync=48390796919, Vsync=51957463443, OldestInputEvent=9223372036854775807, NewestInputEvent=0, HandleInputStart=51969898763, AnimationStart=51969924684, PerformTraversalsStart=51970268965, DrawStart=52682979248, SyncQueued=52683165116, SyncStart=52687802577, IssueDrawCommandsStart=52687837312, SwapBuffers=52695005197, FrameCompleted=52703723926, DequeueBufferDuration=789000, QueueBufferDuration=491000,
01-16 13:57:02.997 1967 1967 D KeyguardClockSwitch: Updating clock: 157
01-16 13:57:03.038 1832 1927 W BestClock: java.time.DateTimeException: Missing NTP fix
01-16 13:57:03.039 1832 1927 W BestClock: java.time.DateTimeException: Missing NTP fix
01-16 13:57:03.039 1577 1577 I netd : bandwidthSetGlobalAlert(2097152) <0.12ms>
01-16 13:57:03.139 1967 2256 E ActivityThread: Failed to find provider info for com.android.contacts
01-16 13:57:03.144 2064 2064 I TelecomFramework: : onSubscriptionsChanged - update accounts
01-16 13:57:03.144 2064 2064 I TelecomFramework: PstnIncomingCallNotifier: Unregistering: Handler (com.android.internal.telephony.GsmCdmaPhone) {a723ea1}
01-16 13:57:03.144 2064 2064 I TelecomFramework: TelecomAccountRegistry: setupAccounts: Found 1 phones. Attempting to register.
01-16 13:57:03.144 2064 2064 I TelecomFramework: TelecomAccountRegistry: setupAccounts: Phone with subscription id -1
01-16 13:57:03.144 2064 2064 I TelecomFramework: TelecomAccountRegistry: setupAccounts: adding default
01-16 13:57:03.393 2064 2064 E PhoneInterfaceManager: [PhoneIntfMgr] getIccId: No UICC
01-16 13:57:03.398 2064 2064 E PhoneInterfaceManager: [PhoneIntfMgr] isRttSupported: no Phone found. Invalid subId:-1
01-16 13:57:03.409 1967 1982 I ndroid.systemu: NativeAlloc concurrent copying GC freed 26775(2392KB) AllocSpace objects, 4(80KB) LOS objects, 49% free, 2861KB/5722KB, paused 120us total 394.927ms
01-16 13:57:03.417 1832 1848 I Telecom : PhoneAccountRegistrar: Modify account: [ComponentInfo{com.android.phone/com.android.services.telephony.TelephonyConnectionService}, ***, UserHandle{0}(addr: tel:**********54 -> tel:)(subAddr: tel:**********54 -> tel:)]: TSI.rPA@AA0
01-16 13:57:03.419 1832 1848 I Telecom : CallsManager: handlePhoneAccountChanged: phoneAccount=[[X] PhoneAccount: ComponentInfo{com.android.phone/com.android.services.telephony.TelephonyConnectionService}, ***, UserHandle{0} Capabilities: CallProvider MultiUser PlaceEmerg SimSub Audio Routes: BESW Schemes: tel voicemail Extras: Bundle[{android.telecom.extra.SUPPORTS_VIDEO_CALLING_FALLBACK=true}] GroupId: ***]: TSI.rPA@AA0
01-16 13:57:03.420 2064 2064 I TelecomFramework: AccountEntry: Registered phoneAccount: [[ ] PhoneAccount: ComponentInfo{com.android.phone/com.android.services.telephony.TelephonyConnectionService}, ***, UserHandle{0} Capabilities: CallProvider MultiUser PlaceEmerg SimSub Audio Routes: BESW Schemes: tel voicemail Extras: Bundle[{android.telecom.extra.SUPPORTS_VIDEO_CALLING_FALLBACK=true}] GroupId: ***] with handle: ComponentInfo{com.android.phone/com.android.services.telephony.TelephonyConnectionService}, ***, UserHandle{0}
01-16 13:57:03.420 2064 2064 I TelecomFramework: PstnIncomingCallNotifier: Registering: Handler (com.android.internal.telephony.GsmCdmaPhone) {a723ea1}
01-16 13:57:03.422 2064 2064 D MultiSimSettingController: onSubscriptionsChanged
01-16 13:57:03.428 2064 2064 I TelecomFramework: PstnPhoneCapabilitiesNotifier: handleVideoCapabilitesChanged. Video capability - false
01-16 13:57:03.429 2064 2064 E PhoneInterfaceManager: [PhoneIntfMgr] getIccId: No UICC
01-16 13:57:03.429 2064 2064 E PhoneInterfaceManager: [PhoneIntfMgr] isRttSupported: no Phone found. Invalid subId:-1
01-16 13:57:03.440 1832 2167 I Telecom : PhoneAccountRegistrar: Modify account: [ComponentInfo{com.android.phone/com.android.services.telephony.TelephonyConnectionService}, ***, UserHandle{0}]: TSI.rPA@ABA
01-16 13:57:03.441 1832 2167 I Telecom : CallsManager: handlePhoneAccountChanged: phoneAccount=[[X] PhoneAccount: ComponentInfo{com.android.phone/com.android.services.telephony.TelephonyConnectionService}, ***, UserHandle{0} Capabilities: CallProvider MultiUser PlaceEmerg SimSub Audio Routes: BESW Schemes: tel voicemail Extras: Bundle[{android.telecom.extra.SUPPORTS_VIDEO_CALLING_FALLBACK=true}] GroupId: ***]: TSI.rPA@ABA
01-16 13:57:03.509 2064 2064 D TelephonyProvider: subIdString = 1 subId = 1
01-16 13:57:03.613 2064 2064 D MccTable: updateMccMncConfiguration mccmnc='310260
01-16 13:57:03.613 2064 2064 D MccTable: updateMccMncConfiguration: mcc=310, mnc=260
01-16 13:57:03.613 2064 2064 D MccTable: updateMccMncConfiguration updateConfig config={0.0 310mcc260mnc ?localeList ?layoutDir ?swdp ?wdp ?hdp ?density ?lsize ?long ?ldr ?wideColorGamut ?orien ?uimode ?night ?touch ?keyb/?/? ?nav/? winConfig={ mBounds=Rect(0, 0 - 0, 0) mAppBounds=null mWindowingMode=undefined mDisplayWindowingMode=undefined mActivityType=undefined mAlwaysOnTop=undefined mRotation=undefined}}
01-16 13:57:03.637 1593 2349 D gralloc_ranchu: gralloc_alloc: Creating ashmem region of size 274432
01-16 13:57:03.645 1593 2349 D gralloc_ranchu: gralloc_alloc: Creating ashmem region of size 274432
01-16 13:57:03.651 1593 1593 D gralloc_ranchu: gralloc_alloc: Creating ashmem region of size 274432
01-16 13:57:03.656 1967 1967 D StatusBar: disable disable2
01-16 13:57:03.672 1967 2226 D EGL_emulation: eglMakeCurrent: 0xe35dad40: ver 3 1 (tinfo 0xc1dd01a0)
01-16 13:57:03.696 1967 2226 I OpenGLRenderer: Davey! duration=5014ms; Flags=1, IntendedVsync=48390796919, Vsync=51957463443, OldestInputEvent=9223372036854775807, NewestInputEvent=0, HandleInputStart=51969898763, AnimationStart=51969924684, PerformTraversalsStart=51970268965, DrawStart=53391364057, SyncQueued=53391480223, SyncStart=53398108594, IssueDrawCommandsStart=53398331020, SwapBuffers=53398696692, FrameCompleted=53412163353, DequeueBufferDuration=59000, QueueBufferDuration=193000,
01-16 13:57:03.770 2319 2319 D CellBroadcastReceiver: onReceive Intent { act=android.telephony.action.DEFAULT_SMS_SUBSCRIPTION_CHANGED flg=0x21000010 cmp=com.android.cellbroadcastreceiver/.CellBroadcastReceiver (has extras) }
01-16 13:57:03.770 2319 2319 D CellBroadcastReceiver: Start Cell Broadcast configuration.
01-16 13:57:03.774 1832 2167 W Telecom : PhoneAccountRegistrar: Trying to set nonexistent default outgoing ComponentInfo{com.android.phone/com.android.services.telephony.TelephonyConnectionService}, ***, UserHandle{0}: TSI.sUSOPA@ABI
01-16 13:57:03.823 2319 2351 D CellBroadcastConfigService: Enable CellBroadcast on sub 1
01-16 13:57:03.917 1832 1849 E GnssLocationProvider: android_location_GnssLocationProvider_set_agps_server: AGPS interface not supported
01-16 13:57:03.917 1832 1849 W Looper : Slow dispatch took 177ms android.fg h=com.android.server.location.GnssLocationProvider$ProviderHandler c=android.app.-$$Lambda$LoadedApk$ReceiverDispatcher$Args$_BumDX2UKsnxLVrE6UJsJZkotuA@faf573a m=0
01-16 13:57:03.988 2064 2064 D TelephonyProvider: subIdString = 1 subId = 1
01-16 13:57:04.017 2064 2342 D IccSmsInterfaceManager: [IccSmsInterfaceManager] Calling setGsmBroadcastConfig with 1 configurations
01-16 13:57:04.148 2064 2078 I m.android.phon: Background concurrent copying GC freed 58868(4583KB) AllocSpace objects, 49(980KB) LOS objects, 49% free, 1692KB/3385KB, paused 56us total 306.340ms
01-16 13:57:04.156 1832 1850 W WindowManager: Keyguard drawn timeout. Setting mKeyguardDrawComplete
01-16 13:57:04.180 2064 2080 W System : A resource failed to call end.
01-16 13:57:04.181 2064 2080 W System : A resource failed to call end.
01-16 13:57:04.203 1832 1927 W BestClock: java.time.DateTimeException: Missing NTP fix
01-16 13:57:04.231 2064 2064 D MccTable: updateMccMncConfiguration mccmnc='310260
01-16 13:57:04.231 2064 2064 D MccTable: updateMccMncConfiguration: mcc=310, mnc=260
01-16 13:57:04.232 2064 2064 D MccTable: updateMccMncConfiguration updateConfig config={0.0 310mcc260mnc ?localeList ?layoutDir ?swdp ?wdp ?hdp ?density ?lsize ?long ?ldr ?wideColorGamut ?orien ?uimode ?night ?touch ?keyb/?/? ?nav/? winConfig={ mBounds=Rect(0, 0 - 0, 0) mAppBounds=null mWindowingMode=undefined mDisplayWindowingMode=undefined mActivityType=undefined mAlwaysOnTop=undefined mRotation=undefined}}
01-16 13:57:04.245 1832 1849 E GnssLocationProvider: android_location_GnssLocationProvider_set_agps_server: AGPS interface not supported
01-16 13:57:04.245 1832 1849 W Looper : Slow dispatch took 120ms android.fg h=com.android.server.location.GnssLocationProvider$ProviderHandler c=android.app.-$$Lambda$LoadedApk$ReceiverDispatcher$Args$_BumDX2UKsnxLVrE6UJsJZkotuA@33f63b6 m=0
01-16 13:57:04.261 1832 1927 W BestClock: java.time.DateTimeException: Missing NTP fix
01-16 13:57:04.261 1577 1577 I netd : bandwidthSetGlobalAlert(2097152) <0.14ms>
01-16 13:57:04.279 2064 2064 D TelephonyProvider: subIdString = 1 subId = 1
01-16 13:57:04.439 2064 2064 D TelephonyProvider: subIdString = 1 subId = 1
01-16 13:57:04.478 1832 1927 W BestClock: java.time.DateTimeException: Missing NTP fix
01-16 13:57:04.484 1832 1927 W BestClock: java.time.DateTimeException: Missing NTP fix
01-16 13:57:04.529 2064 2064 D TelephonyProvider: subIdString = 1 subId = 1
01-16 13:57:04.559 1832 1927 W BestClock: java.time.DateTimeException: Missing NTP fix
01-16 13:57:04.560 1577 1577 I netd : bandwidthSetGlobalAlert(2097152) <0.42ms>
01-16 13:57:04.579 1967 2138 D : HostConnection::get() New Host Connection established 0xd80a2b80, tid 2138
01-16 13:57:04.591 1832 1927 W BestClock: java.time.DateTimeException: Missing NTP fix
01-16 13:57:04.591 1577 1577 I netd : bandwidthSetGlobalAlert(2097152) <0.12ms>
01-16 13:57:04.688 2064 2064 D TelephonyProvider: subIdString = 1 subId = 1
01-16 13:57:04.697 1832 1927 W BestClock: java.time.DateTimeException: Missing NTP fix
01-16 13:57:04.702 1832 1927 W BestClock: java.time.DateTimeException: Missing NTP fix
01-16 13:57:04.708 2064 2064 D IntentBroadcaster: Broadcasting and adding intent for rebroadcast: android.intent.action.SIM_STATE_CHANGED LOADED for slotId 0
01-16 13:57:04.713 1577 1577 I netd : bandwidthSetGlobalAlert(2097152) <0.12ms>
01-16 13:57:04.718 2064 2064 D TelephonyProvider: subIdString = 1 subId = 1
01-16 13:57:04.722 1832 1832 D WifiService: resetting networks because SIM was loaded
01-16 13:57:04.722 1832 1930 D WifiClientModeImpl: resetting EAP-SIM/AKA/AKA' networks since SIM was changed
01-16 13:57:04.752 1967 2138 D : HostComposition ext ANDROID_EMU_CHECKSUM_HELPER_v1 ANDROID_EMU_dma_v1 ANDROID_EMU_direct_mem ANDROID_EMU_host_composition_v1 ANDROID_EMU_host_composition_v2 ANDROID_EMU_async_unmap_buffer GL_OES_EGL_image_external_essl3 GL_OES_vertex_array_object GL_KHR_texture_compression_astc_ldr ANDROID_EMU_gles_max_version_3_1
01-16 13:57:04.756 1967 2138 D eglCodecCommon: setVertexArrayObject: set vao to 0 (0) 0 0
01-16 13:57:04.756 1967 2138 D EGL_emulation: eglCreateContext: 0xe36df5e0: maj 3 min 1 rcv 4
01-16 13:57:04.779 1593 2349 D gralloc_ranchu: gralloc_alloc: Creating ashmem region of size 5095424
01-16 13:57:04.778 1832 1927 W BestClock: java.time.DateTimeException: Missing NTP fix
01-16 13:57:04.798 1832 1927 W BestClock: java.time.DateTimeException: Missing NTP fix
01-16 13:57:04.799 2064 2064 D CarrierIdProvider: updateCarrierIdForSubId: 1
01-16 13:57:04.802 1577 1577 I netd : bandwidthSetGlobalAlert(2097152) <0.11ms>
01-16 13:57:04.805 1967 2138 D EGL_emulation: eglMakeCurrent: 0xe36df5e0: ver 3 1 (tinfo 0xe3671f10)
01-16 13:57:04.806 1967 2138 E eglCodecCommon: glUtilsParamSize: unknow param 0x000082da
01-16 13:57:04.806 1967 2138 E eglCodecCommon: glUtilsParamSize: unknow param 0x000082da
01-16 13:57:04.821 2064 2064 D CarrierIdProvider: updateCarrierIdForSubId: 1
01-16 13:57:04.836 2064 2064 D TelephonyProvider: subIdString = 1 subId = 1
01-16 13:57:04.861 1832 1927 W BestClock: java.time.DateTimeException: Missing NTP fix
01-16 13:57:04.867 1832 1927 W BestClock: java.time.DateTimeException: Missing NTP fix
01-16 13:57:04.869 2064 2064 D TelephonyProvider: subIdString = 1 subId = 1
01-16 13:57:04.872 1577 1577 I netd : bandwidthSetGlobalAlert(2097152) <0.82ms>
01-16 13:57:04.881 2064 2064 D CarrierConfigLoader: update config for phoneId: 0 simState: LOADED
01-16 13:57:04.881 2064 2064 D CarrierSvcBindHelper: update binding for phoneId: 0 simState: LOADED
01-16 13:57:04.883 2064 2064 D TelephonyProvider: match current APN size: 1
01-16 13:57:04.884 2064 2064 D TelephonyProvider: match MNO APN: 1
01-16 13:57:04.885 2064 2064 D TelephonyProvider: subIdString = 1 subId = 1
01-16 13:57:04.915 1967 2138 W ndroid.systemu: Core platform API violation: Ljava/nio/Buffer;->position:I from Landroid/opengl/GLES20; using JNI
01-16 13:57:04.915 1967 2138 W ndroid.systemu: Core platform API violation: Ljava/nio/Buffer;->limit:I from Landroid/opengl/GLES20; using JNI
