01-16 13:57:12.493 1593 1593 I chatty : uid=1000(system) allocator@2.0-s identical 1 line
01-16 13:57:12.510 1593 1593 D gralloc_ranchu: gralloc_alloc: Creating ashmem region of size 28672
01-16 13:57:12.483 1832 1858 E memtrack: Couldn't load memtrack module
01-16 13:57:12.529 1832 1858 W android.os.Debug: failed to get memory consumption info: -1
01-16 13:57:12.530 1832 1858 E memtrack: Couldn't load memtrack module
01-16 13:57:12.530 1832 1858 W android.os.Debug: failed to get memory consumption info: -1
01-16 13:57:12.533 1832 1858 E memtrack: Couldn't load memtrack module
01-16 13:57:12.533 1832 1858 W android.os.Debug: failed to get memory consumption info: -1
01-16 13:57:12.533 1832 1858 E memtrack: Couldn't load memtrack module
01-16 13:57:12.533 1832 1858 W android.os.Debug: failed to get memory consumption info: -1
01-16 13:57:12.533 1832 1858 E memtrack: Couldn't load memtrack module
01-16 13:57:12.533 1832 1858 W android.os.Debug: failed to get memory consumption info: -1
01-16 13:57:12.534 1832 1858 E memtrack: Couldn't load memtrack module
01-16 13:57:12.534 1832 1858 W android.os.Debug: failed to get memory consumption info: -1
01-16 13:57:12.534 1832 1858 E memtrack: Couldn't load memtrack module
01-16 13:57:12.534 1832 1858 W android.os.Debug: failed to get memory consumption info: -1
01-16 13:57:12.577 1593 1593 D gralloc_ranchu: gralloc_alloc: Creating ashmem region of size 28672
01-16 13:57:12.583 1832 1858 E memtrack: Couldn't load memtrack module
01-16 13:57:12.586 1832 1858 W android.os.Debug: failed to get memory consumption info: -1
01-16 13:57:12.587 1832 1858 E memtrack: Couldn't load memtrack module
01-16 13:57:12.587 1832 1858 W android.os.Debug: failed to get memory consumption info: -1
01-16 13:57:12.587 1832 1858 E memtrack: Couldn't load memtrack module
01-16 13:57:12.587 1832 1858 W android.os.Debug: failed to get memory consumption info: -1
01-16 13:57:12.615 1967 2226 D EGL_emulation: eglMakeCurrent: 0xe35dad40: ver 3 1 (tinfo 0xc1dd01a0)
01-16 13:57:12.637 1967 2226 I OpenGLRenderer: Davey! duration=1955ms; Flags=1, IntendedVsync=60402511568, Vsync=62069178168, OldestInputEvent=9223372036854775807, NewestInputEvent=0, HandleInputStart=62071824518, AnimationStart=62071851038, PerformTraversalsStart=62073510522, DrawStart=62185349539, SyncQueued=62336288520, SyncStart=62340622856, IssueDrawCommandsStart=62340695278, SwapBuffers=62354919341, FrameCompleted=62362264743, DequeueBufferDuration=598000, QueueBufferDuration=5692000,
01-16 13:57:12.695 1967 2226 D EGL_emulation: eglMakeCurrent: 0xe35dad40: ver 3 1 (tinfo 0xc1dd01a0)
01-16 13:57:12.715 1967 2226 I chatty : uid=10089(com.android.systemui) RenderThread identical 1 line
01-16 13:57:12.732 1967 2226 D EGL_emulation: eglMakeCurrent: 0xe35dad40: ver 3 1 (tinfo 0xc1dd01a0)
01-16 13:57:12.825 1832 1858 E memtrack: Couldn't load memtrack module
01-16 13:57:12.825 1832 1858 W android.os.Debug: failed to get memory consumption info: -1
01-16 13:57:12.825 1832 1858 E memtrack: Couldn't load memtrack module
01-16 13:57:12.825 1832 1858 W android.os.Debug: failed to get memory consumption info: -1
01-16 13:57:12.825 1832 1858 E memtrack: Couldn't load memtrack module
01-16 13:57:12.825 1832 1858 W android.os.Debug: failed to get memory consumption info: -1
01-16 13:57:12.826 1832 1858 E memtrack: Couldn't load memtrack module
01-16 13:57:12.826 1832 1858 W android.os.Debug: failed to get memory consumption info: -1
01-16 13:57:12.826 1832 1858 E memtrack: Couldn't load memtrack module
01-16 13:57:12.826 1832 1858 W android.os.Debug: failed to get memory consumption info: -1
01-16 13:57:12.826 1832 1858 E memtrack: Couldn't load memtrack module
01-16 13:57:12.826 1832 1858 W android.os.Debug: failed to get memory consumption info: -1
01-16 13:57:12.827 1832 1858 E memtrack: Couldn't load memtrack module
01-16 13:57:12.827 1832 1858 W android.os.Debug: failed to get memory consumption info: -1
01-16 13:57:12.926 1832 1858 E memtrack: Couldn't load memtrack module
01-16 13:57:12.926 1832 1858 W android.os.Debug: failed to get memory consumption info: -1
01-16 13:57:12.926 1832 1858 E memtrack: Couldn't load memtrack module
01-16 13:57:12.926 1832 1858 W android.os.Debug: failed to get memory consumption info: -1
01-16 13:57:12.926 1832 1858 E memtrack: Couldn't load memtrack module
01-16 13:57:12.926 1832 1858 W android.os.Debug: failed to get memory consumption info: -1
01-16 13:57:12.927 1832 1858 E memtrack: Couldn't load memtrack module
01-16 13:57:12.927 1832 1858 W android.os.Debug: failed to get memory consumption info: -1
01-16 13:57:12.927 1832 1858 E memtrack: Couldn't load memtrack module
01-16 13:57:12.927 1832 1858 W android.os.Debug: failed to get memory consumption info: -1
01-16 13:57:12.927 1832 1858 E memtrack: Couldn't load memtrack module
01-16 13:57:12.927 1832 1858 W android.os.Debug: failed to get memory consumption info: -1
01-16 13:57:12.927 1832 1858 E memtrack: Couldn't load memtrack module
01-16 13:57:12.927 1832 1858 W android.os.Debug: failed to get memory consumption info: -1
01-16 13:57:12.928 1832 1858 E memtrack: Couldn't load memtrack module
01-16 13:57:12.928 1832 1858 W android.os.Debug: failed to get memory consumption info: -1
01-16 13:57:12.928 1832 1858 E memtrack: Couldn't load memtrack module
01-16 13:57:12.928 1832 1858 W android.os.Debug: failed to get memory consumption info: -1
01-16 13:57:12.972 1832 1849 V PackageManager: reconcileAppsData finished 133 packages
01-16 13:57:12.983 1832 1849 I ActivityManager: User 0 state changed from RUNNING_LOCKED to RUNNING_UNLOCKING
01-16 13:57:12.983 1832 1849 D ActivityManager: Unlocking user 0 progress 20
01-16 13:57:12.983 1832 1849 W Looper : Slow dispatch took 1635ms android.fg h=android.os.Handler c=com.android.server.am.-$$Lambda$UserController$stQk1028ON105v_u-VMykVjcxLk@a0f0992 m=0
01-16 13:57:12.983 1832 1849 W Looper : Slow delivery took 1639ms android.fg h=android.os.Handler c=com.android.server.am.-$$Lambda$UserController$G0WJmqt4X_QG30fRlvXobn18mrE@22cd760 m=0
01-16 13:57:12.985 1619 1910 D installd: Found quota mount /dev/block/vdc at /data
01-16 13:57:12.985 1619 1910 D installd: Found quota mount /dev/block/dm-3 at /mnt/expand/9da996ab-1ca4-4ed6-a4c7-fe033ed1a4d1
01-16 13:57:12.986 1619 1910 D installd: Found storage mount /data/media at /mnt/runtime/default/emulated
01-16 13:57:12.987 1619 1910 D installd: Found quota mount /dev/block/vdc at /data
01-16 13:57:12.987 1619 1910 D installd: Found quota mount /dev/block/dm-3 at /mnt/expand/9da996ab-1ca4-4ed6-a4c7-fe033ed1a4d1
01-16 13:57:12.988 1619 1910 D installd: Found storage mount /data/media at /mnt/runtime/default/emulated
01-16 13:57:12.990 1832 1832 V UserDataPreparer: Found /mnt/expand/9da996ab-1ca4-4ed6-a4c7-fe033ed1a4d1/user_de/0 with serial number 0
01-16 13:57:12.991 1832 1832 V UserDataPreparer: Found /mnt/expand/9da996ab-1ca4-4ed6-a4c7-fe033ed1a4d1/user/0 with serial number 0
01-16 13:57:12.991 1832 1832 V UserDataPreparer: Found /data/system_de/0 with serial number 0
01-16 13:57:12.991 1832 1832 V UserDataPreparer: Found /data/system_ce/0 with serial number 0
01-16 13:57:12.991 1832 1832 V UserDataPreparer: Found /data/misc_ce/0 with serial number 0
01-16 13:57:12.992 1481 1562 D vold : fscrypt_prepare_user_storage for volume 9da996ab-1ca4-4ed6-a4c7-fe033ed1a4d1, user 0, serial 0, flags 3
01-16 13:57:12.992 1481 1562 D vold : Preparing: /mnt/expand/9da996ab-1ca4-4ed6-a4c7-fe033ed1a4d1/user_de/0
01-16 13:57:12.993 1481 1562 D vold : Key exists, using: /data/misc_de/0/vold/volume_keys/9da996ab-1ca4-4ed6-a4c7-fe033ed1a4d1/default
01-16 13:57:12.993 1481 1562 D vold : Added key 691305330 (ext4:4ba2975b15ddbbf4) to keyring 498202695 in process 1481
01-16 13:57:12.993 1481 1562 D vold : Added key 85050138 (f2fs:4ba2975b15ddbbf4) to keyring 498202695 in process 1481
01-16 13:57:12.993 1481 1562 D vold : Added key 205542152 (fscrypt:4ba2975b15ddbbf4) to keyring 498202695 in process 1481
01-16 13:57:12.994 1481 1562 I vold : Policy for /mnt/expand/9da996ab-1ca4-4ed6-a4c7-fe033ed1a4d1/user_de/0 set to 4ba2975b15ddbbf4 modes 1/4
01-16 13:57:12.994 1481 1562 D vold : Preparing: /mnt/expand/9da996ab-1ca4-4ed6-a4c7-fe033ed1a4d1/media/0
01-16 13:57:12.994 1481 1562 D vold : Preparing: /mnt/expand/9da996ab-1ca4-4ed6-a4c7-fe033ed1a4d1/user/0
01-16 13:57:12.995 1832 1858 E memtrack: Couldn't load memtrack module
01-16 13:57:12.995 1832 1858 W android.os.Debug: failed to get memory consumption info: -1
01-16 13:57:12.995 1832 1858 E memtrack: Couldn't load memtrack module
01-16 13:57:12.995 1832 1858 W android.os.Debug: failed to get memory consumption info: -1
01-16 13:57:12.996 1832 1858 E memtrack: Couldn't load memtrack module
01-16 13:57:12.996 1832 1858 W android.os.Debug: failed to get memory consumption info: -1
01-16 13:57:12.996 1832 1858 E memtrack: Couldn't load memtrack module
01-16 13:57:12.996 1832 1858 W android.os.Debug: failed to get memory consumption info: -1
01-16 13:57:12.996 1832 1858 E memtrack: Couldn't load memtrack module
01-16 13:57:12.996 1832 1858 W android.os.Debug: failed to get memory consumption info: -1
01-16 13:57:12.997 1832 1858 E memtrack: Couldn't load memtrack module
01-16 13:57:12.997 1832 1858 W android.os.Debug: failed to get memory consumption info: -1
01-16 13:57:12.997 1832 1858 E memtrack: Couldn't load memtrack module
01-16 13:57:12.997 1832 1858 W android.os.Debug: failed to get memory consumption info: -1
01-16 13:57:12.997 1832 1858 E memtrack: Couldn't load memtrack module
01-16 13:57:12.997 1832 1858 W android.os.Debug: failed to get memory consumption info: -1
01-16 13:57:12.998 1832 1858 E memtrack: Couldn't load memtrack module
01-16 13:57:12.998 1832 1858 W android.os.Debug: failed to get memory consumption info: -1
01-16 13:57:12.999 1832 1858 E memtrack: Couldn't load memtrack module
01-16 13:57:12.999 1832 1858 W android.os.Debug: failed to get memory consumption info: -1
01-16 13:57:12.999 1832 1858 E memtrack: Couldn't load memtrack module
01-16 13:57:12.999 1832 1858 W android.os.Debug: failed to get memory consumption info: -1
01-16 13:57:13.000 1832 1858 E memtrack: Couldn't load memtrack module
01-16 13:57:13.000 1832 1858 W android.os.Debug: failed to get memory consumption info: -1
01-16 13:57:13.000 1832 1858 E memtrack: Couldn't load memtrack module
01-16 13:57:13.000 1832 1858 W android.os.Debug: failed to get memory consumption info: -1
01-16 13:57:13.000 1832 1858 E memtrack: Couldn't load memtrack module
01-16 13:57:13.000 1832 1858 W android.os.Debug: failed to get memory consumption info: -1
01-16 13:57:13.010 1832 1859 I SystemServiceManager: Calling onUnlockUser u0
01-16 13:57:13.012 1967 1967 D StorageNotification: Notifying about private volume: VolumeInfo{private:253,82}:
01-16 13:57:13.012 1967 1967 D StorageNotification: type=PRIVATE diskId=disk:253,80
01-16 13:57:13.012 1967 1967 D StorageNotification: partGuid=F87FA4E1-ACCD-444A-97BB-61F5CC7D646F mountFlags=0
01-16 13:57:13.012 1967 1967 D StorageNotification: mountUserId=-10000 state=UNMOUNTED
01-16 13:57:13.012 1967 1967 D StorageNotification: fsType=null fsUuid=null fsLabel=null
01-16 13:57:13.012 1967 1967 D StorageNotification: path=null internalPath=null
01-16 13:57:13.013 1481 1562 D vold : Key exists, using: /data/misc_ce/0/vold/volume_keys/9da996ab-1ca4-4ed6-a4c7-fe033ed1a4d1/default
01-16 13:57:13.032 1832 1858 E memtrack: Couldn't load memtrack module
01-16 13:57:13.033 1832 1858 W android.os.Debug: failed to get memory consumption info: -1
01-16 13:57:13.034 1832 1858 E memtrack: Couldn't load memtrack module
01-16 13:57:13.034 1832 1858 W android.os.Debug: failed to get memory consumption info: -1
01-16 13:57:13.035 1832 1858 E memtrack: Couldn't load memtrack module
01-16 13:57:13.035 1832 1858 W android.os.Debug: failed to get memory consumption info: -1
01-16 13:57:13.038 1967 1967 D StorageNotification: Notifying about private volume: VolumeInfo{private:253,82}:
01-16 13:57:13.038 1967 1967 D StorageNotification: type=PRIVATE diskId=disk:253,80
01-16 13:57:13.038 1967 1967 D StorageNotification: partGuid=F87FA4E1-ACCD-444A-97BB-61F5CC7D646F mountFlags=0
01-16 13:57:13.038 1967 1967 D StorageNotification: mountUserId=-10000 state=CHECKING
01-16 13:57:13.038 1967 1967 D StorageNotification: fsType=null fsUuid=null fsLabel=null
01-16 13:57:13.038 1967 1967 D StorageNotification: path=null internalPath=null
01-16 13:57:13.041 1967 1967 D StorageNotification: Notifying about private volume: VolumeInfo{private:253,82}:
01-16 13:57:13.041 1967 1967 D StorageNotification: type=PRIVATE diskId=disk:253,80
01-16 13:57:13.041 1967 1967 D StorageNotification: partGuid=F87FA4E1-ACCD-444A-97BB-61F5CC7D646F mountFlags=0
01-16 13:57:13.041 1967 1967 D StorageNotification: mountUserId=-10000 state=MOUNTED
01-16 13:57:13.041 1967 1967 D StorageNotification: fsType=ext4 fsUuid=9da996ab-1ca4-4ed6-a4c7-fe033ed1a4d1 fsLabel=
01-16 13:57:13.041 1967 1967 D StorageNotification: path=/mnt/expand/9da996ab-1ca4-4ed6-a4c7-fe033ed1a4d1 internalPath=null
01-16 13:57:13.042 1481 1562 D vold : Added key 796111275 (ext4:580db22688d711a7) to keyring 498202695 in process 1481
01-16 13:57:13.042 1481 1562 D vold : Added key 352798690 (f2fs:580db22688d711a7) to keyring 498202695 in process 1481
01-16 13:57:13.042 1481 1562 D vold : Added key 486837119 (fscrypt:580db22688d711a7) to keyring 498202695 in process 1481
01-16 13:57:13.043 1481 1562 I vold : Policy for /mnt/expand/9da996ab-1ca4-4ed6-a4c7-fe033ed1a4d1/media/0 set to 580db22688d711a7 modes 1/4
01-16 13:57:13.043 1481 1562 I vold : Policy for /mnt/expand/9da996ab-1ca4-4ed6-a4c7-fe033ed1a4d1/user/0 set to 580db22688d711a7 modes 1/4
01-16 13:57:13.043 1481 1562 D vold : /system/bin/vold_prepare_subdirs
01-16 13:57:13.043 1481 1562 D vold : prepare
01-16 13:57:13.043 1481 1562 D vold : 9da996ab-1ca4-4ed6-a4c7-fe033ed1a4d1
01-16 13:57:13.043 1481 1562 D vold : 0
01-16 13:57:13.043 1481 1562 D vold : 3
01-16 13:57:13.058 1832 1859 D StorageManagerService: onUnlockUser 0
01-16 13:57:13.062 1481 1495 D vold : Linking /storage/emulated/0 to /mnt/user/0/primary
01-16 13:57:13.074 1832 1858 E memtrack: Couldn't load memtrack module
01-16 13:57:13.074 1832 1858 W android.os.Debug: failed to get memory consumption info: -1
01-16 13:57:13.074 1832 1858 E memtrack: Couldn't load memtrack module
01-16 13:57:13.074 1832 1858 W android.os.Debug: failed to get memory consumption info: -1
01-16 13:57:13.075 1832 1858 E memtrack: Couldn't load memtrack module
01-16 13:57:13.075 1832 1858 W android.os.Debug: failed to get memory consumption info: -1
01-16 13:57:13.075 1832 1858 E memtrack: Couldn't load memtrack module
01-16 13:57:13.075 1832 1858 W android.os.Debug: failed to get memory consumption info: -1
01-16 13:57:13.076 1832 1858 E memtrack: Couldn't load memtrack module
01-16 13:57:13.076 1832 1858 W android.os.Debug: failed to get memory consumption info: -1
01-16 13:57:13.076 1832 1858 E memtrack: Couldn't load memtrack module
01-16 13:57:13.076 1832 1858 W android.os.Debug: failed to get memory consumption info: -1
01-16 13:57:13.088 1832 1858 E memtrack: Couldn't load memtrack module
01-16 13:57:13.088 1832 1858 W android.os.Debug: failed to get memory consumption info: -1
01-16 13:57:13.089 1832 1858 E memtrack: Couldn't load memtrack module
01-16 13:57:13.089 1832 1858 W android.os.Debug: failed to get memory consumption info: -1
01-16 13:57:13.089 1832 1858 E memtrack: Couldn't load memtrack module
01-16 13:57:13.089 1832 1858 W android.os.Debug: failed to get memory consumption info: -1
01-16 13:57:13.089 1832 1858 E memtrack: Couldn't load memtrack module
01-16 13:57:13.089 1832 1858 W android.os.Debug: failed to get memory consumption info: -1
01-16 13:57:13.089 1832 1858 E memtrack: Couldn't load memtrack module
01-16 13:57:13.089 1832 1858 W android.os.Debug: failed to get memory consumption info: -1
01-16 13:57:13.089 1832 1858 E memtrack: Couldn't load memtrack module
01-16 13:57:13.089 1832 1858 W android.os.Debug: failed to get memory consumption info: -1
01-16 13:57:13.090 1832 1858 E memtrack: Couldn't load memtrack module
01-16 13:57:13.090 1832 1858 W android.os.Debug: failed to get memory consumption info: -1
01-16 13:57:13.090 1832 1858 E memtrack: Couldn't load memtrack module
01-16 13:57:13.090 1832 1858 W android.os.Debug: failed to get memory consumption info: -1
01-16 13:57:13.103 1832 1858 E memtrack: Couldn't load memtrack module
01-16 13:57:13.103 1832 1858 W android.os.Debug: failed to get memory consumption info: -1
01-16 13:57:13.103 1832 1858 E memtrack: Couldn't load memtrack module
01-16 13:57:13.103 1832 1858 W android.os.Debug: failed to get memory consumption info: -1
01-16 13:57:13.104 1832 1858 E memtrack: Couldn't load memtrack module
01-16 13:57:13.104 1832 1858 W android.os.Debug: failed to get memory consumption info: -1
01-16 13:57:13.104 1832 1858 E memtrack: Couldn't load memtrack module
01-16 13:57:13.104 1832 1858 W android.os.Debug: failed to get memory consumption info: -1
01-16 13:57:13.104 1832 1858 E memtrack: Couldn't load memtrack module
01-16 13:57:13.104 1832 1858 W android.os.Debug: failed to get memory consumption info: -1
01-16 13:57:13.104 1832 1858 E memtrack: Couldn't load memtrack module
01-16 13:57:13.104 1832 1858 W android.os.Debug: failed to get memory consumption info: -1
01-16 13:57:13.104 1832 1858 E memtrack: Couldn't load memtrack module
01-16 13:57:13.104 1832 1858 W android.os.Debug: failed to get memory consumption info: -1
01-16 13:57:13.125 1832 1859 W SystemServiceManager: Service com.android.server.textservices.TextServicesManagerService$Lifecycle took 60 ms in onUnlockUser
01-16 13:57:13.125 1832 1859 D WifiService: Handle user unlock 0
01-16 13:57:13.132 1832 1849 W Looper : Drained
01-16 13:57:13.132 1832 1859 W VoiceInteractionManagerService: no available voice interaction services found for user 0
01-16 13:57:13.132 1832 1859 W VoiceInteractionManagerService: no available voice recognition services found for user 0
01-16 13:57:13.142 1832 1948 I BackupManagerService: Starting service for user: 0
01-16 13:57:13.165 1832 1850 D AutofillUI: destroySaveUiUiThread(): already destroyed
01-16 13:57:13.165 1832 1859 D AutofillManagerServiceImpl: Reset component for user 0:
01-16 13:57:13.165 1832 1859 D FieldClassificationStrategy: reset(): service is not bound. Do nothing.
01-16 13:57:13.165 1832 1849 I ActivityTaskManager: Loading recents for user 0 into memory.
01-16 13:57:13.166 1832 1859 I ActivityManager: User 0 state changed from RUNNING_UNLOCKING to RUNNING_UNLOCKED
01-16 13:57:13.168 1832 1859 D SystemServerTiming: SystemUserUnlock took to complete: 1824ms
01-16 13:57:13.172 1832 1859 V ActivityManager: Installing ContentProviderInfo{name=com.android.launcher3 className=com.android.quickstep.LauncherSearchIndexablesProvider}
01-16 13:57:13.172 1832 1859 V ActivityManager: Installing ContentProviderInfo{name=com.android.launcher3.settings className=com.android.launcher3.LauncherProvider}
01-16 13:57:13.172 1832 1859 V ActivityManager: Installing ContentProviderInfo{name=com.android.dialer.files className=android.support.v4.content.FileProvider}
01-16 13:57:13.173 1832 1859 V ActivityManager: Installing ContentProviderInfo{name=com.android.dialer.blocking.filterednumberprovider className=com.android.dialer.blocking.FilteredNumberProvider}
01-16 13:57:13.173 1832 1859 V ActivityManager: Installing ContentProviderInfo{name=com.android.dialer.annotatedcalllog className=com.android.dialer.calllog.database.AnnotatedCallLogContentProvider}
01-16 13:57:13.173 1832 1859 V ActivityManager: Installing ContentProviderInfo{name=com.android.dialer.phonelookuphistory className=com.android.dialer.phonelookup.database.PhoneLookupHistoryContentProvider}
01-16 13:57:13.173 1832 1859 V ActivityManager: Installing ContentProviderInfo{name=com.android.dialer.preferredsimfallback className=com.android.dialer.preferredsim.impl.PreferredSimFallbackProvider}
01-16 13:57:13.173 1832 1859 V ActivityManager: Installing ContentProviderInfo{name=contacts;com.android.contacts className=com.android.providers.contacts.ContactsProvider2}
01-16 13:57:13.174 1832 1859 V ActivityManager: Installing ContentProviderInfo{name=call_log className=com.android.providers.contacts.CallLogProvider}
01-16 13:57:13.174 1832 1859 V ActivityManager: Installing ContentProviderInfo{name=com.android.voicemail className=com.android.providers.contacts.VoicemailContentProvider}
01-16 13:57:13.174 1832 1859 V ActivityManager: Installing ContentProviderInfo{name=com.android.contacts.metadata className=com.android.providers.contacts.ContactMetadataProvider}
01-16 13:57:13.174 1832 1859 V ActivityManager: Installing ContentProviderInfo{name=com.android.contacts.dumpfile className=com.android.providers.contacts.debug.DumpFileProvider}
01-16 13:57:13.214 2229 2229 I InputAttributes: InputType.TYPE_NULL is specified
01-16 13:57:13.229 1832 1858 E memtrack: Couldn't load memtrack module
01-16 13:57:13.229 1832 1858 W android.os.Debug: failed to get memory consumption info: -1
01-16 13:57:13.256 1832 1930 D WakeupConfigStoreData: WifiWake user data has been read
01-16 13:57:13.258 1832 1930 D WifiConfigStore: Reading from user stores completed in 127 ms.
01-16 13:57:13.260 1832 1858 E memtrack: Couldn't load memtrack module
01-16 13:57:13.260 1832 1858 W android.os.Debug: failed to get memory consumption info: -1
01-16 13:57:13.263 1832 1858 E memtrack: Couldn't load memtrack module
01-16 13:57:13.263 1832 1858 W android.os.Debug: failed to get memory consumption info: -1
01-16 13:57:13.272 1832 1858 E memtrack: Couldn't load memtrack module
01-16 13:57:13.272 1832 1858 W android.os.Debug: failed to get memory consumption info: -1
01-16 13:57:13.276 1832 1859 I ActivityManager: Posting BOOT_COMPLETED user #0
01-16 13:57:13.281 1832 1851 I DropBoxManagerService: add tag=system_server_strictmode isTagEnabled=true flags=0x2
01-16 13:57:13.292 1832 1858 E memtrack: Couldn't load memtrack module
01-16 13:57:13.292 1832 1858 W android.os.Debug: failed to get memory consumption info: -1
01-16 13:57:13.323 1578 1578 D Zygote : Forked child process 2494
01-16 13:57:13.332 1832 1858 E memtrack: Couldn't load memtrack module
01-16 13:57:13.332 1832 1858 W android.os.Debug: failed to get memory consumption info: -1
01-16 13:57:13.351 2494 2494 W com.android.se: Unexpected CPU variant for X86 using defaults: x86
01-16 13:57:13.283 1832 1851 I chatty : uid=1000(system) android.io identical 1 line
01-16 13:57:13.314 1832 1851 I DropBoxManagerService: add tag=system_server_strictmode isTagEnabled=true flags=0x2
01-16 13:57:13.352 1832 1860 W ActivityManager: Slow operation: 183ms so far, now at startProcess: returned from zygote!
01-16 13:57:13.362 1832 1851 I DropBoxManagerService: add tag=system_server_strictmode isTagEnabled=true flags=0x2
01-16 13:57:13.364 1832 1851 I DropBoxManagerService: add tag=system_server_strictmode isTagEnabled=true flags=0x2
01-16 13:57:13.366 1832 1948 V BackupManagerService: Starting with transport com.android.localtransport/.LocalTransport
01-16 13:57:13.367 1832 1848 D CountryDetector: The first listener is added
01-16 13:57:13.367 1832 1948 D BackupManagerService: Started thread backup-0 for user 0
01-16 13:57:13.367 2397 2397 I ContactsDatabaseHelper: updateUseStrictPhoneNumberComparison: US
01-16 13:57:13.395 1832 1860 W ActivityManager: Slow operation: 226ms so far, now at startProcess: done updating battery stats
01-16 13:57:13.395 1832 1860 W ActivityManager: Slow operation: 226ms so far, now at startProcess: building log message
01-16 13:57:13.396 1832 1860 I ActivityManager: Start proc 2494:com.android.se/1068 for added application com.android.se
01-16 13:57:13.396 1832 1860 W ActivityManager: Slow operation: 227ms so far, now at startProcess: starting to update pids map
01-16 13:57:13.397 1832 1860 W ActivityManager: Slow operation: 228ms so far, now at startProcess: done updating pids map
01-16 13:57:13.397 1832 1860 W ActivityManager: Slow operation: 227ms so far, now at startProcess: asking zygote to start proc
01-16 13:57:13.410 1832 1871 V PackageManager: reconcileAppsData for 9da996ab-1ca4-4ed6-a4c7-fe033ed1a4d1 u0 0x3 migrateAppData=true
01-16 13:57:13.410 1832 1871 V PackageManager: reconcileAppsData finished 0 packages
01-16 13:57:13.411 1832 1871 I PackageManager: Un-granting permission android.permission.GLOBAL_SEARCH from package com.android.quicksearchbox (protectionLevel=18 flags=0x3088be45)
01-16 13:57:13.414 1578 1578 D Zygote : Forked child process 2520
01-16 13:57:13.422 1832 1860 W ActivityManager: Slow operation: 251ms so far, now at startProcess: returned from zygote!
01-16 13:57:13.427 1832 1930 D WifiConfigStore: Writing to stores completed in 152 ms.
01-16 13:57:13.435 2520 2520 W .ims.rcsservic: Unexpected CPU variant for X86 using defaults: x86
01-16 13:57:13.412 1832 1871 I PackageManager: Un-granting permission android.permission.BIND_WALLPAPER from package com.android.camera2 (protectionLevel=18 flags=0x20d8bc45)
01-16 13:57:13.458 1832 1851 I DropBoxManagerService: add tag=system_server_strictmode isTagEnabled=true flags=0x2
01-16 13:57:13.470 1832 1851 I chatty : uid=1000(system) android.io identical 3 lines
01-16 13:57:13.472 1832 1851 I DropBoxManagerService: add tag=system_server_strictmode isTagEnabled=true flags=0x2
01-16 13:57:13.503 1832 1871 I PackageManager: Un-granting permission android.permission.CONNECTIVITY_USE_RESTRICTED_NETWORKS from package com.android.captiveportallogin (protectionLevel=18 flags=0x38c8be45)
01-16 13:57:13.503 1832 1871 I PackageManager: Un-granting permission android.permission.NETWORK_BYPASS_PRIVATE_DNS from package com.android.captiveportallogin (protectionLevel=2 flags=0x38c8be45)
01-16 13:57:13.591 2542 2542 I migrate_legacy_obb_data: No legacy obb data to migrate.
01-16 13:57:13.592 1832 1923 D StorageManagerService: Volume emulated broadcasting mounted to UserHandle{0}
01-16 13:57:13.627 1832 2483 E TaskPersister: File error accessing recents directory (directory doesn't exist?).
01-16 13:57:13.659 1832 1848 W ActivityManager: Slow operation: 246ms so far, now at attachApplicationLocked: before bindApplication
01-16 13:57:13.659 1832 2094 W system_server: Long monitor contention with owner PackageManager (1871) at void com.android.server.pm.PackageManagerService.loadPrivatePackagesInner(android.os.storage.VolumeInfo)(PackageManagerService.java:22634) waiters=1 in android.content.pm.ApplicationInfo com.android.server.pm.PackageManagerService.getApplicationInfoInternal(java.lang.String, int, int, int) for 192ms
01-16 13:57:13.664 1832 2152 W system_server: Long monitor contention with owner PackageManager (1871) at void com.android.server.pm.PackageManagerService.loadPrivatePackagesInner(android.os.storage.VolumeInfo)(PackageManagerService.java:22634) waiters=3 in java.lang.String com.android.server.pm.PackageManagerService.getInstantAppPackageName(int) for 144ms
01-16 13:57:13.669 1832 1848 W ActivityManager: Slow operation: 256ms so far, now at attachApplicationLocked: immediately before bindApplication
01-16 13:57:13.670 1832 1848 W ActivityManager: Slow operation: 257ms so far, now at attachApplicationLocked: immediately after bindApplication
01-16 13:57:13.670 1832 1848 W ActivityManager: Slow operation: 257ms so far, now at attachApplicationLocked: after updateLruProcessLocked
01-16 13:57:13.683 1832 1848 W ActivityManager: Slow operation: 270ms so far, now at attachApplicationLocked: after mServices.attachApplicationLocked
01-16 13:57:13.684 1832 1848 W ActivityManager: Slow operation: 271ms so far, now at attachApplicationLocked: after updateOomAdjLocked
01-16 13:57:13.685 1832 2084 W system_server: Long monitor contention with owner Binder:1832_6 (2094) at void com.android.server.am.ActivityManagerService.publishContentProviders(android.app.IApplicationThread, java.util.List)(ActivityManagerService.java:7342) waiters=2 in android.content.Intent com.android.server.am.ActivityManagerService.registerReceiver(android.app.IApplicationThread, java.lang.String, android.content.IIntentReceiver, android.content.IntentFilter, java.lang.String, int, int) for 280ms
01-16 13:57:13.686 1832 1948 W system_server: Long monitor contention with owner Binder:1832_6 (2094) at void com.android.server.am.ActivityManagerService.publishContentProviders(android.app.IApplicationThread, java.util.List)(ActivityManagerService.java:7342) waiters=2 in java.lang.String com.android.server.am.ActivityManagerService.checkContentProviderAccess(java.lang.String, int) for 276ms
01-16 13:57:13.686 1832 1860 W system_server: Long monitor contention with owner Binder:1832_2 (1848) at void com.android.server.am.ActivityManagerService.attachApplication(android.app.IApplicationThread, long)(ActivityManagerService.java:5176) waiters=4 in void com.android.server.am.ProcessList.lambda$startProcessLocked$0$ProcessList(com.android.server.am.ProcessRecord, java.lang.String, int[], int, int, java.lang.String, java.lang.String, java.lang.String, long) for 264ms
01-16 13:57:13.686 1832 1858 E memtrack: Couldn't load memtrack module
01-16 13:57:13.686 1832 1858 W android.os.Debug: failed to get memory consumption info: -1
01-16 13:57:13.687 1832 1899 W system_server: Long monitor contention with owner Binder:1832_2 (1848) at void com.android.server.am.ActivityManagerService.attachApplication(android.app.IApplicationThread, long)(ActivityManagerService.java:5176) waiters=3 in void com.android.server.am.ActivityManagerService.publishContentProviders(android.app.IApplicationThread, java.util.List) for 269ms
01-16 13:57:13.688 1832 1859 W system_server: Long monitor contention with owner Binder:1832_2 (1848) at void com.android.server.am.ActivityManagerService.attachApplication(android.app.IApplicationThread, long)(ActivityManagerService.java:5176) waiters=5 in void com.android.server.am.BroadcastQueue.processNextBroadcast(boolean) for 228ms
01-16 13:57:13.689 1832 2167 W system_server: Long monitor contention with owner Binder:1832_2 (1848) at void com.android.server.am.ActivityManagerService.attachApplication(android.app.IApplicationThread, long)(ActivityManagerService.java:5176) waiters=6 in void com.android.server.am.ActivityManagerService.attachApplication(android.app.IApplicationThread, long) for 227ms
01-16 13:57:13.690 1832 2167 W ActivityManager: Slow operation: 520ms so far, now at startProcess: done updating battery stats
01-16 13:57:13.690 1832 2167 W ActivityManager: Slow operation: 520ms so far, now at startProcess: building log message
01-16 13:57:13.690 1832 2167 I ActivityManager: Start proc 2520:com.android.ims.rcsservice/1001 for added application com.android.ims.rcsservice
01-16 13:57:13.690 1832 2167 W ActivityManager: Slow operation: 520ms so far, now at startProcess: starting to update pids map
01-16 13:57:13.690 1832 2167 W ActivityManager: Slow operation: 520ms so far, now at startProcess: done updating pids map
01-16 13:57:13.691 2064 2064 D CarrierSvcBindHelper: Received android.intent.action.USER_UNLOCKED
01-16 13:57:13.692 1832 1832 V NotificationAssistants: disabling notification assistant for user 0: ComponentInfo{android.ext.services/android.ext.services.notification.Assistant}
01-16 13:57:13.693 1832 1832 D NotificationListeners: Removing active service ComponentInfo{android.ext.services/android.ext.services.notification.Assistant}
01-16 13:57:13.694 2096 2096 D FallbackHome: User unlocked and real home found; let's go!
01-16 13:57:13.725 1832 1900 W system_server: Long monitor contention with owner Binder:1832_2 (1848) at void com.android.server.am.ActivityManagerService.attachApplication(android.app.IApplicationThread, long)(ActivityManagerService.java:5176) waiters=7 in void com.android.server.am.ActivityManagerService.publishContentProviders(android.app.IApplicationThread, java.util.List) for 203ms
01-16 13:57:13.735 2064 2064 D CarrierSvcBindHelper: No carrier app for: 0
01-16 13:57:13.735 2064 2064 D IntentBroadcaster: Rebroadcasting intent android.intent.action.SIM_STATE_CHANGED LOADED for slotId 0
01-16 13:57:13.749 1832 1848 I ActivityTaskManager: START u0 {act=android.intent.action.MAIN cat=[android.intent.category.HOME] flg=0x10000100 cmp=com.android.launcher3/.Launcher} from uid 0
01-16 13:57:13.749 1832 1923 W system_server: Long monitor contention with owner Binder:1832_2 (1848) at void com.android.server.am.ActivityManagerService.attachApplication(android.app.IApplicationThread, long)(ActivityManagerService.java:5176) waiters=8 in int com.android.server.am.ActivityManagerService.broadcastIntent(android.app.IApplicationThread, android.content.Intent, java.lang.String, android.content.IIntentReceiver, int, java.lang.String, android.os.Bundle, java.lang.String[], int, android.os.Bundle, boolean, boolean, int) for 154ms
01-16 13:57:13.798 1832 1899 W system_server: Long monitor contention with owner backup (1948) at java.lang.String com.android.server.am.ActivityManagerService.checkContentProviderAccess(java.lang.String, int)(ActivityManagerService.java:6492) waiters=6 in void com.android.server.am.ActivityManagerService.publishContentProviders(android.app.IApplicationThread, java.util.List) for 111ms
01-16 13:57:13.816 1832 1832 V NotificationAssistants: enabling notification assistant for 0: ComponentInfo{android.ext.services/android.ext.services.notification.Assistant}
01-16 13:57:13.816 1832 1832 V NotificationAssistants: binding: Intent { act=android.service.notification.NotificationAssistantService cmp=android.ext.services/.notification.Assistant (has extras) }
01-16 13:57:13.823 1832 1832 V NotificationListeners: enabling notification listener for 0: ComponentInfo{com.android.launcher3/com.android.launcher3.notification.NotificationListener}
01-16 13:57:13.823 1832 1832 V NotificationListeners: binding: Intent { act=android.service.notification.NotificationListenerService cmp=com.android.launcher3/.notification.NotificationListener (has extras) }
01-16 13:57:13.824 2397 2515 D ContactsDatabaseHelper: WAL enabled for contacts2.db: true
01-16 13:57:13.844 1832 1832 W Looper : Slow dispatch took 152ms main h=android.app.ActivityThread$H c=android.app.-$$Lambda$LoadedApk$ReceiverDispatcher$Args$_BumDX2UKsnxLVrE6UJsJZkotuA@2e43da2 m=0
01-16 13:57:13.848 2494 2494 I com.android.se: The ClassLoaderContext is a special shared library.
01-16 13:57:13.850 1832 1852 W system_server: Long monitor contention with owner Binder:1832_1 (1847) at int com.android.server.am.ActivityManagerService.bindIsolatedService(android.app.IApplicationThread, android.os.IBinder, android.content.Intent, java.lang.String, android.app.IServiceConnection, int, java.lang.String, java.lang.String, int)(ActivityManagerService.java:14067) waiters=11 in void com.android.server.am.ActivityManagerService$LocalService.updateCpuStats() for 107ms
01-16 13:57:13.874 1832 1858 E memtrack: Couldn't load memtrack module
01-16 13:57:13.874 1832 1858 W android.os.Debug: failed to get memory consumption info: -1
01-16 13:57:13.881 1832 1948 I SELinux : SELinux: Loaded file_contexts
01-16 13:57:13.883 1832 1948 E BackupPasswordManager: Unable to read backup pw version
01-16 13:57:13.883 1832 1948 E BackupPasswordManager: Unable to read saved backup pw hash
01-16 13:57:13.884 1832 1860 W ActivityManager: Slow operation: 713ms so far, now at startProcess: asking zygote to start proc
01-16 13:57:13.897 2170 2170 W ActivityThread: handleWindowVisibility: no activity for token android.os.BinderProxy@c70a9fd
01-16 13:57:13.910 1832 1832 I AccountManagerService: User 0 is unlocked - opening CE database
01-16 13:57:13.958 2397 2397 I ContactsPerf: VoicemailContentProvider.onCreate start
01-16 13:57:13.974 1606 1822 E SurfaceFlinger: ro.sf.lcd_density must be defined as a build property
01-16 13:57:13.974 1606 1822 E SurfaceFlinger: ro.sf.lcd_density must be defined as a build property
01-16 13:57:13.995 1578 1578 D Zygote : Forked child process 2559
01-16 13:57:13.997 1832 1860 W ActivityManager: Slow operation: 826ms so far, now at startProcess: returned from zygote!
01-16 13:57:13.997 1832 1860 W ActivityManager: Slow operation: 826ms so far, now at startProcess: done updating battery stats
01-16 13:57:13.997 1832 1860 W ActivityManager: Slow operation: 826ms so far, now at startProcess: building log message
01-16 13:57:13.997 1832 1860 I ActivityManager: Start proc 2559:com.android.emulator.multidisplay/1000 for added application com.android.emulator.multidisplay
01-16 13:57:13.997 1832 1860 W ActivityManager: Slow operation: 826ms so far, now at startProcess: starting to update pids map
01-16 13:57:13.997 1832 1860 W ActivityManager: Slow operation: 826ms so far, now at startProcess: done updating pids map
01-16 13:57:13.997 1832 1860 W ActivityManager: Slow operation: 251ms so far, now at startProcess: asking zygote to start proc
01-16 13:57:14.009 2170 2557 D libEGL : Emulator has host GPU support, qemu.gles is set to 1.
01-16 13:57:14.010 2170 2557 W libc : Unable to set property "qemu.gles" to "1": connection failed; errno=13 (Permission denied)
01-16 13:57:14.014 2397 2397 I ContactsPerf: VoicemailContentProvider.onCreate finish
01-16 13:57:14.021 2170 2170 D Tonal : Tonal Palette - index: 10. Main color: ffe590b7
01-16 13:57:14.021 2170 2170 D Tonal : Colors: ff060104, ff1b0613, ff2f0b23, ff481135, ff671850, ff861f5d, ffa42773, ffbe4d91, ffd85a9e, ffde73aa, ffe590b7, ffefb9d1, fff5d6e5
01-16 13:57:14.022 2170 2170 D Tonal : Gradients:
01-16 13:57:14.022 2170 2170 D Tonal : Normal GradientColors(ffe590b7, ffe590b7)
01-16 13:57:14.022 2170 2170 D Tonal : Dark GradientColors(ff481135, ff481135)
01-16 13:57:14.022 2170 2170 D Tonal : Extra dark: GradientColors(ff2f0b23, ff2f0b23)
01-16 13:57:14.022 2170 2170 V Launcher: LauncherAppState initiated
01-16 13:57:14.025 2520 2520 I .ims.rcsservic: The ClassLoaderContext is a special shared library.
01-16 13:57:14.036 1593 1593 D gralloc_ranchu: gralloc_alloc: Creating ashmem region of size 28672
01-16 13:57:14.046 1832 1832 W Looper : Slow dispatch took 202ms main h=android.app.ActivityThread$H c=android.app.-$$Lambda$LoadedApk$ReceiverDispatcher$Args$_BumDX2UKsnxLVrE6UJsJZkotuA@6995c14 m=0
01-16 13:57:14.046 1832 1832 W Looper : Slow delivery took 354ms main h=com.android.server.accessibility.AccessibilityManagerService$MainHandler c= m=0
01-16 13:57:14.047 1832 1832 D WifiService: resetting networks because SIM was loaded
01-16 13:57:14.047 1832 1930 D WifiClientModeImpl: resetting EAP-SIM/AKA/AKA' networks since SIM was changed
01-16 13:57:14.047 1832 1832 V NotificationAssistants: 0 notification assistant service connected: ComponentInfo{android.ext.services/android.ext.services.notification.Assistant}
01-16 13:57:14.062 2494 2494 I SecureElementService: main onCreate
01-16 13:57:14.063 1478 1478 I hwservicemanager: getTransport: Cannot find entry android.hardware.secure_element@1.1::ISecureElement/eSE1 in either framework or device manifest.
01-16 13:57:14.064 2494 2494 D SecureElement-Terminal-eSE1: SE Hal V1.1 is not supported
01-16 13:57:14.064 1478 1478 I hwservicemanager: getTransport: Cannot find entry android.hardware.secure_element@1.0::ISecureElement/eSE1 in either framework or device manifest.
01-16 13:57:14.064 2494 2494 I SecureElementService: No HAL implementation for eSE1
01-16 13:57:14.064 1478 1478 I hwservicemanager: getTransport: Cannot find entry android.hardware.secure_element@1.1::ISecureElement/SIM1 in either framework or device manifest.
01-16 13:57:14.065 2494 2494 D SecureElement-Terminal-SIM1: SE Hal V1.1 is not supported
01-16 13:57:14.065 1478 1478 I hwservicemanager: getTransport: Cannot find entry android.hardware.secure_element@1.0::ISecureElement/SIM1 in either framework or device manifest.
01-16 13:57:14.070 2170 2557 D libEGL : loaded /vendor/lib/egl/libEGL_emulation.so
01-16 13:57:14.084 1593 1593 D gralloc_ranchu: gralloc_alloc: Creating ashmem region of size 28672
01-16 13:57:14.099 2252 2289 D ExtAssistant: File doesn't exist or isn't readable yet
01-16 13:57:14.109 2559 2559 W or.multidispla: Unexpected CPU variant for X86 using defaults: x86
01-16 13:57:14.119 2170 2557 D libEGL : loaded /vendor/lib/egl/libGLESv1_CM_emulation.so
01-16 13:57:14.134 1593 1593 D gralloc_ranchu: gralloc_alloc: Creating ashmem region of size 28672
01-16 13:57:14.151 2494 2494 I SecureElementService: No HAL implementation for SIM1
01-16 13:57:14.165 1593 1593 D gralloc_ranchu: gralloc_alloc: Creating ashmem region of size 28672
01-16 13:57:14.184 1832 1849 I AppWidgetServiceImpl: Processing of handleUserUnlocked u0 took 1010 ms
01-16 13:57:14.184 1832 1849 W Looper : Slow dispatch took 1010ms android.fg h=android.os.Handler c=com.android.server.am.-$$Lambda$UserController$Injector$MYTLl7MOQKjyMJknWdxPeBLoPCc@b3d88d6 m=0
01-16 13:57:14.191 1578 1578 D Zygote : Forked child process 2579
01-16 13:57:14.198 1832 1860 W ActivityManager: Slow operation: 452ms so far, now at startProcess: returned from zygote!
01-16 13:57:14.199 2170 2557 D libEGL : loaded /vendor/lib/egl/libGLESv2_emulation.so
01-16 13:57:14.250 2579 2579 W android.smspus: Unexpected CPU variant for X86 using defaults: x86
01-16 13:57:14.295 1593 1593 D gralloc_ranchu: gralloc_alloc: Creating ashmem region of size 28672
01-16 13:57:14.304 1832 1860 W ActivityManager: Slow operation: 558ms so far, now at startProcess: done updating battery stats
01-16 13:57:14.304 1832 1860 W ActivityManager: Slow operation: 558ms so far, now at startProcess: building log message
01-16 13:57:14.304 1832 1860 I ActivityManager: Start proc 2579:com.android.smspush/u0a74 for service {com.android.smspush/com.android.smspush.WapPushManager}
01-16 13:57:14.304 1832 1860 W ActivityManager: Slow operation: 558ms so far, now at startProcess: starting to update pids map
01-16 13:57:14.307 1832 1849 W Looper : Slow delivery took 966ms android.fg h=com.android.server.location.GnssLocationProvider$ProviderHandler c=null m=18
01-16 13:57:14.307 1832 1849 W Looper : Slow dispatch took 123ms android.fg h=com.android.server.location.GnssLocationProvider$ProviderHandler c=null m=18
01-16 13:57:14.315 1832 1832 W Looper : Drained
01-16 13:57:14.317 1832 1860 W ActivityManager: Slow operation: 571ms so far, now at startProcess: done updating pids map
01-16 13:57:14.317 1832 1860 W ActivityManager: Slow operation: 520ms so far, now at startProcess: asking zygote to start proc
01-16 13:57:14.302 1593 1593 D gralloc_ranchu: gralloc_alloc: Creating ashmem region of size 28672
01-16 13:57:14.384 1578 1578 D Zygote : Forked child process 2597
01-16 13:57:14.396 1832 1860 W ActivityManager: Slow operation: 599ms so far, now at startProcess: returned from zygote!
01-16 13:57:14.398 1832 2094 W ActivityManager: Slow operation: 70ms so far, now at attachApplicationLocked: after mServices.attachApplicationLocked
01-16 13:57:14.398 1832 1858 W system_server: Long monitor contention with owner ActivityManager:procStart (1860) at void com.android.server.am.ProcessList.lambda$startProcessLocked$0$ProcessList(com.android.server.am.ProcessRecord, java.lang.String, int[], int, int, java.lang.String, java.lang.String, java.lang.String, long)(ProcessList.java:1671) waiters=2 in void com.android.server.am.ActivityManagerService$5.handleMessage(android.os.Message) for 105ms
01-16 13:57:14.402 1832 1860 W ActivityManager: Slow operation: 605ms so far, now at startProcess: done updating battery stats
01-16 13:57:14.402 1832 1860 W ActivityManager: Slow operation: 605ms so far, now at startProcess: building log message
01-16 13:57:14.402 1832 1860 I ActivityManager: Start proc 2597:android.process.media/u0a44 for broadcast {com.android.providers.downloads/com.android.providers.downloads.DownloadReceiver}
01-16 13:57:14.402 1832 1860 W ActivityManager: Slow operation: 605ms so far, now at startProcess: starting to update pids map
01-16 13:57:14.402 1832 1860 W ActivityManager: Slow operation: 605ms so far, now at startProcess: done updating pids map
01-16 13:57:14.403 1832 1849 W Looper : Drained
01-16 13:57:14.407 2520 2520 I .ims.rcsservic: The ClassLoaderContext is a special shared library.
01-16 13:57:14.412 1832 1858 E memtrack: Couldn't load memtrack module
01-16 13:57:14.412 1832 1858 W android.os.Debug: failed to get memory consumption info: -1
01-16 13:57:14.413 1967 2226 D EGL_emulation: eglMakeCurrent: 0xe35dad40: ver 3 1 (tinfo 0xc1dd01a0)
01-16 13:57:14.423 1967 2226 I OpenGLRenderer: Davey! duration=723ms; Flags=0, IntendedVsync=63424344622, Vsync=63757677942, OldestInputEvent=9223372036854775807, NewestInputEvent=0, HandleInputStart=63760274015, AnimationStart=63760286589, PerformTraversalsStart=63760448802, DrawStart=63760522761, SyncQueued=64138128373, SyncStart=64139312133, IssueDrawCommandsStart=64139353293, SwapBuffers=64141358134, FrameCompleted=64148871688, DequeueBufferDuration=141000, QueueBufferDuration=182000,
01-16 13:57:14.436 2597 2597 W d.process.medi: Unexpected CPU variant for X86 using defaults: x86
01-16 13:57:14.494 1832 1843 I system_server: Background young concurrent copying GC freed 42279(2855KB) AllocSpace objects, 43(1240KB) LOS objects, 33% free, 7064KB/10MB, paused 2.413ms total 740.050ms
01-16 13:57:14.005 2170 2170 W RenderThread: type=1400 audit(0.0:15): avc: denied { write } for name="property_service" dev="tmpfs" ino=6051 scontext=u:r:priv_app:s0:c512,c768 tcontext=u:object_r:property_socket:s0 tclass=sock_file permissive=0 app=com.android.launcher3
01-16 13:57:14.551 1832 1858 E memtrack: Couldn't load memtrack module
01-16 13:57:14.551 1832 1858 W android.os.Debug: failed to get memory consumption info: -1
01-16 13:57:14.579 1832 1858 E memtrack: Couldn't load memtrack module
01-16 13:57:14.579 1832 1858 W android.os.Debug: failed to get memory consumption info: -1
01-16 13:57:14.588 2520 2520 I rcs : [RcsStackAdaptor] mPublishingState=1 publishState=1
01-16 13:57:14.625 2520 2620 I rcs : [PresencePublication] onMobileDataChanged, mDataEnabled=true value=true
01-16 13:57:14.631 2520 2520 I rcs : [PresencePublication] onReceive intent=Intent { act=android.intent.action.SIM_STATE_CHANGED flg=0x5000010 (has extras) }
01-16 13:57:14.631 2520 2520 I rcs : [PresencePublication] ACTION_SIM_STATE_CHANGED INTENT_KEY_ICC_STATE=LOADED
01-16 13:57:14.632 2520 2520 I rcs : [RcsService] onReceive intent=Intent { act=android.intent.action.SIM_STATE_CHANGED flg=0x5000010 (has extras) }
01-16 13:57:14.676 2579 2579 I android.smspus: The ClassLoaderContext is a special shared library.
01-16 13:57:14.686 2597 2597 I d.process.medi: The ClassLoaderContext is a special shared library.
01-16 13:57:14.688 2559 2559 I or.multidispla: The ClassLoaderContext is a special shared library.
01-16 13:57:14.763 2397 2412 W d.process.acor: Suspending all threads took: 27.571ms
01-16 13:57:14.815 1832 2152 W system_server: Long monitor contention with owner backup (1948) at android.content.pm.ParceledListSlice com.android.server.pm.PackageManagerService.getInstalledPackages(int, int)(PackageManagerService.java:8528) waiters=0 in int com.android.server.pm.PackageManagerService.checkUidPermission(java.lang.String, int) for 177ms
01-16 13:57:14.818 1832 2084 W system_server: Long monitor contention with owner backup (1948) at android.content.pm.ParceledListSlice com.android.server.pm.PackageManagerService.getInstalledPackages(int, int)(PackageManagerService.java:8528) waiters=3 in int com.android.server.pm.PackageManagerService.checkUidPermission(java.lang.String, int) for 107ms
01-16 13:57:14.819 2520 2520 E MmTelFeatureConnection: ImsRegistrationCallbackAdapter: ImsRegistration is null
01-16 13:57:14.823 1832 2549 W system_server: Long monitor contention with owner backup (1948) at android.content.pm.ParceledListSlice com.android.server.pm.PackageManagerService.getInstalledPackages(int, int)(PackageManagerService.java:8528) waiters=2 in java.lang.String com.android.server.pm.PackageManagerService.getInstantAppPackageName(int) for 116ms
01-16 13:57:14.847 1832 2510 V BackupManagerConstants: getKeyValueBackupIntervalMilliseconds(...) returns 14400000
01-16 13:57:14.847 1832 2510 V BackupManagerConstants: getKeyValueBackupFuzzMilliseconds(...) returns 600000
01-16 13:57:14.847 1832 2510 V BackupManagerConstants: getKeyValueBackupRequiredNetworkType(...) returns 1
01-16 13:57:14.847 1832 2510 V BackupManagerConstants: getKeyValueBackupRequireCharging(...) returns true
01-16 13:57:14.847 1832 2510 V KeyValueBackupJob: Scheduling k/v pass in 245 minutes
01-16 13:57:14.856 1578 1578 D Zygote : Forked child process 2628
01-16 13:57:14.860 1832 1860 I ActivityManager: Start proc 2628:com.android.printspooler/u0a59 for service {com.android.printspooler/com.android.printspooler.model.PrintSpoolerService}
01-16 13:57:14.867 1832 1948 V BackupManagerService: No ancestral data
01-16 13:57:14.885 2597 2597 I d.process.medi: The ClassLoaderContext is a special shared library.
01-16 13:57:14.949 2628 2628 W id.printspoole: Unexpected CPU variant for X86 using defaults: x86
01-16 13:57:15.071 1832 1948 I BackupManagerService: Backup enabled => false
01-16 13:57:15.101 2628 2628 I id.printspoole: The ClassLoaderContext is a special shared library.
01-16 13:57:15.242 2064 2355 W m.android.phon: JNI critical lock held for 18.031ms on Thread[36,tid=2355,Runnable,Thread*=0xdb5c4400,peer=0x13180350,"Binder:2064_A"]
01-16 13:57:15.257 2229 2229 I LatinIME: Timeout waiting for dictionary load
