01-16 13:57:19.543 2064 2342 D IccSmsInterfaceManager: [IccSmsInterfaceManager] Calling setGsmBroadcastConfig with 1 configurations
01-16 13:57:19.552 2064 2342 D IccSmsInterfaceManager: [IccSmsInterfaceManager] Failed to add GSM cell broadcast channels range 4397 to 4397
01-16 13:57:19.558 2064 2342 D IccSmsInterfaceManager: [IccSmsInterfaceManager] Failed to remove GSM cell broadcast channels range 4398 to 4398
01-16 13:57:19.561 2064 2342 D IccSmsInterfaceManager: [IccSmsInterfaceManager] Failed to remove GSM cell broadcast channels range 4399 to 4399
01-16 13:57:19.560 1832 2549 W ShortcutService: Clock rewound
01-16 13:57:19.573 2443 2482 I AlarmClock: Fixing alarm instances
01-16 13:57:19.583 1832 2094 W Binder : Outgoing transactions from this process must be FLAG_ONEWAY
01-16 13:57:19.583 1832 2094 W Binder : java.lang.Throwable
01-16 13:57:19.583 1832 2094 W Binder : at android.os.BinderProxy.transact(BinderProxy.java:480)
01-16 13:57:19.583 1832 2094 W Binder : at android.content.ContentProviderProxy.getType(ContentProviderNative.java:456)
01-16 13:57:19.583 1832 2094 W Binder : at com.android.server.am.ActivityManagerService.getProviderMimeType(ActivityManagerService.java:7667)
01-16 13:57:19.583 1832 2094 W Binder : at android.app.IActivityManager$Stub.onTransact(IActivityManager.java:3205)
01-16 13:57:19.583 1832 2094 W Binder : at com.android.server.am.ActivityManagerService.onTransact(ActivityManagerService.java:2741)
01-16 13:57:19.583 1832 2094 W Binder : at android.os.Binder.execTransactInternal(Binder.java:1021)
01-16 13:57:19.583 1832 2094 W Binder : at android.os.Binder.execTransact(Binder.java:994)
01-16 13:57:19.594 2443 2482 V AlarmClock: AlarmInitReceiver finished
01-16 13:57:19.607 2359 2359 I Dialer : VvmOmtpService - onBoot
01-16 13:57:19.653 1578 1578 D Zygote : Forked child process 2802
01-16 13:57:19.685 1832 1860 W ActivityManager: Slow operation: 75ms so far, now at startProcess: returned from zygote!
01-16 13:57:19.685 1832 1860 W ActivityManager: Slow operation: 75ms so far, now at startProcess: done updating battery stats
01-16 13:57:19.685 1832 1860 W ActivityManager: Slow operation: 75ms so far, now at startProcess: building log message
01-16 13:57:19.685 1832 1860 I ActivityManager: Start proc 2802:com.android.dynsystem/1000 for broadcast {com.android.dynsystem/com.android.dynsystem.BootCompletedReceiver}
01-16 13:57:19.685 1832 1860 W ActivityManager: Slow operation: 75ms so far, now at startProcess: starting to update pids map
01-16 13:57:19.686 1832 1860 W ActivityManager: Slow operation: 76ms so far, now at startProcess: done updating pids map
01-16 13:57:19.695 2802 2802 W droid.dynsyste: Unexpected CPU variant for X86 using defaults: x86
01-16 13:57:19.702 2170 2189 I droid.launcher: NativeAlloc concurrent copying GC freed 11620(739KB) AllocSpace objects, 6(460KB) LOS objects, 49% free, 2632KB/5265KB, paused 38us total 208.017ms
01-16 13:57:19.832 2597 2626 I d.process.medi: Waiting for a blocking GC ProfileSaver
01-16 13:57:19.865 2802 2802 I droid.dynsyste: The ClassLoaderContext is a special shared library.
01-16 13:57:19.871 2597 2626 I d.process.medi: WaitForGcToComplete blocked ProfileSaver on ClassLinker for 39.511ms
01-16 13:57:19.934 1832 2549 D DynamicSystemService: GsiService is not ready, wait for 64ms
01-16 13:57:20.000 1832 2549 D DynamicSystemService: GsiService is not ready, wait for 128ms
01-16 13:57:20.160 1477 1477 I ServiceManager: service 'gsiservice' died
01-16 13:57:20.178 1832 2547 W DynamicSystemService: gsiservice died; reconnecting
01-16 13:57:20.211 1578 1578 D Zygote : Forked child process 2831
01-16 13:57:20.212 1832 1860 I ActivityManager: Start proc 2831:com.android.email/u0a100 for broadcast {com.android.email/com.android.email.service.EmailBroadcastReceiver}
01-16 13:57:20.310 2831 2831 W m.android.emai: Unexpected CPU variant for X86 using defaults: x86
01-16 13:57:20.305 2831 2831 W main : type=1400 audit(0.0:16): avc: granted { read } for name="u:object_r:net_dns_prop:s0" dev="tmpfs" ino=6006 scontext=u:r:untrusted_app_25:s0:c512,c768 tcontext=u:object_r:net_dns_prop:s0 tclass=file app=com.android.email
01-16 13:57:20.533 2831 2831 D ApplicationLoaders: Returning zygote-cached class loader: /system/framework/android.hidl.base-V1.0-java.jar
01-16 13:57:20.533 2831 2831 D ApplicationLoaders: Returning zygote-cached class loader: /system/framework/android.hidl.manager-V1.0-java.jar
01-16 13:57:20.533 2831 2831 D ApplicationLoaders: Returning zygote-cached class loader: /system/framework/android.hidl.base-V1.0-java.jar
01-16 13:57:20.562 2831 2831 I m.android.emai: The ClassLoaderContext is a special shared library.
01-16 13:57:20.678 2831 2851 D ActivityThread: Loading provider com.android.email.provider;com.android.email.notifier: com.android.email.provider.EmailProvider
01-16 13:57:20.792 1832 2547 W ActivityManager: Unable to start service Intent { act=com.android.email.EXCHANGE_INTENT pkg=com.android.exchange } U=0: not found
01-16 13:57:20.820 2831 2853 D ActivityThread: Loading provider com.android.email.provider;com.android.email.notifier: com.android.email.provider.EmailProvider
01-16 13:57:20.828 1832 2084 W ActivityManager: Unable to start service Intent { act=com.android.email.EXCHANGE_INTENT pkg=com.android.exchange } U=0: not found
01-16 13:57:20.828 1832 2094 W ActivityManager: Unable to start service Intent { act=com.android.email.EXCHANGE_INTENT pkg=com.android.exchange } U=0: not found
01-16 13:57:20.588 2831 2831 I m.android.emai: The ClassLoaderContext is a special shared library.
01-16 13:57:20.868 2229 2229 I SystemBroadcastReceiver: Boot has been completed
01-16 13:57:20.869 2229 2229 I SystemBroadcastReceiver: toggleAppIcon() : FLAG_SYSTEM = true
01-16 13:57:20.911 1578 1578 D Zygote : Forked child process 2862
01-16 13:57:20.929 1832 1860 I ActivityManager: Start proc 2862:com.android.managedprovisioning/u0a52 for broadcast {com.android.managedprovisioning/com.android.managedprovisioning.preprovisioning.BootReminder}
01-16 13:57:20.931 2862 2862 W gedprovisionin: Unexpected CPU variant for X86 using defaults: x86
01-16 13:57:20.945 2831 2854 D ActivityThread: Loading provider com.android.email.provider;com.android.email.notifier: com.android.email.provider.EmailProvider
01-16 13:57:20.946 1832 2549 W ActivityManager: Unable to start service Intent { act=com.android.email.EXCHANGE_INTENT pkg=com.android.exchange } U=0: not found
01-16 13:57:21.033 2862 2862 I gedprovisionin: The ClassLoaderContext is a special shared library.
01-16 13:57:21.199 1578 1578 D Zygote : Forked child process 2888
01-16 13:57:21.210 1832 1860 W ActivityManager: Slow operation: 64ms so far, now at startProcess: returned from zygote!
01-16 13:57:21.211 1832 1860 W ActivityManager: Slow operation: 65ms so far, now at startProcess: done updating battery stats
01-16 13:57:21.211 1832 1860 W ActivityManager: Slow operation: 65ms so far, now at startProcess: building log message
01-16 13:57:21.211 1832 1860 I ActivityManager: Start proc 2888:com.android.messaging/u0a78 for broadcast {com.android.messaging/com.android.messaging.receiver.BootAndPackageReplacedReceiver}
01-16 13:57:21.211 1832 1860 W ActivityManager: Slow operation: 65ms so far, now at startProcess: starting to update pids map
01-16 13:57:21.211 1832 1860 W ActivityManager: Slow operation: 65ms so far, now at startProcess: done updating pids map
01-16 13:57:21.255 2888 2888 W droid.messagin: Unexpected CPU variant for X86 using defaults: x86
01-16 13:57:21.321 2831 2853 W m.android.emai: Long monitor contention with owner AsyncTask #1 (2851) at boolean libcore.io.Linux.access(java.lang.String, int)(Linux.java:-2) waiters=0 in android.database.sqlite.SQLiteDatabase com.android.email.provider.EmailProvider.getDatabase(android.content.Context) for 437ms
01-16 13:57:21.324 2888 2888 D ApplicationLoaders: Returning zygote-cached class loader: /system/framework/android.hidl.base-V1.0-java.jar
01-16 13:57:21.324 2888 2888 D ApplicationLoaders: Returning zygote-cached class loader: /system/framework/android.hidl.manager-V1.0-java.jar
01-16 13:57:21.324 2888 2888 D ApplicationLoaders: Returning zygote-cached class loader: /system/framework/android.hidl.base-V1.0-java.jar
01-16 13:57:21.326 2831 2856 W m.android.emai: Long monitor contention with owner AsyncTask #1 (2851) at boolean libcore.io.Linux.access(java.lang.String, int)(Linux.java:-2) waiters=2 in android.database.sqlite.SQLiteDatabase com.android.email.provider.EmailProvider.getDatabase(android.content.Context) for 416ms
01-16 13:57:21.333 1832 2549 W ActivityManager: Unable to start service Intent { act=com.android.email.EXCHANGE_INTENT pkg=com.android.exchange } U=0: not found
01-16 13:57:21.334 1832 2549 W ActivityManager: Unable to start service Intent { cmp=com.android.email/.service.AttachmentService } U=0: not found
01-16 13:57:21.363 2831 2859 W m.android.emai: Long monitor contention with owner AsyncTask #3 (2854) at java.lang.Object android.content.pm.ProviderInfo$1.createFromParcel(android.os.Parcel)(ProviderInfo.java:162) waiters=0 in void com.android.email.provider.AccountReconciler.reconcileAccounts(android.content.Context) for 421ms
01-16 13:57:21.374 2888 2888 I droid.messagin: The ClassLoaderContext is a special shared library.
01-16 13:57:21.495 1832 2084 W ActivityManager: Unable to start service Intent { cmp=com.android.email/.service.AttachmentService } U=0: not found
01-16 13:57:21.496 1832 2084 W ActivityManager: Unable to start service Intent { act=com.android.email.EXCHANGE_INTENT pkg=com.android.exchange } U=0: not found
01-16 13:57:21.496 1832 2084 W ActivityManager: Unable to start service Intent { cmp=com.android.email/.service.AttachmentService } U=0: not found
01-16 13:57:21.508 2831 2905 I Email : Observing account changes for notifications
01-16 13:57:21.511 2831 2857 W m.android.emai: Long monitor contention with owner AsyncTask #3 (2854) at java.lang.Object android.content.pm.ProviderInfo$1.createFromParcel(android.os.Parcel)(ProviderInfo.java:162) waiters=1 in void com.android.email.provider.AccountReconciler.reconcileAccounts(android.content.Context) for 586ms
01-16 13:57:21.498 1832 2084 W ActivityManager: Unable to start service Intent { cmp=com.android.email/.service.AttachmentService } U=0: not found
01-16 13:57:21.559 1832 2084 W ActivityManager: Unable to start service Intent { act=com.android.email.EXCHANGE_INTENT pkg=com.android.exchange } U=0: not found
01-16 13:57:21.561 2831 2861 W m.android.emai: Long monitor contention with owner AsyncTask #3 (2854) at java.lang.Object android.content.pm.ProviderInfo$1.createFromParcel(android.os.Parcel)(ProviderInfo.java:162) waiters=2 in void com.android.email.provider.AccountReconciler.reconcileAccounts(android.content.Context) for 616ms
01-16 13:57:21.577 1832 2084 D AlarmManagerService: Kernel timezone updated to -120 minutes west of GMT
01-16 13:57:21.627 2831 2886 W m.android.emai: Long monitor contention with owner AsyncTask #3 (2854) at java.lang.Object android.content.pm.ProviderInfo$1.createFromParcel(android.os.Parcel)(ProviderInfo.java:162) waiters=3 in void com.android.email.provider.AccountReconciler.reconcileAccounts(android.content.Context) for 587ms
01-16 13:57:21.624 1832 2084 I chatty : uid=1000(system) Binder:1832_5 identical 1 line
01-16 13:57:21.629 1832 2084 W ActivityManager: Unable to start service Intent { act=com.android.email.EXCHANGE_INTENT pkg=com.android.exchange } U=0: not found
01-16 13:57:21.640 2831 2831 E ActivityThread: Service com.android.email.service.EmailBroadcastProcessorService has leaked ServiceConnection com.android.emailcommon.service.ServiceProxy$ProxyConnection@85cb13d that was originally bound here
01-16 13:57:21.640 2831 2831 E ActivityThread: android.app.ServiceConnectionLeaked: Service com.android.email.service.EmailBroadcastProcessorService has leaked ServiceConnection com.android.emailcommon.service.ServiceProxy$ProxyConnection@85cb13d that was originally bound here
01-16 13:57:21.640 2831 2831 E ActivityThread: at android.app.LoadedApk$ServiceDispatcher.(LoadedApk.java:1805)
01-16 13:57:21.640 2831 2831 E ActivityThread: at android.app.LoadedApk.getServiceDispatcherCommon(LoadedApk.java:1677)
01-16 13:57:21.640 2831 2831 E ActivityThread: at android.app.LoadedApk.getServiceDispatcher(LoadedApk.java:1656)
01-16 13:57:21.640 2831 2831 E ActivityThread: at android.app.ContextImpl.bindServiceCommon(ContextImpl.java:1721)
01-16 13:57:21.640 2831 2831 E ActivityThread: at android.app.ContextImpl.bindService(ContextImpl.java:1650)
01-16 13:57:21.640 2831 2831 E ActivityThread: at android.content.ContextWrapper.bindService(ContextWrapper.java:705)
01-16 13:57:21.640 2831 2831 E ActivityThread: at com.android.emailcommon.service.ServiceProxy.setTask(ServiceProxy.java:181)
01-16 13:57:21.640 2831 2831 E ActivityThread: at com.android.emailcommon.service.ServiceProxy.test(ServiceProxy.java:224)
01-16 13:57:21.640 2831 2831 E ActivityThread: at com.android.email.service.EmailServiceUtils.isServiceAvailable(EmailServiceUtils.java:160)
01-16 13:57:21.640 2831 2831 E ActivityThread: at com.android.email.provider.AccountReconciler.reconcileAccountsInternal(AccountReconciler.java:171)
01-16 13:57:21.640 2831 2831 E ActivityThread: at com.android.email.provider.AccountReconciler.reconcileAccounts(AccountReconciler.java:115)
01-16 13:57:21.640 2831 2831 E ActivityThread: at com.android.email.service.EmailBroadcastProcessorService.reconcileAndStartServices(EmailBroadcastProcessorService.java:305)
01-16 13:57:21.640 2831 2831 E ActivityThread: at com.android.email.service.EmailBroadcastProcessorService.onBootCompleted(EmailBroadcastProcessorService.java:295)
01-16 13:57:21.640 2831 2831 E ActivityThread: at com.android.email.service.EmailBroadcastProcessorService.onHandleIntent(EmailBroadcastProcessorService.java:130)
01-16 13:57:21.640 2831 2831 E ActivityThread: at android.app.IntentService$ServiceHandler.handleMessage(IntentService.java:78)
01-16 13:57:21.640 2831 2831 E ActivityThread: at android.os.Handler.dispatchMessage(Handler.java:107)
01-16 13:57:21.640 2831 2831 E ActivityThread: at android.os.Looper.loop(Looper.java:214)
01-16 13:57:21.640 2831 2831 E ActivityThread: at android.os.HandlerThread.run(HandlerThread.java:67)
01-16 13:57:21.642 1832 2547 W ActivityManager: Unbind failed: could not find connection for android.os.BinderProxy@26d21b7
01-16 13:57:21.688 1832 2547 W ActivityManager: Unable to start service Intent { act=com.android.email.EXCHANGE_INTENT pkg=com.android.exchange } U=0: not found
01-16 13:57:21.698 2888 2888 I MessagingApp: Carrier config changed. Reloading MMS config.
01-16 13:57:21.708 2888 2913 W MessagingApp: canonicalizeMccMnc: invalid mccmnc:null ,null
01-16 13:57:21.711 1832 2547 D MmsServiceBroker: getCarrierConfigValues() by com.android.messaging
01-16 13:57:21.711 1832 2547 W MmsServiceBroker: MmsService not connected. Try connecting...
01-16 13:57:21.715 1832 1832 I MmsServiceBroker: Connecting to MmsService
01-16 13:57:21.715 1832 1832 W ContextImpl: Calling a method in the system process without a qualified user: android.app.ContextImpl.bindService:1649 com.android.server.MmsServiceBroker.tryConnecting:241 com.android.server.MmsServiceBroker.access$000:53 com.android.server.MmsServiceBroker$1.handleMessage:83 android.os.Handler.dispatchMessage:107
01-16 13:57:21.747 1578 1578 D Zygote : Forked child process 2915
01-16 13:57:21.750 2064 2064 I m.android.phon: The ClassLoaderContext is a special shared library.
01-16 13:57:21.756 1832 1860 W ActivityManager: Slow operation: 67ms so far, now at startProcess: returned from zygote!
01-16 13:57:21.756 1832 1860 W ActivityManager: Slow operation: 67ms so far, now at startProcess: done updating battery stats
01-16 13:57:21.756 1832 1860 W ActivityManager: Slow operation: 67ms so far, now at startProcess: building log message
01-16 13:57:21.756 1832 1860 I ActivityManager: Start proc 2915:com.android.onetimeinitializer/u0a81 for broadcast {com.android.onetimeinitializer/com.android.onetimeinitializer.OneTimeInitializerReceiver}
01-16 13:57:21.756 1832 1860 W ActivityManager: Slow operation: 67ms so far, now at startProcess: starting to update pids map
01-16 13:57:21.756 1832 1860 W ActivityManager: Slow operation: 67ms so far, now at startProcess: done updating pids map
01-16 13:57:21.762 2064 2064 D MmsService: onCreate
01-16 13:57:21.765 1832 1832 I MmsServiceBroker: MmsService connected
01-16 13:57:21.765 2064 2082 D MmsService: getCarrierConfigValues
01-16 13:57:21.773 2064 2082 I MmsService: mms config for sub 1: null
01-16 13:57:21.774 2888 2913 I MessagingApp: Carrier configs loaded: Bundle[{maxImageHeight=1944, maxMessageSize=1048576, maxImageWidth=2592}] from resources+system for subId=1
01-16 13:57:21.778 2888 2911 W MessagingApp: canonicalizeMccMnc: invalid mccmnc:null ,null
01-16 13:57:21.778 1832 2547 D MmsServiceBroker: getCarrierConfigValues() by com.android.messaging
01-16 13:57:21.778 2064 2355 D MmsService: getCarrierConfigValues
01-16 13:57:21.778 2064 2355 I MmsService: mms config for sub 1: null
01-16 13:57:21.778 2888 2911 I MessagingApp: Carrier configs loaded: Bundle[{maxImageHeight=1944, maxMessageSize=1048576, maxImageWidth=2592}] from resources+system for subId=1
01-16 13:57:21.780 2064 2064 I MmsService: MmsConfigManager receiver action: android.intent.action.SIM_STATE_CHANGED
01-16 13:57:21.788 2064 2921 I MmsService: MmsConfigManager loads in background mcc/mnc: 310/260
01-16 13:57:21.788 2064 2064 I MmsService: MmsConfigManager receiver action: android.telephony.action.CARRIER_CONFIG_CHANGED
01-16 13:57:21.790 2064 2923 I MmsService: MmsConfigManager loads in background mcc/mnc: 310/260
01-16 13:57:21.791 2915 2915 W timeinitialize: Unexpected CPU variant for X86 using defaults: x86
01-16 13:57:21.804 2064 2922 I MmsService: MmsConfigManager loads in background mcc/mnc: 310/260
01-16 13:57:21.808 2888 2910 W MessagingApp: canonicalizeMccMnc: invalid mccmnc:null ,null
01-16 13:57:21.809 1832 2084 D MmsServiceBroker: getCarrierConfigValues() by com.android.messaging
01-16 13:57:21.809 2064 2082 D MmsService: getCarrierConfigValues
01-16 13:57:21.809 2064 2082 I MmsService: mms config for sub 1: Bundle[{httpSocketTimeout=60000, aliasMinChars=2, smsToMmsTextThreshold=-1, enableSMSDeliveryReports=true, maxMessageTextSize=-1, supportMmsContentDisposition=true, enabledTransID=false, aliasEnabled=false, supportHttpCharsetHeader=false, allowAttachAudio=true, smsToMmsTextLengthThreshold=-1, recipientLimit=2147483647, uaProfTagName=x-wap-profile, aliasMaxChars=48, maxImageHeight=1944, enableMMSDeliveryReports=false, userAgent=, mmsCloseConnection=true, config_cellBroadcastAppLinks=true, maxSubjectLength=40, httpParams=, enableGroupMms=true, emailGatewayNumber=, maxMessageSize=1048576, naiSuffix=, enableMMSReadReports=false, maxImageWidth=2592, uaProfUrl=, enabledMMS=false, enabledNotifyWapMMSC=false, sendMultipartSmsAsSeparateMessages=false, enableMultipartSMS=true}]
01-16 13:57:21.810 2888 2910 I MessagingApp: Carrier configs loaded: Bundle[{httpSocketTimeout=60000, aliasMinChars=2, smsToMmsTextThreshold=-1, enableSMSDeliveryReports=true, maxMessageTextSize=-1, supportMmsContentDisposition=true, enabledTransID=false, aliasEnabled=false, supportHttpCharsetHeader=false, allowAttachAudio=true, smsToMmsTextLengthThreshold=-1, recipientLimit=2147483647, uaProfTagName=x-wap-profile, aliasMaxChars=48, maxImageHeight=1944, enableMMSDeliveryReports=false, userAgent=, mmsCloseConnection=true, config_cellBroadcastAppLinks=true, maxSubjectLength=40, httpParams=, enableGroupMms=true, emailGatewayNumber=, maxMessageSize=1048576, naiSuffix=, enableMMSReadReports=false, maxImageWidth=2592, uaProfUrl=, enabledMMS=false, enabledNotifyWapMMSC=false, sendMultipartSmsAsSeparateMessages=false, enableMultipartSMS=true}] from resources+system for subId=1
01-16 13:57:21.877 2888 2914 I MessagingAppDataModel: Fixup: Send failed - 0 Download failed - 0
01-16 13:57:22.231 2915 2915 I timeinitialize: The ClassLoaderContext is a special shared library.
01-16 13:57:22.273 2915 2915 V OneTimeInitializerReceiver: OneTimeInitializerReceiver.onReceive
01-16 13:57:22.473 1832 1843 I system_server: Background young concurrent copying GC freed 51937(5160KB) AllocSpace objects, 18(360KB) LOS objects, 37% free, 7865KB/12MB, paused 384us total 281.971ms
01-16 13:57:22.507 2064 2064 I m.android.phon: The ClassLoaderContext is a special shared library.
01-16 13:57:22.579 2597 2670 E SQLiteLog: (1) no such table: audio_genres
01-16 13:57:22.581 2597 2670 E SQLiteLog: (1) no such table: audio_genres
01-16 13:57:22.619 1578 1578 D Zygote : Forked child process 2947
01-16 13:57:22.627 2947 2947 W ackageinstalle: Unexpected CPU variant for X86 using defaults: x86
01-16 13:57:22.629 1832 1860 I ActivityManager: Start proc 2947:com.android.packageinstaller/u0a38 for broadcast {com.android.packageinstaller/com.android.packageinstaller.TemporaryFileManager}
01-16 13:57:22.673 2947 2947 I ackageinstalle: The ClassLoaderContext is a special shared library.
01-16 13:57:22.720 1578 1578 D Zygote : Forked child process 2966
01-16 13:57:22.724 1832 1860 I ActivityManager: Start proc 2966:com.android.permissioncontroller/u0a43 for broadcast {com.android.permissioncontroller/com.android.packageinstaller.permission.service.LocationAccessCheck$SetupPeriodicBackgroundLocationAccessCheck}
01-16 13:57:22.751 2966 2966 W ssioncontrolle: Unexpected CPU variant for X86 using defaults: x86
01-16 13:57:22.825 2966 2966 I ssioncontrolle: The ClassLoaderContext is a special shared library.
01-16 13:57:22.890 2064 2064 I VvmSimStateTracker: android.intent.action.BOOT_COMPLETED
01-16 13:57:22.892 2064 2064 I VvmSimStateTracker: Service connected on ComponentInfo{com.android.phone/com.android.services.telephony.TelephonyConnectionService}, ***, UserHandle{0}
01-16 13:57:22.900 2064 2064 I RemoteVvmTaskManager: Binding to ComponentInfo{com.android.dialer/com.android.voicemail.impl.OmtpService}
01-16 13:57:22.924 2359 2359 I Dialer : VvmOmtpService - onCellServiceConnected
01-16 13:57:22.956 1578 1578 D Zygote : Forked child process 2985
01-16 13:57:22.979 2985 2985 W viders.calenda: Unexpected CPU variant for X86 using defaults: x86
01-16 13:57:22.994 1832 1921 E ReportEncoder: No watchlist hash
01-16 13:57:22.996 1832 1921 I WatchlistLoggingHandler: Milliseconds spent on tryAggregateRecords(): 34566
01-16 13:57:23.019 1832 1860 W ActivityManager: Slow operation: 114ms so far, now at startProcess: returned from zygote!
01-16 13:57:23.019 1832 1860 W ActivityManager: Slow operation: 114ms so far, now at startProcess: done updating battery stats
01-16 13:57:23.020 1832 1860 W ActivityManager: Slow operation: 115ms so far, now at startProcess: building log message
01-16 13:57:23.020 1832 1860 I ActivityManager: Start proc 2985:com.android.providers.calendar/u0a53 for broadcast {com.android.providers.calendar/com.android.providers.calendar.CalendarReceiver}
01-16 13:57:23.020 1832 1860 W ActivityManager: Slow operation: 115ms so far, now at startProcess: starting to update pids map
01-16 13:57:23.020 1832 1860 W ActivityManager: Slow operation: 115ms so far, now at startProcess: done updating pids map
01-16 13:57:23.424 1693 1693 E netmgr : Failed to open QEMU pipe 'qemud:network': Invalid argument
01-16 13:57:23.424 1693 1693 E netmgr : WifiForwarder unable to open QEMU pipe: Invalid argument
01-16 13:57:23.494 1832 1851 I DropBoxManagerService: add tag=system_server_strictmode isTagEnabled=true flags=0x2
01-16 13:57:23.535 2985 2985 I viders.calenda: The ClassLoaderContext is a special shared library.
01-16 13:57:23.598 1832 1843 I system_server: Background young concurrent copying GC freed 77862(5533KB) AllocSpace objects, 6(248KB) LOS objects, 39% free, 7664KB/12MB, paused 70us total 262.205ms
01-16 13:57:23.704 2888 2914 W MessagingAppDataModel: Used 1360ms for SyncMessagesAction#executeAction
01-16 13:57:23.714 2888 2912 I MessagingAppDataModel: SyncMessagesAction: Starting batch for messages from 1610478778641 to 1610798241682 (message update limit = 80, message scan limit = 4000)
01-16 13:57:23.873 1832 1858 E memtrack: Couldn't load memtrack module
01-16 13:57:23.873 1832 1858 W android.os.Debug: failed to get memory consumption info: -1
01-16 13:57:23.912 2888 2914 I MessagingAppDataModel: SyncMessagesAction: All messages now in sync
01-16 13:57:23.543 1832 1851 I chatty : uid=1000(system) android.io identical 8 lines
01-16 13:57:23.545 1832 1851 I DropBoxManagerService: add tag=system_server_strictmode isTagEnabled=true flags=0x2
01-16 13:57:23.924 1832 2547 I ActivityManager: Killing 2096:com.android.settings/1000 (adj 985): empty #17
01-16 13:57:24.083 1578 1578 I Zygote : Process 2096 exited due to signal 9 (Killed)
01-16 13:57:24.085 1832 1852 W ActivityManager: setHasOverlayUi called on unknown pid: 2096
01-16 13:57:24.105 1832 1861 I libprocessgroup: Successfully killed process cgroup uid 1000 pid 2096 in 179ms
01-16 13:57:24.421 2985 2985 I CalendarProvider2: Created com.android.providers.calendar.CalendarAlarmManager@1e46346(com.android.providers.calendar.CalendarProvider2@2a1c907)
01-16 13:57:24.536 2597 2670 E SQLiteLog: (1) no such table: audio_genres
01-16 13:57:24.656 1832 3011 I ActivityManager: Killing 2651:com.android.keychain/1000 (adj 985): empty #17
01-16 13:57:24.695 1578 1578 I Zygote : Process 2651 exited due to signal 9 (Killed)
01-16 13:57:24.707 1832 1861 I libprocessgroup: Successfully killed process cgroup uid 1000 pid 2651 in 37ms
01-16 13:57:24.753 1578 1578 D Zygote : Forked child process 3015
01-16 13:57:24.760 1832 1860 I ActivityManager: Start proc 3015:com.android.settings/1000 for broadcast {com.android.settings/com.android.settings.fuelgauge.batterytip.AnomalyConfigReceiver}
01-16 13:57:24.813 3015 3015 W ndroid.setting: Unexpected CPU variant for X86 using defaults: x86
01-16 13:57:24.924 3015 3015 I ndroid.setting: The ClassLoaderContext is a special shared library.
01-16 13:57:24.999 1832 3011 I ActivityManager: Killing 2671:com.android.quicksearchbox/u0a91 (adj 985): empty #17
01-16 13:57:24.928 3015 3015 I ndroid.setting: The ClassLoaderContext is a special shared library.
01-16 13:57:25.038 2064 2064 I m.android.phon: The ClassLoaderContext is a special shared library.
01-16 13:57:25.048 1578 1578 I Zygote : Process 2671 exited due to signal 9 (Killed)
01-16 13:57:25.109 1832 1861 I libprocessgroup: Successfully killed process cgroup uid 10091 pid 2671 in 109ms
01-16 13:57:25.179 1578 1578 D Zygote : Forked child process 3040
01-16 13:57:25.184 1832 1860 W ActivityManager: Slow operation: 68ms so far, now at startProcess: returned from zygote!
01-16 13:57:25.184 1832 1860 W ActivityManager: Slow operation: 68ms so far, now at startProcess: done updating battery stats
01-16 13:57:25.184 1832 1860 W ActivityManager: Slow operation: 68ms so far, now at startProcess: building log message
01-16 13:57:25.184 1832 1860 I ActivityManager: Start proc 3040:com.android.traceur/u0a62 for broadcast {com.android.traceur/com.android.traceur.Receiver}
01-16 13:57:25.184 1832 1860 W ActivityManager: Slow operation: 68ms so far, now at startProcess: starting to update pids map
01-16 13:57:25.186 1832 1860 W ActivityManager: Slow operation: 69ms so far, now at startProcess: done updating pids map
01-16 13:57:25.206 3040 3040 W android.traceu: Unexpected CPU variant for X86 using defaults: x86
01-16 13:57:25.343 3040 3040 I android.traceu: The ClassLoaderContext is a special shared library.
01-16 13:57:25.449 1832 3011 I ActivityManager: Finished processing BOOT_COMPLETED for u0
01-16 13:57:25.458 2359 2359 I Dialer : VvmTaskReceiver - task received
01-16 13:57:25.458 2359 2359 I Dialer : VvmTaskReceiver - scheduling new job
01-16 13:57:25.468 2359 2359 I Dialer : TaskSchedulerJobService - scheduling job with 1 tasks
01-16 13:57:25.469 2359 2359 I Dialer : TaskSchedulerJobService - running job instantly.
01-16 13:57:25.479 2359 2359 I Dialer : TaskSchedulerJobService - job 1 scheduled
01-16 13:57:25.506 2359 2359 I Dialer : TaskSchedulerJobService - starting 1
01-16 13:57:25.512 2359 2359 I Dialer : VvmTaskExecutor - onStartJob
01-16 13:57:25.512 2359 2359 I Dialer : Task.createTask - create task:com.android.voicemail.impl.ActivationTask
01-16 13:57:25.547 2359 3059 I Dialer : VvmTaskExecutor - executing task com.android.voicemail.impl.ActivationTask@f594864
01-16 13:57:25.548 2359 3059 I Dialer : PreOMigrationHandler - ComponentInfo{com.android.phone/com.android.services.telephony.TelephonyConnectionService}, ***, UserHandle{0} already migrated
01-16 13:57:25.600 2359 2359 I Dialer : VvmTaskReceiver - task received
01-16 13:57:25.600 2359 2359 I Dialer : VvmTaskReceiver - TaskExecutor already running
01-16 13:57:25.601 2359 2359 I Dialer : Task.createTask - create task:com.android.voicemail.impl.ActivationTask
01-16 13:57:25.601 2359 2359 I Dialer : TaskQueue.add - duplicated task added
01-16 13:57:25.601 2359 2359 I Dialer : VvmTaskExecutor - com.android.voicemail.impl.ActivationTask@e6a7acd added
01-16 13:57:25.626 2397 2397 I ContactsPerf: VoicemailContentProvider.onCreate start
01-16 13:57:25.627 2397 2397 I ContactsPerf: VoicemailContentProvider.onCreate finish
01-16 13:57:25.689 2397 2416 I VoicemailNotifier: receivers for android.intent.action.PROVIDER_CHANGED :[]
01-16 13:57:25.692 2359 3059 I Dialer : VvmActivationTask - VVM content provider configured - vvm_type_cvvm
01-16 13:57:25.694 2359 3059 I Dialer : OmtpVvmCarrierCfgHlpr - OmtpEvent:CONFIG_ACTIVATING
01-16 13:57:25.709 2397 2417 I VoicemailNotifier: receivers for android.intent.action.PROVIDER_CHANGED :[]
01-16 13:57:25.716 2064 2342 I LocationAccessPolicy: Allowing com.android.dialer fine because it doesn't target API 29 yet. Please fix this app. Called from getServiceStateForSubscriber
01-16 13:57:25.717 2064 2342 I LocationAccessPolicy: Allowing com.android.dialer coarse because it doesn't target API 29 yet. Please fix this app. Called from getServiceStateForSubscriber
01-16 13:57:26.436 2597 2670 E SQLiteLog: (1) no such table: audio_genres
01-16 13:57:26.521 2597 2670 E SQLiteDatabase: Error inserting title_key=RLN*B:DFL instance_id=null duration=12800 is_ringtone=1 album_artist=null orientation=null format=47362 height=null is_drm=0 bucket_display_name=ringtones is_audiobook=0 parent=150 volume_name=internal title_resource_uri=null date_modified=1564722810 composer=null _display_name=UrsaMinor.ogg datetaken=null mime_type=audio/ogg is_notification=0 year=null _data=/system/product/media/audio/ringtones/UrsaMinor.ogg _size=185005 is_alarm=0 title=UrsaMinor track=null width=null is_music=0 group_id=1957744874 document_id=null artist_id=1 date_added=1610798246 is_podcast=0 album_id=5 original_document_id=null bucket_id=-2044634724 media_type=2 relative_path=null
01-16 13:57:26.521 2597 2670 E SQLiteDatabase: android.database.sqlite.SQLiteConstraintException: UNIQUE constraint failed: files._data (code 2067 SQLITE_CONSTRAINT_UNIQUE)
01-16 13:57:26.521 2597 2670 E SQLiteDatabase: at android.database.sqlite.SQLiteConnection.nativeExecuteForLastInsertedRowId(Native Method)
01-16 13:57:26.521 2597 2670 E SQLiteDatabase: at android.database.sqlite.SQLiteConnection.executeForLastInsertedRowId(SQLiteConnection.java:879)
01-16 13:57:26.521 2597 2670 E SQLiteDatabase: at android.database.sqlite.SQLiteSession.executeForLastInsertedRowId(SQLiteSession.java:790)
01-16 13:57:26.521 2597 2670 E SQLiteDatabase: at android.database.sqlite.SQLiteStatement.executeInsert(SQLiteStatement.java:88)
01-16 13:57:26.521 2597 2670 E SQLiteDatabase: at android.database.sqlite.SQLiteDatabase.insertWithOnConflict(SQLiteDatabase.java:1599)
01-16 13:57:26.521 2597 2670 E SQLiteDatabase: at android.database.sqlite.SQLiteDatabase.insert(SQLiteDatabase.java:1468)
01-16 13:57:26.521 2597 2670 E SQLiteDatabase: at com.android.providers.media.MediaProvider.insertFile(MediaProvider.java:2713)
01-16 13:57:26.521 2597 2670 E SQLiteDatabase: at com.android.providers.media.MediaProvider.insertInternal(MediaProvider.java:3076)
01-16 13:57:26.521 2597 2670 E SQLiteDatabase: at com.android.providers.media.MediaProvider.insert(MediaProvider.java:2903)
01-16 13:57:26.521 2597 2670 E SQLiteDatabase: at android.content.ContentProviderOperation.applyInternal(ContentProviderOperation.java:321)
01-16 13:57:26.521 2597 2670 E SQLiteDatabase: at android.content.ContentProviderOperation.apply(ContentProviderOperation.java:304)
01-16 13:57:26.521 2597 2670 E SQLiteDatabase: at android.content.ContentProvider.applyBatch(ContentProvider.java:2126)
01-16 13:57:26.521 2597 2670 E SQLiteDatabase: at com.android.providers.media.MediaProvider.applyBatch(MediaProvider.java:3302)
01-16 13:57:26.521 2597 2670 E SQLiteDatabase: at android.content.ContentProvider.applyBatch(ContentProvider.java:2117)
01-16 13:57:26.521 2597 2670 E SQLiteDatabase: at android.content.ContentResolver.applyBatch(ContentResolver.java:1865)
01-16 13:57:26.521 2597 2670 E SQLiteDatabase: at com.android.providers.media.scan.ModernMediaScanner$Scan.applyPending(ModernMediaScanner.java:439)
01-16 13:57:26.521 2597 2670 E SQLiteDatabase: at com.android.providers.media.scan.ModernMediaScanner$Scan.maybeApplyPending(ModernMediaScanner.java:432)
01-16 13:57:26.521 2597 2670 E SQLiteDatabase: at com.android.providers.media.scan.ModernMediaScanner$Scan.visitFile(ModernMediaScanner.java:412)
01-16 13:57:26.521 2597 2670 E SQLiteDatabase: at com.android.providers.media.scan.ModernMediaScanner$Scan.visitFile(ModernMediaScanner.java:207)
01-16 13:57:26.521 2597 2670 E SQLiteDatabase: at java.nio.file.Files.walkFileTree(Files.java:2670)
01-16 13:57:26.521 2597 2670 E SQLiteDatabase: at java.nio.file.Files.walkFileTree(Files.java:2742)
01-16 13:57:26.521 2597 2670 E SQLiteDatabase: at com.android.providers.media.scan.ModernMediaScanner$Scan.walkFileTree(ModernMediaScanner.java:267)
01-16 13:57:26.521 2597 2670 E SQLiteDatabase: at com.android.providers.media.scan.ModernMediaScanner$Scan.run(ModernMediaScanner.java:245)
01-16 13:57:26.521 2597 2670 E SQLiteDatabase: at com.android.providers.media.scan.ModernMediaScanner.scanDirectory(ModernMediaScanner.java:166)
01-16 13:57:26.521 2597 2670 E SQLiteDatabase: at com.android.providers.media.MediaService.onScanVolume(MediaService.java:150)
01-16 13:57:26.521 2597 2670 E SQLiteDatabase: at com.android.providers.media.MediaService.onScanVolume(MediaService.java:131)
01-16 13:57:26.521 2597 2670 E SQLiteDatabase: at com.android.providers.media.MediaService.onHandleIntent(MediaService.java:86)
01-16 13:57:26.521 2597 2670 E SQLiteDatabase: at android.app.IntentService$ServiceHandler.handleMessage(IntentService.java:78)
01-16 13:57:26.521 2597 2670 E SQLiteDatabase: at android.os.Handler.dispatchMessage(Handler.java:107)
01-16 13:57:26.521 2597 2670 E SQLiteDatabase: at android.os.Looper.loop(Looper.java:214)
01-16 13:57:26.521 2597 2670 E SQLiteDatabase: at android.os.HandlerThread.run(HandlerThread.java:67)
01-16 13:57:30.359 2597 2670 E SQLiteLog: (1) no such table: audio_genres
01-16 13:57:30.749 1832 1859 I ActivityManager: Waited long enough for: ServiceRecord{affa3af u0 com.android.providers.media/.MediaService}
01-16 13:57:31.407 1832 1930 W AlarmManager: Unrecognized alarm listener com.android.server.wifi.WifiConfigStore$2@5f2ca4e
01-16 13:57:31.445 1577 1577 I netd : trafficSwapActiveStatsMap() <29.09ms>
01-16 13:57:31.448 1577 1577 I netd : tetherGetStats() <2.14ms>
01-16 13:57:31.463 1577 1577 I netd : bandwidthSetGlobalAlert(2097152) <0.19ms>
01-16 13:57:31.475 1832 1930 D WifiConfigStore: Writing to stores completed in 68 ms.
01-16 13:57:31.964 1578 1578 D Zygote : Forked child process 3071
01-16 13:57:31.969 1832 1860 I ActivityManager: Start proc 3071:com.android.keychain/1000 for service {com.android.keychain/com.android.keychain.KeyChainService}
01-16 13:57:31.978 3071 3071 W ndroid.keychai: Unexpected CPU variant for X86 using defaults: x86
01-16 13:57:31.995 1832 1858 E memtrack: Couldn't load memtrack module
01-16 13:57:31.995 1832 1858 W android.os.Debug: failed to get memory consumption info: -1
01-16 13:57:32.003 3071 3071 I ndroid.keychai: The ClassLoaderContext is a special shared library.
01-16 13:57:32.040 1832 1900 I ActivityManager: Killing 2319:com.android.cellbroadcastreceiver/u0a55 (adj 985): empty #17
01-16 13:57:32.085 1578 1578 I Zygote : Process 2319 exited due to signal 9 (Killed)
01-16 13:57:32.125 1832 1861 I libprocessgroup: Successfully killed process cgroup uid 10055 pid 2319 in 83ms
01-16 13:57:33.379 2597 2670 I MediaProvider: End Intent { act=android.intent.action.MEDIA_MOUNTED dat=file:///storage/emulated/0 flg=0x5000010 cmp=com.android.providers.media/.MediaService (has extras) }
01-16 13:57:35.455 1832 2167 D WificondControl: Scan result ready event
01-16 13:57:39.693 1832 1858 I ActivityManager: Killing 2722:com.android.localtransport/1000 (adj 985): empty #17
01-16 13:57:39.694 1832 1858 E memtrack: Couldn't load memtrack module
01-16 13:57:39.694 1832 1858 W android.os.Debug: failed to get memory consumption info: -1
01-16 13:57:39.699 1832 1858 E memtrack: Couldn't load memtrack module
01-16 13:57:39.699 1832 1858 W android.os.Debug: failed to get memory consumption info: -1
01-16 13:57:39.705 1832 1858 E memtrack: Couldn't load memtrack module
01-16 13:57:39.705 1832 1858 W android.os.Debug: failed to get memory consumption info: -1
01-16 13:57:39.713 1832 1858 E memtrack: Couldn't load memtrack module
01-16 13:57:39.713 1832 1858 W android.os.Debug: failed to get memory consumption info: -1
01-16 13:57:39.720 1832 1858 E memtrack: Couldn't load memtrack module
01-16 13:57:39.720 1832 1858 W android.os.Debug: failed to get memory consumption info: -1
01-16 13:57:39.745 1578 1578 I Zygote : Process 2722 exited due to signal 9 (Killed)
01-16 13:57:39.775 1832 1861 I libprocessgroup: Successfully killed process cgroup uid 1000 pid 2722 in 76ms
01-16 13:57:48.273 1832 1934 D ConnectivityService: handleLingerComplete for NetworkAgentInfo [MOBILE (LTE) - 100]
01-16 13:57:48.281 1577 1577 I netd : networkSetPermissionForNetwork(100, 1) <6.91ms>
01-16 13:57:48.325 1577 1577 I netd : trafficSwapActiveStatsMap() <36.52ms>
01-16 13:57:48.326 1577 1577 I netd : tetherGetStats() <0.79ms>
01-16 13:57:51.571 1832 1832 I ActivityManager: Killing 2750:com.android.calendar/u0a102 (adj 985): empty #17
01-16 13:57:51.579 1832 1858 E memtrack: Couldn't load memtrack module
01-16 13:57:51.579 1832 1858 W android.os.Debug: failed to get memory consumption info: -1
01-16 13:57:51.591 1832 3093 I system_server: The ClassLoaderContext is a special shared library.
01-16 13:57:51.603 1832 3093 I chatty : uid=1000 system_server identical 2 lines
01-16 13:57:51.606 1832 3093 I system_server: The ClassLoaderContext is a special shared library.
01-16 13:57:51.611 1832 1858 E memtrack: Couldn't load memtrack module
01-16 13:57:51.611 1832 1858 W android.os.Debug: failed to get memory consumption info: -1
01-16 13:57:51.615 1832 1858 E memtrack: Couldn't load memtrack module
01-16 13:57:51.615 1832 1858 W android.os.Debug: failed to get memory consumption info: -1
01-16 13:57:51.618 1832 1858 E memtrack: Couldn't load memtrack module
01-16 13:57:51.618 1832 1858 W android.os.Debug: failed to get memory consumption info: -1
01-16 13:57:51.621 1832 1858 E memtrack: Couldn't load memtrack module
01-16 13:57:51.621 1832 1858 W android.os.Debug: failed to get memory consumption info: -1
01-16 13:57:51.626 1832 1858 E memtrack: Couldn't load memtrack module
01-16 13:57:51.626 1832 1858 W android.os.Debug: failed to get memory consumption info: -1
01-16 13:57:51.631 1832 1858 E memtrack: Couldn't load memtrack module
01-16 13:57:51.631 1832 1858 W android.os.Debug: failed to get memory consumption info: -1
01-16 13:57:51.638 1832 1858 E memtrack: Couldn't load memtrack module
01-16 13:57:51.638 1832 1858 W android.os.Debug: failed to get memory consumption info: -1
01-16 13:57:51.640 1832 1858 E memtrack: Couldn't load memtrack module
01-16 13:57:51.640 1832 1858 W android.os.Debug: failed to get memory consumption info: -1
01-16 13:57:51.641 1578 1578 I Zygote : Process 2750 exited due to signal 9 (Killed)
01-16 13:57:51.650 1832 1858 E memtrack: Couldn't load memtrack module
01-16 13:57:51.650 1832 1858 W android.os.Debug: failed to get memory consumption info: -1
01-16 13:57:51.655 1832 1861 I libprocessgroup: Successfully killed process cgroup uid 10102 pid 2750 in 82ms
01-16 13:57:51.663 1832 1858 E memtrack: Couldn't load memtrack module
01-16 13:57:51.663 1832 1858 W android.os.Debug: failed to get memory consumption info: -1
01-16 13:57:51.670 1832 1858 E memtrack: Couldn't load memtrack module
01-16 13:57:51.670 1832 1858 W android.os.Debug: failed to get memory consumption info: -1
01-16 13:57:51.679 1832 1858 E memtrack: Couldn't load memtrack module
01-16 13:57:51.679 1832 1858 W android.os.Debug: failed to get memory consumption info: -1
01-16 13:57:51.683 1832 1858 E memtrack: Couldn't load memtrack module
01-16 13:57:51.683 1832 1858 W android.os.Debug: failed to get memory consumption info: -1
01-16 13:57:51.691 1832 1858 E memtrack: Couldn't load memtrack module
01-16 13:57:51.691 1832 1858 W android.os.Debug: failed to get memory consumption info: -1
01-16 13:57:51.695 1832 1858 E memtrack: Couldn't load memtrack module
01-16 13:57:51.695 1832 1858 W android.os.Debug: failed to get memory consumption info: -1
01-16 13:57:51.699 1832 1858 E memtrack: Couldn't load memtrack module
01-16 13:57:51.699 1832 1858 W android.os.Debug: failed to get memory consumption info: -1
01-16 13:57:51.703 1832 1858 E memtrack: Couldn't load memtrack module
01-16 13:57:51.703 1832 1858 W android.os.Debug: failed to get memory consumption info: -1
01-16 13:57:51.707 1832 1858 E memtrack: Couldn't load memtrack module
01-16 13:57:51.707 1832 1858 W android.os.Debug: failed to get memory consumption info: -1
01-16 13:57:51.951 1832 3093 I system_server: The ClassLoaderContext is a special shared library.
01-16 13:57:53.309 1832 3093 I chatty : uid=1000 system_server identical 87 lines
01-16 13:57:53.321 1832 3093 I system_server: The ClassLoaderContext is a special shared library.
01-16 13:57:53.322 1832 3093 I BackgroundDexOptService: Pinning optimized code {}
01-16 13:57:53.324 1832 1858 E memtrack: Couldn't load memtrack module
01-16 13:57:53.324 1832 1858 W android.os.Debug: failed to get memory consumption info: -1
01-16 13:57:53.328 1832 1858 E memtrack: Couldn't load memtrack module
01-16 13:57:53.328 1832 1858 W android.os.Debug: failed to get memory consumption info: -1
01-16 13:57:55.555 1832 2547 D WificondControl: Scan result ready event
01-16 13:57:55.727 1832 1832 W Telecom : Logging: Stale Sessions Cleaned:
01-16 13:57:55.727 1832 1832 W Telecom : CM.CCCR@ADM
01-16 13:57:55.727 1832 1832 W Telecom : CM.CCCR->CM.UECNT@ADM
01-16 13:57:55.727 1832 1832 W Telecom : CM.CCCR->CM.UECNT@ADM
01-16 13:57:55.727 1832 1832 W Telecom : CM.CCCR->CM.UECNT->CM.CCCR->CM.UECNT@ADM
01-16 13:58:00.005 1967 1967 D KeyguardClockSwitch: Updating clock: 158
01-16 13:58:23.437 1693 1693 E netmgr : Failed to open QEMU pipe 'qemud:network': Invalid argument
01-16 13:58:23.437 1693 1693 E netmgr : WifiForwarder unable to open QEMU pipe: Invalid argument
01-16 13:58:25.787 2359 3059 I Dialer : OmtpVvmCarrierCfgHlpr - OmtpEvent:CONFIG_STATUS_SMS_TIME_OUT
01-16 13:58:25.788 2359 2359 I Dialer : RetryPolicy - discarding deferred status: configuration_state=4
01-16 13:58:25.790 2359 2359 I Dialer : VvmTaskExecutor - no more tasks, stopping service if no task are added in 5000 millis
01-16 13:58:25.790 1832 1858 E memtrack: Couldn't load memtrack module
01-16 13:58:25.790 1832 1858 W android.os.Debug: failed to get memory consumption info: -1
01-16 13:58:25.793 2359 2359 I Dialer : VvmTaskReceiver - task received
01-16 13:58:25.793 2359 2359 I Dialer : VvmTaskReceiver - TaskExecutor already running
01-16 13:58:25.793 2359 2359 I Dialer : Task.createTask - create task:com.android.voicemail.impl.ActivationTask
01-16 13:58:25.793 2359 2359 I Dialer : RetryPolicy - retry #1 for com.android.voicemail.impl.ActivationTask@98081ce queued, executing in 5000
01-16 13:58:25.793 2359 2359 I Dialer : VvmTaskExecutor - com.android.voicemail.impl.ActivationTask@98081ce added
01-16 13:58:25.794 2359 2359 I Dialer : VvmTaskExecutor - minimal wait time:5000
01-16 13:58:25.794 2359 2359 I Dialer : VvmTaskExecutor - sleep for 5000 millis
01-16 13:58:25.795 1832 1858 E memtrack: Couldn't load memtrack module
01-16 13:58:25.795 1832 1858 W android.os.Debug: failed to get memory consumption info: -1
01-16 13:58:25.797 1832 1858 E memtrack: Couldn't load memtrack module
01-16 13:58:25.797 1832 1858 W android.os.Debug: failed to get memory consumption info: -1
01-16 13:58:25.798 1832 1858 E memtrack: Couldn't load memtrack module
01-16 13:58:25.798 1832 1858 W android.os.Debug: failed to get memory consumption info: -1
01-16 13:58:25.800 1832 1858 E memtrack: Couldn't load memtrack module
01-16 13:58:25.800 1832 1858 W android.os.Debug: failed to get memory consumption info: -1
01-16 13:58:25.802 1832 1858 E memtrack: Couldn't load memtrack module
01-16 13:58:25.802 1832 1858 W android.os.Debug: failed to get memory consumption info: -1
01-16 13:58:25.803 1832 1858 E memtrack: Couldn't load memtrack module
01-16 13:58:25.803 1832 1858 W android.os.Debug: failed to get memory consumption info: -1
01-16 13:58:25.806 1832 1858 E memtrack: Couldn't load memtrack module
01-16 13:58:25.806 1832 1858 W android.os.Debug: failed to get memory consumption info: -1
01-16 13:58:25.808 1832 1858 E memtrack: Couldn't load memtrack module
01-16 13:58:25.808 1832 1858 W android.os.Debug: failed to get memory consumption info: -1
01-16 13:58:25.809 1832 1858 E memtrack: Couldn't load memtrack module
01-16 13:58:25.809 1832 1858 W android.os.Debug: failed to get memory consumption info: -1
01-16 13:58:25.811 1832 1858 E memtrack: Couldn't load memtrack module
01-16 13:58:25.811 1832 1858 W android.os.Debug: failed to get memory consumption info: -1
01-16 13:58:25.813 1832 1858 E memtrack: Couldn't load memtrack module
01-16 13:58:25.813 1832 1858 W android.os.Debug: failed to get memory consumption info: -1
01-16 13:58:25.814 1832 1858 E memtrack: Couldn't load memtrack module
01-16 13:58:25.814 1832 1858 W android.os.Debug: failed to get memory consumption info: -1
01-16 13:58:25.816 1832 1858 E memtrack: Couldn't load memtrack module
01-16 13:58:25.816 1832 1858 W android.os.Debug: failed to get memory consumption info: -1
01-16 13:58:25.818 1832 1858 E memtrack: Couldn't load memtrack module
01-16 13:58:25.818 1832 1858 W android.os.Debug: failed to get memory consumption info: -1
01-16 13:58:25.820 1832 1858 E memtrack: Couldn't load memtrack module
01-16 13:58:25.820 1832 1858 W android.os.Debug: failed to get memory consumption info: -1
01-16 13:58:25.822 1832 1858 E memtrack: Couldn't load memtrack module
01-16 13:58:25.822 1832 1858 W android.os.Debug: failed to get memory consumption info: -1
01-16 13:58:25.824 1832 1858 E memtrack: Couldn't load memtrack module
01-16 13:58:25.824 1832 1858 W android.os.Debug: failed to get memory consumption info: -1
01-16 13:58:25.825 1832 1858 E memtrack: Couldn't load memtrack module
01-16 13:58:25.825 1832 1858 W android.os.Debug: failed to get memory consumption info: -1
01-16 13:58:30.809 2359 3059 I Dialer : VvmTaskExecutor - executing task com.android.voicemail.impl.ActivationTask@98081ce
01-16 13:58:30.810 2359 3059 I Dialer : PreOMigrationHandler - ComponentInfo{com.android.phone/com.android.services.telephony.TelephonyConnectionService}, ***, UserHandle{0} already migrated
01-16 13:58:30.836 2397 2417 I VoicemailNotifier: receivers for android.intent.action.PROVIDER_CHANGED :[]
01-16 13:58:30.838 2359 3059 I Dialer : VvmActivationTask - VVM content provider configured - vvm_type_cvvm
01-16 13:58:30.838 2359 3059 I Dialer : OmtpVvmCarrierCfgHlpr - OmtpEvent:CONFIG_ACTIVATING
01-16 13:58:30.846 2397 2417 I VoicemailNotifier: receivers for android.intent.action.PROVIDER_CHANGED :[]
01-16 13:58:30.849 2064 2285 I LocationAccessPolicy: Allowing com.android.dialer fine because it doesn't target API 29 yet. Please fix this app. Called from getServiceStateForSubscriber
01-16 13:58:30.850 2064 2285 I LocationAccessPolicy: Allowing com.android.dialer coarse because it doesn't target API 29 yet. Please fix this app. Called from getServiceStateForSubscriber
01-16 13:58:35.525 1832 2094 D WificondControl: Scan result ready event
01-16 13:59:00.001 1967 1967 D KeyguardClockSwitch: Updating clock: 159
01-16 13:59:23.452 1693 1693 E netmgr : Failed to open QEMU pipe 'qemud:network': Invalid argument
01-16 13:59:23.452 1693 1693 E netmgr : WifiForwarder unable to open QEMU pipe: Invalid argument
01-16 13:59:30.907 2359 3059 I Dialer : OmtpVvmCarrierCfgHlpr - OmtpEvent:CONFIG_STATUS_SMS_TIME_OUT
01-16 13:59:30.907 2359 2359 I Dialer : RetryPolicy - discarding deferred status: configuration_state=4
01-16 13:59:30.909 2359 2359 I Dialer : VvmTaskExecutor - no more tasks, stopping service if no task are added in 5000 millis
01-16 13:59:30.910 2359 2359 I Dialer : VvmTaskReceiver - task received
01-16 13:59:30.910 2359 2359 I Dialer : VvmTaskReceiver - TaskExecutor already running
01-16 13:59:30.910 2359 2359 I Dialer : Task.createTask - create task:com.android.voicemail.impl.ActivationTask
01-16 13:59:30.910 2359 2359 I Dialer : RetryPolicy - retry #2 for com.android.voicemail.impl.ActivationTask@259750b queued, executing in 5000
01-16 13:59:30.910 2359 2359 I Dialer : VvmTaskExecutor - com.android.voicemail.impl.ActivationTask@259750b added
01-16 13:59:30.910 2359 2359 I Dialer : VvmTaskExecutor - minimal wait time:5000
01-16 13:59:30.910 2359 2359 I Dialer : VvmTaskExecutor - sleep for 5000 millis
01-16 13:59:30.911 1832 1858 E memtrack: Couldn't load memtrack module
