01-16 14:10:29.656 1832 1900 I ActivityManager: Process org.protox (pid 3980) has died: cch CRE
01-16 14:10:29.658 1832 3928 I WindowManager: WIN DEATH: Window{29303ea u0 org.protox/org.protox.activity.QtActivityEx}
01-16 14:10:29.658 1832 3928 W InputDispatcher: Attempted to unregister already unregistered input channel '29303ea org.protox/org.protox.activity.QtActivityEx (server)'
01-16 14:10:29.658 1832 3928 W InputDispatcher: Attempted to unregister already unregistered input channel '49574b6 PopupWindow:85cb13d (server)'
01-16 14:10:29.658 1578 1578 I Zygote : Process 3980 exited cleanly (1)
01-16 14:10:29.662 1832 1899 W WindowManager: Failed looking up window callers=com.android.server.wm.WindowManagerService.windowForClientLocked:5281 com.android.server.wm.WindowState$DeathRecipient.binderDied:2491 android.os.BinderProxy.sendDeathNotice:620
01-16 14:10:29.662 1832 1899 I WindowManager: WIN DEATH: null
01-16 14:10:29.669 1832 1852 W ActivityManager: setHasOverlayUi called on unknown pid: 3980
01-16 14:10:29.699 1832 1861 I libprocessgroup: Successfully killed process cgroup uid 10103 pid 3980 in 41ms
01-16 14:10:30.551 1583 1583 W audio_hw_generic: Not supplying enough data to HAL, expected position 2437869 , only wrote 2318127
01-16 14:10:31.142 1832 3928 I ActivityTaskManager: START u0 {act=android.intent.action.MAIN cat=[android.intent.category.LAUNCHER] flg=0x10200000 cmp=org.protox/.activity.QtActivityEx bnds=[843,503][1045,780]} from uid 10082
01-16 14:10:31.147 1583 3101 W audio_hw_generic: Not supplying enough data to HAL, expected position 2318133 , only wrote 2318127
01-16 14:10:31.236 1832 1853 E system_server: Invalid ID 0x00000000.
01-16 14:10:31.236 1578 1578 D Zygote : Forked child process 4008
01-16 14:10:31.257 1832 1860 W ActivityManager: Slow operation: 90ms so far, now at startProcess: returned from zygote!
01-16 14:10:31.257 1832 1860 W ActivityManager: Slow operation: 90ms so far, now at startProcess: done updating battery stats
01-16 14:10:31.257 1832 1860 W ActivityManager: Slow operation: 90ms so far, now at startProcess: building log message
01-16 14:10:31.257 1832 1860 I ActivityManager: Start proc 4008:org.protox/u0a103 for activity {org.protox/org.protox.activity.QtActivityEx}
01-16 14:10:31.258 1832 1860 W ActivityManager: Slow operation: 91ms so far, now at startProcess: starting to update pids map
01-16 14:10:31.259 1832 1860 W ActivityManager: Slow operation: 92ms so far, now at startProcess: done updating pids map
01-16 14:10:31.259 1593 1593 D gralloc_ranchu: gralloc_alloc: Creating ashmem region of size 8298496
01-16 14:10:31.276 4008 4008 W org.protox: Unexpected CPU variant for X86 using defaults: x86
01-16 14:10:31.357 1606 1922 E SurfaceFlinger: ro.sf.lcd_density must be defined as a build property
01-16 14:10:31.358 1606 1922 E SurfaceFlinger: ro.sf.lcd_density must be defined as a build property
01-16 14:10:31.362 1593 1593 D gralloc_ranchu: gralloc_alloc: Creating ashmem region of size 8298496
01-16 14:10:31.380 4008 4008 W System : ClassLoader referenced unknown path:
01-16 14:10:31.409 4008 4008 D Qt JAVA : Class org.qtproject.qt5.android.multimedia.QtMultimediaUtils does not implement setActivity method
01-16 14:10:31.413 4008 4008 W RenderThread: type=1400 audit(0.0:28): avc: denied { write } for name="property_service" dev="tmpfs" ino=6051 scontext=u:r:untrusted_app:s0:c103,c256,c512,c768 tcontext=u:object_r:property_socket:s0 tclass=sock_file permissive=0 app=org.protox
01-16 14:10:31.422 4008 4029 D libEGL : Emulator has host GPU support, qemu.gles is set to 1.
01-16 14:10:31.426 4008 4029 W libc : Unable to set property "qemu.gles" to "1": connection failed; errno=13 (Permission denied)
01-16 14:10:31.441 4008 4029 D libEGL : loaded /vendor/lib/egl/libEGL_emulation.so
01-16 14:10:31.443 4008 4029 D libEGL : loaded /vendor/lib/egl/libGLESv1_CM_emulation.so
01-16 14:10:31.445 4008 4029 D libEGL : loaded /vendor/lib/egl/libGLESv2_emulation.so
01-16 14:10:31.456 4008 4028 I QtCore : Start
01-16 14:10:31.469 1594 1594 W EmuHWC2 : validate: layer 35 CompositionType 1, fallback
01-16 14:10:31.486 1594 1594 I chatty : uid=1000(system) composer@2.1-se identical 1 line
01-16 14:10:31.503 1594 1594 W EmuHWC2 : validate: layer 35 CompositionType 1, fallback
01-16 14:10:31.507 1606 1606 E RenderEngine: GL error 0x0501
01-16 14:10:31.520 1594 1594 W EmuHWC2 : validate: layer 35 CompositionType 1, fallback
01-16 14:10:31.554 1594 1594 I chatty : uid=1000(system) composer@2.1-se identical 2 lines
01-16 14:10:31.570 1594 1594 W EmuHWC2 : validate: layer 35 CompositionType 1, fallback
01-16 14:10:31.582 4008 4028 I Qt : qt started
01-16 14:10:31.587 1594 1594 W EmuHWC2 : validate: layer 35 CompositionType 1, fallback
01-16 14:10:31.604 1594 1594 I chatty : uid=1000(system) composer@2.1-se identical 1 line
01-16 14:10:31.621 1594 1594 W EmuHWC2 : validate: layer 35 CompositionType 1, fallback
01-16 14:10:31.621 1967 2226 D EGL_emulation: eglMakeCurrent: 0xe35dad40: ver 3 1 (tinfo 0xc1dd01a0)
01-16 14:10:31.637 1594 1594 W EmuHWC2 : validate: layer 35 CompositionType 1, fallback
01-16 14:10:31.652 1967 2226 D EGL_emulation: eglMakeCurrent: 0xe35dad40: ver 3 1 (tinfo 0xc1dd01a0)
01-16 14:10:31.654 1594 1594 W EmuHWC2 : validate: layer 35 CompositionType 1, fallback
01-16 14:10:31.671 1594 1594 W EmuHWC2 : validate: layer 35 CompositionType 1, fallback
01-16 14:10:31.679 4008 4026 D : HostConnection::get() New Host Connection established 0xdb533190, tid 4026
01-16 14:10:31.679 4008 4026 D : HostComposition ext ANDROID_EMU_CHECKSUM_HELPER_v1 ANDROID_EMU_dma_v1 ANDROID_EMU_direct_mem ANDROID_EMU_host_composition_v1 ANDROID_EMU_host_composition_v2 ANDROID_EMU_async_unmap_buffer GL_OES_EGL_image_external_essl3 GL_OES_vertex_array_object GL_KHR_texture_compression_astc_ldr ANDROID_EMU_gles_max_version_3_1
01-16 14:10:31.683 4008 4026 W OpenGLRenderer: Failed to choose config with EGL_SWAP_BEHAVIOR_PRESERVED, retrying without...
01-16 14:10:31.688 1594 1594 W EmuHWC2 : validate: layer 35 CompositionType 1, fallback
01-16 14:10:31.689 1967 2226 D EGL_emulation: eglMakeCurrent: 0xe35dad40: ver 3 1 (tinfo 0xc1dd01a0)
01-16 14:10:31.694 4008 4026 D eglCodecCommon: setVertexArrayObject: set vao to 0 (0) 0 0
01-16 14:10:31.694 4008 4026 D EGL_emulation: eglCreateContext: 0xdb51a120: maj 3 min 1 rcv 4
01-16 14:10:31.705 1594 1594 W EmuHWC2 : validate: layer 35 CompositionType 1, fallback
01-16 14:10:31.705 1967 2226 D EGL_emulation: eglMakeCurrent: 0xe35dad40: ver 3 1 (tinfo 0xc1dd01a0)
01-16 14:10:31.706 4008 4026 D EGL_emulation: eglMakeCurrent: 0xdb51a120: ver 3 1 (tinfo 0xdb50f320)
01-16 14:10:31.708 4008 4026 E eglCodecCommon: glUtilsParamSize: unknow param 0x000082da
01-16 14:10:31.708 4008 4026 E eglCodecCommon: glUtilsParamSize: unknow param 0x000082da
01-16 14:10:31.719 1593 1593 D gralloc_ranchu: gralloc_alloc: Creating ashmem region of size 8298496
01-16 14:10:31.722 1594 1594 W EmuHWC2 : validate: layer 35 CompositionType 1, fallback
01-16 14:10:31.727 1967 2226 D EGL_emulation: eglMakeCurrent: 0xe35dad40: ver 3 1 (tinfo 0xc1dd01a0)
01-16 14:10:31.734 1478 1478 I hwservicemanager: getTransport: Cannot find entry android.hardware.graphics.mapper@3.0::IMapper/default in either framework or device manifest.
01-16 14:10:31.734 4008 4026 W Gralloc3: mapper 3.x is not supported
01-16 14:10:31.738 1594 1594 W EmuHWC2 : validate: layer 35 CompositionType 1, fallback
01-16 14:10:31.743 1967 2226 D EGL_emulation: eglMakeCurrent: 0xe35dad40: ver 3 1 (tinfo 0xc1dd01a0)
01-16 14:10:31.745 4008 4026 D : createUnique: call
01-16 14:10:31.746 4008 4026 D : HostConnection::get() New Host Connection established 0xdb5335a0, tid 4026
01-16 14:10:31.755 1594 1594 W EmuHWC2 : validate: layer 35 CompositionType 1, fallback
01-16 14:10:31.756 4008 4026 D : HostComposition ext ANDROID_EMU_CHECKSUM_HELPER_v1 ANDROID_EMU_dma_v1 ANDROID_EMU_direct_mem ANDROID_EMU_host_composition_v1 ANDROID_EMU_host_composition_v2 ANDROID_EMU_async_unmap_buffer GL_OES_EGL_image_external_essl3 GL_OES_vertex_array_object GL_KHR_texture_compression_astc_ldr ANDROID_EMU_gles_max_version_3_1
01-16 14:10:31.756 4008 4026 D eglCodecCommon: allocate: Ask for block of size 0x1000
01-16 14:10:31.757 4008 4026 D eglCodecCommon: allocate: ioctl allocate returned offset 0x3ffff6000 size 0x2000
01-16 14:10:31.766 1593 1593 D gralloc_ranchu: gralloc_alloc: Creating ashmem region of size 8298496
01-16 14:10:31.772 1594 1594 W EmuHWC2 : validate: layer 35 CompositionType 1, fallback
01-16 14:10:31.780 1967 2226 D EGL_emulation: eglMakeCurrent: 0xe35dad40: ver 3 1 (tinfo 0xc1dd01a0)
01-16 14:10:31.784 4008 4026 D EGL_emulation: eglMakeCurrent: 0xdb51a120: ver 3 1 (tinfo 0xdb50f320)
01-16 14:10:31.788 1594 1594 W EmuHWC2 : validate: layer 35 CompositionType 1, fallback
01-16 14:10:31.797 4008 4026 D eglCodecCommon: setVertexArrayObject: set vao to 0 (0) 1 0
01-16 14:10:31.805 1594 1594 W EmuHWC2 : validate: layer 35 CompositionType 1, fallback
01-16 14:10:31.807 1593 2349 D gralloc_ranchu: gralloc_alloc: Creating ashmem region of size 8298496
01-16 14:10:31.826 1967 2226 D EGL_emulation: eglMakeCurrent: 0xe35dad40: ver 3 1 (tinfo 0xc1dd01a0)
01-16 14:10:31.856 1606 1606 E Layer : [Surface(name=AppWindowToken{41e3c89 token=Token{af84b90 ActivityRecord{8daa653 u0 com.android.launcher3/.Launcher t8}}})/@0xa15b46d - animation-leash#0] No local sync point found
01-16 14:10:31.856 1606 1606 E Layer : [Surface(name=AppWindowToken{41e3c89 token=Token{af84b90 ActivityRecord{8daa653 u0 com.android.launcher3/.Launcher t8}}})/@0xa15b46d - animation-leash#0] No local sync point found
01-16 14:10:31.856 1606 1606 E Layer : [Surface(name=AppWindowToken{fe1f08 token=Token{3fe3cab ActivityRecord{3098efa u0 org.protox/.activity.QtActivityEx t13}}})/@0x64e0995 - animation-leash#0] No local sync point found
01-16 14:10:31.856 1606 1606 E Layer : [Surface(name=AppWindowToken{fe1f08 token=Token{3fe3cab ActivityRecord{3098efa u0 org.protox/.activity.QtActivityEx t13}}})/@0x64e0995 - animation-leash#0] No local sync point found
01-16 14:10:31.872 1606 1606 E Layer : [Surface(name=AppWindowToken{41e3c89 token=Token{af84b90 ActivityRecord{8daa653 u0 com.android.launcher3/.Launcher t8}}})/@0xa15b46d - animation-leash#0] No local sync point found
01-16 14:10:31.872 1606 1606 E Layer : [Surface(name=AppWindowToken{fe1f08 token=Token{3fe3cab ActivityRecord{3098efa u0 org.protox/.activity.QtActivityEx t13}}})/@0x64e0995 - animation-leash#0] No local sync point found
01-16 14:10:31.899 1593 1593 D gralloc_ranchu: gralloc_alloc: Creating ashmem region of size 8192
01-16 14:10:31.902 1593 1593 D gralloc_ranchu: gralloc_alloc: Creating ashmem region of size 8192
01-16 14:10:31.902 2170 2555 D EGL_emulation: eglMakeCurrent: 0xeeb04be0: ver 3 1 (tinfo 0xe3671a80)
01-16 14:10:31.903 1593 1593 D gralloc_ranchu: gralloc_alloc: Creating ashmem region of size 8192
01-16 14:10:31.915 1832 1858 I ActivityTaskManager: Displayed org.protox/.activity.QtActivityEx: +739ms
01-16 14:10:31.928 1832 3928 I ActivityTaskManager: START u0 {act=android.content.pm.action.REQUEST_PERMISSIONS pkg=com.android.permissioncontroller cmp=com.android.permissioncontroller/com.android.packageinstaller.permission.ui.GrantPermissionsActivity (has extras)} from uid 10103
01-16 14:10:31.943 2966 2966 W ActivityThread: handleWindowVisibility: no activity for token android.os.BinderProxy@dea553e
01-16 14:10:31.969 2966 2966 V GrantPermissionsActivity: Permission grant result requestId=1763843281883129649 callingUid=10103 callingPackage=org.protox permission=android.permission.MANAGE_EXTERNAL_STORAGE isImplicit=false result=1
01-16 14:10:31.989 4008 4028 W : exit app 0
01-16 14:10:32.035 1593 1593 D gralloc_ranchu: gralloc_alloc: Creating ashmem region of size 8298496
01-16 14:10:32.051 1593 1593 D gralloc_ranchu: gralloc_alloc: Creating ashmem region of size 8298496
01-16 14:10:32.062 2170 2555 D EGL_emulation: eglMakeCurrent: 0xeeb04be0: ver 3 1 (tinfo 0xe3671a80)
01-16 14:10:32.065 1593 2349 D gralloc_ranchu: gralloc_alloc: Creating ashmem region of size 8298496
01-16 14:10:32.095 1832 1858 I ActivityTaskManager: Displayed com.android.permissioncontroller/com.android.packageinstaller.permission.ui.GrantPermissionsActivity: +164ms
01-16 14:10:32.097 1593 2349 D gralloc_ranchu: gralloc_alloc: Creating ashmem region of size 8298496
01-16 14:10:32.150 1967 2226 D EGL_emulation: eglMakeCurrent: 0xe35dad40: ver 3 1 (tinfo 0xc1dd01a0)
01-16 14:10:32.173 1832 1851 I DropBoxManagerService: add tag=system_app_strictmode isTagEnabled=true flags=0x2
01-16 14:10:32.268 1967 2226 I chatty : uid=10089(com.android.systemui) RenderThread identical 9 lines
01-16 14:10:32.274 1967 2226 D EGL_emulation: eglMakeCurrent: 0xe35dad40: ver 3 1 (tinfo 0xc1dd01a0)
01-16 14:10:32.278 1967 1982 I ndroid.systemu: NativeAlloc concurrent copying GC freed 11400(411KB) AllocSpace objects, 0(0B) LOS objects, 49% free, 4391KB/8783KB, paused 352us total 112.688ms
01-16 14:10:32.283 1967 2226 D EGL_emulation: eglMakeCurrent: 0xe35dad40: ver 3 1 (tinfo 0xc1dd01a0)
01-16 14:10:32.602 4008 4026 D EGL_emulation: eglMakeCurrent: 0xdb51a120: ver 3 1 (tinfo 0xdb50f320)
01-16 14:10:32.607 1832 3927 D : HostConnection::get() New Host Connection established 0xbe592200, tid 3927
01-16 14:10:32.612 1832 3927 D : HostComposition ext ANDROID_EMU_CHECKSUM_HELPER_v1 ANDROID_EMU_dma_v1 ANDROID_EMU_direct_mem ANDROID_EMU_host_composition_v1 ANDROID_EMU_host_composition_v2 ANDROID_EMU_async_unmap_buffer GL_OES_EGL_image_external_essl3 GL_OES_vertex_array_object GL_KHR_texture_compression_astc_ldr ANDROID_EMU_gles_max_version_3_1
01-16 14:10:32.612 1832 3927 W OpenGLRenderer: Failed to choose config with EGL_SWAP_BEHAVIOR_PRESERVED, retrying without...
01-16 14:10:32.613 1832 3927 D eglCodecCommon: setVertexArrayObject: set vao to 0 (0) 0 0
01-16 14:10:32.613 1832 3927 D EGL_emulation: eglCreateContext: 0xb39e14a0: maj 3 min 1 rcv 4
01-16 14:10:32.614 1832 3927 D EGL_emulation: eglMakeCurrent: 0xb39e14a0: ver 3 1 (tinfo 0xbe5034f0)
01-16 14:10:32.615 1832 3927 E eglCodecCommon: glUtilsParamSize: unknow param 0x000082da
01-16 14:10:32.175 1832 1851 I DropBoxManagerService: add tag=system_app_strictmode isTagEnabled=true flags=0x2
01-16 14:10:32.620 1832 2483 E TaskPersister: File error accessing recents directory (directory doesn't exist?).
01-16 14:10:32.615 1832 3927 E eglCodecCommon: glUtilsParamSize: unknow param 0x000082da
01-16 14:10:32.633 1832 3927 D eglCodecCommon: setVertexArrayObject: set vao to 0 (0) 1 0
01-16 14:10:32.715 1832 1919 W InputDispatcher: channel '2458205 PopupWindow:85cb13d (server)' ~ Consumer closed input channel or an error occurred. events=0x9
01-16 14:10:32.715 1832 1919 E InputDispatcher: channel '2458205 PopupWindow:85cb13d (server)' ~ Channel is unrecoverably broken and will be disposed!
01-16 14:10:32.715 1832 1919 W InputDispatcher: channel '1178a49 org.protox/org.protox.activity.QtActivityEx (server)' ~ Consumer closed input channel or an error occurred. events=0x9
01-16 14:10:32.715 1832 1919 E InputDispatcher: channel '1178a49 org.protox/org.protox.activity.QtActivityEx (server)' ~ Channel is unrecoverably broken and will be disposed!
01-16 14:10:32.719 1832 1899 I WindowManager: WIN DEATH: Window{1178a49 u0 org.protox/org.protox.activity.QtActivityEx}
01-16 14:10:32.719 1832 1899 W InputDispatcher: Attempted to unregister already unregistered input channel '1178a49 org.protox/org.protox.activity.QtActivityEx (server)'
01-16 14:10:32.720 1832 2167 I ActivityManager: Process org.protox (pid 4008) has died: cch CRE
01-16 14:10:32.720 1832 1899 W InputDispatcher: Attempted to unregister already unregistered input channel '2458205 PopupWindow:85cb13d (server)'
01-16 14:10:32.725 1832 2549 W WindowManager: Failed looking up window callers=com.android.server.wm.WindowManagerService.windowForClientLocked:5281 com.android.server.wm.WindowState$DeathRecipient.binderDied:2491 android.os.BinderProxy.sendDeathNotice:620
01-16 14:10:32.725 1832 2549 I WindowManager: WIN DEATH: null
01-16 14:10:32.727 1578 1578 I Zygote : Process 4008 exited cleanly (1)
01-16 14:10:32.732 1832 1852 W ActivityManager: setHasOverlayUi called on unknown pid: 4008
01-16 14:10:32.755 1832 1861 I libprocessgroup: Successfully killed process cgroup uid 10103 pid 4008 in 35ms
01-16 14:10:32.761 1832 1843 I system_server: NativeAlloc concurrent copying GC freed 10949(930KB) AllocSpace objects, 8(352KB) LOS objects, 42% free, 7428KB/12MB, paused 205us total 105.957ms
01-16 14:10:34.294 1583 1583 W audio_hw_generic: Not supplying enough data to HAL, expected position 2593887 , only wrote 2456937
01-16 14:10:35.566 1832 2167 D WificondControl: Scan result ready event
01-16 14:10:35.744 1832 2483 E TaskPersister: File error accessing recents directory (directory doesn't exist?).
01-16 14:10:53.723 1832 1858 E memtrack: Couldn't load memtrack module
01-16 14:10:53.723 1832 1858 W android.os.Debug: failed to get memory consumption info: -1
01-16 14:10:53.729 1832 1858 E memtrack: Couldn't load memtrack module
01-16 14:10:53.729 1832 1858 W android.os.Debug: failed to get memory consumption info: -1
01-16 14:11:00.004 1967 1967 D KeyguardClockSwitch: Updating clock: 211
01-16 14:11:00.024 1967 2226 D EGL_emulation: eglMakeCurrent: 0xe35dad40: ver 3 1 (tinfo 0xc1dd01a0)
01-16 14:11:21.105 1832 1899 I ActivityTaskManager: START u0 {act=android.intent.action.MAIN cat=[android.intent.category.LAUNCHER] flg=0x10200000 cmp=org.protox/.activity.QtActivityEx bnds=[843,503][1045,780]} from uid 10082
01-16 14:11:21.114 1583 3101 W audio_hw_generic: Not supplying enough data to HAL, expected position 2456989 , only wrote 2456937
01-16 14:11:21.150 1832 1858 E memtrack: Couldn't load memtrack module
01-16 14:11:21.151 1832 1858 W android.os.Debug: failed to get memory consumption info: -1
01-16 14:11:21.199 1832 1853 E system_server: Invalid ID 0x00000000.
01-16 14:11:21.222 1593 2349 D gralloc_ranchu: gralloc_alloc: Creating ashmem region of size 8298496
01-16 14:11:21.228 1578 1578 D Zygote : Forked child process 4038
01-16 14:11:21.264 4038 4038 W org.protox: Unexpected CPU variant for X86 using defaults: x86
01-16 14:11:21.264 1832 1860 W ActivityManager: Slow operation: 137ms so far, now at startProcess: returned from zygote!
01-16 14:11:21.264 1832 1860 W ActivityManager: Slow operation: 137ms so far, now at startProcess: done updating battery stats
01-16 14:11:21.265 1832 1860 W ActivityManager: Slow operation: 138ms so far, now at startProcess: building log message
01-16 14:11:21.265 1832 1860 I ActivityManager: Start proc 4038:org.protox/u0a103 for activity {org.protox/org.protox.activity.QtActivityEx}
01-16 14:11:21.265 1832 1860 W ActivityManager: Slow operation: 138ms so far, now at startProcess: starting to update pids map
01-16 14:11:21.265 1832 1860 W ActivityManager: Slow operation: 138ms so far, now at startProcess: done updating pids map
01-16 14:11:21.329 1593 2349 D gralloc_ranchu: gralloc_alloc: Creating ashmem region of size 8298496
01-16 14:11:21.396 1594 1594 W EmuHWC2 : validate: layer 39 CompositionType 1, fallback
01-16 14:11:21.412 1594 1594 W EmuHWC2 : validate: layer 39 CompositionType 1, fallback
01-16 14:11:21.420 1606 1822 E SurfaceFlinger: ro.sf.lcd_density must be defined as a build property
01-16 14:11:21.423 1606 1822 E SurfaceFlinger: ro.sf.lcd_density must be defined as a build property
01-16 14:11:21.413 4038 4038 W RenderThread: type=1400 audit(0.0:29): avc: denied { write } for name="property_service" dev="tmpfs" ino=6051 scontext=u:r:untrusted_app:s0:c103,c256,c512,c768 tcontext=u:object_r:property_socket:s0 tclass=sock_file permissive=0 app=org.protox
01-16 14:11:21.424 4038 4058 D libEGL : Emulator has host GPU support, qemu.gles is set to 1.
01-16 14:11:21.425 4038 4058 W libc : Unable to set property "qemu.gles" to "1": connection failed; errno=13 (Permission denied)
01-16 14:11:21.429 1594 1594 W EmuHWC2 : validate: layer 39 CompositionType 1, fallback
01-16 14:11:21.446 1594 1594 W EmuHWC2 : validate: layer 39 CompositionType 1, fallback
01-16 14:11:21.452 4038 4038 W System : ClassLoader referenced unknown path:
01-16 14:11:21.463 1594 1594 W EmuHWC2 : validate: layer 39 CompositionType 1, fallback
01-16 14:11:21.475 4038 4058 D libEGL : loaded /vendor/lib/egl/libEGL_emulation.so
01-16 14:11:21.479 1594 1594 W EmuHWC2 : validate: layer 39 CompositionType 1, fallback
01-16 14:11:21.480 4038 4058 D libEGL : loaded /vendor/lib/egl/libGLESv1_CM_emulation.so
01-16 14:11:21.482 4038 4058 D libEGL : loaded /vendor/lib/egl/libGLESv2_emulation.so
01-16 14:11:21.496 1594 1594 W EmuHWC2 : validate: layer 39 CompositionType 1, fallback
01-16 14:11:21.513 1594 1594 W EmuHWC2 : validate: layer 39 CompositionType 1, fallback
01-16 14:11:21.526 4038 4038 D Qt JAVA : Class org.qtproject.qt5.android.multimedia.QtMultimediaUtils does not implement setActivity method
01-16 14:11:21.530 1594 1594 W EmuHWC2 : validate: layer 39 CompositionType 1, fallback
01-16 14:11:21.546 1594 1594 W EmuHWC2 : validate: layer 39 CompositionType 1, fallback
01-16 14:11:21.562 4038 4059 I QtCore : Start
01-16 14:11:21.564 1594 1594 W EmuHWC2 : validate: layer 39 CompositionType 1, fallback
01-16 14:11:21.577 1967 2226 D EGL_emulation: eglMakeCurrent: 0xe35dad40: ver 3 1 (tinfo 0xc1dd01a0)
01-16 14:11:21.580 1594 1594 W EmuHWC2 : validate: layer 39 CompositionType 1, fallback
01-16 14:11:21.593 1967 2226 D EGL_emulation: eglMakeCurrent: 0xe35dad40: ver 3 1 (tinfo 0xc1dd01a0)
01-16 14:11:21.597 1594 1594 W EmuHWC2 : validate: layer 39 CompositionType 1, fallback
01-16 14:11:21.606 1967 2226 D EGL_emulation: eglMakeCurrent: 0xe35dad40: ver 3 1 (tinfo 0xc1dd01a0)
01-16 14:11:21.612 1967 2226 D EGL_emulation: eglMakeCurrent: 0xe35dad40: ver 3 1 (tinfo 0xc1dd01a0)
01-16 14:11:21.614 1594 1594 W EmuHWC2 : validate: layer 39 CompositionType 1, fallback
01-16 14:11:21.632 1594 1594 W EmuHWC2 : validate: layer 39 CompositionType 1, fallback
01-16 14:11:21.639 1967 2226 D EGL_emulation: eglMakeCurrent: 0xe35dad40: ver 3 1 (tinfo 0xc1dd01a0)
01-16 14:11:21.646 1967 2226 D EGL_emulation: eglMakeCurrent: 0xe35dad40: ver 3 1 (tinfo 0xc1dd01a0)
01-16 14:11:21.647 1594 1594 W EmuHWC2 : validate: layer 39 CompositionType 1, fallback
01-16 14:11:21.661 1967 2226 D EGL_emulation: eglMakeCurrent: 0xe35dad40: ver 3 1 (tinfo 0xc1dd01a0)
01-16 14:11:21.664 1594 1594 W EmuHWC2 : validate: layer 39 CompositionType 1, fallback
01-16 14:11:21.680 1967 2226 D EGL_emulation: eglMakeCurrent: 0xe35dad40: ver 3 1 (tinfo 0xc1dd01a0)
01-16 14:11:21.681 1594 1594 W EmuHWC2 : validate: layer 39 CompositionType 1, fallback
01-16 14:11:21.693 4038 4059 I Qt : qt started
01-16 14:11:21.698 1594 1594 W EmuHWC2 : validate: layer 39 CompositionType 1, fallback
01-16 14:11:21.712 1967 2226 D EGL_emulation: eglMakeCurrent: 0xe35dad40: ver 3 1 (tinfo 0xc1dd01a0)
01-16 14:11:21.715 1594 1594 W EmuHWC2 : validate: layer 39 CompositionType 1, fallback
01-16 14:11:21.732 1594 1594 W EmuHWC2 : validate: layer 39 CompositionType 1, fallback
01-16 14:11:21.747 1967 2226 D EGL_emulation: eglMakeCurrent: 0xe35dad40: ver 3 1 (tinfo 0xc1dd01a0)
01-16 14:11:21.764 1967 2226 D EGL_emulation: eglMakeCurrent: 0xe35dad40: ver 3 1 (tinfo 0xc1dd01a0)
01-16 14:11:21.777 4038 4056 D : HostConnection::get() New Host Connection established 0xdb533190, tid 4056
01-16 14:11:21.777 4038 4056 D : HostComposition ext ANDROID_EMU_CHECKSUM_HELPER_v1 ANDROID_EMU_dma_v1 ANDROID_EMU_direct_mem ANDROID_EMU_host_composition_v1 ANDROID_EMU_host_composition_v2 ANDROID_EMU_async_unmap_buffer GL_OES_EGL_image_external_essl3 GL_OES_vertex_array_object GL_KHR_texture_compression_astc_ldr ANDROID_EMU_gles_max_version_3_1
01-16 14:11:21.780 4038 4056 W OpenGLRenderer: Failed to choose config with EGL_SWAP_BEHAVIOR_PRESERVED, retrying without...
01-16 14:11:21.781 4038 4056 D eglCodecCommon: setVertexArrayObject: set vao to 0 (0) 0 0
01-16 14:11:21.781 4038 4056 D EGL_emulation: eglCreateContext: 0xdb51a120: maj 3 min 1 rcv 4
01-16 14:11:21.782 4038 4056 D EGL_emulation: eglMakeCurrent: 0xdb51a120: ver 3 1 (tinfo 0xdb58a990)
01-16 14:11:21.783 4038 4056 E eglCodecCommon: glUtilsParamSize: unknow param 0x000082da
01-16 14:11:21.783 4038 4056 E eglCodecCommon: glUtilsParamSize: unknow param 0x000082da
01-16 14:11:21.802 1593 2349 D gralloc_ranchu: gralloc_alloc: Creating ashmem region of size 8298496
01-16 14:11:21.811 1478 1478 I hwservicemanager: getTransport: Cannot find entry android.hardware.graphics.mapper@3.0::IMapper/default in either framework or device manifest.
01-16 14:11:21.812 4038 4056 W Gralloc3: mapper 3.x is not supported
01-16 14:11:21.815 4038 4056 D : createUnique: call
01-16 14:11:21.816 4038 4056 D : HostConnection::get() New Host Connection established 0xdb5340e0, tid 4056
01-16 14:11:21.820 4038 4056 D : HostComposition ext ANDROID_EMU_CHECKSUM_HELPER_v1 ANDROID_EMU_dma_v1 ANDROID_EMU_direct_mem ANDROID_EMU_host_composition_v1 ANDROID_EMU_host_composition_v2 ANDROID_EMU_async_unmap_buffer GL_OES_EGL_image_external_essl3 GL_OES_vertex_array_object GL_KHR_texture_compression_astc_ldr ANDROID_EMU_gles_max_version_3_1
01-16 14:11:21.820 4038 4056 D eglCodecCommon: allocate: Ask for block of size 0x1000
01-16 14:11:21.820 4038 4056 D eglCodecCommon: allocate: ioctl allocate returned offset 0x3ffff6000 size 0x2000
01-16 14:11:21.826 1593 2349 D gralloc_ranchu: gralloc_alloc: Creating ashmem region of size 8298496
01-16 14:11:21.833 4038 4056 D EGL_emulation: eglMakeCurrent: 0xdb51a120: ver 3 1 (tinfo 0xdb58a990)
01-16 14:11:21.844 1593 2349 D gralloc_ranchu: gralloc_alloc: Creating ashmem region of size 8298496
01-16 14:11:21.851 4038 4056 D eglCodecCommon: setVertexArrayObject: set vao to 0 (0) 1 0
01-16 14:11:21.856 2170 2555 D EGL_emulation: eglMakeCurrent: 0xeeb04be0: ver 3 1 (tinfo 0xe3671a80)
01-16 14:11:21.919 1832 1899 I ActivityTaskManager: START u0 {act=android.content.pm.action.REQUEST_PERMISSIONS pkg=com.android.permissioncontroller cmp=com.android.permissioncontroller/com.android.packageinstaller.permission.ui.GrantPermissionsActivity (has extras)} from uid 10103
01-16 14:11:21.923 1832 1858 I ActivityTaskManager: Displayed org.protox/.activity.QtActivityEx: +792ms
01-16 14:11:21.929 1593 2349 D gralloc_ranchu: gralloc_alloc: Creating ashmem region of size 8192
01-16 14:11:21.931 1593 1593 D gralloc_ranchu: gralloc_alloc: Creating ashmem region of size 8192
01-16 14:11:21.941 1593 1593 D gralloc_ranchu: gralloc_alloc: Creating ashmem region of size 8192
01-16 14:11:21.950 2966 2966 W ActivityThread: handleWindowVisibility: no activity for token android.os.BinderProxy@fcba397
01-16 14:11:21.981 2966 2966 V GrantPermissionsActivity: Permission grant result requestId=7230379727212506152 callingUid=10103 callingPackage=org.protox permission=android.permission.MANAGE_EXTERNAL_STORAGE isImplicit=false result=1
01-16 14:11:22.005 4038 4059 W : exit app 0
01-16 14:11:22.043 1593 1593 D gralloc_ranchu: gralloc_alloc: Creating ashmem region of size 8298496
01-16 14:11:22.063 1593 1593 D gralloc_ranchu: gralloc_alloc: Creating ashmem region of size 8298496
01-16 14:11:22.071 2170 2555 D EGL_emulation: eglMakeCurrent: 0xeeb04be0: ver 3 1 (tinfo 0xe3671a80)
01-16 14:11:22.080 1593 1593 D gralloc_ranchu: gralloc_alloc: Creating ashmem region of size 8298496
01-16 14:11:22.107 1593 1593 D gralloc_ranchu: gralloc_alloc: Creating ashmem region of size 8298496
01-16 14:11:22.150 1967 2226 D EGL_emulation: eglMakeCurrent: 0xe35dad40: ver 3 1 (tinfo 0xc1dd01a0)
01-16 14:11:22.157 1967 2226 D EGL_emulation: eglMakeCurrent: 0xe35dad40: ver 3 1 (tinfo 0xc1dd01a0)
01-16 14:11:22.158 1832 1858 I ActivityTaskManager: Displayed com.android.permissioncontroller/com.android.packageinstaller.permission.ui.GrantPermissionsActivity: +187ms
01-16 14:11:22.168 1967 2226 D EGL_emulation: eglMakeCurrent: 0xe35dad40: ver 3 1 (tinfo 0xc1dd01a0)
01-16 14:11:22.221 1832 1851 I DropBoxManagerService: add tag=system_app_strictmode isTagEnabled=true flags=0x2
01-16 14:11:22.288 1967 2226 I chatty : uid=10089(com.android.systemui) RenderThread identical 8 lines
01-16 14:11:22.297 1967 2226 D EGL_emulation: eglMakeCurrent: 0xe35dad40: ver 3 1 (tinfo 0xc1dd01a0)
01-16 14:11:22.623 4038 4056 D EGL_emulation: eglMakeCurrent: 0xdb51a120: ver 3 1 (tinfo 0xdb58a990)
01-16 14:11:22.634 1832 3927 D : HostConnection::get() New Host Connection established 0xbe592200, tid 3927
01-16 14:11:22.636 1832 3927 D : HostComposition ext ANDROID_EMU_CHECKSUM_HELPER_v1 ANDROID_EMU_dma_v1 ANDROID_EMU_direct_mem ANDROID_EMU_host_composition_v1 ANDROID_EMU_host_composition_v2 ANDROID_EMU_async_unmap_buffer GL_OES_EGL_image_external_essl3 GL_OES_vertex_array_object GL_KHR_texture_compression_astc_ldr ANDROID_EMU_gles_max_version_3_1
01-16 14:11:22.637 1832 3927 W OpenGLRenderer: Failed to choose config with EGL_SWAP_BEHAVIOR_PRESERVED, retrying without...
01-16 14:11:22.638 1832 3927 D eglCodecCommon: setVertexArrayObject: set vao to 0 (0) 0 0
01-16 14:11:22.638 1832 3927 D EGL_emulation: eglCreateContext: 0xb39e13e0: maj 3 min 1 rcv 4
01-16 14:11:22.639 1832 3927 D EGL_emulation: eglMakeCurrent: 0xb39e13e0: ver 3 1 (tinfo 0xbe5034f0)
01-16 14:11:22.640 1832 3927 E eglCodecCommon: glUtilsParamSize: unknow param 0x000082da
01-16 14:11:22.640 1832 3927 E eglCodecCommon: glUtilsParamSize: unknow param 0x000082da
01-16 14:11:22.663 1832 3927 D eglCodecCommon: setVertexArrayObject: set vao to 0 (0) 1 0
01-16 14:11:22.727 1832 1919 W InputDispatcher: channel '53f826c PopupWindow:85cb13d (server)' ~ Consumer closed input channel or an error occurred. events=0x9
01-16 14:11:22.728 1832 1919 E InputDispatcher: channel '53f826c PopupWindow:85cb13d (server)' ~ Channel is unrecoverably broken and will be disposed!
01-16 14:11:22.729 1832 1919 W InputDispatcher: channel '84c3227 org.protox/org.protox.activity.QtActivityEx (server)' ~ Consumer closed input channel or an error occurred. events=0x9
01-16 14:11:22.730 1832 1919 E InputDispatcher: channel '84c3227 org.protox/org.protox.activity.QtActivityEx (server)' ~ Channel is unrecoverably broken and will be disposed!
01-16 14:11:22.243 1832 1851 I DropBoxManagerService: add tag=system_app_strictmode isTagEnabled=true flags=0x2
01-16 14:11:22.734 1832 3913 I ActivityManager: Process org.protox (pid 4038) has died: cch CRE
01-16 14:11:22.736 1832 1900 I WindowManager: WIN DEATH: Window{53f826c u0 PopupWindow:85cb13d}
01-16 14:11:22.736 1832 1900 W InputDispatcher: Attempted to unregister already unregistered input channel '53f826c PopupWindow:85cb13d (server)'
01-16 14:11:22.746 1578 1578 I Zygote : Process 4038 exited cleanly (1)
01-16 14:11:22.750 1832 3913 W InputDispatcher: Attempted to unregister already unregistered input channel '84c3227 org.protox/org.protox.activity.QtActivityEx (server)'
01-16 14:11:22.762 1832 2547 W WindowManager: Failed looking up window callers=com.android.server.wm.WindowManagerService.windowForClientLocked:5281 com.android.server.wm.WindowState$DeathRecipient.binderDied:2491 android.os.BinderProxy.sendDeathNotice:620
01-16 14:11:22.762 1832 2547 I WindowManager: WIN DEATH: null
01-16 14:11:22.766 1832 1852 W ActivityManager: setHasOverlayUi called on unknown pid: 4038
01-16 14:11:22.781 1832 1861 I libprocessgroup: Successfully killed process cgroup uid 10103 pid 4038 in 44ms
01-16 14:11:22.834 1832 1843 I system_server: NativeAlloc concurrent copying GC freed 25420(1419KB) AllocSpace objects, 3(124KB) LOS objects, 42% free, 7250KB/12MB, paused 184us total 214.785ms
01-16 14:11:24.091 1693 1693 E netmgr : Failed to open QEMU pipe 'qemud:network': Invalid argument
01-16 14:11:24.091 1693 1693 E netmgr : WifiForwarder unable to open QEMU pipe: Invalid argument
01-16 14:11:24.262 1583 1583 W audio_hw_generic: Not supplying enough data to HAL, expected position 2732945 , only wrote 2595747
01-16 14:11:25.223 1832 2483 E TaskPersister: File error accessing recents directory (directory doesn't exist?).
01-16 14:12:00.003 1967 1967 D KeyguardClockSwitch: Updating clock: 212
01-16 14:12:00.023 1967 2226 D EGL_emulation: eglMakeCurrent: 0xe35dad40: ver 3 1 (tinfo 0xc1dd01a0)
01-16 14:12:03.430 1832 3913 E memtrack: Couldn't load memtrack module
01-16 14:12:03.430 1832 3913 W android.os.Debug: failed to get memory consumption info: -1
01-16 14:12:24.145 1693 1693 E netmgr : Failed to open QEMU pipe 'qemud:network': Invalid argument
01-16 14:12:24.145 1693 1693 E netmgr : WifiForwarder unable to open QEMU pipe: Invalid argument
01-16 14:12:53.128 1611 1611 W adbd : timeout expired while flushing socket, closing
01-16 14:13:00.001 1967 1967 D KeyguardClockSwitch: Updating clock: 213
01-16 14:13:01.535 1832 1859 I ActivityManager: Force stopping org.protox appid=10103 user=-1: installPackageLI
01-16 14:13:01.537 1832 1858 E memtrack: Couldn't load memtrack module
01-16 14:13:01.537 1832 1858 W android.os.Debug: failed to get memory consumption info: -1
01-16 14:13:01.539 1832 1871 I PackageManager: Update package org.protox code path from /data/app/org.protox-_ObEZMZ8_qEkmsuqrsVbSA== to /data/app/org.protox-e_YFiIUK3L3ax25UYr2Jug==; Retain data and using new
01-16 14:13:01.539 1832 1871 I PackageManager: Update package org.protox resource path from /data/app/org.protox-_ObEZMZ8_qEkmsuqrsVbSA== to /data/app/org.protox-e_YFiIUK3L3ax25UYr2Jug==; Retain data and using new
01-16 14:13:01.569 1832 1871 I PackageManager: Un-granting permission android.permission.GLOBAL_SEARCH from package com.android.quicksearchbox (protectionLevel=18 flags=0x3088be45)
01-16 14:13:01.569 1832 1871 I PackageManager: Un-granting permission android.permission.BIND_WALLPAPER from package com.android.camera2 (protectionLevel=18 flags=0x20d8bc45)
01-16 14:13:01.574 1832 1871 I PackageManager: Un-granting permission android.permission.CONNECTIVITY_USE_RESTRICTED_NETWORKS from package com.android.captiveportallogin (protectionLevel=18 flags=0x38c8be45)
01-16 14:13:01.574 1832 1871 I PackageManager: Un-granting permission android.permission.NETWORK_BYPASS_PRIVATE_DNS from package com.android.captiveportallogin (protectionLevel=2 flags=0x38c8be45)
01-16 14:13:01.600 1832 1871 D PackageManager: Instant App installer not found with android.intent.action.INSTALL_INSTANT_APP_PACKAGE
01-16 14:13:01.600 1832 1871 D PackageManager: Clear ephemeral installer activity
01-16 14:13:01.605 1832 1871 I PackageManager.DexOptimizer: Running dexopt (dexoptNeeded=1) on: /data/app/org.protox-e_YFiIUK3L3ax25UYr2Jug==/base.apk pkg=org.protox isa=x86 dexoptFlags=boot_complete,profile_guided,public,enable_hidden_api_checks targetFilter=speed-profile oatDir=/data/app/org.protox-e_YFiIUK3L3ax25UYr2Jug==/oat classLoaderContext=PCL[]
01-16 14:13:01.606 1619 1909 V installd: DexInv: --- BEGIN '/data/app/org.protox-e_YFiIUK3L3ax25UYr2Jug==/base.apk' ---
01-16 14:13:01.763 4070 4070 W dex2oat : Unexpected CPU variant for X86 using defaults: x86
01-16 14:13:01.763 4070 4070 W dex2oat : Mismatch between dex2oat instruction set features to use (ISA: X86 Feature string: -ssse3,-sse4.1,-sse4.2,-avx,-avx2,-popcnt) and those from CPP defines (ISA: X86 Feature string: ssse3,-sse4.1,-sse4.2,-avx,-avx2,-popcnt) for the command line:
01-16 14:13:01.763 4070 4070 W dex2oat : /apex/com.android.runtime/bin/dex2oat --zip-fd=8 --zip-location=base.apk --input-vdex-fd=-1 --output-vdex-fd=10 --oat-fd=9 --oat-location=/data/app/org.protox-e_YFiIUK3L3ax25UYr2Jug==/oat/x86/base.odex --instruction-set=x86 --instruction-set-variant=x86 --instruction-set-features=default --runtime-arg -Xbootclasspath:/apex/com.android.runtime/javalib/core-oj.jar:/apex/com.android.runtime/javalib/core-libart.jar:/apex/com.android.runtime/javalib/okhttp.jar:/apex/com.android.runtime/javalib/bouncycastle.jar:/apex/com.android.runtime/javalib/apache-xml.jar:/system/framework/framework.jar:/system/framework/ext.jar:/system/framework/telephony-common.jar:/system/framework/voip-common.jar:/system/framework/ims-common.jar:/system/framework/android.test.base.jar --runtime-arg -Xms64m --runtime-arg -Xmx512m --resolve-startup-const-strings=true --max-image-block-size=524288 --compiler-filter=speed-profile --swap-fd=11 --app-image-fd=12 --image-format=lz4 --classpath-dir=/data/app/org.protox-e_YFiIUK3L3ax25UYr2Jug== --c
01-16 14:13:01.763 4070 4070 I dex2oat : /apex/com.android.runtime/bin/dex2oat --input-vdex-fd=-1 --output-vdex-fd=10 --resolve-startup-const-strings=true --max-image-block-size=524288 --compiler-filter=speed-profile --classpath-dir=/data/app/org.protox-e_YFiIUK3L3ax25UYr2Jug== --class-loader-context=PCL[] --generate-mini-debug-info --compact-dex-level=none --compilation-reason=install
01-16 14:13:01.784 4070 4070 I dex2oat : setting boot class path to /apex/com.android.runtime/javalib/core-oj.jar:/apex/com.android.runtime/javalib/core-libart.jar:/apex/com.android.runtime/javalib/okhttp.jar:/apex/com.android.runtime/javalib/bouncycastle.jar:/apex/com.android.runtime/javalib/apache-xml.jar:/system/framework/framework.jar:/system/framework/ext.jar:/system/framework/telephony-common.jar:/system/framework/voip-common.jar:/system/framework/ims-common.jar:/system/framework/android.test.base.jar
01-16 14:13:01.785 4070 4070 W dex2oat : Could not reserve sentinel fault page
01-16 14:13:01.889 4070 4070 I dex2oat : Explicit concurrent copying GC freed 854(211KB) AllocSpace objects, 0(0B) LOS objects, 99% free, 424B/1536KB, paused 139us total 2.790ms
01-16 14:13:01.954 4070 4070 I dex2oat : dex2oat took 193.272ms (196.753ms cpu) (threads: 2) arena alloc=2064B (2064B) java alloc=16KB (16808B) native alloc=1813KB (1857088B) free=634KB (649664B)
01-16 14:13:01.957 1619 1909 V installd: DexInv: --- END '/data/app/org.protox-e_YFiIUK3L3ax25UYr2Jug==/base.apk' (success) ---
01-16 14:13:01.959 1832 1871 W PackageManager: Cannot whitelist unknown permission: android.permission.MANAGE_EXTERNAL_STORAGE
01-16 14:13:01.977 1619 1909 E : Couldn't opendir /data/app/vmdl960483109.tmp: No such file or directory
01-16 14:13:01.977 1619 1909 E installd: Failed to delete /data/app/vmdl960483109.tmp: No such file or directory
01-16 14:13:01.977 1832 1871 I ActivityManager: Force stopping org.protox appid=10103 user=0: pkg removed
01-16 14:13:01.996 1832 1859 W BroadcastQueue: Background execution not allowed: receiving Intent { act=android.intent.action.PACKAGE_REMOVED dat=package:org.protox flg=0x4000010 (has extras) } to com.android.gallery3d/.app.PackagesMonitor
01-16 14:13:02.004 1832 1920 I InputReader: Reconfiguring input devices. changes=0x00000010
01-16 14:13:02.013 1832 1859 W BroadcastQueue: Background execution not allowed: receiving Intent { act=android.intent.action.PACKAGE_REMOVED dat=package:org.protox flg=0x4000010 (has extras) } to com.android.musicfx/.Compatibility$Receiver
01-16 14:13:02.013 1832 1859 W BroadcastQueue: Background execution not allowed: receiving Intent { act=android.intent.action.PACKAGE_ADDED dat=package:org.protox flg=0x4000010 (has extras) } to com.android.packageinstaller/.PackageInstalledReceiver
01-16 14:13:02.013 1832 1859 W BroadcastQueue: Background execution not allowed: receiving Intent { act=android.intent.action.PACKAGE_ADDED dat=package:org.protox flg=0x4000010 (has extras) } to com.android.gallery3d/.app.PackagesMonitor
01-16 14:13:02.013 1832 1859 W BroadcastQueue: Background execution not allowed: receiving Intent { act=android.intent.action.PACKAGE_ADDED dat=package:org.protox flg=0x4000010 (has extras) } to com.android.musicfx/.Compatibility$Receiver
01-16 14:13:02.013 1832 1859 W BroadcastQueue: Background execution not allowed: receiving Intent { act=android.intent.action.PACKAGE_REPLACED dat=package:org.protox flg=0x4000010 (has extras) } to com.android.musicfx/.Compatibility$Receiver
01-16 14:13:02.017 1832 1832 I Telecom : DefaultDialerCache: Refreshing default dialer for user 0: now com.android.dialer: DDC.oR@AJQ
01-16 14:13:02.021 1832 1832 V BackupManagerConstants: getFullBackupIntervalMilliseconds(...) returns 86400000
01-16 14:13:02.021 1832 1832 V BackupManagerConstants: getFullBackupRequiredNetworkType(...) returns 2
01-16 14:13:02.021 1832 1832 V BackupManagerConstants: getFullBackupRequireCharging(...) returns true
01-16 14:13:02.073 2064 2064 D CarrierSvcBindHelper: No carrier app for: 0
01-16 14:13:02.075 2064 2064 D CarrierSvcBindHelper: No carrier app for: 0
01-16 14:13:02.079 2064 2064 D CarrierConfigLoader: mHandler: 9 phoneId: 0
01-16 14:13:02.087 1832 1858 W VoiceInteractionManagerService: no available voice recognition services found for user 0
01-16 14:13:02.110 1832 1843 I system_server: Background concurrent copying GC freed 75731(3751KB) AllocSpace objects, 34(1972KB) LOS objects, 42% free, 7417KB/12MB, paused 310us total 125.102ms
01-16 14:13:05.032 1832 1900 I ActivityTaskManager: START u0 {act=android.intent.action.MAIN cat=[android.intent.category.LAUNCHER] flg=0x10200000 cmp=org.protox/.activity.QtActivityEx bnds=[843,503][1045,780]} from uid 10082
01-16 14:13:05.040 1583 3101 W audio_hw_generic: Not supplying enough data to HAL, expected position 2595754 , only wrote 2595747
01-16 14:13:05.093 1832 1853 E system_server: Invalid ID 0x00000000.
01-16 14:13:05.097 1578 1578 D Zygote : Forked child process 4077
01-16 14:13:05.100 1832 1860 I ActivityManager: Start proc 4077:org.protox/u0a103 for activity {org.protox/org.protox.activity.QtActivityEx}
01-16 14:13:05.103 4077 4077 W org.protox: Unexpected CPU variant for X86 using defaults: x86
01-16 14:13:05.113 1593 1593 D gralloc_ranchu: gralloc_alloc: Creating ashmem region of size 8298496
01-16 14:13:05.181 4077 4077 W System : ClassLoader referenced unknown path:
01-16 14:13:05.184 1606 1959 E SurfaceFlinger: ro.sf.lcd_density must be defined as a build property
01-16 14:13:05.184 1606 1959 E SurfaceFlinger: ro.sf.lcd_density must be defined as a build property
01-16 14:13:05.193 4077 4077 W RenderThread: type=1400 audit(0.0:30): avc: denied { write } for name="property_service" dev="tmpfs" ino=6051 scontext=u:r:untrusted_app:s0:c103,c256,c512,c768 tcontext=u:object_r:property_socket:s0 tclass=sock_file permissive=0 app=org.protox
01-16 14:13:05.201 4077 4097 D libEGL : Emulator has host GPU support, qemu.gles is set to 1.
01-16 14:13:05.215 4077 4097 W libc : Unable to set property "qemu.gles" to "1": connection failed; errno=13 (Permission denied)
01-16 14:13:05.235 1593 1593 D gralloc_ranchu: gralloc_alloc: Creating ashmem region of size 8298496
01-16 14:13:05.259 4077 4077 D Qt JAVA : Class org.qtproject.qt5.android.multimedia.QtMultimediaUtils does not implement setActivity method
01-16 14:13:05.271 4077 4097 D libEGL : loaded /vendor/lib/egl/libEGL_emulation.so
01-16 14:13:05.273 4077 4097 D libEGL : loaded /vendor/lib/egl/libGLESv1_CM_emulation.so
01-16 14:13:05.283 1594 1594 W EmuHWC2 : validate: layer 43 CompositionType 1, fallback
01-16 14:13:05.294 4077 4097 D libEGL : loaded /vendor/lib/egl/libGLESv2_emulation.so
01-16 14:13:05.299 1594 1817 W EmuHWC2 : validate: layer 43 CompositionType 1, fallback
01-16 14:13:05.315 1594 1817 W EmuHWC2 : validate: layer 43 CompositionType 1, fallback
01-16 14:13:05.324 4077 4098 I QtCore : Start
01-16 14:13:05.332 1594 1817 W EmuHWC2 : validate: layer 43 CompositionType 1, fallback
01-16 14:13:05.385 1594 1817 I chatty : uid=1000(system) HwBinder:1594_2 identical 3 lines
01-16 14:13:05.401 1594 1817 W EmuHWC2 : validate: layer 43 CompositionType 1, fallback
01-16 14:13:05.403 1967 2226 D EGL_emulation: eglMakeCurrent: 0xe35dad40: ver 3 1 (tinfo 0xc1dd01a0)
01-16 14:13:05.418 1594 1817 W EmuHWC2 : validate: layer 43 CompositionType 1, fallback
01-16 14:13:05.435 1594 1817 W EmuHWC2 : validate: layer 43 CompositionType 1, fallback
01-16 14:13:05.447 4077 4098 I Qt : qt started
01-16 14:13:05.452 1594 1817 W EmuHWC2 : validate: layer 43 CompositionType 1, fallback
01-16 14:13:05.455 1967 2226 D EGL_emulation: eglMakeCurrent: 0xe35dad40: ver 3 1 (tinfo 0xc1dd01a0)
01-16 14:13:05.464 1967 2226 D EGL_emulation: eglMakeCurrent: 0xe35dad40: ver 3 1 (tinfo 0xc1dd01a0)
01-16 14:13:05.469 1594 1817 W EmuHWC2 : validate: layer 43 CompositionType 1, fallback
01-16 14:13:05.486 1594 1817 W EmuHWC2 : validate: layer 43 CompositionType 1, fallback
01-16 14:13:05.492 1967 2226 D EGL_emulation: eglMakeCurrent: 0xe35dad40: ver 3 1 (tinfo 0xc1dd01a0)
01-16 14:13:05.503 1594 1817 W EmuHWC2 : validate: layer 43 CompositionType 1, fallback
01-16 14:13:05.504 1967 2226 D EGL_emulation: eglMakeCurrent: 0xe35dad40: ver 3 1 (tinfo 0xc1dd01a0)
01-16 14:13:05.517 1967 2226 D EGL_emulation: eglMakeCurrent: 0xe35dad40: ver 3 1 (tinfo 0xc1dd01a0)
01-16 14:13:05.520 1594 1817 W EmuHWC2 : validate: layer 43 CompositionType 1, fallback
01-16 14:13:05.535 1967 2226 D EGL_emulation: eglMakeCurrent: 0xe35dad40: ver 3 1 (tinfo 0xc1dd01a0)
01-16 14:13:05.537 1594 1817 W EmuHWC2 : validate: layer 43 CompositionType 1, fallback
01-16 14:13:05.549 4077 4095 D : HostConnection::get() New Host Connection established 0xdb51d050, tid 4095
01-16 14:13:05.550 4077 4095 D : HostComposition ext ANDROID_EMU_CHECKSUM_HELPER_v1 ANDROID_EMU_dma_v1 ANDROID_EMU_direct_mem ANDROID_EMU_host_composition_v1 ANDROID_EMU_host_composition_v2 ANDROID_EMU_async_unmap_buffer GL_OES_EGL_image_external_essl3 GL_OES_vertex_array_object GL_KHR_texture_compression_astc_ldr ANDROID_EMU_gles_max_version_3_1
01-16 14:13:05.553 1967 2226 D EGL_emulation: eglMakeCurrent: 0xe35dad40: ver 3 1 (tinfo 0xc1dd01a0)
01-16 14:13:05.555 1594 1817 W EmuHWC2 : validate: layer 43 CompositionType 1, fallback
01-16 14:13:05.564 4077 4095 W OpenGLRenderer: Failed to choose config with EGL_SWAP_BEHAVIOR_PRESERVED, retrying without...
01-16 14:13:05.571 4077 4095 D eglCodecCommon: setVertexArrayObject: set vao to 0 (0) 0 0
01-16 14:13:05.571 4077 4095 D EGL_emulation: eglCreateContext: 0xdb51a120: maj 3 min 1 rcv 4
01-16 14:13:05.571 1594 1817 W EmuHWC2 : validate: layer 43 CompositionType 1, fallback
01-16 14:13:05.573 4077 4095 D EGL_emulation: eglMakeCurrent: 0xdb51a120: ver 3 1 (tinfo 0xdb50f2d0)
01-16 14:13:05.574 4077 4095 E eglCodecCommon: glUtilsParamSize: unknow param 0x000082da
01-16 14:13:05.574 4077 4095 E eglCodecCommon: glUtilsParamSize: unknow param 0x000082da
01-16 14:13:05.583 1593 1593 D gralloc_ranchu: gralloc_alloc: Creating ashmem region of size 8298496
01-16 14:13:05.589 1594 1817 W EmuHWC2 : validate: layer 43 CompositionType 1, fallback
01-16 14:13:05.597 1478 1478 I hwservicemanager: getTransport: Cannot find entry android.hardware.graphics.mapper@3.0::IMapper/default in either framework or device manifest.
01-16 14:13:05.597 4077 4095 W Gralloc3: mapper 3.x is not supported
01-16 14:13:05.599 4077 4095 D : createUnique: call
01-16 14:13:05.600 4077 4095 D : HostConnection::get() New Host Connection established 0xdb51dfa0, tid 4095
01-16 14:13:05.607 1967 2226 D EGL_emulation: eglMakeCurrent: 0xe35dad40: ver 3 1 (tinfo 0xc1dd01a0)
01-16 14:13:05.609 4077 4095 D : HostComposition ext ANDROID_EMU_CHECKSUM_HELPER_v1 ANDROID_EMU_dma_v1 ANDROID_EMU_direct_mem ANDROID_EMU_host_composition_v1 ANDROID_EMU_host_composition_v2 ANDROID_EMU_async_unmap_buffer GL_OES_EGL_image_external_essl3 GL_OES_vertex_array_object GL_KHR_texture_compression_astc_ldr ANDROID_EMU_gles_max_version_3_1
01-16 14:13:05.611 4077 4095 D eglCodecCommon: allocate: Ask for block of size 0x1000
01-16 14:13:05.611 4077 4095 D eglCodecCommon: allocate: ioctl allocate returned offset 0x3ffff6000 size 0x2000
01-16 14:13:05.613 1593 1593 D gralloc_ranchu: gralloc_alloc: Creating ashmem region of size 8298496
01-16 14:13:05.622 4077 4095 D EGL_emulation: eglMakeCurrent: 0xdb51a120: ver 3 1 (tinfo 0xdb50f2d0)
01-16 14:13:05.635 1593 2349 D gralloc_ranchu: gralloc_alloc: Creating ashmem region of size 8298496
01-16 14:13:05.648 4077 4095 D eglCodecCommon: setVertexArrayObject: set vao to 0 (0) 1 0
01-16 14:13:05.654 1606 1606 E Layer : [Surface(name=AppWindowToken{4c39b78 token=Token{71324db ActivityRecord{61d39ea u0 org.protox/.activity.QtActivityEx t15}}})/@0xdeff19a - animation-leash#0] No local sync point found
01-16 14:13:05.654 1606 1606 E Layer : [Surface(name=AppWindowToken{4c39b78 token=Token{71324db ActivityRecord{61d39ea u0 org.protox/.activity.QtActivityEx t15}}})/@0xdeff19a - animation-leash#0] No local sync point found
01-16 14:13:05.654 1606 1606 E Layer : [Surface(name=AppWindowToken{41e3c89 token=Token{af84b90 ActivityRecord{8daa653 u0 com.android.launcher3/.Launcher t8}}})/@0xa15b46d - animation-leash#0] No local sync point found
01-16 14:13:05.654 1606 1606 E Layer : [Surface(name=AppWindowToken{41e3c89 token=Token{af84b90 ActivityRecord{8daa653 u0 com.android.launcher3/.Launcher t8}}})/@0xa15b46d - animation-leash#0] No local sync point found
01-16 14:13:05.671 1606 1606 E Layer : [Surface(name=AppWindowToken{4c39b78 token=Token{71324db ActivityRecord{61d39ea u0 org.protox/.activity.QtActivityEx t15}}})/@0xdeff19a - animation-leash#0] No local sync point found
01-16 14:13:05.671 1606 1606 E Layer : [Surface(name=AppWindowToken{41e3c89 token=Token{af84b90 ActivityRecord{8daa653 u0 com.android.launcher3/.Launcher t8}}})/@0xa15b46d - animation-leash#0] No local sync point found
01-16 14:13:05.674 2170 2555 D EGL_emulation: eglMakeCurrent: 0xeeb04be0: ver 3 1 (tinfo 0xe3671a80)
01-16 14:13:05.676 1967 2226 D EGL_emulation: eglMakeCurrent: 0xe35dad40: ver 3 1 (tinfo 0xc1dd01a0)
01-16 14:13:05.725 1967 2226 D EGL_emulation: eglMakeCurrent: 0xe35dad40: ver 3 1 (tinfo 0xc1dd01a0)
01-16 14:13:05.727 4077 4098 D : "App started."
01-16 14:13:05.801 1593 1593 D gralloc_ranchu: gralloc_alloc: Creating ashmem region of size 8192
01-16 14:13:05.809 1593 1593 I chatty : uid=1000(system) allocator@2.0-s identical 1 line
01-16 14:13:05.813 1593 1593 D gralloc_ranchu: gralloc_alloc: Creating ashmem region of size 8192
01-16 14:13:05.835 1832 1858 I ActivityTaskManager: Displayed org.protox/.activity.QtActivityEx: +752ms
