01-16 14:02:18.690 3752 3752 W System.err: at org.qtproject.qt5.android.ExtractStyle.getDrawable(ExtractStyle.java:1043)
01-16 14:02:18.690 3752 3752 W System.err: at org.qtproject.qt5.android.ExtractStyle.getLayerDrawable(ExtractStyle.java:623)
01-16 14:02:18.690 3752 3752 W System.err: at org.qtproject.qt5.android.ExtractStyle.getDrawable(ExtractStyle.java:1031)
01-16 14:02:18.690 3752 3752 W System.err: at org.qtproject.qt5.android.ExtractStyle.extractProgressBarInfo(ExtractStyle.java:1665)
01-16 14:02:18.690 3752 3752 W System.err: at org.qtproject.qt5.android.ExtractStyle.extractProgressBar(ExtractStyle.java:1677)
01-16 14:02:18.690 3752 3752 W System.err: at org.qtproject.qt5.android.ExtractStyle.(ExtractStyle.java:2008)
01-16 14:02:18.690 3752 3752 W System.err: at org.qtproject.qt5.android.QtActivityDelegate.loadApplication(QtActivityDelegate.java:619)
01-16 14:02:18.690 3752 3752 W System.err: at java.lang.reflect.Method.invoke(Native Method)
01-16 14:02:18.690 3752 3752 W System.err: at org.qtproject.qt5.android.bindings.QtLoader.loadApplication(QtLoader.java:267)
01-16 14:02:18.690 3752 3752 W System.err: at org.qtproject.qt5.android.bindings.QtLoader.startApp(QtLoader.java:505)
01-16 14:02:18.690 3752 3752 W System.err: at org.qtproject.qt5.android.bindings.QtActivityLoader.onCreate(QtActivityLoader.java:166)
01-16 14:02:18.690 3752 3752 W System.err: at org.qtproject.qt5.android.bindings.QtActivity.onCreateHook(QtActivity.java:267)
01-16 14:02:18.690 3752 3752 W System.err: at org.qtproject.qt5.android.bindings.QtActivity.onCreate(QtActivity.java:274)
01-16 14:02:18.690 3752 3752 W System.err: at org.protox.activity.QtActivityEx.onCreate(QtActivityEx.java:54)
01-16 14:02:18.690 3752 3752 W System.err: at android.app.Activity.performCreate(Activity.java:7802)
01-16 14:02:18.690 3752 3752 W System.err: at android.app.Activity.performCreate(Activity.java:7791)
01-16 14:02:18.690 3752 3752 W System.err: at android.app.Instrumentation.callActivityOnCreate(Instrumentation.java:1299)
01-16 14:02:18.690 3752 3752 W System.err: at android.app.ActivityThread.performLaunchActivity(ActivityThread.java:3245)
01-16 14:02:18.690 3752 3752 W System.err: at android.app.ActivityThread.handleLaunchActivity(ActivityThread.java:3409)
01-16 14:02:18.690 3752 3752 W System.err: at android.app.servertransaction.LaunchActivityItem.execute(LaunchActivityItem.java:83)
01-16 14:02:18.690 3752 3752 W System.err: at android.app.servertransaction.TransactionExecutor.executeCallbacks(TransactionExecutor.java:135)
01-16 14:02:18.690 3752 3752 W System.err: at android.app.servertransaction.TransactionExecutor.execute(TransactionExecutor.java:95)
01-16 14:02:18.690 3752 3752 W System.err: at android.app.ActivityThread$H.handleMessage(ActivityThread.java:2016)
01-16 14:02:18.691 3752 3752 W System.err: at android.os.Handler.dispatchMessage(Handler.java:107)
01-16 14:02:18.691 3752 3752 W System.err: at android.os.Looper.loop(Looper.java:214)
01-16 14:02:18.691 3752 3752 W System.err: at android.app.ActivityThread.main(ActivityThread.java:7356)
01-16 14:02:18.691 3752 3752 W System.err: at java.lang.reflect.Method.invoke(Native Method)
01-16 14:02:18.691 3752 3752 W System.err: at com.android.internal.os.RuntimeInit$MethodAndArgsCaller.run(RuntimeInit.java:492)
01-16 14:02:18.691 3752 3752 W System.err: at com.android.internal.os.ZygoteInit.main(ZygoteInit.java:930)
01-16 14:02:18.691 3752 3752 W System.err: java.lang.NullPointerException: Attempt to invoke virtual method 'float java.lang.reflect.Field.getFloat(java.lang.Object)' on a null object reference
01-16 14:02:18.745 3752 3752 W System.err: at org.qtproject.qt5.android.ExtractStyle.getRotateDrawable(ExtractStyle.java:712)
01-16 14:02:18.745 3752 3752 W System.err: at org.qtproject.qt5.android.ExtractStyle.getDrawable(ExtractStyle.java:1043)
01-16 14:02:18.745 3752 3752 W System.err: at org.qtproject.qt5.android.ExtractStyle.getLayerDrawable(ExtractStyle.java:623)
01-16 14:02:18.745 3752 3752 W System.err: at org.qtproject.qt5.android.ExtractStyle.getDrawable(ExtractStyle.java:1031)
01-16 14:02:18.745 3752 3752 W System.err: at org.qtproject.qt5.android.ExtractStyle.extractProgressBarInfo(ExtractStyle.java:1665)
01-16 14:02:18.745 3752 3752 W System.err: at org.qtproject.qt5.android.ExtractStyle.extractProgressBar(ExtractStyle.java:1677)
01-16 14:02:18.745 3752 3752 W System.err: at org.qtproject.qt5.android.ExtractStyle.(ExtractStyle.java:2008)
01-16 14:02:18.746 3752 3752 W System.err: at org.qtproject.qt5.android.QtActivityDelegate.loadApplication(QtActivityDelegate.java:619)
01-16 14:02:18.746 3752 3752 W System.err: at java.lang.reflect.Method.invoke(Native Method)
01-16 14:02:18.746 3752 3752 W System.err: at org.qtproject.qt5.android.bindings.QtLoader.loadApplication(QtLoader.java:267)
01-16 14:02:18.746 3752 3752 W System.err: at org.qtproject.qt5.android.bindings.QtLoader.startApp(QtLoader.java:505)
01-16 14:02:18.746 3752 3752 W System.err: at org.qtproject.qt5.android.bindings.QtActivityLoader.onCreate(QtActivityLoader.java:166)
01-16 14:02:18.746 3752 3752 W System.err: at org.qtproject.qt5.android.bindings.QtActivity.onCreateHook(QtActivity.java:267)
01-16 14:02:18.746 3752 3752 W System.err: at org.qtproject.qt5.android.bindings.QtActivity.onCreate(QtActivity.java:274)
01-16 14:02:18.746 3752 3752 W System.err: at org.protox.activity.QtActivityEx.onCreate(QtActivityEx.java:54)
01-16 14:02:18.746 3752 3752 W System.err: at android.app.Activity.performCreate(Activity.java:7802)
01-16 14:02:18.746 3752 3752 W System.err: at android.app.Activity.performCreate(Activity.java:7791)
01-16 14:02:18.746 3752 3752 W System.err: at android.app.Instrumentation.callActivityOnCreate(Instrumentation.java:1299)
01-16 14:02:18.746 3752 3752 W System.err: at android.app.ActivityThread.performLaunchActivity(ActivityThread.java:3245)
01-16 14:02:18.746 3752 3752 W System.err: at android.app.ActivityThread.handleLaunchActivity(ActivityThread.java:3409)
01-16 14:02:18.746 3752 3752 W System.err: at android.app.servertransaction.LaunchActivityItem.execute(LaunchActivityItem.java:83)
01-16 14:02:18.746 3752 3752 W System.err: at android.app.servertransaction.TransactionExecutor.executeCallbacks(TransactionExecutor.java:135)
01-16 14:02:18.746 3752 3752 W System.err: at android.app.servertransaction.TransactionExecutor.execute(TransactionExecutor.java:95)
01-16 14:02:18.746 3752 3752 W System.err: at android.app.ActivityThread$H.handleMessage(ActivityThread.java:2016)
01-16 14:02:18.746 3752 3752 W System.err: at android.os.Handler.dispatchMessage(Handler.java:107)
01-16 14:02:18.746 3752 3752 W System.err: at android.os.Looper.loop(Looper.java:214)
01-16 14:02:18.746 3752 3752 W System.err: at android.app.ActivityThread.main(ActivityThread.java:7356)
01-16 14:02:18.746 3752 3752 W System.err: at java.lang.reflect.Method.invoke(Native Method)
01-16 14:02:18.746 3752 3752 W System.err: at com.android.internal.os.RuntimeInit$MethodAndArgsCaller.run(RuntimeInit.java:492)
01-16 14:02:18.746 3752 3752 W System.err: at com.android.internal.os.ZygoteInit.main(ZygoteInit.java:930)
01-16 14:02:18.749 3752 3752 W org.protox: Accessing hidden field Landroid/graphics/drawable/RotateDrawable$RotateState;->mPivotX:F (greylist-max-o, reflection, denied)
01-16 14:02:18.749 3752 3752 W System.err: java.lang.NoSuchFieldException: No field mPivotX in class Landroid/graphics/drawable/RotateDrawable$RotateState; (declaration of 'android.graphics.drawable.RotateDrawable$RotateState' appears in /system/framework/framework.jar)
01-16 14:02:18.749 3752 3752 W System.err: at java.lang.Class.getDeclaredField(Native Method)
01-16 14:02:18.749 3752 3752 W System.err: at org.qtproject.qt5.android.ExtractStyle.getAccessibleField(ExtractStyle.java:399)
01-16 14:02:18.750 3752 3752 W System.err: at org.qtproject.qt5.android.ExtractStyle.getRotateDrawable(ExtractStyle.java:712)
01-16 14:02:18.750 3752 3752 W System.err: at org.qtproject.qt5.android.ExtractStyle.getDrawable(ExtractStyle.java:1043)
01-16 14:02:18.750 3752 3752 W System.err: at org.qtproject.qt5.android.ExtractStyle.getLayerDrawable(ExtractStyle.java:623)
01-16 14:02:18.750 3752 3752 W System.err: at org.qtproject.qt5.android.ExtractStyle.getDrawable(ExtractStyle.java:1031)
01-16 14:02:18.750 3752 3752 W System.err: at org.qtproject.qt5.android.ExtractStyle.extractProgressBarInfo(ExtractStyle.java:1665)
01-16 14:02:18.750 3752 3752 W System.err: at org.qtproject.qt5.android.ExtractStyle.extractProgressBar(ExtractStyle.java:1677)
01-16 14:02:18.750 3752 3752 W System.err: at org.qtproject.qt5.android.ExtractStyle.(ExtractStyle.java:2008)
01-16 14:02:18.750 3752 3752 W System.err: at org.qtproject.qt5.android.QtActivityDelegate.loadApplication(QtActivityDelegate.java:619)
01-16 14:02:18.750 3752 3752 W System.err: at java.lang.reflect.Method.invoke(Native Method)
01-16 14:02:18.750 3752 3752 W System.err: at org.qtproject.qt5.android.bindings.QtLoader.loadApplication(QtLoader.java:267)
01-16 14:02:18.750 3752 3752 W System.err: at org.qtproject.qt5.android.bindings.QtLoader.startApp(QtLoader.java:505)
01-16 14:02:18.750 3752 3752 W System.err: at org.qtproject.qt5.android.bindings.QtActivityLoader.onCreate(QtActivityLoader.java:166)
01-16 14:02:18.750 3752 3752 W System.err: at org.qtproject.qt5.android.bindings.QtActivity.onCreateHook(QtActivity.java:267)
01-16 14:02:18.750 3752 3752 W System.err: at org.qtproject.qt5.android.bindings.QtActivity.onCreate(QtActivity.java:274)
01-16 14:02:18.750 3752 3752 W System.err: at org.protox.activity.QtActivityEx.onCreate(QtActivityEx.java:54)
01-16 14:02:18.750 3752 3752 W System.err: at android.app.Activity.performCreate(Activity.java:7802)
01-16 14:02:18.750 3752 3752 W System.err: at android.app.Activity.performCreate(Activity.java:7791)
01-16 14:02:18.750 3752 3752 W System.err: at android.app.Instrumentation.callActivityOnCreate(Instrumentation.java:1299)
01-16 14:02:18.750 3752 3752 W System.err: at android.app.ActivityThread.performLaunchActivity(ActivityThread.java:3245)
01-16 14:02:18.750 3752 3752 W System.err: at android.app.ActivityThread.handleLaunchActivity(ActivityThread.java:3409)
01-16 14:02:18.750 3752 3752 W System.err: at android.app.servertransaction.LaunchActivityItem.execute(LaunchActivityItem.java:83)
01-16 14:02:18.750 3752 3752 W System.err: at android.app.servertransaction.TransactionExecutor.executeCallbacks(TransactionExecutor.java:135)
01-16 14:02:18.750 3752 3752 W System.err: at android.app.servertransaction.TransactionExecutor.execute(TransactionExecutor.java:95)
01-16 14:02:18.750 3752 3752 W System.err: at android.app.ActivityThread$H.handleMessage(ActivityThread.java:2016)
01-16 14:02:18.750 3752 3752 W System.err: at android.os.Handler.dispatchMessage(Handler.java:107)
01-16 14:02:18.750 3752 3752 W System.err: at android.os.Looper.loop(Looper.java:214)
01-16 14:02:18.750 3752 3752 W System.err: at android.app.ActivityThread.main(ActivityThread.java:7356)
01-16 14:02:18.750 3752 3752 W System.err: at java.lang.reflect.Method.invoke(Native Method)
01-16 14:02:18.750 3752 3752 W System.err: at com.android.internal.os.RuntimeInit$MethodAndArgsCaller.run(RuntimeInit.java:492)
01-16 14:02:18.750 3752 3752 W System.err: at com.android.internal.os.ZygoteInit.main(ZygoteInit.java:930)
01-16 14:02:18.750 3752 3752 W System.err: java.lang.NullPointerException: Attempt to invoke virtual method 'float java.lang.reflect.Field.getFloat(java.lang.Object)' on a null object reference
01-16 14:02:18.750 3752 3752 W System.err: at org.qtproject.qt5.android.ExtractStyle.getRotateDrawable(ExtractStyle.java:712)
01-16 14:02:18.750 3752 3752 W System.err: at org.qtproject.qt5.android.ExtractStyle.getDrawable(ExtractStyle.java:1043)
01-16 14:02:18.750 3752 3752 W System.err: at org.qtproject.qt5.android.ExtractStyle.getLayerDrawable(ExtractStyle.java:623)
01-16 14:02:18.750 3752 3752 W System.err: at org.qtproject.qt5.android.ExtractStyle.getDrawable(ExtractStyle.java:1031)
01-16 14:02:18.750 3752 3752 W System.err: at org.qtproject.qt5.android.ExtractStyle.extractProgressBarInfo(ExtractStyle.java:1665)
01-16 14:02:18.750 3752 3752 W System.err: at org.qtproject.qt5.android.ExtractStyle.extractProgressBar(ExtractStyle.java:1677)
01-16 14:02:18.750 3752 3752 W System.err: at org.qtproject.qt5.android.ExtractStyle.(ExtractStyle.java:2008)
01-16 14:02:18.750 3752 3752 W System.err: at org.qtproject.qt5.android.QtActivityDelegate.loadApplication(QtActivityDelegate.java:619)
01-16 14:02:18.750 3752 3752 W System.err: at java.lang.reflect.Method.invoke(Native Method)
01-16 14:02:18.750 3752 3752 W System.err: at org.qtproject.qt5.android.bindings.QtLoader.loadApplication(QtLoader.java:267)
01-16 14:02:18.750 3752 3752 W System.err: at org.qtproject.qt5.android.bindings.QtLoader.startApp(QtLoader.java:505)
01-16 14:02:18.750 3752 3752 W System.err: at org.qtproject.qt5.android.bindings.QtActivityLoader.onCreate(QtActivityLoader.java:166)
01-16 14:02:18.750 3752 3752 W System.err: at org.qtproject.qt5.android.bindings.QtActivity.onCreateHook(QtActivity.java:267)
01-16 14:02:18.751 3752 3752 W System.err: at org.qtproject.qt5.android.bindings.QtActivity.onCreate(QtActivity.java:274)
01-16 14:02:18.751 3752 3752 W System.err: at org.protox.activity.QtActivityEx.onCreate(QtActivityEx.java:54)
01-16 14:02:18.751 3752 3752 W System.err: at android.app.Activity.performCreate(Activity.java:7802)
01-16 14:02:18.751 3752 3752 W System.err: at android.app.Activity.performCreate(Activity.java:7791)
01-16 14:02:18.751 3752 3752 W System.err: at android.app.Instrumentation.callActivityOnCreate(Instrumentation.java:1299)
01-16 14:02:18.751 3752 3752 W System.err: at android.app.ActivityThread.performLaunchActivity(ActivityThread.java:3245)
01-16 14:02:18.751 3752 3752 W System.err: at android.app.ActivityThread.handleLaunchActivity(ActivityThread.java:3409)
01-16 14:02:18.751 3752 3752 W System.err: at android.app.servertransaction.LaunchActivityItem.execute(LaunchActivityItem.java:83)
01-16 14:02:18.751 3752 3752 W System.err: at android.app.servertransaction.TransactionExecutor.executeCallbacks(TransactionExecutor.java:135)
01-16 14:02:18.751 3752 3752 W System.err: at android.app.servertransaction.TransactionExecutor.execute(TransactionExecutor.java:95)
01-16 14:02:18.751 3752 3752 W System.err: at android.app.ActivityThread$H.handleMessage(ActivityThread.java:2016)
01-16 14:02:18.751 3752 3752 W System.err: at android.os.Handler.dispatchMessage(Handler.java:107)
01-16 14:02:18.751 3752 3752 W System.err: at android.os.Looper.loop(Looper.java:214)
01-16 14:02:18.751 3752 3752 W System.err: at android.app.ActivityThread.main(ActivityThread.java:7356)
01-16 14:02:18.751 3752 3752 W System.err: at java.lang.reflect.Method.invoke(Native Method)
01-16 14:02:18.751 3752 3752 W System.err: at com.android.internal.os.RuntimeInit$MethodAndArgsCaller.run(RuntimeInit.java:492)
01-16 14:02:18.751 3752 3752 W System.err: at com.android.internal.os.ZygoteInit.main(ZygoteInit.java:930)
01-16 14:02:18.977 1832 1853 D eglCodecCommon: allocate: Ask for block of size 0x7ea000
01-16 14:02:18.978 1832 1853 D eglCodecCommon: allocate: ioctl allocate returned offset 0x3ff809000 size 0x7eb000
01-16 14:02:19.006 2170 2555 I OpenGLRenderer: Davey! duration=1439ms; Flags=0, IntendedVsync=367194243241, Vsync=367560909893, OldestInputEvent=9223372036854775807, NewestInputEvent=0, HandleInputStart=367566796124, AnimationStart=367566833794, PerformTraversalsStart=367566870514, DrawStart=367566966024, SyncQueued=367567098994, SyncStart=367665040634, IssueDrawCommandsStart=367665924604, SwapBuffers=368658806904, FrameCompleted=368731731154, DequeueBufferDuration=10800000, QueueBufferDuration=5003000,
01-16 14:02:19.036 1606 1741 D : HostConnection::get() New Host Connection established 0xec0198e0, tid 1741
01-16 14:02:19.046 1606 1741 D : HostComposition ext ANDROID_EMU_CHECKSUM_HELPER_v1 ANDROID_EMU_dma_v1 ANDROID_EMU_direct_mem ANDROID_EMU_host_composition_v1 ANDROID_EMU_host_composition_v2 ANDROID_EMU_async_unmap_buffer GL_OES_EGL_image_external_essl3 GL_OES_vertex_array_object GL_KHR_texture_compression_astc_ldr ANDROID_EMU_gles_max_version_3_1
01-16 14:02:19.047 1832 1853 I Choreographer: Skipped 102 frames! The application may be doing too much work on its main thread.
01-16 14:02:19.105 1606 1741 W ServiceManager: Permission failure: android.permission.ACCESS_SURFACE_FLINGER from uid=10082 pid=2170
01-16 14:02:19.106 1606 1741 D PermissionCache: checking android.permission.ACCESS_SURFACE_FLINGER for uid=10082 => denied (1035 us)
01-16 14:02:19.149 1594 1594 W EmuHWC2 : validate: layer 7 CompositionType 1, fallback
01-16 14:02:19.409 1967 2226 D EGL_emulation: eglMakeCurrent: 0xe35dad40: ver 3 1 (tinfo 0xc1dd01a0)
01-16 14:02:19.755 2170 2555 W OpenGLRenderer: dequeueBuffer failed, error = -110; switching to fallback
01-16 14:02:19.755 1593 1593 D gralloc_ranchu: gralloc_alloc: Creating ashmem region of size 4096
01-16 14:02:19.783 2170 2555 W OpenGLRenderer: reserveNext failed, error = -2147483648 (Unknown error -2147483648)
01-16 14:02:19.783 2170 2555 D EGL_emulation: eglMakeCurrent: 0xeeb04be0: ver 3 1 (tinfo 0xe3671a80)
01-16 14:02:19.793 1967 2226 D EGL_emulation: eglMakeCurrent: 0xe35dad40: ver 3 1 (tinfo 0xc1dd01a0)
01-16 14:02:19.799 2170 2170 I Choreographer: Skipped 37 frames! The application may be doing too much work on its main thread.
01-16 14:02:19.800 1594 1594 W EmuHWC2 : validate: layer 7 CompositionType 1, fallback
01-16 14:02:19.972 3752 3771 D : HostConnection::get() New Host Connection established 0xdb51d050, tid 3771
01-16 14:02:19.990 3752 3771 D : HostComposition ext ANDROID_EMU_CHECKSUM_HELPER_v1 ANDROID_EMU_dma_v1 ANDROID_EMU_direct_mem ANDROID_EMU_host_composition_v1 ANDROID_EMU_host_composition_v2 ANDROID_EMU_async_unmap_buffer GL_OES_EGL_image_external_essl3 GL_OES_vertex_array_object GL_KHR_texture_compression_astc_ldr ANDROID_EMU_gles_max_version_3_1
01-16 14:02:20.356 1583 1583 W audio_hw_generic: Not supplying enough data to HAL, expected position 558576 , only wrote 356940
01-16 14:02:20.376 3752 3771 W OpenGLRenderer: Failed to choose config with EGL_SWAP_BEHAVIOR_PRESERVED, retrying without...
01-16 14:02:20.764 3752 3771 D eglCodecCommon: setVertexArrayObject: set vao to 0 (0) 0 0
01-16 14:02:20.764 3752 3771 D EGL_emulation: eglCreateContext: 0xdb51a120: maj 3 min 1 rcv 4
01-16 14:02:20.765 3752 3771 D EGL_emulation: eglMakeCurrent: 0xdb51a120: ver 3 1 (tinfo 0xdb50f2d0)
01-16 14:02:20.766 3752 3771 E eglCodecCommon: glUtilsParamSize: unknow param 0x000082da
01-16 14:02:20.766 3752 3771 E eglCodecCommon: glUtilsParamSize: unknow param 0x000082da
01-16 14:02:20.772 1967 2226 I OpenGLRenderer: Davey! duration=1075ms; Flags=0, IntendedVsync=369041163162, Vsync=369107829826, OldestInputEvent=9223372036854775807, NewestInputEvent=0, HandleInputStart=369121526554, AnimationStart=369121543044, PerformTraversalsStart=369133266164, DrawStart=369138340054, SyncQueued=369138530704, SyncStart=369518865214, IssueDrawCommandsStart=369526230724, SwapBuffers=369526834504, FrameCompleted=370497158684, DequeueBufferDuration=71000, QueueBufferDuration=1805000,
01-16 14:02:20.780 1967 2226 D EGL_emulation: eglMakeCurrent: 0xe35dad40: ver 3 1 (tinfo 0xc1dd01a0)
01-16 14:02:20.787 1593 1593 D gralloc_ranchu: gralloc_alloc: Creating ashmem region of size 8298496
01-16 14:02:20.799 1967 2226 D EGL_emulation: eglMakeCurrent: 0xe35dad40: ver 3 1 (tinfo 0xc1dd01a0)
01-16 14:02:20.800 1967 1967 I Choreographer: Skipped 59 frames! The application may be doing too much work on its main thread.
01-16 14:02:20.801 1967 2226 I OpenGLRenderer: Davey! duration=1370ms; Flags=0, IntendedVsync=369142201614, Vsync=369508868266, OldestInputEvent=9223372036854775807, NewestInputEvent=0, HandleInputStart=369519266984, AnimationStart=369519382784, PerformTraversalsStart=369520211134, DrawStart=370510409904, SyncQueued=370510519074, SyncStart=370524596664, IssueDrawCommandsStart=370524652214, SwapBuffers=370525160524, FrameCompleted=370526600364, DequeueBufferDuration=214000, QueueBufferDuration=140000,
01-16 14:02:20.802 1478 1478 I hwservicemanager: getTransport: Cannot find entry android.hardware.graphics.mapper@3.0::IMapper/default in either framework or device manifest.
01-16 14:02:20.802 3752 3771 W Gralloc3: mapper 3.x is not supported
01-16 14:02:20.806 3752 3771 D : createUnique: call
01-16 14:02:20.806 3752 3771 D : HostConnection::get() New Host Connection established 0xdb51d320, tid 3771
01-16 14:02:20.821 3752 3771 D : HostComposition ext ANDROID_EMU_CHECKSUM_HELPER_v1 ANDROID_EMU_dma_v1 ANDROID_EMU_direct_mem ANDROID_EMU_host_composition_v1 ANDROID_EMU_host_composition_v2 ANDROID_EMU_async_unmap_buffer GL_OES_EGL_image_external_essl3 GL_OES_vertex_array_object GL_KHR_texture_compression_astc_ldr ANDROID_EMU_gles_max_version_3_1
01-16 14:02:20.821 3752 3771 D eglCodecCommon: allocate: Ask for block of size 0x1000
01-16 14:02:20.821 3752 3771 D eglCodecCommon: allocate: ioctl allocate returned offset 0x3ffff6000 size 0x2000
01-16 14:02:20.824 1593 1593 D gralloc_ranchu: gralloc_alloc: Creating ashmem region of size 8298496
01-16 14:02:20.836 1593 2349 D gralloc_ranchu: gralloc_alloc: Creating ashmem region of size 8298496
01-16 14:02:20.852 3752 3771 D EGL_emulation: eglMakeCurrent: 0xdb51a120: ver 3 1 (tinfo 0xdb50f2d0)
01-16 14:02:20.867 3752 3771 D eglCodecCommon: setVertexArrayObject: set vao to 0 (0) 1 0
01-16 14:02:20.900 1832 2483 E TaskPersister: File error accessing recents directory (directory doesn't exist?).
01-16 14:02:21.112 3752 3771 I OpenGLRenderer: Davey! duration=1214ms; Flags=1, IntendedVsync=369596868929, Vsync=369680202259, OldestInputEvent=9223372036854775807, NewestInputEvent=0, HandleInputStart=369691945544, AnimationStart=369691965034, PerformTraversalsStart=369691993734, DrawStart=370551239784, SyncQueued=370552083234, SyncStart=370577947774, IssueDrawCommandsStart=370578124394, SwapBuffers=370807627224, FrameCompleted=370837283124, DequeueBufferDuration=81000, QueueBufferDuration=774000,
01-16 14:02:21.125 1832 1858 I ActivityTaskManager: Displayed org.protox/.activity.QtActivityEx: +3s893ms
01-16 14:02:21.153 1832 2094 I ActivityTaskManager: START u0 {act=android.content.pm.action.REQUEST_PERMISSIONS pkg=com.android.permissioncontroller cmp=com.android.permissioncontroller/com.android.packageinstaller.permission.ui.GrantPermissionsActivity (has extras)} from uid 10103
01-16 14:02:21.182 1593 2349 D gralloc_ranchu: gralloc_alloc: Creating ashmem region of size 8192
01-16 14:02:21.187 1593 2349 I chatty : uid=1000(system) HwBinder:1593_3 identical 1 line
01-16 14:02:21.192 1593 2349 D gralloc_ranchu: gralloc_alloc: Creating ashmem region of size 8192
01-16 14:02:21.214 2966 2966 W ActivityThread: handleWindowVisibility: no activity for token android.os.BinderProxy@935b6fb
01-16 14:02:21.234 1606 1740 E SurfaceFlinger: ro.sf.lcd_density must be defined as a build property
01-16 14:02:21.234 1606 1740 E SurfaceFlinger: ro.sf.lcd_density must be defined as a build property
01-16 14:02:21.250 2966 3779 D libEGL : Emulator has host GPU support, qemu.gles is set to 1.
01-16 14:02:21.255 2966 3779 W libc : Unable to set property "qemu.gles" to "1": error code: 0x18
01-16 14:02:21.285 2966 3779 D libEGL : loaded /vendor/lib/egl/libEGL_emulation.so
01-16 14:02:21.287 2966 3779 D libEGL : loaded /vendor/lib/egl/libGLESv1_CM_emulation.so
01-16 14:02:21.303 2966 3779 D libEGL : loaded /vendor/lib/egl/libGLESv2_emulation.so
01-16 14:02:21.367 2966 3777 D : HostConnection::get() New Host Connection established 0xdb5332d0, tid 3777
01-16 14:02:21.381 2966 3777 D : HostComposition ext ANDROID_EMU_CHECKSUM_HELPER_v1 ANDROID_EMU_dma_v1 ANDROID_EMU_direct_mem ANDROID_EMU_host_composition_v1 ANDROID_EMU_host_composition_v2 ANDROID_EMU_async_unmap_buffer GL_OES_EGL_image_external_essl3 GL_OES_vertex_array_object GL_KHR_texture_compression_astc_ldr ANDROID_EMU_gles_max_version_3_1
01-16 14:02:21.382 2966 3777 W OpenGLRenderer: Failed to choose config with EGL_SWAP_BEHAVIOR_PRESERVED, retrying without...
01-16 14:02:21.385 2966 3777 D eglCodecCommon: setVertexArrayObject: set vao to 0 (0) 0 0
01-16 14:02:21.385 2966 3777 D EGL_emulation: eglCreateContext: 0xdb51a4e0: maj 3 min 1 rcv 4
01-16 14:02:21.387 2966 3777 D EGL_emulation: eglMakeCurrent: 0xdb51a4e0: ver 3 1 (tinfo 0xdb50f520)
01-16 14:02:21.387 2966 3777 E eglCodecCommon: glUtilsParamSize: unknow param 0x000082da
01-16 14:02:21.387 2966 3777 E eglCodecCommon: glUtilsParamSize: unknow param 0x000082da
01-16 14:02:21.394 1593 2349 D gralloc_ranchu: gralloc_alloc: Creating ashmem region of size 9056256
01-16 14:02:21.420 1478 1478 I hwservicemanager: getTransport: Cannot find entry android.hardware.graphics.mapper@3.0::IMapper/default in either framework or device manifest.
01-16 14:02:21.420 2966 3777 W Gralloc3: mapper 3.x is not supported
01-16 14:02:21.424 2966 3777 D : createUnique: call
01-16 14:02:21.425 2966 3777 D : HostConnection::get() New Host Connection established 0xdb5335a0, tid 3777
01-16 14:02:21.426 2966 3777 D : HostComposition ext ANDROID_EMU_CHECKSUM_HELPER_v1 ANDROID_EMU_dma_v1 ANDROID_EMU_direct_mem ANDROID_EMU_host_composition_v1 ANDROID_EMU_host_composition_v2 ANDROID_EMU_async_unmap_buffer GL_OES_EGL_image_external_essl3 GL_OES_vertex_array_object GL_KHR_texture_compression_astc_ldr ANDROID_EMU_gles_max_version_3_1
01-16 14:02:21.428 2966 3777 D eglCodecCommon: allocate: Ask for block of size 0x1000
01-16 14:02:21.428 2966 3777 D eglCodecCommon: allocate: ioctl allocate returned offset 0x3ff807000 size 0x2000
01-16 14:02:21.432 1593 2349 D gralloc_ranchu: gralloc_alloc: Creating ashmem region of size 9056256
01-16 14:02:21.451 2966 3777 D EGL_emulation: eglMakeCurrent: 0xdb51a4e0: ver 3 1 (tinfo 0xdb50f520)
01-16 14:02:21.452 1593 1593 D gralloc_ranchu: gralloc_alloc: Creating ashmem region of size 9056256
01-16 14:02:21.474 2966 3777 D eglCodecCommon: setVertexArrayObject: set vao to 0 (0) 1 0
01-16 14:02:21.617 1832 1858 I ActivityTaskManager: Displayed com.android.permissioncontroller/com.android.packageinstaller.permission.ui.GrantPermissionsActivity: +448ms
01-16 14:02:21.630 2966 3777 D EGL_emulation: eglMakeCurrent: 0xdb51a4e0: ver 3 1 (tinfo 0xdb50f520)
01-16 14:02:21.631 1593 1593 D gralloc_ranchu: gralloc_alloc: Creating ashmem region of size 9052160
01-16 14:02:21.652 2966 3777 D EGL_emulation: eglMakeCurrent: 0xdb51a4e0: ver 3 1 (tinfo 0xdb50f520)
01-16 14:02:21.662 1593 1593 D gralloc_ranchu: gralloc_alloc: Creating ashmem region of size 9052160
01-16 14:02:23.536 1693 1693 E netmgr : Failed to open QEMU pipe 'qemud:network': Invalid argument
01-16 14:02:23.536 1693 1693 E netmgr : WifiForwarder unable to open QEMU pipe: Invalid argument
01-16 14:02:24.119 1593 1593 D gralloc_ranchu: gralloc_alloc: Creating ashmem region of size 9052160
01-16 14:02:24.126 2966 2966 V GrantPermissionsActivity: Logged buttons presented and clicked permissionGroupName=android.permission-group.STORAGE uid=10103 package=org.protox presentedButtons=9 clickedButton=1
01-16 14:02:24.128 1481 1562 D vold : Remounting 10103 as mode read
01-16 14:02:24.139 1481 1562 D vold : Found matching PID 3752
01-16 14:02:24.144 1583 3101 W audio_hw_generic: Not supplying enough data to HAL, expected position 356992 , only wrote 356940
01-16 14:02:24.177 1481 1562 D vold : Remounting 10103 as mode write
01-16 14:02:24.180 1481 1562 D vold : Found matching PID 3752
01-16 14:02:24.227 2966 2966 V GrantPermissionsActivity: Permission grant result requestId=-5795447674167402169 callingUid=10103 callingPackage=org.protox permission=android.permission.WRITE_EXTERNAL_STORAGE isImplicit=false result=4
01-16 14:02:24.227 2966 2966 V GrantPermissionsActivity: Permission grant result requestId=-5795447674167402169 callingUid=10103 callingPackage=org.protox permission=android.permission.READ_EXTERNAL_STORAGE isImplicit=true result=4
01-16 14:02:24.260 3752 3774 D : "App started."
01-16 14:02:24.283 2966 3777 D EGL_emulation: eglMakeCurrent: 0xdb51a4e0: ver 3 1 (tinfo 0xdb50f520)
01-16 14:02:24.287 2966 3777 D OpenGLRenderer: endAllActiveAnimators on 0xc3a8f780 (RippleDrawable) with handle 0xd80275f0
01-16 14:02:24.919 3752 3774 D : HostConnection::get() New Host Connection established 0xc14c3de0, tid 3774
01-16 14:02:24.924 3752 3774 D : HostComposition ext ANDROID_EMU_CHECKSUM_HELPER_v1 ANDROID_EMU_dma_v1 ANDROID_EMU_direct_mem ANDROID_EMU_host_composition_v1 ANDROID_EMU_host_composition_v2 ANDROID_EMU_async_unmap_buffer GL_OES_EGL_image_external_essl3 GL_OES_vertex_array_object GL_KHR_texture_compression_astc_ldr ANDROID_EMU_gles_max_version_3_1
01-16 14:02:24.925 3752 3774 D eglCodecCommon: setVertexArrayObject: set vao to 0 (0) 0 0
01-16 14:02:24.926 3752 3774 D EGL_emulation: eglCreateContext: 0xc14ecfc0: maj 3 min 1 rcv 4
01-16 14:02:24.927 3752 3774 D EGL_emulation: eglMakeCurrent: 0xc14ecfc0: ver 3 1 (tinfo 0xc3fef100)
01-16 14:02:24.928 3752 3774 E eglCodecCommon: glUtilsParamSize: unknow param 0x000082da
01-16 14:02:24.928 3752 3774 E eglCodecCommon: glUtilsParamSize: unknow param 0x000082da
01-16 14:02:24.931 3752 3774 D EGL_emulation: eglMakeCurrent: 0xc14ecfc0: ver 3 1 (tinfo 0xc3fef100)
01-16 14:02:25.503 3752 3774 D eglCodecCommon: setVertexArrayObject: set vao to 0 (0) 0 0
01-16 14:02:25.503 3752 3774 D EGL_emulation: eglCreateContext: 0xbf94fae0: maj 3 min 1 rcv 4
01-16 14:02:25.505 3752 3774 D EGL_emulation: eglMakeCurrent: 0xbf94fae0: ver 3 1 (tinfo 0xc3fef100)
01-16 14:02:25.563 1606 1741 W ServiceManager: Permission failure: android.permission.ACCESS_SURFACE_FLINGER from uid=10103 pid=3752
01-16 14:02:25.563 1606 1741 D PermissionCache: checking android.permission.ACCESS_SURFACE_FLINGER for uid=10103 => denied (379 us)
01-16 14:02:25.568 1593 1593 D gralloc_ranchu: gralloc_alloc: Creating ashmem region of size 7479296
01-16 14:02:25.586 3752 3786 D : HostConnection::get() New Host Connection established 0xbf9560b0, tid 3786
01-16 14:02:25.587 3752 3786 D : HostComposition ext ANDROID_EMU_CHECKSUM_HELPER_v1 ANDROID_EMU_dma_v1 ANDROID_EMU_direct_mem ANDROID_EMU_host_composition_v1 ANDROID_EMU_host_composition_v2 ANDROID_EMU_async_unmap_buffer GL_OES_EGL_image_external_essl3 GL_OES_vertex_array_object GL_KHR_texture_compression_astc_ldr ANDROID_EMU_gles_max_version_3_1
01-16 14:02:25.588 3752 3786 D EGL_emulation: eglMakeCurrent: 0xbf94fae0: ver 3 1 (tinfo 0xdb50f040)
01-16 14:02:25.977 1593 1593 D gralloc_ranchu: gralloc_alloc: Creating ashmem region of size 7479296
01-16 14:02:26.019 1593 1593 D gralloc_ranchu: gralloc_alloc: Creating ashmem region of size 7479296
01-16 14:02:27.292 1583 1583 W audio_hw_generic: Not supplying enough data to HAL, expected position 632738 , only wrote 495750
01-16 14:02:28.950 1832 2094 I ActivityTaskManager: START u0 {act=android.intent.action.OPEN_DOCUMENT cat=[android.intent.category.OPENABLE] typ=*/* cmp=com.android.documentsui/.picker.PickActivity (has extras)} from uid 10103
01-16 14:02:28.985 1832 1853 E system_server: Invalid ID 0x00000000.
01-16 14:02:29.003 1593 1593 D gralloc_ranchu: gralloc_alloc: Creating ashmem region of size 8298496
01-16 14:02:29.020 1832 1858 E memtrack: Couldn't load memtrack module
01-16 14:02:29.020 1832 1858 W android.os.Debug: failed to get memory consumption info: -1
01-16 14:02:29.052 1578 1578 D Zygote : Forked child process 3789
01-16 14:02:29.075 1832 1860 W ActivityManager: Slow operation: 102ms so far, now at startProcess: returned from zygote!
01-16 14:02:29.085 3789 3789 W oid.documentsu: Unexpected CPU variant for X86 using defaults: x86
01-16 14:02:29.089 1832 1860 W ActivityManager: Slow operation: 116ms so far, now at startProcess: done updating battery stats
01-16 14:02:29.089 1832 1860 W ActivityManager: Slow operation: 116ms so far, now at startProcess: building log message
01-16 14:02:29.089 1832 1860 I ActivityManager: Start proc 3789:com.android.documentsui/u0a37 for activity {com.android.documentsui/com.android.documentsui.picker.PickActivity}
01-16 14:02:29.089 1832 1860 W ActivityManager: Slow operation: 116ms so far, now at startProcess: starting to update pids map
01-16 14:02:29.091 1832 1860 W ActivityManager: Slow operation: 118ms so far, now at startProcess: done updating pids map
01-16 14:02:29.137 3789 3789 D ApplicationLoaders: Returning zygote-cached class loader: /system/framework/android.hidl.base-V1.0-java.jar
01-16 14:02:29.138 3789 3789 D ApplicationLoaders: Returning zygote-cached class loader: /system/framework/android.hidl.manager-V1.0-java.jar
01-16 14:02:29.138 3789 3789 D ApplicationLoaders: Returning zygote-cached class loader: /system/framework/android.hidl.base-V1.0-java.jar
01-16 14:02:29.154 3789 3789 I oid.documentsu: The ClassLoaderContext is a special shared library.
01-16 14:02:29.155 1967 2226 D EGL_emulation: eglMakeCurrent: 0xe35dad40: ver 3 1 (tinfo 0xc1dd01a0)
01-16 14:02:29.195 1967 2226 I chatty : uid=10089(com.android.systemui) RenderThread identical 4 lines
01-16 14:02:29.225 1967 2226 D EGL_emulation: eglMakeCurrent: 0xe35dad40: ver 3 1 (tinfo 0xc1dd01a0)
01-16 14:02:29.250 1578 1578 D Zygote : Forked child process 3812
01-16 14:02:29.278 1967 2226 D EGL_emulation: eglMakeCurrent: 0xe35dad40: ver 3 1 (tinfo 0xc1dd01a0)
01-16 14:02:29.282 1967 2226 I chatty : uid=10089(com.android.systemui) RenderThread identical 1 line
01-16 14:02:29.286 1967 2226 D EGL_emulation: eglMakeCurrent: 0xe35dad40: ver 3 1 (tinfo 0xc1dd01a0)
01-16 14:02:29.302 3812 3812 W externalstorag: Unexpected CPU variant for X86 using defaults: x86
01-16 14:02:29.307 1967 2226 D EGL_emulation: eglMakeCurrent: 0xe35dad40: ver 3 1 (tinfo 0xc1dd01a0)
01-16 14:02:29.323 1832 1860 W ActivityManager: Slow operation: 116ms so far, now at startProcess: returned from zygote!
01-16 14:02:29.323 1832 1860 W ActivityManager: Slow operation: 116ms so far, now at startProcess: done updating battery stats
01-16 14:02:29.323 1832 1860 W ActivityManager: Slow operation: 116ms so far, now at startProcess: building log message
01-16 14:02:29.323 1832 1860 I ActivityManager: Start proc 3812:com.android.externalstorage/u0a50 for content provider {com.android.externalstorage/com.android.externalstorage.ExternalStorageProvider}
01-16 14:02:29.323 1832 1860 W ActivityManager: Slow operation: 116ms so far, now at startProcess: starting to update pids map
01-16 14:02:29.323 1832 1860 W ActivityManager: Slow operation: 116ms so far, now at startProcess: done updating pids map
01-16 14:02:29.324 1606 1959 E SurfaceFlinger: ro.sf.lcd_density must be defined as a build property
01-16 14:02:29.324 1606 1959 E SurfaceFlinger: ro.sf.lcd_density must be defined as a build property
01-16 14:02:29.329 3789 3825 D libEGL : Emulator has host GPU support, qemu.gles is set to 1.
01-16 14:02:29.356 3789 3825 W libc : Unable to set property "qemu.gles" to "1": error code: 0x18
01-16 14:02:29.371 3789 3825 D libEGL : loaded /vendor/lib/egl/libEGL_emulation.so
01-16 14:02:29.372 3789 3825 D libEGL : loaded /vendor/lib/egl/libGLESv1_CM_emulation.so
01-16 14:02:29.374 3789 3825 D libEGL : loaded /vendor/lib/egl/libGLESv2_emulation.so
01-16 14:02:29.389 3812 3812 I externalstorag: The ClassLoaderContext is a special shared library.
01-16 14:02:29.403 3789 3789 D PickActivity: Created new state object: State{action=3, acceptMimes=[*/*], allowMultiple=false, localOnly=false, showDeviceStorageOption=true, showAdvanced=false, stack=DocumentStack{root=null, docStack=[], stackTouched=false}, dirConfigs={}, excludedAuthorities=[], openableOnly=true, sortModel=SortModel{dimensions={16908304=SortDimension{id=16908304, labelId=2131755268, dataType=0, sortCapability=0, defaultSortDirection=1, sortDirection=0, visibility=4}, 16908310=SortDimension{id=16908310, labelId=2131755262, dataType=0, sortCapability=3, defaultSortDirection=1, sortDirection=0, visibility=0}, 2131296377=SortDimension{id=2131296377, labelId=2131755255, dataType=1, sortCapability=3, defaultSortDirection=2, sortDirection=0, visibility=0}, 2131296425=SortDimension{id=2131296425, labelId=2131755259, dataType=0, sortCapability=3, defaultSortDirection=1, sortDirection=0, visibility=0}, 2131296571=SortDimension{id=2131296571, labelId=2131755265, dataType=1, sortCapability=3, defaultSortDirection=1, sortDirection=0, visibility=0}}, defaultDimensionId=0, sortedDimension=null}}
01-16 14:02:29.404 3789 3789 D DrawerController: Calculated drawer width:280.0
01-16 14:02:29.423 3812 3812 D ExternalStorage: After updating volumes, found 2 active roots
01-16 14:02:29.457 3789 3789 D PickerActionHandler: Load last accessed stack.
01-16 14:02:29.457 3789 3789 D PickerActionHandler: Attempting to load last used stack for calling package.
01-16 14:02:29.486 3789 3789 D DocumentsApplication: OverlayManager.setEnabled() result: true
01-16 14:02:29.486 3789 3789 I ProvidersCache: Updating roots due to change at content://com.android.externalstorage.documents
01-16 14:02:29.519 3789 3818 D : HostConnection::get() New Host Connection established 0xd800cfd0, tid 3818
01-16 14:02:29.527 3789 3818 D : HostComposition ext ANDROID_EMU_CHECKSUM_HELPER_v1 ANDROID_EMU_dma_v1 ANDROID_EMU_direct_mem ANDROID_EMU_host_composition_v1 ANDROID_EMU_host_composition_v2 ANDROID_EMU_async_unmap_buffer GL_OES_EGL_image_external_essl3 GL_OES_vertex_array_object GL_KHR_texture_compression_astc_ldr ANDROID_EMU_gles_max_version_3_1
01-16 14:02:29.529 3789 3818 W OpenGLRenderer: Failed to choose config with EGL_SWAP_BEHAVIOR_PRESERVED, retrying without...
01-16 14:02:29.549 3789 3818 D eglCodecCommon: setVertexArrayObject: set vao to 0 (0) 0 0
01-16 14:02:29.550 3789 3818 D EGL_emulation: eglCreateContext: 0xe35e2e60: maj 3 min 1 rcv 4
01-16 14:02:29.552 3789 3818 D EGL_emulation: eglMakeCurrent: 0xe35e2e60: ver 3 1 (tinfo 0xd80556e0)
01-16 14:02:29.553 3789 3818 E eglCodecCommon: glUtilsParamSize: unknow param 0x000082da
01-16 14:02:29.553 3789 3818 E eglCodecCommon: glUtilsParamSize: unknow param 0x000082da
01-16 14:02:29.555 1606 1740 E BufferQueueProducer: [SurfaceView - org.protox/org.protox.activity.QtActivityEx#0] requestBuffer: BufferQueue has no connected producer
01-16 14:02:29.556 3752 3771 D EGL_emulation: eglMakeCurrent: 0xdb51a120: ver 3 1 (tinfo 0xdb50f2d0)
01-16 14:02:29.556 3752 3786 E Surface : dequeueBuffer: IGraphicBufferProducer::requestBuffer failed: -19
01-16 14:02:29.556 1606 1740 E BufferQueueProducer: [SurfaceView - org.protox/org.protox.activity.QtActivityEx#0] cancelBuffer: BufferQueue has no connected producer
01-16 14:02:29.558 1593 1593 D gralloc_ranchu: gralloc_alloc: Creating ashmem region of size 8298496
01-16 14:02:29.559 3752 3786 E EGL_emulation: tid 3786: swapBuffers(570): error 0x300d (EGL_BAD_SURFACE)
01-16 14:02:29.559 3752 3786 W libprotox_x86.so: QEGLPlatformContext: eglSwapBuffers failed: 300d
01-16 14:02:29.560 3752 3786 E EGL_emulation: egl_window_surface_t::swapBuffers called with NULL buffer
01-16 14:02:29.560 3752 3786 E EGL_emulation: tid 3786: swapBuffers(537): error 0x300d (EGL_BAD_SURFACE)
01-16 14:02:29.560 3752 3786 W libprotox_x86.so: QEGLPlatformContext: eglSwapBuffers failed: 300d
01-16 14:02:29.572 3752 3786 E EGL_emulation: egl_window_surface_t::swapBuffers called with NULL buffer
01-16 14:02:29.572 3752 3786 E EGL_emulation: tid 3786: swapBuffers(537): error 0x300d (EGL_BAD_SURFACE)
01-16 14:02:29.572 3752 3786 W libprotox_x86.so: QEGLPlatformContext: eglSwapBuffers failed: 300d
01-16 14:02:29.572 1478 1478 I hwservicemanager: getTransport: Cannot find entry android.hardware.graphics.mapper@3.0::IMapper/default in either framework or device manifest.
01-16 14:02:29.572 3789 3818 W Gralloc3: mapper 3.x is not supported
01-16 14:02:29.574 3789 3818 D : createUnique: call
01-16 14:02:29.577 3789 3818 D : HostConnection::get() New Host Connection established 0xc40d2410, tid 3818
01-16 14:02:29.577 3789 3818 D : HostComposition ext ANDROID_EMU_CHECKSUM_HELPER_v1 ANDROID_EMU_dma_v1 ANDROID_EMU_direct_mem ANDROID_EMU_host_composition_v1 ANDROID_EMU_host_composition_v2 ANDROID_EMU_async_unmap_buffer GL_OES_EGL_image_external_essl3 GL_OES_vertex_array_object GL_KHR_texture_compression_astc_ldr ANDROID_EMU_gles_max_version_3_1
01-16 14:02:29.577 3789 3818 D eglCodecCommon: allocate: Ask for block of size 0x1000
01-16 14:02:29.577 3789 3818 D eglCodecCommon: allocate: ioctl allocate returned offset 0x3ff805000 size 0x2000
01-16 14:02:29.580 3752 3786 E EGL_emulation: egl_window_surface_t::swapBuffers called with NULL buffer
01-16 14:02:29.580 3752 3786 E EGL_emulation: tid 3786: swapBuffers(537): error 0x300d (EGL_BAD_SURFACE)
01-16 14:02:29.580 3752 3786 W libprotox_x86.so: QEGLPlatformContext: eglSwapBuffers failed: 300d
01-16 14:02:29.583 1593 1593 D gralloc_ranchu: gralloc_alloc: Creating ashmem region of size 8298496
01-16 14:02:29.596 3752 3786 E EGL_emulation: egl_window_surface_t::swapBuffers called with NULL buffer
01-16 14:02:29.596 3752 3786 E EGL_emulation: tid 3786: swapBuffers(537): error 0x300d (EGL_BAD_SURFACE)
01-16 14:02:29.597 3752 3786 W libprotox_x86.so: QEGLPlatformContext: eglSwapBuffers failed: 300d
01-16 14:02:29.598 1593 1593 D gralloc_ranchu: gralloc_alloc: Creating ashmem region of size 8298496
01-16 14:02:29.598 3789 3818 D EGL_emulation: eglMakeCurrent: 0xe35e2e60: ver 3 1 (tinfo 0xd80556e0)
01-16 14:02:29.602 3752 3786 E EGL_emulation: egl_window_surface_t::swapBuffers called with NULL buffer
01-16 14:02:29.602 3752 3786 E EGL_emulation: tid 3786: swapBuffers(537): error 0x300d (EGL_BAD_SURFACE)
01-16 14:02:29.602 3752 3786 W libprotox_x86.so: QEGLPlatformContext: eglSwapBuffers failed: 300d
01-16 14:02:29.608 3752 3786 E EGL_emulation: egl_window_surface_t::swapBuffers called with NULL buffer
01-16 14:02:29.608 3752 3786 E EGL_emulation: tid 3786: swapBuffers(537): error 0x300d (EGL_BAD_SURFACE)
01-16 14:02:29.608 3752 3786 W libprotox_x86.so: QEGLPlatformContext: eglSwapBuffers failed: 300d
01-16 14:02:29.616 3752 3786 E EGL_emulation: egl_window_surface_t::swapBuffers called with NULL buffer
01-16 14:02:29.616 3752 3786 E EGL_emulation: tid 3786: swapBuffers(537): error 0x300d (EGL_BAD_SURFACE)
01-16 14:02:29.616 3752 3786 W libprotox_x86.so: QEGLPlatformContext: eglSwapBuffers failed: 300d
01-16 14:02:29.621 3789 3818 D eglCodecCommon: setVertexArrayObject: set vao to 0 (0) 1 0
01-16 14:02:29.623 3752 3786 E EGL_emulation: egl_window_surface_t::swapBuffers called with NULL buffer
01-16 14:02:29.623 3752 3786 E EGL_emulation: tid 3786: swapBuffers(537): error 0x300d (EGL_BAD_SURFACE)
01-16 14:02:29.623 3752 3786 W libprotox_x86.so: QEGLPlatformContext: eglSwapBuffers failed: 300d
01-16 14:02:29.629 3752 3786 E EGL_emulation: egl_window_surface_t::swapBuffers called with NULL buffer
01-16 14:02:29.629 3752 3786 E EGL_emulation: tid 3786: swapBuffers(537): error 0x300d (EGL_BAD_SURFACE)
01-16 14:02:29.629 3752 3786 W libprotox_x86.so: QEGLPlatformContext: eglSwapBuffers failed: 300d
01-16 14:02:29.634 1578 1578 D Zygote : Forked child process 3839
01-16 14:02:29.635 3752 3786 E EGL_emulation: egl_window_surface_t::swapBuffers called with NULL buffer
01-16 14:02:29.636 3752 3786 E EGL_emulation: tid 3786: swapBuffers(537): error 0x300d (EGL_BAD_SURFACE)
01-16 14:02:29.636 3752 3786 W libprotox_x86.so: QEGLPlatformContext: eglSwapBuffers failed: 300d
01-16 14:02:29.642 3752 3786 E EGL_emulation: egl_window_surface_t::swapBuffers called with NULL buffer
01-16 14:02:29.642 3752 3786 E EGL_emulation: tid 3786: swapBuffers(537): error 0x300d (EGL_BAD_SURFACE)
01-16 14:02:29.642 3752 3786 W libprotox_x86.so: QEGLPlatformContext: eglSwapBuffers failed: 300d
01-16 14:02:29.647 1832 1860 W ActivityManager: Slow operation: 66ms so far, now at startProcess: returned from zygote!
01-16 14:02:29.648 1832 1860 W ActivityManager: Slow operation: 67ms so far, now at startProcess: done updating battery stats
01-16 14:02:29.648 3752 3786 E EGL_emulation: egl_window_surface_t::swapBuffers called with NULL buffer
01-16 14:02:29.648 3752 3786 E EGL_emulation: tid 3786: swapBuffers(537): error 0x300d (EGL_BAD_SURFACE)
01-16 14:02:29.648 1832 1860 W ActivityManager: Slow operation: 67ms so far, now at startProcess: building log message
01-16 14:02:29.648 1832 1860 I ActivityManager: Start proc 3839:com.android.mtp/u0a44 for content provider {com.android.mtp/com.android.mtp.MtpDocumentsProvider}
01-16 14:02:29.648 1832 1860 W ActivityManager: Slow operation: 67ms so far, now at startProcess: starting to update pids map
01-16 14:02:29.648 3752 3786 W libprotox_x86.so: QEGLPlatformContext: eglSwapBuffers failed: 300d
01-16 14:02:29.648 1832 1860 W ActivityManager: Slow operation: 67ms so far, now at startProcess: done updating pids map
01-16 14:02:29.652 3839 3839 W com.android.mt: Unexpected CPU variant for X86 using defaults: x86
01-16 14:02:29.654 3752 3786 E EGL_emulation: egl_window_surface_t::swapBuffers called with NULL buffer
01-16 14:02:29.654 3752 3786 E EGL_emulation: tid 3786: swapBuffers(537): error 0x300d (EGL_BAD_SURFACE)
01-16 14:02:29.654 3752 3786 W libprotox_x86.so: QEGLPlatformContext: eglSwapBuffers failed: 300d
01-16 14:02:29.660 3752 3786 E EGL_emulation: egl_window_surface_t::swapBuffers called with NULL buffer
01-16 14:02:29.660 3752 3786 E EGL_emulation: tid 3786: swapBuffers(537): error 0x300d (EGL_BAD_SURFACE)
01-16 14:02:29.660 3752 3786 W libprotox_x86.so: QEGLPlatformContext: eglSwapBuffers failed: 300d
01-16 14:02:29.667 3752 3786 E EGL_emulation: egl_window_surface_t::swapBuffers called with NULL buffer
01-16 14:02:29.667 3752 3786 E EGL_emulation: tid 3786: swapBuffers(537): error 0x300d (EGL_BAD_SURFACE)
01-16 14:02:29.667 3752 3786 W libprotox_x86.so: QEGLPlatformContext: eglSwapBuffers failed: 300d
01-16 14:02:29.673 3752 3786 E EGL_emulation: egl_window_surface_t::swapBuffers called with NULL buffer
01-16 14:02:29.673 3752 3786 E EGL_emulation: tid 3786: swapBuffers(537): error 0x300d (EGL_BAD_SURFACE)
01-16 14:02:29.673 3752 3786 W libprotox_x86.so: QEGLPlatformContext: eglSwapBuffers failed: 300d
01-16 14:02:29.680 3752 3786 E EGL_emulation: egl_window_surface_t::swapBuffers called with NULL buffer
01-16 14:02:29.680 3752 3786 E EGL_emulation: tid 3786: swapBuffers(537): error 0x300d (EGL_BAD_SURFACE)
01-16 14:02:29.680 3752 3786 W libprotox_x86.so: QEGLPlatformContext: eglSwapBuffers failed: 300d
01-16 14:02:29.686 3752 3786 E EGL_emulation: egl_window_surface_t::swapBuffers called with NULL buffer
01-16 14:02:29.686 3752 3786 E EGL_emulation: tid 3786: swapBuffers(537): error 0x300d (EGL_BAD_SURFACE)
01-16 14:02:29.686 3752 3786 W libprotox_x86.so: QEGLPlatformContext: eglSwapBuffers failed: 300d
01-16 14:02:29.689 3839 3839 I com.android.mt: The ClassLoaderContext is a special shared library.
01-16 14:02:29.691 3752 3786 E EGL_emulation: egl_window_surface_t::swapBuffers called with NULL buffer
01-16 14:02:29.691 3752 3786 E EGL_emulation: tid 3786: swapBuffers(537): error 0x300d (EGL_BAD_SURFACE)
01-16 14:02:29.691 3752 3786 W libprotox_x86.so: QEGLPlatformContext: eglSwapBuffers failed: 300d
01-16 14:02:29.696 3752 3786 E EGL_emulation: egl_window_surface_t::swapBuffers called with NULL buffer
01-16 14:02:29.696 3752 3786 E EGL_emulation: tid 3786: swapBuffers(537): error 0x300d (EGL_BAD_SURFACE)
01-16 14:02:29.697 3752 3786 W libprotox_x86.so: QEGLPlatformContext: eglSwapBuffers failed: 300d
01-16 14:02:29.702 3752 3786 E EGL_emulation: egl_window_surface_t::swapBuffers called with NULL buffer
01-16 14:02:29.702 3752 3786 E EGL_emulation: tid 3786: swapBuffers(537): error 0x300d (EGL_BAD_SURFACE)
01-16 14:02:29.702 3752 3786 W libprotox_x86.so: QEGLPlatformContext: eglSwapBuffers failed: 300d
01-16 14:02:29.708 3752 3786 E EGL_emulation: egl_window_surface_t::swapBuffers called with NULL buffer
01-16 14:02:29.708 3752 3786 E EGL_emulation: tid 3786: swapBuffers(537): error 0x300d (EGL_BAD_SURFACE)
01-16 14:02:29.708 3752 3786 W libprotox_x86.so: QEGLPlatformContext: eglSwapBuffers failed: 300d
01-16 14:02:29.726 3752 3786 E EGL_emulation: egl_window_surface_t::swapBuffers called with NULL buffer
01-16 14:02:29.726 3752 3786 E EGL_emulation: tid 3786: swapBuffers(537): error 0x300d (EGL_BAD_SURFACE)
01-16 14:02:29.726 3752 3786 W libprotox_x86.so: QEGLPlatformContext: eglSwapBuffers failed: 300d
01-16 14:02:29.727 3752 3786 E EGL_emulation: egl_window_surface_t::swapBuffers called with NULL buffer
01-16 14:02:29.727 3752 3786 E EGL_emulation: tid 3786: swapBuffers(537): error 0x300d (EGL_BAD_SURFACE)
01-16 14:02:29.727 3752 3786 W libprotox_x86.so: QEGLPlatformContext: eglSwapBuffers failed: 300d
01-16 14:02:29.732 3752 3786 E EGL_emulation: egl_window_surface_t::swapBuffers called with NULL buffer
01-16 14:02:29.733 3752 3786 E EGL_emulation: tid 3786: swapBuffers(537): error 0x300d (EGL_BAD_SURFACE)
01-16 14:02:29.733 3752 3786 W libprotox_x86.so: QEGLPlatformContext: eglSwapBuffers failed: 300d
01-16 14:02:29.738 3752 3786 E EGL_emulation: egl_window_surface_t::swapBuffers called with NULL buffer
01-16 14:02:29.738 3752 3786 E EGL_emulation: tid 3786: swapBuffers(537): error 0x300d (EGL_BAD_SURFACE)
01-16 14:02:29.738 3752 3786 W libprotox_x86.so: QEGLPlatformContext: eglSwapBuffers failed: 300d
01-16 14:02:29.744 3752 3786 E EGL_emulation: egl_window_surface_t::swapBuffers called with NULL buffer
01-16 14:02:29.744 3752 3786 E EGL_emulation: tid 3786: swapBuffers(537): error 0x300d (EGL_BAD_SURFACE)
01-16 14:02:29.745 3752 3786 W libprotox_x86.so: QEGLPlatformContext: eglSwapBuffers failed: 300d
01-16 14:02:29.755 3752 3786 E EGL_emulation: egl_window_surface_t::swapBuffers called with NULL buffer
01-16 14:02:29.755 3752 3786 E EGL_emulation: tid 3786: swapBuffers(537): error 0x300d (EGL_BAD_SURFACE)
01-16 14:02:29.755 3752 3786 W libprotox_x86.so: QEGLPlatformContext: eglSwapBuffers failed: 300d
01-16 14:02:29.769 3752 3786 E EGL_emulation: egl_window_surface_t::swapBuffers called with NULL buffer
