01-16 14:03:51.860 1832 3941 D eglCodecCommon: setVertexArrayObject: set vao to 0 (0) 0 0
01-16 14:03:51.860 1832 3941 D EGL_emulation: eglCreateContext: 0xdb51a660: maj 3 min 1 rcv 4
01-16 14:03:51.862 1832 3941 D EGL_emulation: eglMakeCurrent: 0xdb51a660: ver 3 1 (tinfo 0xdb5f7310)
01-16 14:03:51.863 1832 3941 E eglCodecCommon: glUtilsParamSize: unknow param 0x000082da
01-16 14:03:51.863 1832 3941 E eglCodecCommon: glUtilsParamSize: unknow param 0x000082da
01-16 14:03:51.864 1832 2152 D : HostConnection::get() New Host Connection established 0xd800ee70, tid 2152
01-16 14:03:51.864 1832 2152 D : HostComposition ext ANDROID_EMU_CHECKSUM_HELPER_v1 ANDROID_EMU_dma_v1 ANDROID_EMU_direct_mem ANDROID_EMU_host_composition_v1 ANDROID_EMU_host_composition_v2 ANDROID_EMU_async_unmap_buffer GL_OES_EGL_image_external_essl3 GL_OES_vertex_array_object GL_KHR_texture_compression_astc_ldr ANDROID_EMU_gles_max_version_3_1
01-16 14:03:51.878 1832 2152 W ActivityTaskManager: getTaskSnapshot: taskId=10 not found
01-16 14:03:54.842 1832 2483 E TaskPersister: File error accessing recents directory (directory doesn't exist?).
01-16 14:03:55.602 1593 2349 D gralloc_ranchu: gralloc_alloc: Creating ashmem region of size 2527232
01-16 14:03:55.607 1593 2349 D gralloc_ranchu: gralloc_alloc: Creating ashmem region of size 2527232
01-16 14:03:55.611 1593 1593 D gralloc_ranchu: gralloc_alloc: Creating ashmem region of size 2527232
01-16 14:03:55.618 3789 3818 D EGL_emulation: eglMakeCurrent: 0xe35e2e60: ver 3 1 (tinfo 0xd80556e0)
01-16 14:03:55.888 3789 3818 I chatty : uid=10037(com.android.documentsui) RenderThread identical 9 lines
01-16 14:03:55.895 3789 3818 D EGL_emulation: eglMakeCurrent: 0xe35e2e60: ver 3 1 (tinfo 0xd80556e0)
01-16 14:03:57.117 3789 3836 D ProvidersAccess: Matched roots: [Root{authority=null, rootId=null, title=Recent, isUsb=false, isSd=false, isMtp=false} @ content:/root/null, Root{authority=com.android.providers.downloads.documents, rootId=downloads, title=Downloads, isUsb=false, isSd=false, isMtp=false} @ content://com.android.providers.downloads.documents/root/downloads, Root{authority=com.android.providers.media.documents, rootId=images_root, title=Images, isUsb=false, isSd=false, isMtp=false} @ content://com.android.providers.media.documents/root/images_root, Root{authority=com.android.providers.media.documents, rootId=videos_root, title=Videos, isUsb=false, isSd=false, isMtp=false} @ content://com.android.providers.media.documents/root/videos_root, Root{authority=com.android.providers.media.documents, rootId=audio_root, title=Audio, isUsb=false, isSd=false, isMtp=false} @ content://com.android.providers.media.documents/root/audio_root, Root{authority=com.android.externalstorage.documents, rootId=primary, title=Android SDK built for x86, isUsb=false, isSd=false, isMtp=false} @ content://com.android.externalstorage.documents/root/primary, Root{authority=com.android.externalstorage.documents, rootId=home, title=Documents, isUsb=false, isSd=false, isMtp=false} @ content://com.android.externalstorage.documents/root/home]
01-16 14:03:57.120 3789 3836 D ProvidersAccess: Matched roots: [Root{authority=null, rootId=null, title=Recent, isUsb=false, isSd=false, isMtp=false} @ content:/root/null, Root{authority=com.android.providers.downloads.documents, rootId=downloads, title=Downloads, isUsb=false, isSd=false, isMtp=false} @ content://com.android.providers.downloads.documents/root/downloads, Root{authority=com.android.providers.media.documents, rootId=images_root, title=Images, isUsb=false, isSd=false, isMtp=false} @ content://com.android.providers.media.documents/root/images_root, Root{authority=com.android.providers.media.documents, rootId=videos_root, title=Videos, isUsb=false, isSd=false, isMtp=false} @ content://com.android.providers.media.documents/root/videos_root, Root{authority=com.android.providers.media.documents, rootId=audio_root, title=Audio, isUsb=false, isSd=false, isMtp=false} @ content://com.android.providers.media.documents/root/audio_root, Root{authority=com.android.externalstorage.documents, rootId=primary, title=Android SDK built for x86, isUsb=false, isSd=false, isMtp=false} @ content://com.android.externalstorage.documents/root/primary, Root{authority=com.android.externalstorage.documents, rootId=home, title=Documents, isUsb=false, isSd=false, isMtp=false} @ content://com.android.externalstorage.documents/root/home]
01-16 14:03:57.157 3789 3818 D EGL_emulation: eglMakeCurrent: 0xe35e2e60: ver 3 1 (tinfo 0xd80556e0)
01-16 14:03:57.218 3789 3818 I chatty : uid=10037(com.android.documentsui) RenderThread identical 3 lines
01-16 14:03:57.469 3789 3818 D EGL_emulation: eglMakeCurrent: 0xe35e2e60: ver 3 1 (tinfo 0xd80556e0)
01-16 14:03:57.470 3789 3818 D OpenGLRenderer: endAllActiveAnimators on 0xc4086e80 (MenuPopupWindow$MenuDropDownListView) with handle 0xd8055600
01-16 14:03:58.176 3789 3818 D EGL_emulation: eglMakeCurrent: 0xe35e2e60: ver 3 1 (tinfo 0xd80556e0)
01-16 14:03:59.118 3789 3789 W ActionModeController: Tried to finish a null action mode.
01-16 14:03:59.118 3789 3789 D DocumentStack: Root changed to: Root{authority=com.android.externalstorage.documents, rootId=primary, title=Android SDK built for x86, isUsb=false, isSd=false, isMtp=false} @ content://com.android.externalstorage.documents/root/primary
01-16 14:03:59.141 3789 3789 D DocumentStack: Adding doc to stack: DocumentInfo{docId=primary:, name=0, mimeType=vnd.android.document/directory, isContainer=true, isDirectory=true, isArchive=false, isInArchive=false, isPartial=false, isVirtual=false, isDeleteSupported=true, isCreateSupported=true, isMoveSupported=true, isRenameSupported=true, isMetadataSupported=true} @ content://com.android.externalstorage.documents/document/primary%3A
01-16 14:03:59.142 3789 3789 D DirectoryFragment: Showing directory: content://com.android.externalstorage.documents/document/primary%3A
01-16 14:03:59.142 3789 3789 D DirectoryFragment: Creating new fragment for directory: content://com.android.externalstorage.documents/document/primary%3A
01-16 14:03:59.187 3789 3789 D AbstractActionHandler: Creating new directory loader for: content://com.android.externalstorage.documents/document/primary%3A
01-16 14:03:59.217 3789 3789 D AbstractActionHandler: Loader has finished for: content://com.android.externalstorage.documents/document/primary%3A
01-16 14:03:59.217 3789 3789 I Model : Updating model with new result set.
01-16 14:03:59.218 3789 3789 D DirectoryFragment: Received model update. Loading=false
01-16 14:04:00.002 1967 1967 D KeyguardClockSwitch: Updating clock: 204
01-16 14:04:00.009 1967 2226 D EGL_emulation: eglMakeCurrent: 0xe35dad40: ver 3 1 (tinfo 0xc1dd01a0)
01-16 14:04:00.389 3789 3789 D DocumentStack: Adding doc to stack: DocumentInfo{docId=primary:.protox, name=.protox, mimeType=vnd.android.document/directory, isContainer=true, isDirectory=true, isArchive=false, isInArchive=false, isPartial=false, isVirtual=false, isDeleteSupported=true, isCreateSupported=true, isMoveSupported=true, isRenameSupported=true, isMetadataSupported=true} @ content://com.android.externalstorage.documents/document/primary%3A.protox
01-16 14:04:00.393 3789 3789 D DirectoryFragment: Showing directory: content://com.android.externalstorage.documents/document/primary%3A.protox
01-16 14:04:00.393 3789 3789 D DirectoryFragment: Creating new fragment for directory: content://com.android.externalstorage.documents/document/primary%3A.protox
01-16 14:04:00.420 3789 3789 D AbstractActionHandler: Creating new directory loader for: content://com.android.externalstorage.documents/document/primary%3A.protox
01-16 14:04:00.433 1832 1851 I DropBoxManagerService: add tag=system_app_strictmode isTagEnabled=true flags=0x2
01-16 14:04:00.477 3789 3789 D AbstractActionHandler: Loader has finished for: content://com.android.externalstorage.documents/document/primary%3A.protox
01-16 14:04:00.477 3789 3789 I Model : Updating model with new result set.
01-16 14:04:00.478 3789 3789 D DirectoryFragment: Received model update. Loading=false
01-16 14:04:01.475 1832 1858 E memtrack: Couldn't load memtrack module
01-16 14:04:01.475 1832 1858 W android.os.Debug: failed to get memory consumption info: -1
01-16 14:04:02.210 1967 1967 I KeyButtonView: Back button event: ACTION_DOWN
01-16 14:04:02.211 1832 1919 V InputDispatcher: Asynchronous input event injection succeeded.
01-16 14:04:02.213 3789 3789 D DocumentStack: Popping doc off stack.
01-16 14:04:02.214 3789 3789 D DirectoryFragment: Showing directory: content://com.android.externalstorage.documents/document/primary%3A
01-16 14:04:02.214 3789 3789 D DirectoryFragment: Creating new fragment for directory: content://com.android.externalstorage.documents/document/primary%3A
01-16 14:04:02.216 1967 2226 D EGL_emulation: eglMakeCurrent: 0xe35dad40: ver 3 1 (tinfo 0xc1dd01a0)
01-16 14:04:02.248 1583 1583 W audio_hw_generic: Not supplying enough data to HAL, expected position 2071105 , only wrote 1568553
01-16 14:04:02.249 1583 3101 W audio_hw_generic: Not supplying enough data to HAL, expected position 1568558 , only wrote 1568553
01-16 14:04:02.266 3789 3789 D AbstractActionHandler: Creating new directory loader for: content://com.android.externalstorage.documents/document/primary%3A
01-16 14:04:02.292 3789 3789 D AbstractActionHandler: Loader has finished for: content://com.android.externalstorage.documents/document/primary%3A
01-16 14:04:02.292 3789 3789 I Model : Updating model with new result set.
01-16 14:04:02.292 3789 3789 D DirectoryFragment: Received model update. Loading=false
01-16 14:04:02.305 1967 1967 I KeyButtonView: Back button event: ACTION_UP
01-16 14:04:02.274 1832 1851 I chatty : uid=1000(system) android.io identical 6 lines
01-16 14:04:02.277 1832 1851 I DropBoxManagerService: add tag=system_app_strictmode isTagEnabled=true flags=0x2
01-16 14:04:02.306 1832 1850 D AutofillManagerService: onBackKeyPressed()
01-16 14:04:02.306 1832 1919 V InputDispatcher: Asynchronous input event injection succeeded.
01-16 14:04:04.434 3789 3789 D ActionModeController: Starting action mode.
01-16 14:04:04.453 3789 3789 D ContentLock: monitor listener, is locked : true
01-16 14:04:04.538 3789 3801 I oid.documentsu: Background concurrent copying GC freed 14825(659KB) AllocSpace objects, 0(0B) LOS objects, 49% free, 3495KB/6990KB, paused 186us total 100.901ms
01-16 14:04:04.886 3789 3789 D ContentLock: monitor listener, is locked : false
01-16 14:04:05.367 1583 1583 W audio_hw_generic: Not supplying enough data to HAL, expected position 1841728 , only wrote 1706041
01-16 14:04:05.901 1583 3101 W audio_hw_generic: Not supplying enough data to HAL, expected position 1706098 , only wrote 1706041
01-16 14:04:05.943 1593 2349 D gralloc_ranchu: gralloc_alloc: Creating ashmem region of size 3215360
01-16 14:04:05.955 1593 2349 D gralloc_ranchu: gralloc_alloc: Creating ashmem region of size 3215360
01-16 14:04:05.963 1593 1593 D gralloc_ranchu: gralloc_alloc: Creating ashmem region of size 3215360
01-16 14:04:05.987 3789 3818 D EGL_emulation: eglMakeCurrent: 0xe35e2e60: ver 3 1 (tinfo 0xd80556e0)
01-16 14:04:06.242 3789 3818 I chatty : uid=10037(com.android.documentsui) RenderThread identical 25 lines
01-16 14:04:06.255 3789 3818 D EGL_emulation: eglMakeCurrent: 0xe35e2e60: ver 3 1 (tinfo 0xd80556e0)
01-16 14:04:08.618 3789 3789 D ActionModeController: Handling action mode destroyed.
01-16 14:04:08.621 1832 2152 I ActivityTaskManager: START u0 {dat=content://com.android.externalstorage.documents/document/primary:.protox cmp=com.android.documentsui/.inspector.InspectorActivity (has extras)} from uid 10037
01-16 14:04:08.655 3789 3818 D EGL_emulation: eglMakeCurrent: 0xe35e2e60: ver 3 1 (tinfo 0xd80556e0)
01-16 14:04:08.670 3789 3818 I chatty : uid=10037(com.android.documentsui) RenderThread identical 1 line
01-16 14:04:08.679 3789 3818 D EGL_emulation: eglMakeCurrent: 0xe35e2e60: ver 3 1 (tinfo 0xd80556e0)
01-16 14:04:08.680 3789 3789 W ActivityThread: handleWindowVisibility: no activity for token android.os.BinderProxy@52700b9
01-16 14:04:08.689 3789 3818 D EGL_emulation: eglMakeCurrent: 0xe35e2e60: ver 3 1 (tinfo 0xd80556e0)
01-16 14:04:08.704 3789 3789 D TextClassifierService: No configured system TextClassifierService
01-16 14:04:08.751 1593 1593 D gralloc_ranchu: gralloc_alloc: Creating ashmem region of size 8298496
01-16 14:04:08.767 1593 2349 D gralloc_ranchu: gralloc_alloc: Creating ashmem region of size 8298496
01-16 14:04:08.782 1593 1593 D gralloc_ranchu: gralloc_alloc: Creating ashmem region of size 8298496
01-16 14:04:08.795 3789 3818 D EGL_emulation: eglMakeCurrent: 0xe35e2e60: ver 3 1 (tinfo 0xd80556e0)
01-16 14:04:09.028 3789 3818 I chatty : uid=10037(com.android.documentsui) RenderThread identical 9 lines
01-16 14:04:09.041 3789 3818 D EGL_emulation: eglMakeCurrent: 0xe35e2e60: ver 3 1 (tinfo 0xd80556e0)
01-16 14:04:11.762 1583 1583 W audio_hw_generic: Not supplying enough data to HAL, expected position 2221099 , only wrote 1964492
01-16 14:04:08.706 3789 3789 I chatty : uid=10037(com.android.documentsui) identical 1 line
01-16 14:04:08.715 3789 3789 D TextClassifierService: No configured system TextClassifierService
01-16 14:04:12.197 1832 2483 E TaskPersister: File error accessing recents directory (directory doesn't exist?).
01-16 14:04:23.550 1693 1693 E netmgr : Failed to open QEMU pipe 'qemud:network': Invalid argument
01-16 14:04:23.550 1693 1693 E netmgr : WifiForwarder unable to open QEMU pipe: Invalid argument
01-16 14:04:25.219 1593 1593 D gralloc_ranchu: gralloc_alloc: Creating ashmem region of size 49152
01-16 14:04:25.222 1593 1593 D gralloc_ranchu: gralloc_alloc: Creating ashmem region of size 49152
01-16 14:04:25.224 3789 3818 D EGL_emulation: eglMakeCurrent: 0xe35e2e60: ver 3 1 (tinfo 0xd80556e0)
01-16 14:04:25.226 1593 1593 D gralloc_ranchu: gralloc_alloc: Creating ashmem region of size 49152
01-16 14:04:25.233 1593 1593 D gralloc_ranchu: gralloc_alloc: Creating ashmem region of size 49152
01-16 14:04:25.235 1593 2349 D gralloc_ranchu: gralloc_alloc: Creating ashmem region of size 49152
01-16 14:04:25.236 1593 2349 D gralloc_ranchu: gralloc_alloc: Creating ashmem region of size 49152
01-16 14:04:25.238 3789 3818 D EGL_emulation: eglMakeCurrent: 0xe35e2e60: ver 3 1 (tinfo 0xd80556e0)
01-16 14:04:25.261 3789 3818 D EGL_emulation: eglMakeCurrent: 0xe35e2e60: ver 3 1 (tinfo 0xd80556e0)
01-16 14:04:25.284 1593 2349 D gralloc_ranchu: gralloc_alloc: Creating ashmem region of size 274432
01-16 14:04:25.287 1593 2349 I chatty : uid=1000(system) HwBinder:1593_3 identical 1 line
01-16 14:04:25.290 1593 2349 D gralloc_ranchu: gralloc_alloc: Creating ashmem region of size 274432
01-16 14:04:25.296 3789 3818 D EGL_emulation: eglMakeCurrent: 0xe35e2e60: ver 3 1 (tinfo 0xd80556e0)
01-16 14:04:26.097 3789 3818 I chatty : uid=10037(com.android.documentsui) RenderThread identical 54 lines
01-16 14:04:26.100 3789 3818 D EGL_emulation: eglMakeCurrent: 0xe35e2e60: ver 3 1 (tinfo 0xd80556e0)
01-16 14:04:26.319 1832 2152 E InputDispatcher: Window handle Window{bad56f1 u0 PopupWindow:9fccf92} has no registered input channel
01-16 14:04:26.319 1832 2152 E InputDispatcher: Window handle Window{f66907b u0 PopupWindow:3507bc7} has no registered input channel
01-16 14:04:26.473 3789 3818 D EGL_emulation: eglMakeCurrent: 0xe35e2e60: ver 3 1 (tinfo 0xd80556e0)
01-16 14:04:26.572 3789 3818 I chatty : uid=10037(com.android.documentsui) RenderThread identical 1 line
01-16 14:04:26.790 3789 3818 D EGL_emulation: eglMakeCurrent: 0xe35e2e60: ver 3 1 (tinfo 0xd80556e0)
01-16 14:04:30.781 1583 3101 W audio_hw_generic: Not supplying enough data to HAL, expected position 1964498 , only wrote 1964492
01-16 14:04:30.789 1832 1858 E memtrack: Couldn't load memtrack module
01-16 14:04:30.790 1832 1858 W android.os.Debug: failed to get memory consumption info: -1
01-16 14:04:30.792 1832 1858 E memtrack: Couldn't load memtrack module
01-16 14:04:30.792 1832 1858 W android.os.Debug: failed to get memory consumption info: -1
01-16 14:04:30.799 1832 1858 E memtrack: Couldn't load memtrack module
01-16 14:04:30.799 1832 1858 W android.os.Debug: failed to get memory consumption info: -1
01-16 14:04:30.801 3789 3789 D AbstractActionHandler: Loader has finished for: content://com.android.externalstorage.documents/document/primary%3A
01-16 14:04:30.801 3789 3789 I Model : Updating model with new result set.
01-16 14:04:30.801 3789 3789 D DirectoryFragment: Received model update. Loading=false
01-16 14:04:30.802 1832 1858 E memtrack: Couldn't load memtrack module
01-16 14:04:30.802 1832 1858 W android.os.Debug: failed to get memory consumption info: -1
01-16 14:04:30.810 3789 3952 D ProvidersAccess: Matched roots: [Root{authority=null, rootId=null, title=Recent, isUsb=false, isSd=false, isMtp=false} @ content:/root/null, Root{authority=com.android.providers.downloads.documents, rootId=downloads, title=Downloads, isUsb=false, isSd=false, isMtp=false} @ content://com.android.providers.downloads.documents/root/downloads, Root{authority=com.android.providers.media.documents, rootId=images_root, title=Images, isUsb=false, isSd=false, isMtp=false} @ content://com.android.providers.media.documents/root/images_root, Root{authority=com.android.providers.media.documents, rootId=videos_root, title=Videos, isUsb=false, isSd=false, isMtp=false} @ content://com.android.providers.media.documents/root/videos_root, Root{authority=com.android.providers.media.documents, rootId=audio_root, title=Audio, isUsb=false, isSd=false, isMtp=false} @ content://com.android.providers.media.documents/root/audio_root, Root{authority=com.android.externalstorage.documents, rootId=primary, title=Android SDK built for x86, isUsb=false, isSd=false, isMtp=false} @ content://com.android.externalstorage.documents/root/primary, Root{authority=com.android.externalstorage.documents, rootId=home, title=Documents, isUsb=false, isSd=false, isMtp=false} @ content://com.android.externalstorage.documents/root/home]
01-16 14:04:30.819 1593 2349 D gralloc_ranchu: gralloc_alloc: Creating ashmem region of size 8298496
01-16 14:04:30.838 1593 2349 I chatty : uid=1000(system) HwBinder:1593_3 identical 1 line
01-16 14:04:30.864 1593 2349 D gralloc_ranchu: gralloc_alloc: Creating ashmem region of size 8298496
01-16 14:04:30.926 3789 3818 D EGL_emulation: eglMakeCurrent: 0xe35e2e60: ver 3 1 (tinfo 0xd80556e0)
01-16 14:04:31.013 3789 3818 I chatty : uid=10037(com.android.documentsui) RenderThread identical 3 lines
01-16 14:04:31.365 3789 3818 D EGL_emulation: eglMakeCurrent: 0xe35e2e60: ver 3 1 (tinfo 0xd80556e0)
01-16 14:04:32.638 1967 1967 I KeyButtonView: Back button event: ACTION_DOWN
01-16 14:04:32.639 1832 1919 V InputDispatcher: Asynchronous input event injection succeeded.
01-16 14:04:32.685 1967 1967 I KeyButtonView: Back button event: ACTION_UP
01-16 14:04:32.686 1832 1919 V InputDispatcher: Asynchronous input event injection succeeded.
01-16 14:04:32.687 1832 1850 D AutofillManagerService: onBackKeyPressed()
01-16 14:04:32.710 3789 3818 D EGL_emulation: eglMakeCurrent: 0xe35e2e60: ver 3 1 (tinfo 0xd80556e0)
01-16 14:04:32.732 1593 2349 D gralloc_ranchu: gralloc_alloc: Creating ashmem region of size 8298496
01-16 14:04:32.743 1593 2349 D gralloc_ranchu: gralloc_alloc: Creating ashmem region of size 8298496
01-16 14:04:32.749 2170 2555 D EGL_emulation: eglMakeCurrent: 0xeeb04be0: ver 3 1 (tinfo 0xe3671a80)
01-16 14:04:32.765 1593 2349 D gralloc_ranchu: gralloc_alloc: Creating ashmem region of size 8298496
01-16 14:04:32.769 1593 1593 D gralloc_ranchu: gralloc_alloc: Creating ashmem region of size 8298496
01-16 14:04:32.888 1832 1851 I DropBoxManagerService: add tag=system_app_strictmode isTagEnabled=true flags=0x2
01-16 14:04:33.266 3789 3818 D EGL_emulation: eglMakeCurrent: 0xe35e2e60: ver 3 1 (tinfo 0xd80556e0)
01-16 14:04:33.272 1832 3927 D : HostConnection::get() New Host Connection established 0xbe592200, tid 3927
01-16 14:04:33.274 1832 3927 D : HostComposition ext ANDROID_EMU_CHECKSUM_HELPER_v1 ANDROID_EMU_dma_v1 ANDROID_EMU_direct_mem ANDROID_EMU_host_composition_v1 ANDROID_EMU_host_composition_v2 ANDROID_EMU_async_unmap_buffer GL_OES_EGL_image_external_essl3 GL_OES_vertex_array_object GL_KHR_texture_compression_astc_ldr ANDROID_EMU_gles_max_version_3_1
01-16 14:04:33.274 1832 3927 W OpenGLRenderer: Failed to choose config with EGL_SWAP_BEHAVIOR_PRESERVED, retrying without...
01-16 14:04:33.275 1832 3927 D eglCodecCommon: setVertexArrayObject: set vao to 0 (0) 0 0
01-16 14:04:33.275 1832 3927 D EGL_emulation: eglCreateContext: 0xb39e14a0: maj 3 min 1 rcv 4
01-16 14:04:33.276 1832 3927 D EGL_emulation: eglMakeCurrent: 0xb39e14a0: ver 3 1 (tinfo 0xbe5034f0)
01-16 14:04:33.277 1832 3927 E eglCodecCommon: glUtilsParamSize: unknow param 0x000082da
01-16 14:04:33.277 1832 3927 E eglCodecCommon: glUtilsParamSize: unknow param 0x000082da
01-16 14:04:33.317 1832 3927 D eglCodecCommon: setVertexArrayObject: set vao to 0 (0) 1 0
01-16 14:04:32.891 1832 1851 I DropBoxManagerService: add tag=system_app_strictmode isTagEnabled=true flags=0x2
01-16 14:04:35.400 1832 2483 E TaskPersister: File error accessing recents directory (directory doesn't exist?).
01-16 14:04:35.758 1583 1583 W audio_hw_generic: Not supplying enough data to HAL, expected position 2401558 , only wrote 2183944
01-16 14:05:00.006 1967 1967 D KeyguardClockSwitch: Updating clock: 205
01-16 14:05:00.015 1967 2226 D EGL_emulation: eglMakeCurrent: 0xe35dad40: ver 3 1 (tinfo 0xc1dd01a0)
01-16 14:05:15.517 1832 3928 D WificondControl: Scan result ready event
01-16 14:05:23.598 1693 1693 E netmgr : Failed to open QEMU pipe 'qemud:network': Invalid argument
01-16 14:05:23.598 1693 1693 E netmgr : WifiForwarder unable to open QEMU pipe: Invalid argument
01-16 14:06:00.023 1967 1967 D KeyguardClockSwitch: Updating clock: 206
01-16 14:06:23.838 1693 1693 E netmgr : Failed to open QEMU pipe 'qemud:network': Invalid argument
01-16 14:06:23.838 1693 1693 E netmgr : WifiForwarder unable to open QEMU pipe: Invalid argument
01-16 14:06:48.865 1606 1744 W SurfaceFlinger: Faking VSYNC due to driver stall
01-16 14:06:48.869 1966 1966 I wpa_supplicant: wlan0: CTRL-EVENT-BEACON-LOSS
01-16 14:07:00.003 1967 1967 D KeyguardClockSwitch: Updating clock: 207
01-16 14:07:03.080 1832 3928 E memtrack: Couldn't load memtrack module
01-16 14:07:03.080 1832 3928 W android.os.Debug: failed to get memory consumption info: -1
01-16 14:07:23.874 1693 1693 E netmgr : Failed to open QEMU pipe 'qemud:network': Invalid argument
01-16 14:07:23.874 1693 1693 E netmgr : WifiForwarder unable to open QEMU pipe: Invalid argument
01-16 14:07:55.775 1832 3928 D WificondControl: Scan result ready event
01-16 14:08:00.002 1967 1967 D KeyguardClockSwitch: Updating clock: 208
01-16 14:08:14.934 1611 3727 I adbd : host-21: read failed: I/O error
01-16 14:08:14.934 1611 3727 I adbd : host-21: connection terminated: read failed
01-16 14:08:14.935 1611 1611 I adbd : host-21: offline
01-16 14:08:14.935 1611 1611 I adbd : destroying transport host-21
01-16 14:08:14.935 1611 3957 I adbd : host-10: write thread spawning
01-16 14:08:14.935 1611 1611 I adbd : BlockingConnectionAdapter(host-21): stopping
01-16 14:08:14.936 1611 1611 I adbd : BlockingConnectionAdapter(host-21): stopped
01-16 14:08:14.936 1611 1611 I adbd : BlockingConnectionAdapter(host-21): destructing
01-16 14:08:14.936 1611 1611 I adbd : BlockingConnectionAdapter(host-21): already stopped
01-16 14:08:14.936 1611 3956 I adbd : host-10: read thread spawning
01-16 14:08:15.007 1611 1611 I adbd : host-10: already offline
01-16 14:08:23.934 1693 1693 E netmgr : Failed to open QEMU pipe 'qemud:network': Invalid argument
01-16 14:08:23.934 1693 1693 E netmgr : WifiForwarder unable to open QEMU pipe: Invalid argument
01-16 14:09:00.002 1967 1967 D KeyguardClockSwitch: Updating clock: 209
01-16 14:09:23.994 1693 1693 E netmgr : Failed to open QEMU pipe 'qemud:network': Invalid argument
01-16 14:09:23.994 1693 1693 E netmgr : WifiForwarder unable to open QEMU pipe: Invalid argument
01-16 14:10:00.002 1967 1967 D KeyguardClockSwitch: Updating clock: 210
01-16 14:10:17.998 1611 3956 I adbd : host-10: read failed: I/O error
01-16 14:10:17.998 1611 3956 I adbd : host-10: connection terminated: read failed
01-16 14:10:17.998 1611 1611 I adbd : host-10: offline
01-16 14:10:17.998 1611 1611 I adbd : destroying transport host-10
01-16 14:10:17.998 1611 1611 I adbd : BlockingConnectionAdapter(host-10): stopping
01-16 14:10:17.999 1611 1611 I adbd : BlockingConnectionAdapter(host-10): stopped
01-16 14:10:17.999 1611 1611 I adbd : BlockingConnectionAdapter(host-10): destructing
01-16 14:10:17.999 1611 1611 I adbd : BlockingConnectionAdapter(host-10): already stopped
01-16 14:10:18.001 1611 3965 I adbd : host-11: write thread spawning
01-16 14:10:18.002 1611 3964 I adbd : host-11: read thread spawning
01-16 14:10:18.019 1611 1611 I adbd : host-11: already offline
01-16 14:10:23.372 1832 1859 I ActivityManager: Force stopping org.protox appid=10103 user=-1: installPackageLI
01-16 14:10:23.375 1832 1871 I PackageManager: Update package org.protox code path from /data/app/org.protox-3_cZ8tFx38GWSf0Py-LPXA== to /data/app/org.protox-_ObEZMZ8_qEkmsuqrsVbSA==; Retain data and using new
01-16 14:10:23.375 1832 1871 I PackageManager: Update package org.protox resource path from /data/app/org.protox-3_cZ8tFx38GWSf0Py-LPXA== to /data/app/org.protox-_ObEZMZ8_qEkmsuqrsVbSA==; Retain data and using new
01-16 14:10:23.375 1832 1858 E memtrack: Couldn't load memtrack module
01-16 14:10:23.375 1832 1858 W android.os.Debug: failed to get memory consumption info: -1
01-16 14:10:23.379 1832 1858 E memtrack: Couldn't load memtrack module
01-16 14:10:23.379 1832 1858 W android.os.Debug: failed to get memory consumption info: -1
01-16 14:10:23.381 1832 1858 E memtrack: Couldn't load memtrack module
01-16 14:10:23.382 1832 1858 W android.os.Debug: failed to get memory consumption info: -1
01-16 14:10:23.384 1832 1858 E memtrack: Couldn't load memtrack module
01-16 14:10:23.384 1832 1858 W android.os.Debug: failed to get memory consumption info: -1
01-16 14:10:23.387 1832 1858 E memtrack: Couldn't load memtrack module
01-16 14:10:23.387 1832 1858 W android.os.Debug: failed to get memory consumption info: -1
01-16 14:10:23.390 1832 1858 E memtrack: Couldn't load memtrack module
01-16 14:10:23.390 1832 1858 W android.os.Debug: failed to get memory consumption info: -1
01-16 14:10:23.394 1832 1858 E memtrack: Couldn't load memtrack module
01-16 14:10:23.394 1832 1858 W android.os.Debug: failed to get memory consumption info: -1
01-16 14:10:23.399 1832 1858 E memtrack: Couldn't load memtrack module
01-16 14:10:23.399 1832 1858 W android.os.Debug: failed to get memory consumption info: -1
01-16 14:10:23.402 1832 1858 E memtrack: Couldn't load memtrack module
01-16 14:10:23.402 1832 1858 W android.os.Debug: failed to get memory consumption info: -1
01-16 14:10:23.405 1832 1858 E memtrack: Couldn't load memtrack module
01-16 14:10:23.405 1832 1858 W android.os.Debug: failed to get memory consumption info: -1
01-16 14:10:23.413 1832 1871 I PackageManager: Un-granting permission android.permission.GLOBAL_SEARCH from package com.android.quicksearchbox (protectionLevel=18 flags=0x3088be45)
01-16 14:10:23.415 1832 1871 I PackageManager: Un-granting permission android.permission.BIND_WALLPAPER from package com.android.camera2 (protectionLevel=18 flags=0x20d8bc45)
01-16 14:10:23.419 1832 1858 E memtrack: Couldn't load memtrack module
01-16 14:10:23.419 1832 1858 W android.os.Debug: failed to get memory consumption info: -1
01-16 14:10:23.425 1832 1858 E memtrack: Couldn't load memtrack module
01-16 14:10:23.425 1832 1858 W android.os.Debug: failed to get memory consumption info: -1
01-16 14:10:23.432 1832 1858 E memtrack: Couldn't load memtrack module
01-16 14:10:23.432 1832 1858 W android.os.Debug: failed to get memory consumption info: -1
01-16 14:10:23.434 1832 1871 I PackageManager: Un-granting permission android.permission.CONNECTIVITY_USE_RESTRICTED_NETWORKS from package com.android.captiveportallogin (protectionLevel=18 flags=0x38c8be45)
01-16 14:10:23.434 1832 1871 I PackageManager: Un-granting permission android.permission.NETWORK_BYPASS_PRIVATE_DNS from package com.android.captiveportallogin (protectionLevel=2 flags=0x38c8be45)
01-16 14:10:23.435 1832 1858 E memtrack: Couldn't load memtrack module
01-16 14:10:23.435 1832 1858 W android.os.Debug: failed to get memory consumption info: -1
01-16 14:10:23.438 1832 1858 E memtrack: Couldn't load memtrack module
01-16 14:10:23.438 1832 1858 W android.os.Debug: failed to get memory consumption info: -1
01-16 14:10:23.442 1832 1858 E memtrack: Couldn't load memtrack module
01-16 14:10:23.442 1832 1858 W android.os.Debug: failed to get memory consumption info: -1
01-16 14:10:23.446 1832 1858 E memtrack: Couldn't load memtrack module
01-16 14:10:23.446 1832 1858 W android.os.Debug: failed to get memory consumption info: -1
01-16 14:10:23.449 1832 1858 E memtrack: Couldn't load memtrack module
01-16 14:10:23.449 1832 1858 W android.os.Debug: failed to get memory consumption info: -1
01-16 14:10:23.452 1832 1858 E memtrack: Couldn't load memtrack module
01-16 14:10:23.452 1832 1858 W android.os.Debug: failed to get memory consumption info: -1
01-16 14:10:23.457 1832 1858 E memtrack: Couldn't load memtrack module
01-16 14:10:23.457 1832 1858 W android.os.Debug: failed to get memory consumption info: -1
01-16 14:10:23.463 1832 1858 E memtrack: Couldn't load memtrack module
01-16 14:10:23.463 1832 1858 W android.os.Debug: failed to get memory consumption info: -1
01-16 14:10:23.467 1832 1858 E memtrack: Couldn't load memtrack module
01-16 14:10:23.467 1832 1858 W android.os.Debug: failed to get memory consumption info: -1
01-16 14:10:23.482 1832 1871 D PackageManager: Instant App installer not found with android.intent.action.INSTALL_INSTANT_APP_PACKAGE
01-16 14:10:23.482 1832 1871 D PackageManager: Clear ephemeral installer activity
01-16 14:10:23.486 1832 1871 I PackageManager.DexOptimizer: Running dexopt (dexoptNeeded=1) on: /data/app/org.protox-_ObEZMZ8_qEkmsuqrsVbSA==/base.apk pkg=org.protox isa=x86 dexoptFlags=boot_complete,profile_guided,public,enable_hidden_api_checks targetFilter=speed-profile oatDir=/data/app/org.protox-_ObEZMZ8_qEkmsuqrsVbSA==/oat classLoaderContext=PCL[]
01-16 14:10:23.486 1619 1913 V installd: DexInv: --- BEGIN '/data/app/org.protox-_ObEZMZ8_qEkmsuqrsVbSA==/base.apk' ---
01-16 14:10:23.502 3972 3972 W dex2oat : Unexpected CPU variant for X86 using defaults: x86
01-16 14:10:23.502 3972 3972 W dex2oat : Mismatch between dex2oat instruction set features to use (ISA: X86 Feature string: -ssse3,-sse4.1,-sse4.2,-avx,-avx2,-popcnt) and those from CPP defines (ISA: X86 Feature string: ssse3,-sse4.1,-sse4.2,-avx,-avx2,-popcnt) for the command line:
01-16 14:10:23.502 3972 3972 W dex2oat : /apex/com.android.runtime/bin/dex2oat --zip-fd=8 --zip-location=base.apk --input-vdex-fd=-1 --output-vdex-fd=10 --oat-fd=9 --oat-location=/data/app/org.protox-_ObEZMZ8_qEkmsuqrsVbSA==/oat/x86/base.odex --instruction-set=x86 --instruction-set-variant=x86 --instruction-set-features=default --runtime-arg -Xbootclasspath:/apex/com.android.runtime/javalib/core-oj.jar:/apex/com.android.runtime/javalib/core-libart.jar:/apex/com.android.runtime/javalib/okhttp.jar:/apex/com.android.runtime/javalib/bouncycastle.jar:/apex/com.android.runtime/javalib/apache-xml.jar:/system/framework/framework.jar:/system/framework/ext.jar:/system/framework/telephony-common.jar:/system/framework/voip-common.jar:/system/framework/ims-common.jar:/system/framework/android.test.base.jar --runtime-arg -Xms64m --runtime-arg -Xmx512m --resolve-startup-const-strings=true --max-image-block-size=524288 --compiler-filter=speed-profile --swap-fd=11 --app-image-fd=12 --image-format=lz4 --classpath-dir=/data/app/org.protox-_ObEZMZ8_qEkmsuqrsVbSA== --c
01-16 14:10:23.503 3972 3972 I dex2oat : /apex/com.android.runtime/bin/dex2oat --input-vdex-fd=-1 --output-vdex-fd=10 --resolve-startup-const-strings=true --max-image-block-size=524288 --compiler-filter=speed-profile --classpath-dir=/data/app/org.protox-_ObEZMZ8_qEkmsuqrsVbSA== --class-loader-context=PCL[] --generate-mini-debug-info --compact-dex-level=none --compilation-reason=install
01-16 14:10:23.505 3972 3972 I dex2oat : setting boot class path to /apex/com.android.runtime/javalib/core-oj.jar:/apex/com.android.runtime/javalib/core-libart.jar:/apex/com.android.runtime/javalib/okhttp.jar:/apex/com.android.runtime/javalib/bouncycastle.jar:/apex/com.android.runtime/javalib/apache-xml.jar:/system/framework/framework.jar:/system/framework/ext.jar:/system/framework/telephony-common.jar:/system/framework/voip-common.jar:/system/framework/ims-common.jar:/system/framework/android.test.base.jar
01-16 14:10:23.601 3972 3972 I dex2oat : Explicit concurrent copying GC freed 854(210KB) AllocSpace objects, 0(0B) LOS objects, 99% free, 424B/1536KB, paused 148us total 4.943ms
01-16 14:10:23.659 3972 3972 I dex2oat : dex2oat took 158.200ms (190.855ms cpu) (threads: 2) arena alloc=3208B (3208B) java alloc=16KB (16808B) native alloc=1657KB (1696776B) free=586KB (601080B)
01-16 14:10:23.663 1619 1913 V installd: DexInv: --- END '/data/app/org.protox-_ObEZMZ8_qEkmsuqrsVbSA==/base.apk' (success) ---
01-16 14:10:23.665 1832 1871 W PackageManager: Cannot whitelist unknown permission: android.permission.MANAGE_EXTERNAL_STORAGE
01-16 14:10:23.684 1619 1913 E : Couldn't opendir /data/app/vmdl1339380329.tmp: No such file or directory
01-16 14:10:23.684 1619 1913 E installd: Failed to delete /data/app/vmdl1339380329.tmp: No such file or directory
01-16 14:10:23.685 1832 1871 I ActivityManager: Force stopping org.protox appid=10103 user=0: pkg removed
01-16 14:10:23.706 1832 1920 I InputReader: Reconfiguring input devices. changes=0x00000010
01-16 14:10:23.707 1832 1859 W BroadcastQueue: Background execution not allowed: receiving Intent { act=android.intent.action.PACKAGE_REMOVED dat=package:org.protox flg=0x4000010 (has extras) } to com.android.gallery3d/.app.PackagesMonitor
01-16 14:10:23.707 1832 1859 W BroadcastQueue: Background execution not allowed: receiving Intent { act=android.intent.action.PACKAGE_REMOVED dat=package:org.protox flg=0x4000010 (has extras) } to com.android.musicfx/.Compatibility$Receiver
01-16 14:10:23.715 1832 1859 W BroadcastQueue: Background execution not allowed: receiving Intent { act=android.intent.action.PACKAGE_ADDED dat=package:org.protox flg=0x4000010 (has extras) } to com.android.packageinstaller/.PackageInstalledReceiver
01-16 14:10:23.715 1832 1859 W BroadcastQueue: Background execution not allowed: receiving Intent { act=android.intent.action.PACKAGE_ADDED dat=package:org.protox flg=0x4000010 (has extras) } to com.android.gallery3d/.app.PackagesMonitor
01-16 14:10:23.715 1832 1859 W BroadcastQueue: Background execution not allowed: receiving Intent { act=android.intent.action.PACKAGE_ADDED dat=package:org.protox flg=0x4000010 (has extras) } to com.android.musicfx/.Compatibility$Receiver
01-16 14:10:23.736 1832 1832 I Telecom : DefaultDialerCache: Refreshing default dialer for user 0: now com.android.dialer: DDC.oR@AI8
01-16 14:10:23.742 1832 1832 V BackupManagerConstants: getFullBackupIntervalMilliseconds(...) returns 86400000
01-16 14:10:23.742 1832 1832 V BackupManagerConstants: getFullBackupRequiredNetworkType(...) returns 2
01-16 14:10:23.742 1832 1832 V BackupManagerConstants: getFullBackupRequireCharging(...) returns true
01-16 14:10:23.755 1832 1859 W BroadcastQueue: Background execution not allowed: receiving Intent { act=android.intent.action.PACKAGE_REPLACED dat=package:org.protox flg=0x4000010 (has extras) } to com.android.musicfx/.Compatibility$Receiver
01-16 14:10:23.720 1832 1920 I chatty : uid=1000(system) InputReader identical 1 line
01-16 14:10:23.756 1832 1920 I InputReader: Reconfiguring input devices. changes=0x00000010
01-16 14:10:23.776 3071 3978 W KeyChain: Creating new DB.
01-16 14:10:23.778 3071 3978 W KeyChain: Got Alias from KeyStore: WifiConfigStore.xml.encrypted-checksum.data-integrity-checker-key
01-16 14:10:23.778 3071 3978 W KeyChain: Existing alias: WifiConfigStore.xml.encrypted-checksum.data-integrity-checker-key
01-16 14:10:23.779 3071 3978 W KeyChain: Marking as selectable: WifiConfigStore.xml.encrypted-checksum.data-integrity-checker-key
01-16 14:10:23.800 2064 2064 D CarrierSvcBindHelper: No carrier app for: 0
01-16 14:10:23.802 2064 2064 D CarrierSvcBindHelper: No carrier app for: 0
01-16 14:10:23.805 2064 2064 D CarrierConfigLoader: mHandler: 9 phoneId: 0
01-16 14:10:23.810 1832 1858 W VoiceInteractionManagerService: no available voice recognition services found for user 0
01-16 14:10:23.812 1967 1982 I ndroid.systemu: Background concurrent copying GC freed 40278(1049KB) AllocSpace objects, 0(0B) LOS objects, 49% free, 4399KB/8798KB, paused 807us total 117.171ms
01-16 14:10:24.035 1693 1693 E netmgr : Failed to open QEMU pipe 'qemud:network': Invalid argument
01-16 14:10:24.035 1693 1693 E netmgr : WifiForwarder unable to open QEMU pipe: Invalid argument
01-16 14:10:27.409 1832 3928 I ActivityTaskManager: START u0 {act=android.intent.action.MAIN cat=[android.intent.category.LAUNCHER] flg=0x10200000 cmp=org.protox/.activity.QtActivityEx bnds=[843,503][1045,780]} from uid 10082
01-16 14:10:27.415 1583 3101 W audio_hw_generic: Not supplying enough data to HAL, expected position 2183997 , only wrote 2183944
01-16 14:10:27.501 1578 1578 D Zygote : Forked child process 3980
01-16 14:10:27.512 1832 1853 E system_server: Invalid ID 0x00000000.
01-16 14:10:27.516 3980 3980 W org.protox: Unexpected CPU variant for X86 using defaults: x86
01-16 14:10:27.520 1583 3101 W audio_hw_generic: Hardware backing HAL too slow, could only write 0 of 661 frames
01-16 14:10:27.526 1832 1860 W ActivityManager: Slow operation: 67ms so far, now at startProcess: returned from zygote!
01-16 14:10:27.527 1832 1860 W ActivityManager: Slow operation: 68ms so far, now at startProcess: done updating battery stats
01-16 14:10:27.527 1832 1860 W ActivityManager: Slow operation: 68ms so far, now at startProcess: building log message
01-16 14:10:27.527 1832 1860 I ActivityManager: Start proc 3980:org.protox/u0a103 for activity {org.protox/org.protox.activity.QtActivityEx}
01-16 14:10:27.527 1832 1860 W ActivityManager: Slow operation: 68ms so far, now at startProcess: starting to update pids map
01-16 14:10:27.529 1832 1860 W ActivityManager: Slow operation: 70ms so far, now at startProcess: done updating pids map
01-16 14:10:27.540 1593 2349 D gralloc_ranchu: gralloc_alloc: Creating ashmem region of size 8298496
01-16 14:10:27.608 3980 3980 W System : ClassLoader referenced unknown path:
01-16 14:10:27.619 1593 2349 D gralloc_ranchu: gralloc_alloc: Creating ashmem region of size 8298496
01-16 14:10:27.680 3980 3980 D Qt JAVA : Class org.qtproject.qt5.android.multimedia.QtMultimediaUtils does not implement setActivity method
01-16 14:10:27.807 1583 3101 W audio_hw_generic: Not supplying enough data to HAL, expected position 2201237 , only wrote 2197164
01-16 14:10:27.807 1583 3101 W audio_hw_generic: Not supplying enough data to HAL, expected position 2197170 , only wrote 2197164
01-16 14:10:27.808 1594 1594 W EmuHWC2 : validate: layer 31 CompositionType 1, fallback
01-16 14:10:27.849 1606 1922 E SurfaceFlinger: ro.sf.lcd_density must be defined as a build property
01-16 14:10:27.849 1606 1922 E SurfaceFlinger: ro.sf.lcd_density must be defined as a build property
01-16 14:10:27.868 3980 4001 D libEGL : Emulator has host GPU support, qemu.gles is set to 1.
01-16 14:10:27.868 3980 4001 W libc : Unable to set property "qemu.gles" to "1": connection failed; errno=13 (Permission denied)
01-16 14:10:27.873 1594 1594 W EmuHWC2 : validate: layer 31 CompositionType 1, fallback
01-16 14:10:27.891 3980 4000 I QtCore : Start
01-16 14:10:27.911 3980 4001 D libEGL : loaded /vendor/lib/egl/libEGL_emulation.so
01-16 14:10:27.935 3980 4001 D libEGL : loaded /vendor/lib/egl/libGLESv1_CM_emulation.so
01-16 14:10:27.937 3980 4001 D libEGL : loaded /vendor/lib/egl/libGLESv2_emulation.so
01-16 14:10:27.987 1583 3101 W audio_hw_generic: Hardware backing HAL too slow, could only write 0 of 661 frames
01-16 14:10:28.002 1583 3101 I chatty : uid=1041(audioserver) writer identical 1 line
01-16 14:10:28.137 1583 3101 W audio_hw_generic: Hardware backing HAL too slow, could only write 0 of 661 frames
01-16 14:10:27.863 3980 3980 W RenderThread: type=1400 audit(0.0:27): avc: denied { write } for name="property_service" dev="tmpfs" ino=6051 scontext=u:r:untrusted_app:s0:c103,c256,c512,c768 tcontext=u:object_r:property_socket:s0 tclass=sock_file permissive=0 app=org.protox
01-16 14:10:28.344 1594 1594 W EmuHWC2 : validate: layer 31 CompositionType 1, fallback
01-16 14:10:28.345 1967 2226 D EGL_emulation: eglMakeCurrent: 0xe35dad40: ver 3 1 (tinfo 0xc1dd01a0)
01-16 14:10:28.360 3980 4000 I Qt : qt started
01-16 14:10:28.361 1594 1594 W EmuHWC2 : validate: layer 31 CompositionType 1, fallback
01-16 14:10:28.372 1594 1594 W EmuHWC2 : validate: layer 31 CompositionType 1, fallback
01-16 14:10:28.389 1606 1606 E Layer : [Surface(name=AppWindowToken{81a7bad token=Token{47740c4 ActivityRecord{d9c1fd7 u0 org.protox/.activity.QtActivityEx t12}}})/@0x84eacc7 - animation-leash#0] No local sync point found
01-16 14:10:28.389 1606 1606 E Layer : [Surface(name=AppWindowToken{81a7bad token=Token{47740c4 ActivityRecord{d9c1fd7 u0 org.protox/.activity.QtActivityEx t12}}})/@0x84eacc7 - animation-leash#0] No local sync point found
01-16 14:10:28.389 1606 1606 E Layer : [Surface(name=AppWindowToken{41e3c89 token=Token{af84b90 ActivityRecord{8daa653 u0 com.android.launcher3/.Launcher t8}}})/@0xa15b46d - animation-leash#0] No local sync point found
01-16 14:10:28.389 1606 1606 E Layer : [Surface(name=AppWindowToken{41e3c89 token=Token{af84b90 ActivityRecord{8daa653 u0 com.android.launcher3/.Launcher t8}}})/@0xa15b46d - animation-leash#0] No local sync point found
01-16 14:10:28.394 2170 2555 D EGL_emulation: eglMakeCurrent: 0xeeb04be0: ver 3 1 (tinfo 0xe3671a80)
01-16 14:10:28.410 1832 1843 I system_server: NativeAlloc concurrent copying GC freed 45403(2831KB) AllocSpace objects, 22(1412KB) LOS objects, 42% free, 7368KB/12MB, paused 326us total 896.024ms
01-16 14:10:28.417 1967 2226 D EGL_emulation: eglMakeCurrent: 0xe35dad40: ver 3 1 (tinfo 0xc1dd01a0)
01-16 14:10:28.428 1967 2226 D EGL_emulation: eglMakeCurrent: 0xe35dad40: ver 3 1 (tinfo 0xc1dd01a0)
01-16 14:10:28.436 3980 3998 D : HostConnection::get() New Host Connection established 0xdb51d050, tid 3998
01-16 14:10:28.437 3980 3998 D : HostComposition ext ANDROID_EMU_CHECKSUM_HELPER_v1 ANDROID_EMU_dma_v1 ANDROID_EMU_direct_mem ANDROID_EMU_host_composition_v1 ANDROID_EMU_host_composition_v2 ANDROID_EMU_async_unmap_buffer GL_OES_EGL_image_external_essl3 GL_OES_vertex_array_object GL_KHR_texture_compression_astc_ldr ANDROID_EMU_gles_max_version_3_1
01-16 14:10:28.440 3980 3998 W OpenGLRenderer: Failed to choose config with EGL_SWAP_BEHAVIOR_PRESERVED, retrying without...
01-16 14:10:28.478 3980 3998 D eglCodecCommon: setVertexArrayObject: set vao to 0 (0) 0 0
01-16 14:10:28.478 3980 3998 D EGL_emulation: eglCreateContext: 0xdb51a120: maj 3 min 1 rcv 4
01-16 14:10:28.483 3980 3998 D EGL_emulation: eglMakeCurrent: 0xdb51a120: ver 3 1 (tinfo 0xdb50f2d0)
01-16 14:10:28.484 3980 3998 E eglCodecCommon: glUtilsParamSize: unknow param 0x000082da
01-16 14:10:28.484 3980 3998 E eglCodecCommon: glUtilsParamSize: unknow param 0x000082da
01-16 14:10:28.490 1593 2349 D gralloc_ranchu: gralloc_alloc: Creating ashmem region of size 8298496
01-16 14:10:28.501 1478 1478 I hwservicemanager: getTransport: Cannot find entry android.hardware.graphics.mapper@3.0::IMapper/default in either framework or device manifest.
01-16 14:10:28.502 3980 3998 W Gralloc3: mapper 3.x is not supported
01-16 14:10:28.503 3980 3998 D : createUnique: call
01-16 14:10:28.504 3980 3998 D : HostConnection::get() New Host Connection established 0xdb51d460, tid 3998
01-16 14:10:28.514 3980 3998 D : HostComposition ext ANDROID_EMU_CHECKSUM_HELPER_v1 ANDROID_EMU_dma_v1 ANDROID_EMU_direct_mem ANDROID_EMU_host_composition_v1 ANDROID_EMU_host_composition_v2 ANDROID_EMU_async_unmap_buffer GL_OES_EGL_image_external_essl3 GL_OES_vertex_array_object GL_KHR_texture_compression_astc_ldr ANDROID_EMU_gles_max_version_3_1
01-16 14:10:28.515 3980 3998 D eglCodecCommon: allocate: Ask for block of size 0x1000
01-16 14:10:28.515 3980 3998 D eglCodecCommon: allocate: ioctl allocate returned offset 0x3ffff6000 size 0x2000
01-16 14:10:28.517 1593 2349 D gralloc_ranchu: gralloc_alloc: Creating ashmem region of size 8298496
01-16 14:10:28.532 3980 3998 D EGL_emulation: eglMakeCurrent: 0xdb51a120: ver 3 1 (tinfo 0xdb50f2d0)
01-16 14:10:28.535 1593 1593 D gralloc_ranchu: gralloc_alloc: Creating ashmem region of size 8298496
01-16 14:10:28.553 3980 3998 D eglCodecCommon: setVertexArrayObject: set vao to 0 (0) 1 0
01-16 14:10:28.774 1832 1847 I ActivityTaskManager: START u0 {act=android.content.pm.action.REQUEST_PERMISSIONS pkg=com.android.permissioncontroller cmp=com.android.permissioncontroller/com.android.packageinstaller.permission.ui.GrantPermissionsActivity (has extras)} from uid 10103
01-16 14:10:28.800 1593 1593 D gralloc_ranchu: gralloc_alloc: Creating ashmem region of size 8192
01-16 14:10:28.801 1832 1858 I ActivityTaskManager: Displayed org.protox/.activity.QtActivityEx: +1s346ms
01-16 14:10:28.803 1593 1593 D gralloc_ranchu: gralloc_alloc: Creating ashmem region of size 8192
01-16 14:10:28.813 1593 1593 D gralloc_ranchu: gralloc_alloc: Creating ashmem region of size 8192
01-16 14:10:28.820 2966 2966 W ActivityThread: handleWindowVisibility: no activity for token android.os.BinderProxy@ec7cbc1
01-16 14:10:28.859 2966 2966 V GrantPermissionsActivity: Permission grant result requestId=-2627113837240199013 callingUid=10103 callingPackage=org.protox permission=android.permission.MANAGE_EXTERNAL_STORAGE isImplicit=false result=1
01-16 14:10:28.879 3980 4000 W : exit app 0
01-16 14:10:28.949 1593 1593 D gralloc_ranchu: gralloc_alloc: Creating ashmem region of size 8298496
01-16 14:10:28.969 2170 2555 D EGL_emulation: eglMakeCurrent: 0xeeb04be0: ver 3 1 (tinfo 0xe3671a80)
01-16 14:10:28.976 1593 1593 D gralloc_ranchu: gralloc_alloc: Creating ashmem region of size 8298496
01-16 14:10:28.990 1593 2349 D gralloc_ranchu: gralloc_alloc: Creating ashmem region of size 8298496
01-16 14:10:29.023 1593 1593 D gralloc_ranchu: gralloc_alloc: Creating ashmem region of size 8298496
01-16 14:10:29.039 1832 1858 I ActivityTaskManager: Displayed com.android.permissioncontroller/com.android.packageinstaller.permission.ui.GrantPermissionsActivity: +257ms
01-16 14:10:29.063 1967 2226 D EGL_emulation: eglMakeCurrent: 0xe35dad40: ver 3 1 (tinfo 0xc1dd01a0)
01-16 14:10:29.065 1967 2226 D EGL_emulation: eglMakeCurrent: 0xe35dad40: ver 3 1 (tinfo 0xc1dd01a0)
01-16 14:10:29.086 1967 2015 I ndroid.systemu: Waiting for a blocking GC ProfileSaver
01-16 14:10:29.097 1967 2226 D EGL_emulation: eglMakeCurrent: 0xe35dad40: ver 3 1 (tinfo 0xc1dd01a0)
01-16 14:10:29.105 1832 1851 I DropBoxManagerService: add tag=system_app_strictmode isTagEnabled=true flags=0x2
01-16 14:10:29.128 1967 2226 I chatty : uid=10089(com.android.systemui) RenderThread identical 3 lines
01-16 14:10:29.131 1967 2226 D EGL_emulation: eglMakeCurrent: 0xe35dad40: ver 3 1 (tinfo 0xc1dd01a0)
01-16 14:10:29.143 1967 2015 I ndroid.systemu: WaitForGcToComplete blocked ProfileSaver on HeapTrim for 57.417ms
01-16 14:10:29.153 1967 2226 D EGL_emulation: eglMakeCurrent: 0xe35dad40: ver 3 1 (tinfo 0xc1dd01a0)
01-16 14:10:29.199 1967 2226 I chatty : uid=10089(com.android.systemui) RenderThread identical 5 lines
01-16 14:10:29.209 1967 2226 D EGL_emulation: eglMakeCurrent: 0xe35dad40: ver 3 1 (tinfo 0xc1dd01a0)
01-16 14:10:29.528 3980 3998 D EGL_emulation: eglMakeCurrent: 0xdb51a120: ver 3 1 (tinfo 0xdb50f2d0)
01-16 14:10:29.530 1832 3927 D : HostConnection::get() New Host Connection established 0xbe592200, tid 3927
01-16 14:10:29.531 1832 3927 D : HostComposition ext ANDROID_EMU_CHECKSUM_HELPER_v1 ANDROID_EMU_dma_v1 ANDROID_EMU_direct_mem ANDROID_EMU_host_composition_v1 ANDROID_EMU_host_composition_v2 ANDROID_EMU_async_unmap_buffer GL_OES_EGL_image_external_essl3 GL_OES_vertex_array_object GL_KHR_texture_compression_astc_ldr ANDROID_EMU_gles_max_version_3_1
01-16 14:10:29.531 1832 3927 W OpenGLRenderer: Failed to choose config with EGL_SWAP_BEHAVIOR_PRESERVED, retrying without...
01-16 14:10:29.532 1832 3927 D eglCodecCommon: setVertexArrayObject: set vao to 0 (0) 0 0
01-16 14:10:29.532 1832 3927 D EGL_emulation: eglCreateContext: 0xb39e13e0: maj 3 min 1 rcv 4
01-16 14:10:29.533 1832 3927 D EGL_emulation: eglMakeCurrent: 0xb39e13e0: ver 3 1 (tinfo 0xbe5034f0)
01-16 14:10:29.534 1832 3927 E eglCodecCommon: glUtilsParamSize: unknow param 0x000082da
01-16 14:10:29.534 1832 3927 E eglCodecCommon: glUtilsParamSize: unknow param 0x000082da
01-16 14:10:29.551 1832 3927 D eglCodecCommon: setVertexArrayObject: set vao to 0 (0) 1 0
01-16 14:10:29.652 1832 1919 W InputDispatcher: channel '49574b6 PopupWindow:85cb13d (server)' ~ Consumer closed input channel or an error occurred. events=0x9
01-16 14:10:29.652 1832 1919 E InputDispatcher: channel '49574b6 PopupWindow:85cb13d (server)' ~ Channel is unrecoverably broken and will be disposed!
01-16 14:10:29.653 1832 1919 W InputDispatcher: channel '29303ea org.protox/org.protox.activity.QtActivityEx (server)' ~ Consumer closed input channel or an error occurred. events=0x9
01-16 14:10:29.653 1832 1919 E InputDispatcher: channel '29303ea org.protox/org.protox.activity.QtActivityEx (server)' ~ Channel is unrecoverably broken and will be disposed!
01-16 14:10:29.110 1832 1851 I DropBoxManagerService: add tag=system_app_strictmode isTagEnabled=true flags=0x2
