01-16 14:02:09.775 3738 3738 I dex2oat : setting boot class path to /apex/com.android.runtime/javalib/core-oj.jar:/apex/com.android.runtime/javalib/core-libart.jar:/apex/com.android.runtime/javalib/okhttp.jar:/apex/com.android.runtime/javalib/bouncycastle.jar:/apex/com.android.runtime/javalib/apache-xml.jar:/system/framework/framework.jar:/system/framework/ext.jar:/system/framework/telephony-common.jar:/system/framework/voip-common.jar:/system/framework/ims-common.jar:/system/framework/android.test.base.jar
01-16 14:02:09.893 3738 3738 I dex2oat : Explicit concurrent copying GC freed 854(209KB) AllocSpace objects, 0(0B) LOS objects, 99% free, 424B/1536KB, paused 12us total 15.138ms
01-16 14:02:09.953 3738 3738 I dex2oat : dex2oat took 185.177ms (159.562ms cpu) (threads: 2) arena alloc=2064B (2064B) java alloc=16KB (16808B) native alloc=1714KB (1755544B) free=629KB (644712B)
01-16 14:02:09.956 1619 1619 V installd: DexInv: --- END '/data/app/org.protox-3_cZ8tFx38GWSf0Py-LPXA==/base.apk' (success) ---
01-16 14:02:09.957 1832 1871 V BackupManagerService: restoreAtInstall pkg=org.protox token=1 restoreSet=0
01-16 14:02:09.957 1832 1871 V BackupManagerService: Finishing install immediately
01-16 14:02:09.958 1832 1871 W PackageManager: Cannot whitelist unknown permission: android.permission.MANAGE_EXTERNAL_STORAGE
01-16 14:02:09.959 1481 1562 D vold : Remounting 10103 as mode default
01-16 14:02:09.963 1577 1577 I netd : trafficSetNetPermForUids(4, [10103]) <0.02ms>
01-16 14:02:09.969 1619 1619 E : Couldn't opendir /data/app/vmdl537439085.tmp: No such file or directory
01-16 14:02:09.969 1619 1619 E installd: Failed to delete /data/app/vmdl537439085.tmp: No such file or directory
01-16 14:02:09.978 1832 1859 W BroadcastQueue: Background execution not allowed: receiving Intent { act=android.intent.action.PACKAGE_ADDED dat=package:org.protox flg=0x4000010 (has extras) } to com.android.packageinstaller/.PackageInstalledReceiver
01-16 14:02:09.978 1832 1859 W BroadcastQueue: Background execution not allowed: receiving Intent { act=android.intent.action.PACKAGE_ADDED dat=package:org.protox flg=0x4000010 (has extras) } to com.android.gallery3d/.app.PackagesMonitor
01-16 14:02:09.978 1832 1859 W BroadcastQueue: Background execution not allowed: receiving Intent { act=android.intent.action.PACKAGE_ADDED dat=package:org.protox flg=0x4000010 (has extras) } to com.android.musicfx/.Compatibility$Receiver
01-16 14:02:09.978 1832 1832 I RoleManagerService: Granting default permissions...
01-16 14:02:09.999 1832 1920 I InputReader: Reconfiguring input devices. changes=0x00000010
01-16 14:02:10.001 2064 2064 D CarrierSvcBindHelper: No carrier app for: 0
01-16 14:02:10.004 1832 1832 I Telecom : DefaultDialerCache: Refreshing default dialer for user 0: now com.android.dialer: DDC.oR@AIo
01-16 14:02:10.004 2064 2064 D CarrierConfigLoader: mHandler: 9 phoneId: 0
01-16 14:02:10.005 2966 3743 E BackupHelper: Could not parse delayed permissions
01-16 14:02:10.005 2966 3743 E BackupHelper: java.io.FileNotFoundException: /data/user_de/0/com.android.permissioncontroller/files/delayed_restore_permissions.xml: open failed: ENOENT (No such file or directory)
01-16 14:02:10.005 2966 3743 E BackupHelper: at libcore.io.IoBridge.open(IoBridge.java:496)
01-16 14:02:10.005 2966 3743 E BackupHelper: at java.io.FileInputStream.(FileInputStream.java:159)
01-16 14:02:10.005 2966 3743 E BackupHelper: at android.app.ContextImpl.openFileInput(ContextImpl.java:600)
01-16 14:02:10.005 2966 3743 E BackupHelper: at com.android.packageinstaller.permission.service.BackupHelper.restoreDelayedState(BackupHelper.java:338)
01-16 14:02:10.005 2966 3743 E BackupHelper: at com.android.packageinstaller.permission.service.PermissionControllerServiceImpl.onRestoreDelayedRuntimePermissionsBackup(PermissionControllerServiceImpl.java:358)
01-16 14:02:10.005 2966 3743 E BackupHelper: at com.android.packageinstaller.permission.service.PermissionControllerServiceImpl.lambda$onRestoreDelayedRuntimePermissionsBackup$3$PermissionControllerServiceImpl(PermissionControllerServiceImpl.java:352)
01-16 14:02:10.005 2966 3743 E BackupHelper: at com.android.packageinstaller.permission.service.-$$Lambda$PermissionControllerServiceImpl$wHAhob5PsX8wKMTaFp8IJWkb1LE.run(Unknown Source:8)
01-16 14:02:10.005 2966 3743 E BackupHelper: at android.os.AsyncTask$SerialExecutor$1.run(AsyncTask.java:289)
01-16 14:02:10.005 2966 3743 E BackupHelper: at java.util.concurrent.ThreadPoolExecutor.runWorker(ThreadPoolExecutor.java:1167)
01-16 14:02:10.005 2966 3743 E BackupHelper: at java.util.concurrent.ThreadPoolExecutor$Worker.run(ThreadPoolExecutor.java:641)
01-16 14:02:10.005 2966 3743 E BackupHelper: at java.lang.Thread.run(Thread.java:919)
01-16 14:02:10.005 2966 3743 E BackupHelper: Caused by: android.system.ErrnoException: open failed: ENOENT (No such file or directory)
01-16 14:02:10.005 2966 3743 E BackupHelper: at libcore.io.Linux.open(Native Method)
01-16 14:02:10.005 2966 3743 E BackupHelper: at libcore.io.ForwardingOs.open(ForwardingOs.java:167)
01-16 14:02:10.005 2966 3743 E BackupHelper: at libcore.io.BlockGuardOs.open(BlockGuardOs.java:252)
01-16 14:02:10.005 2966 3743 E BackupHelper: at libcore.io.ForwardingOs.open(ForwardingOs.java:167)
01-16 14:02:10.005 2966 3743 E BackupHelper: at android.app.ActivityThread$AndroidOs.open(ActivityThread.java:7255)
01-16 14:02:10.005 2966 3743 E BackupHelper: at libcore.io.IoBridge.open(IoBridge.java:482)
01-16 14:02:10.005 2966 3743 E BackupHelper: ... 10 more
01-16 14:02:10.010 1832 1832 V BackupManagerConstants: getFullBackupIntervalMilliseconds(...) returns 86400000
01-16 14:02:10.010 1832 1832 V BackupManagerConstants: getFullBackupRequiredNetworkType(...) returns 2
01-16 14:02:10.010 1832 1832 V BackupManagerConstants: getFullBackupRequireCharging(...) returns true
01-16 14:02:10.041 2966 3745 W SystemConfig: No directory /product/etc/sysconfig, skipping
01-16 14:02:10.050 2966 3745 W SystemConfig: No directory /product_services/etc/sysconfig, skipping
01-16 14:02:10.050 2966 3745 W SystemConfig: No directory /product_services/etc/permissions, skipping
01-16 14:02:10.076 1832 1858 W VoiceInteractionManagerService: no available voice recognition services found for user 0
01-16 14:02:10.094 1832 1843 I system_server: Background concurrent copying GC freed 75314(3424KB) AllocSpace objects, 21(1392KB) LOS objects, 42% free, 6994KB/11MB, paused 30us total 127.309ms
01-16 14:02:10.487 1832 1858 I RoleUserState: Wrote roles.xml successfully
01-16 14:02:15.529 1966 1966 I wpa_supplicant: wlan0: CTRL-EVENT-BEACON-LOSS
01-16 14:02:15.530 1832 1864 D KernelCpuUidUserSysTimeReader: Removing uids 1037-1037
01-16 14:02:15.534 1967 1967 I Choreographer: Skipped 59 frames! The application may be doing too much work on its main thread.
01-16 14:02:15.535 1967 2226 D EGL_emulation: eglMakeCurrent: 0xe35dad40: ver 3 1 (tinfo 0xc1dd01a0)
01-16 14:02:15.539 1967 2226 I OpenGLRenderer: Davey! duration=996ms; Flags=0, IntendedVsync=364266716070, Vsync=365250049364, OldestInputEvent=9223372036854775807, NewestInputEvent=0, HandleInputStart=365259821114, AnimationStart=365259846154, PerformTraversalsStart=365260122524, DrawStart=365260219524, SyncQueued=365260591564, SyncStart=365261385784, IssueDrawCommandsStart=365261463404, SwapBuffers=365262121264, FrameCompleted=365263946774, DequeueBufferDuration=109000, QueueBufferDuration=214000,
01-16 14:02:15.542 1583 3101 W audio_hw_generic: Not supplying enough data to HAL, expected position 152083 , only wrote 152030
01-16 14:02:15.755 1583 3101 W audio_hw_generic: Not supplying enough data to HAL, expected position 161413 , only wrote 154013
01-16 14:02:15.770 1583 3101 W audio_hw_generic: Hardware backing HAL too slow, could only write 0 of 661 frames
01-16 14:02:15.781 1832 1919 V InputDispatcher: Asynchronous input event injection succeeded.
01-16 14:02:15.783 1832 1919 I WindowManager: Ignoring HOME; event canceled.
01-16 14:02:15.783 1832 1919 V InputDispatcher: Asynchronous input event injection succeeded.
01-16 14:02:15.786 1603 1805 D AF::TrackHandle: OpPlayAudio: track:56 usage:13 not muted
01-16 14:02:15.787 1832 1943 W AudioTrack: createTrack_l(0): AUDIO_OUTPUT_FLAG_FAST denied by server; frameCount 0 -> 4512
01-16 14:02:15.797 1603 1809 D AudioFlinger: mixer(0xf6a27ac0) throttle end: throttle time(11)
01-16 14:02:15.948 1967 2226 D EGL_emulation: eglMakeCurrent: 0xe35dad40: ver 3 1 (tinfo 0xc1dd01a0)
01-16 14:02:15.958 1967 2226 D EGL_emulation: eglMakeCurrent: 0xe35dad40: ver 3 1 (tinfo 0xc1dd01a0)
01-16 14:02:15.980 1583 3101 W audio_hw_generic: Hardware backing HAL too slow, could only write 0 of 661 frames
01-16 14:02:15.985 1967 2226 D EGL_emulation: eglMakeCurrent: 0xe35dad40: ver 3 1 (tinfo 0xc1dd01a0)
01-16 14:02:15.989 1967 2226 D EGL_emulation: eglMakeCurrent: 0xe35dad40: ver 3 1 (tinfo 0xc1dd01a0)
01-16 14:02:15.995 1583 3101 W audio_hw_generic: Hardware backing HAL too slow, could only write 0 of 661 frames
01-16 14:02:15.998 1967 2226 D EGL_emulation: eglMakeCurrent: 0xe35dad40: ver 3 1 (tinfo 0xc1dd01a0)
01-16 14:02:16.004 1967 2226 D EGL_emulation: eglMakeCurrent: 0xe35dad40: ver 3 1 (tinfo 0xc1dd01a0)
01-16 14:02:16.010 1583 3101 W audio_hw_generic: Hardware backing HAL too slow, could only write 0 of 661 frames
01-16 14:02:16.025 1583 3101 W audio_hw_generic: Hardware backing HAL too slow, could only write 0 of 661 frames
01-16 14:02:16.032 1967 2226 D EGL_emulation: eglMakeCurrent: 0xe35dad40: ver 3 1 (tinfo 0xc1dd01a0)
01-16 14:02:16.040 1967 2226 D EGL_emulation: eglMakeCurrent: 0xe35dad40: ver 3 1 (tinfo 0xc1dd01a0)
01-16 14:02:16.040 1583 3101 W audio_hw_generic: Hardware backing HAL too slow, could only write 0 of 661 frames
01-16 14:02:16.051 1967 2226 D EGL_emulation: eglMakeCurrent: 0xe35dad40: ver 3 1 (tinfo 0xc1dd01a0)
01-16 14:02:17.227 1832 2094 I ActivityTaskManager: START u0 {act=android.intent.action.MAIN cat=[android.intent.category.LAUNCHER] flg=0x10200000 cmp=org.protox/.activity.QtActivityEx bnds=[843,503][1045,780]} from uid 10082
01-16 14:02:16.082 1967 2226 I chatty : uid=10089(com.android.systemui) RenderThread identical 4 lines
01-16 14:02:16.087 1967 2226 D EGL_emulation: eglMakeCurrent: 0xe35dad40: ver 3 1 (tinfo 0xc1dd01a0)
01-16 14:02:17.277 1578 1578 D Zygote : Forked child process 3752
01-16 14:02:17.283 1832 1860 I ActivityManager: Start proc 3752:org.protox/u0a103 for activity {org.protox/org.protox.activity.QtActivityEx}
01-16 14:02:17.305 3752 3752 W org.protox: Unexpected CPU variant for X86 using defaults: x86
01-16 14:02:17.328 1832 1853 E system_server: Invalid ID 0x00000000.
01-16 14:02:17.329 1832 1853 W System : ClassLoader referenced unknown path:
01-16 14:02:17.343 1593 1593 D gralloc_ranchu: gralloc_alloc: Creating ashmem region of size 8298496
01-16 14:02:17.367 3752 3752 W System : ClassLoader referenced unknown path:
01-16 14:02:17.373 1606 1959 E SurfaceFlinger: ro.sf.lcd_density must be defined as a build property
01-16 14:02:17.373 1606 1959 E SurfaceFlinger: ro.sf.lcd_density must be defined as a build property
01-16 14:02:17.385 3752 3773 D libEGL : Emulator has host GPU support, qemu.gles is set to 1.
01-16 14:02:17.387 3752 3773 W libc : Unable to set property "qemu.gles" to "1": connection failed; errno=13 (Permission denied)
01-16 14:02:17.419 3752 3773 D libEGL : loaded /vendor/lib/egl/libEGL_emulation.so
01-16 14:02:17.473 3752 3773 D libEGL : loaded /vendor/lib/egl/libGLESv1_CM_emulation.so
01-16 14:02:17.475 3752 3773 D libEGL : loaded /vendor/lib/egl/libGLESv2_emulation.so
01-16 14:02:17.383 3752 3752 W RenderThread: type=1400 audit(0.0:25): avc: denied { write } for name="property_service" dev="tmpfs" ino=6051 scontext=u:r:untrusted_app:s0:c103,c256,c512,c768 tcontext=u:object_r:property_socket:s0 tclass=sock_file permissive=0 app=org.protox
01-16 14:02:17.674 1583 3101 W audio_hw_generic: Hardware backing HAL too slow, could only write 0 of 661 frames
01-16 14:02:17.734 1583 3101 I chatty : uid=1041(audioserver) writer identical 4 lines
01-16 14:02:17.749 1583 3101 W audio_hw_generic: Hardware backing HAL too slow, could only write 0 of 661 frames
01-16 14:02:17.763 3752 3752 D Qt JAVA : Class org.qtproject.qt5.android.multimedia.QtMultimediaUtils does not implement setActivity method
01-16 14:02:17.764 1583 3101 W audio_hw_generic: Hardware backing HAL too slow, could only write 0 of 661 frames
01-16 14:02:17.770 3752 3774 I QtCore : Start
01-16 14:02:17.779 1583 3101 W audio_hw_generic: Hardware backing HAL too slow, could only write 0 of 661 frames
01-16 14:02:17.824 1583 3101 I chatty : uid=1041(audioserver) writer identical 3 lines
01-16 14:02:17.839 1583 3101 W audio_hw_generic: Hardware backing HAL too slow, could only write 0 of 661 frames
01-16 14:02:17.883 1478 1478 I hwservicemanager: getTransport: Cannot find entry android.hardware.graphics.mapper@3.0::IMapper/default in either framework or device manifest.
01-16 14:02:17.884 1832 1853 W Gralloc3: mapper 3.x is not supported
01-16 14:02:17.892 1832 1853 D : createUnique: call
01-16 14:02:17.893 1832 1853 D : HostConnection::get() New Host Connection established 0xbf4b90b0, tid 1853
01-16 14:02:17.893 1832 1853 D : HostComposition ext ANDROID_EMU_CHECKSUM_HELPER_v1 ANDROID_EMU_dma_v1 ANDROID_EMU_direct_mem ANDROID_EMU_host_composition_v1 ANDROID_EMU_host_composition_v2 ANDROID_EMU_async_unmap_buffer GL_OES_EGL_image_external_essl3 GL_OES_vertex_array_object GL_KHR_texture_compression_astc_ldr ANDROID_EMU_gles_max_version_3_1
01-16 14:02:17.894 1832 1853 D eglCodecCommon: allocate: Ask for block of size 0x1000
01-16 14:02:17.894 1832 1853 D eglCodecCommon: allocate: ioctl allocate returned offset 0x3ffff6000 size 0x2000
01-16 14:02:17.926 3752 3774 I Qt : qt started
01-16 14:02:17.938 3752 3752 W org.protox: Accessing hidden field Landroid/graphics/drawable/GradientDrawable$GradientState;->mShape:I (greylist-max-p, reflection, denied)
01-16 14:02:17.938 3752 3752 W System.err: java.lang.NoSuchFieldException: mShape
01-16 14:02:17.999 3752 3752 W System.err: at java.lang.Class.getField(Class.java:1604)
01-16 14:02:17.999 3752 3752 W System.err: at org.qtproject.qt5.android.ExtractStyle.getGradientDrawable(ExtractStyle.java:672)
01-16 14:02:17.999 3752 3752 W System.err: at org.qtproject.qt5.android.ExtractStyle.getDrawable(ExtractStyle.java:1039)
01-16 14:02:17.999 3752 3752 W System.err: at org.qtproject.qt5.android.ExtractStyle.getStateListDrawable(ExtractStyle.java:652)
01-16 14:02:17.999 3752 3752 W System.err: at org.qtproject.qt5.android.ExtractStyle.getDrawable(ExtractStyle.java:1035)
01-16 14:02:17.999 3752 3752 W System.err: at org.qtproject.qt5.android.ExtractStyle.extractWindow(ExtractStyle.java:1942)
01-16 14:02:17.999 3752 3752 W System.err: at org.qtproject.qt5.android.ExtractStyle.(ExtractStyle.java:2002)
01-16 14:02:17.999 3752 3752 W System.err: at org.qtproject.qt5.android.QtActivityDelegate.loadApplication(QtActivityDelegate.java:619)
01-16 14:02:17.999 3752 3752 W System.err: at java.lang.reflect.Method.invoke(Native Method)
01-16 14:02:17.999 3752 3752 W System.err: at org.qtproject.qt5.android.bindings.QtLoader.loadApplication(QtLoader.java:267)
01-16 14:02:17.999 3752 3752 W System.err: at org.qtproject.qt5.android.bindings.QtLoader.startApp(QtLoader.java:505)
01-16 14:02:17.999 3752 3752 W System.err: at org.qtproject.qt5.android.bindings.QtActivityLoader.onCreate(QtActivityLoader.java:166)
01-16 14:02:17.999 3752 3752 W System.err: at org.qtproject.qt5.android.bindings.QtActivity.onCreateHook(QtActivity.java:267)
01-16 14:02:17.999 3752 3752 W System.err: at org.qtproject.qt5.android.bindings.QtActivity.onCreate(QtActivity.java:274)
01-16 14:02:17.999 3752 3752 W System.err: at org.protox.activity.QtActivityEx.onCreate(QtActivityEx.java:54)
01-16 14:02:17.999 3752 3752 W System.err: at android.app.Activity.performCreate(Activity.java:7802)
01-16 14:02:17.999 3752 3752 W System.err: at android.app.Activity.performCreate(Activity.java:7791)
01-16 14:02:17.999 3752 3752 W System.err: at android.app.Instrumentation.callActivityOnCreate(Instrumentation.java:1299)
01-16 14:02:17.999 3752 3752 W System.err: at android.app.ActivityThread.performLaunchActivity(ActivityThread.java:3245)
01-16 14:02:17.999 3752 3752 W System.err: at android.app.ActivityThread.handleLaunchActivity(ActivityThread.java:3409)
01-16 14:02:17.999 3752 3752 W System.err: at android.app.servertransaction.LaunchActivityItem.execute(LaunchActivityItem.java:83)
01-16 14:02:17.999 3752 3752 W System.err: at android.app.servertransaction.TransactionExecutor.executeCallbacks(TransactionExecutor.java:135)
01-16 14:02:17.999 3752 3752 W System.err: at android.app.servertransaction.TransactionExecutor.execute(TransactionExecutor.java:95)
01-16 14:02:17.999 3752 3752 W System.err: at android.app.ActivityThread$H.handleMessage(ActivityThread.java:2016)
01-16 14:02:17.999 3752 3752 W System.err: at android.os.Handler.dispatchMessage(Handler.java:107)
01-16 14:02:17.999 3752 3752 W System.err: at android.os.Looper.loop(Looper.java:214)
01-16 14:02:17.999 3752 3752 W System.err: at android.app.ActivityThread.main(ActivityThread.java:7356)
01-16 14:02:17.999 3752 3752 W System.err: at java.lang.reflect.Method.invoke(Native Method)
01-16 14:02:17.999 3752 3752 W System.err: at com.android.internal.os.RuntimeInit$MethodAndArgsCaller.run(RuntimeInit.java:492)
01-16 14:02:17.999 3752 3752 W System.err: at com.android.internal.os.ZygoteInit.main(ZygoteInit.java:930)
01-16 14:02:18.620 3752 3752 W org.protox: Accessing hidden field Landroid/graphics/drawable/RotateDrawable$RotateState;->mPivotX:F (greylist-max-o, reflection, denied)
01-16 14:02:18.620 3752 3752 W System.err: java.lang.NoSuchFieldException: No field mPivotX in class Landroid/graphics/drawable/RotateDrawable$RotateState; (declaration of 'android.graphics.drawable.RotateDrawable$RotateState' appears in /system/framework/framework.jar)
01-16 14:02:18.620 3752 3752 W System.err: at java.lang.Class.getDeclaredField(Native Method)
01-16 14:02:18.620 3752 3752 W System.err: at org.qtproject.qt5.android.ExtractStyle.getAccessibleField(ExtractStyle.java:399)
01-16 14:02:18.620 3752 3752 W System.err: at org.qtproject.qt5.android.ExtractStyle.getRotateDrawable(ExtractStyle.java:712)
01-16 14:02:18.620 3752 3752 W System.err: at org.qtproject.qt5.android.ExtractStyle.getDrawable(ExtractStyle.java:1043)
01-16 14:02:18.620 3752 3752 W System.err: at org.qtproject.qt5.android.ExtractStyle.getLayerDrawable(ExtractStyle.java:623)
01-16 14:02:18.620 3752 3752 W System.err: at org.qtproject.qt5.android.ExtractStyle.getDrawable(ExtractStyle.java:1031)
01-16 14:02:18.620 3752 3752 W System.err: at org.qtproject.qt5.android.ExtractStyle.extractProgressBarInfo(ExtractStyle.java:1665)
01-16 14:02:18.620 3752 3752 W System.err: at org.qtproject.qt5.android.ExtractStyle.extractProgressBar(ExtractStyle.java:1677)
01-16 14:02:18.620 3752 3752 W System.err: at org.qtproject.qt5.android.ExtractStyle.(ExtractStyle.java:2006)
01-16 14:02:18.620 3752 3752 W System.err: at org.qtproject.qt5.android.QtActivityDelegate.loadApplication(QtActivityDelegate.java:619)
01-16 14:02:18.620 3752 3752 W System.err: at java.lang.reflect.Method.invoke(Native Method)
01-16 14:02:18.620 3752 3752 W System.err: at org.qtproject.qt5.android.bindings.QtLoader.loadApplication(QtLoader.java:267)
01-16 14:02:18.620 3752 3752 W System.err: at org.qtproject.qt5.android.bindings.QtLoader.startApp(QtLoader.java:505)
01-16 14:02:18.621 3752 3752 W System.err: at org.qtproject.qt5.android.bindings.QtActivityLoader.onCreate(QtActivityLoader.java:166)
01-16 14:02:18.621 3752 3752 W System.err: at org.qtproject.qt5.android.bindings.QtActivity.onCreateHook(QtActivity.java:267)
01-16 14:02:18.621 3752 3752 W System.err: at org.qtproject.qt5.android.bindings.QtActivity.onCreate(QtActivity.java:274)
01-16 14:02:18.621 3752 3752 W System.err: at org.protox.activity.QtActivityEx.onCreate(QtActivityEx.java:54)
01-16 14:02:18.621 3752 3752 W System.err: at android.app.Activity.performCreate(Activity.java:7802)
01-16 14:02:18.621 3752 3752 W System.err: at android.app.Activity.performCreate(Activity.java:7791)
01-16 14:02:18.621 3752 3752 W System.err: at android.app.Instrumentation.callActivityOnCreate(Instrumentation.java:1299)
01-16 14:02:18.621 3752 3752 W System.err: at android.app.ActivityThread.performLaunchActivity(ActivityThread.java:3245)
01-16 14:02:18.621 3752 3752 W System.err: at android.app.ActivityThread.handleLaunchActivity(ActivityThread.java:3409)
01-16 14:02:18.621 3752 3752 W System.err: at android.app.servertransaction.LaunchActivityItem.execute(LaunchActivityItem.java:83)
01-16 14:02:18.621 3752 3752 W System.err: at android.app.servertransaction.TransactionExecutor.executeCallbacks(TransactionExecutor.java:135)
01-16 14:02:18.621 3752 3752 W System.err: at android.app.servertransaction.TransactionExecutor.execute(TransactionExecutor.java:95)
01-16 14:02:18.621 3752 3752 W System.err: at android.app.ActivityThread$H.handleMessage(ActivityThread.java:2016)
01-16 14:02:18.621 3752 3752 W System.err: at android.os.Handler.dispatchMessage(Handler.java:107)
01-16 14:02:18.621 3752 3752 W System.err: at android.os.Looper.loop(Looper.java:214)
01-16 14:02:18.621 3752 3752 W System.err: at android.app.ActivityThread.main(ActivityThread.java:7356)
01-16 14:02:18.621 3752 3752 W System.err: at java.lang.reflect.Method.invoke(Native Method)
01-16 14:02:18.621 3752 3752 W System.err: at com.android.internal.os.RuntimeInit$MethodAndArgsCaller.run(RuntimeInit.java:492)
01-16 14:02:18.621 3752 3752 W System.err: at com.android.internal.os.ZygoteInit.main(ZygoteInit.java:930)
01-16 14:02:18.621 3752 3752 W System.err: java.lang.NullPointerException: Attempt to invoke virtual method 'float java.lang.reflect.Field.getFloat(java.lang.Object)' on a null object reference
01-16 14:02:18.621 3752 3752 W System.err: at org.qtproject.qt5.android.ExtractStyle.getRotateDrawable(ExtractStyle.java:712)
01-16 14:02:18.621 3752 3752 W System.err: at org.qtproject.qt5.android.ExtractStyle.getDrawable(ExtractStyle.java:1043)
01-16 14:02:18.621 3752 3752 W System.err: at org.qtproject.qt5.android.ExtractStyle.getLayerDrawable(ExtractStyle.java:623)
01-16 14:02:18.621 3752 3752 W System.err: at org.qtproject.qt5.android.ExtractStyle.getDrawable(ExtractStyle.java:1031)
01-16 14:02:18.621 3752 3752 W System.err: at org.qtproject.qt5.android.ExtractStyle.extractProgressBarInfo(ExtractStyle.java:1665)
01-16 14:02:18.621 3752 3752 W System.err: at org.qtproject.qt5.android.ExtractStyle.extractProgressBar(ExtractStyle.java:1677)
01-16 14:02:18.621 3752 3752 W System.err: at org.qtproject.qt5.android.ExtractStyle.(ExtractStyle.java:2006)
01-16 14:02:18.621 3752 3752 W System.err: at org.qtproject.qt5.android.QtActivityDelegate.loadApplication(QtActivityDelegate.java:619)
01-16 14:02:18.621 3752 3752 W System.err: at java.lang.reflect.Method.invoke(Native Method)
01-16 14:02:18.621 3752 3752 W System.err: at org.qtproject.qt5.android.bindings.QtLoader.loadApplication(QtLoader.java:267)
01-16 14:02:18.621 3752 3752 W System.err: at org.qtproject.qt5.android.bindings.QtLoader.startApp(QtLoader.java:505)
01-16 14:02:18.621 3752 3752 W System.err: at org.qtproject.qt5.android.bindings.QtActivityLoader.onCreate(QtActivityLoader.java:166)
01-16 14:02:18.621 3752 3752 W System.err: at org.qtproject.qt5.android.bindings.QtActivity.onCreateHook(QtActivity.java:267)
01-16 14:02:18.621 3752 3752 W System.err: at org.qtproject.qt5.android.bindings.QtActivity.onCreate(QtActivity.java:274)
01-16 14:02:18.621 3752 3752 W System.err: at org.protox.activity.QtActivityEx.onCreate(QtActivityEx.java:54)
01-16 14:02:18.621 3752 3752 W System.err: at android.app.Activity.performCreate(Activity.java:7802)
01-16 14:02:18.621 3752 3752 W System.err: at android.app.Activity.performCreate(Activity.java:7791)
01-16 14:02:18.621 3752 3752 W System.err: at android.app.Instrumentation.callActivityOnCreate(Instrumentation.java:1299)
01-16 14:02:18.621 3752 3752 W System.err: at android.app.ActivityThread.performLaunchActivity(ActivityThread.java:3245)
01-16 14:02:18.621 3752 3752 W System.err: at android.app.ActivityThread.handleLaunchActivity(ActivityThread.java:3409)
01-16 14:02:18.621 3752 3752 W System.err: at android.app.servertransaction.LaunchActivityItem.execute(LaunchActivityItem.java:83)
01-16 14:02:18.621 3752 3752 W System.err: at android.app.servertransaction.TransactionExecutor.executeCallbacks(TransactionExecutor.java:135)
01-16 14:02:18.621 3752 3752 W System.err: at android.app.servertransaction.TransactionExecutor.execute(TransactionExecutor.java:95)
01-16 14:02:18.621 3752 3752 W System.err: at android.app.ActivityThread$H.handleMessage(ActivityThread.java:2016)
01-16 14:02:18.621 3752 3752 W System.err: at android.os.Handler.dispatchMessage(Handler.java:107)
01-16 14:02:18.621 3752 3752 W System.err: at android.os.Looper.loop(Looper.java:214)
01-16 14:02:18.621 3752 3752 W System.err: at android.app.ActivityThread.main(ActivityThread.java:7356)
01-16 14:02:18.622 3752 3752 W System.err: at java.lang.reflect.Method.invoke(Native Method)
01-16 14:02:18.622 3752 3752 W System.err: at com.android.internal.os.RuntimeInit$MethodAndArgsCaller.run(RuntimeInit.java:492)
01-16 14:02:18.622 3752 3752 W System.err: at com.android.internal.os.ZygoteInit.main(ZygoteInit.java:930)
01-16 14:02:18.634 3752 3752 W org.protox: Accessing hidden field Landroid/graphics/drawable/RotateDrawable$RotateState;->mPivotX:F (greylist-max-o, reflection, denied)
01-16 14:02:18.634 3752 3752 W System.err: java.lang.NoSuchFieldException: No field mPivotX in class Landroid/graphics/drawable/RotateDrawable$RotateState; (declaration of 'android.graphics.drawable.RotateDrawable$RotateState' appears in /system/framework/framework.jar)
01-16 14:02:18.634 3752 3752 W System.err: at java.lang.Class.getDeclaredField(Native Method)
01-16 14:02:18.634 3752 3752 W System.err: at org.qtproject.qt5.android.ExtractStyle.getAccessibleField(ExtractStyle.java:399)
01-16 14:02:18.634 3752 3752 W System.err: at org.qtproject.qt5.android.ExtractStyle.getRotateDrawable(ExtractStyle.java:712)
01-16 14:02:18.634 3752 3752 W System.err: at org.qtproject.qt5.android.ExtractStyle.getDrawable(ExtractStyle.java:1043)
01-16 14:02:18.634 3752 3752 W System.err: at org.qtproject.qt5.android.ExtractStyle.getLayerDrawable(ExtractStyle.java:623)
01-16 14:02:18.634 3752 3752 W System.err: at org.qtproject.qt5.android.ExtractStyle.getDrawable(ExtractStyle.java:1031)
01-16 14:02:18.634 3752 3752 W System.err: at org.qtproject.qt5.android.ExtractStyle.extractProgressBarInfo(ExtractStyle.java:1665)
01-16 14:02:18.634 3752 3752 W System.err: at org.qtproject.qt5.android.ExtractStyle.extractProgressBar(ExtractStyle.java:1677)
01-16 14:02:18.634 3752 3752 W System.err: at org.qtproject.qt5.android.ExtractStyle.(ExtractStyle.java:2006)
01-16 14:02:18.634 3752 3752 W System.err: at org.qtproject.qt5.android.QtActivityDelegate.loadApplication(QtActivityDelegate.java:619)
01-16 14:02:18.634 3752 3752 W System.err: at java.lang.reflect.Method.invoke(Native Method)
01-16 14:02:18.634 3752 3752 W System.err: at org.qtproject.qt5.android.bindings.QtLoader.loadApplication(QtLoader.java:267)
01-16 14:02:18.634 3752 3752 W System.err: at org.qtproject.qt5.android.bindings.QtLoader.startApp(QtLoader.java:505)
01-16 14:02:18.634 3752 3752 W System.err: at org.qtproject.qt5.android.bindings.QtActivityLoader.onCreate(QtActivityLoader.java:166)
01-16 14:02:18.634 3752 3752 W System.err: at org.qtproject.qt5.android.bindings.QtActivity.onCreateHook(QtActivity.java:267)
01-16 14:02:18.634 3752 3752 W System.err: at org.qtproject.qt5.android.bindings.QtActivity.onCreate(QtActivity.java:274)
01-16 14:02:18.634 3752 3752 W System.err: at org.protox.activity.QtActivityEx.onCreate(QtActivityEx.java:54)
01-16 14:02:18.634 3752 3752 W System.err: at android.app.Activity.performCreate(Activity.java:7802)
01-16 14:02:18.634 3752 3752 W System.err: at android.app.Activity.performCreate(Activity.java:7791)
01-16 14:02:18.634 3752 3752 W System.err: at android.app.Instrumentation.callActivityOnCreate(Instrumentation.java:1299)
01-16 14:02:18.634 3752 3752 W System.err: at android.app.ActivityThread.performLaunchActivity(ActivityThread.java:3245)
01-16 14:02:18.634 3752 3752 W System.err: at android.app.ActivityThread.handleLaunchActivity(ActivityThread.java:3409)
01-16 14:02:18.635 3752 3752 W System.err: at android.app.servertransaction.LaunchActivityItem.execute(LaunchActivityItem.java:83)
01-16 14:02:18.635 3752 3752 W System.err: at android.app.servertransaction.TransactionExecutor.executeCallbacks(TransactionExecutor.java:135)
01-16 14:02:18.635 3752 3752 W System.err: at android.app.servertransaction.TransactionExecutor.execute(TransactionExecutor.java:95)
01-16 14:02:18.635 3752 3752 W System.err: at android.app.ActivityThread$H.handleMessage(ActivityThread.java:2016)
01-16 14:02:18.635 3752 3752 W System.err: at android.os.Handler.dispatchMessage(Handler.java:107)
01-16 14:02:18.635 3752 3752 W System.err: at android.os.Looper.loop(Looper.java:214)
01-16 14:02:18.635 3752 3752 W System.err: at android.app.ActivityThread.main(ActivityThread.java:7356)
01-16 14:02:18.635 3752 3752 W System.err: at java.lang.reflect.Method.invoke(Native Method)
01-16 14:02:18.635 3752 3752 W System.err: at com.android.internal.os.RuntimeInit$MethodAndArgsCaller.run(RuntimeInit.java:492)
01-16 14:02:18.635 3752 3752 W System.err: at com.android.internal.os.ZygoteInit.main(ZygoteInit.java:930)
01-16 14:02:18.635 3752 3752 W System.err: java.lang.NullPointerException: Attempt to invoke virtual method 'float java.lang.reflect.Field.getFloat(java.lang.Object)' on a null object reference
01-16 14:02:18.635 3752 3752 W System.err: at org.qtproject.qt5.android.ExtractStyle.getRotateDrawable(ExtractStyle.java:712)
01-16 14:02:18.635 3752 3752 W System.err: at org.qtproject.qt5.android.ExtractStyle.getDrawable(ExtractStyle.java:1043)
01-16 14:02:18.635 3752 3752 W System.err: at org.qtproject.qt5.android.ExtractStyle.getLayerDrawable(ExtractStyle.java:623)
01-16 14:02:18.635 3752 3752 W System.err: at org.qtproject.qt5.android.ExtractStyle.getDrawable(ExtractStyle.java:1031)
01-16 14:02:18.635 3752 3752 W System.err: at org.qtproject.qt5.android.ExtractStyle.extractProgressBarInfo(ExtractStyle.java:1665)
01-16 14:02:18.635 3752 3752 W System.err: at org.qtproject.qt5.android.ExtractStyle.extractProgressBar(ExtractStyle.java:1677)
01-16 14:02:18.635 3752 3752 W System.err: at org.qtproject.qt5.android.ExtractStyle.(ExtractStyle.java:2006)
01-16 14:02:18.635 3752 3752 W System.err: at org.qtproject.qt5.android.QtActivityDelegate.loadApplication(QtActivityDelegate.java:619)
01-16 14:02:18.635 3752 3752 W System.err: at java.lang.reflect.Method.invoke(Native Method)
01-16 14:02:18.635 3752 3752 W System.err: at org.qtproject.qt5.android.bindings.QtLoader.loadApplication(QtLoader.java:267)
01-16 14:02:18.635 3752 3752 W System.err: at org.qtproject.qt5.android.bindings.QtLoader.startApp(QtLoader.java:505)
01-16 14:02:18.635 3752 3752 W System.err: at org.qtproject.qt5.android.bindings.QtActivityLoader.onCreate(QtActivityLoader.java:166)
01-16 14:02:18.635 3752 3752 W System.err: at org.qtproject.qt5.android.bindings.QtActivity.onCreateHook(QtActivity.java:267)
01-16 14:02:18.635 3752 3752 W System.err: at org.qtproject.qt5.android.bindings.QtActivity.onCreate(QtActivity.java:274)
01-16 14:02:18.635 3752 3752 W System.err: at org.protox.activity.QtActivityEx.onCreate(QtActivityEx.java:54)
01-16 14:02:18.635 3752 3752 W System.err: at android.app.Activity.performCreate(Activity.java:7802)
01-16 14:02:18.635 3752 3752 W System.err: at android.app.Activity.performCreate(Activity.java:7791)
01-16 14:02:18.635 3752 3752 W System.err: at android.app.Instrumentation.callActivityOnCreate(Instrumentation.java:1299)
01-16 14:02:18.635 3752 3752 W System.err: at android.app.ActivityThread.performLaunchActivity(ActivityThread.java:3245)
01-16 14:02:18.635 3752 3752 W System.err: at android.app.ActivityThread.handleLaunchActivity(ActivityThread.java:3409)
01-16 14:02:18.635 3752 3752 W System.err: at android.app.servertransaction.LaunchActivityItem.execute(LaunchActivityItem.java:83)
01-16 14:02:18.635 3752 3752 W System.err: at android.app.servertransaction.TransactionExecutor.executeCallbacks(TransactionExecutor.java:135)
01-16 14:02:18.636 3752 3752 W System.err: at android.app.servertransaction.TransactionExecutor.execute(TransactionExecutor.java:95)
01-16 14:02:18.636 3752 3752 W System.err: at android.app.ActivityThread$H.handleMessage(ActivityThread.java:2016)
01-16 14:02:18.636 3752 3752 W System.err: at android.os.Handler.dispatchMessage(Handler.java:107)
01-16 14:02:18.636 3752 3752 W System.err: at android.os.Looper.loop(Looper.java:214)
01-16 14:02:18.636 3752 3752 W System.err: at android.app.ActivityThread.main(ActivityThread.java:7356)
01-16 14:02:18.636 3752 3752 W System.err: at java.lang.reflect.Method.invoke(Native Method)
01-16 14:02:18.636 3752 3752 W System.err: at com.android.internal.os.RuntimeInit$MethodAndArgsCaller.run(RuntimeInit.java:492)
01-16 14:02:18.636 3752 3752 W System.err: at com.android.internal.os.ZygoteInit.main(ZygoteInit.java:930)
01-16 14:02:18.641 3752 3752 W org.protox: Accessing hidden field Landroid/graphics/drawable/RotateDrawable$RotateState;->mPivotX:F (greylist-max-o, reflection, denied)
01-16 14:02:18.641 3752 3752 W System.err: java.lang.NoSuchFieldException: No field mPivotX in class Landroid/graphics/drawable/RotateDrawable$RotateState; (declaration of 'android.graphics.drawable.RotateDrawable$RotateState' appears in /system/framework/framework.jar)
01-16 14:02:18.641 3752 3752 W System.err: at java.lang.Class.getDeclaredField(Native Method)
01-16 14:02:18.641 3752 3752 W System.err: at org.qtproject.qt5.android.ExtractStyle.getAccessibleField(ExtractStyle.java:399)
01-16 14:02:18.641 3752 3752 W System.err: at org.qtproject.qt5.android.ExtractStyle.getRotateDrawable(ExtractStyle.java:712)
01-16 14:02:18.641 3752 3752 W System.err: at org.qtproject.qt5.android.ExtractStyle.getDrawable(ExtractStyle.java:1043)
01-16 14:02:18.641 3752 3752 W System.err: at org.qtproject.qt5.android.ExtractStyle.getLayerDrawable(ExtractStyle.java:623)
01-16 14:02:18.641 3752 3752 W System.err: at org.qtproject.qt5.android.ExtractStyle.getDrawable(ExtractStyle.java:1031)
01-16 14:02:18.641 3752 3752 W System.err: at org.qtproject.qt5.android.ExtractStyle.extractProgressBarInfo(ExtractStyle.java:1665)
01-16 14:02:18.641 3752 3752 W System.err: at org.qtproject.qt5.android.ExtractStyle.extractProgressBar(ExtractStyle.java:1677)
01-16 14:02:18.641 3752 3752 W System.err: at org.qtproject.qt5.android.ExtractStyle.(ExtractStyle.java:2007)
01-16 14:02:18.641 3752 3752 W System.err: at org.qtproject.qt5.android.QtActivityDelegate.loadApplication(QtActivityDelegate.java:619)
01-16 14:02:18.641 3752 3752 W System.err: at java.lang.reflect.Method.invoke(Native Method)
01-16 14:02:18.641 3752 3752 W System.err: at org.qtproject.qt5.android.bindings.QtLoader.loadApplication(QtLoader.java:267)
01-16 14:02:18.641 3752 3752 W System.err: at org.qtproject.qt5.android.bindings.QtLoader.startApp(QtLoader.java:505)
01-16 14:02:18.641 3752 3752 W System.err: at org.qtproject.qt5.android.bindings.QtActivityLoader.onCreate(QtActivityLoader.java:166)
01-16 14:02:18.641 3752 3752 W System.err: at org.qtproject.qt5.android.bindings.QtActivity.onCreateHook(QtActivity.java:267)
01-16 14:02:18.641 3752 3752 W System.err: at org.qtproject.qt5.android.bindings.QtActivity.onCreate(QtActivity.java:274)
01-16 14:02:18.642 3752 3752 W System.err: at org.protox.activity.QtActivityEx.onCreate(QtActivityEx.java:54)
01-16 14:02:18.642 3752 3752 W System.err: at android.app.Activity.performCreate(Activity.java:7802)
01-16 14:02:18.642 3752 3752 W System.err: at android.app.Activity.performCreate(Activity.java:7791)
01-16 14:02:18.642 3752 3752 W System.err: at android.app.Instrumentation.callActivityOnCreate(Instrumentation.java:1299)
01-16 14:02:18.642 3752 3752 W System.err: at android.app.ActivityThread.performLaunchActivity(ActivityThread.java:3245)
01-16 14:02:18.642 3752 3752 W System.err: at android.app.ActivityThread.handleLaunchActivity(ActivityThread.java:3409)
01-16 14:02:18.642 3752 3752 W System.err: at android.app.servertransaction.LaunchActivityItem.execute(LaunchActivityItem.java:83)
01-16 14:02:18.642 3752 3752 W System.err: at android.app.servertransaction.TransactionExecutor.executeCallbacks(TransactionExecutor.java:135)
01-16 14:02:18.642 3752 3752 W System.err: at android.app.servertransaction.TransactionExecutor.execute(TransactionExecutor.java:95)
01-16 14:02:18.642 3752 3752 W System.err: at android.app.ActivityThread$H.handleMessage(ActivityThread.java:2016)
01-16 14:02:18.642 3752 3752 W System.err: at android.os.Handler.dispatchMessage(Handler.java:107)
01-16 14:02:18.642 3752 3752 W System.err: at android.os.Looper.loop(Looper.java:214)
01-16 14:02:18.642 3752 3752 W System.err: at android.app.ActivityThread.main(ActivityThread.java:7356)
01-16 14:02:18.642 3752 3752 W System.err: at java.lang.reflect.Method.invoke(Native Method)
01-16 14:02:18.642 3752 3752 W System.err: at com.android.internal.os.RuntimeInit$MethodAndArgsCaller.run(RuntimeInit.java:492)
01-16 14:02:18.642 3752 3752 W System.err: at com.android.internal.os.ZygoteInit.main(ZygoteInit.java:930)
01-16 14:02:18.642 3752 3752 W System.err: java.lang.NullPointerException: Attempt to invoke virtual method 'float java.lang.reflect.Field.getFloat(java.lang.Object)' on a null object reference
01-16 14:02:18.642 3752 3752 W System.err: at org.qtproject.qt5.android.ExtractStyle.getRotateDrawable(ExtractStyle.java:712)
01-16 14:02:18.642 3752 3752 W System.err: at org.qtproject.qt5.android.ExtractStyle.getDrawable(ExtractStyle.java:1043)
01-16 14:02:18.642 3752 3752 W System.err: at org.qtproject.qt5.android.ExtractStyle.getLayerDrawable(ExtractStyle.java:623)
01-16 14:02:18.642 3752 3752 W System.err: at org.qtproject.qt5.android.ExtractStyle.getDrawable(ExtractStyle.java:1031)
01-16 14:02:18.642 3752 3752 W System.err: at org.qtproject.qt5.android.ExtractStyle.extractProgressBarInfo(ExtractStyle.java:1665)
01-16 14:02:18.642 3752 3752 W System.err: at org.qtproject.qt5.android.ExtractStyle.extractProgressBar(ExtractStyle.java:1677)
01-16 14:02:18.642 3752 3752 W System.err: at org.qtproject.qt5.android.ExtractStyle.(ExtractStyle.java:2007)
01-16 14:02:18.642 3752 3752 W System.err: at org.qtproject.qt5.android.QtActivityDelegate.loadApplication(QtActivityDelegate.java:619)
01-16 14:02:18.642 3752 3752 W System.err: at java.lang.reflect.Method.invoke(Native Method)
01-16 14:02:18.642 3752 3752 W System.err: at org.qtproject.qt5.android.bindings.QtLoader.loadApplication(QtLoader.java:267)
01-16 14:02:18.642 3752 3752 W System.err: at org.qtproject.qt5.android.bindings.QtLoader.startApp(QtLoader.java:505)
01-16 14:02:18.642 3752 3752 W System.err: at org.qtproject.qt5.android.bindings.QtActivityLoader.onCreate(QtActivityLoader.java:166)
01-16 14:02:18.642 3752 3752 W System.err: at org.qtproject.qt5.android.bindings.QtActivity.onCreateHook(QtActivity.java:267)
01-16 14:02:18.642 3752 3752 W System.err: at org.qtproject.qt5.android.bindings.QtActivity.onCreate(QtActivity.java:274)
01-16 14:02:18.642 3752 3752 W System.err: at org.protox.activity.QtActivityEx.onCreate(QtActivityEx.java:54)
01-16 14:02:18.642 3752 3752 W System.err: at android.app.Activity.performCreate(Activity.java:7802)
01-16 14:02:18.642 3752 3752 W System.err: at android.app.Activity.performCreate(Activity.java:7791)
01-16 14:02:18.642 3752 3752 W System.err: at android.app.Instrumentation.callActivityOnCreate(Instrumentation.java:1299)
01-16 14:02:18.642 3752 3752 W System.err: at android.app.ActivityThread.performLaunchActivity(ActivityThread.java:3245)
01-16 14:02:18.642 3752 3752 W System.err: at android.app.ActivityThread.handleLaunchActivity(ActivityThread.java:3409)
01-16 14:02:18.642 3752 3752 W System.err: at android.app.servertransaction.LaunchActivityItem.execute(LaunchActivityItem.java:83)
01-16 14:02:18.642 3752 3752 W System.err: at android.app.servertransaction.TransactionExecutor.executeCallbacks(TransactionExecutor.java:135)
01-16 14:02:18.642 3752 3752 W System.err: at android.app.servertransaction.TransactionExecutor.execute(TransactionExecutor.java:95)
01-16 14:02:18.642 3752 3752 W System.err: at android.app.ActivityThread$H.handleMessage(ActivityThread.java:2016)
01-16 14:02:18.642 3752 3752 W System.err: at android.os.Handler.dispatchMessage(Handler.java:107)
01-16 14:02:18.642 3752 3752 W System.err: at android.os.Looper.loop(Looper.java:214)
01-16 14:02:18.642 3752 3752 W System.err: at android.app.ActivityThread.main(ActivityThread.java:7356)
01-16 14:02:18.642 3752 3752 W System.err: at java.lang.reflect.Method.invoke(Native Method)
01-16 14:02:18.642 3752 3752 W System.err: at com.android.internal.os.RuntimeInit$MethodAndArgsCaller.run(RuntimeInit.java:492)
01-16 14:02:18.642 3752 3752 W System.err: at com.android.internal.os.ZygoteInit.main(ZygoteInit.java:930)
01-16 14:02:18.643 3752 3752 W org.protox: Accessing hidden field Landroid/graphics/drawable/RotateDrawable$RotateState;->mPivotX:F (greylist-max-o, reflection, denied)
01-16 14:02:18.644 3752 3752 W System.err: java.lang.NoSuchFieldException: No field mPivotX in class Landroid/graphics/drawable/RotateDrawable$RotateState; (declaration of 'android.graphics.drawable.RotateDrawable$RotateState' appears in /system/framework/framework.jar)
01-16 14:02:18.644 3752 3752 W System.err: at java.lang.Class.getDeclaredField(Native Method)
01-16 14:02:18.644 3752 3752 W System.err: at org.qtproject.qt5.android.ExtractStyle.getAccessibleField(ExtractStyle.java:399)
01-16 14:02:18.644 3752 3752 W System.err: at org.qtproject.qt5.android.ExtractStyle.getRotateDrawable(ExtractStyle.java:712)
01-16 14:02:18.644 3752 3752 W System.err: at org.qtproject.qt5.android.ExtractStyle.getDrawable(ExtractStyle.java:1043)
01-16 14:02:18.644 3752 3752 W System.err: at org.qtproject.qt5.android.ExtractStyle.getLayerDrawable(ExtractStyle.java:623)
01-16 14:02:18.644 3752 3752 W System.err: at org.qtproject.qt5.android.ExtractStyle.getDrawable(ExtractStyle.java:1031)
01-16 14:02:18.644 3752 3752 W System.err: at org.qtproject.qt5.android.ExtractStyle.extractProgressBarInfo(ExtractStyle.java:1665)
01-16 14:02:18.644 3752 3752 W System.err: at org.qtproject.qt5.android.ExtractStyle.extractProgressBar(ExtractStyle.java:1677)
01-16 14:02:18.644 3752 3752 W System.err: at org.qtproject.qt5.android.ExtractStyle.(ExtractStyle.java:2007)
01-16 14:02:18.644 3752 3752 W System.err: at org.qtproject.qt5.android.QtActivityDelegate.loadApplication(QtActivityDelegate.java:619)
01-16 14:02:18.644 3752 3752 W System.err: at java.lang.reflect.Method.invoke(Native Method)
01-16 14:02:18.644 3752 3752 W System.err: at org.qtproject.qt5.android.bindings.QtLoader.loadApplication(QtLoader.java:267)
01-16 14:02:18.644 3752 3752 W System.err: at org.qtproject.qt5.android.bindings.QtLoader.startApp(QtLoader.java:505)
01-16 14:02:18.644 3752 3752 W System.err: at org.qtproject.qt5.android.bindings.QtActivityLoader.onCreate(QtActivityLoader.java:166)
01-16 14:02:18.644 3752 3752 W System.err: at org.qtproject.qt5.android.bindings.QtActivity.onCreateHook(QtActivity.java:267)
01-16 14:02:18.644 3752 3752 W System.err: at org.qtproject.qt5.android.bindings.QtActivity.onCreate(QtActivity.java:274)
01-16 14:02:18.644 3752 3752 W System.err: at org.protox.activity.QtActivityEx.onCreate(QtActivityEx.java:54)
01-16 14:02:18.644 3752 3752 W System.err: at android.app.Activity.performCreate(Activity.java:7802)
01-16 14:02:18.644 3752 3752 W System.err: at android.app.Activity.performCreate(Activity.java:7791)
01-16 14:02:18.644 3752 3752 W System.err: at android.app.Instrumentation.callActivityOnCreate(Instrumentation.java:1299)
01-16 14:02:18.644 3752 3752 W System.err: at android.app.ActivityThread.performLaunchActivity(ActivityThread.java:3245)
01-16 14:02:18.644 3752 3752 W System.err: at android.app.ActivityThread.handleLaunchActivity(ActivityThread.java:3409)
01-16 14:02:18.644 3752 3752 W System.err: at android.app.servertransaction.LaunchActivityItem.execute(LaunchActivityItem.java:83)
01-16 14:02:18.644 3752 3752 W System.err: at android.app.servertransaction.TransactionExecutor.executeCallbacks(TransactionExecutor.java:135)
01-16 14:02:18.644 3752 3752 W System.err: at android.app.servertransaction.TransactionExecutor.execute(TransactionExecutor.java:95)
01-16 14:02:18.644 3752 3752 W System.err: at android.app.ActivityThread$H.handleMessage(ActivityThread.java:2016)
01-16 14:02:18.644 3752 3752 W System.err: at android.os.Handler.dispatchMessage(Handler.java:107)
01-16 14:02:18.644 3752 3752 W System.err: at android.os.Looper.loop(Looper.java:214)
01-16 14:02:18.644 3752 3752 W System.err: at android.app.ActivityThread.main(ActivityThread.java:7356)
01-16 14:02:18.644 3752 3752 W System.err: at java.lang.reflect.Method.invoke(Native Method)
01-16 14:02:18.644 3752 3752 W System.err: at com.android.internal.os.RuntimeInit$MethodAndArgsCaller.run(RuntimeInit.java:492)
01-16 14:02:18.644 3752 3752 W System.err: at com.android.internal.os.ZygoteInit.main(ZygoteInit.java:930)
01-16 14:02:18.644 3752 3752 W System.err: java.lang.NullPointerException: Attempt to invoke virtual method 'float java.lang.reflect.Field.getFloat(java.lang.Object)' on a null object reference
01-16 14:02:18.644 3752 3752 W System.err: at org.qtproject.qt5.android.ExtractStyle.getRotateDrawable(ExtractStyle.java:712)
01-16 14:02:18.644 3752 3752 W System.err: at org.qtproject.qt5.android.ExtractStyle.getDrawable(ExtractStyle.java:1043)
01-16 14:02:18.644 3752 3752 W System.err: at org.qtproject.qt5.android.ExtractStyle.getLayerDrawable(ExtractStyle.java:623)
01-16 14:02:18.645 3752 3752 W System.err: at org.qtproject.qt5.android.ExtractStyle.getDrawable(ExtractStyle.java:1031)
01-16 14:02:18.645 3752 3752 W System.err: at org.qtproject.qt5.android.ExtractStyle.extractProgressBarInfo(ExtractStyle.java:1665)
01-16 14:02:18.645 3752 3752 W System.err: at org.qtproject.qt5.android.ExtractStyle.extractProgressBar(ExtractStyle.java:1677)
01-16 14:02:18.645 3752 3752 W System.err: at org.qtproject.qt5.android.ExtractStyle.(ExtractStyle.java:2007)
01-16 14:02:18.645 3752 3752 W System.err: at org.qtproject.qt5.android.QtActivityDelegate.loadApplication(QtActivityDelegate.java:619)
01-16 14:02:18.645 3752 3752 W System.err: at java.lang.reflect.Method.invoke(Native Method)
01-16 14:02:18.645 3752 3752 W System.err: at org.qtproject.qt5.android.bindings.QtLoader.loadApplication(QtLoader.java:267)
01-16 14:02:18.645 3752 3752 W System.err: at org.qtproject.qt5.android.bindings.QtLoader.startApp(QtLoader.java:505)
01-16 14:02:18.645 3752 3752 W System.err: at org.qtproject.qt5.android.bindings.QtActivityLoader.onCreate(QtActivityLoader.java:166)
01-16 14:02:18.645 3752 3752 W System.err: at org.qtproject.qt5.android.bindings.QtActivity.onCreateHook(QtActivity.java:267)
01-16 14:02:18.645 3752 3752 W System.err: at org.qtproject.qt5.android.bindings.QtActivity.onCreate(QtActivity.java:274)
01-16 14:02:18.645 3752 3752 W System.err: at org.protox.activity.QtActivityEx.onCreate(QtActivityEx.java:54)
01-16 14:02:18.645 3752 3752 W System.err: at android.app.Activity.performCreate(Activity.java:7802)
01-16 14:02:18.645 3752 3752 W System.err: at android.app.Activity.performCreate(Activity.java:7791)
01-16 14:02:18.645 3752 3752 W System.err: at android.app.Instrumentation.callActivityOnCreate(Instrumentation.java:1299)
01-16 14:02:18.645 3752 3752 W System.err: at android.app.ActivityThread.performLaunchActivity(ActivityThread.java:3245)
01-16 14:02:18.645 3752 3752 W System.err: at android.app.ActivityThread.handleLaunchActivity(ActivityThread.java:3409)
01-16 14:02:18.645 3752 3752 W System.err: at android.app.servertransaction.LaunchActivityItem.execute(LaunchActivityItem.java:83)
01-16 14:02:18.645 3752 3752 W System.err: at android.app.servertransaction.TransactionExecutor.executeCallbacks(TransactionExecutor.java:135)
01-16 14:02:18.645 3752 3752 W System.err: at android.app.servertransaction.TransactionExecutor.execute(TransactionExecutor.java:95)
01-16 14:02:18.645 3752 3752 W System.err: at android.app.ActivityThread$H.handleMessage(ActivityThread.java:2016)
01-16 14:02:18.645 3752 3752 W System.err: at android.os.Handler.dispatchMessage(Handler.java:107)
01-16 14:02:18.645 3752 3752 W System.err: at android.os.Looper.loop(Looper.java:214)
01-16 14:02:18.645 3752 3752 W System.err: at android.app.ActivityThread.main(ActivityThread.java:7356)
01-16 14:02:18.645 3752 3752 W System.err: at java.lang.reflect.Method.invoke(Native Method)
01-16 14:02:18.645 3752 3752 W System.err: at com.android.internal.os.RuntimeInit$MethodAndArgsCaller.run(RuntimeInit.java:492)
01-16 14:02:18.645 3752 3752 W System.err: at com.android.internal.os.ZygoteInit.main(ZygoteInit.java:930)
01-16 14:02:18.690 3752 3752 W org.protox: Accessing hidden field Landroid/graphics/drawable/RotateDrawable$RotateState;->mPivotX:F (greylist-max-o, reflection, denied)
01-16 14:02:18.690 3752 3752 W System.err: java.lang.NoSuchFieldException: No field mPivotX in class Landroid/graphics/drawable/RotateDrawable$RotateState; (declaration of 'android.graphics.drawable.RotateDrawable$RotateState' appears in /system/framework/framework.jar)
01-16 14:02:18.690 3752 3752 W System.err: at java.lang.Class.getDeclaredField(Native Method)
01-16 14:02:18.690 3752 3752 W System.err: at org.qtproject.qt5.android.ExtractStyle.getAccessibleField(ExtractStyle.java:399)
01-16 14:02:18.690 3752 3752 W System.err: at org.qtproject.qt5.android.ExtractStyle.getRotateDrawable(ExtractStyle.java:712)
