01-16 13:56:27.950 1606 1606 E eglCodecCommon: glUtilsParamSize: unknow param 0x000082da
01-16 13:56:27.950 1606 1606 E eglCodecCommon: glUtilsParamSize: unknow param 0x000082da
01-16 13:56:27.953 1606 1606 I RenderEngine: OpenGL ES informations:
01-16 13:56:27.953 1606 1606 I RenderEngine: vendor : Google (Intel)
01-16 13:56:27.953 1606 1606 I RenderEngine: renderer : Android Emulator OpenGL ES Translator (Mesa Intel(R) HD Graphics 520 (SKL GT2))
01-16 13:56:27.953 1606 1606 I RenderEngine: version : OpenGL ES 3.1 (4.6 (Core Profile) Mesa 20.3.3 - kisak-mesa PPA)
01-16 13:56:27.953 1606 1606 I RenderEngine: extensions: GL_EXT_debug_marker GL_EXT_robustness GL_OES_EGL_image GL_OES_EGL_image_external GL_OES_depth24 GL_OES_depth32 GL_OES_element_index_uint GL_OES_texture_float GL_OES_texture_float_linear GL_OES_compressed_paletted_texture GL_OES_compressed_ETC1_RGB8_texture GL_OES_depth_texture GL_OES_texture_half_float GL_OES_texture_half_float_linear GL_OES_packed_depth_stencil GL_OES_vertex_half_float GL_OES_texture_npot GL_OES_rgb8_rgba8 GL_EXT_color_buffer_float GL_EXT_color_buffer_half_float GL_EXT_shader_framebuffer_fetch GL_EXT_texture_format_BGRA8888 GL_APPLE_texture_format_BGRA8888 ANDROID_EMU_CHECKSUM_HELPER_v1 ANDROID_EMU_dma_v1 ANDROID_EMU_direct_mem ANDROID_EMU_host_composition_v1 ANDROID_EMU_host_composition_v2 ANDROID_EMU_async_unmap_buffer GL_OES_EGL_image_external_essl3 GL_OES_vertex_array_object GL_KHR_texture_compression_astc_ldr ANDROID_EMU_gles_max_version_3_1
01-16 13:56:27.953 1606 1606 I RenderEngine: GL_MAX_TEXTURE_SIZE = 16384
01-16 13:56:27.953 1606 1606 I RenderEngine: GL_MAX_VIEWPORT_DIMS = 16384
01-16 13:56:27.954 1478 1478 I hwservicemanager: getTransport: Cannot find entry android.hardware.graphics.mapper@3.0::IMapper/default in either framework or device manifest.
01-16 13:56:27.954 1594 1722 D ComposerHal: failed to get mapper 3.0 service, falling back to mapper 2.0
01-16 13:56:28.026 1606 1606 I HWComposer: Switching to legacy multi-display mode
01-16 13:56:28.047 1626 1657 I ServiceManager: Waiting for service 'package_native' on '/dev/binder'...
01-16 13:56:28.056 1478 1478 I hwservicemanager: getTransport: Cannot find entry android.hardware.graphics.mapper@3.0::IMapper/default in either framework or device manifest.
01-16 13:56:28.056 1606 1606 W Gralloc3: mapper 3.x is not supported
01-16 13:56:28.060 1583 1583 D audio_hw_generic: Emulator host-side ALSA audio emulation detected.
01-16 13:56:28.060 1583 1583 D audio_hw_generic: mixer 0 name Master Playback Volume
01-16 13:56:28.060 1583 1583 D audio_hw_generic: set ctl 0 to 100
01-16 13:56:28.060 1583 1583 D audio_hw_generic: set ctl 1 to 100
01-16 13:56:28.060 1583 1583 D audio_hw_generic: mixer 1 name Master Playback Switch
01-16 13:56:28.060 1583 1583 D audio_hw_generic: set ctl 0 to 1
01-16 13:56:28.060 1583 1583 D audio_hw_generic: set ctl 1 to 1
01-16 13:56:28.060 1583 1583 D audio_hw_generic: mixer 2 name Capture Volume
01-16 13:56:28.060 1583 1583 D audio_hw_generic: set ctl 0 to 100
01-16 13:56:28.060 1583 1583 D audio_hw_generic: set ctl 1 to 100
01-16 13:56:28.060 1583 1583 D audio_hw_generic: mixer 3 name Capture Switch
01-16 13:56:28.060 1583 1583 D audio_hw_generic: set ctl 0 to 1
01-16 13:56:28.060 1583 1583 D audio_hw_generic: set ctl 1 to 1
01-16 13:56:28.060 1583 1583 D audio_hw_generic: mixer 4 name Line Phantom Jack
01-16 13:56:28.060 1583 1583 D audio_hw_generic: mixer 5 name Line Out Phantom Jack
01-16 13:56:28.060 1583 1583 D audio_hw_generic: mixer 6 name Playback Channel Map
01-16 13:56:28.060 1583 1583 D audio_hw_generic: mixer 7 name Capture Channel Map
01-16 13:56:28.061 1583 1583 W DeviceHAL: Error from HAL Device in function get_master_volume: Function not implemented
01-16 13:56:28.061 1583 1583 W DeviceHAL: Error from HAL Device in function get_master_mute: Function not implemented
01-16 13:56:28.061 1583 1583 W DeviceHAL: Error from HAL Device in function set_master_volume: Function not implemented
01-16 13:56:28.061 1583 1583 W DeviceHAL: Error from HAL Device in function set_master_mute: Function not implemented
01-16 13:56:28.061 1603 1603 I AudioFlinger: loadHwModule() Loaded primary audio interface, handle 10
01-16 13:56:28.061 1603 1603 I AudioFlinger: openOutput() this 0xf69c3000, module 10 Device 0x2, SamplingRate 44100, Format 0x000001, Channels 0x3, flags 0x2
01-16 13:56:28.066 1478 1478 I hwservicemanager: getTransport: Cannot find entry android.hardware.graphics.allocator@3.0::IAllocator/default in either framework or device manifest.
01-16 13:56:28.069 1606 1606 W Gralloc3: allocator 3.x is not supported
01-16 13:56:28.075 1603 1603 W AudioFlinger: HAL output buffer size is 661 frames but AudioMixer requires multiples of 16 frames
01-16 13:56:28.075 1603 1603 I AudioFlinger: HAL output buffer size 661 frames, normal sink buffer size 1056 frames
01-16 13:56:28.076 1593 1593 D : HostComposition ext ANDROID_EMU_CHECKSUM_HELPER_v1 ANDROID_EMU_dma_v1 ANDROID_EMU_direct_mem ANDROID_EMU_host_composition_v1 ANDROID_EMU_host_composition_v2 ANDROID_EMU_async_unmap_buffer GL_OES_EGL_image_external_essl3 GL_OES_vertex_array_object GL_KHR_texture_compression_astc_ldr ANDROID_EMU_gles_max_version_3_1
01-16 13:56:28.077 1593 1593 D gralloc_ranchu: gralloc_alloc: Creating ashmem region of size 8298496
01-16 13:56:28.085 1478 1478 I hwservicemanager: getTransport: Cannot find entry android.hardware.audio.effect@5.0::IEffectsFactory/default in either framework or device manifest.
01-16 13:56:28.112 1593 1593 D eglCodecCommon: allocate: Ask for block of size 0x1000
01-16 13:56:28.113 1593 1593 D eglCodecCommon: allocate: ioctl allocate returned offset 0x3ffffe000 size 0x2000
01-16 13:56:28.118 1606 1606 D : createUnique: call
01-16 13:56:28.123 1606 1606 D : HostConnection::get() New Host Connection established 0xec017ea0, tid 1606
01-16 13:56:28.135 1606 1606 D : HostComposition ext ANDROID_EMU_CHECKSUM_HELPER_v1 ANDROID_EMU_dma_v1 ANDROID_EMU_direct_mem ANDROID_EMU_host_composition_v1 ANDROID_EMU_host_composition_v2 ANDROID_EMU_async_unmap_buffer GL_OES_EGL_image_external_essl3 GL_OES_vertex_array_object GL_KHR_texture_compression_astc_ldr ANDROID_EMU_gles_max_version_3_1
01-16 13:56:28.135 1606 1606 D eglCodecCommon: allocate: Ask for block of size 0x1000
01-16 13:56:28.135 1606 1606 D eglCodecCommon: allocate: ioctl allocate returned offset 0x3ffffc000 size 0x2000
01-16 13:56:28.137 1593 1593 D gralloc_ranchu: gralloc_alloc: Creating ashmem region of size 8298496
01-16 13:56:28.147 1626 1657 I ServiceManager: Waiting for service 'package_native' on '/dev/binder'...
01-16 13:56:28.150 1593 1593 D gralloc_ranchu: gralloc_alloc: Creating ashmem region of size 8298496
01-16 13:56:28.184 1603 1603 I BufferProvider: found effect "Multichannel Downmix To Stereo" from The Android Open Source Project
01-16 13:56:28.185 1603 1603 I AudioFlinger: Using module 10 as the primary audio interface
01-16 13:56:28.185 1603 1809 I AudioFlinger: AudioFlinger's thread 0xf6a27ac0 tid=1809 ready to run
01-16 13:56:28.185 1603 1809 W AudioFlinger: no wake lock to update, system not ready yet
01-16 13:56:28.186 1603 1603 V APM_AudioPolicyManager: checkAndSetVolume cannot set volume group 3 volume with force use = 0 for comm
01-16 13:56:28.188 1603 1603 W AudioFlinger: moveEffects() bad srcOutput 0
01-16 13:56:28.188 1603 1603 V APM_AudioPolicyManager: selectOutputForMusicEffects selected output 13
01-16 13:56:28.188 1603 1603 V APM_AudioPolicyManager: setOutputDevices device {type:0x2,@:} delayMs 0
01-16 13:56:28.188 1603 1603 V APM_AudioPolicyManager: setOutputDevices() prevDevice {type:0x2,@:}
01-16 13:56:28.188 1603 1603 V APM_AudioPolicyManager: setOutputDevices changing device to {type:0x2,@:}
01-16 13:56:28.190 1603 1603 V APM_AudioPolicyManager: setOutputDevices() AF::createAudioPatch returned 0 patchHandle 12 num_sources 1 num_sinks 1
01-16 13:56:28.191 1603 1603 V APM_AudioPolicyManager: checkAndSetVolume cannot set volume group 3 volume with force use = 0 for comm
01-16 13:56:28.193 1603 1809 W AudioFlinger: no wake lock to update, system not ready yet
01-16 13:56:28.195 1578 1578 I AndroidRuntime: Using default boot image
01-16 13:56:28.195 1578 1578 I AndroidRuntime: Leaving lock profiling enabled
01-16 13:56:28.199 1603 1811 I AudioFlinger: AudioFlinger's thread 0xf27357c0 tid=1811 ready to run
01-16 13:56:28.199 1603 1811 W AudioFlinger: no wake lock to update, system not ready yet
01-16 13:56:28.238 1603 1811 W AudioFlinger: no wake lock to update, system not ready yet
01-16 13:56:28.253 1626 1657 I ServiceManager: Waiting for service 'package_native' on '/dev/binder'...
01-16 13:56:28.347 1583 1583 I r_submix: adev_open(name=audio_hw_if)
01-16 13:56:28.347 1583 1583 I r_submix: adev_init_check()
01-16 13:56:28.347 1583 1583 W DeviceHAL: Error from HAL Device in function set_master_volume: Function not implemented
01-16 13:56:28.347 1583 1583 W DeviceHAL: Error from HAL Device in function set_master_mute: Function not implemented
01-16 13:56:28.347 1603 1603 I AudioFlinger: loadHwModule() Loaded r_submix audio interface, handle 18
01-16 13:56:28.348 1583 1583 D r_submix: adev_open_input_stream(addr=0)
01-16 13:56:28.348 1583 1583 D r_submix: submix_audio_device_create_pipe_l(addr=0, idx=9)
01-16 13:56:28.348 1583 1583 D r_submix: now using address 0 for route 9
01-16 13:56:28.350 1603 1814 I AudioFlinger: AudioFlinger's thread 0xf2735780 tid=1814 ready to run
01-16 13:56:28.351 1603 1603 I : Waiting for activity service
01-16 13:56:28.351 1583 1583 D r_submix: adev_close_input_stream()
01-16 13:56:28.351 1583 1583 D r_submix: submix_audio_device_release_pipe_l(idx=9) addr=0
01-16 13:56:28.351 1583 1583 D r_submix: submix_audio_device_destroy_pipe_l(): pipe destroyed
01-16 13:56:28.353 1626 1657 I ServiceManager: Waiting for service 'package_native' on '/dev/binder'...
01-16 13:56:28.362 1578 1578 I zygote : option[0]=-Xzygote
01-16 13:56:28.362 1578 1578 I zygote : option[1]=-Xcheck:jni
01-16 13:56:28.362 1578 1578 I zygote : option[2]=exit
01-16 13:56:28.362 1578 1578 I zygote : option[3]=vfprintf
01-16 13:56:28.362 1578 1578 I zygote : option[4]=sensitiveThread
01-16 13:56:28.362 1578 1578 I zygote : option[5]=-verbose:gc
01-16 13:56:28.362 1578 1578 I zygote : option[6]=-Xms4m
01-16 13:56:28.362 1578 1578 I zygote : option[7]=-Xmx512m
01-16 13:56:28.362 1578 1578 I zygote : option[8]=-Xusejit:true
01-16 13:56:28.362 1578 1578 I zygote : option[9]=-Xjitsaveprofilinginfo
01-16 13:56:28.362 1578 1578 I zygote : option[10]=-XjdwpOptions:suspend=n,server=y
01-16 13:56:28.362 1578 1578 I zygote : option[11]=-XjdwpProvider:default
01-16 13:56:28.362 1578 1578 I zygote : option[12]=-Xlockprofthreshold:500
01-16 13:56:28.362 1578 1578 I zygote : option[13]=-Ximage-compiler-option
01-16 13:56:28.362 1578 1578 I zygote : option[14]=--runtime-arg
01-16 13:56:28.362 1578 1578 I zygote : option[15]=-Ximage-compiler-option
01-16 13:56:28.362 1578 1578 I zygote : option[16]=-Xms64m
01-16 13:56:28.362 1578 1578 I zygote : option[17]=-Ximage-compiler-option
01-16 13:56:28.362 1578 1578 I zygote : option[18]=--runtime-arg
01-16 13:56:28.362 1578 1578 I zygote : option[19]=-Ximage-compiler-option
01-16 13:56:28.362 1578 1578 I zygote : option[20]=-Xmx64m
01-16 13:56:28.362 1578 1578 I zygote : option[21]=-Ximage-compiler-option
01-16 13:56:28.362 1578 1578 I zygote : option[22]=--profile-file=/system/etc/boot-image.prof
01-16 13:56:28.362 1578 1578 I zygote : option[23]=-Ximage-compiler-option
01-16 13:56:28.362 1578 1578 I zygote : option[24]=--compiler-filter=speed-profile
01-16 13:56:28.362 1578 1578 I zygote : option[25]=-Xcompiler-option
01-16 13:56:28.362 1578 1578 I zygote : option[26]=--runtime-arg
01-16 13:56:28.362 1578 1578 I zygote : option[27]=-Xcompiler-option
01-16 13:56:28.362 1578 1578 I zygote : option[28]=-Xms64m
01-16 13:56:28.362 1578 1578 I zygote : option[29]=-Xcompiler-option
01-16 13:56:28.362 1578 1578 I zygote : option[30]=--runtime-arg
01-16 13:56:28.362 1578 1578 I zygote : option[31]=-Xcompiler-option
01-16 13:56:28.362 1578 1578 I zygote : option[32]=-Xmx512m
01-16 13:56:28.362 1578 1578 I zygote : option[33]=-Ximage-compiler-option
01-16 13:56:28.363 1578 1578 I zygote : option[34]=--instruction-set-variant=x86
01-16 13:56:28.363 1578 1578 I zygote : option[35]=-Xcompiler-option
01-16 13:56:28.363 1578 1578 I zygote : option[36]=--instruction-set-variant=x86
01-16 13:56:28.363 1578 1578 I zygote : option[37]=-Ximage-compiler-option
01-16 13:56:28.363 1578 1578 I zygote : option[38]=--instruction-set-features=default
01-16 13:56:28.363 1578 1578 I zygote : option[39]=-Xcompiler-option
01-16 13:56:28.363 1578 1578 I zygote : option[40]=--instruction-set-features=default
01-16 13:56:28.363 1578 1578 I zygote : option[41]=-Duser.locale=en-US
01-16 13:56:28.363 1578 1578 I zygote : option[42]=--cpu-abilist=x86
01-16 13:56:28.363 1578 1578 I zygote : option[43]=-Xcompiler-option
01-16 13:56:28.363 1578 1578 I zygote : option[44]=--generate-mini-debug-info
01-16 13:56:28.363 1578 1578 I zygote : option[45]=-Xcore-platform-api-policy:just-warn
01-16 13:56:28.363 1578 1578 I zygote : option[46]=-Xfingerprint:Android/sdk_phone_x86/generic_x86:10/QPP6.190730.005.B1/5775370:userdebug/test-keys
01-16 13:56:28.453 1626 1657 I ServiceManager: Waiting for service 'package_native' on '/dev/binder'...
01-16 13:56:28.553 1626 1657 I chatty : uid=0(root) /system/bin/storaged identical 1 line
01-16 13:56:28.653 1626 1657 I ServiceManager: Waiting for service 'package_native' on '/dev/binder'...
01-16 13:56:28.701 1578 1578 I zygote : Core platform API reporting enabled, enforcing=false
01-16 13:56:28.753 1626 1657 I ServiceManager: Waiting for service 'package_native' on '/dev/binder'...
01-16 13:56:29.054 1626 1657 I chatty : uid=0(root) /system/bin/storaged identical 3 lines
01-16 13:56:29.154 1626 1657 I ServiceManager: Waiting for service 'package_native' on '/dev/binder'...
01-16 13:56:29.165 1606 1745 W SurfaceFlinger: Faking VSYNC due to driver stall
01-16 13:56:29.254 1626 1657 I ServiceManager: Waiting for service 'package_native' on '/dev/binder'...
01-16 13:56:29.355 1626 1657 I chatty : uid=0(root) /system/bin/storaged identical 1 line
01-16 13:56:29.455 1626 1657 I ServiceManager: Waiting for service 'package_native' on '/dev/binder'...
01-16 13:56:29.471 1606 1606 D RenderEngine: shader cache generated - 48 shaders in 1305.396118 ms
01-16 13:56:29.472 1606 1606 I ServiceManagement: Registered android.frameworks.displayservice@1.0::IDisplayService/default (start delay of 8107ms)
01-16 13:56:29.472 1606 1606 D SurfaceFlinger: Setting power mode 2 on display 0
01-16 13:56:29.474 1606 1606 D SurfaceFlinger: Finished setting power mode 2 on display 0
01-16 13:56:29.558 1626 1657 I ServiceManager: Waiting for service 'package_native' on '/dev/binder'...
01-16 13:56:29.760 1626 1657 I chatty : uid=0(root) /system/bin/storaged identical 2 lines
01-16 13:56:29.861 1626 1657 I ServiceManager: Waiting for service 'package_native' on '/dev/binder'...
01-16 13:56:29.908 1818 1818 D BootAnimation: BootAnimationStartTiming start time: 19633ms
01-16 13:56:29.908 1818 1818 D BootAnimation: BootAnimationPreloadTiming start time: 19633ms
01-16 13:56:29.961 1626 1657 I ServiceManager: Waiting for service 'package_native' on '/dev/binder'...
01-16 13:56:30.015 1818 1818 D BootAnimation: BootAnimationPreloadStopTiming start time: 19740ms
01-16 13:56:30.016 1606 1741 E SurfaceFlinger: ro.sf.lcd_density must be defined as a build property
01-16 13:56:30.023 1818 1821 D libEGL : Emulator has host GPU support, qemu.gles is set to 1.
01-16 13:56:30.037 1818 1821 D libEGL : loaded /vendor/lib/egl/libEGL_emulation.so
01-16 13:56:30.039 1818 1821 D libEGL : loaded /vendor/lib/egl/libGLESv1_CM_emulation.so
01-16 13:56:30.051 1818 1821 D libEGL : loaded /vendor/lib/egl/libGLESv2_emulation.so
01-16 13:56:30.083 1626 1657 I ServiceManager: Waiting for service 'package_native' on '/dev/binder'...
01-16 13:56:30.095 1818 1821 D : HostConnection::get() New Host Connection established 0xeba3d4a0, tid 1821
01-16 13:56:30.130 1818 1821 D : HostComposition ext ANDROID_EMU_CHECKSUM_HELPER_v1 ANDROID_EMU_dma_v1 ANDROID_EMU_direct_mem ANDROID_EMU_host_composition_v1 ANDROID_EMU_host_composition_v2 ANDROID_EMU_async_unmap_buffer GL_OES_EGL_image_external_essl3 GL_OES_vertex_array_object GL_KHR_texture_compression_astc_ldr ANDROID_EMU_gles_max_version_3_1
01-16 13:56:30.137 1593 1593 D gralloc_ranchu: gralloc_alloc: Creating ashmem region of size 8298496
01-16 13:56:30.188 1626 1657 I ServiceManager: Waiting for service 'package_native' on '/dev/binder'...
01-16 13:56:30.245 1478 1478 I hwservicemanager: getTransport: Cannot find entry android.hardware.graphics.mapper@3.0::IMapper/default in either framework or device manifest.
01-16 13:56:30.245 1818 1821 W Gralloc3: mapper 3.x is not supported
01-16 13:56:30.258 1818 1821 D : createUnique: call
01-16 13:56:30.258 1818 1821 D : HostConnection::get() New Host Connection established 0xeba3d4f0, tid 1821
01-16 13:56:30.273 1818 1821 D : HostComposition ext ANDROID_EMU_CHECKSUM_HELPER_v1 ANDROID_EMU_dma_v1 ANDROID_EMU_direct_mem ANDROID_EMU_host_composition_v1 ANDROID_EMU_host_composition_v2 ANDROID_EMU_async_unmap_buffer GL_OES_EGL_image_external_essl3 GL_OES_vertex_array_object GL_KHR_texture_compression_astc_ldr ANDROID_EMU_gles_max_version_3_1
01-16 13:56:30.277 1818 1821 D eglCodecCommon: allocate: Ask for block of size 0x1000
01-16 13:56:30.277 1818 1821 D eglCodecCommon: allocate: ioctl allocate returned offset 0x3ffffa000 size 0x2000
01-16 13:56:30.289 1626 1657 I ServiceManager: Waiting for service 'package_native' on '/dev/binder'...
01-16 13:56:30.323 1818 1821 D eglCodecCommon: setVertexArrayObject: set vao to 0 (0) 0 0
01-16 13:56:30.323 1818 1821 D EGL_emulation: eglCreateContext: 0xeba6b4e0: maj 1 min 0 rcv 1
01-16 13:56:30.389 1626 1657 I ServiceManager: Waiting for service 'package_native' on '/dev/binder'...
01-16 13:56:30.489 1626 1657 I chatty : uid=0(root) /system/bin/storaged identical 1 line
01-16 13:56:30.590 1626 1657 I ServiceManager: Waiting for service 'package_native' on '/dev/binder'...
01-16 13:56:30.675 1818 1821 D EGL_emulation: eglMakeCurrent: 0xeba6b4e0: ver 1 0 (tinfo 0xeba000c0)
01-16 13:56:30.676 1818 1821 D BootAnimation: BootAnimationShownTiming start time: 20401ms
01-16 13:56:30.690 1626 1657 I ServiceManager: Waiting for service 'package_native' on '/dev/binder'...
01-16 13:56:30.890 1626 1657 I chatty : uid=0(root) /system/bin/storaged identical 2 lines
01-16 13:56:30.991 1626 1657 I ServiceManager: Waiting for service 'package_native' on '/dev/binder'...
01-16 13:56:31.090 1779 1779 E ipv6proxy: Failed to forward Router Advertisement from eth0 to wlan1: Network is unreachable
01-16 13:56:31.091 1626 1657 I ServiceManager: Waiting for service 'package_native' on '/dev/binder'...
01-16 13:56:31.204 1626 1657 I ServiceManager: Waiting for service 'package_native' on '/dev/binder'...
01-16 13:56:31.258 1606 1740 D : HostConnection::get() New Host Connection established 0xe9e40000, tid 1740
01-16 13:56:31.265 1606 1740 D : HostComposition ext ANDROID_EMU_CHECKSUM_HELPER_v1 ANDROID_EMU_dma_v1 ANDROID_EMU_direct_mem ANDROID_EMU_host_composition_v1 ANDROID_EMU_host_composition_v2 ANDROID_EMU_async_unmap_buffer GL_OES_EGL_image_external_essl3 GL_OES_vertex_array_object GL_KHR_texture_compression_astc_ldr ANDROID_EMU_gles_max_version_3_1
01-16 13:56:31.265 1593 1593 D gralloc_ranchu: gralloc_alloc: Creating ashmem region of size 8298496
01-16 13:56:31.267 1606 1606 I SurfaceFlinger: Enter boot animation
01-16 13:56:31.308 1594 1817 D eglCodecCommon: allocate: Ask for block of size 0x1000
01-16 13:56:31.308 1594 1817 D eglCodecCommon: allocate: ioctl allocate returned offset 0x3ffff8000 size 0x2000
01-16 13:56:31.324 1594 1817 D : createUnique: call
01-16 13:56:31.324 1594 1817 D : HostConnection::get() New Host Connection established 0xf5f3f0a0, tid 1817
01-16 13:56:31.334 1594 1817 D : HostComposition ext ANDROID_EMU_CHECKSUM_HELPER_v1 ANDROID_EMU_dma_v1 ANDROID_EMU_direct_mem ANDROID_EMU_host_composition_v1 ANDROID_EMU_host_composition_v2 ANDROID_EMU_async_unmap_buffer GL_OES_EGL_image_external_essl3 GL_OES_vertex_array_object GL_KHR_texture_compression_astc_ldr ANDROID_EMU_gles_max_version_3_1
01-16 13:56:31.335 1626 1657 I ServiceManager: Waiting for service 'package_native' on '/dev/binder'...
01-16 13:56:31.356 1594 1817 D gralloc_ranchu: gralloc_alloc: Creating ashmem region of size 8298496
01-16 13:56:31.386 1606 1822 D : HostConnection::get() New Host Connection established 0xe9e40140, tid 1822
01-16 13:56:31.387 1606 1822 D : HostComposition ext ANDROID_EMU_CHECKSUM_HELPER_v1 ANDROID_EMU_dma_v1 ANDROID_EMU_direct_mem ANDROID_EMU_host_composition_v1 ANDROID_EMU_host_composition_v2 ANDROID_EMU_async_unmap_buffer GL_OES_EGL_image_external_essl3 GL_OES_vertex_array_object GL_KHR_texture_compression_astc_ldr ANDROID_EMU_gles_max_version_3_1
01-16 13:56:31.393 1594 1817 I EmuHWC2 : targetCb 11
01-16 13:56:31.435 1626 1657 I ServiceManager: Waiting for service 'package_native' on '/dev/binder'...
01-16 13:56:31.535 1626 1657 I ServiceManager: Waiting for service 'package_native' on '/dev/binder'...
01-16 13:56:31.586 1593 1593 D gralloc_ranchu: gralloc_alloc: Creating ashmem region of size 8298496
01-16 13:56:31.638 1626 1657 I ServiceManager: Waiting for service 'package_native' on '/dev/binder'...
01-16 13:56:32.142 1626 1657 I chatty : uid=0(root) /system/bin/storaged identical 5 lines
01-16 13:56:32.242 1626 1657 I ServiceManager: Waiting for service 'package_native' on '/dev/binder'...
01-16 13:56:32.279 1785 1785 I hostapd : wlan1: interface state COUNTRY_UPDATE->HT_SCAN
01-16 13:56:32.342 1626 1657 I ServiceManager: Waiting for service 'package_native' on '/dev/binder'...
01-16 13:56:32.543 1626 1657 I chatty : uid=0(root) /system/bin/storaged identical 2 lines
01-16 13:56:32.643 1626 1657 I ServiceManager: Waiting for service 'package_native' on '/dev/binder'...
01-16 13:56:32.744 1626 1657 W ServiceManager: Service package_native didn't start. Returning NULL
01-16 13:56:32.744 1626 1657 E storaged: getService package_native failed
01-16 13:56:33.308 1578 1578 D ICU : Time zone APEX file found: /apex/com.android.tzdata/etc/icu/icu_tzdata.dat
01-16 13:56:33.632 1578 1578 W zygote : Unexpected CPU variant for X86 using defaults: x86
01-16 13:56:33.756 1785 1785 E hostapd : Using interface wlan1 with hwaddr 02:15:b2:00:01:00 and ssid "AndroidWifi"
01-16 13:56:33.756 1785 1785 I hostapd : wlan1: interface state HT_SCAN->ENABLED
01-16 13:56:33.756 1785 1785 I hostapd : wlan1: AP-ENABLED
01-16 13:56:34.143 1578 1578 W zygote : JNI RegisterNativeMethods: attempt to register 0 native methods for android.media.AudioAttributes
01-16 13:56:34.197 1578 1578 D Zygote : begin preload
01-16 13:56:34.199 1578 1578 I Zygote : Calling ZygoteHooks.beginPreload()
01-16 13:56:34.320 1578 1578 D Zygote32Timing: BeginPreload took to complete: 123ms
01-16 13:56:34.320 1578 1578 I Zygote : Preloading classes...
01-16 13:56:34.326 1578 1578 W Zygote : Class not found for preloading: android.app.-$$Lambda$ActivityThread$ZXDWm3IBeFmLnFVblhB-IOZCr9o
01-16 13:56:34.433 1578 1578 W Zygote : Class not found for preloading: android.bluetooth.BluetoothA2dp$2
01-16 13:56:34.457 1578 1578 I PackageBackwardCompatibility: Could not find android.content.pm.AndroidTestBaseUpdater, ignoring
01-16 13:56:36.318 1578 1578 E ActivityRecognitionHardware: activity_recognition HAL is deprecated. class_init is effectively a no-op
01-16 13:56:36.570 1578 1578 I zygote : Thread[1,tid=1578,Native,Thread*=0xeeabc800,peer=0x12c021f8,"main"] recursive attempt to load library "libmedia_jni.so"
01-16 13:56:36.570 1578 1578 D MtpDeviceJNI: register_android_mtp_MtpDevice
01-16 13:56:36.570 1578 1578 I zygote : Thread[1,tid=1578,Native,Thread*=0xeeabc800,peer=0x12c021f8,"main"] recursive attempt to load library "libmedia_jni.so"
01-16 13:56:36.570 1578 1578 I zygote : Thread[1,tid=1578,Native,Thread*=0xeeabc800,peer=0x12c021f8,"main"] recursive attempt to load library "libmedia_jni.so"
01-16 13:56:36.632 1578 1578 W Zygote : Class not found for preloading: android.media.audiopolicy.AudioProductStrategies
01-16 13:56:36.632 1578 1578 W Zygote : Class not found for preloading: android.media.audiopolicy.AudioVolumeGroups
01-16 13:56:37.010 1578 1825 I zygote : Background concurrent copying GC freed 41727(2207KB) AllocSpace objects, 16(388KB) LOS objects, 42% free, 2245KB/3928KB, paused 317us total 177.293ms
01-16 13:56:37.016 1578 1578 W Zygote : Class not found for preloading: android.view.textclassifier.-$$Lambda$TextClassificationManager$JIaezIJbMig_-kVzN6oArzkTsJE
01-16 13:56:37.043 1578 1578 W Zygote : Class not found for preloading: com.android.internal.net.NetworkStatsFactory
01-16 13:56:37.065 1578 1578 W Zygote : Class not found for preloading: com.android.internal.telephony.-$$Lambda$PhoneSubInfoController$8HFbCDJDN1mrLJG980qYH5MGqMk
01-16 13:56:37.065 1578 1578 W Zygote : Class not found for preloading: com.android.internal.telephony.-$$Lambda$PhoneSubInfoController$U28a_EGx2cvmQhDfRRgonMt5Zrc
01-16 13:56:37.065 1578 1578 W Zygote : Class not found for preloading: com.android.internal.telephony.-$$Lambda$SubscriptionInfoUpdater$-zZXM9oMRZ3vZz7dJOG19J00Bmw
01-16 13:56:37.065 1578 1578 W Zygote : Class not found for preloading: com.android.internal.telephony.-$$Lambda$SubscriptionInfoUpdater$D5yF1HbS4cvCyoAj3FESkPtA_0g
01-16 13:56:37.065 1578 1578 W Zygote : Class not found for preloading: com.android.internal.telephony.-$$Lambda$SubscriptionInfoUpdater$MMx9iQX0JVqqMPLTUZhdBubFSzU
01-16 13:56:37.122 1578 1578 W Zygote : Class not found for preloading: com.android.internal.telephony.PhoneConfigurationModels
01-16 13:56:37.159 1578 1578 W Zygote : Class not found for preloading: com.android.internal.telephony.SubscriptionController$ScLocalLog
01-16 13:56:37.164 1578 1578 W Zygote : Class not found for preloading: com.android.internal.telephony.UiccSmsController
01-16 13:56:37.342 1578 1578 I Zygote : ...preloaded 7590 classes in 3022ms.
01-16 13:56:37.342 1578 1578 I zygote : VMRuntime.preloadDexCaches starting
01-16 13:56:37.433 1578 1578 I zygote : VMRuntime.preloadDexCaches strings total=378956 before=9922 after=9922
01-16 13:56:37.433 1578 1578 I zygote : VMRuntime.preloadDexCaches types total=35810 before=7194 after=7462
01-16 13:56:37.433 1578 1578 I zygote : VMRuntime.preloadDexCaches fields total=160614 before=8020 after=8221
01-16 13:56:37.433 1578 1578 I zygote : VMRuntime.preloadDexCaches methods total=281485 before=10884 after=11316
01-16 13:56:37.433 1578 1578 I zygote : VMRuntime.preloadDexCaches finished
01-16 13:56:37.433 1578 1578 D Zygote32Timing: PreloadClasses took to complete: 3113ms
01-16 13:56:37.445 1578 1578 I zygote : The ClassLoaderContext is a special shared library.
01-16 13:56:37.446 1578 1578 D ApplicationLoaders: Created zygote-cached class loader: /system/framework/android.hidl.base-V1.0-java.jar
01-16 13:56:37.453 1578 1578 I zygote : The ClassLoaderContext is a special shared library.
01-16 13:56:37.454 1578 1578 D ApplicationLoaders: Created zygote-cached class loader: /system/framework/android.hidl.manager-V1.0-java.jar
01-16 13:56:37.454 1578 1578 D Zygote32Timing: CacheNonBootClasspathClassLoaders took to complete: 21ms
01-16 13:56:38.276 1578 1578 I Zygote : Preloading resources...
01-16 13:56:38.354 1578 1578 W Resources: Preloaded drawable resource #0x108027b (android:drawable/dialog_background_material) that varies with configuration!!
01-16 13:56:38.439 1578 1578 I Zygote : ...preloaded 64 resources in 163ms.
01-16 13:56:38.449 1578 1578 I Zygote : ...preloaded 41 resources in 7ms.
01-16 13:56:38.449 1578 1578 D Zygote32Timing: PreloadResources took to complete: 995ms
01-16 13:56:38.478 1578 1578 I Zygote : Preloading shared libraries...
01-16 13:56:38.542 1578 1578 I Zygote : Called ZygoteHooks.endPreload()
01-16 13:56:38.542 1578 1578 I Zygote : Installed AndroidKeyStoreProvider in 0ms.
01-16 13:56:38.580 1578 1578 I Zygote : Warmed up JCA providers in 38ms.
01-16 13:56:38.580 1578 1578 D Zygote : end preload
01-16 13:56:38.580 1578 1578 D Zygote32Timing: ZygotePreload took to complete: 4383ms
01-16 13:56:38.580 1578 1578 I zygote : Waiting for a blocking GC Explicit
01-16 13:56:38.631 1578 1578 I zygote : Explicit concurrent copying GC freed 9835(378KB) AllocSpace objects, 0(0B) LOS objects, 71% free, 2418KB/8562KB, paused 36us total 47.776ms
01-16 13:56:38.660 1578 1578 I zygote : Explicit concurrent copying GC freed 1659(97KB) AllocSpace objects, 0(0B) LOS objects, 72% free, 2353KB/8497KB, paused 33us total 26.304ms
01-16 13:56:38.660 1578 1578 D Zygote32Timing: PostZygoteInitGC took to complete: 80ms
01-16 13:56:38.660 1578 1578 D Zygote32Timing: ZygoteInit took to complete: 4463ms
01-16 13:56:38.843 1578 1578 D Zygote : Forked child process 1832
01-16 13:56:38.843 1578 1578 I Zygote : System server process 1832 has been created
01-16 13:56:38.846 1578 1578 I Zygote : Accepting command socket connections
01-16 13:56:38.918 1832 1832 I system_server: The ClassLoaderContext is a special shared library.
01-16 13:56:39.109 1832 1832 I chatty : uid=1000 system_server identical 2 lines
01-16 13:56:39.130 1832 1832 I system_server: The ClassLoaderContext is a special shared library.
01-16 13:56:39.164 1832 1832 W system_server: Unexpected CPU variant for X86 using defaults: x86
01-16 13:56:39.307 1832 1832 I SystemServer: InitBeforeStartServices
01-16 13:56:39.317 1832 1832 I SystemServer: Entered the Android system server!
01-16 13:56:40.045 1832 1832 E UsbAlsaJackDetectorJNI: Can't register UsbAlsaJackDetector native methods
01-16 13:56:40.139 1832 1832 D SystemServerTiming: InitBeforeStartServices took to complete: 829ms
01-16 13:56:40.139 1832 1832 I SystemServer: StartServices
01-16 13:56:40.139 1832 1832 I SystemServer: StartWatchdog
01-16 13:56:40.274 1832 1832 D SystemServerTiming: StartWatchdog took to complete: 135ms
01-16 13:56:40.274 1832 1832 I SystemServer: Reading configuration...
01-16 13:56:40.274 1832 1832 I SystemServer: ReadingSystemConfig
01-16 13:56:40.274 1832 1832 D SystemServerTiming: ReadingSystemConfig took to complete: 0ms
01-16 13:56:40.274 1832 1832 I SystemServer: StartInstaller
01-16 13:56:40.275 1832 1832 I SystemServiceManager: Starting com.android.server.pm.Installer
01-16 13:56:40.276 1832 1857 D SystemServerInitThreadPool: Started executing ReadingSystemConfig
01-16 13:56:40.306 1619 1636 D installd: Found quota mount /dev/block/vdc at /data
01-16 13:56:40.312 1832 1832 D SystemServerTiming: StartInstaller took to complete: 38ms
01-16 13:56:40.312 1832 1832 I SystemServer: DeviceIdentifiersPolicyService
01-16 13:56:40.312 1832 1832 I SystemServiceManager: Starting com.android.server.os.DeviceIdentifiersPolicyService
01-16 13:56:40.312 1832 1832 D SystemServerTiming: DeviceIdentifiersPolicyService took to complete: 0ms
01-16 13:56:40.312 1832 1832 I SystemServer: UriGrantsManagerService
01-16 13:56:40.312 1832 1832 I SystemServiceManager: Starting com.android.server.uri.UriGrantsManagerService$Lifecycle
01-16 13:56:40.359 1832 1832 D SystemServerTiming: UriGrantsManagerService took to complete: 47ms
01-16 13:56:40.359 1832 1832 I SystemServer: StartActivityManager
01-16 13:56:40.359 1832 1832 I SystemServiceManager: Starting com.android.server.wm.ActivityTaskManagerService$Lifecycle
01-16 13:56:40.386 1832 1832 I SystemServiceManager: Starting com.android.server.am.ActivityManagerService$Lifecycle
01-16 13:56:40.414 1832 1857 W SystemConfig: No directory /product/etc/sysconfig, skipping
01-16 13:56:40.480 1832 1857 W SystemConfig: No directory /product_services/etc/sysconfig, skipping
01-16 13:56:40.480 1832 1857 W SystemConfig: No directory /product_services/etc/permissions, skipping
01-16 13:56:40.480 1832 1857 D SystemServerInitThreadPool: Finished executing ReadingSystemConfig
01-16 13:56:40.517 1832 1832 I ActivityManager: Memory class: 512
01-16 13:56:40.589 1832 1832 D BatteryStatsImpl: Reading daily items from /data/system/batterystats-daily.xml
01-16 13:56:40.615 1478 1478 I hwservicemanager: getTransport: Cannot find entry android.hardware.power.stats@1.0::IPowerStats/default in either framework or device manifest.
01-16 13:56:40.617 1832 1864 I BatteryStatsService: Using power HAL
01-16 13:56:40.617 1832 1864 E BatteryStatsService: Unable to load Power.Stats.HAL. Setting rail availability to false
01-16 13:56:40.617 1832 1864 E BluetoothAdapter: Bluetooth binder is null
01-16 13:56:40.619 1832 1864 E BatteryExternalStatsWorker: no controller energy info supplied for telephony
01-16 13:56:40.622 1832 1864 E KernelCpuUidFreqTimeReader: Failed to read /proc/uid_time_in_state: java.nio.file.NoSuchFileException: /proc/uid_time_in_state
01-16 13:56:40.633 1832 1864 W KernelCpuProcStringReader: File not found. It's normal if not implemented: /proc/uid_time_in_state
01-16 13:56:40.634 1832 1864 W KernelCpuProcStringReader: File not found. It's normal if not implemented: /proc/uid_concurrent_active_time
01-16 13:56:40.634 1832 1864 W KernelCpuProcStringReader: File not found. It's normal if not implemented: /proc/uid_concurrent_policy_time
01-16 13:56:40.634 1832 1864 E KernelCpuSpeedReader: Failed to read cpu-freq: /sys/devices/system/cpu/cpu0/cpufreq/stats/time_in_state: open failed: ENOENT (No such file or directory)
01-16 13:56:40.637 1832 1864 W KernelMemoryBandwidthStats: No kernel memory bandwidth stats available
01-16 13:56:40.637 1832 1864 I PowerManagerService-JNI: Loaded power HAL 1.0 service
01-16 13:56:40.637 1832 1864 I PowerManagerService-JNI: Loaded power HAL 1.1 service
01-16 13:56:40.743 1478 1478 I hwservicemanager: getTransport: Cannot find entry android.hardware.memtrack@1.0::IMemtrack/default in either framework or device manifest.
01-16 13:56:40.747 1832 1832 E memtrack: Couldn't load memtrack module
01-16 13:56:40.747 1832 1832 W android.os.Debug: failed to get memory consumption info: -1
01-16 13:56:40.794 1832 1832 I IntentFirewall: Read new rules (A:0 B:0 S:0)
01-16 13:56:40.862 1832 1832 D AppOps : AppOpsService published
01-16 13:56:40.948 1832 1832 W SystemServiceManager: Service com.android.server.am.ActivityManagerService$Lifecycle took 96 ms in onStart
01-16 13:56:40.955 1832 1832 D SystemServerTiming: StartActivityManager took to complete: 596ms
01-16 13:56:40.955 1832 1832 I SystemServer: StartPowerManager
01-16 13:56:40.955 1832 1832 I SystemServiceManager: Starting com.android.server.power.PowerManagerService
01-16 13:56:40.993 1832 1832 D SystemServerTiming: StartPowerManager took to complete: 38ms
01-16 13:56:40.993 1832 1832 I SystemServer: StartThermalManager
01-16 13:56:40.993 1832 1832 I SystemServiceManager: Starting com.android.server.power.ThermalManagerService
01-16 13:56:40.995 1832 1832 D SystemServerTiming: StartThermalManager took to complete: 2ms
01-16 13:56:40.995 1832 1832 I SystemServer: InitPowerManagement
01-16 13:56:41.001 1832 1832 D SystemServerTiming: InitPowerManagement took to complete: 6ms
01-16 13:56:41.001 1832 1832 I SystemServer: StartRecoverySystemService
01-16 13:56:41.001 1832 1832 I SystemServiceManager: Starting com.android.server.RecoverySystemService
01-16 13:56:41.002 1832 1832 D SystemServerTiming: StartRecoverySystemService took to complete: 1ms
01-16 13:56:41.003 1832 1832 V RescueParty: Disabled because of manual property
01-16 13:56:41.003 1832 1832 I SystemServer: StartLightsService
01-16 13:56:41.003 1832 1832 I SystemServiceManager: Starting com.android.server.lights.LightsService
01-16 13:56:41.026 1832 1832 D SystemServerTiming: StartLightsService took to complete: 23ms
01-16 13:56:41.026 1832 1832 I SystemServer: StartSidekickService
01-16 13:56:41.026 1832 1832 D SystemServerTiming: StartSidekickService took to complete: 0ms
01-16 13:56:41.026 1832 1832 I SystemServer: StartDisplayManager
01-16 13:56:41.026 1832 1832 I SystemServiceManager: Starting com.android.server.display.DisplayManagerService
01-16 13:56:41.054 1832 1832 D SystemServerTiming: StartDisplayManager took to complete: 28ms
01-16 13:56:41.054 1832 1832 I SystemServer: WaitForDisplay
01-16 13:56:41.055 1832 1832 I SystemServiceManager: Starting phase 100
01-16 13:56:41.056 1606 1822 E SurfaceFlinger: ro.sf.lcd_density must be defined as a build property
01-16 13:56:41.115 1832 1852 I DisplayManagerService: Display device added: DisplayDeviceInfo{"Built-in Screen": uniqueId="local:0", 1080 x 1920, modeId 1, defaultModeId 1, supportedModes [{id=1, width=1080, height=1920, fps=60.000004}], colorMode 0, supportedColorModes [0], HdrCapabilities android.view.Display$HdrCapabilities@40f16308, density 420, 420.0 x 420.0 dpi, appVsyncOff 1000000, presDeadline 16666666, touch INTERNAL, rotation 0, type BUILT_IN, address {port=0}, state UNKNOWN, FLAG_DEFAULT_DISPLAY, FLAG_ROTATES_WITH_CONTENT, FLAG_SECURE, FLAG_SUPPORTS_PROTECTED_BUFFERS}
01-16 13:56:41.117 1606 1606 D SurfaceFlinger: Setting power mode 2 on display 0
01-16 13:56:41.120 1478 1478 I hwservicemanager: getTransport: Cannot find entry android.hardware.light@2.0::ILight/default in either framework or device manifest.
01-16 13:56:41.120 1832 1852 I DisplayManagerService: Display device changed state: "Built-in Screen", ON
01-16 13:56:41.120 1832 1832 W SystemServiceManager: Service com.android.server.display.DisplayManagerService took 65 ms in onBootPhase
01-16 13:56:41.120 1832 1832 D SystemServerTiming: WaitForDisplay took to complete: 65ms
01-16 13:56:41.125 1832 1832 I SystemServer: StartPackageManagerService
01-16 13:56:41.125 1832 1832 I Watchdog: Pausing HandlerChecker: main thread for reason: packagemanagermain. Pause count: 1
01-16 13:56:41.367 1832 1832 D SELinuxMMAC: Using policy file /system/etc/selinux/plat_mac_permissions.xml
01-16 13:56:41.385 1832 1832 D SELinuxMMAC: Using policy file /vendor/etc/selinux/vendor_mac_permissions.xml
01-16 13:56:41.394 1832 1832 D FallbackCategoryProvider: Found 1 fallback categories
01-16 13:56:42.039 1832 1832 D PackageManager: Destroying unknown cache 6f3b8171cded3916a1b7497096ae4162153ce213
01-16 13:56:42.060 1832 1832 D PackageManager: No files in app dir /vendor/overlay
01-16 13:56:42.408 1832 1832 D PackageManager: No files in app dir /product_services/overlay
01-16 13:56:42.408 1832 1832 D PackageManager: No files in app dir /odm/overlay
01-16 13:56:42.408 1832 1832 D PackageManager: No files in app dir /oem/overlay
01-16 13:56:42.412 1832 1832 W PackageManager: Failed to parse /system/framework/oat: Missing base APK in /system/framework/oat
01-16 13:56:42.414 1832 1832 W PackageManager: Failed to parse /system/framework/x86: Missing base APK in /system/framework/x86
01-16 13:56:42.656 1832 1880 I PackageParser: Parse times for '/system/priv-app/DocumentsUI': parse=163ms, update_cache=1 ms
01-16 13:56:42.680 1832 1881 I PackageParser: Parse times for '/system/priv-app/ContactsProvider': parse=183ms, update_cache=6 ms
01-16 13:56:42.686 1832 1882 I PackageParser: Parse times for '/system/priv-app/TelephonyProvider': parse=194ms, update_cache=1 ms
01-16 13:56:42.703 1832 1879 I PackageParser: Parse times for '/system/priv-app/PackageInstaller': parse=212ms, update_cache=1 ms
01-16 13:56:42.860 1832 1880 I PackageParser: Parse times for '/system/priv-app/PermissionController': parse=159ms, update_cache=44 ms
01-16 13:56:43.049 1832 1881 I PackageParser: Parse times for '/system/priv-app/ManagedProvisioning': parse=164ms, update_cache=5 ms
01-16 13:56:43.128 1832 1879 W PackageParser: Ignoring duplicate uses-permissions/uses-permissions-sdk-m: android.permission.INSTALL_GRANT_RUNTIME_PERMISSIONS in package: com.android.shell at: Binary XML file line #127
01-16 13:56:43.356 1832 1880 I PackageParser: Parse times for '/system/priv-app/SettingsProvider': parse=142ms, update_cache=2 ms
01-16 13:56:43.361 1832 1879 I PackageParser: Parse times for '/system/priv-app/CalendarProvider': parse=216ms, update_cache=1 ms
01-16 13:56:43.397 1832 1881 I PackageParser: Parse times for '/system/priv-app/TeleService': parse=339ms, update_cache=9 ms
01-16 13:56:43.503 1832 1843 I system_server: Background concurrent copying GC freed 70964(4203KB) AllocSpace objects, 12(404KB) LOS objects, 42% free, 3082KB/5393KB, paused 46us total 123.354ms
01-16 13:56:43.577 1832 1882 I PackageParser: Parse times for '/system/priv-app/CellBroadcastReceiver': parse=477ms, update_cache=1 ms
01-16 13:56:43.635 1832 1880 I PackageParser: Parse times for '/system/priv-app/Telecom': parse=253ms, update_cache=2 ms
01-16 13:56:43.939 1832 1886 I PackageParser: Parse times for '/system/app/Traceur': parse=210ms, update_cache=1 ms
01-16 13:56:43.968 1832 1885 W PackageParser: Ignoring duplicate uses-permissions/uses-permissions-sdk-m: android.permission.READ_CONTACTS in package: com.android.bluetooth at: Binary XML file line #67
01-16 13:56:43.992 1832 1885 W PackageParser: No actions in intent filter at /system/app/Bluetooth/Bluetooth.apk Binary XML file line #263
01-16 13:56:44.002 1832 1885 I PackageParser: Parse times for '/system/app/Bluetooth': parse=220ms, update_cache=7 ms
01-16 13:56:44.007 1832 1886 W PackageParser: No actions in intent filter at /system/app/CarrierDefaultApp/CarrierDefaultApp.apk Binary XML file line #43
01-16 13:56:44.076 1832 1887 I PackageParser: Parse times for '/system/app/CertInstaller': parse=277ms, update_cache=1 ms
01-16 13:56:44.096 1832 1884 I PackageParser: Parse times for '/system/app/messaging': parse=402ms, update_cache=2 ms
01-16 13:56:44.165 1832 1886 I PackageParser: Parse times for '/system/app/PresencePolling': parse=103ms, update_cache=10 ms
01-16 13:56:44.259 1832 1887 W PackageParser: Ignoring duplicate uses-permissions/uses-permissions-sdk-m: android.permission.CHANGE_WIFI_STATE in package: com.android.nfc at: Binary XML file line #52
01-16 13:56:44.275 1832 1887 W PackageParser: Ignoring duplicate uses-permissions/uses-permissions-sdk-m: android.permission.ACCESS_WIFI_STATE in package: com.android.nfc at: Binary XML file line #53
01-16 13:56:44.297 1832 1885 I PackageParser: Parse times for '/system/app/LiveWallpapersPicker': parse=220ms, update_cache=21 ms
01-16 13:56:44.330 1832 1887 I PackageParser: Parse times for '/system/app/NfcNci': parse=206ms, update_cache=2 ms
01-16 13:56:44.332 1832 1832 D PackageManager: No files in app dir /vendor/priv-app
01-16 13:56:44.332 1832 1832 D PackageManager: No files in app dir /vendor/app
01-16 13:56:44.332 1832 1832 D PackageManager: No files in app dir /odm/priv-app
01-16 13:56:44.332 1832 1832 D PackageManager: No files in app dir /odm/app
01-16 13:56:44.332 1832 1832 D PackageManager: No files in app dir /oem/app
01-16 13:56:44.478 1832 1888 I PackageParser: Parse times for '/system/product/priv-app/Launcher3QuickStep': parse=125ms, update_cache=1 ms
01-16 13:56:44.626 1832 1889 I PackageParser: Parse times for '/system/product/priv-app/EmergencyInfo': parse=279ms, update_cache=5 ms
01-16 13:56:44.736 1832 1890 W PackageParser: Unknown element under : meta-data at /system/product/priv-app/Dialer/Dialer.apk Binary XML file line #115
01-16 13:56:44.812 1832 1891 W PackageParser: No actions in intent filter at /system/product/priv-app/Contacts/Contacts.apk Binary XML file line #411
01-16 13:56:44.816 1832 1891 I PackageParser: Parse times for '/system/product/priv-app/Contacts': parse=469ms, update_cache=3 ms
01-16 13:56:44.839 1832 1890 I PackageParser: Parse times for '/system/product/priv-app/Dialer': parse=489ms, update_cache=7 ms
01-16 13:56:44.914 1832 1889 I PackageParser: Parse times for '/system/product/priv-app/SettingsIntelligence': parse=271ms, update_cache=8 ms
01-16 13:56:45.024 1832 1889 I PackageParser: Parse times for '/system/product/priv-app/Provision': parse=95ms, update_cache=13 ms
01-16 13:56:45.082 1832 1843 I system_server: Background young concurrent copying GC freed 25494(1508KB) AllocSpace objects, 5(132KB) LOS objects, 31% free, 3716KB/5393KB, paused 35us total 241.693ms
01-16 13:56:45.101 1832 1888 I PackageParser: Parse times for '/system/product/priv-app/StorageManager': parse=612ms, update_cache=1 ms
01-16 13:56:45.145 1832 1891 W PackageParser: Ignoring duplicate uses-permissions/uses-permissions-sdk-m: android.permission.CONFIGURE_WIFI_DISPLAY in package: com.android.systemui at: Binary XML file line #151
01-16 13:56:45.279 1832 1891 I PackageParser: Parse times for '/system/product/priv-app/SystemUI': parse=459ms, update_cache=1 ms
01-16 13:56:45.815 1832 1890 I PackageParser: Parse times for '/system/product/priv-app/Settings': parse=877ms, update_cache=16 ms
01-16 13:56:45.827 1832 1832 W PackageManager: Skipping provider name androidx.lifecycle.process.lifecycle-process (in package com.android.settings): name already used by com.android.systemui
01-16 13:56:45.964 1832 1894 I PackageParser: Parse times for '/system/product/app/QuickSearchBox': parse=123ms, update_cache=12 ms
01-16 13:56:46.144 1832 1895 I PackageParser: Parse times for '/system/product/app/webview': parse=216ms, update_cache=1 ms
01-16 13:56:46.218 1832 1893 I PackageParser: Parse times for '/system/product/app/Camera2': parse=372ms, update_cache=1 ms
01-16 13:56:46.250 1832 1892 I PackageParser: Parse times for '/system/product/app/LatinIME': parse=420ms, update_cache=1 ms
01-16 13:56:46.296 1832 1894 W PackageParser: Ignoring duplicate uses-permissions/uses-permissions-sdk-m: android.permission.WRITE_CONTACTS in package: com.android.email at: Binary XML file line #45
01-16 13:56:46.392 1832 1893 I PackageParser: Parse times for '/system/product/app/Gallery2': parse=171ms, update_cache=2 ms
01-16 13:56:46.436 1832 1894 I PackageParser: Parse times for '/system/product/app/Email': parse=469ms, update_cache=2 ms
01-16 13:56:46.475 1832 1892 I PackageParser: Parse times for '/system/product/app/Calendar': parse=209ms, update_cache=1 ms
01-16 13:56:46.527 1832 1893 I PackageParser: Parse times for '/system/product/app/WallpaperPicker': parse=133ms, update_cache=1 ms
01-16 13:56:46.551 1832 1895 I PackageParser: Parse times for '/system/product/app/DeskClock': parse=300ms, update_cache=8 ms
01-16 13:56:46.552 1832 1832 D PackageManager: No files in app dir /product_services/priv-app
01-16 13:56:46.552 1832 1832 D PackageManager: No files in app dir /product_services/app
01-16 13:56:46.552 1832 1832 I PackageManager: Finished scanning system apps. Time: 4515 ms, packageCount: 133 , timePerPackage: 33 , cached: 0
01-16 13:56:46.552 1832 1832 D PackageManager: No files in app dir /data/app
01-16 13:56:46.552 1832 1832 I PackageManager: Finished scanning non-system apps. Time: 0 ms, packageCount: 0 , timePerPackage: 0 , cached: 0
01-16 13:56:46.580 1832 1832 I PackageManager: Time to scan packages: 4.542 seconds
01-16 13:56:46.581 1832 1832 I PackageManager: Un-granting permission android.permission.GLOBAL_SEARCH from package com.android.quicksearchbox (protectionLevel=18 flags=0x3008be45)
01-16 13:56:46.581 1832 1832 I PackageManager: Un-granting permission android.permission.BIND_WALLPAPER from package com.android.camera2 (protectionLevel=18 flags=0x2058bc45)
01-16 13:56:46.608 1832 1832 I PackageManager: Un-granting permission android.permission.CONNECTIVITY_USE_RESTRICTED_NETWORKS from package com.android.captiveportallogin (protectionLevel=18 flags=0x3848be45)
01-16 13:56:46.608 1832 1832 I PackageManager: Un-granting permission android.permission.NETWORK_BYPASS_PRIVATE_DNS from package com.android.captiveportallogin (protectionLevel=2 flags=0x3848be45)
01-16 13:56:46.608 1832 1832 V PackageManager: reconcileAppsData for null u0 0x1 migrateAppData=true
01-16 13:56:46.639 1619 1636 I SELinux : SELinux: Loaded file_contexts
01-16 13:56:46.667 1832 1843 I system_server: Background concurrent copying GC freed 33243(1642KB) AllocSpace objects, 5(260KB) LOS objects, 42% free, 3650KB/6387KB, paused 40us total 123.272ms
01-16 13:56:46.765 1832 1832 V PackageManager: reconcileAppsData finished 20 packages
01-16 13:56:46.765 1832 1897 D SystemServerInitThreadPool: Started executing prepareAppData
01-16 13:56:46.833 1832 1832 I SELinux : SELinux: Loaded file_contexts
01-16 13:56:46.862 1832 1832 E PackageManager: There should probably be a verifier, but, none were found
01-16 13:56:46.866 1832 1832 D PackageManager: Ephemeral resolver NOT found; no matching intent filters
01-16 13:56:46.866 1832 1832 D PackageManager: Instant App installer not found with android.intent.action.INSTALL_INSTANT_APP_PACKAGE
01-16 13:56:46.866 1832 1832 D PackageManager: Clear ephemeral installer activity
01-16 13:56:46.975 1832 1832 I system_server: Explicit concurrent copying GC freed 24888(1170KB) AllocSpace objects, 5(228KB) LOS objects, 42% free, 3407KB/5963KB, paused 36us total 105.187ms
01-16 13:56:46.982 1832 1832 I Watchdog: Resuming HandlerChecker: main thread for reason: packagemanagermain. Pause count: 0
01-16 13:56:46.983 1832 1832 D SystemServerTiming: StartPackageManagerService took to complete: 5858ms
01-16 13:56:46.983 1832 1832 I SystemServer: StartOtaDexOptService
01-16 13:56:46.983 1832 1832 I Watchdog: Pausing HandlerChecker: main thread for reason: moveab. Pause count: 1
01-16 13:56:47.000 1832 1832 D OTADexopt: No upgrade, skipping A/B artifacts check.
01-16 13:56:47.000 1832 1832 I Watchdog: Resuming HandlerChecker: main thread for reason: moveab. Pause count: 0
01-16 13:56:47.000 1832 1832 D SystemServerTiming: StartOtaDexOptService took to complete: 17ms
01-16 13:56:47.000 1832 1832 I SystemServer: StartUserManagerService
01-16 13:56:47.000 1832 1832 I SystemServiceManager: Starting com.android.server.pm.UserManagerService$LifeCycle
01-16 13:56:47.000 1832 1832 D SystemServerTiming: StartUserManagerService took to complete: 0ms
01-16 13:56:47.000 1832 1832 I SystemServer: InitAttributerCache
01-16 13:56:47.000 1832 1832 D SystemServerTiming: InitAttributerCache took to complete: 0ms
