01-16 13:56:47.000 1832 1832 I SystemServer: SetSystemProcess
01-16 13:56:47.023 1605 1605 I lowmemorykiller: lmkd data connection established
01-16 13:56:47.037 1603 1603 I : Waiting for sensor privacy service
01-16 13:56:47.037 1615 1615 I : Waiting for sensor privacy service
01-16 13:56:47.038 1832 1832 D SystemServerTiming: SetSystemProcess took to complete: 38ms
01-16 13:56:47.038 1832 1832 I SystemServer: InitWatchdog
01-16 13:56:47.038 1832 1832 D SystemServerTiming: InitWatchdog took to complete: 0ms
01-16 13:56:47.039 1832 1832 I SystemServer: StartOverlayManagerService
01-16 13:56:47.159 1619 1636 W installd: Ignoring /data/data/UzcUn5pPQYqy6EHeYjHoRWkt8N05MAaaB8ItwD/qzZFYxhyhUX9YDDGcAS7,B with unexpected GID 0 instead of 10041
01-16 13:56:47.189 1619 1636 W installd: Ignoring /data/data/shpvyg60o38QgVDenClvhVJS,I9KMRQM/mXVKZ+DLn8uHHx93Y42GKD with unexpected GID 0 instead of 1000
01-16 13:56:47.254 1619 1636 W installd: Ignoring /data/data/hbFqDONbP1PDkj,Uijh7F+u8VbkA91lQ/OrSHpIgq7SyNp5Uf1qsJeA with unexpected GID 0 instead of 10057
01-16 13:56:47.275 1619 1636 W installd: Ignoring /data/data/yE+e3yUrAQle58EBPFgUaadhNFjchLix/aKDuJ7V5f1vJnJKmYYt9AB with unexpected GID 0 instead of 1073
01-16 13:56:47.317 1619 1636 W installd: Ignoring /data/data/NwUFau+bwDHpv0MTqtzAwB/VZNrsR+slFBAxmp1U+PloC with unexpected GID 0 instead of 1000
01-16 13:56:47.332 1619 1636 W installd: Ignoring /data/data/QtyBQlGo0tKPhqzRfeBTCCvU0SM/UXLknT68caMtM,0P0PkG4D with unexpected GID 0 instead of 10095
01-16 13:56:47.343 1619 1636 W installd: Ignoring /data/data/dx1Gw493mjg4b2GUbm,nZD/v112KYMIG6JW+PuyotOajD with unexpected GID 0 instead of 1027
01-16 13:56:47.371 1619 1636 W installd: Ignoring /data/data/ZdNqO+vEOJkHhRMxKh+0dBya6QkbFLJ5i2kovoxryFC/7CuFRXsqDXaW0s1fb,rVdD with unexpected GID 0 instead of 1000
01-16 13:56:47.372 1619 1636 W installd: Ignoring /data/data/Y8dSHPmZVFONxfPbtwycxMwUF8xkHXat/dTAlRwJI7aL+el0PSll,BC with unexpected GID 0 instead of 10059
01-16 13:56:47.374 1619 1636 W installd: Ignoring /data/data/GS8DPfCT6CiPNfCNBI9,6oNmSLJ/a7YTlerPWGQzoZSGMBHR,B with unexpected GID 0 instead of 10096
01-16 13:56:47.374 1619 1636 W installd: Ignoring /data/data/z7s1V11fqDwSlSjqkFP6mOXnoffoNTkE/GqTZhX00k5mYmOdFgO6UpA with unexpected GID 0 instead of 1000
01-16 13:56:47.375 1619 1636 W installd: Ignoring /data/data/LZgQWke8h3myM432Ys2B,C/KVnJ2DgE6Th0RS4ProiPHC with unexpected GID 0 instead of 10072
01-16 13:56:47.377 1619 1636 W installd: Ignoring /data/data/osGe1SusLAa5PedMqzUviJMX,4MCnU3eFDM,uA/sNTYLqXKx6mrzJlb5OkXlD with unexpected GID 0 instead of 1000
01-16 13:56:47.378 1619 1636 W installd: Ignoring /data/data/WUZnCqdm0rxst8Eul,edNZWv58G/uhybl5y0HFFiMlKhg0eBGA with unexpected GID 0 instead of 1000
01-16 13:56:47.379 1619 1636 W installd: Ignoring /data/data/ioWTrQ3tu0i57iOSkMveMft8DKn85Kgy/zMqpmnHsdth6FfQXjJOspD with unexpected GID 0 instead of 10101
01-16 13:56:47.394 1619 1636 W installd: Ignoring /data/data/FFP+mpre+7laZgqEC7kNPl671IFIdHVTl51d0C/thYobA5iTupHgSmGa5fPFA with unexpected GID 0 instead of 1000
01-16 13:56:47.400 1619 1636 W installd: Ignoring /data/data/PeckgC8vdP9ETQyeBcbpmNXnoffoNTkEbeDPK,dTQCO/ntdhg0mV7ilbfpSFJ,,AiA with unexpected GID 0 instead of 10093
01-16 13:56:47.402 1619 1636 W installd: Ignoring /data/data/_AAAAAAAAAAAn1SKRClCVgWAd3EvUE4UT/II+cnswsrrjdRiMEMmcbJA with unexpected GID 0 instead of 1000
01-16 13:56:47.411 1619 1636 W installd: Ignoring /data/data/+ke7IZPvkkGbNrNU3NMoagbetnJ/cInaiKewMwjvEoZc1499lB with unexpected GID 0 instead of 1000
01-16 13:56:47.425 1619 1636 W installd: Ignoring /data/data/_AAAAAAAAAAweC0m+REWq6zHpAT71f6r6/eu,p6ZOTgpDvbxn8qJoyAA with unexpected GID 0 instead of 1073
01-16 13:56:47.433 1619 1636 W installd: Ignoring /data/data/7IhJwiTFNTJt58UJXkyCs4MXVu+H74vA5oxiFA/+1M7pDVjDLf91Gu63HM3CB with unexpected GID 0 instead of 1000
01-16 13:56:47.434 1619 1636 W installd: Ignoring /data/data/MKojGIUGzqUPNdg4zhB3Vk671IFIdHVTl51d0C/7YfmuLf1V5cMxIFRK6aAAB with unexpected GID 0 instead of 1000
01-16 13:56:47.447 1619 1636 W installd: Ignoring /data/data/7CdG7C1FxUamYGPf0zdHSZz,VdO,7tJg/WtPx1h6h+IbVJ,FdVxhHBC with unexpected GID 0 instead of 1002
01-16 13:56:47.472 1832 1832 D SystemServerTiming: StartOverlayManagerService took to complete: 433ms
01-16 13:56:47.472 1832 1832 I SystemServer: StartSensorPrivacyService
01-16 13:56:47.472 1832 1832 D SystemServerTiming: StartSensorPrivacyService took to complete: 0ms
01-16 13:56:47.473 1832 1857 D SystemServerInitThreadPool: Started executing StartSensorService
01-16 13:56:47.473 1832 1857 D SensorService: nuSensorService starting...
01-16 13:56:47.473 1832 1832 I SystemServer: StartBatteryService
01-16 13:56:47.473 1832 1832 I SystemServiceManager: Starting com.android.server.BatteryService
01-16 13:56:47.474 1478 1478 I hwservicemanager: getTransport: Cannot find entry android.hardware.sensors@2.0::ISensors/default in either framework or device manifest.
01-16 13:56:47.476 1832 1857 I SensorService: Reported power 0.000000 not deemed sane, clamping to 0.001000
01-16 13:56:47.485 1832 1905 D SensorService: nuSensorService thread starting...
01-16 13:56:47.486 1832 1857 D SystemServerTimingAsync: StartSensorService took to complete: 13ms
01-16 13:56:47.486 1832 1857 D SystemServerInitThreadPool: Finished executing StartSensorService
01-16 13:56:47.486 1832 1904 D SensorService: new thread SensorEventAckReceiver
01-16 13:56:47.495 1478 1478 I hwservicemanager: getTransport: Cannot find entry android.hardware.soundtrigger@2.0::ISoundTriggerHw/default in either framework or device manifest.
01-16 13:56:47.496 1615 1615 I ServiceManagement: Registered android.frameworks.cameraservice.service@2.0::ICameraService/default (start delay of 26100ms)
01-16 13:56:47.496 1603 1603 E SoundTriggerHwService: could not read implementation properties
01-16 13:56:47.554 1832 1832 I android_os_HwBinder: HwBinder: Starting thread pool for getting: android.hardware.health@2.0::IHealth/default
01-16 13:56:47.685 1832 1832 I android_os_HwBinder: HwBinder: Starting thread pool for getting: android.hidl.manager@1.0::IServiceManager/default
01-16 13:56:47.687 1832 1832 I HealthServiceWrapper: health: HealthServiceWrapper listening to instance default
01-16 13:56:47.687 1832 1832 I BatteryService: health: Waited 0ms for callbacks. Waiting another 1000 ms...
01-16 13:56:47.748 1832 1864 E BluetoothAdapter: Bluetooth binder is null
01-16 13:56:47.748 1832 1864 E BatteryExternalStatsWorker: no controller energy info supplied for telephony
01-16 13:56:47.749 1832 1864 E KernelCpuUidFreqTimeReader: Failed to read /proc/uid_time_in_state: java.nio.file.NoSuchFileException: /proc/uid_time_in_state
01-16 13:56:47.750 1832 1864 W KernelCpuProcStringReader: File not found. It's normal if not implemented: /proc/uid_time_in_state
01-16 13:56:47.751 1832 1864 W KernelCpuProcStringReader: File not found. It's normal if not implemented: /proc/uid_concurrent_active_time
01-16 13:56:47.751 1832 1864 W KernelCpuProcStringReader: File not found. It's normal if not implemented: /proc/uid_concurrent_policy_time
01-16 13:56:47.751 1832 1864 E KernelCpuSpeedReader: Failed to read cpu-freq: /sys/devices/system/cpu/cpu0/cpufreq/stats/time_in_state: open failed: ENOENT (No such file or directory)
01-16 13:56:47.757 1832 1864 I BatteryStatsImpl: Resetting battery stats: level=100 status=4 dischargeLevel=100 lowAmount=0 highAmount=0
01-16 13:56:47.773 1832 1864 E KernelCpuUidFreqTimeReader: Failed to read /proc/uid_time_in_state: java.nio.file.NoSuchFileException: /proc/uid_time_in_state
01-16 13:56:47.775 1832 1864 E KernelCpuSpeedReader: Failed to read cpu-freq: /sys/devices/system/cpu/cpu0/cpufreq/stats/time_in_state: open failed: ENOENT (No such file or directory)
01-16 13:56:47.802 1832 1832 I BatteryService: health: Waited 115ms and received the update.
01-16 13:56:47.803 1832 1832 W SystemServiceManager: Service com.android.server.BatteryService took 250 ms in onStart
01-16 13:56:47.803 1832 1832 D SystemServerTiming: StartBatteryService took to complete: 330ms
01-16 13:56:47.803 1832 1832 I SystemServer: StartUsageService
01-16 13:56:47.803 1832 1832 I SystemServiceManager: Starting com.android.server.usage.UsageStatsService
01-16 13:56:47.804 1832 1908 I android_os_HwBinder: HwBinder: Starting thread pool for getting: android.hardware.health@2.0::IHealth/default
01-16 13:56:47.817 1832 1897 D SystemServerTimingAsync: AppDataFixup took to complete: 1052ms
01-16 13:56:47.944 1832 1832 I UsageStatsService: User[0] Rollover scheduled @ 2021-01-16 19:33:42(1610818422477)
01-16 13:56:47.944 1832 1832 W SystemServiceManager: Service com.android.server.usage.UsageStatsService took 139 ms in onStart
01-16 13:56:47.944 1832 1832 D SystemServerTiming: StartUsageService took to complete: 141ms
01-16 13:56:47.944 1832 1832 I SystemServer: StartWebViewUpdateService
01-16 13:56:47.944 1832 1832 I SystemServiceManager: Starting com.android.server.webkit.WebViewUpdateService
01-16 13:56:47.979 1832 1832 D SystemServerTiming: StartWebViewUpdateService took to complete: 35ms
01-16 13:56:47.979 1832 1832 I SystemServer: StartCachedDeviceStateService
01-16 13:56:47.979 1832 1832 I SystemServiceManager: Starting com.android.server.CachedDeviceStateService
01-16 13:56:47.980 1832 1832 D SystemServerTiming: StartCachedDeviceStateService took to complete: 0ms
01-16 13:56:47.980 1832 1832 I SystemServer: StartBinderCallsStatsService
01-16 13:56:47.980 1832 1832 I SystemServiceManager: Starting com.android.server.BinderCallsStatsService$LifeCycle
01-16 13:56:47.980 1832 1832 D SystemServerTiming: StartBinderCallsStatsService took to complete: 0ms
01-16 13:56:47.980 1832 1832 I SystemServer: StartLooperStatsService
01-16 13:56:47.980 1832 1832 I SystemServiceManager: Starting com.android.server.LooperStatsService$Lifecycle
01-16 13:56:47.981 1832 1832 D SystemServerTiming: StartLooperStatsService took to complete: 1ms
01-16 13:56:47.981 1832 1832 I SystemServer: StartRollbackManagerService
01-16 13:56:47.981 1832 1832 I SystemServiceManager: Starting com.android.server.rollback.RollbackManagerService
01-16 13:56:47.991 1619 1636 D installd: Found quota mount /dev/block/vdc at /data
01-16 13:56:47.994 1832 1832 D SystemServerTiming: StartRollbackManagerService took to complete: 13ms
01-16 13:56:47.994 1832 1832 I SystemServer: StartBugreportManagerService
01-16 13:56:47.994 1832 1832 I SystemServiceManager: Starting com.android.server.os.BugreportManagerService
01-16 13:56:47.995 1832 1832 D SystemServerTiming: StartBugreportManagerService took to complete: 1ms
01-16 13:56:47.995 1832 1832 I SystemServer: GpuService
01-16 13:56:47.995 1832 1832 I SystemServiceManager: Starting com.android.server.gpu.GpuService
01-16 13:56:47.995 1832 1832 D SystemServerTiming: GpuService took to complete: 0ms
01-16 13:56:47.995 1832 1832 I SystemServer: StartKeyAttestationApplicationIdProviderService
01-16 13:56:47.995 1832 1857 D SystemServerInitThreadPool: Started executing SecondaryZygotePreload
01-16 13:56:47.995 1832 1857 I SystemServer: SecondaryZygotePreload
01-16 13:56:47.997 1832 1832 D SystemServerTiming: StartKeyAttestationApplicationIdProviderService took to complete: 1ms
01-16 13:56:47.997 1832 1832 I SystemServer: StartKeyChainSystemService
01-16 13:56:47.997 1832 1832 I SystemServiceManager: Starting com.android.server.security.KeyChainSystemService
01-16 13:56:47.997 1832 1832 D SystemServerTiming: StartKeyChainSystemService took to complete: 0ms
01-16 13:56:47.997 1832 1832 I SystemServer: StartSchedulingPolicyService
01-16 13:56:47.997 1832 1832 D SystemServerTiming: StartSchedulingPolicyService took to complete: 0ms
01-16 13:56:47.997 1832 1832 I SystemServer: StartTelecomLoaderService
01-16 13:56:47.998 1832 1832 I SystemServiceManager: Starting com.android.server.telecom.TelecomLoaderService
01-16 13:56:47.998 1832 1832 D SystemServerTiming: StartTelecomLoaderService took to complete: 1ms
01-16 13:56:47.998 1832 1832 I SystemServer: StartTelephonyRegistry
01-16 13:56:47.999 1832 1832 D SystemServerTiming: StartTelephonyRegistry took to complete: 1ms
01-16 13:56:47.999 1832 1832 I SystemServer: StartEntropyMixer
01-16 13:56:48.023 1832 1857 E SystemServer: Unable to preload default resources
01-16 13:56:48.023 1832 1857 D SystemServerTimingAsync: SecondaryZygotePreload took to complete: 28ms
01-16 13:56:48.023 1832 1857 D SystemServerInitThreadPool: Finished executing SecondaryZygotePreload
01-16 13:56:48.023 1832 1857 D SystemServerInitThreadPool: Started executing SchedulingPolicyService.
01-16 13:56:48.027 1832 1857 I SchedulingPolicyService: Moving 1630 back to group default
01-16 13:56:48.027 1832 1857 D SystemServerInitThreadPool: Finished executing SchedulingPolicyService.
01-16 13:56:48.036 1832 1897 D SystemServerTimingAsync: AppDataPrepare took to complete: 219ms
01-16 13:56:48.036 1832 1897 I PackageManager: Deferred reconcileAppsData finished 113 packages
01-16 13:56:48.036 1832 1897 D SystemServerInitThreadPool: Finished executing prepareAppData
01-16 13:56:48.040 1832 1832 I EntropyMixer: Added HW RNG output to entropy pool
01-16 13:56:48.040 1832 1832 I EntropyMixer: Writing entropy...
01-16 13:56:48.049 1832 1832 D SystemServerTiming: StartEntropyMixer took to complete: 50ms
01-16 13:56:48.049 1832 1832 I SystemServer: StartAccountManagerService
01-16 13:56:48.049 1832 1832 I SystemServiceManager: Starting com.android.server.accounts.AccountManagerService$Lifecycle
01-16 13:56:48.054 1832 1832 D SystemServerTiming: StartAccountManagerService took to complete: 5ms
01-16 13:56:48.054 1832 1832 I SystemServer: StartContentService
01-16 13:56:48.054 1832 1832 I SystemServiceManager: Starting com.android.server.content.ContentService$Lifecycle
01-16 13:56:48.070 1832 1832 D SystemServerTiming: StartContentService took to complete: 16ms
01-16 13:56:48.070 1832 1832 I SystemServer: InstallSystemProviders
01-16 13:56:48.093 1832 1832 I system_server: The ClassLoaderContext is a special shared library.
01-16 13:56:48.106 1832 1832 I SettingsState: No settings state /data/system/users/0/settings_config.xml
01-16 13:56:48.135 1832 1832 I SettingsState: No settings state /data/system/users/0/settings_ssaid.xml
01-16 13:56:48.158 1832 1832 D SystemServerTiming: InstallSystemProviders took to complete: 88ms
01-16 13:56:48.158 1832 1832 I SystemServer: StartDropBoxManager
01-16 13:56:48.158 1832 1832 I SystemServiceManager: Starting com.android.server.DropBoxManagerService
01-16 13:56:48.159 1832 1832 D SystemServerTiming: StartDropBoxManager took to complete: 1ms
01-16 13:56:48.159 1832 1832 I SystemServer: StartVibratorService
01-16 13:56:48.159 1478 1478 I hwservicemanager: getTransport: Cannot find entry android.hardware.vibrator@1.0::IVibrator/default in either framework or device manifest.
01-16 13:56:48.161 1478 1478 I hwservicemanager: getTransport: Cannot find entry android.hardware.vibrator@1.0::IVibrator/default in either framework or device manifest.
01-16 13:56:48.162 1832 1832 E VibratorService: vibratorOff command failed (1).
01-16 13:56:48.162 1478 1478 I hwservicemanager: getTransport: Cannot find entry android.hardware.vibrator@1.0::IVibrator/default in either framework or device manifest.
01-16 13:56:48.162 1478 1478 I hwservicemanager: getTransport: Cannot find entry android.hardware.vibrator@1.3::IVibrator/default in either framework or device manifest.
01-16 13:56:48.165 1832 1832 D SystemServerTiming: StartVibratorService took to complete: 6ms
01-16 13:56:48.165 1832 1832 I SystemServer: StartDynamicSystemService
01-16 13:56:48.167 1832 1832 D SystemServerTiming: StartDynamicSystemService took to complete: 2ms
01-16 13:56:48.167 1832 1832 I SystemServer: StartConsumerIrService
01-16 13:56:48.167 1478 1478 I hwservicemanager: getTransport: Cannot find entry android.hardware.ir@1.0::IConsumerIr/default in either framework or device manifest.
01-16 13:56:48.168 1832 1832 D SystemServerTiming: StartConsumerIrService took to complete: 1ms
01-16 13:56:48.168 1832 1832 I SystemServer: StartAlarmManagerService
01-16 13:56:48.170 1832 1832 D AlarmManagerService: Kernel timezone updated to -120 minutes west of GMT
01-16 13:56:48.180 1832 1832 D SystemServerTiming: StartAlarmManagerService took to complete: 12ms
01-16 13:56:48.180 1832 1832 I SystemServer: StartInputManagerService
01-16 13:56:48.182 1832 1832 I InputManager: Initializing input manager, mUseDevInputEventForAudioJack=true
01-16 13:56:48.183 1832 1832 I InputClassifier: Deep press feature enabled.
01-16 13:56:48.185 1478 1478 I hwservicemanager: getTransport: Cannot find entry android.hardware.input.classifier@1.0::IInputClassifier/default in either framework or device manifest.
01-16 13:56:48.185 1832 1917 I InputClassifier: Could not obtain InputClassifier HAL
01-16 13:56:48.192 1832 1918 E InputClassifier: InputClassifier HAL has died. Setting mMotionClassifier to null
01-16 13:56:48.195 1832 1832 D SystemServerTiming: StartInputManagerService took to complete: 15ms
01-16 13:56:48.195 1832 1832 I SystemServer: StartWindowManagerService
01-16 13:56:48.222 1832 1852 I WindowManager: No existing display settings, starting empty
01-16 13:56:48.240 1832 1852 I WindowTracing: Setting window tracing log level to 1
01-16 13:56:48.240 1832 1852 I WindowTracing: Setting window tracing buffer capacity to 2097152bytes
01-16 13:56:48.246 1832 1832 D SystemServerTiming: StartWindowManagerService took to complete: 51ms
01-16 13:56:48.246 1832 1832 I SystemServer: SetWindowManagerService
01-16 13:56:48.277 1832 1851 I DropBoxManagerService: add tag=system_server_strictmode isTagEnabled=true flags=0x2
01-16 13:56:48.332 1832 1851 I DropBoxManagerService: add tag=system_server_strictmode isTagEnabled=true flags=0x2
01-16 13:56:48.360 1832 1832 D SystemServerTiming: SetWindowManagerService took to complete: 114ms
01-16 13:56:48.361 1832 1832 I SystemServer: WindowManagerServiceOnInitReady
01-16 13:56:48.382 1832 1832 D SystemServerTiming: WindowManagerServiceOnInitReady took to complete: 21ms
01-16 13:56:48.383 1832 1832 I SystemServer: StartInputManager
01-16 13:56:48.383 1832 1832 I InputManager: Starting input manager
01-16 13:56:48.384 1832 1832 D SystemServerTiming: StartInputManager took to complete: 1ms
01-16 13:56:48.384 1832 1832 I SystemServer: DisplayManagerWindowManagerAndInputReady
01-16 13:56:48.384 1832 1857 D SystemServerInitThreadPool: Started executing StartHidlServices
01-16 13:56:48.395 1832 1857 I ServiceManagement: Registered android.frameworks.sensorservice@1.0::ISensorManager/default (start delay of 9560ms)
01-16 13:56:48.401 1832 1832 D SystemServerTiming: DisplayManagerWindowManagerAndInputReady took to complete: 17ms
01-16 13:56:48.401 1832 1832 I SystemServer: No Bluetooth Service (Bluetooth Hardware Not Present)
01-16 13:56:48.401 1832 1832 I SystemServer: IpConnectivityMetrics
01-16 13:56:48.401 1832 1832 I SystemServiceManager: Starting com.android.server.connectivity.IpConnectivityMetrics
01-16 13:56:48.403 1832 1857 I ServiceManagement: Registered android.frameworks.schedulerservice@1.0::ISchedulingPolicyService/default (start delay of 9568ms)
01-16 13:56:48.403 1832 1857 D SystemServerTimingAsync: StartHidlServices took to complete: 19ms
01-16 13:56:48.403 1832 1857 D SystemServerInitThreadPool: Finished executing StartHidlServices
01-16 13:56:48.426 1832 1832 D SystemServerTiming: IpConnectivityMetrics took to complete: 25ms
01-16 13:56:48.426 1832 1832 I SystemServer: NetworkWatchlistService
01-16 13:56:48.426 1832 1832 I SystemServiceManager: Starting com.android.server.net.watchlist.NetworkWatchlistService$Lifecycle
01-16 13:56:48.429 1832 1832 I WatchlistSettings: Reload watchlist settings done
01-16 13:56:48.430 1832 1832 D SystemServerTiming: NetworkWatchlistService took to complete: 4ms
01-16 13:56:48.430 1832 1832 I SystemServer: PinnerService
01-16 13:56:48.430 1832 1832 I SystemServiceManager: Starting com.android.server.PinnerService
01-16 13:56:48.430 1832 1921 I WatchlistLoggingHandler: Start aggregating watchlist records.
01-16 13:56:48.431 1832 1832 D SystemServerTiming: PinnerService took to complete: 1ms
01-16 13:56:48.431 1832 1832 I SystemServer: SignedConfigService
01-16 13:56:48.432 1832 1832 D SystemServerTiming: SignedConfigService took to complete: 1ms
01-16 13:56:48.437 1832 1920 D EventHub: No input device configuration file found for device 'Power Button'.
01-16 13:56:48.441 1832 1920 W EventHub: Unable to disable kernel key repeat for /dev/input/event0: Function not implemented
01-16 13:56:48.441 1832 1920 I EventHub: wakeMechanism=EPOLLWAKEUP, usingClockIoctl=true
01-16 13:56:48.441 1832 1920 I EventHub: New device: id=1, fd=120, path='/dev/input/event0', name='Power Button', classes=0x1, configuration='', keyLayout='/system/usr/keylayout/Generic.kl', keyCharacterMap='/system/usr/keychars/Generic.kcm', builtinKeyboard=false,
01-16 13:56:48.441 1832 1920 D EventHub: No input device configuration file found for device 'AT Translated Set 2 keyboard'.
01-16 13:56:48.443 1832 1920 I EventHub: wakeMechanism=EPOLLWAKEUP, usingClockIoctl=true
01-16 13:56:48.443 1832 1920 I EventHub: New device: id=2, fd=124, path='/dev/input/event1', name='AT Translated Set 2 keyboard', classes=0x3, configuration='', keyLayout='/system/usr/keylayout/Generic.kl', keyCharacterMap='/system/usr/keychars/Generic.kcm', builtinKeyboard=false,
01-16 13:56:48.448 1832 1920 W EventHub: Unable to disable kernel key repeat for /dev/input/event2: Function not implemented
01-16 13:56:48.448 1832 1920 I EventHub: wakeMechanism=EPOLLWAKEUP, usingClockIoctl=true
01-16 13:56:48.448 1832 1920 I EventHub: New device: id=3, fd=125, path='/dev/input/event2', name='qwerty2', classes=0x97, configuration='/system/usr/idc/qwerty2.idc', keyLayout='/system/usr/keylayout/qwerty.kl', keyCharacterMap='/system/usr/keychars/qwerty2.kcm', builtinKeyboard=true,
01-16 13:56:48.452 1832 1920 I EventHub: wakeMechanism=EPOLLWAKEUP, usingClockIoctl=true
01-16 13:56:48.452 1832 1920 I EventHub: New device: id=4, fd=126, path='/dev/input/event3', name='goldfish_rotary', classes=0x1000, configuration='/vendor/usr/idc/goldfish_rotary.idc', keyLayout='', keyCharacterMap='', builtinKeyboard=false,
01-16 13:56:48.455 1832 1920 I InputReader: Device added: id=-1, name='Virtual', sources=0x00000301
01-16 13:56:48.455 1832 1920 I InputReader: Device added: id=4, name='goldfish_rotary', sources=0x00400000
01-16 13:56:48.456 1832 1920 I InputReader: Touch device 'qwerty2' could not query the properties of its associated display. The device will be inoperable until the display size becomes available.
01-16 13:56:48.456 1832 1920 I InputReader: Device added: id=0, name='qwerty2', sources=0x80001103
01-16 13:56:48.456 1832 1920 I InputReader: Device added: id=2, name='AT Translated Set 2 keyboard', sources=0x00000101
01-16 13:56:48.456 1832 1920 I InputReader: Device added: id=1, name='Power Button', sources=0x00000101
01-16 13:56:48.458 1832 1832 I WindowManager: SAFE MODE not enabled
01-16 13:56:48.458 1832 1832 I SystemServer: StartInputMethodManagerLifecycle
01-16 13:56:48.458 1832 1832 I SystemServiceManager: Starting com.android.server.inputmethod.InputMethodManagerService$Lifecycle
01-16 13:56:48.484 1832 1832 D SystemServerTiming: StartInputMethodManagerLifecycle took to complete: 26ms
01-16 13:56:48.484 1832 1832 I SystemServer: StartAccessibilityManagerService
01-16 13:56:48.484 1832 1832 I SystemServiceManager: Starting com.android.server.accessibility.AccessibilityManagerService$Lifecycle
01-16 13:56:48.486 1832 1832 D SystemServerTiming: StartAccessibilityManagerService took to complete: 2ms
01-16 13:56:48.486 1832 1832 I SystemServer: MakeDisplayReady
01-16 13:56:48.487 1832 1832 W InputReader: Device has associated, but no associated display id.
01-16 13:56:48.489 1832 1832 I ActivityTaskManager: Config changes=20005df8 {1.0 ?mcc?mnc [en_US] ldltr sw411dp w411dp h659dp 420dpi nrml port ?uimode ?night finger qwerty/v/v -nav/h winConfig={ mBounds=Rect(0, 0 - 1080, 1920) mAppBounds=Rect(0, 0 - 1080, 1794) mWindowingMode=fullscreen mDisplayWindowingMode=fullscreen mActivityType=undefined mAlwaysOnTop=undefined mRotation=ROTATION_0} s.2}
01-16 13:56:48.511 1832 1832 I ActivityTaskManager: Override config changes=60007dfc {1.0 ?mcc?mnc [en_US] ldltr sw411dp w411dp h659dp 420dpi nrml port ?uimode ?night finger qwerty/v/v -nav/h winConfig={ mBounds=Rect(0, 0 - 1080, 1920) mAppBounds=Rect(0, 0 - 1080, 1794) mWindowingMode=fullscreen mDisplayWindowingMode=fullscreen mActivityType=undefined mAlwaysOnTop=undefined mRotation=ROTATION_0} s.2} for displayId=0
01-16 13:56:48.714 1832 1852 W system_server: Long monitor contention with owner main (1832) at boolean com.android.server.wm.ActivityTaskManagerService.updateConfiguration(android.content.res.Configuration)(ActivityTaskManagerService.java:4454) waiters=1 in void com.android.server.wm.WindowManagerService.notifyHardKeyboardStatusChange() for 224ms
01-16 13:56:48.715 1832 1832 D SystemServerTiming: MakeDisplayReady took to complete: 229ms
01-16 13:56:48.716 1832 1832 I SystemServer: StartStorageManagerService
01-16 13:56:48.716 1832 1832 I SystemServiceManager: Starting com.android.server.StorageManagerService$Lifecycle
01-16 13:56:48.721 1832 1850 W Looper : Slow dispatch took 224ms android.ui h=android.hardware.display.DisplayManagerGlobal$DisplayListenerDelegate c=null m=2
01-16 13:56:48.721 1832 1850 W Looper : Slow delivery took 203ms android.ui h=com.android.server.wm.AppWarnings$UiHandler c=null m=2
01-16 13:56:48.735 1832 1852 I InputManager-JNI: Viewport [0] to add: local:0
01-16 13:56:48.754 1832 1920 I InputReader: Reconfiguring input devices. changes=0x00000004
01-16 13:56:48.754 1832 1920 I InputReader: Device reconfigured: id=0, name='qwerty2', size 1080x1920, orientation 0, mode 1, display id 0
01-16 13:56:48.867 1832 1832 W SystemServiceManager: Service com.android.server.StorageManagerService$Lifecycle took 151 ms in onStart
01-16 13:56:48.867 1832 1843 I system_server: Background young concurrent copying GC freed 18825(1529KB) AllocSpace objects, 21(532KB) LOS objects, 31% free, 4093KB/5963KB, paused 2.300ms total 327.011ms
01-16 13:56:48.867 1832 1923 D StorageManagerService: Thinking about init, mBootCompleted=false, mDaemonConnected=true
01-16 13:56:48.868 1832 1923 D StorageManagerService: Thinking about reset, mBootCompleted=false, mDaemonConnected=true
01-16 13:56:48.868 1832 1832 D SystemServerTiming: StartStorageManagerService took to complete: 152ms
01-16 13:56:48.869 1832 1832 I SystemServer: StartStorageStatsService
01-16 13:56:48.869 1832 1832 I SystemServiceManager: Starting com.android.server.usage.StorageStatsService$Lifecycle
01-16 13:56:48.869 1619 1910 D installd: Found quota mount /dev/block/vdc at /data
01-16 13:56:48.874 1832 1832 D SystemServerTiming: StartStorageStatsService took to complete: 5ms
01-16 13:56:48.874 1832 1832 I SystemServer: StartUiModeManager
01-16 13:56:48.874 1832 1832 I SystemServiceManager: Starting com.android.server.UiModeManagerService
01-16 13:56:48.875 1832 1832 D SystemServerTiming: StartUiModeManager took to complete: 1ms
01-16 13:56:48.875 1832 1832 I SystemServer: UpdatePackagesIfNeeded
01-16 13:56:48.876 1832 1832 I Watchdog: Pausing HandlerChecker: main thread for reason: dexopt. Pause count: 1
01-16 13:56:48.876 1832 1832 I Watchdog: Resuming HandlerChecker: main thread for reason: dexopt. Pause count: 0
01-16 13:56:48.876 1832 1832 D SystemServerTiming: UpdatePackagesIfNeeded took to complete: 1ms
01-16 13:56:48.876 1832 1832 I SystemServer: PerformFstrimIfNeeded
01-16 13:56:48.876 1832 1832 W PackageManager: No disk maintenance in 319444876; running immediately
01-16 13:56:48.877 1832 1923 I StorageManagerService: Running fstrim idle maintenance
01-16 13:56:48.877 1832 1832 D SystemServerTiming: PerformFstrimIfNeeded took to complete: 1ms
01-16 13:56:48.877 1832 1832 I SystemServer: StartLockSettingsService
01-16 13:56:48.877 1832 1832 I SystemServiceManager: Starting com.android.server.locksettings.LockSettingsService$Lifecycle
01-16 13:56:48.879 1832 1897 D SystemServerInitThreadPool: Started executing UiModeManager.onStart
01-16 13:56:48.870 1619 1910 D installd: Found quota mount /dev/block/vdc at /data
01-16 13:56:48.880 1478 1478 I hwservicemanager: getTransport: Cannot find entry android.hardware.boot@1.0::IBootControl/default in either framework or device manifest.
01-16 13:56:48.883 1832 1897 I ActivityTaskManager: Config changes=200 {1.0 ?mcc?mnc [en_US] ldltr sw411dp w411dp h659dp 420dpi nrml port finger qwerty/v/v -nav/h winConfig={ mBounds=Rect(0, 0 - 1080, 1920) mAppBounds=Rect(0, 0 - 1080, 1794) mWindowingMode=fullscreen mDisplayWindowingMode=fullscreen mActivityType=undefined mAlwaysOnTop=undefined mRotation=ROTATION_0} s.4}
01-16 13:56:48.888 1832 1897 I ActivityTaskManager: Override config changes=200 {1.0 ?mcc?mnc [en_US] ldltr sw411dp w411dp h659dp 420dpi nrml port finger qwerty/v/v -nav/h winConfig={ mBounds=Rect(0, 0 - 1080, 1920) mAppBounds=Rect(0, 0 - 1080, 1794) mWindowingMode=fullscreen mDisplayWindowingMode=fullscreen mActivityType=undefined mAlwaysOnTop=undefined mRotation=ROTATION_0} s.4} for displayId=0
01-16 13:56:48.895 1832 1897 D SystemServerInitThreadPool: Finished executing UiModeManager.onStart
01-16 13:56:48.904 1481 1924 I vold : Skip mounting partition: /product
01-16 13:56:48.904 1481 1924 I vold : Skip mounting partition: /product_services
01-16 13:56:48.904 1481 1924 D vold : Starting trim of /data
01-16 13:56:48.904 1481 1924 W vold : Trim failed on /data: Operation not supported on transport endpoint
01-16 13:56:48.919 1481 1924 D vold : Starting trim of none
01-16 13:56:48.919 1481 1924 W vold : Failed to open none: No such file or directory
01-16 13:56:48.984 1832 1832 W SystemServiceManager: Service com.android.server.locksettings.LockSettingsService$Lifecycle took 106 ms in onStart
01-16 13:56:48.984 1832 1832 D SystemServerTiming: StartLockSettingsService took to complete: 107ms
01-16 13:56:48.984 1832 1832 I SystemServer: StartTestHarnessMode
01-16 13:56:48.984 1832 1832 I SystemServiceManager: Starting com.android.server.testharness.TestHarnessModeService
01-16 13:56:48.985 1832 1832 D SystemServerTiming: StartTestHarnessMode took to complete: 1ms
01-16 13:56:48.985 1478 1478 I hwservicemanager: getTransport: Cannot find entry android.hardware.oemlock@1.0::IOemLock/default in either framework or device manifest.
01-16 13:56:48.985 1832 1832 I OemLock : OemLock HAL not present on device
01-16 13:56:48.986 1832 1832 I SystemServer: StartDeviceIdleController
01-16 13:56:48.986 1832 1832 I SystemServiceManager: Starting com.android.server.DeviceIdleController
01-16 13:56:48.989 1832 1832 D SystemServerTiming: StartDeviceIdleController took to complete: 3ms
01-16 13:56:49.003 1832 1832 I SystemServer: StartDevicePolicyManager
01-16 13:56:49.003 1832 1832 I SystemServiceManager: Starting com.android.server.devicepolicy.DevicePolicyManagerService$Lifecycle
01-16 13:56:49.038 1832 1832 D SystemServerTiming: StartDevicePolicyManager took to complete: 35ms
01-16 13:56:49.038 1832 1832 I SystemServer: StartStatusBarManagerService
01-16 13:56:49.058 1832 1832 D SystemServerTiming: StartStatusBarManagerService took to complete: 20ms
01-16 13:56:49.058 1832 1832 D SystemServer: ContentCaptureService disabled because resource is not overlaid
01-16 13:56:49.058 1832 1832 D SystemServer: AttentionService is not configured on this device
01-16 13:56:49.058 1832 1832 D SystemServer: SystemCaptionsManagerService disabled because resource is not overlaid
01-16 13:56:49.058 1832 1832 I SystemServer: StartAppPredictionService
01-16 13:56:49.059 1832 1832 I SystemServiceManager: Starting com.android.server.appprediction.AppPredictionManagerService
01-16 13:56:49.060 1832 1832 D SystemServerTiming: StartAppPredictionService took to complete: 2ms
01-16 13:56:49.060 1832 1832 I SystemServer: StartContentSuggestionsService
01-16 13:56:49.061 1832 1832 I SystemServiceManager: Starting com.android.server.contentsuggestions.ContentSuggestionsManagerService
01-16 13:56:49.062 1832 1832 D SystemServerTiming: StartContentSuggestionsService took to complete: 2ms
01-16 13:56:49.062 1832 1832 I SystemServer: InitNetworkStackClient
01-16 13:56:49.219 1832 1832 D SystemServerTiming: InitNetworkStackClient took to complete: 157ms
01-16 13:56:49.219 1832 1832 I SystemServer: StartNetworkManagementService
01-16 13:56:49.280 1577 1766 I netd : registerUnsolicitedEventListener() <0.05ms>
01-16 13:56:49.280 1832 1832 D SystemServerTiming: StartNetworkManagementService took to complete: 61ms
01-16 13:56:49.280 1832 1832 I SystemServer: StartIpSecService
01-16 13:56:49.281 1832 1832 D SystemServerTiming: StartIpSecService took to complete: 1ms
01-16 13:56:49.281 1832 1832 I SystemServer: StartTextServicesManager
01-16 13:56:49.281 1832 1832 I SystemServiceManager: Starting com.android.server.textservices.TextServicesManagerService$Lifecycle
01-16 13:56:49.283 1832 1832 D SystemServerTiming: StartTextServicesManager took to complete: 2ms
01-16 13:56:49.283 1832 1832 I SystemServer: StartTextClassificationManagerService
01-16 13:56:49.283 1832 1832 I SystemServiceManager: Starting com.android.server.textclassifier.TextClassificationManagerService$Lifecycle
01-16 13:56:49.289 1832 1832 D SystemServerTiming: StartTextClassificationManagerService took to complete: 6ms
01-16 13:56:49.289 1832 1832 I SystemServer: StartNetworkScoreService
01-16 13:56:49.289 1832 1832 I SystemServiceManager: Starting com.android.server.NetworkScoreService$Lifecycle
01-16 13:56:49.309 1832 1832 I NetworkScoreService: Registering network_score
01-16 13:56:49.309 1832 1832 D SystemServerTiming: StartNetworkScoreService took to complete: 20ms
01-16 13:56:49.309 1832 1832 I SystemServer: StartNetworkStatsService
01-16 13:56:49.326 1832 1832 D SystemServerTiming: StartNetworkStatsService took to complete: 17ms
01-16 13:56:49.326 1832 1832 I SystemServer: StartNetworkPolicyManagerService
01-16 13:56:49.329 1832 1832 D SystemServerTiming: StartNetworkPolicyManagerService took to complete: 2ms
01-16 13:56:49.329 1832 1832 I SystemServer: StartWifi
01-16 13:56:49.415 1832 1832 I SystemServiceManager: Starting com.android.server.wifi.WifiService
01-16 13:56:49.671 1832 1832 E HostapdHal: Malformed channel value detected: java.lang.NumberFormatException: For input string: ""
01-16 13:56:49.731 1832 1832 D WifiCountryCode: mDefaultCountryCode null mRevertCountryCodeOnCellularLoss false
01-16 13:56:49.731 1832 1832 D WifiApConfigStore: 2G band allowed channels are:1,6,11
01-16 13:56:49.735 1832 1832 I WifiScoringParams: rssi2=-83:-80:-73:-60,rssi5=-80:-77:-70:-57,pps=0:1:100,horizon=15,nud=8,expid=0
01-16 13:56:49.795 1832 1832 D WifiOpenNetworkNotifier: Settings toggle enabled=true
01-16 13:56:49.795 1832 1832 D WifiCarrierNetworkNotifier: Settings toggle enabled=true
01-16 13:56:49.797 1832 1832 D WifiActiveModeWarden: Starting Wifi in WifiDisabledState
01-16 13:56:49.798 1832 1930 D WifiActiveModeWarden: Entering WifiDisabledState
01-16 13:56:49.798 1832 1832 D WakeupController: WifiWake enabled
01-16 13:56:49.800 1832 1832 E WifiClientModeImpl: getWifiLinkLayerStats called without an interface
01-16 13:56:49.815 1832 1832 E SupplicantStaIfaceHal: Can't call setDebugParams, ISupplicant is null
01-16 13:56:49.815 1832 1832 W WifiDiags: no ring buffers found
01-16 13:56:49.815 1832 1832 W WifiDiags: Failed to start packet fate monitoring
01-16 13:56:49.815 1832 1832 I WifiService: Registering wifi
01-16 13:56:49.818 1832 1832 D SystemServerTiming: StartWifi took to complete: 489ms
01-16 13:56:49.818 1832 1832 I SystemServer: StartWifiScanning
01-16 13:56:49.819 1832 1832 I SystemServiceManager: Starting com.android.server.wifi.scanner.WifiScanningService
01-16 13:56:49.819 1832 1832 I WifiScanningService: Creating wifiscanner
01-16 13:56:49.829 1832 1832 I WifiScanningService: Publishing wifiscanner
01-16 13:56:49.829 1832 1832 D SystemServerTiming: StartWifiScanning took to complete: 11ms
01-16 13:56:49.829 1832 1832 I SystemServer: StartWifiP2P
01-16 13:56:49.830 1832 1832 I SystemServiceManager: Starting com.android.server.wifi.p2p.WifiP2pService
01-16 13:56:49.843 1832 1832 W HalDevMgr: isWifiStarted called but mWifi is null!?
01-16 13:56:49.844 1832 1832 I WifiP2pService: Registering wifip2p
01-16 13:56:49.844 1832 1832 D SystemServerTiming: StartWifiP2P took to complete: 15ms
01-16 13:56:49.844 1832 1832 I SystemServer: StartConnectivityService
01-16 13:56:49.871 1832 1832 D ConnectivityService: ConnectivityService starting up
01-16 13:56:49.900 1832 1832 D ConnectivityService: wifiOnly=false
01-16 13:56:50.033 1832 1832 D SystemServerTiming: StartConnectivityService took to complete: 189ms
01-16 13:56:50.033 1832 1832 I SystemServer: StartNsdService
01-16 13:56:50.115 1832 1832 D NsdService: Network service discovery is enabled
01-16 13:56:50.121 1832 1832 D SystemServerTiming: StartNsdService took to complete: 88ms
01-16 13:56:50.121 1832 1832 I SystemServer: StartSystemUpdateManagerService
01-16 13:56:50.122 1832 1832 I SystemUpdateManagerService: No existing info file /data/system/system-update-info.xml
01-16 13:56:50.127 1832 1832 D SystemServerTiming: StartSystemUpdateManagerService took to complete: 6ms
01-16 13:56:50.127 1832 1832 I SystemServer: StartUpdateLockService
01-16 13:56:50.128 1832 1832 D SystemServerTiming: StartUpdateLockService took to complete: 0ms
01-16 13:56:50.128 1832 1832 I SystemServer: StartNotificationManager
01-16 13:56:50.128 1832 1832 I SystemServiceManager: Starting com.android.server.notification.NotificationManagerService
01-16 13:56:50.261 1832 1832 D ConditionProviders.SCP: new ScheduleConditionProvider()
01-16 13:56:50.317 1832 1843 I system_server: Background concurrent copying GC freed 11304(985KB) AllocSpace objects, 33(660KB) LOS objects, 42% free, 4377KB/7660KB, paused 48us total 195.151ms
01-16 13:56:50.347 1832 1832 I NotificationListeners: Read notification listener permissions from xml
01-16 13:56:50.347 1832 1832 I NotificationAssistants: Read notification assistant permissions from xml
01-16 13:56:50.347 1832 1832 I ConditionProviders: Read condition provider permissions from xml
01-16 13:56:50.347 1832 1832 I ConditionProviders: Read condition provider permissions from xml
01-16 13:56:50.347 1832 1832 D NotificationAssistants: Approving default notification assistant for user 0
01-16 13:56:50.349 1832 1832 I ConditionProviders: Allowing condition provider android.ext.services/android.ext.services.notification.Assistant
01-16 13:56:50.382 1832 1832 D NotificationService: Set default NAS to be android.ext.services/android.ext.services.notification.Assistant in 0
01-16 13:56:50.385 1832 1832 W SystemServiceManager: Service com.android.server.notification.NotificationManagerService took 207 ms in onStart
01-16 13:56:50.426 1832 1832 D SystemServerTiming: StartNotificationManager took to complete: 298ms
01-16 13:56:50.426 1832 1832 I SystemServer: StartDeviceMonitor
01-16 13:56:50.426 1832 1832 I SystemServiceManager: Starting com.android.server.storage.DeviceStorageMonitorService
01-16 13:56:50.428 1832 1832 D SystemServerTiming: StartDeviceMonitor took to complete: 2ms
01-16 13:56:50.428 1832 1832 I SystemServer: StartLocationManagerService
01-16 13:56:50.507 1832 1832 D SystemServerTiming: StartLocationManagerService took to complete: 79ms
01-16 13:56:50.507 1832 1832 I SystemServer: StartCountryDetectorService
01-16 13:56:50.508 1832 1832 D SystemServerTiming: StartCountryDetectorService took to complete: 1ms
01-16 13:56:50.508 1832 1832 I SystemServer: StartTimeDetectorService
01-16 13:56:50.508 1832 1832 I SystemServiceManager: Starting com.android.server.timedetector.TimeDetectorService$Lifecycle
01-16 13:56:50.508 1832 1832 D SystemServerTiming: StartTimeDetectorService took to complete: 0ms
01-16 13:56:50.509 1832 1832 I SystemServer: StartSearchManagerService
01-16 13:56:50.509 1832 1832 I SystemServiceManager: Starting com.android.server.search.SearchManagerService$Lifecycle
01-16 13:56:50.509 1832 1832 D SystemServerTiming: StartSearchManagerService took to complete: 0ms
01-16 13:56:50.509 1832 1832 I SystemServer: StartWallpaperManagerService
01-16 13:56:50.509 1832 1832 I SystemServiceManager: Starting com.android.server.wallpaper.WallpaperManagerService$Lifecycle
01-16 13:56:50.590 1832 1832 W SystemServiceManager: Service com.android.server.wallpaper.WallpaperManagerService$Lifecycle took 81 ms in onStart
01-16 13:56:50.590 1832 1832 D SystemServerTiming: StartWallpaperManagerService took to complete: 81ms
01-16 13:56:50.591 1832 1832 I SystemServer: StartAudioService
01-16 13:56:50.591 1832 1832 I SystemServiceManager: Starting com.android.server.audio.AudioService$Lifecycle
01-16 13:56:50.735 1832 1832 W TelecomManager: Telecom Service not found.
01-16 13:56:50.735 1603 1603 D PermissionCache: checking android.permission.MODIFY_AUDIO_ROUTING for uid=1000 => granted (15240 us)
01-16 13:56:50.755 1603 1603 D PermissionCache: checking android.permission.MODIFY_AUDIO_SETTINGS for uid=1000 => granted (245 us)
01-16 13:56:50.755 1603 1809 W AudioFlinger: no wake lock to update, system not ready yet
01-16 13:56:50.756 1583 1583 W DeviceHAL: Error from HAL Device in function set_mic_mute: Function not implemented
01-16 13:56:50.757 1832 1832 E AudioSystem-JNI: Command failed for android_media_AudioSystem_muteMicrophone: -38
01-16 13:56:50.839 1603 1603 D AudioFlinger: isLowRamDevice:false totalMemory:2091626496 mClientSharedHeapSize:4194304
01-16 13:56:50.844 1832 1832 D SystemServerTiming: StartAudioService took to complete: 253ms
01-16 13:56:50.844 1832 1832 I SystemServer: StartDockObserver
01-16 13:56:50.844 1832 1832 I SystemServiceManager: Starting com.android.server.DockObserver
01-16 13:56:50.845 1832 1832 W DockObserver: This kernel does not have dock station support
01-16 13:56:50.846 1832 1832 D SystemServerTiming: StartDockObserver took to complete: 2ms
01-16 13:56:50.846 1832 1832 I SystemServer: StartWiredAccessoryManager
01-16 13:56:50.846 1832 1832 W WiredAccessoryManager: This kernel does not have usb audio support
01-16 13:56:50.847 1832 1832 W WiredAccessoryManager: This kernel does not have HDMI audio support
01-16 13:56:50.847 1832 1832 D SystemServerTiming: StartWiredAccessoryManager took to complete: 1ms
01-16 13:56:50.847 1832 1832 I SystemServer: StartMidiManager
01-16 13:56:50.847 1832 1832 I SystemServiceManager: Starting com.android.server.midi.MidiService$Lifecycle
01-16 13:56:50.917 1832 1832 W SystemServiceManager: Service com.android.server.midi.MidiService$Lifecycle took 70 ms in onStart
01-16 13:56:50.917 1832 1832 D SystemServerTiming: StartMidiManager took to complete: 70ms
01-16 13:56:50.917 1832 1832 I SystemServer: StartAdbService
01-16 13:56:50.917 1832 1832 I SystemServiceManager: Starting com.android.server.adb.AdbService$Lifecycle
01-16 13:56:50.918 1832 1832 D SystemServerTiming: StartAdbService took to complete: 1ms
01-16 13:56:50.918 1832 1832 I SystemServer: StartUsbService
01-16 13:56:50.918 1832 1832 I SystemServiceManager: Starting com.android.server.usb.UsbService$Lifecycle
01-16 13:56:50.921 1832 1832 E UsbDeviceManager: failed to write to /sys/class/android_usb/android0/f_rndis/ethaddr
01-16 13:56:50.921 1478 1478 I hwservicemanager: getTransport: Cannot find entry android.hardware.usb.gadget@1.0::IUsbGadget/default in either framework or device manifest.
01-16 13:56:50.974 1832 1832 I UsbDeviceManager: USB GADGET HAL not present in the device
01-16 13:56:50.974 1832 1832 I UsbDeviceManager: java.util.NoSuchElementException
01-16 13:56:50.974 1832 1832 I UsbDeviceManager: at android.os.HwBinder.getService(Native Method)
01-16 13:56:50.974 1832 1832 I UsbDeviceManager: at android.hardware.usb.gadget.V1_0.IUsbGadget.getService(IUsbGadget.java:55)
01-16 13:56:50.974 1832 1832 I UsbDeviceManager: at android.hardware.usb.gadget.V1_0.IUsbGadget.getService(IUsbGadget.java:62)
01-16 13:56:50.974 1832 1832 I UsbDeviceManager: at com.android.server.usb.UsbDeviceManager.(UsbDeviceManager.java:262)
01-16 13:56:50.974 1832 1832 I UsbDeviceManager: at com.android.server.usb.UsbService.(UsbService.java:150)
01-16 13:56:50.974 1832 1832 I UsbDeviceManager: at com.android.server.usb.UsbService$Lifecycle.onStart(UsbService.java:84)
01-16 13:56:50.974 1832 1832 I UsbDeviceManager: at com.android.server.SystemServiceManager.startService(SystemServiceManager.java:129)
01-16 13:56:50.974 1832 1832 I UsbDeviceManager: at com.android.server.SystemServiceManager.startService(SystemServiceManager.java:116)
01-16 13:56:50.974 1832 1832 I UsbDeviceManager: at com.android.server.SystemServiceManager.startService(SystemServiceManager.java:75)
01-16 13:56:50.974 1832 1832 I UsbDeviceManager: at com.android.server.SystemServer.startOtherServices(SystemServer.java:1532)
01-16 13:56:50.974 1832 1832 I UsbDeviceManager: at com.android.server.SystemServer.run(SystemServer.java:512)
01-16 13:56:50.974 1832 1832 I UsbDeviceManager: at com.android.server.SystemServer.main(SystemServer.java:349)
01-16 13:56:50.974 1832 1832 I UsbDeviceManager: at java.lang.reflect.Method.invoke(Native Method)
01-16 13:56:50.974 1832 1832 I UsbDeviceManager: at com.android.internal.os.RuntimeInit$MethodAndArgsCaller.run(RuntimeInit.java:492)
01-16 13:56:50.974 1832 1832 I UsbDeviceManager: at com.android.internal.os.ZygoteInit.main(ZygoteInit.java:908)
01-16 13:56:50.974 1832 1832 E UsbDeviceManagerJNI: could not open control for mtp No such file or directory
01-16 13:56:50.974 1832 1832 E UsbDeviceManager: Failed to open control for mtp
01-16 13:56:50.974 1832 1832 E UsbDeviceManagerJNI: could not open control for ptp No such file or directory
01-16 13:56:50.974 1832 1832 E UsbDeviceManager: Failed to open control for ptp
01-16 13:56:50.988 1832 1832 W StorageManagerService: No primary storage defined yet; hacking together a stub
01-16 13:56:51.002 1832 1832 E UsbDeviceManagerJNI: could not open /dev/usb_accessory
01-16 13:56:51.003 1832 1832 I android_os_HwBinder: HwBinder: Starting thread pool for getting: android.hidl.manager@1.0::IServiceManager/default
01-16 13:56:51.004 1478 1478 I hwservicemanager: getTransport: Cannot find entry android.hardware.usb@1.0::IUsb/default in either framework or device manifest.
01-16 13:56:51.021 1832 1832 E UsbPortManager: connectToProxy: usb hal service not found. Did the service fail to start?
01-16 13:56:51.021 1832 1832 E UsbPortManager: java.util.NoSuchElementException
01-16 13:56:51.021 1832 1832 E UsbPortManager: at android.os.HwBinder.getService(Native Method)
01-16 13:56:51.021 1832 1832 E UsbPortManager: at android.os.HwBinder.getService(HwBinder.java:83)
01-16 13:56:51.021 1832 1832 E UsbPortManager: at android.hardware.usb.V1_0.IUsb.getService(IUsb.java:70)
01-16 13:56:51.021 1832 1832 E UsbPortManager: at android.hardware.usb.V1_0.IUsb.getService(IUsb.java:77)
01-16 13:56:51.021 1832 1832 E UsbPortManager: at com.android.server.usb.UsbPortManager.connectToProxy(UsbPortManager.java:780)
01-16 13:56:51.021 1832 1832 E UsbPortManager: at com.android.server.usb.UsbPortManager.(UsbPortManager.java:175)
01-16 13:56:51.021 1832 1832 E UsbPortManager: at com.android.server.usb.UsbService.(UsbService.java:153)
01-16 13:56:51.021 1832 1832 E UsbPortManager: at com.android.server.usb.UsbService$Lifecycle.onStart(UsbService.java:84)
01-16 13:56:51.021 1832 1832 E UsbPortManager: at com.android.server.SystemServiceManager.startService(SystemServiceManager.java:129)
01-16 13:56:51.021 1832 1832 E UsbPortManager: at com.android.server.SystemServiceManager.startService(SystemServiceManager.java:116)
01-16 13:56:51.021 1832 1832 E UsbPortManager: at com.android.server.SystemServiceManager.startService(SystemServiceManager.java:75)
01-16 13:56:51.021 1832 1832 E UsbPortManager: at com.android.server.SystemServer.startOtherServices(SystemServer.java:1532)
01-16 13:56:51.021 1832 1832 E UsbPortManager: at com.android.server.SystemServer.run(SystemServer.java:512)
01-16 13:56:51.021 1832 1832 E UsbPortManager: at com.android.server.SystemServer.main(SystemServer.java:349)
01-16 13:56:51.021 1832 1832 E UsbPortManager: at java.lang.reflect.Method.invoke(Native Method)
01-16 13:56:51.021 1832 1832 E UsbPortManager: at com.android.internal.os.RuntimeInit$MethodAndArgsCaller.run(RuntimeInit.java:492)
01-16 13:56:51.021 1832 1832 E UsbPortManager: at com.android.internal.os.ZygoteInit.main(ZygoteInit.java:908)
01-16 13:56:51.028 1832 1832 W SystemServiceManager: Service com.android.server.usb.UsbService$Lifecycle took 110 ms in onStart
01-16 13:56:51.028 1832 1832 D SystemServerTiming: StartUsbService took to complete: 110ms
01-16 13:56:51.028 1832 1832 I SystemServer: StartSerialService
01-16 13:56:51.028 1832 1832 D SystemServerTiming: StartSerialService took to complete: 0ms
01-16 13:56:51.028 1832 1832 I SystemServer: StartHardwarePropertiesManagerService
01-16 13:56:51.029 1478 1478 I hwservicemanager: getTransport: Cannot find entry android.hardware.thermal@1.0::IThermal/default in either framework or device manifest.
01-16 13:56:51.029 1832 1832 E HardwarePropertiesManagerService-JNI: Unable to get Thermal service.
01-16 13:56:51.029 1832 1832 D SystemServerTiming: StartHardwarePropertiesManagerService took to complete: 1ms
01-16 13:56:51.029 1832 1832 I SystemServer: StartTwilightService
01-16 13:56:51.029 1832 1832 I SystemServiceManager: Starting com.android.server.twilight.TwilightService
01-16 13:56:51.030 1832 1832 D SystemServerTiming: StartTwilightService took to complete: 1ms
01-16 13:56:51.030 1832 1832 I SystemServer: StartColorDisplay
01-16 13:56:51.030 1832 1832 I SystemServiceManager: Starting com.android.server.display.color.ColorDisplayService
01-16 13:56:51.055 1832 1832 D SystemServerTiming: StartColorDisplay took to complete: 25ms
01-16 13:56:51.055 1832 1832 I SystemServer: StartJobScheduler
