01-16 14:13:06.513 4077 4098 D : HostConnection::get() New Host Connection established 0xbc757220, tid 4098
01-16 14:13:06.514 4077 4098 D : HostComposition ext ANDROID_EMU_CHECKSUM_HELPER_v1 ANDROID_EMU_dma_v1 ANDROID_EMU_direct_mem ANDROID_EMU_host_composition_v1 ANDROID_EMU_host_composition_v2 ANDROID_EMU_async_unmap_buffer GL_OES_EGL_image_external_essl3 GL_OES_vertex_array_object GL_KHR_texture_compression_astc_ldr ANDROID_EMU_gles_max_version_3_1
01-16 14:13:06.515 4077 4098 D eglCodecCommon: setVertexArrayObject: set vao to 0 (0) 0 0
01-16 14:13:06.515 4077 4098 D EGL_emulation: eglCreateContext: 0xbc7786e0: maj 3 min 1 rcv 4
01-16 14:13:06.517 4077 4098 D EGL_emulation: eglMakeCurrent: 0xbc7786e0: ver 3 1 (tinfo 0xbf1c45c0)
01-16 14:13:06.518 4077 4098 E eglCodecCommon: glUtilsParamSize: unknow param 0x000082da
01-16 14:13:06.518 4077 4098 E eglCodecCommon: glUtilsParamSize: unknow param 0x000082da
01-16 14:13:06.520 4077 4098 D EGL_emulation: eglMakeCurrent: 0xbc7786e0: ver 3 1 (tinfo 0xbf1c45c0)
01-16 14:13:07.097 4077 4098 D eglCodecCommon: setVertexArrayObject: set vao to 0 (0) 0 0
01-16 14:13:07.097 4077 4098 D EGL_emulation: eglCreateContext: 0xb8bcf300: maj 3 min 1 rcv 4
01-16 14:13:07.102 4077 4098 D EGL_emulation: eglMakeCurrent: 0xb8bcf300: ver 3 1 (tinfo 0xbf1c45c0)
01-16 14:13:07.157 1593 1593 D gralloc_ranchu: gralloc_alloc: Creating ashmem region of size 7479296
01-16 14:13:07.170 4077 4102 D : HostConnection::get() New Host Connection established 0xc06a1660, tid 4102
01-16 14:13:07.170 4077 4102 D : HostComposition ext ANDROID_EMU_CHECKSUM_HELPER_v1 ANDROID_EMU_dma_v1 ANDROID_EMU_direct_mem ANDROID_EMU_host_composition_v1 ANDROID_EMU_host_composition_v2 ANDROID_EMU_async_unmap_buffer GL_OES_EGL_image_external_essl3 GL_OES_vertex_array_object GL_KHR_texture_compression_astc_ldr ANDROID_EMU_gles_max_version_3_1
01-16 14:13:07.170 4077 4102 D EGL_emulation: eglMakeCurrent: 0xb8bcf300: ver 3 1 (tinfo 0xeeb1eb50)
01-16 14:13:07.954 1593 1593 D gralloc_ranchu: gralloc_alloc: Creating ashmem region of size 7479296
01-16 14:13:07.985 1593 1593 D gralloc_ranchu: gralloc_alloc: Creating ashmem region of size 7479296
01-16 14:13:08.188 1583 1583 W audio_hw_generic: Not supplying enough data to HAL, expected position 2871481 , only wrote 2734557
01-16 14:13:09.165 1832 2483 E TaskPersister: File error accessing recents directory (directory doesn't exist?).
01-16 14:13:11.353 1593 1593 D gralloc_ranchu: gralloc_alloc: Creating ashmem region of size 16384
01-16 14:13:11.354 1593 1593 I chatty : uid=1000(system) allocator@2.0-s identical 1 line
01-16 14:13:11.356 1593 1593 D gralloc_ranchu: gralloc_alloc: Creating ashmem region of size 16384
01-16 14:13:11.357 4077 4095 D EGL_emulation: eglMakeCurrent: 0xdb51a120: ver 3 1 (tinfo 0xdb50f2d0)
01-16 14:13:11.451 2229 2229 I LatinIME: Starting input. Cursor position = -1,-1
01-16 14:13:11.490 1593 1593 D gralloc_ranchu: gralloc_alloc: Creating ashmem region of size 8024064
01-16 14:13:11.507 2229 3872 D EGL_emulation: eglMakeCurrent: 0xe35daf80: ver 3 1 (tinfo 0xd8089850)
01-16 14:13:11.524 1593 1593 D gralloc_ranchu: gralloc_alloc: Creating ashmem region of size 8024064
01-16 14:13:11.550 1593 2349 D gralloc_ranchu: gralloc_alloc: Creating ashmem region of size 8024064
01-16 14:13:11.553 1593 1730 D gralloc_ranchu: gralloc_alloc: Creating ashmem region of size 8192
01-16 14:13:11.630 4077 4095 D EGL_emulation: eglMakeCurrent: 0xdb51a120: ver 3 1 (tinfo 0xdb50f2d0)
01-16 14:13:13.643 1832 1900 E InputDispatcher: Window handle Window{a044fa u0 PopupWindow:4eddb56} has no registered input channel
01-16 14:13:13.653 2229 3872 D EGL_emulation: eglMakeCurrent: 0xe35daf80: ver 3 1 (tinfo 0xd8089850)
01-16 14:13:13.660 1832 1848 E InputDispatcher: Window handle Window{a044fa u0 PopupWindow:4eddb56} has no registered input channel
01-16 14:13:13.704 1593 2349 D gralloc_ranchu: gralloc_alloc: Creating ashmem region of size 8192
01-16 14:13:14.677 1593 2349 D gralloc_ranchu: gralloc_alloc: Creating ashmem region of size 233472
01-16 14:13:14.680 1593 2349 I chatty : uid=1000(system) HwBinder:1593_3 identical 1 line
01-16 14:13:14.682 1593 2349 D gralloc_ranchu: gralloc_alloc: Creating ashmem region of size 233472
01-16 14:13:14.683 4077 4095 D EGL_emulation: eglMakeCurrent: 0xdb51a120: ver 3 1 (tinfo 0xdb50f2d0)
01-16 14:13:15.287 4077 4098 D libprotox_x86.so: "Bootstrapping..."
01-16 14:13:15.293 4077 4101 D libprotox_x86.so: "Toxcore: network.c (line 508) ERROR: sendpacket attempted to send message of length 113 on uninitialised socket"
01-16 14:13:15.301 4077 4101 I chatty : uid=10103(org.protox) identical 1 line
01-16 14:13:15.301 4077 4101 D libprotox_x86.so: "Toxcore: network.c (line 508) ERROR: sendpacket attempted to send message of length 113 on uninitialised socket"
01-16 14:13:15.310 1577 4108 E ResolverController: No valid NAT64 prefix (101, /0)
01-16 14:13:15.311 4077 4101 D libprotox_x86.so: "Toxcore: network.c (line 508) ERROR: sendpacket attempted to send message of length 113 on uninitialised socket"
01-16 14:13:15.322 1577 4109 E ResolverController: No valid NAT64 prefix (101, /0)
01-16 14:13:15.330 1577 4110 E ResolverController: No valid NAT64 prefix (101, /0)
01-16 14:13:15.331 4077 4101 D libprotox_x86.so: "Toxcore: network.c (line 508) ERROR: sendpacket attempted to send message of length 113 on uninitialised socket"
01-16 14:13:15.333 4077 4101 I chatty : uid=10103(org.protox) identical 2 lines
01-16 14:13:15.333 4077 4101 D libprotox_x86.so: "Toxcore: network.c (line 508) ERROR: sendpacket attempted to send message of length 113 on uninitialised socket"
01-16 14:13:15.343 4077 4095 D EGL_emulation: eglMakeCurrent: 0xdb51a120: ver 3 1 (tinfo 0xdb50f2d0)
01-16 14:13:15.370 1577 4111 E ResolverController: No valid NAT64 prefix (101, /0)
01-16 14:13:15.378 4077 4101 D libprotox_x86.so: "Toxcore: network.c (line 508) ERROR: sendpacket attempted to send message of length 113 on uninitialised socket"
01-16 14:13:15.386 1577 4112 E ResolverController: No valid NAT64 prefix (101, /0)
01-16 14:13:15.395 4077 4101 D libprotox_x86.so: "Toxcore: network.c (line 508) ERROR: sendpacket attempted to send message of length 113 on uninitialised socket"
01-16 14:13:15.395 4077 4101 D libprotox_x86.so: "Toxcore: network.c (line 508) ERROR: sendpacket attempted to send message of length 113 on uninitialised socket"
01-16 14:13:15.410 1624 1802 D NuPlayerDriver: NuPlayerDriver(0xe9934080) created, clientPid(1967)
01-16 14:13:15.411 4077 4101 D libprotox_x86.so: "Toxcore: network.c (line 508) ERROR: sendpacket attempted to send message of length 113 on uninitialised socket"
01-16 14:13:15.411 4077 4101 D libprotox_x86.so: "Toxcore: network.c (line 508) ERROR: sendpacket attempted to send message of length 113 on uninitialised socket"
01-16 14:13:15.416 1624 1802 I Codec2Client: Creating a Codec2 client to service "software"
01-16 14:13:15.417 1624 1802 I Codec2Client: Client to Codec2 service "software" created
01-16 14:13:15.427 1624 4119 D GenericSource: FileSource remote
01-16 14:13:15.434 4077 4101 D libprotox_x86.so: "Toxcore: network.c (line 508) ERROR: sendpacket attempted to send message of length 113 on uninitialised socket"
01-16 14:13:15.436 4077 4101 I chatty : uid=10103(org.protox) identical 1 line
01-16 14:13:15.436 4077 4101 D libprotox_x86.so: "Toxcore: network.c (line 508) ERROR: sendpacket attempted to send message of length 113 on uninitialised socket"
01-16 14:13:15.441 1832 1848 I MediaFocusControl: requestAudioFocus() from uid/pid 10089/1967 clientId=android.media.AudioManager@10f7b6a callingPack=com.android.systemui req=3 flags=0x0 sdk=29
01-16 14:13:15.444 4077 4101 D libprotox_x86.so: "Toxcore: network.c (line 508) ERROR: sendpacket attempted to send message of length 113 on uninitialised socket"
01-16 14:13:15.479 4077 4101 I chatty : uid=10103(org.protox) identical 10 lines
01-16 14:13:15.479 4077 4101 D libprotox_x86.so: "Toxcore: network.c (line 508) ERROR: sendpacket attempted to send message of length 113 on uninitialised socket"
01-16 14:13:15.536 1967 2226 D EGL_emulation: eglMakeCurrent: 0xe35dad40: ver 3 1 (tinfo 0xc1dd01a0)
01-16 14:13:15.571 1577 4130 E ResolverController: No valid NAT64 prefix (101, /0)
01-16 14:13:15.572 4077 4101 D libprotox_x86.so: "Toxcore: network.c (line 508) ERROR: sendpacket attempted to send message of length 113 on uninitialised socket"
01-16 14:13:15.580 4077 4101 I chatty : uid=10103(org.protox) identical 4 lines
01-16 14:13:15.583 4077 4101 D libprotox_x86.so: "Toxcore: network.c (line 508) ERROR: sendpacket attempted to send message of length 113 on uninitialised socket"
01-16 14:13:15.585 1832 1848 D WificondControl: Scan result ready event
01-16 14:13:15.591 4077 4101 D libprotox_x86.so: "Toxcore: network.c (line 508) ERROR: sendpacket attempted to send message of length 113 on uninitialised socket"
01-16 14:13:15.847 4077 4101 I chatty : uid=10103(org.protox) identical 8 lines
01-16 14:13:15.848 4077 4101 D libprotox_x86.so: "Toxcore: network.c (line 508) ERROR: sendpacket attempted to send message of length 113 on uninitialised socket"
01-16 14:13:15.944 1624 4117 I GenericSource: start
01-16 14:13:15.946 1967 1967 V MediaRouter: Selecting route: RouteInfo{ name=Phone, description=null, status=null, category=RouteCategory{ name=System types=ROUTE_TYPE_LIVE_AUDIO ROUTE_TYPE_LIVE_VIDEO groupable=false }, supportedTypes=ROUTE_TYPE_LIVE_AUDIO ROUTE_TYPE_LIVE_VIDEO , presentationDisplay=null }
01-16 14:13:15.949 1624 4137 I OMXClient: IOmx service obtained
01-16 14:13:15.950 1628 2186 I OMXMaster: makeComponentInstance(OMX.google.vorbis.decoder) in android.hardwar process
01-16 14:13:15.951 1628 2186 E OMXNodeInstance: setConfig(0xf153c240:google.vorbis.decoder, ConfigPriority(0x6f800002)) ERROR: Undefined(0x80001001)
01-16 14:13:15.951 1624 4137 I ACodec : codec does not support config priority (err -2147483648)
01-16 14:13:15.952 1628 2186 E OMXNodeInstance: getConfig(0xf153c240:google.vorbis.decoder, ConfigAndroidVendorExtension(0x6f100004)) ERROR: Undefined(0x80001001)
01-16 14:13:15.952 1624 4137 I MediaCodec: MediaCodec will operate in async mode
01-16 14:13:15.962 1603 1901 D AudioFlinger: Client defaulted notificationFrames to 12064 for frameCount 24129
01-16 14:13:15.962 1603 1901 D AF::TrackHandle: OpPlayAudio: track:59 usage:5 not muted
01-16 14:13:15.966 1583 3101 W audio_hw_generic: Not supplying enough data to HAL, expected position 2734609 , only wrote 2734557
01-16 14:13:15.990 1624 4135 D AudioTrack: getTimestamp_l(12): device stall time corrected using current time 1025715296844
01-16 14:13:16.664 1832 1847 W NotificationService: Toast already killed. pkg=org.protox callback=android.app.ITransientNotification$Stub$Proxy@d5ba844
01-16 14:13:16.665 1832 1858 E memtrack: Couldn't load memtrack module
01-16 14:13:16.665 1832 1858 W android.os.Debug: failed to get memory consumption info: -1
01-16 14:13:16.943 1967 1967 D StatusBar: disable disable2
01-16 14:13:16.959 1967 2226 D EGL_emulation: eglMakeCurrent: 0xe35dad40: ver 3 1 (tinfo 0xc1dd01a0)
01-16 14:13:16.960 1593 2349 D gralloc_ranchu: gralloc_alloc: Creating ashmem region of size 8298496
01-16 14:13:16.978 1967 2226 D EGL_emulation: eglMakeCurrent: 0xe35dad40: ver 3 1 (tinfo 0xc1dd01a0)
01-16 14:13:16.991 1593 2349 D gralloc_ranchu: gralloc_alloc: Creating ashmem region of size 8298496
01-16 14:13:17.012 1624 2774 D NuPlayerDriver: stop(0xe9934080)
01-16 14:13:17.029 1967 4140 V MediaPlayer: resetDrmState: mDrmInfo=null mDrmProvisioningThread=null mPrepareDrmInProgress=false mActiveDrmScheme=false
01-16 14:13:17.030 1967 4140 V MediaPlayer: cleanDrmObj: mDrmObj=null mDrmSessionId=null
01-16 14:13:17.043 1624 2774 D NuPlayerDriver: reset(0xe9934080) at state 8
01-16 14:13:17.048 1624 4117 D NuPlayerDriver: notifyResetComplete(0xe9934080)
01-16 14:13:17.048 1593 2349 D gralloc_ranchu: gralloc_alloc: Creating ashmem region of size 8298496
01-16 14:13:17.049 1624 2774 W AMessage: failed to post message as target looper for handler 0 is gone.
01-16 14:13:17.053 1832 1848 I MediaFocusControl: abandonAudioFocus() from uid/pid 10089/1967 clientId=android.media.AudioManager@10f7b6a
01-16 14:13:17.065 1967 1967 D StatusBar: disable disable2
01-16 14:13:18.161 1832 1852 W WindowManager: Unable to start animation, surface is null or no children.
01-16 14:13:18.136 1967 1967 I chatty : uid=10089(com.android.systemui) identical 1 line
01-16 14:13:18.176 1967 1967 D StatusBar: disable disable2
01-16 14:13:18.194 1967 2226 D EGL_emulation: eglMakeCurrent: 0xe35dad40: ver 3 1 (tinfo 0xc1dd01a0)
01-16 14:13:18.196 1593 2349 D gralloc_ranchu: gralloc_alloc: Creating ashmem region of size 274432
01-16 14:13:18.205 1967 2226 D EGL_emulation: eglMakeCurrent: 0xe35dad40: ver 3 1 (tinfo 0xc1dd01a0)
01-16 14:13:18.208 1593 2349 D gralloc_ranchu: gralloc_alloc: Creating ashmem region of size 274432
01-16 14:13:18.220 1593 2349 D gralloc_ranchu: gralloc_alloc: Creating ashmem region of size 274432
01-16 14:13:20.103 1583 1583 W audio_hw_generic: Not supplying enough data to HAL, expected position 3097501 , only wrote 2916993
01-16 14:13:21.562 1832 4142 I ActivityTaskManager: START u0 {act=android.intent.action.CHOOSER cmp=android/com.android.internal.app.ChooserActivity (has extras)} from uid 10103
01-16 14:13:21.578 1578 1578 D Zygote : Forked child process 4143
01-16 14:13:21.580 1832 1860 I ActivityManager: Start proc 4143:android:ui/1000 for activity {android/com.android.internal.app.ChooserActivity}
01-16 14:13:21.584 4143 4143 W android:ui: Unexpected CPU variant for X86 using defaults: x86
01-16 14:13:21.626 1606 1922 E SurfaceFlinger: ro.sf.lcd_density must be defined as a build property
01-16 14:13:21.627 1606 1922 E SurfaceFlinger: ro.sf.lcd_density must be defined as a build property
01-16 14:13:21.628 4143 4163 D libEGL : Emulator has host GPU support, qemu.gles is set to 1.
01-16 14:13:21.639 4143 4163 W libc : Unable to set property "qemu.gles" to "1": error code: 0x18
01-16 14:13:21.662 1832 2547 I ActivityTaskManager: START u0 {flg=0x3000000 cmp=com.android.systemui/.chooser.ChooserActivity (has extras)} from uid 1000
01-16 14:13:21.676 4143 4163 D libEGL : loaded /vendor/lib/egl/libEGL_emulation.so
01-16 14:13:21.678 4143 4163 D libEGL : loaded /vendor/lib/egl/libGLESv1_CM_emulation.so
01-16 14:13:21.681 4143 4163 D libEGL : loaded /vendor/lib/egl/libGLESv2_emulation.so
01-16 14:13:21.705 1578 1578 D Zygote : Forked child process 4165
01-16 14:13:21.709 1832 1860 I ActivityManager: Start proc 4165:com.android.systemui:ui/u0a89 for activity {com.android.systemui/com.android.systemui.chooser.ChooserActivity}
01-16 14:13:21.713 4165 4165 W oid.systemui:u: Unexpected CPU variant for X86 using defaults: x86
01-16 14:13:21.740 4165 4165 I oid.systemui:u: The ClassLoaderContext is a special shared library.
01-16 14:13:21.758 1606 1922 E SurfaceFlinger: ro.sf.lcd_density must be defined as a build property
01-16 14:13:21.759 1606 1922 E SurfaceFlinger: ro.sf.lcd_density must be defined as a build property
01-16 14:13:21.759 4165 4185 D libEGL : Emulator has host GPU support, qemu.gles is set to 1.
01-16 14:13:21.765 4165 4185 W libc : Unable to set property "qemu.gles" to "1": error code: 0x18
01-16 14:13:21.769 4165 4185 D libEGL : loaded /vendor/lib/egl/libEGL_emulation.so
01-16 14:13:21.771 4165 4185 D libEGL : loaded /vendor/lib/egl/libGLESv1_CM_emulation.so
01-16 14:13:21.773 4165 4185 D libEGL : loaded /vendor/lib/egl/libGLESv2_emulation.so
01-16 14:13:21.793 1832 2547 I ActivityTaskManager: START u0 {act=android.intent.action.PICK typ=image/* flg=0x3000000 cmp=com.android.gallery3d/.app.GalleryActivity} from uid 10103
01-16 14:13:21.805 1832 1853 E system_server: Invalid ID 0x00000000.
01-16 14:13:21.842 1593 2349 D gralloc_ranchu: gralloc_alloc: Creating ashmem region of size 8298496
01-16 14:13:21.846 1578 1578 D Zygote : Forked child process 4187
01-16 14:13:21.853 1832 1860 I ActivityManager: Start proc 4187:com.android.gallery3d/u0a101 for activity {com.android.gallery3d/com.android.gallery3d.app.GalleryActivity}
01-16 14:13:21.859 4187 4187 W droid.gallery3: Unexpected CPU variant for X86 using defaults: x86
01-16 14:13:21.898 4187 4187 D ApplicationLoaders: Returning zygote-cached class loader: /system/framework/android.hidl.base-V1.0-java.jar
01-16 14:13:21.898 4187 4187 D ApplicationLoaders: Returning zygote-cached class loader: /system/framework/android.hidl.manager-V1.0-java.jar
01-16 14:13:21.898 4187 4187 D ApplicationLoaders: Returning zygote-cached class loader: /system/framework/android.hidl.base-V1.0-java.jar
01-16 14:13:21.899 4187 4187 I droid.gallery3: The ClassLoaderContext is a special shared library.
01-16 14:13:21.914 4187 4187 I droid.gallery3: The ClassLoaderContext is a special shared library.
01-16 14:13:21.934 1593 2349 D gralloc_ranchu: gralloc_alloc: Creating ashmem region of size 8298496
01-16 14:13:21.967 1606 1740 E SurfaceFlinger: ro.sf.lcd_density must be defined as a build property
01-16 14:13:21.969 1606 1740 E SurfaceFlinger: ro.sf.lcd_density must be defined as a build property
01-16 14:13:21.972 4187 4209 D libEGL : Emulator has host GPU support, qemu.gles is set to 1.
01-16 14:13:21.977 4187 4209 W libc : Unable to set property "qemu.gles" to "1": connection failed; errno=13 (Permission denied)
01-16 14:13:21.963 4187 4187 W RenderThread: type=1400 audit(0.0:31): avc: denied { write } for name="property_service" dev="tmpfs" ino=6051 scontext=u:r:untrusted_app_27:s0:c101,c256,c512,c768 tcontext=u:object_r:property_socket:s0 tclass=sock_file permissive=0 app=com.android.gallery3d
01-16 14:13:22.020 4187 4209 D libEGL : loaded /vendor/lib/egl/libEGL_emulation.so
01-16 14:13:22.030 4187 4209 D libEGL : loaded /vendor/lib/egl/libGLESv1_CM_emulation.so
01-16 14:13:22.030 4187 4187 W GalleryActivity: action PICK is not supported
01-16 14:13:22.031 4187 4187 V StateManager: startState class com.android.gallery3d.app.AlbumSetPage
01-16 14:13:22.036 4187 4187 V NFC : this device does not have NFC support
01-16 14:13:22.046 4187 4209 D libEGL : loaded /vendor/lib/egl/libGLESv2_emulation.so
01-16 14:13:22.050 4187 4187 D Gallery.MultiSetSync: onSyncDone: Local albums #pending=1
01-16 14:13:22.050 4187 4187 D Gallery.MultiSetSync: request sync: Local albums
01-16 14:13:22.050 4187 4187 D Gallery.MultiSetSync: onSyncDone: picasa #pending=0
01-16 14:13:22.051 4187 4187 D Gallery.MultiSetSync: request sync: picasa
01-16 14:13:22.084 4187 4207 D : HostConnection::get() New Host Connection established 0xdb5332d0, tid 4207
01-16 14:13:22.093 1606 1959 W ServiceManager: Permission failure: android.permission.ACCESS_SURFACE_FLINGER from uid=10101 pid=4187
01-16 14:13:22.093 1606 1959 D PermissionCache: checking android.permission.ACCESS_SURFACE_FLINGER for uid=10101 => denied (485 us)
01-16 14:13:22.094 4187 4207 D : HostComposition ext ANDROID_EMU_CHECKSUM_HELPER_v1 ANDROID_EMU_dma_v1 ANDROID_EMU_direct_mem ANDROID_EMU_host_composition_v1 ANDROID_EMU_host_composition_v2 ANDROID_EMU_async_unmap_buffer GL_OES_EGL_image_external_essl3 GL_OES_vertex_array_object GL_KHR_texture_compression_astc_ldr ANDROID_EMU_gles_max_version_3_1
01-16 14:13:22.098 2597 2612 W MediaProvider: Recovered abusive '(1)' and '1,(2)' from '1) GROUP BY 1,(2'
01-16 14:13:22.098 4187 4207 W OpenGLRenderer: Failed to choose config with EGL_SWAP_BEHAVIOR_PRESERVED, retrying without...
01-16 14:13:22.100 4187 4207 D eglCodecCommon: setVertexArrayObject: set vao to 0 (0) 0 0
01-16 14:13:22.100 4187 4207 D EGL_emulation: eglCreateContext: 0xdb51a120: maj 3 min 1 rcv 4
01-16 14:13:22.101 4187 4207 D EGL_emulation: eglMakeCurrent: 0xdb51a120: ver 3 1 (tinfo 0xdb50f860)
01-16 14:13:22.102 4187 4207 E eglCodecCommon: glUtilsParamSize: unknow param 0x000082da
01-16 14:13:22.102 4187 4207 E eglCodecCommon: glUtilsParamSize: unknow param 0x000082da
01-16 14:13:22.104 4187 4210 D : HostConnection::get() New Host Connection established 0xdb533780, tid 4210
01-16 14:13:22.105 4187 4210 D : HostComposition ext ANDROID_EMU_CHECKSUM_HELPER_v1 ANDROID_EMU_dma_v1 ANDROID_EMU_direct_mem ANDROID_EMU_host_composition_v1 ANDROID_EMU_host_composition_v2 ANDROID_EMU_async_unmap_buffer GL_OES_EGL_image_external_essl3 GL_OES_vertex_array_object GL_KHR_texture_compression_astc_ldr ANDROID_EMU_gles_max_version_3_1
01-16 14:13:22.111 4187 4210 D eglCodecCommon: setVertexArrayObject: set vao to 0 (0) 0 0
01-16 14:13:22.111 4187 4210 D EGL_emulation: eglCreateContext: 0xdb51a240: maj 3 min 1 rcv 4
01-16 14:13:22.112 1593 2349 D gralloc_ranchu: gralloc_alloc: Creating ashmem region of size 8298496
01-16 14:13:22.128 1478 1478 I hwservicemanager: getTransport: Cannot find entry android.hardware.graphics.mapper@3.0::IMapper/default in either framework or device manifest.
01-16 14:13:22.129 4187 4207 W Gralloc3: mapper 3.x is not supported
01-16 14:13:22.131 1593 2349 D gralloc_ranchu: gralloc_alloc: Creating ashmem region of size 7479296
01-16 14:13:22.156 4187 4207 D : createUnique: call
01-16 14:13:22.157 4187 4207 D : HostConnection::get() New Host Connection established 0xdb533960, tid 4207
01-16 14:13:22.157 4187 4207 D : HostComposition ext ANDROID_EMU_CHECKSUM_HELPER_v1 ANDROID_EMU_dma_v1 ANDROID_EMU_direct_mem ANDROID_EMU_host_composition_v1 ANDROID_EMU_host_composition_v2 ANDROID_EMU_async_unmap_buffer GL_OES_EGL_image_external_essl3 GL_OES_vertex_array_object GL_KHR_texture_compression_astc_ldr ANDROID_EMU_gles_max_version_3_1
01-16 14:13:22.160 4187 4207 D eglCodecCommon: allocate: Ask for block of size 0x1000
01-16 14:13:22.160 4187 4207 D eglCodecCommon: allocate: ioctl allocate returned offset 0x3ff801000 size 0x2000
01-16 14:13:22.164 4187 4210 D EGL_emulation: eglMakeCurrent: 0xdb51a240: ver 3 1 (tinfo 0xdb50f800)
01-16 14:13:22.165 4187 4210 E eglCodecCommon: glUtilsParamSize: unknow param 0x000082da
01-16 14:13:22.165 4187 4210 E eglCodecCommon: glUtilsParamSize: unknow param 0x000082da
01-16 14:13:22.182 4187 4207 D EGL_emulation: eglMakeCurrent: 0xdb51a120: ver 3 1 (tinfo 0xdb50f860)
01-16 14:13:22.193 4187 4207 D eglCodecCommon: setVertexArrayObject: set vao to 0 (0) 0 0
01-16 14:13:22.224 4187 4210 I GLRootView: onSurfaceChanged: 1080x1731, gl10: com.google.android.gles_jni.GLImpl@935b6fb
01-16 14:13:22.224 4187 4210 I GLRootView: layout content pane 1080x1731 (compensation 0)
01-16 14:13:22.248 1593 2349 D gralloc_ranchu: gralloc_alloc: Creating ashmem region of size 7479296
01-16 14:13:22.294 1593 2349 D gralloc_ranchu: gralloc_alloc: Creating ashmem region of size 8298496
01-16 14:13:22.329 1593 2349 D gralloc_ranchu: gralloc_alloc: Creating ashmem region of size 7479296
01-16 14:13:22.368 1593 2349 D gralloc_ranchu: gralloc_alloc: Creating ashmem region of size 8298496
01-16 14:13:22.403 4077 4095 D EGL_emulation: eglMakeCurrent: 0xdb51a120: ver 3 1 (tinfo 0xdb50f2d0)
01-16 14:13:22.418 1832 1858 I ActivityTaskManager: Displayed com.android.gallery3d/.app.GalleryActivity: +851ms
01-16 14:13:22.444 1832 1852 I ActivityManager: Killing 2628:com.android.printspooler/u0a59 (adj 985): empty #17
01-16 14:13:22.457 1606 1740 E BufferQueueProducer: [SurfaceView - org.protox/org.protox.activity.QtActivityEx#0] disconnect: not connected (req=1)
01-16 14:13:22.457 4077 4098 W libEGL : EGLNativeWindowType 0xc4161008 disconnect failed
01-16 14:13:22.487 1593 2349 D gralloc_ranchu: gralloc_alloc: Creating ashmem region of size 294912
01-16 14:13:22.491 1593 2349 D gralloc_ranchu: gralloc_alloc: Creating ashmem region of size 294912
01-16 14:13:22.491 1578 1578 I Zygote : Process 2628 exited due to signal 9 (Killed)
01-16 14:13:22.493 4187 4207 D EGL_emulation: eglMakeCurrent: 0xdb51a120: ver 3 1 (tinfo 0xdb50f860)
01-16 14:13:22.495 1593 2349 D gralloc_ranchu: gralloc_alloc: Creating ashmem region of size 294912
01-16 14:13:22.525 1832 1861 I libprocessgroup: Successfully killed process cgroup uid 10059 pid 2628 in 79ms
01-16 14:13:24.149 1693 1693 E netmgr : Failed to open QEMU pipe 'qemud:network': Invalid argument
01-16 14:13:24.149 1693 1693 E netmgr : WifiForwarder unable to open QEMU pipe: Invalid argument
01-16 14:13:24.802 1967 1967 I KeyButtonView: Back button event: ACTION_DOWN
01-16 14:13:24.803 1832 1919 V InputDispatcher: Asynchronous input event injection succeeded.
01-16 14:13:24.806 1967 2226 D EGL_emulation: eglMakeCurrent: 0xe35dad40: ver 3 1 (tinfo 0xc1dd01a0)
01-16 14:13:24.806 1583 3101 W audio_hw_generic: Not supplying enough data to HAL, expected position 2917047 , only wrote 2916993
01-16 14:13:24.864 1967 1967 I KeyButtonView: Back button event: ACTION_UP
01-16 14:13:24.865 1832 1850 D AutofillManagerService: onBackKeyPressed()
01-16 14:13:24.867 1832 1919 V InputDispatcher: Asynchronous input event injection succeeded.
01-16 14:13:24.877 4187 4187 V StateManager: no more state, finish activity
01-16 14:13:24.877 4187 4187 V StateManager: finishState com.android.gallery3d.app.AlbumSetPage@55848e1
01-16 14:13:24.898 4187 4207 D EGL_emulation: eglMakeCurrent: 0xdb51a120: ver 3 1 (tinfo 0xdb50f860)
01-16 14:13:24.907 1593 2349 D gralloc_ranchu: gralloc_alloc: Creating ashmem region of size 8192
01-16 14:13:24.911 1593 2349 I chatty : uid=1000(system) HwBinder:1593_3 identical 1 line
01-16 14:13:24.922 1593 2349 D gralloc_ranchu: gralloc_alloc: Creating ashmem region of size 8192
01-16 14:13:24.926 1593 2349 D gralloc_ranchu: gralloc_alloc: Creating ashmem region of size 8298496
01-16 14:13:24.936 4077 4095 D EGL_emulation: eglMakeCurrent: 0xdb51a120: ver 3 1 (tinfo 0xdb50f2d0)
01-16 14:13:24.949 1593 2349 D gralloc_ranchu: gralloc_alloc: Creating ashmem region of size 8298496
01-16 14:13:24.981 1593 2349 D gralloc_ranchu: gralloc_alloc: Creating ashmem region of size 7479296
01-16 14:13:25.006 4077 4102 E Surface : getSlotFromBufferLocked: unknown buffer: 0x0
01-16 14:13:25.007 4077 4102 D EGL_emulation: eglMakeCurrent: 0xb8bcf300: ver 3 1 (tinfo 0xeeb1eb50)
01-16 14:13:25.007 1593 2349 D gralloc_ranchu: gralloc_alloc: Creating ashmem region of size 8298496
01-16 14:13:25.031 1593 2349 D gralloc_ranchu: gralloc_alloc: Creating ashmem region of size 7479296
01-16 14:13:25.380 1832 2483 E TaskPersister: File error accessing recents directory (directory doesn't exist?).
01-16 14:13:25.050 1593 2349 D gralloc_ranchu: gralloc_alloc: Creating ashmem region of size 7479296
01-16 14:13:25.393 4187 4207 D EGL_emulation: eglMakeCurrent: 0xdb51a120: ver 3 1 (tinfo 0xdb50f860)
01-16 14:13:25.398 4187 4187 V StateManager: destroy
01-16 14:13:25.952 1832 1832 I ActivityManager: Killing 2862:com.android.managedprovisioning/u0a52 (adj 985): empty #17
01-16 14:13:25.952 1832 3913 W NotificationService: Toast already killed. pkg=com.android.gallery3d callback=android.app.ITransientNotification$Stub$Proxy@fab9189
01-16 14:13:26.005 1578 1578 I Zygote : Process 2862 exited due to signal 9 (Killed)
01-16 14:13:26.036 1832 1861 I libprocessgroup: Successfully killed process cgroup uid 10052 pid 2862 in 81ms
01-16 14:13:26.755 4165 4182 I oid.systemui:u: Waiting for a blocking GC ProfileSaver
01-16 14:13:27.298 1967 1967 I KeyButtonView: Back button event: ACTION_DOWN
01-16 14:13:27.299 1832 1919 V InputDispatcher: Asynchronous input event injection succeeded.
01-16 14:13:27.346 1967 1967 I KeyButtonView: Back button event: ACTION_UP
01-16 14:13:27.347 1832 1919 V InputDispatcher: Asynchronous input event injection succeeded.
01-16 14:13:27.348 1832 1850 D AutofillManagerService: onBackKeyPressed()
01-16 14:13:27.665 1832 1832 W WindowManager: removeWindowToken: Attempted to remove non-existing token: android.os.Binder@178a54e
01-16 14:13:28.278 4077 4098 D libprotox_x86.so: "Connection to Tox network is weak (using TCP)."
01-16 14:13:28.396 1624 2774 D NuPlayerDriver: NuPlayerDriver(0xe9934480) created, clientPid(1967)
01-16 14:13:28.397 1624 2774 I Codec2Client: Creating a Codec2 client to service "software"
01-16 14:13:28.399 1624 2774 I Codec2Client: Client to Codec2 service "software" created
01-16 14:13:28.400 1624 4225 D GenericSource: FileSource remote
01-16 14:13:28.406 1832 4034 I MediaFocusControl: requestAudioFocus() from uid/pid 10089/1967 clientId=android.media.AudioManager@86894ad callingPack=com.android.systemui req=3 flags=0x0 sdk=29
01-16 14:13:28.411 1967 2226 D EGL_emulation: eglMakeCurrent: 0xe35dad40: ver 3 1 (tinfo 0xc1dd01a0)
01-16 14:13:28.436 1832 2483 E TaskPersister: File error accessing recents directory (directory doesn't exist?).
01-16 14:13:28.908 1967 1967 V MediaRouter: Selecting route: RouteInfo{ name=Phone, description=null, status=null, category=RouteCategory{ name=System types=ROUTE_TYPE_LIVE_AUDIO ROUTE_TYPE_LIVE_VIDEO groupable=false }, supportedTypes=ROUTE_TYPE_LIVE_AUDIO ROUTE_TYPE_LIVE_VIDEO , presentationDisplay=null }
01-16 14:13:28.910 1624 4223 I GenericSource: start
01-16 14:13:28.918 1624 4229 I OMXClient: IOmx service obtained
01-16 14:13:28.918 1628 2058 I OMXMaster: makeComponentInstance(OMX.google.vorbis.decoder) in android.hardwar process
01-16 14:13:28.921 1628 2058 E OMXNodeInstance: setConfig(0xf3618de0:google.vorbis.decoder, ConfigPriority(0x6f800002)) ERROR: Undefined(0x80001001)
01-16 14:13:28.921 1624 4229 I ACodec : codec does not support config priority (err -2147483648)
01-16 14:13:28.921 1628 2058 E OMXNodeInstance: getConfig(0xf3618de0:google.vorbis.decoder, ConfigAndroidVendorExtension(0x6f100004)) ERROR: Undefined(0x80001001)
01-16 14:13:28.924 1624 4229 I MediaCodec: MediaCodec will operate in async mode
01-16 14:13:28.937 1603 1603 D AudioFlinger: Client defaulted notificationFrames to 12064 for frameCount 24129
01-16 14:13:28.938 1603 1603 D AF::TrackHandle: OpPlayAudio: track:60 usage:5 not muted
01-16 14:13:28.945 1624 4227 D AudioTrack: getTimestamp_l(13): device stall time corrected using current time 1038670243264
01-16 14:13:29.550 1967 2226 D EGL_emulation: eglMakeCurrent: 0xe35dad40: ver 3 1 (tinfo 0xc1dd01a0)
01-16 14:13:30.262 1624 4227 D AudioTrack: stop(13): called with 82980 frames delivered
01-16 14:13:30.784 1832 4034 I MediaFocusControl: abandonAudioFocus() from uid/pid 10089/1967 clientId=android.media.AudioManager@86894ad
01-16 14:13:30.784 1967 4221 V MediaPlayer: resetDrmState: mDrmInfo=null mDrmProvisioningThread=null mPrepareDrmInProgress=false mActiveDrmScheme=false
01-16 14:13:30.784 1967 4221 V MediaPlayer: cleanDrmObj: mDrmObj=null mDrmSessionId=null
01-16 14:13:30.785 1624 2774 D NuPlayerDriver: reset(0xe9934480) at state 6
01-16 14:13:30.791 1624 4223 D NuPlayerDriver: notifyResetComplete(0xe9934480)
01-16 14:13:30.791 1624 2774 W AMessage: failed to post message as target looper for handler 0 is gone.
01-16 14:13:32.484 4077 4098 D libprotox_x86.so: "Logout."
01-16 14:13:32.489 4077 4098 W libprotox_x86.so: QSqlDatabasePrivate::removeDatabase: connection 'qt_sql_default_connection' is still in use, all queries will cease to work.
01-16 14:13:32.492 1967 4232 W RingtonePlayer: STOP command without a player
01-16 14:13:32.510 1967 2226 D EGL_emulation: eglMakeCurrent: 0xe35dad40: ver 3 1 (tinfo 0xc1dd01a0)
01-16 14:13:32.517 1967 1967 V StatusBar: mStatusBarWindow: com.android.systemui.statusbar.phone.StatusBarWindowView{f1b224a V.E...... ........ 0,0-1080,63} canPanelBeCollapsed(): false
01-16 14:13:33.845 1583 1583 W audio_hw_generic: Not supplying enough data to HAL, expected position 3712229 , only wrote 3315576
01-16 14:13:35.105 1967 1967 I KeyButtonView: Back button event: ACTION_DOWN
01-16 14:13:35.107 1832 1919 V InputDispatcher: Asynchronous input event injection succeeded.
01-16 14:13:35.111 1583 3101 W audio_hw_generic: Not supplying enough data to HAL, expected position 3315654 , only wrote 3315576
01-16 14:13:35.114 1967 2226 D EGL_emulation: eglMakeCurrent: 0xe35dad40: ver 3 1 (tinfo 0xc1dd01a0)
01-16 14:13:35.168 1967 1967 I KeyButtonView: Back button event: ACTION_UP
01-16 14:13:35.169 1832 1850 D AutofillManagerService: onBackKeyPressed()
01-16 14:13:35.169 1832 1919 V InputDispatcher: Asynchronous input event injection succeeded.
01-16 14:13:35.678 1967 1967 I KeyButtonView: Back button event: ACTION_DOWN
01-16 14:13:35.682 1832 1919 V InputDispatcher: Asynchronous input event injection succeeded.
01-16 14:13:35.694 4077 4098 D libprotox_x86.so: "Program exited successfully."
01-16 14:13:35.725 1967 1967 I KeyButtonView: Back button event: ACTION_UP
01-16 14:13:35.727 1832 1919 V InputDispatcher: Asynchronous input event injection succeeded.
01-16 14:13:35.785 4077 4098 W libprotox_x86.so: exit app 0
01-16 14:13:35.829 1593 2349 D gralloc_ranchu: gralloc_alloc: Creating ashmem region of size 8298496
01-16 14:13:35.849 1593 2349 D gralloc_ranchu: gralloc_alloc: Creating ashmem region of size 8298496
01-16 14:13:35.858 2170 2555 D EGL_emulation: eglMakeCurrent: 0xeeb04be0: ver 3 1 (tinfo 0xe3671a80)
01-16 14:13:35.870 1593 2349 D gralloc_ranchu: gralloc_alloc: Creating ashmem region of size 8298496
01-16 14:13:35.887 1593 2349 D gralloc_ranchu: gralloc_alloc: Creating ashmem region of size 8298496
01-16 14:13:35.933 1967 2226 D EGL_emulation: eglMakeCurrent: 0xe35dad40: ver 3 1 (tinfo 0xc1dd01a0)
01-16 14:13:35.727 1832 1850 D AutofillManagerService: onBackKeyPressed()
01-16 14:13:35.997 1832 1851 I DropBoxManagerService: add tag=system_app_strictmode isTagEnabled=true flags=0x2
01-16 14:13:36.025 1967 2226 I chatty : uid=10089(com.android.systemui) RenderThread identical 9 lines
01-16 14:13:36.039 1967 2226 D EGL_emulation: eglMakeCurrent: 0xe35dad40: ver 3 1 (tinfo 0xc1dd01a0)
01-16 14:13:36.040 1967 1982 I ndroid.systemu: NativeAlloc concurrent copying GC freed 99750(2811KB) AllocSpace objects, 0(0B) LOS objects, 49% free, 4519KB/9039KB, paused 391us total 102.464ms
01-16 14:13:36.042 1967 2226 D EGL_emulation: eglMakeCurrent: 0xe35dad40: ver 3 1 (tinfo 0xc1dd01a0)
01-16 14:13:36.074 1967 2226 I chatty : uid=10089(com.android.systemui) RenderThread identical 3 lines
01-16 14:13:36.080 1967 2226 D EGL_emulation: eglMakeCurrent: 0xe35dad40: ver 3 1 (tinfo 0xc1dd01a0)
01-16 14:13:36.403 4077 4095 D EGL_emulation: eglMakeCurrent: 0xdb51a120: ver 3 1 (tinfo 0xdb50f2d0)
01-16 14:13:36.406 1832 3927 D : HostConnection::get() New Host Connection established 0xbe592200, tid 3927
01-16 14:13:36.411 1832 3927 D : HostComposition ext ANDROID_EMU_CHECKSUM_HELPER_v1 ANDROID_EMU_dma_v1 ANDROID_EMU_direct_mem ANDROID_EMU_host_composition_v1 ANDROID_EMU_host_composition_v2 ANDROID_EMU_async_unmap_buffer GL_OES_EGL_image_external_essl3 GL_OES_vertex_array_object GL_KHR_texture_compression_astc_ldr ANDROID_EMU_gles_max_version_3_1
01-16 14:13:36.415 1832 3927 W OpenGLRenderer: Failed to choose config with EGL_SWAP_BEHAVIOR_PRESERVED, retrying without...
01-16 14:13:36.417 1832 3927 D eglCodecCommon: setVertexArrayObject: set vao to 0 (0) 0 0
01-16 14:13:36.417 1832 3927 D EGL_emulation: eglCreateContext: 0xb39e14a0: maj 3 min 1 rcv 4
01-16 14:13:36.422 1832 3927 D EGL_emulation: eglMakeCurrent: 0xb39e14a0: ver 3 1 (tinfo 0xbe5034f0)
01-16 14:13:36.423 1832 3927 E eglCodecCommon: glUtilsParamSize: unknow param 0x000082da
01-16 14:13:36.423 1832 3927 E eglCodecCommon: glUtilsParamSize: unknow param 0x000082da
01-16 14:13:36.464 1832 3927 D eglCodecCommon: setVertexArrayObject: set vao to 0 (0) 1 0
01-16 14:13:36.545 1832 1919 W InputDispatcher: channel 'b705ab5 PopupWindow:85cb13d (server)' ~ Consumer closed input channel or an error occurred. events=0x9
01-16 14:13:36.545 1832 1919 E InputDispatcher: channel 'b705ab5 PopupWindow:85cb13d (server)' ~ Channel is unrecoverably broken and will be disposed!
01-16 14:13:36.545 1832 1919 W InputDispatcher: channel 'a15f843 org.protox/org.protox.activity.QtActivityEx (server)' ~ Consumer closed input channel or an error occurred. events=0x9
01-16 14:13:36.545 1832 1919 E InputDispatcher: channel 'a15f843 org.protox/org.protox.activity.QtActivityEx (server)' ~ Channel is unrecoverably broken and will be disposed!
01-16 14:13:36.551 1578 1578 I Zygote : Process 4077 exited cleanly (0)
01-16 14:13:36.552 1832 1861 I libprocessgroup: Successfully killed process cgroup uid 10103 pid 4077 in 0ms
01-16 14:13:36.002 1832 1851 I DropBoxManagerService: add tag=system_app_strictmode isTagEnabled=true flags=0x2
01-16 14:13:36.554 1832 4142 I ActivityManager: Process org.protox (pid 4077) has died: cch CRE
01-16 14:13:36.554 1832 4034 I WindowManager: WIN DEATH: Window{a15f843 u0 org.protox/org.protox.activity.QtActivityEx}
01-16 14:13:36.554 1832 4034 W InputDispatcher: Attempted to unregister already unregistered input channel 'a15f843 org.protox/org.protox.activity.QtActivityEx (server)'
01-16 14:13:36.555 1832 4034 W InputDispatcher: Attempted to unregister already unregistered input channel 'b705ab5 PopupWindow:85cb13d (server)'
01-16 14:13:36.556 1832 1843 I system_server: NativeAlloc concurrent copying GC freed 45253(2369KB) AllocSpace objects, 16(656KB) LOS objects, 42% free, 7605KB/12MB, paused 272us total 153.019ms
01-16 14:13:36.559 1832 3913 W WindowManager: Failed looking up window callers=com.android.server.wm.WindowManagerService.windowForClientLocked:5281 com.android.server.wm.WindowState$DeathRecipient.binderDied:2491 android.os.BinderProxy.sendDeathNotice:620
01-16 14:13:36.559 1832 3913 I WindowManager: WIN DEATH: null
01-16 14:13:36.574 1832 1852 W ActivityManager: setHasOverlayUi called on unknown pid: 4077
01-16 14:13:36.947 1832 1832 W WindowManager: removeWindowToken: Attempted to remove non-existing token: android.os.Binder@e89ecd7
01-16 14:13:38.814 1583 1583 W audio_hw_generic: Not supplying enough data to HAL, expected position 3640770 , only wrote 3478843
01-16 14:13:39.608 1832 2483 E TaskPersister: File error accessing recents directory (directory doesn't exist?).
01-16 14:13:43.357 1611 3964 I adbd : host-11: read failed: I/O error
01-16 14:13:43.357 1611 3964 I adbd : host-11: connection terminated: read failed
01-16 14:13:43.361 1611 1611 I adbd : host-11: offline
01-16 14:13:43.361 1611 1611 I adbd : destroying transport host-11
01-16 14:13:43.361 1611 1611 I adbd : BlockingConnectionAdapter(host-11): stopping
01-16 14:13:43.363 1611 4237 I adbd : host-21: read thread spawning
01-16 14:13:43.370 1611 1611 I adbd : BlockingConnectionAdapter(host-11): stopped
01-16 14:13:43.370 1611 1611 I adbd : host-21: already offline
01-16 14:13:43.370 1611 1611 I adbd : BlockingConnectionAdapter(host-11): destructing
01-16 14:13:43.370 1611 1611 I adbd : BlockingConnectionAdapter(host-11): already stopped
01-16 14:13:43.378 1832 4142 D AlarmManagerService: Kernel timezone updated to -120 minutes west of GMT
01-16 14:13:43.381 1611 4238 I adbd : host-21: write thread spawning
01-16 14:13:43.382 1832 4142 D timedetector.SimpleTimeDetectorStrategy: Setting system clock using time=TimestampedValue{mReferenceTimeMillis=1053094, mValue=1610807924000} reason=New time signal elapsedRealtimeMillis=1053107 newTimeMillis=1610807924013
01-16 14:13:43.382 1832 4142 D AlarmManagerService: Setting time of day to sec=1610807924
01-16 16:38:44.015 1832 1832 D DevicePolicyManager: updateSystemUpdateFreezePeriodsRecord
01-16 16:38:44.015 1832 1832 W SyncManager: Clock is valid now.
01-16 16:38:44.015 1832 1832 D ConditionProviders.SCP: onReceive android.intent.action.TIME_SET
01-16 16:38:44.016 1832 1832 D ConditionProviders.SCP: evaluateSubscriptionLocked cal=ScheduleCalendar[mDays={1, 2, 3, 4, 5, 6, 7}, mSchedule=ScheduleInfo{days=[1, 2, 3, 4, 5, 6, 7], startHour=22, startMinute=0, endHour=7, endMinute=0, exitAtAlarm=true, nextAlarm=Thu Jan 01 03:00:00 GMT+02:00 1970 (0)}], now=Sat Jan 16 16:38:44 GMT+02:00 2021 (1610807924015), nextUserAlarmTime=Thu Jan 01 03:00:00 GMT+02:00 1970 (0)
01-16 16:38:44.016 1832 1832 D ConditionProviders.SCP: notifyCondition condition://android/schedule?days=1.2.3.4.5.6.7&start=22.0&end=7.0&exitAtAlarm=true STATE_FALSE reason=!meetsSchedule
01-16 16:38:44.021 1832 1832 D ConditionProviders.SCP: Scheduling evaluate for Sat Jan 16 22:00:00 GMT+02:00 2021 (1610827200000), in +5h21m15s985ms, now=Sat Jan 16 16:38:44 GMT+02:00 2021 (1610807924015)
01-16 16:38:44.025 1832 1858 I UsageStatsService: Time changed in UsageStats by 8700 seconds
01-16 16:38:44.025 1832 1858 I UsageStatsService: User[0] Flushing usage stats to disk
01-16 16:38:44.048 1578 1578 D Zygote : Forked child process 4239
01-16 16:38:44.051 1832 1860 I ActivityManager: Start proc 4239:com.android.calendar/u0a102 for broadcast {com.android.calendar/com.android.calendar.widget.CalendarAppWidgetService$CalendarFactory}
01-16 16:38:44.052 4239 4239 W ndroid.calenda: Unexpected CPU variant for X86 using defaults: x86
01-16 16:38:44.080 4239 4239 D ApplicationLoaders: Returning zygote-cached class loader: /system/framework/android.hidl.base-V1.0-java.jar
01-16 16:38:44.080 4239 4239 D ApplicationLoaders: Returning zygote-cached class loader: /system/framework/android.hidl.manager-V1.0-java.jar
01-16 16:38:44.080 4239 4239 D ApplicationLoaders: Returning zygote-cached class loader: /system/framework/android.hidl.base-V1.0-java.jar
01-16 16:38:44.082 4239 4239 I ndroid.calenda: The ClassLoaderContext is a special shared library.
01-16 16:38:44.699 1578 1578 D Zygote : Forked child process 4263
01-16 16:38:44.702 1832 1860 I ActivityManager: Start proc 4263:com.android.deskclock/u0a98 for broadcast {com.android.deskclock/com.android.deskclock.AlarmInitReceiver}
01-16 16:38:44.711 4263 4263 W droid.deskcloc: Unexpected CPU variant for X86 using defaults: x86
01-16 16:38:44.742 4263 4263 D ApplicationLoaders: Returning zygote-cached class loader: /system/framework/android.hidl.base-V1.0-java.jar
01-16 16:38:44.742 4263 4263 D ApplicationLoaders: Returning zygote-cached class loader: /system/framework/android.hidl.manager-V1.0-java.jar
01-16 16:38:44.742 4263 4263 D ApplicationLoaders: Returning zygote-cached class loader: /system/framework/android.hidl.base-V1.0-java.jar
01-16 16:38:44.744 4263 4263 I droid.deskcloc: The ClassLoaderContext is a special shared library.
01-16 16:38:44.764 4263 4263 I AlarmClock: AlarmInitReceiver android.intent.action.TIME_SET
01-16 16:38:44.767 4263 4283 I AlarmClock: Fixing alarm instances
01-16 16:38:44.817 4263 4283 V AlarmClock: AlarmInitReceiver finished
01-16 16:38:44.921 1832 1851 I DropBoxManagerService: add tag=system_app_strictmode isTagEnabled=true flags=0x2
01-16 16:38:45.138 4263 4263 I DigitalWidgetProvider: onReceive: Intent { act=android.intent.action.TIME_SET flg=0x25200010 cmp=com.android.deskclock/com.android.alarmclock.DigitalAppWidgetProvider }
01-16 16:38:45.140 1832 3913 W BroadcastQueue: Background execution not allowed: receiving Intent { act=com.android.calendar.APPWIDGET_UPDATE flg=0x10 } to com.android.calendar/.widget.CalendarAppWidgetProvider
01-16 16:38:45.140 1832 3913 I ActivityManager: Killing 2915:com.android.onetimeinitializer/u0a81 (adj 985): empty #17
01-16 16:38:45.187 1578 1578 I Zygote : Process 2915 exited due to signal 9 (Killed)
01-16 16:38:45.228 1832 1861 I libprocessgroup: Successfully killed process cgroup uid 10081 pid 2915 in 85ms
01-16 16:38:45.444 1832 1851 I DropBoxManagerService: add tag=system_app_strictmode isTagEnabled=true flags=0x2
01-16 16:38:45.919 1832 1858 I UsageStatsDatabase: Time changed by +2h25m0s630ms. files deleted: 0 files moved: 4
01-16 16:38:45.922 1832 1858 I UsageStatsService: User[0] Rollover scheduled @ 2021-01-16 21:58:43(1610827123107)
01-16 16:38:45.922 1832 1858 E memtrack: Couldn't load memtrack module
01-16 16:38:45.922 1832 1858 W android.os.Debug: failed to get memory consumption info: -1
01-16 16:38:45.925 1832 1858 E memtrack: Couldn't load memtrack module
01-16 16:38:45.925 1832 1858 W android.os.Debug: failed to get memory consumption info: -1
01-16 16:38:49.236 1832 1859 I ActivityManager: Killing 2888:com.android.messaging/u0a78 (adj 985): empty #17
01-16 16:38:49.249 1832 1858 E memtrack: Couldn't load memtrack module
01-16 16:38:49.249 1832 1858 W android.os.Debug: failed to get memory consumption info: -1
01-16 16:38:49.286 1578 1578 I Zygote : Process 2888 exited due to signal 9 (Killed)
01-16 16:38:49.325 1832 1861 I libprocessgroup: Successfully killed process cgroup uid 10078 pid 2888 in 80ms
01-16 16:38:49.675 2985 3062 D SharedPreferencesImpl: Time required to fsync /data/user/0/com.android.providers.calendar/shared_prefs/sanity.xml: [<1: 0, <2: 1, <4: 0, <8: 0, <16: 0, <32: 0, <64: 0, <128: 0, <256: 0, <512: 1, <1024: 0, <2048: 0, <4096: 0, <8192: 0, <16384: 0, >=16384: 0]
01-16 16:38:50.068 1832 2094 D AlarmManagerService: Kernel timezone updated to -120 minutes west of GMT
01-16 16:38:50.265 1967 2226 D EGL_emulation: eglMakeCurrent: 0xe35dad40: ver 3 1 (tinfo 0xc1dd01a0)
01-16 16:38:50.344 1967 1967 D KeyguardClockSwitch: Updating clock: 438
01-16 16:38:50.345 1967 1967 I Choreographer: Skipped 378 frames! The application may be doing too much work on its main thread.
01-16 16:38:53.357 1967 2226 I OpenGLRenderer: Davey! duration=3041ms; Flags=0, IntendedVsync=1053113864884, Vsync=1053113864884, OldestInputEvent=9223372036854775807, NewestInputEvent=0, HandleInputStart=1053118533864, AnimationStart=1053118591064, PerformTraversalsStart=1053118690044, DrawStart=1053128531994, SyncQueued=1053129095674, SyncStart=1059426147504, IssueDrawCommandsStart=1059433896914, SwapBuffers=1061669772584, FrameCompleted=1062452008274, DequeueBufferDuration=166000, QueueBufferDuration=10836000,
01-16 16:38:53.358 1967 1967 I Choreographer: Skipped 180 frames! The application may be doing too much work on its main thread.
01-16 16:38:54.037 1967 2226 W OpenGLRenderer: dequeueBuffer failed, error = -110; switching to fallback
01-16 16:38:54.289 1593 2349 D gralloc_ranchu: gralloc_alloc: Creating ashmem region of size 4096
01-16 16:38:54.295 1967 1967 I Choreographer: Skipped 43 frames! The application may be doing too much work on its main thread.
01-16 16:38:54.308 1967 2226 I OpenGLRenderer: Davey! duration=7263ms; Flags=0, IntendedVsync=1053130692079, Vsync=1059430691827, OldestInputEvent=9223372036854775807, NewestInputEvent=0, HandleInputStart=1059440352024, AnimationStart=1059440384644, PerformTraversalsStart=1059440585324, DrawStart=1059443046224, SyncQueued=1059443154434, SyncStart=1062452427464, IssueDrawCommandsStart=1062453597414, SwapBuffers=1062622429264, FrameCompleted=1063403094404, DequeueBufferDuration=0, QueueBufferDuration=254000,
01-16 16:39:00.003 1967 1967 D KeyguardClockSwitch: Updating clock: 439
01-16 16:39:00.015 1967 2226 W OpenGLRenderer: reserveNext failed, error = -2147483648 (Unknown error -2147483648)
01-16 16:39:00.016 1967 2226 D EGL_emulation: eglMakeCurrent: 0xe35dad40: ver 3 1 (tinfo 0xc1dd01a0)
01-16 16:39:24.784 1693 1693 E netmgr : Failed to open QEMU pipe 'qemud:network': Invalid argument
01-16 16:39:24.785 1693 1693 E netmgr : WifiForwarder unable to open QEMU pipe: Invalid argument
01-16 16:40:00.005 1967 1967 D KeyguardClockSwitch: Updating clock: 440
01-16 16:40:24.789 1693 1693 E netmgr : Failed to open QEMU pipe 'qemud:network': Invalid argument
01-16 16:40:24.789 1693 1693 E netmgr : WifiForwarder unable to open QEMU pipe: Invalid argument
01-16 16:41:00.004 1967 1967 D KeyguardClockSwitch: Updating clock: 441
01-16 16:41:24.811 1693 1693 E netmgr : Failed to open QEMU pipe 'qemud:network': Invalid argument
01-16 16:41:24.811 1693 1693 E netmgr : WifiForwarder unable to open QEMU pipe: Invalid argument
01-16 16:41:49.224 1832 1858 I UsageStatsService: User[0] Flushing usage stats to disk
01-16 16:42:00.002 1967 1967 D KeyguardClockSwitch: Updating clock: 442
01-16 16:42:04.358 1832 2094 E memtrack: Couldn't load memtrack module
01-16 16:42:04.358 1832 2094 W android.os.Debug: failed to get memory consumption info: -1
01-16 16:42:04.495 1832 2094 D WificondControl: Scan result ready event
01-16 16:42:24.862 1693 1693 E netmgr : Failed to open QEMU pipe 'qemud:network': Invalid argument
01-16 16:42:24.863 1693 1693 E netmgr : WifiForwarder unable to open QEMU pipe: Invalid argument
01-16 16:42:29.164 3109 3109 I abb : StartCommandInProcess(73657474696e67730067657400656e61 settings.get.ena [truncated])
01-16 16:42:29.163 1832 1832 W Binder:1832_11: type=1400 audit(0.0:32): avc: denied { getopt } for scontext=u:r:system_server:s0 tcontext=u:r:shell:s0 tclass=unix_stream_socket permissive=0
01-16 16:42:29.163 1832 1832 W Binder:1832_11: type=1400 audit(0.0:33): avc: denied { getopt } for scontext=u:r:system_server:s0 tcontext=u:r:shell:s0 tclass=unix_stream_socket permissive=0
01-16 16:42:29.163 1832 1832 W Binder:1832_11: type=1400 audit(0.0:34): avc: denied { getopt } for scontext=u:r:system_server:s0 tcontext=u:r:shell:s0 tclass=unix_stream_socket permissive=0
01-16 16:42:29.172 3109 3109 I abb : StartCommandInProcess(7061636b61676500696e7374616c6c2d package.install- [truncated])
01-16 16:42:29.163 1611 1611 W adbd : type=1400 audit(0.0:35): avc: denied { shutdown } for scontext=u:r:adbd:s0 tcontext=u:r:shell:s0 tclass=unix_stream_socket permissive=0
01-16 16:42:29.173 1832 1832 W Binder:1832_11: type=1400 audit(0.0:36): avc: denied { getopt } for scontext=u:r:system_server:s0 tcontext=u:r:shell:s0 tclass=unix_stream_socket permissive=0
01-16 16:42:29.173 1832 1832 W Binder:1832_11: type=1400 audit(0.0:37): avc: denied { getopt } for scontext=u:r:system_server:s0 tcontext=u:r:shell:s0 tclass=unix_stream_socket permissive=0
01-16 16:42:29.173 1832 1832 W Binder:1832_11: type=1400 audit(0.0:38): avc: denied { getopt } for scontext=u:r:system_server:s0 tcontext=u:r:shell:s0 tclass=unix_stream_socket permissive=0
01-16 16:42:29.173 1611 1611 W adbd : type=1400 audit(0.0:39): avc: denied { shutdown } for scontext=u:r:adbd:s0 tcontext=u:r:shell:s0 tclass=unix_stream_socket permissive=0
01-16 16:42:45.823 1611 4237 I adbd : host-21: read failed: I/O error
01-16 16:42:45.823 1611 4237 I adbd : host-21: connection terminated: read failed
01-16 16:42:45.824 1611 1611 I adbd : host-21: offline
01-16 16:42:45.824 1611 1611 I adbd : destroying transport host-21
