01-17 15:52:09.806 4662 4681 D eglCodecCommon: allocate: ioctl allocate returned offset 0x3ff7fd000 size 0x2000
01-17 15:52:09.808 1593 2349 D gralloc_ranchu: gralloc_alloc: Creating ashmem region of size 8298496
01-17 15:52:09.822 4662 4681 D EGL_emulation: eglMakeCurrent: 0xe35e30a0: ver 3 1 (tinfo 0xc207caa0)
01-17 15:52:09.827 1578 1578 I Zygote : Process 3040 exited due to signal 9 (Killed)
01-17 15:52:09.828 1593 1593 D gralloc_ranchu: gralloc_alloc: Creating ashmem region of size 8298496
01-17 15:52:09.830 1832 1861 I libprocessgroup: Successfully killed process cgroup uid 10062 pid 3040 in 87ms
01-17 15:52:09.841 4662 4681 D eglCodecCommon: setVertexArrayObject: set vao to 0 (0) 1 0
01-17 15:52:09.878 4662 4742 D eglCodecCommon: setVertexArrayObject: set vao to 0 (0) 0 0
01-17 15:52:09.878 4662 4742 D EGL_emulation: eglCreateContext: 0xc210f240: maj 3 min 0 rcv 3
01-17 15:52:09.878 4662 4742 D EGL_emulation: eglMakeCurrent: 0xc210f240: ver 3 0 (tinfo 0xc31ada50)
01-17 15:52:09.897 4662 4737 D NetworkSecurityConfig: Using Network Security Config from resource network_security_config debugBuild: false
01-17 15:52:09.906 4662 4681 E eglCodecCommon: glUtilsParamSize: unknow param 0x000088ef
01-17 15:52:09.906 4662 4681 E eglCodecCommon: glUtilsParamSize: unknow param 0x000088ef
01-17 15:52:09.909 4662 4681 D eglCodecCommon: setVertexArrayObject: set vao to 1 (1) 1 0
01-17 15:52:09.917 4662 4681 D eglCodecCommon: setVertexArrayObject: set vao to 0 (0) 1 2
01-17 15:52:09.918 4662 4742 E eglCodecCommon: glUtilsParamSize: unknow param 0x000088ef
01-17 15:52:09.945 4662 4742 I chatty : uid=10090(org.chromium.webview_shell) Chrome_InProcGp identical 2 lines
01-17 15:52:09.945 4662 4742 E eglCodecCommon: glUtilsParamSize: unknow param 0x000088ef
01-17 15:52:09.946 1832 1858 I ActivityTaskManager: Displayed org.chromium.webview_shell/.WebViewBrowserActivity: +907ms
01-17 15:52:09.963 4662 4742 D eglCodecCommon: setVertexArrayObject: set vao to 1 (1) 0 0
01-17 15:52:09.978 4662 4681 D eglCodecCommon: setVertexArrayObject: set vao to 0 (0) 1 2
01-17 15:52:10.030 1606 1959 E BufferQueueProducer: [SurfaceView - org.protox/org.protox.activity.QtActivityEx#0] disconnect: not connected (req=1)
01-17 15:52:10.030 4586 4606 W libEGL : EGLNativeWindowType 0xd7fad808 disconnect failed
01-17 15:52:10.203 4662 4681 D eglCodecCommon: setVertexArrayObject: set vao to 0 (0) 1 2
01-17 15:52:10.518 4662 4742 E eglCodecCommon: glUtilsParamSize: unknow param 0x000088ef
01-17 15:52:10.521 4662 4742 I chatty : uid=10090(org.chromium.webview_shell) Chrome_InProcGp identical 2 lines
01-17 15:52:10.521 4662 4742 E eglCodecCommon: glUtilsParamSize: unknow param 0x000088ef
01-17 15:52:10.552 4662 4742 D eglCodecCommon: setVertexArrayObject: set vao to 0 (0) 3 0
01-17 15:52:10.698 4662 4742 D eglCodecCommon: setVertexArrayObject: set vao to 0 (0) 3 4
01-17 15:52:10.751 4662 4742 I chatty : uid=10090(org.chromium.webview_shell) Chrome_InProcGp identical 2 lines
01-17 15:52:10.886 4662 4742 D eglCodecCommon: setVertexArrayObject: set vao to 0 (0) 3 4
01-17 15:52:10.888 4662 4681 D eglCodecCommon: setVertexArrayObject: set vao to 1 (1) 1 8
01-17 15:52:10.889 4662 4742 D eglCodecCommon: setVertexArrayObject: set vao to 0 (0) 3 4
01-17 15:52:10.916 4662 4742 I chatty : uid=10090(org.chromium.webview_shell) Chrome_InProcGp identical 8 lines
01-17 15:52:10.946 4662 4742 D eglCodecCommon: setVertexArrayObject: set vao to 0 (0) 3 4
01-17 15:52:10.947 4662 4681 D eglCodecCommon: setVertexArrayObject: set vao to 0 (0) 1 2
01-17 15:52:10.949 4662 4742 D eglCodecCommon: setVertexArrayObject: set vao to 0 (0) 3 4
01-17 15:52:10.967 4662 4681 D eglCodecCommon: setVertexArrayObject: set vao to 1 (1) 1 6
01-17 15:52:10.968 4662 4681 D eglCodecCommon: setVertexArrayObject: set vao to 0 (0) 1 2
01-17 15:52:10.976 4662 4742 D eglCodecCommon: setVertexArrayObject: set vao to 0 (0) 3 4
01-17 15:52:10.985 4662 4681 D eglCodecCommon: setVertexArrayObject: set vao to 1 (1) 1 6
01-17 15:52:10.994 4662 4681 D eglCodecCommon: setVertexArrayObject: set vao to 0 (0) 1 2
01-17 15:52:11.020 4662 4681 D eglCodecCommon: setVertexArrayObject: set vao to 1 (1) 1 6
01-17 15:52:11.044 4662 4681 D eglCodecCommon: setVertexArrayObject: set vao to 0 (0) 1 2
01-17 15:52:11.061 4662 4681 D eglCodecCommon: setVertexArrayObject: set vao to 1 (1) 1 6
01-17 15:52:11.062 4662 4681 D eglCodecCommon: setVertexArrayObject: set vao to 0 (0) 1 2
01-17 15:52:11.079 4662 4681 D eglCodecCommon: setVertexArrayObject: set vao to 1 (1) 1 6
01-17 15:52:11.080 4662 4681 D eglCodecCommon: setVertexArrayObject: set vao to 0 (0) 1 2
01-17 15:52:11.103 4662 4681 D eglCodecCommon: setVertexArrayObject: set vao to 1 (1) 1 6
01-17 15:52:11.104 4662 4681 D eglCodecCommon: setVertexArrayObject: set vao to 0 (0) 1 2
01-17 15:52:11.117 4662 4681 D eglCodecCommon: setVertexArrayObject: set vao to 1 (1) 1 6
01-17 15:52:11.118 4662 4681 D eglCodecCommon: setVertexArrayObject: set vao to 0 (0) 1 2
01-17 15:52:11.131 4662 4681 D eglCodecCommon: setVertexArrayObject: set vao to 1 (1) 1 6
01-17 15:52:11.132 4662 4681 D eglCodecCommon: setVertexArrayObject: set vao to 0 (0) 1 2
01-17 15:52:11.154 4662 4681 D eglCodecCommon: setVertexArrayObject: set vao to 1 (1) 1 6
01-17 15:52:11.154 4662 4681 D eglCodecCommon: setVertexArrayObject: set vao to 0 (0) 1 2
01-17 15:52:11.163 4662 4742 D eglCodecCommon: setVertexArrayObject: set vao to 0 (0) 3 4
01-17 15:52:11.170 4662 4681 D eglCodecCommon: setVertexArrayObject: set vao to 1 (1) 1 6
01-17 15:52:11.171 4662 4742 D eglCodecCommon: setVertexArrayObject: set vao to 0 (0) 3 4
01-17 15:52:11.171 4662 4681 D eglCodecCommon: setVertexArrayObject: set vao to 0 (0) 1 2
01-17 15:52:11.172 4662 4742 D eglCodecCommon: setVertexArrayObject: set vao to 0 (0) 3 4
01-17 15:52:11.181 4662 4742 D eglCodecCommon: setVertexArrayObject: set vao to 0 (0) 3 4
01-17 15:52:11.226 4662 4681 D eglCodecCommon: setVertexArrayObject: set vao to 1 (1) 1 6
01-17 15:52:11.233 4662 4681 D eglCodecCommon: setVertexArrayObject: set vao to 0 (0) 1 2
01-17 15:52:11.244 4662 4681 D eglCodecCommon: setVertexArrayObject: set vao to 1 (1) 1 6
01-17 15:52:11.246 4662 4681 D eglCodecCommon: setVertexArrayObject: set vao to 0 (0) 1 2
01-17 15:52:11.257 4662 4681 D eglCodecCommon: setVertexArrayObject: set vao to 1 (1) 1 6
01-17 15:52:11.258 4662 4681 D eglCodecCommon: setVertexArrayObject: set vao to 0 (0) 1 2
01-17 15:52:11.271 4662 4662 I chromium: [INFO:CONSOLE(467)] "%c%s", source: https://www.gstatic.com/_/boq-play/_/js/k=boq-play.PlayStoreUi.en_US.leD57CsTt-M.es5.O/am=acgs3JdC/d=1/excm=_b,_tp,appdetailsview/ed=1/dg=0/wt=2/ct=zgms/rs=AB1caFU4lSXwPbnohexIodlFGCg3EqPNkQ/m=_b,_tp (467)
01-17 15:52:11.271 4662 4662 I chromium: [INFO:CONSOLE(467)] "%c%s", source: https://www.gstatic.com/_/boq-play/_/js/k=boq-play.PlayStoreUi.en_US.leD57CsTt-M.es5.O/am=acgs3JdC/d=1/excm=_b,_tp,appdetailsview/ed=1/dg=0/wt=2/ct=zgms/rs=AB1caFU4lSXwPbnohexIodlFGCg3EqPNkQ/m=_b,_tp (467)
01-17 15:52:11.274 4662 4681 D eglCodecCommon: setVertexArrayObject: set vao to 1 (1) 1 6
01-17 15:52:11.276 4662 4681 D eglCodecCommon: setVertexArrayObject: set vao to 0 (0) 1 2
01-17 15:52:11.288 4662 4673 I m.webview_shel: Background young concurrent copying GC freed 56965(6069KB) AllocSpace objects, 4(144KB) LOS objects, 79% free, 1588KB/7732KB, paused 230us total 216.089ms
01-17 15:52:11.601 4662 4681 D eglCodecCommon: setVertexArrayObject: set vao to 1 (1) 1 6
01-17 15:52:11.602 4662 4681 D eglCodecCommon: setVertexArrayObject: set vao to 0 (0) 1 2
01-17 15:52:11.924 4662 4742 D eglCodecCommon: setVertexArrayObject: set vao to 0 (0) 3 4
01-17 15:52:11.926 4662 4742 I chatty : uid=10090(org.chromium.webview_shell) Chrome_InProcGp identical 1 line
01-17 15:52:11.933 4662 4742 D eglCodecCommon: setVertexArrayObject: set vao to 0 (0) 3 4
01-17 15:52:12.018 4662 4681 D eglCodecCommon: setVertexArrayObject: set vao to 1 (1) 1 6
01-17 15:52:12.025 4662 4681 D eglCodecCommon: setVertexArrayObject: set vao to 0 (0) 1 2
01-17 15:52:12.038 4662 4681 D eglCodecCommon: setVertexArrayObject: set vao to 1 (1) 1 6
01-17 15:52:12.039 4662 4681 D eglCodecCommon: setVertexArrayObject: set vao to 0 (0) 1 2
01-17 15:52:12.053 4662 4681 D eglCodecCommon: setVertexArrayObject: set vao to 1 (1) 1 6
01-17 15:52:12.054 4662 4681 D eglCodecCommon: setVertexArrayObject: set vao to 0 (0) 1 2
01-17 15:52:12.062 4662 4742 D eglCodecCommon: setVertexArrayObject: set vao to 0 (0) 3 4
01-17 15:52:12.334 4662 4742 I chatty : uid=10090(org.chromium.webview_shell) Chrome_InProcGp identical 4 lines
01-17 15:52:12.335 4662 4742 D eglCodecCommon: setVertexArrayObject: set vao to 0 (0) 3 4
01-17 15:52:12.436 1832 4536 E memtrack: Couldn't load memtrack module
01-17 15:52:12.436 1832 4536 W android.os.Debug: failed to get memory consumption info: -1
01-17 15:52:12.478 4662 4742 D eglCodecCommon: setVertexArrayObject: set vao to 0 (0) 3 4
01-17 15:52:12.479 4662 4742 I chatty : uid=10090(org.chromium.webview_shell) Chrome_InProcGp identical 1 line
01-17 15:52:12.482 4662 4742 D eglCodecCommon: setVertexArrayObject: set vao to 0 (0) 3 4
01-17 15:52:12.492 4662 4681 D eglCodecCommon: setVertexArrayObject: set vao to 1 (1) 1 6
01-17 15:52:12.498 4662 4681 D eglCodecCommon: setVertexArrayObject: set vao to 0 (0) 1 2
01-17 15:52:12.543 4586 4604 D EGL_emulation: eglMakeCurrent: 0xe367cde0: ver 3 1 (tinfo 0xd7f6e340)
01-17 15:52:12.556 1832 1899 W NotificationService: Toast already killed. pkg=org.protox callback=android.app.ITransientNotification$Stub$Proxy@b330a7e
01-17 15:52:12.626 1832 2483 E TaskPersister: File error accessing recents directory (directory doesn't exist?).
01-17 15:52:12.781 4662 4742 D eglCodecCommon: setVertexArrayObject: set vao to 0 (0) 3 4
01-17 15:52:12.795 4662 4742 I chatty : uid=10090(org.chromium.webview_shell) Chrome_InProcGp identical 7 lines
01-17 15:52:12.796 4662 4742 D eglCodecCommon: setVertexArrayObject: set vao to 0 (0) 3 4
01-17 15:52:12.797 4662 4681 D eglCodecCommon: setVertexArrayObject: set vao to 1 (1) 1 6
01-17 15:52:12.808 4662 4742 D eglCodecCommon: setVertexArrayObject: set vao to 0 (0) 3 4
01-17 15:52:12.808 4662 4681 D eglCodecCommon: setVertexArrayObject: set vao to 0 (0) 1 2
01-17 15:52:12.810 4662 4742 D eglCodecCommon: setVertexArrayObject: set vao to 0 (0) 3 4
01-17 15:52:13.393 4662 4681 D eglCodecCommon: setVertexArrayObject: set vao to 1 (1) 1 6
01-17 15:52:13.394 4662 4681 D eglCodecCommon: setVertexArrayObject: set vao to 0 (0) 1 2
01-17 15:52:14.757 1967 1967 I KeyButtonView: Back button event: ACTION_DOWN
01-17 15:52:14.758 1832 1919 V InputDispatcher: Asynchronous input event injection succeeded.
01-17 15:52:14.766 1583 3101 W audio_hw_generic: Not supplying enough data to HAL, expected position 6149333 , only wrote 6149283
01-17 15:52:14.768 1967 2226 D EGL_emulation: eglMakeCurrent: 0xe35dad40: ver 3 1 (tinfo 0xc1dd01a0)
01-17 15:52:14.831 1967 1967 I KeyButtonView: Back button event: ACTION_UP
01-17 15:52:14.832 1832 1919 V InputDispatcher: Asynchronous input event injection succeeded.
01-17 15:52:14.832 1832 1850 D AutofillManagerService: onBackKeyPressed()
01-17 15:52:14.860 4662 4681 D eglCodecCommon: setVertexArrayObject: set vao to 1 (1) 1 6
01-17 15:52:14.862 4662 4681 D eglCodecCommon: setVertexArrayObject: set vao to 0 (0) 1 2
01-17 15:52:14.877 1593 1593 D gralloc_ranchu: gralloc_alloc: Creating ashmem region of size 8192
01-17 15:52:14.880 1593 1593 I chatty : uid=1000(system) allocator@2.0-s identical 1 line
01-17 15:52:14.882 1593 1593 D gralloc_ranchu: gralloc_alloc: Creating ashmem region of size 8192
01-17 15:52:14.892 1593 1593 D gralloc_ranchu: gralloc_alloc: Creating ashmem region of size 8298496
01-17 15:52:14.912 4586 4604 D EGL_emulation: eglMakeCurrent: 0xe367cde0: ver 3 1 (tinfo 0xd7f6e340)
01-17 15:52:14.924 1593 1593 D gralloc_ranchu: gralloc_alloc: Creating ashmem region of size 8298496
01-17 15:52:14.967 1593 1593 D gralloc_ranchu: gralloc_alloc: Creating ashmem region of size 7479296
01-17 15:52:14.989 4586 4611 E Surface : getSlotFromBufferLocked: unknown buffer: 0x200
01-17 15:52:14.990 4586 4611 D EGL_emulation: eglMakeCurrent: 0xbc7260a0: ver 3 1 (tinfo 0xc084a470)
01-17 15:52:15.000 1593 1593 D gralloc_ranchu: gralloc_alloc: Creating ashmem region of size 8298496
01-17 15:52:15.011 1593 1593 D gralloc_ranchu: gralloc_alloc: Creating ashmem region of size 7479296
01-17 15:52:15.369 1832 1852 I ActivityManager: Killing 2947:com.android.packageinstaller/u0a38 (adj 985): empty #17
01-17 15:52:15.369 1832 1852 I ActivityManager: Killing 2831:com.android.email/u0a100 (adj 985): empty #18
01-17 15:52:15.042 1593 1593 D gralloc_ranchu: gralloc_alloc: Creating ashmem region of size 7479296
01-17 15:52:15.376 4662 4681 D EGL_emulation: eglMakeCurrent: 0xe35e30a0: ver 3 1 (tinfo 0xc207caa0)
01-17 15:52:15.397 4662 4742 D eglCodecCommon: setVertexArrayObject: set vao to 1 (1) 0 0
01-17 15:52:15.402 4662 4681 D eglCodecCommon: setVertexArrayObject: set vao to 1 (1) 0 6
01-17 15:52:15.404 4662 4681 D eglCodecCommon: setVertexArrayObject: set vao to 0 (0) 0 2
01-17 15:52:15.428 1578 1578 I Zygote : Process 2831 exited due to signal 9 (Killed)
01-17 15:52:15.431 1578 1578 I Zygote : Process 2947 exited due to signal 9 (Killed)
01-17 15:52:15.456 1832 1861 I libprocessgroup: Successfully killed process cgroup uid 10038 pid 2947 in 86ms
01-17 15:52:15.456 1832 1861 I libprocessgroup: Successfully killed process cgroup uid 10100 pid 2831 in 0ms
01-17 15:52:16.442 2229 2229 I LatinIME: Starting input. Cursor position = -1,-1
01-17 15:52:16.446 4586 4586 W IInputConnectionWrapper: getSelectedText on inactive InputConnection
01-17 15:52:16.447 4586 4586 W IInputConnectionWrapper: requestCursorAnchorInfo on inactive InputConnection
01-17 15:52:16.447 4586 4586 W IInputConnectionWrapper: getTextBeforeCursor on inactive InputConnection
01-17 15:52:16.447 2229 2229 E RichInputConnection: Unable to connect to the editor to retrieve text.
01-17 15:52:16.447 2229 2229 D RichInputConnection: Will try to retrieve text later.
01-17 15:52:16.449 4586 4586 W IInputConnectionWrapper: getTextBeforeCursor on inactive InputConnection
01-17 15:52:16.449 2229 2229 E RichInputConnection: Unable to connect to the editor to retrieve text.
01-17 15:52:16.449 2229 2229 W RichInputConnection: Unable to connect to the editor. Setting caps mode without knowing text.
01-17 15:52:16.461 1593 1593 D gralloc_ranchu: gralloc_alloc: Creating ashmem region of size 8024064
01-17 15:52:16.471 1593 1593 I chatty : uid=1000(system) allocator@2.0-s identical 1 line
01-17 15:52:16.478 1593 1593 D gralloc_ranchu: gralloc_alloc: Creating ashmem region of size 8024064
01-17 15:52:16.484 2229 3872 D EGL_emulation: eglMakeCurrent: 0xe35daf80: ver 3 1 (tinfo 0xd8089850)
01-17 15:52:16.494 1593 2349 D gralloc_ranchu: gralloc_alloc: Creating ashmem region of size 8192
01-17 15:52:16.512 2229 2229 I LatinIME: Starting input. Cursor position = -1,-1
01-17 15:52:16.514 4586 4586 W IInputConnectionWrapper: getTextBeforeCursor on inactive InputConnection
01-17 15:52:16.532 4586 4586 W IInputConnectionWrapper: getSelectedText on inactive InputConnection
01-17 15:52:16.543 4586 4586 W IInputConnectionWrapper: requestCursorAnchorInfo on inactive InputConnection
01-17 15:52:16.546 4586 4586 W IInputConnectionWrapper: getTextBeforeCursor on inactive InputConnection
01-17 15:52:16.546 2229 2229 E RichInputConnection: Unable to connect to the editor to retrieve text.
01-17 15:52:16.546 2229 2229 D RichInputConnection: Will try to retrieve text later.
01-17 15:52:16.548 4586 4586 W IInputConnectionWrapper: getTextBeforeCursor on inactive InputConnection
01-17 15:52:16.548 2229 2229 E RichInputConnection: Unable to connect to the editor to retrieve text.
01-17 15:52:16.548 2229 2229 W RichInputConnection: Unable to connect to the editor. Setting caps mode without knowing text.
01-17 15:52:16.608 2229 2229 I LatinIME: Starting input. Cursor position = -1,-1
01-17 15:52:16.696 1593 1593 D gralloc_ranchu: gralloc_alloc: Creating ashmem region of size 4096
01-17 15:52:17.913 1583 1775 W audio_hw_generic: Not supplying enough data to HAL, expected position 6425011 , only wrote 6288093
01-17 15:52:18.455 1832 2483 E TaskPersister: File error accessing recents directory (directory doesn't exist?).
01-17 15:52:20.421 1832 1934 D ConnectivityService: releasing NetworkRequest [ TRACK_DEFAULT id=16, [ Capabilities: INTERNET&NOT_RESTRICTED&TRUSTED Uid: 10090] ] (release request)
01-17 15:52:20.510 4662 4742 D eglCodecCommon: setVertexArrayObject: set vao to 0 (0) 0 4
01-17 15:52:20.925 1832 4034 I ActivityManager: Killing 4705:com.android.webview:sandboxed_process0:org.chromium.content.app.SandboxedProcessService0/u0a90i0 (adj 0): isolated not needed
01-17 15:52:20.925 1832 1861 I libprocessgroup: Successfully killed process cgroup uid 99000 pid 4705 in 0ms
01-17 15:52:20.943 4662 4742 D EGL_emulation: eglMakeCurrent: 0xc210f240: ver 3 0 (tinfo 0xc31ada50)
01-17 15:52:20.945 2035 2035 I Zygote : Process 4705 exited due to signal 9 (Killed)
01-17 15:52:20.947 1832 1864 E KernelCpuSpeedReader: Failed to read cpu-freq: /sys/devices/system/cpu/cpu0/cpufreq/stats/time_in_state: open failed: ENOENT (No such file or directory)
01-17 15:52:20.948 1832 1864 W KernelCpuProcStringReader: File not found. It's normal if not implemented: /proc/uid_time_in_state
01-17 15:52:20.948 1832 1864 W KernelCpuProcStringReader: File not found. It's normal if not implemented: /proc/uid_concurrent_active_time
01-17 15:52:20.949 1832 1864 W KernelCpuProcStringReader: File not found. It's normal if not implemented: /proc/uid_concurrent_policy_time
01-17 15:52:23.547 1832 1832 W WindowManager: removeWindowToken: Attempted to remove non-existing token: android.os.Binder@a81ddbd
01-17 15:52:28.631 1832 1953 E ClipboardService: Denying clipboard access to org.chromium.webview_shell, application is not in focus neither is a system service for user 0
01-17 15:52:31.316 1593 1593 D gralloc_ranchu: gralloc_alloc: Creating ashmem region of size 16384
01-17 15:52:31.318 1593 1593 D gralloc_ranchu: gralloc_alloc: Creating ashmem region of size 16384
01-17 15:52:31.320 4586 4604 D EGL_emulation: eglMakeCurrent: 0xe367cde0: ver 3 1 (tinfo 0xd7f6e340)
01-17 15:52:31.322 1593 1593 D gralloc_ranchu: gralloc_alloc: Creating ashmem region of size 16384
01-17 15:52:31.417 4586 4604 D EGL_emulation: eglMakeCurrent: 0xe367cde0: ver 3 1 (tinfo 0xd7f6e340)
01-17 15:52:32.288 1832 4034 D WificondControl: Scan result ready event
01-17 15:52:32.784 1693 1693 E netmgr : Failed to open QEMU pipe 'qemud:network': Invalid argument
01-17 15:52:32.784 1693 1693 E netmgr : WifiForwarder unable to open QEMU pipe: Invalid argument
01-17 15:52:48.695 4586 4606 D libprotox_x86.so: "Reconnection timer aborted: successfully connected!"
01-17 15:52:56.703 1611 4540 I adbd : host-16: read failed: I/O error
01-17 15:52:56.703 1611 4540 I adbd : host-16: connection terminated: read failed
01-17 15:52:56.703 1611 1611 I adbd : host-16: offline
01-17 15:52:56.704 1611 1611 I adbd : destroying transport host-16
01-17 15:52:56.704 1611 1611 I adbd : BlockingConnectionAdapter(host-16): stopping
01-17 15:52:56.707 1611 1611 I adbd : BlockingConnectionAdapter(host-16): stopped
01-17 15:52:56.707 1611 1611 I adbd : BlockingConnectionAdapter(host-16): destructing
01-17 15:52:56.707 1611 1611 I adbd : BlockingConnectionAdapter(host-16): already stopped
01-17 15:52:56.708 1611 4774 I adbd : host-10: read thread spawning
01-17 15:52:56.710 1611 4775 I adbd : host-10: write thread spawning
01-17 15:52:56.713 1611 1611 I adbd : host-10: already offline
01-17 15:53:00.002 1967 1967 D KeyguardClockSwitch: Updating clock: 353
01-17 15:53:00.005 1967 2226 D EGL_emulation: eglMakeCurrent: 0xe35dad40: ver 3 1 (tinfo 0xc1dd01a0)
01-17 15:53:00.844 4778 4778 D AndroidRuntime: >>>>>> START com.android.internal.os.RuntimeInit uid 2000 <<<<<<
01-17 15:53:00.848 4778 4778 E libc : Access denied finding property "persist.device_config.runtime_native_boot.enable_apex_image"
01-17 15:53:00.848 4778 4778 I AndroidRuntime: Using default boot image
01-17 15:53:00.848 4778 4778 E libc : Access denied finding property "persist.device_config.runtime_native_boot.disable_lock_profiling"
01-17 15:53:00.848 4778 4778 I AndroidRuntime: Leaving lock profiling enabled
01-17 15:53:00.848 4778 4778 E libc : Access denied finding property "persist.device_config.runtime_native_boot.enable_generational_cc"
01-17 15:53:00.850 4778 4778 W app_process: Could not reserve sentinel fault page
01-17 15:53:00.851 4778 4778 I app_process: Core platform API reporting enabled, enforcing=false
01-17 15:53:00.842 4778 4778 W app_process: type=1400 audit(0.0:47): avc: denied { read } for name="u:object_r:device_config_runtime_native_boot_prop:s0" dev="tmpfs" ino=5959 scontext=u:r:shell:s0 tcontext=u:object_r:device_config_runtime_native_boot_prop:s0 tclass=file permissive=0
01-17 15:53:00.842 4778 4778 W app_process: type=1400 audit(0.0:48): avc: denied { read } for name="u:object_r:device_config_runtime_native_boot_prop:s0" dev="tmpfs" ino=5959 scontext=u:r:shell:s0 tcontext=u:object_r:device_config_runtime_native_boot_prop:s0 tclass=file permissive=0
01-17 15:53:00.842 4778 4778 W app_process: type=1400 audit(0.0:49): avc: denied { read } for name="u:object_r:device_config_runtime_native_boot_prop:s0" dev="tmpfs" ino=5959 scontext=u:r:shell:s0 tcontext=u:object_r:device_config_runtime_native_boot_prop:s0 tclass=file permissive=0
01-17 15:53:01.102 4778 4778 D ICU : Time zone APEX file found: /apex/com.android.tzdata/etc/icu/icu_tzdata.dat
01-17 15:53:01.107 4778 4778 W app_process: Unexpected CPU variant for X86 using defaults: x86
01-17 15:53:01.130 4778 4778 I app_process: The ClassLoaderContext is a special shared library.
01-17 15:53:01.144 4778 4778 W app_process: JNI RegisterNativeMethods: attempt to register 0 native methods for android.media.AudioAttributes
01-17 15:53:01.148 4778 4778 D AndroidRuntime: Calling main entry com.android.commands.input.Input
01-17 15:53:01.158 4778 4778 D AndroidRuntime: Shutting down VM
01-17 15:53:05.002 1967 1967 D KeyguardClockSwitch: Updating clock: 353
01-17 15:53:10.464 4790 4790 D AndroidRuntime: >>>>>> START com.android.internal.os.RuntimeInit uid 2000 <<<<<<
01-17 15:53:10.452 4790 4790 W app_process: type=1400 audit(0.0:50): avc: denied { read } for name="u:object_r:device_config_runtime_native_boot_prop:s0" dev="tmpfs" ino=5959 scontext=u:r:shell:s0 tcontext=u:object_r:device_config_runtime_native_boot_prop:s0 tclass=file permissive=0
01-17 15:53:10.467 4790 4790 E libc : Access denied finding property "persist.device_config.runtime_native_boot.enable_apex_image"
01-17 15:53:10.467 4790 4790 I AndroidRuntime: Using default boot image
01-17 15:53:10.467 4790 4790 E libc : Access denied finding property "persist.device_config.runtime_native_boot.disable_lock_profiling"
01-17 15:53:10.467 4790 4790 I AndroidRuntime: Leaving lock profiling enabled
01-17 15:53:10.468 4790 4790 E libc : Access denied finding property "persist.device_config.runtime_native_boot.enable_generational_cc"
01-17 15:53:10.452 4790 4790 W app_process: type=1400 audit(0.0:51): avc: denied { read } for name="u:object_r:device_config_runtime_native_boot_prop:s0" dev="tmpfs" ino=5959 scontext=u:r:shell:s0 tcontext=u:object_r:device_config_runtime_native_boot_prop:s0 tclass=file permissive=0
01-17 15:53:10.462 4790 4790 W app_process: type=1400 audit(0.0:52): avc: denied { read } for name="u:object_r:device_config_runtime_native_boot_prop:s0" dev="tmpfs" ino=5959 scontext=u:r:shell:s0 tcontext=u:object_r:device_config_runtime_native_boot_prop:s0 tclass=file permissive=0
01-17 15:53:10.470 4790 4790 I app_process: Core platform API reporting enabled, enforcing=false
01-17 15:53:10.539 4790 4790 D ICU : Time zone APEX file found: /apex/com.android.tzdata/etc/icu/icu_tzdata.dat
01-17 15:53:10.545 4790 4790 W app_process: Unexpected CPU variant for X86 using defaults: x86
01-17 15:53:10.546 4790 4790 I app_process: The ClassLoaderContext is a special shared library.
01-17 15:53:10.559 4790 4790 W app_process: JNI RegisterNativeMethods: attempt to register 0 native methods for android.media.AudioAttributes
01-17 15:53:10.562 4790 4790 D AndroidRuntime: Calling main entry com.android.commands.input.Input
01-17 15:53:12.194 4790 4790 D AndroidRuntime: Shutting down VM
01-17 15:53:15.715 1832 1858 E memtrack: Couldn't load memtrack module
01-17 15:53:15.715 1832 1858 W android.os.Debug: failed to get memory consumption info: -1
01-17 15:53:15.717 2229 3872 D EGL_emulation: eglMakeCurrent: 0xe35daf80: ver 3 1 (tinfo 0xd8089850)
01-17 15:53:15.723 1832 1858 E memtrack: Couldn't load memtrack module
01-17 15:53:15.723 1832 1858 W android.os.Debug: failed to get memory consumption info: -1
01-17 15:53:15.732 1832 4402 E InputDispatcher: Window handle Window{be499ee u0 PopupWindow:15e54eb} has no registered input channel
01-17 15:53:15.741 1967 2226 D EGL_emulation: eglMakeCurrent: 0xe35dad40: ver 3 1 (tinfo 0xc1dd01a0)
01-17 15:53:15.771 2229 2229 I LatinIME: Starting input. Cursor position = -1,-1
01-17 15:53:15.778 1593 1593 D gralloc_ranchu: gralloc_alloc: Creating ashmem region of size 8192
01-17 15:53:15.787 1832 1858 E memtrack: Couldn't load memtrack module
01-17 15:53:15.788 1832 1858 W android.os.Debug: failed to get memory consumption info: -1
01-17 15:53:15.792 1832 1858 E memtrack: Couldn't load memtrack module
01-17 15:53:15.792 1832 1858 W android.os.Debug: failed to get memory consumption info: -1
01-17 15:53:15.794 1832 1858 E memtrack: Couldn't load memtrack module
01-17 15:53:15.794 1832 1858 W android.os.Debug: failed to get memory consumption info: -1
01-17 15:53:15.854 1832 4402 D WindowManager: relayoutVisibleWindow: Window{542b4ba u0 InputMethod EXITING} mAnimatingExit=true, mRemoveOnExit=false, mDestroying=false
01-17 15:53:15.860 1593 1593 D gralloc_ranchu: gralloc_alloc: Creating ashmem region of size 8024064
01-17 15:53:15.888 1593 2349 D gralloc_ranchu: gralloc_alloc: Creating ashmem region of size 8024064
01-17 15:53:15.903 2229 3872 D EGL_emulation: eglMakeCurrent: 0xe35daf80: ver 3 1 (tinfo 0xd8089850)
01-17 15:53:15.904 1593 2349 D gralloc_ranchu: gralloc_alloc: Creating ashmem region of size 8024064
01-17 15:53:15.939 1593 2349 D gralloc_ranchu: gralloc_alloc: Creating ashmem region of size 4096
01-17 15:53:16.997 2229 3872 D EGL_emulation: eglMakeCurrent: 0xe35daf80: ver 3 1 (tinfo 0xd8089850)
01-17 15:53:17.195 1593 2349 D gralloc_ranchu: gralloc_alloc: Creating ashmem region of size 8192
01-17 15:53:17.234 1593 2349 D gralloc_ranchu: gralloc_alloc: Creating ashmem region of size 184320
01-17 15:53:17.237 1593 2349 D gralloc_ranchu: gralloc_alloc: Creating ashmem region of size 184320
01-17 15:53:17.240 4586 4597 I org.protox: NativeAlloc concurrent copying GC freed 74136(2854KB) AllocSpace objects, 1(20KB) LOS objects, 52% free, 1401KB/2937KB, paused 8.678ms total 72.965ms
01-17 15:53:17.242 4586 4604 D EGL_emulation: eglMakeCurrent: 0xe367cde0: ver 3 1 (tinfo 0xd7f6e340)
01-17 15:53:17.242 1593 2349 D gralloc_ranchu: gralloc_alloc: Creating ashmem region of size 184320
01-17 15:53:19.171 4586 4604 D EGL_emulation: eglMakeCurrent: 0xe367cde0: ver 3 1 (tinfo 0xd7f6e340)
01-17 15:53:19.176 1832 1848 W NotificationService: Toast already killed. pkg=org.protox callback=android.app.ITransientNotification$Stub$Proxy@62c6ab2
01-17 15:53:20.723 1832 1852 W WindowManager: Unable to start animation, surface is null or no children.
01-17 15:53:27.602 4586 4606 D libprotox_x86.so: "Toxcore: network.c (line 508) ERROR: sendpacket attempted to send message of length 113 on uninitialised socket"
01-17 15:53:27.603 4586 4606 D libprotox_x86.so: "Toxcore: network.c (line 508) ERROR: sendpacket attempted to send message of length 113 on uninitialised socket"
01-17 15:53:28.249 4586 4606 D libprotox_x86.so: "Removing avatar for friend: 0."
01-17 15:53:28.453 4586 4606 D libprotox_x86.so: "File manager thread started 0xc11f0100: /storage/emulated/0/.protox/avatars/411076215F9CBF789CF49F81D545AF9E3ECA7C39529926E78F948B3AE1E6757F."
01-17 15:53:28.651 4586 4606 D libprotox_x86.so: "Destroying file manager thread 0xc11f0100."
01-17 15:53:30.185 1832 1832 W WindowManager: removeWindowToken: Attempted to remove non-existing token: android.os.Binder@816d050
01-17 15:53:32.790 1693 1693 E netmgr : Failed to open QEMU pipe 'qemud:network': Invalid argument
01-17 15:53:32.790 1693 1693 E netmgr : WifiForwarder unable to open QEMU pipe: Invalid argument
01-17 15:53:45.196 4586 4604 D EGL_emulation: eglMakeCurrent: 0xe367cde0: ver 3 1 (tinfo 0xd7f6e340)
01-17 15:53:45.217 1832 1858 E memtrack: Couldn't load memtrack module
01-17 15:53:45.218 1832 1858 W android.os.Debug: failed to get memory consumption info: -1
01-17 15:53:45.220 2229 2229 I LatinIME: Starting input. Cursor position = -1,-1
01-17 15:53:45.225 1832 1858 E memtrack: Couldn't load memtrack module
01-17 15:53:45.226 1832 1858 W android.os.Debug: failed to get memory consumption info: -1
01-17 15:53:45.246 1593 2349 D gralloc_ranchu: gralloc_alloc: Creating ashmem region of size 8024064
01-17 15:53:45.263 1593 1593 D gralloc_ranchu: gralloc_alloc: Creating ashmem region of size 8024064
01-17 15:53:45.277 1593 2349 D gralloc_ranchu: gralloc_alloc: Creating ashmem region of size 8024064
01-17 15:53:45.278 2229 3872 D EGL_emulation: eglMakeCurrent: 0xe35daf80: ver 3 1 (tinfo 0xd8089850)
01-17 15:53:45.301 1593 1730 D gralloc_ranchu: gralloc_alloc: Creating ashmem region of size 4096
01-17 15:53:53.163 2229 3872 D EGL_emulation: eglMakeCurrent: 0xe35daf80: ver 3 1 (tinfo 0xd8089850)
01-17 15:53:53.188 1593 2349 D gralloc_ranchu: gralloc_alloc: Creating ashmem region of size 8192
01-17 15:54:00.002 1967 1967 D KeyguardClockSwitch: Updating clock: 354
01-17 15:54:00.014 1967 2226 D EGL_emulation: eglMakeCurrent: 0xe35dad40: ver 3 1 (tinfo 0xc1dd01a0)
01-17 15:54:05.140 2229 2229 I LatinIME: Starting input. Cursor position = -1,-1
01-17 15:54:05.161 1593 2349 D gralloc_ranchu: gralloc_alloc: Creating ashmem region of size 8024064
01-17 15:54:05.179 1593 1730 D gralloc_ranchu: gralloc_alloc: Creating ashmem region of size 8024064
01-17 15:54:05.194 1593 2349 D gralloc_ranchu: gralloc_alloc: Creating ashmem region of size 8024064
01-17 15:54:05.197 2229 3872 D EGL_emulation: eglMakeCurrent: 0xe35daf80: ver 3 1 (tinfo 0xd8089850)
01-17 15:54:05.225 1593 2349 D gralloc_ranchu: gralloc_alloc: Creating ashmem region of size 4096
01-17 15:54:05.227 1967 2226 D EGL_emulation: eglMakeCurrent: 0xe35dad40: ver 3 1 (tinfo 0xc1dd01a0)
01-17 15:54:10.639 1593 2349 D gralloc_ranchu: gralloc_alloc: Creating ashmem region of size 16384
01-17 15:54:10.643 1593 2349 D gralloc_ranchu: gralloc_alloc: Creating ashmem region of size 16384
01-17 15:54:10.644 4586 4604 D EGL_emulation: eglMakeCurrent: 0xe367cde0: ver 3 1 (tinfo 0xd7f6e340)
01-17 15:54:10.646 1593 2349 D gralloc_ranchu: gralloc_alloc: Creating ashmem region of size 16384
01-17 15:54:10.763 4586 4604 D EGL_emulation: eglMakeCurrent: 0xe367cde0: ver 3 1 (tinfo 0xd7f6e340)
01-17 15:54:14.558 1832 1848 E InputDispatcher: Window handle Window{3c47c47 u0 PopupWindow:8b43c92} has no registered input channel
01-17 15:54:20.590 1832 1858 E memtrack: Couldn't load memtrack module
01-17 15:54:20.590 1832 1858 W android.os.Debug: failed to get memory consumption info: -1
01-17 15:54:20.605 2229 3872 D EGL_emulation: eglMakeCurrent: 0xe35daf80: ver 3 1 (tinfo 0xd8089850)
01-17 15:54:20.645 1593 2349 D gralloc_ranchu: gralloc_alloc: Creating ashmem region of size 8192
01-17 15:54:23.556 2229 2229 I LatinIME: Starting input. Cursor position = -1,-1
01-17 15:54:23.586 1593 2349 D gralloc_ranchu: gralloc_alloc: Creating ashmem region of size 8024064
01-17 15:54:23.596 1593 2349 D gralloc_ranchu: gralloc_alloc: Creating ashmem region of size 8024064
01-17 15:54:23.608 2229 3872 D EGL_emulation: eglMakeCurrent: 0xe35daf80: ver 3 1 (tinfo 0xd8089850)
01-17 15:54:23.608 1593 1730 D gralloc_ranchu: gralloc_alloc: Creating ashmem region of size 8024064
01-17 15:54:23.618 1593 1593 D gralloc_ranchu: gralloc_alloc: Creating ashmem region of size 4096
01-17 15:54:27.534 1593 1730 D gralloc_ranchu: gralloc_alloc: Creating ashmem region of size 16384
01-17 15:54:27.537 1593 1730 D gralloc_ranchu: gralloc_alloc: Creating ashmem region of size 16384
01-17 15:54:27.538 4586 4604 D EGL_emulation: eglMakeCurrent: 0xe367cde0: ver 3 1 (tinfo 0xd7f6e340)
01-17 15:54:27.541 1593 1730 D gralloc_ranchu: gralloc_alloc: Creating ashmem region of size 16384
01-17 15:54:27.662 4586 4604 D EGL_emulation: eglMakeCurrent: 0xe367cde0: ver 3 1 (tinfo 0xd7f6e340)
01-17 15:54:29.899 2229 3872 D EGL_emulation: eglMakeCurrent: 0xe35daf80: ver 3 1 (tinfo 0xd8089850)
01-17 15:54:29.939 1593 1730 D gralloc_ranchu: gralloc_alloc: Creating ashmem region of size 8192
01-17 15:54:32.804 1693 1693 E netmgr : Failed to open QEMU pipe 'qemud:network': Invalid argument
01-17 15:54:32.804 1693 1693 E netmgr : WifiForwarder unable to open QEMU pipe: Invalid argument
01-17 15:54:35.822 4586 4611 E emuglGLESv2_enc: device/generic/goldfish-opengl/system/GLESv2_enc/GL2Encoder.cpp:s_glGenerateMipmap:4646 GL error 0x502
01-17 15:54:35.938 4586 4611 E emuglGLESv2_enc: device/generic/goldfish-opengl/system/GLESv2_enc/GL2Encoder.cpp:s_glGenerateMipmap:4646 GL error 0x502
01-17 15:55:00.002 1967 1967 D KeyguardClockSwitch: Updating clock: 355
01-17 15:55:00.018 1967 2226 D EGL_emulation: eglMakeCurrent: 0xe35dad40: ver 3 1 (tinfo 0xc1dd01a0)
01-17 15:55:05.002 1967 1967 D KeyguardClockSwitch: Updating clock: 355
01-17 15:55:32.808 1693 1693 E netmgr : Failed to open QEMU pipe 'qemud:network': Invalid argument
01-17 15:55:32.808 1693 1693 E netmgr : WifiForwarder unable to open QEMU pipe: Invalid argument
01-17 15:55:40.715 2229 2229 I LatinIME: Starting input. Cursor position = -1,-1
01-17 15:55:40.716 1832 1858 E memtrack: Couldn't load memtrack module
01-17 15:55:40.716 1832 1858 W android.os.Debug: failed to get memory consumption info: -1
01-17 15:55:40.718 1832 1858 E memtrack: Couldn't load memtrack module
01-17 15:55:40.718 1832 1858 W android.os.Debug: failed to get memory consumption info: -1
01-17 15:55:40.720 1832 1858 E memtrack: Couldn't load memtrack module
01-17 15:55:40.720 1832 1858 W android.os.Debug: failed to get memory consumption info: -1
01-17 15:55:40.766 1832 1858 E memtrack: Couldn't load memtrack module
01-17 15:55:40.766 1832 1858 W android.os.Debug: failed to get memory consumption info: -1
01-17 15:55:40.768 1967 2226 D EGL_emulation: eglMakeCurrent: 0xe35dad40: ver 3 1 (tinfo 0xc1dd01a0)
01-17 15:55:40.773 1593 1730 D gralloc_ranchu: gralloc_alloc: Creating ashmem region of size 8024064
01-17 15:55:40.793 1593 1730 D gralloc_ranchu: gralloc_alloc: Creating ashmem region of size 8024064
01-17 15:55:40.805 2229 3872 D EGL_emulation: eglMakeCurrent: 0xe35daf80: ver 3 1 (tinfo 0xd8089850)
01-17 15:55:40.815 1593 2349 D gralloc_ranchu: gralloc_alloc: Creating ashmem region of size 4096
01-17 15:55:40.822 1832 1858 E memtrack: Couldn't load memtrack module
01-17 15:55:40.822 1832 1858 W android.os.Debug: failed to get memory consumption info: -1
01-17 15:55:40.830 1593 1730 D gralloc_ranchu: gralloc_alloc: Creating ashmem region of size 8024064
01-17 15:55:40.854 1832 1858 E memtrack: Couldn't load memtrack module
01-17 15:55:40.854 1832 1858 W android.os.Debug: failed to get memory consumption info: -1
01-17 15:55:40.857 1832 1858 E memtrack: Couldn't load memtrack module
01-17 15:55:40.858 1832 1858 W android.os.Debug: failed to get memory consumption info: -1
01-17 15:55:40.863 1832 1858 E memtrack: Couldn't load memtrack module
01-17 15:55:40.863 1832 1858 W android.os.Debug: failed to get memory consumption info: -1
01-17 15:55:58.429 1832 1858 E memtrack: Couldn't load memtrack module
01-17 15:55:58.429 1832 1858 W android.os.Debug: failed to get memory consumption info: -1
01-17 15:55:58.446 2229 3872 D EGL_emulation: eglMakeCurrent: 0xe35daf80: ver 3 1 (tinfo 0xd8089850)
01-17 15:55:58.472 1593 1730 D gralloc_ranchu: gralloc_alloc: Creating ashmem region of size 8192
01-17 15:56:00.003 1967 1967 D KeyguardClockSwitch: Updating clock: 356
01-17 15:56:00.016 1967 2226 D EGL_emulation: eglMakeCurrent: 0xe35dad40: ver 3 1 (tinfo 0xc1dd01a0)
01-17 15:56:05.003 1967 1967 D KeyguardClockSwitch: Updating clock: 356
01-17 15:56:16.681 4586 4606 D libprotox_x86.so: "Logout."
01-17 15:56:16.738 4586 4606 W libprotox_x86.so: QSqlDatabasePrivate::removeDatabase: connection 'qt_sql_default_connection' is still in use, all queries will cease to work.
01-17 15:56:16.748 4586 4606 D libprotox_x86.so: "Program exited successfully."
01-17 15:56:16.750 4586 4611 D EGL_emulation: eglMakeCurrent: 0xbc7260a0: ver 3 1 (tinfo 0xc084a470)
01-17 15:56:16.765 1967 1967 V StatusBar: mStatusBarWindow: com.android.systemui.statusbar.phone.StatusBarWindowView{f1b224a V.E...... ........ 0,0-1080,63} canPanelBeCollapsed(): false
01-17 15:56:16.872 4586 4606 W libprotox_x86.so: exit app 0
01-17 15:56:16.922 1593 1730 D gralloc_ranchu: gralloc_alloc: Creating ashmem region of size 8298496
01-17 15:56:16.944 1593 1730 D gralloc_ranchu: gralloc_alloc: Creating ashmem region of size 8298496
01-17 15:56:16.962 2170 2555 D EGL_emulation: eglMakeCurrent: 0xeeb04be0: ver 3 1 (tinfo 0xe3671a80)
01-17 15:56:16.981 1593 2349 D gralloc_ranchu: gralloc_alloc: Creating ashmem region of size 8298496
01-17 15:56:17.005 1593 1730 D gralloc_ranchu: gralloc_alloc: Creating ashmem region of size 8298496
01-17 15:56:17.050 1967 2226 D EGL_emulation: eglMakeCurrent: 0xe35dad40: ver 3 1 (tinfo 0xc1dd01a0)
01-17 15:56:17.055 2170 2213 I droid.launcher: Waiting for a blocking GC ProfileSaver
01-17 15:56:17.083 1967 2226 D EGL_emulation: eglMakeCurrent: 0xe35dad40: ver 3 1 (tinfo 0xc1dd01a0)
01-17 15:56:17.092 2170 2213 I droid.launcher: WaitForGcToComplete blocked ProfileSaver on HeapTrim for 37.240ms
01-17 15:56:17.100 1832 1851 I DropBoxManagerService: add tag=system_app_strictmode isTagEnabled=true flags=0x2
01-17 15:56:17.130 1967 2226 D EGL_emulation: eglMakeCurrent: 0xe35dad40: ver 3 1 (tinfo 0xc1dd01a0)
01-17 15:56:17.216 1967 2226 I chatty : uid=10089(com.android.systemui) RenderThread identical 9 lines
01-17 15:56:17.228 1967 2226 D EGL_emulation: eglMakeCurrent: 0xe35dad40: ver 3 1 (tinfo 0xc1dd01a0)
01-17 15:56:17.532 1832 3927 D : HostConnection::get() New Host Connection established 0xbe592200, tid 3927
01-17 15:56:17.534 1832 3927 D : HostComposition ext ANDROID_EMU_CHECKSUM_HELPER_v1 ANDROID_EMU_dma_v1 ANDROID_EMU_direct_mem ANDROID_EMU_host_composition_v1 ANDROID_EMU_host_composition_v2 ANDROID_EMU_async_unmap_buffer GL_OES_EGL_image_external_essl3 GL_OES_vertex_array_object GL_KHR_texture_compression_astc_ldr ANDROID_EMU_gles_max_version_3_1
01-17 15:56:17.534 1832 3927 W OpenGLRenderer: Failed to choose config with EGL_SWAP_BEHAVIOR_PRESERVED, retrying without...
01-17 15:56:17.535 1832 3927 D eglCodecCommon: setVertexArrayObject: set vao to 0 (0) 0 0
01-17 15:56:17.535 1832 3927 D EGL_emulation: eglCreateContext: 0xb39e13e0: maj 3 min 1 rcv 4
01-17 15:56:17.536 1832 3927 D EGL_emulation: eglMakeCurrent: 0xb39e13e0: ver 3 1 (tinfo 0xbe5034f0)
01-17 15:56:17.536 1832 3927 E eglCodecCommon: glUtilsParamSize: unknow param 0x000082da
01-17 15:56:17.536 1832 3927 E eglCodecCommon: glUtilsParamSize: unknow param 0x000082da
01-17 15:56:17.541 4586 4604 D EGL_emulation: eglMakeCurrent: 0xe367cde0: ver 3 1 (tinfo 0xd7f6e340)
01-17 15:56:17.606 1832 3927 D eglCodecCommon: setVertexArrayObject: set vao to 0 (0) 1 0
01-17 15:56:17.661 1832 1919 W InputDispatcher: channel '9f8c465 PopupWindow:85cb13d (server)' ~ Consumer closed input channel or an error occurred. events=0x9
01-17 15:56:17.662 1832 1919 E InputDispatcher: channel '9f8c465 PopupWindow:85cb13d (server)' ~ Channel is unrecoverably broken and will be disposed!
01-17 15:56:17.664 1832 1919 W InputDispatcher: channel '6e1acad org.protox/org.protox.activity.QtActivityEx (server)' ~ Consumer closed input channel or an error occurred. events=0x9
01-17 15:56:17.664 1832 1919 E InputDispatcher: channel '6e1acad org.protox/org.protox.activity.QtActivityEx (server)' ~ Channel is unrecoverably broken and will be disposed!
01-17 15:56:17.121 1832 1851 I DropBoxManagerService: add tag=system_app_strictmode isTagEnabled=true flags=0x2
01-17 15:56:17.672 1832 2167 I ActivityManager: Process org.protox (pid 4586) has died: cch CRE
01-17 15:56:17.672 1578 1578 I Zygote : Process 4586 exited cleanly (0)
01-17 15:56:17.672 1832 1848 I WindowManager: WIN DEATH: Window{9f8c465 u0 PopupWindow:85cb13d}
01-17 15:56:17.672 1832 1848 W InputDispatcher: Attempted to unregister already unregistered input channel '9f8c465 PopupWindow:85cb13d (server)'
01-17 15:56:17.673 1832 1861 I libprocessgroup: Successfully killed process cgroup uid 10103 pid 4586 in 0ms
01-17 15:56:17.683 1832 4536 I WindowManager: WIN DEATH: Window{6e1acad u0 org.protox/org.protox.activity.QtActivityEx}
01-17 15:56:17.683 1832 4536 W InputDispatcher: Attempted to unregister already unregistered input channel '6e1acad org.protox/org.protox.activity.QtActivityEx (server)'
01-17 15:56:17.702 1832 1852 W ActivityManager: setHasOverlayUi called on unknown pid: 4586
01-17 15:56:18.702 1832 1864 E BluetoothAdapter: Bluetooth binder is null
01-17 15:56:18.709 1832 1864 E KernelCpuSpeedReader: Failed to read cpu-freq: /sys/devices/system/cpu/cpu0/cpufreq/stats/time_in_state: open failed: ENOENT (No such file or directory)
01-17 15:56:18.748 1577 1577 I netd : trafficSwapActiveStatsMap() <35.49ms>
01-17 15:56:18.750 1577 1577 I netd : tetherGetStats() <1.18ms>
01-17 15:56:18.864 1832 4536 I ActivityTaskManager: START u0 {act=android.intent.action.MAIN cat=[android.intent.category.LAUNCHER] flg=0x10200000 cmp=org.protox/.activity.QtActivityEx bnds=[843,503][1045,780]} from uid 10082
01-17 15:56:18.873 1583 3101 W audio_hw_generic: Not supplying enough data to HAL, expected position 6288101 , only wrote 6288093
01-17 15:56:18.927 1578 1578 D Zygote : Forked child process 4817
01-17 15:56:18.937 1832 1853 E system_server: Invalid ID 0x00000000.
01-17 15:56:18.954 4817 4817 W org.protox: Unexpected CPU variant for X86 using defaults: x86
01-17 15:56:18.955 1832 1860 W ActivityManager: Slow operation: 54ms so far, now at startProcess: returned from zygote!
01-17 15:56:18.955 1832 1860 W ActivityManager: Slow operation: 54ms so far, now at startProcess: done updating battery stats
01-17 15:56:18.955 1832 1860 W ActivityManager: Slow operation: 54ms so far, now at startProcess: building log message
01-17 15:56:18.955 1832 1860 I ActivityManager: Start proc 4817:org.protox/u0a103 for activity {org.protox/org.protox.activity.QtActivityEx}
01-17 15:56:18.955 1832 1860 W ActivityManager: Slow operation: 54ms so far, now at startProcess: starting to update pids map
01-17 15:56:18.956 1832 1860 W ActivityManager: Slow operation: 55ms so far, now at startProcess: done updating pids map
01-17 15:56:18.967 1593 2349 D gralloc_ranchu: gralloc_alloc: Creating ashmem region of size 8298496
01-17 15:56:19.023 1606 1741 E SurfaceFlinger: ro.sf.lcd_density must be defined as a build property
01-17 15:56:19.024 1606 1741 E SurfaceFlinger: ro.sf.lcd_density must be defined as a build property
01-17 15:56:19.025 4817 4838 D libEGL : Emulator has host GPU support, qemu.gles is set to 1.
01-17 15:56:19.038 4817 4817 W System : ClassLoader referenced unknown path:
01-17 15:56:19.039 4817 4838 W libc : Unable to set property "qemu.gles" to "1": connection failed; errno=13 (Permission denied)
01-17 15:56:19.012 4817 4817 W RenderThread: type=1400 audit(0.0:53): avc: denied { write } for name="property_service" dev="tmpfs" ino=6051 scontext=u:r:untrusted_app:s0:c103,c256,c512,c768 tcontext=u:object_r:property_socket:s0 tclass=sock_file permissive=0 app=org.protox
01-17 15:56:19.058 4817 4838 D libEGL : loaded /vendor/lib/egl/libEGL_emulation.so
01-17 15:56:19.063 4817 4838 D libEGL : loaded /vendor/lib/egl/libGLESv1_CM_emulation.so
01-17 15:56:19.068 4817 4838 D libEGL : loaded /vendor/lib/egl/libGLESv2_emulation.so
01-17 15:56:19.103 1593 2349 D gralloc_ranchu: gralloc_alloc: Creating ashmem region of size 8298496
01-17 15:56:19.126 4817 4817 D Qt JAVA : Class org.qtproject.qt5.android.multimedia.QtMultimediaUtils does not implement setActivity method
01-17 15:56:19.144 1594 1594 W EmuHWC2 : validate: layer 106 CompositionType 1, fallback
01-17 15:56:19.179 1594 1594 I chatty : uid=1000(system) composer@2.1-se identical 2 lines
01-17 15:56:19.194 1594 1594 W EmuHWC2 : validate: layer 106 CompositionType 1, fallback
01-17 15:56:19.199 4817 4839 I QtCore : Start
01-17 15:56:19.211 1594 1594 W EmuHWC2 : validate: layer 106 CompositionType 1, fallback
01-17 15:56:19.329 1594 1594 I chatty : uid=1000(system) composer@2.1-se identical 7 lines
01-17 15:56:19.346 1594 1594 W EmuHWC2 : validate: layer 106 CompositionType 1, fallback
01-17 15:56:19.356 1967 2226 D EGL_emulation: eglMakeCurrent: 0xe35dad40: ver 3 1 (tinfo 0xc1dd01a0)
01-17 15:56:19.361 1967 2226 D EGL_emulation: eglMakeCurrent: 0xe35dad40: ver 3 1 (tinfo 0xc1dd01a0)
01-17 15:56:19.362 1594 1594 W EmuHWC2 : validate: layer 106 CompositionType 1, fallback
01-17 15:56:19.379 1594 1594 W EmuHWC2 : validate: layer 106 CompositionType 1, fallback
01-17 15:56:19.384 1967 2226 D EGL_emulation: eglMakeCurrent: 0xe35dad40: ver 3 1 (tinfo 0xc1dd01a0)
01-17 15:56:19.393 4817 4839 I Qt : qt started
01-17 15:56:19.396 1594 1594 W EmuHWC2 : validate: layer 106 CompositionType 1, fallback
01-17 15:56:19.406 1967 2226 D EGL_emulation: eglMakeCurrent: 0xe35dad40: ver 3 1 (tinfo 0xc1dd01a0)
01-17 15:56:19.412 1594 1594 W EmuHWC2 : validate: layer 106 CompositionType 1, fallback
01-17 15:56:19.417 1967 2226 D EGL_emulation: eglMakeCurrent: 0xe35dad40: ver 3 1 (tinfo 0xc1dd01a0)
01-17 15:56:19.423 1967 2226 D EGL_emulation: eglMakeCurrent: 0xe35dad40: ver 3 1 (tinfo 0xc1dd01a0)
01-17 15:56:19.429 1594 1594 W EmuHWC2 : validate: layer 106 CompositionType 1, fallback
01-17 15:56:19.443 1967 2226 D EGL_emulation: eglMakeCurrent: 0xe35dad40: ver 3 1 (tinfo 0xc1dd01a0)
01-17 15:56:19.446 1594 1594 W EmuHWC2 : validate: layer 106 CompositionType 1, fallback
01-17 15:56:19.456 1967 2226 D EGL_emulation: eglMakeCurrent: 0xe35dad40: ver 3 1 (tinfo 0xc1dd01a0)
01-17 15:56:19.464 1594 1594 W EmuHWC2 : validate: layer 106 CompositionType 1, fallback
01-17 15:56:19.469 1967 2226 D EGL_emulation: eglMakeCurrent: 0xe35dad40: ver 3 1 (tinfo 0xc1dd01a0)
01-17 15:56:19.475 1967 2226 D EGL_emulation: eglMakeCurrent: 0xe35dad40: ver 3 1 (tinfo 0xc1dd01a0)
01-17 15:56:19.480 1594 1594 W EmuHWC2 : validate: layer 106 CompositionType 1, fallback
01-17 15:56:19.493 1967 2226 D EGL_emulation: eglMakeCurrent: 0xe35dad40: ver 3 1 (tinfo 0xc1dd01a0)
01-17 15:56:19.497 1594 1594 W EmuHWC2 : validate: layer 106 CompositionType 1, fallback
01-17 15:56:19.512 1967 2226 D EGL_emulation: eglMakeCurrent: 0xe35dad40: ver 3 1 (tinfo 0xc1dd01a0)
01-17 15:56:19.570 2170 2555 D EGL_emulation: eglMakeCurrent: 0xeeb04be0: ver 3 1 (tinfo 0xe3671a80)
01-17 15:56:19.575 4817 4836 D : HostConnection::get() New Host Connection established 0xd800aaf0, tid 4836
01-17 15:56:19.577 4817 4836 D : HostComposition ext ANDROID_EMU_CHECKSUM_HELPER_v1 ANDROID_EMU_dma_v1 ANDROID_EMU_direct_mem ANDROID_EMU_host_composition_v1 ANDROID_EMU_host_composition_v2 ANDROID_EMU_async_unmap_buffer GL_OES_EGL_image_external_essl3 GL_OES_vertex_array_object GL_KHR_texture_compression_astc_ldr ANDROID_EMU_gles_max_version_3_1
01-17 15:56:19.589 4817 4836 W OpenGLRenderer: Failed to choose config with EGL_SWAP_BEHAVIOR_PRESERVED, retrying without...
01-17 15:56:19.590 4817 4836 D eglCodecCommon: setVertexArrayObject: set vao to 0 (0) 0 0
01-17 15:56:19.590 4817 4836 D EGL_emulation: eglCreateContext: 0xe35e3460: maj 3 min 1 rcv 4
01-17 15:56:19.591 4817 4836 D EGL_emulation: eglMakeCurrent: 0xe35e3460: ver 3 1 (tinfo 0xc3f4c920)
01-17 15:56:19.592 4817 4836 E eglCodecCommon: glUtilsParamSize: unknow param 0x000082da
01-17 15:56:19.592 4817 4836 E eglCodecCommon: glUtilsParamSize: unknow param 0x000082da
01-17 15:56:19.603 1593 2349 D gralloc_ranchu: gralloc_alloc: Creating ashmem region of size 8298496
01-17 15:56:19.608 1478 1478 I hwservicemanager: getTransport: Cannot find entry android.hardware.graphics.mapper@3.0::IMapper/default in either framework or device manifest.
01-17 15:56:19.608 4817 4836 W Gralloc3: mapper 3.x is not supported
01-17 15:56:19.612 4817 4836 D : createUnique: call
01-17 15:56:19.612 4817 4836 D : HostConnection::get() New Host Connection established 0xd800cf80, tid 4836
01-17 15:56:19.620 4817 4836 D : HostComposition ext ANDROID_EMU_CHECKSUM_HELPER_v1 ANDROID_EMU_dma_v1 ANDROID_EMU_direct_mem ANDROID_EMU_host_composition_v1 ANDROID_EMU_host_composition_v2 ANDROID_EMU_async_unmap_buffer GL_OES_EGL_image_external_essl3 GL_OES_vertex_array_object GL_KHR_texture_compression_astc_ldr ANDROID_EMU_gles_max_version_3_1
01-17 15:56:19.620 4817 4836 D eglCodecCommon: allocate: Ask for block of size 0x1000
01-17 15:56:19.620 4817 4836 D eglCodecCommon: allocate: ioctl allocate returned offset 0x3ff7ff000 size 0x2000
01-17 15:56:19.622 1593 2349 D gralloc_ranchu: gralloc_alloc: Creating ashmem region of size 8298496
01-17 15:56:19.626 4817 4836 D EGL_emulation: eglMakeCurrent: 0xe35e3460: ver 3 1 (tinfo 0xc3f4c920)
01-17 15:56:19.633 1593 2349 D gralloc_ranchu: gralloc_alloc: Creating ashmem region of size 8298496
01-17 15:56:19.657 4817 4836 D eglCodecCommon: setVertexArrayObject: set vao to 0 (0) 1 0
01-17 15:56:19.682 4817 4839 D : "App started."
01-17 15:56:19.710 1832 4536 I ActivityTaskManager: START u0 {act=android.settings.MANAGE_APP_ALL_FILES_ACCESS_PERMISSION} from uid 10103
