01-16 13:57:07.990 2064 2083 D IccSmsInterfaceManager: [IccSmsInterfaceManager] Calling setGsmBroadcastConfig with 1 configurations
01-16 13:57:07.995 2064 2083 D IccSmsInterfaceManager: [IccSmsInterfaceManager] Failed to add GSM cell broadcast channels range 4397 to 4397
01-16 13:57:08.010 2064 2083 D IccSmsInterfaceManager: [IccSmsInterfaceManager] Failed to remove GSM cell broadcast channels range 4398 to 4398
01-16 13:57:08.011 2064 2083 D IccSmsInterfaceManager: [IccSmsInterfaceManager] Failed to remove GSM cell broadcast channels range 4399 to 4399
01-16 13:57:08.026 2319 2351 D CellBroadcastConfigService: Enable CellBroadcast on sub 1
01-16 13:57:08.054 1967 1967 V KeyguardUpdateMonitor: action android.intent.action.SIM_STATE_CHANGED state: READY slotId: 0 subid: -1
01-16 13:57:08.107 2064 2350 D IccSmsInterfaceManager: [IccSmsInterfaceManager] Calling setGsmBroadcastConfig with 1 configurations
01-16 13:57:08.114 2064 2350 D IccSmsInterfaceManager: [IccSmsInterfaceManager] Failed to add GSM cell broadcast channels range 4370 to 4370
01-16 13:57:08.125 2064 2350 D IccSmsInterfaceManager: [IccSmsInterfaceManager] Calling setCdmaBroadcastConfig with 1 configurations
01-16 13:57:08.128 2064 2350 D IccSmsInterfaceManager: [IccSmsInterfaceManager] Failed to add cdma broadcast channels range 4096 to 4096
01-16 13:57:08.138 2014 2383 D NetworkMonitor/100: PROBE_HTTPS https://www.google.com/generate_204 time=500ms ret=204 request={Connection=[close], User-Agent=[Mozilla/5.0 (X11; Linux x86_64) AppleWebKit/537.36 (KHTML, like Gecko) Chrome/60.0.3112.32 Safari/537.36]} headers={null=[HTTP/1.1 204 No Content], Alt-Svc=[h3-29=":443"; ma=2592000,h3-T051=":443"; ma=2592000,h3-Q050=":443"; ma=2592000,h3-Q046=":443"; ma=2592000,h3-Q043=":443"; ma=2592000,quic=":443"; ma=2592000; v="46,43"], Connection=[close], Content-Length=[0], Date=[Sat, 16 Jan 2021 11:57:07 GMT], X-Android-Received-Millis=[1610798228119], X-Android-Response-Source=[NETWORK 204], X-Android-Selected-Protocol=[http/1.1], X-Android-Sent-Millis=[1610798228047]}
01-16 13:57:08.150 1967 1967 V StatusBar: mStatusBarWindow: com.android.systemui.statusbar.phone.StatusBarWindowView{f1b224a V.E...... ......I. 0,0-1080,63} canPanelBeCollapsed(): false
01-16 13:57:08.152 2397 2397 I d.process.acor: The ClassLoaderContext is a special shared library.
01-16 13:57:08.167 2064 2350 D IccSmsInterfaceManager: [IccSmsInterfaceManager] Calling setGsmBroadcastConfig with 1 configurations
01-16 13:57:08.169 2064 2350 D IccSmsInterfaceManager: [IccSmsInterfaceManager] Failed to add GSM cell broadcast channels range 4383 to 4383
01-16 13:57:08.253 2064 2350 D IccSmsInterfaceManager: [IccSmsInterfaceManager] Calling setGsmBroadcastConfig with 1 configurations
01-16 13:57:08.255 2064 2350 D IccSmsInterfaceManager: [IccSmsInterfaceManager] Failed to add GSM cell broadcast channels range 4371 to 4372
01-16 13:57:08.274 2064 2350 D IccSmsInterfaceManager: [IccSmsInterfaceManager] Calling setCdmaBroadcastConfig with 1 configurations
01-16 13:57:08.276 2064 2350 D IccSmsInterfaceManager: [IccSmsInterfaceManager] Failed to add cdma broadcast channels range 4097 to 4097
01-16 13:57:08.278 2064 2350 D IccSmsInterfaceManager: [IccSmsInterfaceManager] Calling setGsmBroadcastConfig with 1 configurations
01-16 13:57:08.300 2064 2350 D IccSmsInterfaceManager: [IccSmsInterfaceManager] Failed to add GSM cell broadcast channels range 4384 to 4385
01-16 13:57:08.319 2014 2382 D NetworkMonitor/100: isCaptivePortal: isSuccessful()=true isPortal()=false RedirectUrl=null isPartialConnectivity()=false Time=938ms
01-16 13:57:08.230 1832 1851 I chatty : uid=1000(system) android.io identical 10 lines
01-16 13:57:08.318 1832 1851 I DropBoxManagerService: add tag=system_app_strictmode isTagEnabled=true flags=0x2
01-16 13:57:08.333 1832 1832 W Looper : Slow dispatch took 1256ms main h=android.app.ActivityThread$H c=android.app.-$$Lambda$LoadedApk$ReceiverDispatcher$Args$_BumDX2UKsnxLVrE6UJsJZkotuA@f0647a2 m=0
01-16 13:57:08.333 1832 1832 W Looper : Slow delivery took 1209ms main h=android.os.Handler c=android.telephony.-$$Lambda$PhoneStateListener$IPhoneStateListenerStub$dUc3j82sK9P9Zpaq-91n9bk_Rpc@8cc0c33 m=0
01-16 13:57:08.334 1832 1832 I SyncManager: Loaded persisted syncs: 0 periodic syncs, 0 oneshot syncs, 11 total system server jobs, JobStats: FirstLoad: 2/2/0 LastSave: -1/-1/-1
01-16 13:57:08.334 1832 1832 W Looper : Drained
01-16 13:57:08.354 1832 1934 D ConnectivityService: NetworkAgentInfo [MOBILE (LTE) - 100] validation passed
01-16 13:57:08.355 1832 1934 D ConnectivityService: Setting DNS servers for network 100 to [/10.0.2.3]
01-16 13:57:08.355 1832 1934 D DnsManager: setDnsConfigurationForNetwork(100, [10.0.2.3], [], 1800, 25, 8, 64, 0, 0, , [10.0.2.3])
01-16 13:57:08.356 1577 1577 I netd : DnsResolverService::setResolverConfiguration(100, [10.0.2.3], [], 1800, 25, 8, 64, 0, 0, [10.0.2.3], []) -> (0) (0.2ms)
01-16 13:57:08.356 1577 1577 I netd : setResolverConfiguration() <0.28ms>
01-16 13:57:08.388 1577 2422 W DnsTlsSocket: SSL_connect error 5, errno=111
01-16 13:57:08.389 1967 1967 D KeyguardClockSwitch: Updating clock: 157
01-16 13:57:08.455 1832 1849 I GnssNetworkConnectivityHandler: updateNetworkState, state=CLOSED, connected=true, network=100, capabilities=[ Transports: CELLULAR Capabilities: MMS&SUPL&DUN&FOTA&IMS&CBS&INTERNET&NOT_RESTRICTED&TRUSTED&NOT_VPN&VALIDATED&NOT_ROAMING&FOREGROUND&NOT_CONGESTED&NOT_SUSPENDED LinkUpBandwidth>=51200Kbps LinkDnBandwidth>=102400Kbps Specifier: <1>], apn: epc.tmobile.com, availableNetworkCount: 1
01-16 13:57:08.456 1832 1849 W Looper : Slow dispatch took 100ms android.fg h=android.net.ConnectivityManager$CallbackHandler c=null m=524290
01-16 13:57:08.482 1967 1967 I Choreographer: Skipped 373 frames! The application may be doing too much work on its main thread.
01-16 13:57:08.483 2064 2358 D IccSmsInterfaceManager: [IccSmsInterfaceManager] Calling setGsmBroadcastConfig with 1 configurations
01-16 13:57:08.494 2064 2358 D IccSmsInterfaceManager: [IccSmsInterfaceManager] Failed to add GSM cell broadcast channels range 4373 to 4378
01-16 13:57:08.507 2064 2358 D IccSmsInterfaceManager: [IccSmsInterfaceManager] Calling setCdmaBroadcastConfig with 1 configurations
01-16 13:57:08.509 2064 2358 D IccSmsInterfaceManager: [IccSmsInterfaceManager] Failed to add cdma broadcast channels range 4098 to 4098
01-16 13:57:08.511 2064 2358 D IccSmsInterfaceManager: [IccSmsInterfaceManager] Calling setGsmBroadcastConfig with 1 configurations
01-16 13:57:08.512 2064 2358 D IccSmsInterfaceManager: [IccSmsInterfaceManager] Failed to add GSM cell broadcast channels range 4386 to 4391
01-16 13:57:08.530 2064 2350 D IccSmsInterfaceManager: [IccSmsInterfaceManager] Calling setGsmBroadcastConfig with 1 configurations
01-16 13:57:08.531 2064 2350 D IccSmsInterfaceManager: [IccSmsInterfaceManager] Failed to add GSM cell broadcast channels range 4379 to 4379
01-16 13:57:08.533 2064 2350 D IccSmsInterfaceManager: [IccSmsInterfaceManager] Calling setCdmaBroadcastConfig with 1 configurations
01-16 13:57:08.535 2064 2350 D IccSmsInterfaceManager: [IccSmsInterfaceManager] Failed to add cdma broadcast channels range 4099 to 4099
01-16 13:57:08.537 2064 2350 D IccSmsInterfaceManager: [IccSmsInterfaceManager] Calling setGsmBroadcastConfig with 1 configurations
01-16 13:57:08.543 2064 2350 D IccSmsInterfaceManager: [IccSmsInterfaceManager] Failed to add GSM cell broadcast channels range 4392 to 4392
01-16 13:57:08.570 2064 2355 D IccSmsInterfaceManager: [IccSmsInterfaceManager] Failed to remove GSM cell broadcast channels range 4380 to 4380
01-16 13:57:08.571 2064 2355 D IccSmsInterfaceManager: [IccSmsInterfaceManager] Failed to remove cdma broadcast channels range 4100 to 4100
01-16 13:57:08.575 2064 2355 D IccSmsInterfaceManager: [IccSmsInterfaceManager] Failed to remove GSM cell broadcast channels range 4393 to 4393
01-16 13:57:08.605 2064 2355 D IccSmsInterfaceManager: [IccSmsInterfaceManager] Failed to remove GSM cell broadcast channels range 4381 to 4381
01-16 13:57:08.612 2064 2355 D IccSmsInterfaceManager: [IccSmsInterfaceManager] Failed to remove GSM cell broadcast channels range 4394 to 4394
01-16 13:57:08.618 2064 2355 D IccSmsInterfaceManager: [IccSmsInterfaceManager] Failed to remove GSM cell broadcast channels range 4382 to 4382
01-16 13:57:08.619 2064 2355 D IccSmsInterfaceManager: [IccSmsInterfaceManager] Failed to remove GSM cell broadcast channels range 4395 to 4395
01-16 13:57:08.627 2064 2355 D IccSmsInterfaceManager: [IccSmsInterfaceManager] Calling setGsmBroadcastConfig with 1 configurations
01-16 13:57:08.641 2064 2355 D IccSmsInterfaceManager: [IccSmsInterfaceManager] Failed to add GSM cell broadcast channels range 4352 to 4354
01-16 13:57:08.642 2064 2355 D IccSmsInterfaceManager: [IccSmsInterfaceManager] Calling setGsmBroadcastConfig with 1 configurations
01-16 13:57:08.650 2064 2355 D IccSmsInterfaceManager: [IccSmsInterfaceManager] Failed to add GSM cell broadcast channels range 4356 to 4356
01-16 13:57:08.657 1967 2226 D EGL_emulation: eglMakeCurrent: 0xe35dad40: ver 3 1 (tinfo 0xc1dd01a0)
01-16 13:57:08.662 1593 2349 D gralloc_ranchu: gralloc_alloc: Creating ashmem region of size 274432
01-16 13:57:08.664 2064 2358 D IccSmsInterfaceManager: [IccSmsInterfaceManager] Failed to remove GSM cell broadcast channels range 4355 to 4355
01-16 13:57:08.677 2064 2355 D IccSmsInterfaceManager: [IccSmsInterfaceManager] Calling setGsmBroadcastConfig with 1 configurations
01-16 13:57:08.680 2064 2355 D IccSmsInterfaceManager: [IccSmsInterfaceManager] Failed to add GSM cell broadcast channels range 4396 to 4396
01-16 13:57:08.681 2064 2355 D IccSmsInterfaceManager: [IccSmsInterfaceManager] Calling setGsmBroadcastConfig with 1 configurations
01-16 13:57:08.683 2064 2355 D IccSmsInterfaceManager: [IccSmsInterfaceManager] Failed to add GSM cell broadcast channels range 4397 to 4397
01-16 13:57:08.757 1967 2226 D EGL_emulation: eglMakeCurrent: 0xe35dad40: ver 3 1 (tinfo 0xc1dd01a0)
01-16 13:57:08.793 1967 2226 D eglCodecCommon: setVertexArrayObject: set vao to 0 (0) 1 0
01-16 13:57:08.802 2064 2355 D IccSmsInterfaceManager: [IccSmsInterfaceManager] Failed to remove GSM cell broadcast channels range 4398 to 4398
01-16 13:57:08.803 2064 2355 D IccSmsInterfaceManager: [IccSmsInterfaceManager] Failed to remove GSM cell broadcast channels range 4399 to 4399
01-16 13:57:08.810 2319 2351 D CellBroadcastConfigService: Enable CellBroadcast on sub 1
01-16 13:57:08.830 2064 2355 D IccSmsInterfaceManager: [IccSmsInterfaceManager] Calling setGsmBroadcastConfig with 1 configurations
01-16 13:57:08.859 2064 2355 D IccSmsInterfaceManager: [IccSmsInterfaceManager] Failed to add GSM cell broadcast channels range 4370 to 4370
01-16 13:57:08.868 2064 2355 D IccSmsInterfaceManager: [IccSmsInterfaceManager] Calling setCdmaBroadcastConfig with 1 configurations
01-16 13:57:08.870 2064 2355 D IccSmsInterfaceManager: [IccSmsInterfaceManager] Failed to add cdma broadcast channels range 4096 to 4096
01-16 13:57:08.871 2064 2355 D IccSmsInterfaceManager: [IccSmsInterfaceManager] Calling setGsmBroadcastConfig with 1 configurations
01-16 13:57:08.887 2064 2355 D IccSmsInterfaceManager: [IccSmsInterfaceManager] Failed to add GSM cell broadcast channels range 4383 to 4383
01-16 13:57:08.895 2064 2355 D IccSmsInterfaceManager: [IccSmsInterfaceManager] Calling setGsmBroadcastConfig with 1 configurations
01-16 13:57:08.914 2064 2355 D IccSmsInterfaceManager: [IccSmsInterfaceManager] Failed to add GSM cell broadcast channels range 4371 to 4372
01-16 13:57:08.915 2064 2355 D IccSmsInterfaceManager: [IccSmsInterfaceManager] Calling setCdmaBroadcastConfig with 1 configurations
01-16 13:57:08.917 2064 2355 D IccSmsInterfaceManager: [IccSmsInterfaceManager] Failed to add cdma broadcast channels range 4097 to 4097
01-16 13:57:08.932 2064 2355 D IccSmsInterfaceManager: [IccSmsInterfaceManager] Calling setGsmBroadcastConfig with 1 configurations
01-16 13:57:08.939 2064 2355 D IccSmsInterfaceManager: [IccSmsInterfaceManager] Failed to add GSM cell broadcast channels range 4384 to 4385
01-16 13:57:08.951 2064 2355 D IccSmsInterfaceManager: [IccSmsInterfaceManager] Calling setGsmBroadcastConfig with 1 configurations
01-16 13:57:08.953 2064 2355 D IccSmsInterfaceManager: [IccSmsInterfaceManager] Failed to add GSM cell broadcast channels range 4373 to 4378
01-16 13:57:08.967 2064 2355 D IccSmsInterfaceManager: [IccSmsInterfaceManager] Calling setCdmaBroadcastConfig with 1 configurations
01-16 13:57:08.969 2064 2355 D IccSmsInterfaceManager: [IccSmsInterfaceManager] Failed to add cdma broadcast channels range 4098 to 4098
01-16 13:57:08.970 2064 2358 D IccSmsInterfaceManager: [IccSmsInterfaceManager] Calling setGsmBroadcastConfig with 1 configurations
01-16 13:57:08.972 2064 2358 D IccSmsInterfaceManager: [IccSmsInterfaceManager] Failed to add GSM cell broadcast channels range 4386 to 4391
01-16 13:57:09.024 2064 2350 D IccSmsInterfaceManager: [IccSmsInterfaceManager] Calling setGsmBroadcastConfig with 1 configurations
01-16 13:57:09.028 1606 1922 D : HostConnection::get() New Host Connection established 0xec0185d0, tid 1922
01-16 13:57:09.032 2064 2350 D IccSmsInterfaceManager: [IccSmsInterfaceManager] Failed to add GSM cell broadcast channels range 4379 to 4379
01-16 13:57:09.033 2064 2355 D IccSmsInterfaceManager: [IccSmsInterfaceManager] Calling setCdmaBroadcastConfig with 1 configurations
01-16 13:57:09.035 2064 2355 D IccSmsInterfaceManager: [IccSmsInterfaceManager] Failed to add cdma broadcast channels range 4099 to 4099
01-16 13:57:09.047 2064 2350 D IccSmsInterfaceManager: [IccSmsInterfaceManager] Calling setGsmBroadcastConfig with 1 configurations
01-16 13:57:09.051 2064 2350 D IccSmsInterfaceManager: [IccSmsInterfaceManager] Failed to add GSM cell broadcast channels range 4392 to 4392
01-16 13:57:09.073 2064 2350 D IccSmsInterfaceManager: [IccSmsInterfaceManager] Failed to remove GSM cell broadcast channels range 4380 to 4380
01-16 13:57:09.074 2064 2350 D IccSmsInterfaceManager: [IccSmsInterfaceManager] Failed to remove cdma broadcast channels range 4100 to 4100
01-16 13:57:09.075 2064 2350 D IccSmsInterfaceManager: [IccSmsInterfaceManager] Failed to remove GSM cell broadcast channels range 4393 to 4393
01-16 13:57:09.098 2064 2355 D IccSmsInterfaceManager: [IccSmsInterfaceManager] Failed to remove GSM cell broadcast channels range 4381 to 4381
01-16 13:57:09.099 2064 2355 D IccSmsInterfaceManager: [IccSmsInterfaceManager] Failed to remove GSM cell broadcast channels range 4394 to 4394
01-16 13:57:09.104 2064 2355 D IccSmsInterfaceManager: [IccSmsInterfaceManager] Failed to remove GSM cell broadcast channels range 4382 to 4382
01-16 13:57:09.105 2064 2355 D IccSmsInterfaceManager: [IccSmsInterfaceManager] Failed to remove GSM cell broadcast channels range 4395 to 4395
01-16 13:57:09.108 1606 1922 D : HostComposition ext ANDROID_EMU_CHECKSUM_HELPER_v1 ANDROID_EMU_dma_v1 ANDROID_EMU_direct_mem ANDROID_EMU_host_composition_v1 ANDROID_EMU_host_composition_v2 ANDROID_EMU_async_unmap_buffer GL_OES_EGL_image_external_essl3 GL_OES_vertex_array_object GL_KHR_texture_compression_astc_ldr ANDROID_EMU_gles_max_version_3_1
01-16 13:57:09.110 1593 2349 D gralloc_ranchu: gralloc_alloc: Creating ashmem region of size 274432
01-16 13:57:09.118 2064 2355 D IccSmsInterfaceManager: [IccSmsInterfaceManager] Calling setGsmBroadcastConfig with 1 configurations
01-16 13:57:09.120 2064 2355 D IccSmsInterfaceManager: [IccSmsInterfaceManager] Failed to add GSM cell broadcast channels range 4352 to 4354
01-16 13:57:09.127 1967 2226 I OpenGLRenderer: Davey! duration=6866ms; Flags=1, IntendedVsync=51976165191, Vsync=58192831609, OldestInputEvent=9223372036854775807, NewestInputEvent=0, HandleInputStart=58207470496, AnimationStart=58207484942, PerformTraversalsStart=58209460268, DrawStart=58449100323, SyncQueued=58472497060, SyncStart=58482590135, IssueDrawCommandsStart=58482647216, SwapBuffers=58742624670, FrameCompleted=58852529893, DequeueBufferDuration=13062000, QueueBufferDuration=87678000,
01-16 13:57:09.130 2064 2355 D IccSmsInterfaceManager: [IccSmsInterfaceManager] Calling setGsmBroadcastConfig with 1 configurations
01-16 13:57:09.134 2064 2355 D IccSmsInterfaceManager: [IccSmsInterfaceManager] Failed to add GSM cell broadcast channels range 4356 to 4356
01-16 13:57:09.152 2064 2355 D IccSmsInterfaceManager: [IccSmsInterfaceManager] Failed to remove GSM cell broadcast channels range 4355 to 4355
01-16 13:57:09.161 1967 1967 D StatusBar: disable disable2
01-16 13:57:09.163 2064 2355 D IccSmsInterfaceManager: [IccSmsInterfaceManager] Calling setGsmBroadcastConfig with 1 configurations
01-16 13:57:09.167 2064 2355 D IccSmsInterfaceManager: [IccSmsInterfaceManager] Failed to add GSM cell broadcast channels range 4396 to 4396
01-16 13:57:09.170 2064 2355 D IccSmsInterfaceManager: [IccSmsInterfaceManager] Calling setGsmBroadcastConfig with 1 configurations
01-16 13:57:09.188 2064 2355 D IccSmsInterfaceManager: [IccSmsInterfaceManager] Failed to add GSM cell broadcast channels range 4397 to 4397
01-16 13:57:09.200 2064 2355 D IccSmsInterfaceManager: [IccSmsInterfaceManager] Failed to remove GSM cell broadcast channels range 4398 to 4398
01-16 13:57:09.201 2064 2355 D IccSmsInterfaceManager: [IccSmsInterfaceManager] Failed to remove GSM cell broadcast channels range 4399 to 4399
01-16 13:57:09.222 1832 1843 I system_server: Background concurrent copying GC freed 48388(3190KB) AllocSpace objects, 27(1552KB) LOS objects, 42% free, 6111KB/10MB, paused 5.046ms total 1.182s
01-16 13:57:10.357 1967 1967 E StatusBarSignalPolicy: Unexpected subscription 1
01-16 13:57:10.527 1967 1967 D KeyguardClockSwitch: Updating clock: 157
01-16 13:57:10.527 1967 1967 V KeyguardUpdateMonitor: onSubscriptionInfoChanged()
01-16 13:57:10.530 1967 1967 V KeyguardUpdateMonitor: SubInfo:{id=1, iccId=89014103211118510720 simSlotIndex=0 carrierId=1 displayName=T-Mobile carrierName=Android nameSource=3 iconTint=-16746133 mNumber=+15555215554 dataRoaming=0 iconBitmap=android.graphics.Bitmap@37a14d2 mcc 310 mnc 260mCountryIso=us isEmbedded false accessRules null cardString=89014103211118510720 cardId=-1 isOpportunistic false mGroupUUID=null mIsGroupDisabled=false profileClass=-1 ehplmns = null hplmns = null subscriptionType=0 mGroupOwner=null}
01-16 13:57:10.541 1967 1967 D KeyguardViewMediator: onSimStateChanged(subId=1, slotId=0,state=READY)
01-16 13:57:10.546 1967 1967 D KeyguardViewMediator: READY, reset state? false
01-16 13:57:10.546 1967 1967 V KeyguardUpdateMonitor: action android.intent.action.SIM_STATE_CHANGED state: LOADED slotId: 0 subid: 1
01-16 13:57:10.571 1967 1967 W KeyguardUpdateMonitor: invalid subId in handleServiceStateChange()
01-16 13:57:10.590 1967 1967 D KeyguardUpdateMonitor: handleSimStateChange(subId=-1, slotId=0, state=READY)
01-16 13:57:10.590 1967 1967 W KeyguardUpdateMonitor: invalid subId in handleSimStateChange()
01-16 13:57:10.590 1967 1967 V KeyguardUpdateMonitor: onSubscriptionInfoChanged()
01-16 13:57:10.610 1967 1967 V KeyguardUpdateMonitor: SubInfo:{id=1, iccId=89014103211118510720 simSlotIndex=0 carrierId=1 displayName=T-Mobile carrierName=Android nameSource=3 iconTint=-16746133 mNumber=+15555215554 dataRoaming=0 iconBitmap=android.graphics.Bitmap@a49e115 mcc 310 mnc 260mCountryIso=us isEmbedded false accessRules null cardString=89014103211118510720 cardId=-1 isOpportunistic false mGroupUUID=null mIsGroupDisabled=false profileClass=-1 ehplmns = null hplmns = null subscriptionType=0 mGroupOwner=null}
01-16 13:57:10.612 1967 1967 W KeyguardUpdateMonitor: invalid subId in handleServiceStateChange()
01-16 13:57:10.670 1967 1967 I Choreographer: Skipped 130 frames! The application may be doing too much work on its main thread.
01-16 13:57:10.697 1818 1821 D BootAnimation: BootAnimationStopTiming start time: 60422ms
01-16 13:57:10.922 1832 1852 I WindowManager: ******* TELLING SURFACE FLINGER WE ARE BOOTED!
01-16 13:57:10.929 1606 1822 I SurfaceFlinger: Boot is finished (46616 ms)
01-16 13:57:10.994 1832 1852 I SystemServiceManager: Starting phase 1000
01-16 13:57:11.015 1832 1867 V DisplayPowerController: Brightness [102] reason changing to: 'manual', previous reason: 'override'.
01-16 13:57:11.032 1832 1852 D TestHarnessModeService: Completing Test Harness Mode setup.
01-16 13:57:11.032 1832 1852 D TestHarnessModeService: Getting PersistentDataBlockManagerInternal from LocalServices
01-16 13:57:11.032 1832 1852 E TestHarnessModeService: Failed to start Test Harness Mode; no implementation of PersistentDataBlockManagerInternal was bound!
01-16 13:57:11.032 1832 1852 D WifiService: Handle boot completed
01-16 13:57:11.034 1832 1923 D StorageManagerService: Thinking about init, mBootCompleted=true, mDaemonConnected=true
01-16 13:57:11.034 1832 1923 D StorageManagerService: Thinking about reset, mBootCompleted=true, mDaemonConnected=true
01-16 13:57:11.038 1832 1859 I ActivityManager: Force stopping com.android.providers.media appid=10044 user=-1: vold reset
01-16 13:57:11.044 1832 2094 V StorageManagerService: Found primary storage at VolumeInfo{emulated}:
01-16 13:57:11.044 1832 2094 V StorageManagerService: type=EMULATED diskId=null partGuid= mountFlags=0 mountUserId=-10000
01-16 13:57:11.044 1832 2094 V StorageManagerService: state=UNMOUNTED
01-16 13:57:11.044 1832 2094 V StorageManagerService: fsType=null fsUuid=null fsLabel=null
01-16 13:57:11.044 1832 2094 V StorageManagerService: path=null internalPath=null
01-16 13:57:11.071 1832 1930 I WifiScoreCard: Installing MemoryStore
01-16 13:57:11.105 1832 1852 D ActivityManager: Finishing user boot 0
01-16 13:57:11.105 1832 1852 I ActivityManager: User 0 state changed from BOOTING to RUNNING_LOCKED
01-16 13:57:11.118 1832 1852 D StorageManagerService: unlockUserKey: 0
01-16 13:57:11.121 1481 1562 D vold : fscrypt_unlock_user_key 0 serial=0 token_present=0
01-16 13:57:11.154 1967 2226 D skia : GLSL compilation error
01-16 13:57:11.154 1967 2226 D skia : ----------------------
01-16 13:57:11.154 1967 2226 D skia : GLSL:
01-16 13:57:11.154 1967 2226 D skia : 1 #version 310 es
01-16 13:57:11.154 1967 2226 D skia : 2
01-16 13:57:11.154 1967 2226 D skia : 3 #extension GL_EXT_shader_framebuffer_fetch : require
01-16 13:57:11.154 1967 2226 D skia : 4 precision mediump float;
01-16 13:57:11.154 1967 2226 D skia : 5 inout mediump vec4 sk_FragColor;
01-16 13:57:11.154 1967 2226 D skia : 6 flat in mediump vec4 vcolor_Stage0;
01-16 13:57:11.154 1967 2226 D skia : 7 in highp float vcoverage_Stage0;
01-16 13:57:11.154 1967 2226 D skia : 8 void main() {
01-16 13:57:11.154 1967 2226 D skia : 9 mediump vec4 outputColor_Stage0;
01-16 13:57:11.154 1967 2226 D skia : 10 mediump vec4 outputCoverage_Stage0;
01-16 13:57:11.154 1967 2226 D skia : 11 {
01-16 13:57:11.154 1967 2226 D skia : 12 outputColor_Stage0 = vcolor_Stage0;
01-16 13:57:11.154 1967 2226 D skia : 13 outputCoverage_Stage0 = vec4(vcoverage_Stage0);
01-16 13:57:11.154 1967 2226 D skia : 14 }
01-16 13:57:11.154 1967 2226 D skia : 15 {
01-16 13:57:11.154 1967 2226 D skia : 16 mediump vec4 _dstColor = sk_FragColor;
01-16 13:57:11.154 1967 2226 D skia : 17 sk_FragColor = outputColor_Stage0 * _dstColor.w;
01-16 13:57:11.154 1967 2226 D skia : 18 sk_FragColor = outputCoverage_Stage0 * sk_FragColor + (vec4(1.0) - outputCoverage_Stage0) * _dstColor;
01-16 13:57:11.154 1967 2226 D skia : 19 }
01-16 13:57:11.154 1967 2226 D skia : 20 }
01-16 13:57:11.154 1967 2226 D skia : 21
01-16 13:57:11.154 1967 2226 D skia : Errors:
01-16 13:57:11.154 1967 2226 D skia : 0:4(1): error: #extension directive is not allowed in the middle of a shader
01-16 13:57:11.154 1967 2226 D skia :
01-16 13:57:11.173 1593 2349 D gralloc_ranchu: gralloc_alloc: Creating ashmem region of size 274432
01-16 13:57:11.176 1967 2226 I OpenGLRenderer: Davey! duration=2684ms; Flags=0, IntendedVsync=58216438433, Vsync=60383105013, OldestInputEvent=9223372036854775807, NewestInputEvent=0, HandleInputStart=60395987855, AnimationStart=60396007521, PerformTraversalsStart=60404176316, DrawStart=60502109930, SyncQueued=60503083536, SyncStart=60503267296, IssueDrawCommandsStart=60686946549, SwapBuffers=60895557986, FrameCompleted=60901099346, DequeueBufferDuration=2988000, QueueBufferDuration=822000,
01-16 13:57:11.202 1481 1562 D vold : Skipping non-key .
01-16 13:57:11.202 1481 1562 D vold : Skipping non-key ..
01-16 13:57:11.202 1481 1562 D vold : Trying user CE key /data/misc/vold/user_keys/ce/0/current
01-16 13:57:11.221 1478 1478 I hwservicemanager: getTransport: Cannot find entry android.hardware.graphics.allocator@3.0::IAllocator/default in either framework or device manifest.
01-16 13:57:11.221 1967 1967 W Gralloc3: allocator 3.x is not supported
01-16 13:57:11.262 1481 1481 D vold : Recognized experimental block major ID 253 as virtio-blk (emulator's virtual SD card device)
01-16 13:57:11.262 1481 1481 D vold : /system/bin/sgdisk
01-16 13:57:11.262 1481 1481 D vold : --android-dump
01-16 13:57:11.262 1481 1481 D vold : /dev/block/vold/disk:253,80
01-16 13:57:11.270 1478 1478 I hwservicemanager: getTransport: Cannot find entry android.hardware.keymaster@4.0::IKeymasterDevice/default in either framework or device manifest.
01-16 13:57:11.279 1481 1562 I vold : List of Keymaster HALs found:
01-16 13:57:11.279 1481 1562 I vold : Keymaster HAL #1: SoftwareKeymasterDevice from Google SecurityLevel: SOFTWARE HAL: android.hardware.keymaster@3.0::IKeymasterDevice/default
01-16 13:57:11.280 1481 1562 I vold : Using SoftwareKeymasterDevice from Google for encryption. Security level: SOFTWARE, HAL: android.hardware.keymaster@3.0::IKeymasterDevice/default
01-16 13:57:11.288 1593 2349 D gralloc_ranchu: gralloc_alloc: Creating ashmem region of size 28672
01-16 13:57:11.302 1481 1562 D RefBase : RefBase: Explicit destruction, weak count = 0 (in 0xea80d21c)
01-16 13:57:11.302 1481 1562 W RefBase : CallStack::getCurrentInternal not linked, returning null
01-16 13:57:11.302 1481 1562 W RefBase : CallStack::logStackInternal not linked
01-16 13:57:11.302 1481 1562 D vold : Successfully retrieved key
01-16 13:57:11.343 1481 1562 D vold : Added key 548041937 (ext4:b739034c53847690) to keyring 498202695 in process 1481
01-16 13:57:11.343 1481 1562 D vold : Added key 654386206 (f2fs:b739034c53847690) to keyring 498202695 in process 1481
01-16 13:57:11.343 1481 1562 D vold : Added key 348179164 (fscrypt:b739034c53847690) to keyring 498202695 in process 1481
01-16 13:57:11.343 1481 1562 D vold : Installed ce key for user 0
01-16 13:57:11.344 1832 1852 D ActivityManager: Started unlocking user 0
01-16 13:57:11.344 1832 1852 D ActivityManager: Unlocking user 0 progress 0
01-16 13:57:11.344 1832 1852 D ActivityManager: Unlocking user 0 progress 5
01-16 13:57:11.345 1832 1849 W system_server: Long monitor contention with owner android.display (1852) at void com.android.server.am.ActivityManagerService.finishBooting()(ActivityManagerService.java:5269) waiters=0 in int com.android.server.am.ActivityManagerService.broadcastIntent(android.app.IApplicationThread, android.content.Intent, java.lang.String, android.content.IIntentReceiver, int, java.lang.String, android.os.Bundle, java.lang.String[], int, android.os.Bundle, boolean, boolean, int) for 255ms
01-16 13:57:11.346 1832 1859 W system_server: Long monitor contention with owner android.display (1852) at void com.android.server.am.ActivityManagerService.finishBooting()(ActivityManagerService.java:5269) waiters=1 in void com.android.server.am.BroadcastQueue.processNextBroadcast(boolean) for 238ms
01-16 13:57:11.348 1832 1849 W Looper : Slow dispatch took 260ms android.fg h=com.android.server.usb.UsbDeviceManager$UsbHandlerLegacy c=null m=4
01-16 13:57:11.348 1481 1562 D vold : fscrypt_prepare_user_storage for volume null, user 0, serial 0, flags 2
01-16 13:57:11.348 1481 1562 D vold : Preparing: /data/system_ce/0
01-16 13:57:11.348 1481 1562 D vold : Preparing: /data/misc_ce/0
01-16 13:57:11.348 1481 1562 D vold : Preparing: /data/vendor_ce/0
01-16 13:57:11.361 1481 1481 D vold : DISK gpt C974D488-612D-45E3-8517-6BEC4416FC8C
01-16 13:57:11.361 1481 1481 D vold :
01-16 13:57:11.361 1481 1481 D vold : PART 1 19A710A2-B3CA-11E4-B026-10604B889DCF D5A44059-D597-46F2-BC18-8BC022BDC19E android_meta
01-16 13:57:11.361 1481 1481 D vold :
01-16 13:57:11.361 1481 1481 D vold : PART 2 193D1EA4-B3CA-11E4-B075-10604B889DCF F87FA4E1-ACCD-444A-97BB-61F5CC7D646F android_expand
01-16 13:57:11.361 1481 1481 D vold :
01-16 13:57:11.362 1481 1562 D vold : Preparing: /data/media/0
01-16 13:57:11.362 1481 1562 D vold : Preparing: /data/data
01-16 13:57:11.369 1481 1562 I vold : Found policy b739034c53847690 at /data/system_ce/0 which matches expected value
01-16 13:57:11.371 1481 1562 I vold : Found policy b739034c53847690 at /data/misc_ce/0 which matches expected value
01-16 13:57:11.374 1832 1852 D ColorDisplayService: setUp: currentUser=0
01-16 13:57:11.378 1481 1562 I vold : Found policy b739034c53847690 at /data/vendor_ce/0 which matches expected value
01-16 13:57:11.379 1967 2436 D : HostConnection::get() New Host Connection established 0xdb51d280, tid 2436
01-16 13:57:11.383 1481 1562 I vold : Found policy b739034c53847690 at /data/media/0 which matches expected value
01-16 13:57:11.383 1481 1562 I vold : Found policy b739034c53847690 at /data/data which matches expected value
01-16 13:57:11.383 1481 1562 D vold : Starting restorecon of /data/system_ce/0
01-16 13:57:11.384 1481 1481 D vold : Found key for GUID f87fa4e1accd444a97bb61f5cc7d646f
01-16 13:57:11.384 1481 1481 E Cryptfs : Cannot remove dm-crypt device private:253,82: No such device or address
01-16 13:57:11.387 1832 1852 I WindowManager: Using new display size: 1080x1920
01-16 13:57:11.404 1832 1930 D WifiConfigStore: Reading from all stores completed in 332 ms.
01-16 13:57:11.404 1832 1930 D WifiNetworkFactory: Registering NetworkFactory
01-16 13:57:11.405 1832 1934 D ConnectivityService: Got NetworkFactory Messenger for WifiNetworkFactory
01-16 13:57:11.405 1832 1930 D UntrustedWifiNetworkFactory: Registering NetworkFactory
01-16 13:57:11.405 1832 1934 D ConnectivityService: Got NetworkFactory Messenger for UntrustedWifiNetworkFactory
01-16 13:57:11.405 1832 1930 D WifiNetworkFactory: got request NetworkRequest [ TRACK_DEFAULT id=10, [ Capabilities: INTERNET&NOT_RESTRICTED&TRUSTED Uid: 1000] ] with score 50 and serial 2
01-16 13:57:11.406 1832 1930 D WifiConnectivityHelper: Firmware supported feature set: 19
01-16 13:57:11.406 1832 1930 D WifiConnectivityHelper: Firmware roaming is not supported
01-16 13:57:11.406 1832 1930 D WifiNetworkFactory: got request NetworkRequest [ REQUEST id=1, [ Capabilities: INTERNET&NOT_RESTRICTED&TRUSTED&NOT_VPN] ] with score 50 and serial 2
01-16 13:57:11.406 1832 1930 D WifiNetworkFactory: got request NetworkRequest [ BACKGROUND_REQUEST id=2, [ Transports: CELLULAR Capabilities: INTERNET&NOT_RESTRICTED&TRUSTED&NOT_VPN] ] with score 50 and serial 2
01-16 13:57:11.407 1832 1930 D WifiNetworkFactory: got request NetworkRequest [ TRACK_DEFAULT id=12, [ Capabilities: INTERNET&NOT_RESTRICTED&TRUSTED Uid: 10089] ] with score 50 and serial 2
01-16 13:57:11.407 1832 1930 D WifiNetworkFactory: got request NetworkRequest [ REQUEST id=6, [ Capabilities: INTERNET&NOT_RESTRICTED&TRUSTED&NOT_VPN] ] with score 50 and serial 2
01-16 13:57:11.407 1832 1930 D UntrustedWifiNetworkFactory: got request NetworkRequest [ TRACK_DEFAULT id=10, [ Capabilities: INTERNET&NOT_RESTRICTED&TRUSTED Uid: 1000] ] with score 50 and serial 2
01-16 13:57:11.407 1832 1930 D UntrustedWifiNetworkFactory: got request NetworkRequest [ REQUEST id=1, [ Capabilities: INTERNET&NOT_RESTRICTED&TRUSTED&NOT_VPN] ] with score 50 and serial 2
01-16 13:57:11.407 1832 1930 D UntrustedWifiNetworkFactory: got request NetworkRequest [ BACKGROUND_REQUEST id=2, [ Transports: CELLULAR Capabilities: INTERNET&NOT_RESTRICTED&TRUSTED&NOT_VPN] ] with score 50 and serial 2
01-16 13:57:11.407 1832 1930 D UntrustedWifiNetworkFactory: got request NetworkRequest [ TRACK_DEFAULT id=12, [ Capabilities: INTERNET&NOT_RESTRICTED&TRUSTED Uid: 10089] ] with score 50 and serial 2
01-16 13:57:11.407 1832 1930 D UntrustedWifiNetworkFactory: got request NetworkRequest [ REQUEST id=6, [ Capabilities: INTERNET&NOT_RESTRICTED&TRUSTED&NOT_VPN] ] with score 50 and serial 2
01-16 13:57:11.408 1967 2436 D : HostComposition ext ANDROID_EMU_CHECKSUM_HELPER_v1 ANDROID_EMU_dma_v1 ANDROID_EMU_direct_mem ANDROID_EMU_host_composition_v1 ANDROID_EMU_host_composition_v2 ANDROID_EMU_async_unmap_buffer GL_OES_EGL_image_external_essl3 GL_OES_vertex_array_object GL_KHR_texture_compression_astc_ldr ANDROID_EMU_gles_max_version_3_1
01-16 13:57:11.408 1967 2436 W OpenGLRenderer: Failed to choose config with EGL_SWAP_BEHAVIOR_PRESERVED, retrying without...
01-16 13:57:11.412 1481 1481 I Cryptfs : Creating crypto dev "private:253,82"; cipher=aes-cbc-essiv:sha256, keysize=16, real_dev=/dev/block/vold/private:253,82, len=519028224, params="1 allow_discards"
01-16 13:57:11.440 1578 1578 D Zygote : Forked child process 2443
01-16 13:57:11.458 1832 1860 W ActivityManager: Slow operation: 75ms so far, now at startProcess: returned from zygote!
01-16 13:57:11.459 1832 1860 W ActivityManager: Slow operation: 76ms so far, now at startProcess: done updating battery stats
01-16 13:57:11.459 1832 1860 W ActivityManager: Slow operation: 76ms so far, now at startProcess: building log message
01-16 13:57:11.459 1832 1860 I ActivityManager: Start proc 2443:com.android.deskclock/u0a98 for broadcast {com.android.deskclock/com.android.deskclock.AlarmInitReceiver}
01-16 13:57:11.459 1832 1860 W ActivityManager: Slow operation: 76ms so far, now at startProcess: starting to update pids map
01-16 13:57:11.459 1832 1860 W ActivityManager: Slow operation: 76ms so far, now at startProcess: done updating pids map
01-16 13:57:11.464 2428 2428 I bootstat: Service started: /system/bin/bootstat --record_boot_complete --record_boot_reason --record_time_since_factory_reset -l
01-16 13:57:11.464 2428 2428 E bootstat: Failed to read /data/misc/bootstat/post_decrypt_time_elapsed: No such file or directory
01-16 13:57:11.464 2428 2428 E bootstat: Failed to parse boot time record: /data/misc/bootstat/post_decrypt_time_elapsed
01-16 13:57:11.496 1967 2436 D eglCodecCommon: setVertexArrayObject: set vao to 0 (0) 0 0
01-16 13:57:11.496 1967 2436 D EGL_emulation: eglCreateContext: 0xdb51b080: maj 3 min 1 rcv 4
01-16 13:57:11.500 1481 1481 I vold : wait for '/dev/block/dm-3' took 0ms
01-16 13:57:11.501 1481 1494 D vold : Disk at 251:3 changed
01-16 13:57:11.509 1481 1481 D vold : Waiting for FUSE to spin up...
01-16 13:57:11.540 1967 2436 D EGL_emulation: eglMakeCurrent: 0xdb51b080: ver 3 1 (tinfo 0xdb50f920)
01-16 13:57:11.541 1967 2436 E eglCodecCommon: glUtilsParamSize: unknow param 0x000082da
01-16 13:57:11.541 1967 2436 E eglCodecCommon: glUtilsParamSize: unknow param 0x000082da
01-16 13:57:11.555 1967 1967 D : HostConnection::get() New Host Connection established 0xd80a5380, tid 1967
01-16 13:57:11.560 1481 1481 D vold : Waiting for FUSE to spin up...
01-16 13:57:11.568 2455 2455 W sdcard : Device explicitly enabled sdcardfs
01-16 13:57:11.587 2443 2443 W droid.deskcloc: Unexpected CPU variant for X86 using defaults: x86
01-16 13:57:11.606 1967 1967 D : HostComposition ext ANDROID_EMU_CHECKSUM_HELPER_v1 ANDROID_EMU_dma_v1 ANDROID_EMU_direct_mem ANDROID_EMU_host_composition_v1 ANDROID_EMU_host_composition_v2 ANDROID_EMU_async_unmap_buffer GL_OES_EGL_image_external_essl3 GL_OES_vertex_array_object GL_KHR_texture_compression_astc_ldr ANDROID_EMU_gles_max_version_3_1
01-16 13:57:11.611 1481 1481 D vold : /system/bin/blkid
01-16 13:57:11.611 1481 1481 D vold : -c
01-16 13:57:11.611 1481 1481 D vold : /dev/null
01-16 13:57:11.611 1481 1481 D vold : -s
01-16 13:57:11.611 1481 1481 D vold : TYPE
01-16 13:57:11.611 1481 1481 D vold : -s
01-16 13:57:11.611 1481 1481 D vold : UUID
01-16 13:57:11.611 1481 1481 D vold : -s
01-16 13:57:11.611 1481 1481 D vold : LABEL
01-16 13:57:11.611 1481 1481 D vold : /dev/block/dm-3
01-16 13:57:11.656 1481 1481 D vold : /dev/block/dm-3: UUID="9da996ab-1ca4-4ed6-a4c7-fe033ed1a4d1" TYPE="ext4"
01-16 13:57:11.656 1481 1481 D vold :
01-16 13:57:11.665 1593 2349 D gralloc_ranchu: gralloc_alloc: Creating ashmem region of size 28672
01-16 13:57:11.688 1481 1562 D vold : Finished restorecon of /data/system_ce/0
01-16 13:57:11.688 1481 1562 D vold : Starting restorecon of /data/vendor_ce/0
01-16 13:57:11.697 1593 1593 D gralloc_ranchu: gralloc_alloc: Creating ashmem region of size 28672
01-16 13:57:11.790 1481 1562 D vold : Finished restorecon of /data/vendor_ce/0
01-16 13:57:11.790 1481 1562 D vold : Starting restorecon of /data/misc_ce/0
01-16 13:57:11.792 1481 1562 D vold : Finished restorecon of /data/misc_ce/0
01-16 13:57:11.792 1481 1562 D vold : /system/bin/vold_prepare_subdirs
01-16 13:57:11.792 1481 1562 D vold : prepare
01-16 13:57:11.792 1481 1562 D vold :
01-16 13:57:11.792 1481 1562 D vold : 0
01-16 13:57:11.792 1481 1562 D vold : 2
01-16 13:57:11.777 1593 1593 I chatty : uid=1000(system) allocator@2.0-s identical 2 lines
01-16 13:57:11.783 1593 1593 D gralloc_ranchu: gralloc_alloc: Creating ashmem region of size 28672
01-16 13:57:11.808 2443 2443 D ApplicationLoaders: Returning zygote-cached class loader: /system/framework/android.hidl.base-V1.0-java.jar
01-16 13:57:11.808 2443 2443 D ApplicationLoaders: Returning zygote-cached class loader: /system/framework/android.hidl.manager-V1.0-java.jar
01-16 13:57:11.808 2443 2443 D ApplicationLoaders: Returning zygote-cached class loader: /system/framework/android.hidl.base-V1.0-java.jar
01-16 13:57:11.817 1967 2226 D EGL_emulation: eglMakeCurrent: 0xe35dad40: ver 3 1 (tinfo 0xc1dd01a0)
01-16 13:57:11.820 1481 1481 D vold : Running /system/bin/e2fsck on /dev/block/dm-3
01-16 13:57:11.820 1481 1481 D vold : /system/bin/e2fsck
01-16 13:57:11.820 1481 1481 D vold : -y
01-16 13:57:11.820 1481 1481 D vold : /dev/block/dm-3
01-16 13:57:11.899 2443 2443 I droid.deskcloc: The ClassLoaderContext is a special shared library.
01-16 13:57:11.931 1967 2226 I OpenGLRenderer: Davey! duration=3420ms; Flags=0, IntendedVsync=58216438433, Vsync=60383105013, OldestInputEvent=9223372036854775807, NewestInputEvent=0, HandleInputStart=60395987855, AnimationStart=60396007521, PerformTraversalsStart=60404176316, DrawStart=60914754234, SyncQueued=61524030539, SyncStart=61543420655, IssueDrawCommandsStart=61543489245, SwapBuffers=61640539223, FrameCompleted=61656365640, DequeueBufferDuration=63000, QueueBufferDuration=272000,
01-16 13:57:11.956 1481 1481 D vold : /dev/block/dm-3: clean, 23/126720 files, 8194/126715 blocks
01-16 13:57:11.956 1481 1481 D vold :
01-16 13:57:11.959 1481 1481 D vold : private:253,82 passed filesystem check
01-16 13:57:11.925 2475 2475 W e2fsck : type=1400 audit(0.0:5): avc: denied { getattr } for path="/data/media" dev="vdc" ino=36652 scontext=u:r:fsck:s0 tcontext=u:object_r:media_rw_data_file:s0 tclass=dir permissive=0
01-16 13:57:12.043 1481 1481 D vold : Starting restorecon of /mnt/expand/9da996ab-1ca4-4ed6-a4c7-fe033ed1a4d1
01-16 13:57:11.925 2475 2475 I chatty : uid=0(root) /system/bin/e2fsck identical 7 lines
01-16 13:57:11.925 2475 2475 W e2fsck : type=1400 audit(0.0:13): avc: denied { getattr } for path="/data/media" dev="vdc" ino=36652 scontext=u:r:fsck:s0 tcontext=u:object_r:media_rw_data_file:s0 tclass=dir permissive=0
01-16 13:57:12.047 2474 2474 D vold_prepare_subdirs: Setting up mode 700 uid 0 gid 0 context u:object_r:vold_data_file:s0 on path: /data/misc_ce/0/vold
01-16 13:57:12.047 2474 2474 D vold_prepare_subdirs: Setting up mode 700 uid 0 gid 0 context u:object_r:storaged_data_file:s0 on path: /data/misc_ce/0/storaged
01-16 13:57:12.061 1481 1481 D vold : Finished restorecon of /mnt/expand/9da996ab-1ca4-4ed6-a4c7-fe033ed1a4d1
01-16 13:57:12.073 2474 2474 D vold_prepare_subdirs: Setting up mode 700 uid 0 gid 0 context u:object_r:rollback_data_file:s0 on path: /data/misc_ce/0/rollback
01-16 13:57:12.076 2474 2474 D vold_prepare_subdirs: Setting up mode 700 uid 1000 gid 1000 context u:object_r:backup_data_file:s0 on path: /data/system_ce/0/backup
01-16 13:57:12.084 2474 2474 D vold_prepare_subdirs: Setting up mode 700 uid 1000 gid 1000 context u:object_r:backup_data_file:s0 on path: /data/system_ce/0/backup_stage
01-16 13:57:12.084 2474 2474 D vold_prepare_subdirs: Setting up mode 700 uid 1000 gid 1000 context u:object_r:face_vendor_data_file:s0 on path: /data/vendor_ce/0/facedata
01-16 13:57:12.098 1832 1849 V UserDataPreparer: Found /data/user/0 with serial number 0
01-16 13:57:12.098 1832 1849 V UserDataPreparer: Found /data/system_ce/0 with serial number 0
01-16 13:57:12.099 1832 1849 D UserDataPreparer: Setting property: sys.user.0.ce_available=true
01-16 13:57:12.111 1832 1849 V PackageManager: reconcileAppsData for 9da996ab-1ca4-4ed6-a4c7-fe033ed1a4d1 u0 0x2 migrateAppData=false
01-16 13:57:12.132 1832 1849 V PackageManager: reconcileAppsData finished 0 packages
01-16 13:57:12.133 1832 1849 V PackageManager: reconcileAppsData for null u0 0x2 migrateAppData=false
01-16 13:57:12.146 1967 1967 V KeyguardUpdateMonitor: onSubscriptionInfoChanged()
01-16 13:57:12.148 1967 1967 V KeyguardUpdateMonitor: SubInfo:{id=1, iccId=89014103211118510720 simSlotIndex=0 carrierId=1 displayName=T-Mobile carrierName=Android nameSource=3 iconTint=-16746133 mNumber=+15555215554 dataRoaming=0 iconBitmap=android.graphics.Bitmap@2970254 mcc 310 mnc 260mCountryIso=us isEmbedded false accessRules null cardString=89014103211118510720 cardId=-1 isOpportunistic false mGroupUUID=null mIsGroupDisabled=false profileClass=-1 ehplmns = null hplmns = null subscriptionType=0 mGroupOwner=null}
01-16 13:57:12.155 1967 1967 V KeyguardUpdateMonitor: onSubscriptionInfoChanged()
01-16 13:57:12.176 1967 1967 V KeyguardUpdateMonitor: SubInfo:{id=1, iccId=89014103211118510720 simSlotIndex=0 carrierId=1 displayName=T-Mobile carrierName=Android nameSource=3 iconTint=-16746133 mNumber=+15555215554 dataRoaming=0 iconBitmap=android.graphics.Bitmap@df9c5fd mcc 310 mnc 260mCountryIso=us isEmbedded false accessRules null cardString=89014103211118510720 cardId=-1 isOpportunistic false mGroupUUID=null mIsGroupDisabled=false profileClass=-1 ehplmns = null hplmns = null subscriptionType=0 mGroupOwner=null}
01-16 13:57:12.181 1967 1967 V KeyguardUpdateMonitor: onSubscriptionInfoChanged()
01-16 13:57:12.183 1967 1967 V KeyguardUpdateMonitor: SubInfo:{id=1, iccId=89014103211118510720 simSlotIndex=0 carrierId=1 displayName=T-Mobile carrierName=Android nameSource=3 iconTint=-16746133 mNumber=+15555215554 dataRoaming=0 iconBitmap=android.graphics.Bitmap@c5a92f2 mcc 310 mnc 260mCountryIso=us isEmbedded false accessRules null cardString=89014103211118510720 cardId=-1 isOpportunistic false mGroupUUID=null mIsGroupDisabled=false profileClass=-1 ehplmns = null hplmns = null subscriptionType=0 mGroupOwner=null}
01-16 13:57:12.193 1967 1967 V KeyguardUpdateMonitor: onSubscriptionInfoChanged()
01-16 13:57:12.194 1967 1967 V KeyguardUpdateMonitor: SubInfo:{id=1, iccId=89014103211118510720 simSlotIndex=0 carrierId=1 displayName=T-Mobile carrierName=Android nameSource=3 iconTint=-16746133 mNumber=+15555215554 dataRoaming=0 iconBitmap=android.graphics.Bitmap@4827d43 mcc 310 mnc 260mCountryIso=us isEmbedded false accessRules null cardString=89014103211118510720 cardId=-1 isOpportunistic false mGroupUUID=null mIsGroupDisabled=false profileClass=-1 ehplmns = null hplmns = null subscriptionType=0 mGroupOwner=null}
01-16 13:57:12.198 1967 1967 V KeyguardUpdateMonitor: onSubscriptionInfoChanged()
01-16 13:57:12.208 1967 1967 V KeyguardUpdateMonitor: SubInfo:{id=1, iccId=89014103211118510720 simSlotIndex=0 carrierId=1 displayName=T-Mobile carrierName=Android nameSource=3 iconTint=-16746133 mNumber=+15555215554 dataRoaming=0 iconBitmap=android.graphics.Bitmap@28befc0 mcc 310 mnc 260mCountryIso=us isEmbedded false accessRules null cardString=89014103211118510720 cardId=-1 isOpportunistic false mGroupUUID=null mIsGroupDisabled=false profileClass=-1 ehplmns = null hplmns = null subscriptionType=0 mGroupOwner=null}
01-16 13:57:12.210 1967 1967 V KeyguardUpdateMonitor: onSubscriptionInfoChanged()
01-16 13:57:12.211 1967 1967 V KeyguardUpdateMonitor: SubInfo:{id=1, iccId=89014103211118510720 simSlotIndex=0 carrierId=1 displayName=T-Mobile carrierName=Android nameSource=3 iconTint=-16746133 mNumber=+15555215554 dataRoaming=0 iconBitmap=android.graphics.Bitmap@721c4f9 mcc 310 mnc 260mCountryIso=us isEmbedded false accessRules null cardString=89014103211118510720 cardId=-1 isOpportunistic false mGroupUUID=null mIsGroupDisabled=false profileClass=-1 ehplmns = null hplmns = null subscriptionType=0 mGroupOwner=null}
01-16 13:57:12.219 1967 1967 D KeyguardUpdateMonitor: handleSimStateChange(subId=1, slotId=0, state=READY)
01-16 13:57:12.219 1967 1967 V KeyguardUpdateMonitor: onSubscriptionInfoChanged()
01-16 13:57:12.224 2443 2443 I AlarmClock: AlarmInitReceiver android.intent.action.LOCKED_BOOT_COMPLETED
01-16 13:57:12.226 1967 1967 V KeyguardUpdateMonitor: SubInfo:{id=1, iccId=89014103211118510720 simSlotIndex=0 carrierId=1 displayName=T-Mobile carrierName=Android nameSource=3 iconTint=-16746133 mNumber=+15555215554 dataRoaming=0 iconBitmap=android.graphics.Bitmap@4faec3e mcc 310 mnc 260mCountryIso=us isEmbedded false accessRules null cardString=89014103211118510720 cardId=-1 isOpportunistic false mGroupUUID=null mIsGroupDisabled=false profileClass=-1 ehplmns = null hplmns = null subscriptionType=0 mGroupOwner=null}
01-16 13:57:12.263 2443 2482 I AlarmClock: Fixing alarm instances
01-16 13:57:12.269 1967 1967 V KeyguardUpdateMonitor: onSubscriptionInfoChanged()
01-16 13:57:12.270 1967 1967 V KeyguardUpdateMonitor: SubInfo:{id=1, iccId=89014103211118510720 simSlotIndex=0 carrierId=1 displayName=T-Mobile carrierName=Android nameSource=3 iconTint=-16746133 mNumber=+15555215554 dataRoaming=0 iconBitmap=android.graphics.Bitmap@8c5aa9f mcc 310 mnc 260mCountryIso=us isEmbedded false accessRules null cardString=89014103211118510720 cardId=-1 isOpportunistic false mGroupUUID=null mIsGroupDisabled=false profileClass=-1 ehplmns = null hplmns = null subscriptionType=0 mGroupOwner=null}
01-16 13:57:12.272 1967 1967 V KeyguardUpdateMonitor: onSubscriptionInfoChanged()
01-16 13:57:12.293 1967 1967 V KeyguardUpdateMonitor: SubInfo:{id=1, iccId=89014103211118510720 simSlotIndex=0 carrierId=1 displayName=T-Mobile carrierName=Android nameSource=3 iconTint=-16746133 mNumber=+15555215554 dataRoaming=0 iconBitmap=android.graphics.Bitmap@c2047ec mcc 310 mnc 260mCountryIso=us isEmbedded false accessRules null cardString=89014103211118510720 cardId=-1 isOpportunistic false mGroupUUID=null mIsGroupDisabled=false profileClass=-1 ehplmns = null hplmns = null subscriptionType=0 mGroupOwner=null}
01-16 13:57:12.330 2443 2482 V AlarmClock: AlarmInitReceiver finished
01-16 13:57:12.346 1967 1967 I Choreographer: Skipped 100 frames! The application may be doing too much work on its main thread.
01-16 13:57:12.444 1967 2226 D EGL_emulation: eglMakeCurrent: 0xe35dad40: ver 3 1 (tinfo 0xc1dd01a0)
01-16 13:57:12.455 1967 2226 I OpenGLRenderer: Davey! duration=1776ms; Flags=0, IntendedVsync=60402511568, Vsync=62069178168, OldestInputEvent=9223372036854775807, NewestInputEvent=0, HandleInputStart=62071824518, AnimationStart=62071851038, PerformTraversalsStart=62073510522, DrawStart=62168445952, SyncQueued=62168676482, SyncStart=62170776357, IssueDrawCommandsStart=62171406188, SwapBuffers=62172944496, FrameCompleted=62180696552, DequeueBufferDuration=241000, QueueBufferDuration=4731000,
01-16 13:57:12.459 1967 1982 I ndroid.systemu: NativeAlloc concurrent copying GC freed 19284(1356KB) AllocSpace objects, 27(540KB) LOS objects, 49% free, 4430KB/8861KB, paused 35us total 799.823ms
01-16 13:57:12.461 1593 1593 D gralloc_ranchu: gralloc_alloc: Creating ashmem region of size 28672
01-16 13:57:12.471 1832 1858 E memtrack: Couldn't load memtrack module
01-16 13:57:12.471 1832 1858 W android.os.Debug: failed to get memory consumption info: -1
01-16 13:57:12.473 1832 1858 E memtrack: Couldn't load memtrack module
01-16 13:57:12.473 1832 1858 W android.os.Debug: failed to get memory consumption info: -1
01-16 13:57:12.475 1832 1858 E memtrack: Couldn't load memtrack module
01-16 13:57:12.475 1832 1858 W android.os.Debug: failed to get memory consumption info: -1
01-16 13:57:12.475 1832 1858 E memtrack: Couldn't load memtrack module
01-16 13:57:12.475 1832 1858 W android.os.Debug: failed to get memory consumption info: -1
01-16 13:57:12.476 1593 1593 D gralloc_ranchu: gralloc_alloc: Creating ashmem region of size 28672
01-16 13:57:12.480 1832 1858 E memtrack: Couldn't load memtrack module
01-16 13:57:12.480 1832 1858 W android.os.Debug: failed to get memory consumption info: -1
01-16 13:57:12.481 1832 1858 E memtrack: Couldn't load memtrack module
01-16 13:57:12.481 1832 1858 W android.os.Debug: failed to get memory consumption info: -1
01-16 13:57:12.481 1832 1858 E memtrack: Couldn't load memtrack module
01-16 13:57:12.481 1832 1858 W android.os.Debug: failed to get memory consumption info: -1
01-16 13:57:12.481 1832 1858 E memtrack: Couldn't load memtrack module
01-16 13:57:12.481 1832 1858 W android.os.Debug: failed to get memory consumption info: -1
01-16 13:57:12.482 1832 1858 E memtrack: Couldn't load memtrack module
01-16 13:57:12.482 1832 1858 W android.os.Debug: failed to get memory consumption info: -1
01-16 13:57:12.482 1832 1858 E memtrack: Couldn't load memtrack module
01-16 13:57:12.482 1832 1858 W android.os.Debug: failed to get memory consumption info: -1
01-16 13:57:12.482 1832 1858 E memtrack: Couldn't load memtrack module
01-16 13:57:12.482 1832 1858 W android.os.Debug: failed to get memory consumption info: -1
01-16 13:57:12.489 1593 1593 D gralloc_ranchu: gralloc_alloc: Creating ashmem region of size 28672
