--------- beginning of kernel
11-02 07:29:06.641 0 0 D logd : Skipping 4294967059 entries from slow reader, pid 377, from LogBuffer::kickMe()
11-02 07:29:08.689 0 0 D logd : logdr: UID=2000 GID=2000 PID=3928 b tail=0 logMask=99 pid=0 start=0ns timeout=0ns --------- beginning of main
11-02 07:29:11.472 2903 2903 I abb : StartCommandInProcess(73657474696e67730067657400656e61 settings.get.ena [truncated])
11-02 07:29:11.474 2903 3611 I abb : oneway function results will be dropped but finished with status OK and parcel size 4
11-02 07:29:11.472 510 510 W Binder:510_B: type=1400 audit(0.0:59): avc: denied { getopt } for scontext=u:r:system_server:s0 tcontext=u:r:shell:s0 tclass=unix_stream_socket permissive=0
11-02 07:29:11.478 2903 2903 I abb : StartCommandInProcess(7061636b61676500696e7374616c6c00 package.install. [truncated])
11-02 07:29:11.472 510 510 W Binder:510_B: type=1400 audit(0.0:61): avc: denied { getopt } for scontext=u:r:system_server:s0 tcontext=u:r:shell:s0 tclass=unix_stream_socket permissive=0
11-02 07:29:11.520 510 510 W Binder:510_B: type=1400 audit(0.0:62): avc: denied { getopt } for scontext=u:r:system_server:s0 tcontext=u:r:shell:s0 tclass=unix_stream_socket permissive=0
11-02 07:29:11.686 510 3123 W system_server: Long monitor contention with owner PackageInstaller (559) at void com.android.server.pm.PackageInstallerSession.handleInstall()(PackageInstallerSession.java:1714) waiters=0 in int com.android.server.pm.PackageInstallerSession.getInstallerUid() for 126ms --------- beginning of system
11-02 07:29:11.695 510 587 W RuleEvaluation: Integrity rule files are not available.
11-02 07:29:11.695 510 553 I PackageManager: Integrity check passed for file:///data/app/vmdl1601029887.tmp
11-02 07:29:11.723 510 553 D CompatibilityChangeReporter: Compat change id reported: 135549675; UID 10139; state: ENABLED
11-02 07:29:11.748 510 553 D PackageManager: Instant App installer not found with android.intent.action.INSTALL_INSTANT_APP_PACKAGE
11-02 07:29:11.748 510 553 D PackageManager: Clear ephemeral installer activity
11-02 07:29:11.749 510 528 V StorageManagerService: Package null does not have legacy storage
11-02 07:29:11.749 1366 2715 I MediaProvider: Invalidating LocalCallingIdentity cache for package org.qtproject.example.tst_dummy. Reason: op android:read_external_storage
11-02 07:29:11.754 510 553 V BackupManagerService: [UserID:0] restoreAtInstall pkg=org.qtproject.example.tst_dummy token=7 restoreSet=0
11-02 07:29:11.755 510 553 V BackupManagerService: [UserID:0] Finishing install immediately
11-02 07:29:11.756 510 553 I AppsFilter: interaction: PackageSetting{4abfc4b org.qtproject.example.qifcarinfotest/10121} -> PackageSetting{30c84a8 org.qtproject.example.tst_dummy/10139} BLOCKED
11-02 07:29:11.756 510 553 I AppsFilter: interaction: PackageSetting{1a1af41 org.qtproject.example.tst_appslist/10133} -> PackageSetting{30c84a8 org.qtproject.example.tst_dummy/10139} BLOCKED
11-02 07:29:11.756 510 553 I AppsFilter: interaction: PackageSetting{2839ce6 org.qtproject.example.tst_qifpendingreply/10132} -> PackageSetting{30c84a8 org.qtproject.example.tst_dummy/10139} BLOCKED
11-02 07:29:11.755 1366 2715 I chatty : uid=10117(com.android.providers.media.module) Binder:1366_5 identical 3 lines
11-02 07:29:11.757 1366 2715 I MediaProvider: Invalidating LocalCallingIdentity cache for package org.qtproject.example.tst_dummy. Reason: op android:read_external_storage
11-02 07:29:11.758 419 1286 E installd: Couldn't opendir /data/app/vmdl1601029887.tmp: No such file or directory
11-02 07:29:11.759 419 1286 E installd: Failed to delete /data/app/vmdl1601029887.tmp: No such file or directory
11-02 07:29:11.829 0 0 W audit : audit_lost=13 audit_rate_limit=5 audit_backlog_limit=64
11-02 07:29:11.830 0 0 E audit : rate limit exceeded
11-02 07:29:11.760 2903 3611 I abb : oneway function results will be dropped but finished with status OK and parcel size 4
11-02 07:29:11.756 510 510 W Binder:510_B: type=1400 audit(0.0:63): avc: denied { getopt } for scontext=u:r:system_server:s0 tcontext=u:r:shell:s0 tclass=unix_stream_socket permissive=0
11-02 07:29:11.764 1366 1366 I MediaProvider: Invalidating LocalCallingIdentity cache for package org.qtproject.example.tst_dummy. Reason: package android.intent.action.PACKAGE_ADDED
11-02 07:29:11.766 648 648 V AvrcpMediaPlayerList: mPackageChangedBroadcastReceiver: action: android.intent.action.PACKAGE_ADDED
11-02 07:29:11.766 648 648 D AvrcpMediaPlayerList: Name of package changed: org.qtproject.example.tst_dummy
11-02 07:29:11.770 510 3123 W BroadcastQueue: Background execution not allowed: receiving Intent { act=android.intent.action.PACKAGE_ADDED dat=package:org.qtproject.example.tst_dummy flg=0x4000010 (has extras) } to com.android.packageinstaller/.PackageInstalledReceiver
11-02 07:29:11.771 510 528 I RoleManagerService: Granting default roles...
11-02 07:29:11.772 510 537 W BroadcastQueue: Background execution not allowed: receiving Intent { act=android.intent.action.PACKAGE_ADDED dat=package:org.qtproject.example.tst_dummy flg=0x4000010 (has extras) } to com.android.gallery3d/.app.PackagesMonitor
11-02 07:29:11.772 510 537 W BroadcastQueue: Background execution not allowed: receiving Intent { act=android.intent.action.PACKAGE_ADDED dat=package:org.qtproject.example.tst_dummy flg=0x4000010 (has extras) } to com.google.android.gms/.games.chimera.GamesSystemBroadcastReceiverProxy
11-02 07:29:11.772 510 537 W BroadcastQueue: Background execution not allowed: receiving Intent { act=android.intent.action.PACKAGE_ADDED dat=package:org.qtproject.example.tst_dummy flg=0x4000010 (has extras) } to com.google.android.gms/.gass.chimera.PackageChangeBroadcastReceiver
11-02 07:29:11.773 510 537 W BroadcastQueue: Background execution not allowed: receiving Intent { act=android.intent.action.PACKAGE_ADDED dat=package:org.qtproject.example.tst_dummy flg=0x4000010 (has extras) } to com.google.android.gms/.chimera.GmsIntentOperationService$PersistentTrustedReceiver
11-02 07:29:11.776 510 580 I InputReader: Reconfiguring input devices, changes=KEYBOARD_LAYOUTS |
11-02 07:29:11.781 510 510 I Telecom : DefaultDialerCache: Refreshing default dialer for user 0: now com.android.dialer: DDC.oR@AI0
11-02 07:29:11.801 510 510 V BackupManagerConstants: getFullBackupIntervalMilliseconds(...) returns 86400000
11-02 07:29:11.801 510 510 V BackupManagerConstants: getFullBackupRequiredNetworkType(...) returns 2
11-02 07:29:11.801 510 510 V BackupManagerConstants: getFullBackupRequireCharging(...) returns true
11-02 07:29:11.806 510 536 W VoiceInteractionManager: no available voice recognition services found for user 0
11-02 07:29:11.811 1145 3944 W GCM : Unexpected forwarded intent: Intent { act=android.intent.action.PACKAGE_ADDED dat=package:org.qtproject.example.tst_dummy flg=0x4000010 cmp=com.google.android.gms/.chimera.PersistentIntentOperationService (has extras) }
11-02 07:29:11.816 1145 3949 W GCM : Unexpected forwarded intent: Intent { act=android.intent.action.PACKAGE_ADDED dat=package:org.qtproject.example.tst_dummy flg=0x4000010 cmp=com.google.android.gms/.chimera.PersistentIntentOperationService (has extras) }
11-02 07:29:11.822 1321 3951 I Auth : [SupervisedAccountIntentOperation] onHandleIntent(): android.intent.action.PACKAGE_ADDED
11-02 07:29:11.823 899 899 D CarrierSvcBindHelper: No carrier app for: 0
11-02 07:29:11.824 510 803 I ActivityTaskManager: START u0 {flg=0x10000000 cmp=org.qtproject.example.tst_dummy/org.qtproject.qt.android.bindings.QtActivity (has extras)} from uid 2000
11-02 07:29:11.824 510 531 D EventSequenceValidator: inc AccIntentStartedEvents to 2
11-02 07:29:11.827 1321 3952 I ChromeSync: [Sync,SyncIntentOperation] Handling the intent: Intent { act=android.intent.action.PACKAGE_ADDED dat=package:org.qtproject.example.tst_dummy flg=0x4000010 cmp=com.google.android.gms/.chimera.GmsIntentOperationService (has extras) }.
11-02 07:29:11.828 1993 3203 I PermissionControllerServiceImpl: Updating user sensitive for uid 10139
11-02 07:29:11.829 899 899 D CarrierConfigLoader: mHandler: 9 phoneId: 0
11-02 07:29:11.832 3946 3954 I cmd : oneway function results will be dropped but finished with status OK and parcel size 4
11-02 07:29:11.837 407 407 I perfetto: ing_service_impl.cc:758 Configured tracing session 9, #sources:1, duration:5000 ms, #buffers:1, total buffer size:4096 KB, total sessions:1, uid:1071 session name: ""
11-02 07:29:11.837 402 402 I perfetto: probes_producer.cc:230 Ftrace setup (target_buf=9)
11-02 07:29:11.846 510 851 W ActivityManager: Unable to start service Intent { act=com.google.android.gms.auth.key.retrieval.service.START pkg=com.google.android.gms } U=0: not found
11-02 07:29:11.846 1321 3953 I FontsPackageChangeOp: Package org.qtproject.example.tst_dummy has no metadata
11-02 07:29:11.849 510 531 D CompatibilityChangeReporter: Compat change id reported: 135634846; UID 10139; state: DISABLED
11-02 07:29:11.850 510 538 D CompatibilityChangeReporter: Compat change id reported: 143937733; UID 10139; state: ENABLED
11-02 07:29:11.850 510 3526 W ActivityManager: Unbind failed: could not find connection for android.os.BinderProxy@72a81c3
11-02 07:29:11.850 1321 1608 E GmsClient: unable to connect to service: com.google.android.gms.auth.key.retrieval.service.START on com.google.android.gms
11-02 07:29:11.893 306 306 D goldfish-address-space: claimShared: Ask to claim region [0x3e8384000 0x3e8708000]
11-02 07:29:11.895 290 290 D Zygote : Forked child process 3969
11-02 07:29:11.895 1321 3952 I ChromeSync: [Persistence,AffiliationManager] One of affiliation or grouping data for android://jD9As7oxxrfmTylpWOQR_8rO1YZCepOWWFtT1lpK7jjSIh6FgBixN8MtkPJs_Wg-gfBUZeXK4b7dNJ5H0lufKQ==@org.qtproject.example.tst_dummy/ was not found. Marking affiliation data as stale...
11-02 07:29:11.902 510 538 W ActivityManager: Slow operation: 54ms so far, now at startProcess: done updating battery stats
11-02 07:29:11.902 510 538 W ActivityManager: Slow operation: 54ms so far, now at startProcess: building log message
11-02 07:29:11.902 510 538 I ActivityManager: Start proc 3969:org.qtproject.example.tst_dummy/u0a139 for pre-top-activity {org.qtproject.example.tst_dummy/org.qtproject.qt.android.bindings.QtActivity}
11-02 07:29:11.902 510 538 W ActivityManager: Slow operation: 54ms so far, now at startProcess: starting to update pids map
11-02 07:29:11.902 510 538 W ActivityManager: Slow operation: 54ms so far, now at startProcess: done updating pids map
11-02 07:29:11.911 1321 3953 I ChmraDebugLogger: [80] null
11-02 07:29:11.995 0 0 W perfetto: enabled ftrace
11-02 07:29:11.927 402 402 I perfetto: ftrace_procfs.cc:176 enabled ftrace
11-02 07:29:11.941 3969 3969 I ample.tst_dumm: Late-enabling -Xcheck:jni
11-02 07:29:11.964 3969 3969 I ample.tst_dumm: Unquickening 12 vdex files!
11-02 07:29:11.966 3969 3969 W ample.tst_dumm: Unexpected CPU variant for X86 using defaults: x86
11-02 07:29:11.970 388 410 I adbd : jdwp connection from 3969
11-02 07:29:11.985 510 1314 W InputReader: Device virtio_input_multi_touch_6 is associated with display ADISPLAY_ID_NONE.
11-02 07:29:11.985 510 1314 W InputReader: Device virtio_input_multi_touch_3 is associated with display ADISPLAY_ID_NONE.
11-02 07:29:11.985 510 1314 W InputReader: Device virtio_input_multi_touch_10 is associated with display ADISPLAY_ID_NONE.
11-02 07:29:11.985 510 1314 W InputReader: Device virtio_input_multi_touch_4 is associated with display ADISPLAY_ID_NONE.
11-02 07:29:11.985 510 1314 W InputReader: Device virtio_input_multi_touch_8 is associated with display ADISPLAY_ID_NONE.
11-02 07:29:11.985 510 1314 W InputReader: Device virtio_input_multi_touch_11 is associated with display ADISPLAY_ID_NONE.
11-02 07:29:11.985 510 1314 W InputReader: Device virtio_input_multi_touch_9 is associated with display ADISPLAY_ID_NONE.
11-02 07:29:11.985 510 1314 W InputReader: Device virtio_input_multi_touch_2 is associated with display ADISPLAY_ID_NONE.
11-02 07:29:11.985 510 1314 W InputReader: Device virtio_input_multi_touch_7 is associated with display ADISPLAY_ID_NONE.
11-02 07:29:11.985 510 1314 W InputReader: Device virtio_input_multi_touch_5 is associated with display ADISPLAY_ID_NONE.
11-02 07:29:11.985 510 1314 W InputReader: Device virtio_input_multi_touch_6 is associated with display ADISPLAY_ID_NONE.
11-02 07:29:11.985 510 1314 W InputReader: Device virtio_input_multi_touch_3 is associated with display ADISPLAY_ID_NONE.
11-02 07:29:11.985 510 1314 W InputReader: Device virtio_input_multi_touch_10 is associated with display ADISPLAY_ID_NONE.
11-02 07:29:11.985 510 1314 W InputReader: Device virtio_input_multi_touch_4 is associated with display ADISPLAY_ID_NONE.
11-02 07:29:11.985 510 1314 W InputReader: Device virtio_input_multi_touch_8 is associated with display ADISPLAY_ID_NONE.
11-02 07:29:11.985 510 1314 W InputReader: Device virtio_input_multi_touch_11 is associated with display ADISPLAY_ID_NONE.
11-02 07:29:11.985 510 1314 W InputReader: Device virtio_input_multi_touch_9 is associated with display ADISPLAY_ID_NONE.
11-02 07:29:11.985 510 1314 W InputReader: Device virtio_input_multi_touch_2 is associated with display ADISPLAY_ID_NONE.
11-02 07:29:11.985 510 1314 W InputReader: Device virtio_input_multi_touch_7 is associated with display ADISPLAY_ID_NONE.
11-02 07:29:11.985 510 1314 W InputReader: Device virtio_input_multi_touch_5 is associated with display ADISPLAY_ID_NONE.
11-02 07:29:12.022 3969 3969 D NetworkSecurityConfig: No Network Security Config specified, using platform default
11-02 07:29:12.023 3969 3969 D NetworkSecurityConfig: No Network Security Config specified, using platform default
11-02 07:29:12.032 1145 1160 I .gms.persisten: Background concurrent copying GC freed 140340(6371KB) AllocSpace objects, 10(520KB) LOS objects, 49% free, 6717KB/13MB, paused 51us total 159.022ms
11-02 07:29:12.033 1145 1160 W .gms.persisten: Reducing the number of considered missed Gc histogram windows from 123 to 100
11-02 07:29:12.033 510 521 I system_server: Background concurrent copying GC freed 178632(8748KB) AllocSpace objects, 96(5308KB) LOS objects, 49% free, 13MB/26MB, paused 1.549ms total 274.660ms
11-02 07:29:12.038 3969 3994 D libEGL : loaded /vendor/lib/egl/libEGL_emulation.so
11-02 07:29:12.040 3969 3994 D libEGL : loaded /vendor/lib/egl/libGLESv1_CM_emulation.so
11-02 07:29:12.044 3969 3994 D libEGL : loaded /vendor/lib/egl/libGLESv2_emulation.so
11-02 07:29:12.049 3969 3969 W System : ClassLoader referenced unknown path:
11-02 07:29:12.070 1321 1744 I Icing : IndexChimeraService.getServiceInterface callingPackage=com.google.android.gms componentName=AppsCorpus serviceId=36 [CONTEXT service_id=21 ]
11-02 07:29:12.082 1321 2408 W Icing : No valid account for uploading user actions [CONTEXT service_id=21 ]
11-02 07:29:12.099 1321 1744 I Icing : IndexChimeraService.getServiceInterface callingPackage=com.google.android.gms componentName=null serviceId=30 [CONTEXT service_id=21 ]
11-02 07:29:12.108 1321 2408 I Icing : Usage reports ok 1, Failed Usage reports 0, indexed 0, rejected 0 [CONTEXT service_id=21 ]
11-02 07:29:12.111 1321 2408 W Icing : No valid account for uploading user actions [CONTEXT service_id=21 ]
11-02 07:29:12.112 1321 1744 I Icing : IndexChimeraService.getServiceInterface callingPackage=com.google.android.gms componentName=null serviceId=36 [CONTEXT service_id=21 ]
11-02 07:29:12.113 3969 3999 I QtCore : Start
11-02 07:29:12.118 1321 2408 I Icing : Usage reports ok 0, Failed Usage reports 0, indexed 0, rejected 0 [CONTEXT service_id=21 ]
11-02 07:29:12.119 1321 2408 I Icing : Indexing com.google.android.gms-internal.3p:MobileApplication from com.google.android.gms using seqno 50 [CONTEXT service_id=21 ]
11-02 07:29:12.119 3969 3999 I Qt : qt started
11-02 07:29:12.130 1321 2408 W Icing : No valid account for uploading user actions [CONTEXT service_id=21 ]
11-02 07:29:12.136 1321 2408 I Icing : Usage reports ok 0, Failed Usage reports 0, indexed 0, rejected 0 [CONTEXT service_id=21 ]
11-02 07:29:12.137 1321 2408 I Icing : Indexing com.google.android.gms-apps from com.google.android.gms [CONTEXT service_id=21 ]
11-02 07:29:12.159 1321 2408 I Icing : Indexing done com.google.android.gms-apps [CONTEXT service_id=21 ]
11-02 07:29:12.315 3969 3992 D HostConnection: HostConnection::get() New Host Connection established 0xeccce400, tid 3992
11-02 07:29:12.319 3969 3999 I QTestLib: ********* Start testing of Notpassing *********
11-02 07:29:12.319 3969 3999 I QTestLib: Config: Using QtTest library 6.3.0, Qt 6.3.0 (i386-little_endian-ilp32 shared (dynamic) release build; by Clang 9.0.9 (https://android.googlesource.com/toolchain/llvm-project a2a1e703c0edb03ba29944e529ccbf457742737b)), android 11.0
11-02 07:29:12.319 3969 3999 I QTestLib: PASS : Notpassing::initTestCase()
11-02 07:29:12.320 3969 3999 I QTestLib: FAIL! : Notpassing::fail() 'false' returned FALSE. ()
11-02 07:29:12.320 3969 3999 I QTestLib: Loc: [/home/barton/Workspace/QT-Android-Auto/qt6/qt6-sources-x86/qtbase/tests/auto/bug/tst_notpassing.cpp(5)]
11-02 07:29:12.320 3969 3999 I QTestLib: PASS : Notpassing::cleanupTestCase()
11-02 07:29:12.320 3969 3999 I QTestLib: Totals: 2 passed, 1 failed, 0 skipped, 0 blacklisted, 1ms
11-02 07:29:12.320 3969 3999 I QTestLib: ********* Finished testing of Notpassing *********
11-02 07:29:12.320 3969 3999 I QTestLib: ********* Start testing of Passing *********
11-02 07:29:12.320 3969 3999 I QTestLib: Config: Using QtTest library 6.3.0, Qt 6.3.0 (i386-little_endian-ilp32 shared (dynamic) release build; by Clang 9.0.9 (https://android.googlesource.com/toolchain/llvm-project a2a1e703c0edb03ba29944e529ccbf457742737b)), android 11.0
11-02 07:29:12.321 3969 3999 I QTestLib: PASS : Passing::initTestCase()
11-02 07:29:12.321 3969 3999 I QTestLib: PASS : Passing::pass()
11-02 07:29:12.321 3969 3999 I QTestLib: PASS : Passing::cleanupTestCase()
11-02 07:29:12.321 3969 3999 I QTestLib: Totals: 3 passed, 0 failed, 0 skipped, 0 blacklisted, 1ms
11-02 07:29:12.321 3969 3999 I QTestLib: ********* Finished testing of Passing *********
11-02 07:29:12.322 3969 3999 W : exit app 0
11-02 07:29:12.324 3969 3992 D HostConnection: HostComposition ext ANDROID_EMU_CHECKSUM_HELPER_v1 ANDROID_EMU_native_sync_v2 ANDROID_EMU_native_sync_v3 ANDROID_EMU_native_sync_v4 ANDROID_EMU_dma_v1 ANDROID_EMU_direct_mem ANDROID_EMU_host_composition_v1 ANDROID_EMU_host_composition_v2 ANDROID_EMU_vulkan ANDROID_EMU_deferred_vulkan_commands ANDROID_EMU_vulkan_null_optional_strings ANDROID_EMU_vulkan_create_resources_with_requirements ANDROID_EMU_YUV_Cache ANDROID_EMU_async_unmap_buffer ANDROID_EMU_vulkan_ignored_handles ANDROID_EMU_has_shared_slots_host_memory_allocator ANDROID_EMU_vulkan_free_memory_sync ANDROID_EMU_vulkan_shader_float16_int8 ANDROID_EMU_vulkan_async_queue_submit ANDROID_EMU_sync_buffer_data GL_OES_EGL_image_external_essl3 GL_OES_vertex_array_object GL_KHR_texture_compression_astc_ldr ANDROID_EMU_host_side_tracing ANDROID_EMU_async_frame_commands ANDROID_EMU_gles_max_version_3_0
11-02 07:29:12.326 176 176 I hwservicemanager: getTransport: Cannot find entry android.hardware.configstore@1.0::ISurfaceFlingerConfigs/default in either framework or device manifest.
11-02 07:29:12.326 3969 3992 W OpenGLRenderer: Failed to choose config with EGL_SWAP_BEHAVIOR_PRESERVED, retrying without...
11-02 07:29:12.327 3969 3992 D EGL_emulation: eglCreateContext: 0xeccce940: maj 3 min 0 rcv 3
11-02 07:29:12.329 3969 3992 D EGL_emulation: eglMakeCurrent: 0xeccce940: ver 3 0 (tinfo 0xed033b90) (first time)
11-02 07:29:12.335 306 306 D goldfish-address-space: claimShared: Ask to claim region [0x3eb0f3000 0x3eb477000]
11-02 07:29:12.341 176 176 I hwservicemanager: getTransport: Cannot find entry android.hardware.graphics.mapper@4.0::IMapper/default in either framework or device manifest.
11-02 07:29:12.341 3969 3992 I Gralloc4: mapper 4.x is not supported
11-02 07:29:12.342 3969 3992 D HostConnection: createUnique: call
11-02 07:29:12.342 3969 3992 D HostConnection: HostConnection::get() New Host Connection established 0xecccde50, tid 3992
11-02 07:29:12.342 3969 3992 D goldfish-address-space: allocate: Ask for block of size 0x100
11-02 07:29:12.342 3969 3992 D goldfish-address-space: allocate: ioctl allocate returned offset 0x3e7ffe000 size 0x2000
11-02 07:29:12.401 3969 3992 D HostConnection: HostComposition ext ANDROID_EMU_CHECKSUM_HELPER_v1 ANDROID_EMU_native_sync_v2 ANDROID_EMU_native_sync_v3 ANDROID_EMU_native_sync_v4 ANDROID_EMU_dma_v1 ANDROID_EMU_direct_mem ANDROID_EMU_host_composition_v1 ANDROID_EMU_host_composition_v2 ANDROID_EMU_vulkan ANDROID_EMU_deferred_vulkan_commands ANDROID_EMU_vulkan_null_optional_strings ANDROID_EMU_vulkan_create_resources_with_requirements ANDROID_EMU_YUV_Cache ANDROID_EMU_async_unmap_buffer ANDROID_EMU_vulkan_ignored_handles ANDROID_EMU_has_shared_slots_host_memory_allocator ANDROID_EMU_vulkan_free_memory_sync ANDROID_EMU_vulkan_shader_float16_int8 ANDROID_EMU_vulkan_async_queue_submit ANDROID_EMU_sync_buffer_data GL_OES_EGL_image_external_essl3 GL_OES_vertex_array_object GL_KHR_texture_compression_astc_ldr ANDROID_EMU_host_side_tracing ANDROID_EMU_async_frame_commands ANDROID_EMU_gles_max_version_3_0
11-02 07:29:12.404 306 306 D goldfish-address-space: claimShared: Ask to claim region [0x3eb47b000 0x3eb7ff000]
11-02 07:29:12.411 306 306 D goldfish-address-space: claimShared: Ask to claim region [0x3eb7ff000 0x3ebb83000]
11-02 07:29:12.454 510 536 D ArtManagerInternalImpl: /data/misc/iorapd/org.qtproject.example.tst_dummy/1/org.qtproject.qt.android.bindings.QtActivity/compiled_traces/compiled_trace.pb doesn't exist
11-02 07:29:12.454 510 531 D EventSequenceValidator: dec AccIntentStartedEvents to 1
11-02 07:29:12.459 510 536 I ActivityTaskManager: Displayed org.qtproject.example.tst_dummy/org.qtproject.qt.android.bindings.QtActivity: +628ms
11-02 07:29:12.461 306 306 D goldfish-address-space: claimShared: Ask to claim region [0x3ea4e0000 0x3ea864000]
11-02 07:29:12.475 362 643 W ServiceManager: Permission failure: android.permission.ACCESS_SURFACE_FLINGER from uid=10139 pid=3969
11-02 07:29:12.475 362 643 D PermissionCache: checking android.permission.ACCESS_SURFACE_FLINGER for uid=10139 => denied (493 us)
11-02 07:29:12.486 510 1314 W InputReader: Device virtio_input_multi_touch_6 is associated with display ADISPLAY_ID_NONE.
11-02 07:29:12.486 510 1314 W InputReader: Device virtio_input_multi_touch_3 is associated with display ADISPLAY_ID_NONE.
11-02 07:29:12.486 510 1314 W InputReader: Device virtio_input_multi_touch_10 is associated with display ADISPLAY_ID_NONE.
11-02 07:29:12.486 510 1314 W InputReader: Device virtio_input_multi_touch_4 is associated with display ADISPLAY_ID_NONE.
11-02 07:29:12.486 510 1314 W InputReader: Device virtio_input_multi_touch_8 is associated with display ADISPLAY_ID_NONE.
11-02 07:29:12.486 510 1314 W InputReader: Device virtio_input_multi_touch_11 is associated with display ADISPLAY_ID_NONE.
11-02 07:29:12.486 510 1314 W InputReader: Device virtio_input_multi_touch_9 is associated with display ADISPLAY_ID_NONE.
11-02 07:29:12.486 510 1314 W InputReader: Device virtio_input_multi_touch_2 is associated with display ADISPLAY_ID_NONE.
11-02 07:29:12.486 510 1314 W InputReader: Device virtio_input_multi_touch_7 is associated with display ADISPLAY_ID_NONE.
11-02 07:29:12.486 510 1314 W InputReader: Device virtio_input_multi_touch_5 is associated with display ADISPLAY_ID_NONE.
11-02 07:29:12.487 510 1314 W InputReader: Device virtio_input_multi_touch_6 is associated with display ADISPLAY_ID_NONE.
11-02 07:29:12.487 510 1314 W InputReader: Device virtio_input_multi_touch_3 is associated with display ADISPLAY_ID_NONE.
11-02 07:29:12.487 510 1314 W InputReader: Device virtio_input_multi_touch_10 is associated with display ADISPLAY_ID_NONE.
11-02 07:29:12.487 510 1314 W InputReader: Device virtio_input_multi_touch_4 is associated with display ADISPLAY_ID_NONE.
11-02 07:29:12.487 510 1314 W InputReader: Device virtio_input_multi_touch_8 is associated with display ADISPLAY_ID_NONE.
11-02 07:29:12.487 510 1314 W InputReader: Device virtio_input_multi_touch_11 is associated with display ADISPLAY_ID_NONE.
11-02 07:29:12.487 510 1314 W InputReader: Device virtio_input_multi_touch_9 is associated with display ADISPLAY_ID_NONE.
11-02 07:29:12.487 510 1314 W InputReader: Device virtio_input_multi_touch_2 is associated with display ADISPLAY_ID_NONE.
11-02 07:29:12.487 510 1314 W InputReader: Device virtio_input_multi_touch_7 is associated with display ADISPLAY_ID_NONE.
11-02 07:29:12.487 510 1314 W InputReader: Device virtio_input_multi_touch_5 is associated with display ADISPLAY_ID_NONE.
11-02 07:29:12.491 510 2601 D HostConnection: HostConnection::get() New Host Connection established 0xeccfac40, tid 2601
11-02 07:29:12.502 306 306 D goldfish-address-space: claimShared: Ask to claim region [0x3ea864000 0x3eabe8000]
11-02 07:29:12.502 510 2601 D HostConnection: HostComposition ext ANDROID_EMU_CHECKSUM_HELPER_v1 ANDROID_EMU_native_sync_v2 ANDROID_EMU_native_sync_v3 ANDROID_EMU_native_sync_v4 ANDROID_EMU_dma_v1 ANDROID_EMU_direct_mem ANDROID_EMU_host_composition_v1 ANDROID_EMU_host_composition_v2 ANDROID_EMU_vulkan ANDROID_EMU_deferred_vulkan_commands ANDROID_EMU_vulkan_null_optional_strings ANDROID_EMU_vulkan_create_resources_with_requirements ANDROID_EMU_YUV_Cache ANDROID_EMU_async_unmap_buffer ANDROID_EMU_vulkan_ignored_handles ANDROID_EMU_has_shared_slots_host_memory_allocator ANDROID_EMU_vulkan_free_memory_sync ANDROID_EMU_vulkan_shader_float16_int8 ANDROID_EMU_vulkan_async_queue_submit ANDROID_EMU_sync_buffer_data GL_OES_EGL_image_external_essl3 GL_OES_vertex_array_object GL_KHR_texture_compression_astc_ldr ANDROID_EMU_host_side_tracing ANDROID_EMU_async_frame_commands ANDROID_EMU_gles_max_version_3_0
11-02 07:29:12.505 510 2601 W OpenGLRenderer: Failed to choose config with EGL_SWAP_BEHAVIOR_PRESERVED, retrying without...
11-02 07:29:12.506 510 2601 D EGL_emulation: eglCreateContext: 0xeccfb2d0: maj 3 min 0 rcv 3
11-02 07:29:12.507 510 2601 D EGL_emulation: eglMakeCurrent: 0xeccfb2d0: ver 3 0 (tinfo 0xb29cbb90) (first time)
11-02 07:29:12.511 306 306 D goldfish-address-space: claimShared: Ask to claim region [0x3e8e10000 0x3e9194000]
11-02 07:29:12.517 306 306 D goldfish-address-space: claimShared: Ask to claim region [0x3e9194000 0x3e9518000]
11-02 07:29:13.244 510 1314 I ActivityManager: Process org.qtproject.example.tst_dummy (pid 3969) has died: cch CRE
11-02 07:29:13.245 290 290 I Zygote : Process 3969 exited cleanly (1)
11-02 07:29:13.245 510 539 I libprocessgroup: Successfully killed process cgroup uid 10139 pid 3969 in 0ms
11-02 07:29:13.245 510 1314 W InputDispatcher: Attempted to unregister already unregistered input channel '3e1720c org.qtproject.example.tst_dummy/org.qtproject.qt.android.bindings.QtActivity (server)'
11-02 07:29:13.256 510 3123 W WindowManager: Failed looking up window session=Session{9acba99 3969:u0a10139} callers=com.android.server.wm.WindowManagerService.windowForClientLocked:5425 com.android.server.wm.WindowState$DeathRecipient.binderDied:2810 android.os.IBinder$DeathRecipient.binderDied:305
11-02 07:29:13.256 510 3123 I WindowManager: WIN DEATH: null
11-02 07:29:13.260 510 531 W ActivityManager: setHasOverlayUi called on unknown pid: 3969
11-02 07:29:13.360 510 537 I ActivityManager: Force stopping org.qtproject.example.tst_dummy appid=10139 user=-1: deletePackageX
11-02 07:29:13.408 421 421 I keystore: clear_uid 10139
11-02 07:29:13.409 510 553 D PackageManager: Instant App installer not found with android.intent.action.INSTALL_INSTANT_APP_PACKAGE
11-02 07:29:13.409 510 553 D PackageManager: Clear ephemeral installer activity
11-02 07:29:13.409 510 553 E PermissionMonitor: unknown permission type: -1for uid: 10139
11-02 07:29:13.417 510 1289 E TaskPersister: File error accessing recents directory (directory doesn't exist?).
11-02 07:29:13.477 510 553 I system_server: Explicit concurrent copying GC freed 72429(3487KB) AllocSpace objects, 9(372KB) LOS objects, 49% free, 11MB/23MB, paused 53us total 66.903ms
11-02 07:29:13.483 510 553 I ActivityManager: Force stopping org.qtproject.example.tst_dummy appid=10139 user=0: pkg removed
11-02 07:29:13.504 510 1289 E TaskPersister: File error accessing recents directory (directory doesn't exist?).
11-02 07:29:13.504 1366 1366 I MediaProvider: Invalidating LocalCallingIdentity cache for package org.qtproject.example.tst_dummy. Reason: package android.intent.action.PACKAGE_REMOVED
11-02 07:29:13.508 510 528 I RoleManagerService: Granting default roles...
11-02 07:29:13.509 510 591 V StorageManagerService: Package org.qtproject.example.tst_dummy does not have legacy storage
11-02 07:29:13.509 510 537 W BroadcastQueue: Background execution not allowed: receiving Intent { act=android.intent.action.PACKAGE_REMOVED dat=package:org.qtproject.example.tst_dummy flg=0x4000010 (has extras) } to com.android.gallery3d/.app.PackagesMonitor
11-02 07:29:13.509 510 537 W BroadcastQueue: Background execution not allowed: receiving Intent { act=android.intent.action.PACKAGE_REMOVED dat=package:org.qtproject.example.tst_dummy flg=0x4000010 (has extras) } to com.android.musicfx/.Compatibility$Receiver
11-02 07:29:13.509 648 648 V AvrcpMediaPlayerList: mPackageChangedBroadcastReceiver: action: android.intent.action.PACKAGE_REMOVED
11-02 07:29:13.509 510 537 W BroadcastQueue: Background execution not allowed: receiving Intent { act=android.intent.action.PACKAGE_REMOVED dat=package:org.qtproject.example.tst_dummy flg=0x4000010 (has extras) } to com.google.android.apps.maps/com.google.android.libraries.social.peoplekit.thirdparty.viewcontrollers.ThirdPartyReceiver
11-02 07:29:13.509 510 537 W BroadcastQueue: Background execution not allowed: receiving Intent { act=android.intent.action.PACKAGE_REMOVED dat=package:org.qtproject.example.tst_dummy flg=0x4000010 (has extras) } to com.google.android.gms/.games.chimera.GamesSystemBroadcastReceiverProxy
11-02 07:29:13.510 510 537 W BroadcastQueue: Background execution not allowed: receiving Intent { act=android.intent.action.PACKAGE_REMOVED dat=package:org.qtproject.example.tst_dummy flg=0x4000010 (has extras) } to com.google.android.gms/.chimera.GmsIntentOperationService$PersistentTrustedReceiver
11-02 07:29:13.527 510 574 I RollbackManager: broadcast=ACTION_PACKAGE_FULLY_REMOVED pkg=org.qtproject.example.tst_dummy
11-02 07:29:13.528 510 580 I InputReader: Reconfiguring input devices, changes=KEYBOARD_LAYOUTS |
11-02 07:29:13.529 1222 1288 I LatinIME:LogUtils: Dictionary info: dictionary = main:en ; version = 54 ; date = 1414726273
11-02 07:29:13.529 510 510 W WifiService: Couldn't get PackageInfo for package:org.qtproject.example.tst_dummy
11-02 07:29:13.529 510 510 D WifiService: Remove settings for package:org.qtproject.example.tst_dummy
11-02 07:29:13.529 899 899 D CarrierSvcBindHelper: No carrier app for: 0
11-02 07:29:13.529 510 598 D WifiConfigManager: Remove all networks for app ApplicationInfo{130f884 org.qtproject.example.tst_dummy}
11-02 07:29:13.538 510 510 W WifiService: Couldn't get PackageInfo for package:org.qtproject.example.tst_dummy
11-02 07:29:13.538 510 510 D WifiService: Remove settings for package:org.qtproject.example.tst_dummy
11-02 07:29:13.538 510 510 I ConditionProviders: Disallowing condition provider org.qtproject.example.tst_dummy
11-02 07:29:13.539 510 598 D WifiConfigStore: Writing to stores completed in 7 ms.
11-02 07:29:13.539 510 598 I PasspointManager: No app ops listener found for org.qtproject.example.tst_dummy
11-02 07:29:13.539 510 598 D WifiConfigManager: Remove all networks for app ApplicationInfo{92f6923 org.qtproject.example.tst_dummy}
11-02 07:29:13.541 1145 1145 I GeofencerStateMachine: removeGeofences: removeRequest=RemoveGeofencingRequest[REMOVE_ALL packageName=org.qtproject.example.tst_dummy]
11-02 07:29:13.547 510 598 D WifiConfigStore: Writing to stores completed in 7 ms.
11-02 07:29:13.547 510 598 I PasspointManager: No app ops listener found for org.qtproject.example.tst_dummy
11-02 07:29:13.570 1145 3941 I Fitness : FitCleanupIntentOperation received Intent android.intent.action.PACKAGE_REMOVED [CONTEXT service_id=17 ]
11-02 07:29:13.588 1321 3964 W SQLiteLog: (28) double-quoted string literal: "org.qtproject.example.tst_dummy"
11-02 07:29:13.589 1366 2260 I MediaProvider: Begin Intent { act=android.intent.action.PACKAGE_FULLY_REMOVED dat=package:org.qtproject.example.tst_dummy flg=0x5000010 cmp=com.android.providers.media.module/com.android.providers.media.MediaService (has extras) }
11-02 07:29:13.593 1321 2408 I ContentMaintenance: Internal cache bytes used: 0; limit: 100000000; download size: 0
11-02 07:29:13.594 1321 3544 I Icing : doRemovePackageData org.qtproject.example.tst_dummy [CONTEXT service_id=21 ]
11-02 07:29:13.608 1366 2260 I MediaProvider: End Intent { act=android.intent.action.PACKAGE_FULLY_REMOVED dat=package:org.qtproject.example.tst_dummy flg=0x5000010 cmp=com.android.providers.media.module/com.android.providers.media.MediaService (has extras) }
11-02 07:29:13.609 1022 1022 D Launcher.Model: package removed received org.qtproject.example.tst_dummy
11-02 07:29:13.610 306 306 D goldfish-address-space: claimShared: Ask to claim region [0x3ebd1c000 0x3ebdfd000]
11-02 07:29:13.612 1022 1080 D PackageUpdatedTask: Removing app iconorg.qtproject.example.tst_dummy
11-02 07:29:13.613 510 2592 D HostConnection: HostConnection::get() New Host Connection established 0xeccf8e10, tid 2592
11-02 07:29:13.619 1321 2408 I RealtimeCacheCleanup: Beginning Realtime garbage collection.
11-02 07:29:13.620 1321 2408 I RealtimeCacheCleanup: Finished Realtime garbage collection.
11-02 07:29:13.621 510 2592 D HostConnection: HostComposition ext ANDROID_EMU_CHECKSUM_HELPER_v1 ANDROID_EMU_native_sync_v2 ANDROID_EMU_native_sync_v3 ANDROID_EMU_native_sync_v4 ANDROID_EMU_dma_v1 ANDROID_EMU_direct_mem ANDROID_EMU_host_composition_v1 ANDROID_EMU_host_composition_v2 ANDROID_EMU_vulkan ANDROID_EMU_deferred_vulkan_commands ANDROID_EMU_vulkan_null_optional_strings ANDROID_EMU_vulkan_create_resources_with_requirements ANDROID_EMU_YUV_Cache ANDROID_EMU_async_unmap_buffer ANDROID_EMU_vulkan_ignored_handles ANDROID_EMU_has_shared_slots_host_memory_allocator ANDROID_EMU_vulkan_free_memory_sync ANDROID_EMU_vulkan_shader_float16_int8 ANDROID_EMU_vulkan_async_queue_submit ANDROID_EMU_sync_buffer_data GL_OES_EGL_image_external_essl3 GL_OES_vertex_array_object GL_KHR_texture_compression_astc_ldr ANDROID_EMU_host_side_tracing ANDROID_EMU_async_frame_commands ANDROID_EMU_gles_max_version_3_0
11-02 07:29:13.621 510 2592 W OpenGLRenderer: Failed to choose config with EGL_SWAP_BEHAVIOR_PRESERVED, retrying without...
11-02 07:29:13.622 510 2592 D EGL_emulation: eglCreateContext: 0xeccf1e10: maj 3 min 0 rcv 3
11-02 07:29:13.626 1022 1080 D ModelWriter: removing items from db
11-02 07:29:13.626 1022 1080 D ModelWriter: java.lang.Exception
11-02 07:29:13.626 1022 1080 D ModelWriter: at com.android.launcher3.model.ModelWriter.deleteItemsFromDatabase(ModelWriter.java:272)
11-02 07:29:13.626 1022 1080 D ModelWriter: at com.android.launcher3.model.ModelWriter.deleteItemsFromDatabase(ModelWriter.java:262)
11-02 07:29:13.626 1022 1080 D ModelWriter: at com.android.launcher3.model.BaseModelUpdateTask.deleteAndBindComponentsRemoved(BaseModelUpdateTask.java:111)
11-02 07:29:13.626 1022 1080 D ModelWriter: at com.android.launcher3.model.PackageUpdatedTask.execute(PackageUpdatedTask.java:323)
11-02 07:29:13.626 1022 1080 D ModelWriter: at com.android.launcher3.model.BaseModelUpdateTask.run(BaseModelUpdateTask.java:67)
11-02 07:29:13.626 1022 1080 D ModelWriter: at android.os.Handler.handleCallback(Handler.java:938)
11-02 07:29:13.626 1022 1080 D ModelWriter: at android.os.Handler.dispatchMessage(Handler.java:99)
11-02 07:29:13.626 1022 1080 D ModelWriter: at android.os.Looper.loop(Looper.java:223)
11-02 07:29:13.626 1022 1080 D ModelWriter: at android.os.HandlerThread.run(HandlerThread.java:67)
11-02 07:29:13.627 510 2592 D EGL_emulation: eglMakeCurrent: 0xeccf1e10: ver 3 0 (tinfo 0xb29c5050) (first time)
11-02 07:29:13.628 510 525 D HostConnection: HostConnection::get() New Host Connection established 0xeccf5d80, tid 525
11-02 07:29:13.635 510 525 D HostConnection: HostComposition ext ANDROID_EMU_CHECKSUM_HELPER_v1 ANDROID_EMU_native_sync_v2 ANDROID_EMU_native_sync_v3 ANDROID_EMU_native_sync_v4 ANDROID_EMU_dma_v1 ANDROID_EMU_direct_mem ANDROID_EMU_host_composition_v1 ANDROID_EMU_host_composition_v2 ANDROID_EMU_vulkan ANDROID_EMU_deferred_vulkan_commands ANDROID_EMU_vulkan_null_optional_strings ANDROID_EMU_vulkan_create_resources_with_requirements ANDROID_EMU_YUV_Cache ANDROID_EMU_async_unmap_buffer ANDROID_EMU_vulkan_ignored_handles ANDROID_EMU_has_shared_slots_host_memory_allocator ANDROID_EMU_vulkan_free_memory_sync ANDROID_EMU_vulkan_shader_float16_int8 ANDROID_EMU_vulkan_async_queue_submit ANDROID_EMU_sync_buffer_data GL_OES_EGL_image_external_essl3 GL_OES_vertex_array_object GL_KHR_texture_compression_astc_ldr ANDROID_EMU_host_side_tracing ANDROID_EMU_async_frame_commands ANDROID_EMU_gles_max_version_3_0
11-02 07:29:13.649 1321 3544 I Icing : Indexing com.google.android.gms-apps from com.google.android.gms [CONTEXT service_id=21 ]
11-02 07:29:13.652 1321 3544 I Icing : Indexing done com.google.android.gms-apps [CONTEXT service_id=21 ]