12-31 15:19:32.090 713 2903 I ExynosCameraPipePPSec: [CAM(0)][PIPE_PP_UNI_REPROCESSING]-(create[62]):create() is succeed (234)
12-31 15:19:32.090 713 2903 I ExynosCameraPipePPSec: [CAM(0)][PIPE_PP_UNI_REPROCESSING2]-(create[62]):create() is succeed (235)
12-31 15:19:32.090 713 2903 I ExynosCameraPipePPSec: [CAM(0)][PIPE_PP_UNI_RAW_REPROCESSING]-(create[62]):create() is succeed (236)
12-31 15:19:32.090 713 2903 I ExynosCamera: DEBUG:duration time( 126 msec):(m_frameFactoryCreateThreadFunc)
12-31 15:19:32.090 713 1136 I ExynosCameraSec: [CAM(0)][Back_0]-(configureStreams[10038]):MaxYuvSize:1920x1440 ratio:1
12-31 15:19:32.090 713 1136 I ExynosCameraSec: [CAM(0)][Back_0]-(m_setBuffers[20695]):alloc buffer - camera ID: 0
12-31 15:19:32.090 713 1136 I ExynosCameraSec: [CAM(0)][Back_0]-(m_setBuffers[20728]):HW Sensor MAX width x height = 4128x3096
12-31 15:19:32.090 713 1136 I ExynosCameraSec: [CAM(0)][Back_0]-(m_setBuffers[20729]):Preview BDS width x height = 2752x2064
12-31 15:19:32.090 713 1136 I ExynosCameraSec: [CAM(0)][Back_0]-(m_setBuffers[20745]):PreviewSize(Max) width x height = 4128x3096
12-31 15:19:32.090 713 1136 I ExynosCameraSec: [CAM(0)][Back_0]-(m_setBuffers[20749]):DS width x height = 640x480
12-31 15:19:32.090 713 1136 I ExynosCameraBufferSupplier: [CAM(0)][BufferSupplier]-(createBufferManager[181]):[FLITE_BUF]Created. P 6,-1,-1,-1,-1, T 0
12-31 15:19:32.090 713 1136 I ExynosCameraBufferSupplier: [CAM(0)][BufferSupplier]-(createBufferManager[181]):[3AA_IN_BUF]Created. P 0,5,-1,-1,-1, T 0
12-31 15:19:32.091 713 1136 I ExynosCameraBufferManager: [CAM(0)][3AA_IN_BUF]-(m_defaultAlloc[934]):duration time ( 0 msec) alloc count=6, total count=6, type=0, size=4096, batchSize=1, reserved count=0, non-cache => 0 0 0 0 0 0
12-31 15:19:32.091 713 1136 I ExynosCameraBufferManager: DEBUG:duration time( 1 msec):(alloc)
12-31 15:19:32.091 713 1136 I ExynosCameraBufferSupplier: [CAM(0)][BufferSupplier]-(createBufferManager[181]):[ISP_BUF]Created. P 7,10,-1,-1,-1, T 0
12-31 15:19:32.091 713 1136 I ExynosCameraBufferSupplier: [CAM(0)][BufferSupplier]-(createBufferManager[181]):[VRA_BUF]Created. P 22,218,23,219,-1, T 0
12-31 15:19:32.091 713 1136 I ExynosCameraSec: [CAM(0)][Back_0]-(m_setBuffers[21605]):alloc buffer done - camera ID: 0
12-31 15:19:32.091 713 1136 I ExynosCameraSec: DEBUG:duration time( 1 msec):(m_setBuffers)
12-31 15:19:32.091 713 1136 I ExynosCameraSec: [CAM(0)][Back_0]-(m_setReprocessingBuffer[23475]):alloc buffer - camera ID: 0
12-31 15:19:32.091 713 1136 I ExynosCameraSec: [CAM(0)][Back_0]-(m_setReprocessingBuffer[23544]):Max Picture size 4128x3096 format 3132564e
12-31 15:19:32.091 713 1136 I ExynosCameraSec: [CAM(0)][Back_0]-(m_setReprocessingBuffer[23546]):MAX Thumbnail size 512x384
12-31 15:19:32.091 713 1136 W ExynosCameraParameters: [CAM(0)][Back_0]-(m_getReprocessing3aaIspOtf[5965]):Processed bayer must using 3AA-ISP M2M. but, Current mode(1)
12-31 15:19:32.091 713 1136 I ExynosCameraBufferSupplier: [CAM(0)][BufferSupplier]-(createBufferManager[181]):[CAPTURE_CB_BUF]Created. P 213,214,215,-1,-1, T 0
12-31 15:19:32.091 713 1136 I ExynosCameraBufferSupplier: [CAM(0)][BufferSupplier]-(createBufferManager[181]):[YUV_CAP_BUF]Created. P 216,226,20,34,-1, T 0
12-31 15:19:32.091 713 1136 I ExynosCameraBufferSupplier: [CAM(0)][BufferSupplier]-(createBufferManager[181]):[THUMB_BUF]Created. P 217,227,229,21,-1, T 0
12-31 15:19:32.091 713 1136 I ExynosCameraBufferSupplier: [CAM(0)][BufferSupplier]-(createBufferManager[181]):[DSCALEYUVSTALL_BUF]Created. P 224,-1,-1,-1,-1, T 0
12-31 15:19:32.091 713 1136 I ExynosCameraSec: [CAM(0)][Back_0]-(m_setReprocessingBuffer_tn[29723]):m_allocBuffers(DSCALEYUVSTALL_BUF Buffer) 1920 x 1440, planeSize(4147712), planeCount(2), maxBufferCount(2)
12-31 15:19:32.091 713 1136 I ExynosCameraSec: DEBUG:duration time( 0 msec):(m_setReprocessingBuffer)
12-31 15:19:32.091 713 1136 I ExynosCameraSec: [CAM(0)][Back_0]-(m_setAdaptiveReservedBuffers[24659]):[0] Req(6) => (19202048) x (6) = (115212288)
12-31 15:19:32.091 713 1136 I ExynosCameraSec: [CAM(0)][Back_0]-(m_setAdaptiveReservedBuffers[24659]):[1] Req(6) => (8585216) x (4) = (34340864)
12-31 15:19:32.091 713 1136 I ExynosCameraSec: [CAM(0)][Back_0]-(m_setAdaptiveReservedBuffers[24659]):[3] Req(1) => (19202048) x (1) = (19202048)
12-31 15:19:32.091 713 1136 I ExynosCameraSec: [CAM(0)][Back_0]-(m_setAdaptiveReservedBuffers[24659]):[4] Req(1) => (19202048) x (1) = (19202048)
12-31 15:19:32.091 713 1136 I ExynosCameraSec: [CAM(0)][Back_0]-(m_setAdaptiveReservedBuffers[24659]):[8] Req(8) => (655360) x (1) = (655360)
12-31 15:19:32.091 713 1136 I ExynosCameraSec: [CAM(0)][Back_0]-(m_setAdaptiveReservedBuffers[24663]):remaining memory (128 KB)
12-31 15:19:32.091 713 1136 I ExynosCameraSec: DEBUG:duration time( 1 msec):(m_setupAdaptiveBuffer)
12-31 15:19:32.091 713 1136 I ExynosCameraSec: [CAM(0)][Back_0]-(configureStreams[10173]):Out
12-31 15:19:32.091 713 1136 I ExynosCameraInterface: INFO(HAL3_camera_device_configure_streams[430]):out =====
12-31 15:19:32.091 713 1136 I ExynosCameraInterface: DEBUG:duration time( 134 msec):(HAL3_camera_device_configure_streams)
12-31 15:19:32.091 713 1136 I SehCamDevSession@5.0-impl: [CAMKPI] camera3->configure_streams : X
12-31 15:19:32.091 766 766 I Layer : id=6401[1] Destroyed Surface(name=ca73769 Splash Screen com.sec.android.app.camera)/@0x8b402b0 - animation-leash#0
12-31 15:19:32.091 766 766 I Layer : id=6390[1] Destroyed ca73769 Splash Screen com.sec.android.app.camera#0
12-31 15:19:32.092 713 2922 I ExynosCamera: [CAM(0)][Back_0]-(m_setBuffersThreadFunc[5287]):
12-31 15:19:32.092 821 7209 D Camera3-Device: configureStreams : stream[0] : format = 0x22, data_space = 0x8c20000, max_buffers = 9, physical_camera_id =
12-31 15:19:32.092 821 7209 D Camera3-Device: configureStreams : stream[1] : format = 0x23, data_space = 0x8c20000, max_buffers = 9, physical_camera_id =
12-31 15:19:32.092 821 7209 D Camera3-Device: configureStreams : stream[2] : format = 0x21, data_space = 0x8c20000, max_buffers = 4, physical_camera_id =
12-31 15:19:32.092 821 7209 D Camera3-Device: configureStreams : stream[3] : format = 0x23, data_space = 0x8c20000, max_buffers = 5, physical_camera_id =
12-31 15:19:32.092 821 7209 D Camera3-Device: configureStreams : stream[4] : format = 0x23, data_space = 0x8c20000, max_buffers = 4, physical_camera_id =
12-31 15:19:32.092 708 708 I SehLight: lcd : 32+
12-31 15:19:32.092 821 7209 D Camera3-Device: CameraPerf: Connect Streams E
12-31 15:19:32.092 821 7209 I Camera3-Status: addComponent: Adding new component 2 - streamId = 1, format = 35, width = 1920, height = 1440, option = 1
12-31 15:19:32.092 708 708 I SehLight: lcd : 32-
12-31 15:19:32.092 713 2922 I ExynosCameraBufferManager: [CAM(0)][FLITE_BUF]-(m_defaultAlloc[934]):duration time ( 0 msec) alloc count=6, total count=6, type=3, size=19170432, batchSize=1, reserved count=6, cache => 0 0 0 0 0 0
12-31 15:19:32.092 713 2922 I ExynosCameraBufferManager: DEBUG:duration time( 0 msec):(alloc)
12-31 15:19:32.093 821 7209 D Camera3-OutputStream: configureConsumerQueueLocked: Consumer wants 3 buffers, HAL wants 9
12-31 15:19:32.094 766 766 I Layer : id=6391[1] Destroyed Splash Screen com.sec.android.app.camera#0
12-31 15:19:32.094 821 7209 I Camera3-Status: addComponent: Adding new component 3 - streamId = 2, format = 33, width = 4128, height = 3096, option = 2
12-31 15:19:32.095 821 7209 I Camera3-OutputStream: configureConsumerQueueLocked: buffers_dimensions size for stream 2 = 19170432
12-31 15:19:32.095 821 7209 D Camera3-OutputStream: configureConsumerQueueLocked: Consumer wants 5 buffers, HAL wants 4
12-31 15:19:32.097 821 7209 I Camera3-Status: addComponent: Adding new component 4 - streamId = 3, format = 35, width = 4128, height = 3096, option = 2
12-31 15:19:32.097 713 2922 I ExynosCameraBufferManager: [CAM(0)][ISP_BUF]-(m_defaultAlloc[934]):duration time ( 4 msec) alloc count=6, total count=6, type=2, size=8520192, batchSize=1, reserved count=4, non-cache => 0 0 0 0 0 4
12-31 15:19:32.097 713 2922 I ExynosCameraBufferManager: DEBUG:duration time( 5 msec):(alloc)
12-31 15:19:32.097 821 7209 D Camera3-OutputStream: configureConsumerQueueLocked: Consumer wants 7 buffers, HAL wants 5
12-31 15:19:32.098 821 7209 I Camera3-Status: addComponent: Adding new component 5 - streamId = 4, format = 35, width = 512, height = 384, option = 4
12-31 15:19:32.099 821 7209 D Camera3-OutputStream: configureConsumerQueueLocked: Consumer wants 5 buffers, HAL wants 4
12-31 15:19:32.099 766 766 D SurfaceFlinger: Display 0 HWC layers:
12-31 15:19:32.099 766 766 D SurfaceFlinger: CLIENT | 0x7b5401ecc0 | 0002 | RGBx_8888 | 360.0 0.0 1560.0 1920.0 | 0 0 1200 1920 | com.android.systemui.ImageWallpaper$_5618#0
12-31 15:19:32.099 766 766 D SurfaceFlinger: CLIENT | 0x7b540200c0 | 0000 | RGBA_8888 | 0.0 0.0 1200.0 1920.0 | 0 0 1200 1920 | com.sec.android.app.launcher/com.sec[...]ties.LauncherActivity$_9202#0 (Blur)
12-31 15:19:32.099 766 766 D SurfaceFlinger: SOLID_COLOR | | 0002 | Unknown | 0.0 0.0 0.0 0.0 | 8 170 1192 1750 | Background for -SurfaceView - com.se[...]ndroid.app.camera.Camera@93a27c1@0#0
12-31 15:19:32.099 766 766 D SurfaceFlinger: DEVICE | 0x7b34e21d40 | 0000 | RGBA_8888 | 0.0 0.0 1200.0 1920.0 | 8 12 1192 1908 | com.sec.android.app.camera/com.sec.android.app.camera.Camera$_28370#0
12-31 15:19:32.099 766 766 D SurfaceFlinger: DEVICE | 0x7b5401f1c0 | 0000 | RGBA_8888 | 0.0 0.0 67.0 270.0 | 1133 360 1200 630 | com.samsung.android.app.cocktailbars[...]arservice.CocktailBarService$_9326#0
12-31 15:19:32.099 766 766 D SurfaceFlinger:
12-31 15:19:32.099 766 766 I SurfaceFlinger: SFWD update time=74886275408742
12-31 15:19:32.099 713 2922 I ExynosCameraBufferManager: [CAM(0)][VRA_BUF]-(m_defaultAlloc[934]):duration time ( 2 msec) alloc count=8, total count=8, type=2, size=614400, batchSize=1, reserved count=1, non-cache => 0 1 0 0 0 1 0 0
12-31 15:19:32.099 713 2922 I ExynosCameraBufferManager: DEBUG:duration time( 2 msec):(alloc)
12-31 15:19:32.099 713 2922 I ExynosCamera: DEBUG:duration time( 7 msec):(m_setBuffersThreadFunc)
12-31 15:19:32.099 821 7209 D Camera3-Device: CameraPerf: Connect Streams X
12-31 15:19:32.101 821 7209 D Camera3-Device: Set real time priority for request queue thread (tid 2884)
12-31 15:19:32.101 821 7209 D Camera3-Device: CameraPerf: configureStreamsLocked: Camera 0: Stream configuration complete
12-31 15:19:32.101 28370 2869 I CamDeviceImpl-0: createCaptureSessionInternal X
12-31 15:19:32.101 28370 2869 I AutoBeautyPhotoMaker: [CAMFWKPI] createCaptureSession X
12-31 15:19:32.102 28370 2871 I CamDeviceImpl-0: CameraCaptureSession StateCallback onConfigured - session(fb1a2e9)
12-31 15:19:32.102 28370 2869 W AutoBeautyPhotoMaker: enableRepeatingKey - this repeatingKey(RepeatingKey - id 0, name MAIN_PREVIEW_CALLBACK, repeatingMode MAIN_PREVIEW_CALLBACK, frameRate RATIO_MAX_PREVIEW_FPS) is in the same condition. (enable: false)
12-31 15:19:32.102 28370 2871 I CamDeviceImpl-0: CameraCaptureSession StateCallback onReady - session(fb1a2e9)
12-31 15:19:32.102 28370 2876 I CamDeviceImpl-0: post SessionCallback(onConfigured) - session(fb1a2e9)
12-31 15:19:32.102 28370 2869 W AutoBeautyPhotoMaker: enableRepeatingKey - this repeatingKey(RepeatingKey - id 0, name SUB_PREVIEW_CALLBACK, repeatingMode SUB_PREVIEW_CALLBACK, frameRate RATIO_MAX_PREVIEW_FPS) is in the same condition. (enable: false)
12-31 15:19:32.102 28370 2869 W AutoBeautyPhotoMaker: enableRepeatingKey - this repeatingKey(RepeatingKey - id 0, name PREVIEW_SURFACE, repeatingMode PREVIEW_SURFACE, frameRate RATIO_MAX_PREVIEW_FPS) is in the same condition. (enable: false)
12-31 15:19:32.102 28370 2869 I AutoBeautyPhotoMaker: preparePrivateSurfaces
12-31 15:19:32.102 713 2887 W ExynosCameraNode: [CAM(0)][PIPE_VRA]-(setFormat[750]):name(PIPE_VRA) fd 151, bytesperline(0) < width(640), height(480)
12-31 15:19:32.102 28370 2869 W AutoBeautyPhotoMaker: enableRepeatingKey - this repeatingKey(RepeatingKey - id 0, name MAIN_PREVIEW_CALLBACK, repeatingMode MAIN_PREVIEW_CALLBACK, frameRate RATIO_MAX_PREVIEW_FPS) is in the same condition. (enable: false)
12-31 15:19:32.102 28370 2869 I AutoBeautyPhotoMaker: setCamDeviceSessionState E : CONNECTING
12-31 15:19:32.102 28370 2869 I AutoBeautyPhotoMaker: CamDeviceSessionState is changed - DISCONNECTED -> CONNECTING
12-31 15:19:32.102 28370 2869 I AutoBeautyPhotoMaker: setCamDeviceSessionState X
12-31 15:19:32.102 28370 2869 I AutoBeautyPhotoMaker: [CAMFWKPI] connectCamDevice X
12-31 15:19:32.102 28370 2869 I Request : ConnectMakerRequest - End
12-31 15:19:32.102 28370 2876 I AutoBeautyPhotoMaker: [CAMFWKPI] onConfigured E - sessionStateCallback(d2551bf)
12-31 15:19:32.102 28370 2869 I RequestQueue: Waiting for a signal : CONNECT_MAKER
12-31 15:19:32.102 713 2887 I ExynosCameraPipe: [CAM(0)][PIPE_VRA]-(setupPipe[165]):setupPipe() is succeed (23) prepare (0)
12-31 15:19:32.102 28370 2876 I CamDeviceImpl-0: setMainPreviewCallback(77b8b6e)
12-31 15:19:32.103 28370 2876 I CamDeviceImpl-0: setPictureCallback(f04729c)
12-31 15:19:32.103 28370 2876 I CamDeviceImpl-0: setMultiPictureCallback(7884a5)
12-31 15:19:32.103 28370 2876 I CamDeviceImpl-0: setThumbnailCallback(858f07a)
12-31 15:19:32.103 28370 2876 I CamDeviceImpl-0: setPictureDepthCallback(f7fc02b)
12-31 15:19:32.103 28370 2876 I CamDeviceImpl-0: setBurstPictureCallback(2341c88)
12-31 15:19:32.103 713 2887 I ExynosCameraUtils: INFO(setMetaCtlAeTargetFpsRange):aeTargetFpsRange(min=120, min=120)
12-31 15:19:32.103 28370 2876 I AutoBeautyPhotoMaker: Jpeg thumbnail size: 512x384
12-31 15:19:32.103 28370 2876 I AutoBeautyPhotoMaker: setCamDeviceSessionState E : CONNECTED
12-31 15:19:32.103 28370 2876 I AutoBeautyPhotoMaker: [CAMFWKPI] onCamDeviceConnected
12-31 15:19:32.103 28370 2868 I MakerHolder: onCamDeviceConnected : cameraId=0, maker=com.samsung.android.camera.core2.maker.AutoBeautyPhotoMaker@c25f85c
12-31 15:19:32.103 28370 2876 I CamDeviceImpl-0: setPictureDepthCallback(7884a5)
12-31 15:19:32.103 28370 2868 I CameraPerformance: Maker - ConnectMakerRequest : End[1640960372103]
12-31 15:19:32.103 713 2887 I ExynosCameraUtils: INFO(setMetaCtlAeTargetFpsRange):aeTargetFpsRange(min=120, min=120)
12-31 15:19:32.103 28370 2876 I AutoBeautyPhotoMaker: CamDeviceSessionState is changed - CONNECTING -> CONNECTED
12-31 15:19:32.103 28370 2876 I AutoBeautyPhotoMaker: setCamDeviceSessionState X
12-31 15:19:32.103 28370 2868 I RequestQueue: notifyRequest : CONNECT_MAKER
12-31 15:19:32.103 28370 2876 I AutoBeautyPhotoMaker: [CAMFWKPI] onConfigured X - sessionStateCallback(d2551bf)
12-31 15:19:32.103 28370 2876 I CamDeviceImpl-0: post SessionCallback(onReady) - session(fb1a2e9)
12-31 15:19:32.103 28370 2869 I RequestQueue: Signaled : CONNECT_MAKER
12-31 15:19:32.103 28370 2876 I AutoBeautyPhotoMaker: onReady E - sessionStateCallback(d2551bf)
12-31 15:19:32.103 28370 2869 I CommonEngine: changeState : CONNECTING -> CONNECTED
12-31 15:19:32.103 713 2887 I ExynosCameraUtils: INFO(setMetaCtlAeTargetFpsRange):aeTargetFpsRange(min=120, min=120)
12-31 15:19:32.103 28370 2869 I RequestQueue: afterExecute : CONNECT_MAKER(3000)
12-31 15:19:32.103 28370 2876 I AutoBeautyPhotoMaker: onReady X - sessionStateCallback(d2551bf)
12-31 15:19:32.103 28370 2869 I RequestQueue: [ ] [3200 3304 4100 4000 5900 ]
12-31 15:19:32.103 28370 2869 I RequestQueue: beforeExecute : WAIT_PREVIEW_SURFACE(3200)
12-31 15:19:32.103 28370 2869 I RequestQueue: [3200] [3304 4100 4000 5900 ]
12-31 15:19:32.103 28370 2868 I MakerHolder: onCamDeviceReady : com.samsung.android.camera.core2.maker.AutoBeautyPhotoMaker@c25f85c
12-31 15:19:32.104 28370 2869 I Request : WaitPreviewSurfaceRequest - Start
12-31 15:19:32.104 28370 2869 I Request : WaitPreviewSurfaceRequest - End
12-31 15:19:32.104 713 2887 I ExynosCameraUtils: INFO(setMetaCtlAeTargetFpsRange):aeTargetFpsRange(min=120, min=120)
12-31 15:19:32.104 28370 2869 I RequestQueue: afterExecute : WAIT_PREVIEW_SURFACE(3200)
12-31 15:19:32.104 28370 2869 I RequestQueue: [ ] [3304 4100 4000 5900 ]
12-31 15:19:32.104 28370 2869 I RequestQueue: beforeExecute : ADD_PREVIEW_SURFACE(3304)
12-31 15:19:32.104 28370 2869 I RequestQueue: [3304] [4100 4000 5900 ]
12-31 15:19:32.104 28370 2869 I Request : AddPreviewSurfaceRequest - Start
12-31 15:19:32.104 713 2887 I ExynosCameraUtils: INFO(setMetaCtlAeTargetFpsRange):aeTargetFpsRange(min=120, min=120)
12-31 15:19:32.104 28370 2869 I CamDeviceImpl-0: addMainPreviewSurface - Surface(name=null)/@0xa11c621
12-31 15:19:32.104 713 2887 I ExynosCameraUtils: INFO(setMetaCtlAeTargetFpsRange):aeTargetFpsRange(min=120, min=120)
12-31 15:19:32.104 713 2887 I ExynosCameraMCPipe: [CAM(0)][PIPE_ISP]-(start[296]):start() is succeed, Pipe(10)
12-31 15:19:32.105 821 7209 D CameraDeviceClient: createSurfaceFromGbp E: cameraId=0, isStreamInfoValid=1, option=1
12-31 15:19:32.105 821 7209 W CameraDeviceClient: createSurfaceFromGbp: Camera 0 with consumer usage flag: 2304: Forcing asynchronous mode for stream
12-31 15:19:32.105 821 7209 D CameraDeviceClient: createSurfaceFromGbp: consumer usage flag: 2304, useAsync: 1
12-31 15:19:32.105 713 2887 I ExynosCameraMCPipe: [CAM(0)][PIPE_3AA]-(instantOn[842]):instantOn() is succeed, Pipe(5), Frames(6)
12-31 15:19:32.105 713 2887 I ExynosCameraFrameFactoryPreview: [CAM(0)][Back_0]-(fastenAeStable[377]): Start S_STREAM
12-31 15:19:32.105 821 7209 D CameraDeviceClient: createSurfaceFromGbp: width=1920, height=1440, format=4, dataSpace=0
12-31 15:19:32.105 821 7209 W CameraDeviceClient: createSurfaceFromGbp: Camera 0: Overriding format 0x4 to IMPLEMENTATION_DEFINED
12-31 15:19:32.105 821 7209 D CameraDeviceClient: createSurfaceFromGbp X
12-31 15:19:32.105 821 7209 I Camera3-Status: addComponent: Adding new component 6 - streamId = 0, format = 34, width = 1920, height = 1440, option = 1
12-31 15:19:32.106 821 7209 D Camera3-OutputStream: configureConsumerQueueLocked: Consumer wants 1 buffers, HAL wants 9
12-31 15:19:32.106 28370 2869 E NativeUtils: NativeUtils version is 2
12-31 15:19:32.107 28370 2869 I AutoBeautyPhotoMaker: setRepeatingKey - RepeatingKey - id 0, name PREVIEW_SURFACE, repeatingMode PREVIEW_SURFACE, frameRate RATIO_MAX_PREVIEW_FPS, enable: true
12-31 15:19:32.107 28370 2869 I RequestQueue: addRequest : SET_ORIENTATION, 0
12-31 15:19:32.107 28370 2869 I Request : AddPreviewSurfaceRequest - End
12-31 15:19:32.107 28370 2869 I RequestQueue: afterExecute : ADD_PREVIEW_SURFACE(3304)
12-31 15:19:32.107 28370 2869 I RequestQueue: [ ] [4100 4000 5900 5604 ]
12-31 15:19:32.107 28370 2869 I RequestQueue: beforeExecute : PREPARE_START_PREVIEW(4100)
12-31 15:19:32.107 28370 2869 I RequestQueue: [4100] [4000 5900 5604 ]
12-31 15:19:32.107 28370 2869 I Request : PrepareStartPreviewRequest - Start
12-31 15:19:32.107 28370 2869 I CameraPerformance: Device - PrepareStartPreviewRequest : Start[1640960372107]
12-31 15:19:32.107 28370 2869 I MakerPublicSettings: set : key = CaptureRequest.Key(android.control.aeMode), value = 1
12-31 15:19:32.107 28370 2869 I MakerPublicSettings: set : key = CaptureRequest.Key(android.flash.mode), value = 0
12-31 15:19:32.107 28370 2869 I MakerPublicSettings: set : key = CaptureRequest.Key(android.control.aeExposureCompensation), value = 0
12-31 15:19:32.107 28370 2869 I MakerPublicSettings: set : key = CaptureRequest.Key(android.control.aeLock), value = false
12-31 15:19:32.108 28370 2869 I MakerPublicSettings: set : key = CaptureRequest.Key(android.control.awbLock), value = false
12-31 15:19:32.108 28370 2869 I MakerPublicSettings: set : key = CaptureRequest.Key(android.control.aeTargetFpsRange), value = [15, 30]
12-31 15:19:32.108 28370 2869 I MakerPublicSettings: set : key = CaptureRequest.Key(android.control.afMode), value = 4
12-31 15:19:32.108 708 708 I SehLight: lcd : 35+
12-31 15:19:32.108 28370 2869 I MakerPublicSettings: set : key = CaptureRequest.Key(samsung.android.control.liveHdrMode), value = 2
12-31 15:19:32.108 708 708 I SehLight: lcd : 35-
12-31 15:19:32.108 28370 2869 I MakerPublicSettings: set : key = CaptureRequest.Key(samsung.android.control.meteringMode), value = 0
12-31 15:19:32.108 28370 2869 I MakerPublicSettings: set : key = CaptureRequest.Key(samsung.android.scaler.zoomRatio), value = 1.0
12-31 15:19:32.108 28370 2869 I MakerPublicSettings: set : key = CaptureRequest.Key(android.scaler.cropRegion), value = Rect(0, 0 - 4128, 3096)
12-31 15:19:32.109 28370 2869 I MakerPublicSettings: set : key = CaptureRequest.Key(samsung.android.scaler.flipMode), value = 0
12-31 15:19:32.109 28370 2869 I MakerPublicSettings: set : key = CaptureRequest.Key(android.statistics.faceDetectMode), value = 1
12-31 15:19:32.109 28370 2869 I MakerPublicSettings: set : key = CaptureRequest.Key(samsung.android.control.lightConditionEnableMode), value = 1
12-31 15:19:32.109 28370 2869 I MakerPublicSettings: set : key = CaptureRequest.Key(samsung.android.lens.opticalStabilizationOperationMode), value = 0
12-31 15:19:32.109 28370 2869 I MakerPublicSettings: set : key = CaptureRequest.Key(samsung.android.control.overHeatHint), value = 0
12-31 15:19:32.109 28370 2869 I CameraPerformance: Device - PrepareStartPreviewRequest : End[1640960372109] [2]
12-31 15:19:32.109 28370 2869 I Request : PrepareStartPreviewRequest - End
12-31 15:19:32.109 28370 2869 I RequestQueue: afterExecute : PREPARE_START_PREVIEW(4100)
12-31 15:19:32.109 28370 2869 I RequestQueue: [ ] [4000 5900 5604 ]
12-31 15:19:32.109 28370 2869 I RequestQueue: beforeExecute : START_PREVIEW(4000)
12-31 15:19:32.109 28370 2869 I CommonEngine: changeState : CONNECTED -> PREVIEW_STARTING
12-31 15:19:32.109 28370 2869 I RequestQueue: [4000] [5900 5604 ]
12-31 15:19:32.109 28370 2869 I Request : StartPreviewRequest - Start
12-31 15:19:32.109 28370 2869 I CameraPerformance: Device - StartPreviewRequest : Start[1640960372109]
12-31 15:19:32.109 28370 2869 I AutoBeautyPhotoMaker: [CAMFWKPI] startPreviewRepeating
12-31 15:19:32.109 28370 2869 I AutoBeautyPhotoMaker: calculateRepeatingCount - PREVIEW_SURFACE, maxFps : 30
12-31 15:19:32.109 28370 2869 I AutoBeautyPhotoMaker: calculateRepeatingCount - MAIN_PREVIEW_CALLBACK_ONLY, maxFps : 30
12-31 15:19:32.110 28370 2869 I CamDeviceImpl-0: startPreviewRepeatingInternal E - mainPreviewCb 1, subPreviewCb 0, mainPreview 0, previewDepth 0, arCore 0, extra 0, Cb 277991, isHighSpeedRequests false
12-31 15:19:32.110 821 7209 D Camera3-Device: setStreamingRequestList: Enter: calling submitRequestsHelper: repeating = true
12-31 15:19:32.110 821 7209 D Camera3-Device: submitRequestsHelper: mInterfaceLock.lock()
12-31 15:19:32.110 821 7209 D Camera3-Device: setRepeatingRequests: lastFrameNumber 0.
12-31 15:19:32.110 821 7209 I Camera3-Status: markComponent: Component 1 is now active - RequestThread
12-31 15:19:32.111 821 7209 D Camera3-Device: submitRequestsHelper: mInterfaceLock.unlock()
12-31 15:19:32.111 28370 2869 I CamDeviceImpl-0: setRepeatingState - repeatingState REPEATING_PREVIEW
12-31 15:19:32.111 28370 2869 I CamDeviceImpl-0: startPreviewRepeatingInternal X - sequenceId 0
12-31 15:19:32.111 28370 2869 I Request : StartPreviewRequest - End
12-31 15:19:32.111 28370 2869 I CommonEngine: changeState : PREVIEW_STARTING -> PREVIEWING
12-31 15:19:32.111 28370 2869 I RequestQueue: afterExecute : START_PREVIEW(4000)
12-31 15:19:32.111 28370 2869 I RequestQueue: [ ] [5900 5604 ]
12-31 15:19:32.111 28370 2869 I RequestQueue: beforeExecute : NOTIFY_CHANGE_SHOOTING_MODE_COMPLETED(5900)
12-31 15:19:32.111 28370 2869 I RequestQueue: [5900] [5604 ]
12-31 15:19:32.111 28370 2869 I Request : NotifyChangeShootingModeCompletedRequest - Start
12-31 15:19:32.111 28370 2869 I Request : NotifyChangeShootingModeCompletedRequest - End
12-31 15:19:32.111 28370 2869 I RequestQueue: Waiting for a signal : NOTIFY_CHANGE_SHOOTING_MODE_COMPLETED
12-31 15:19:32.111 695 901 D gralloc : [mali_gralloc_allocate] begin
12-31 15:19:32.111 695 901 D gralloc : buffer_descriptor: wh(1920 1440) usage_pc(0x20006 0x20006) hal_format(0x23) layer_count(1) sizes(0 0 0) strde(0) byte_stride(0) alloc_wh(0 0) internal_format(0x0) alloc_format(0x0) fd_count(1) plane_count(0)
12-31 15:19:32.111 1087 6854 I EDMNativeHelperService: isCameraEnabled
12-31 15:19:32.111 1087 6854 D EDMNativeHelper: isCameraEnabled
12-31 15:19:32.111 1087 6854 D EDMNativeHelper: checking for camera in EnterpriseDeviceManagerService
12-31 15:19:32.111 1087 6854 D EnterpriseDeviceManagerService: isCameraEnabledNative
12-31 15:19:32.112 1087 6854 D EnterpriseDeviceManagerService: checking for camera in restriction policy
12-31 15:19:32.112 695 901 D gralloc : [mali_gralloc_allocate] allocation successful
12-31 15:19:32.112 1087 6854 D RestrictionPolicy: isCameraEnabled ret(true) userId(0) cxtInfo.mCallerUid(10098) cxtInfo.mContainerId(0)
12-31 15:19:32.112 28370 2871 I CamDeviceImpl-0: CameraCaptureSession StateCallback onActive - session(fb1a2e9)
12-31 15:19:32.113 821 2884 I Camera3-Status: markComponent: Component 2 is now active - streamId = 1, format = 35, width = 1920, height = 1440, option = 1
12-31 15:19:32.113 821 2884 I Camera3-Status: markComponent: Component 0 is now active - InFlightStatus
12-31 15:19:32.114 713 1136 I SehCamDevSession@5.0-impl: [CAMKPI] camera3->process_capture_request : E
12-31 15:19:32.114 713 1136 I ExynosCameraMetadataConverter: [CAM(0)][]-(translateColorControlData[1581]):ANDROID_COLOR_CORRECTION_MODE(1)
12-31 15:19:32.114 713 1136 I ExynosCameraMetadataConverter: [CAM(0)][]-(translateColorControlData[1617]):ANDROID_COLOR_CORRECTION_ABERRATION_MODE(0)
12-31 15:19:32.114 713 1136 I ExynosCameraMetadataConverterVendor: [CAM(0)][]-(translatePreVendorControlControlData[2179]):SAMSUNG_ANDROID_CONTROL_SHOOTING_MODE(1)
12-31 15:19:32.114 713 1136 I ExynosCameraMetadataConverterVendor: [CAM(0)][]-(translatePreVendorControlControlData[2180]):CONFIGURATION_ALWAYS_FD_ON_MODE(1)
12-31 15:19:32.114 713 1136 I ExynosCameraMetadataConverterVendor: [CAM(0)][]-(translatePreVendorControlControlData[2204]):SAMSUNG_ANDROID_CONTROL_MULTI_AF_MODE(0)
12-31 15:19:32.114 713 1136 I ExynosCameraMetadataConverterVendor: [CAM(0)][]-(translatePreVendorControlControlData[2248]):SAMSUNG_ANDROID_CONTROL_BEAUTY_FACE_RETOUCH_LEVEL(0)
12-31 15:19:32.114 713 1136 I ExynosCameraMetadataConverterVendor: [CAM(0)][]-(translateControlControlData[1412]):ANDROID_COLOR_AE_ANTIBANDING_MODE(3), m_defaultAntibanding(100)
12-31 15:19:32.114 713 1136 I ExynosCameraMetadataConverterVendor: [CAM(0)][]-(translateControlControlData[1429]):ANDROID_CONTROL_AE_EXPOSURE_COMPENSATION(0)
12-31 15:19:32.114 713 1136 I ExynosCameraMetadataConverterVendor: [CAM(0)][]-(translateControlControlData[1504]):ANDROID_CONTROL_AE_MODE(1)
12-31 15:19:32.114 713 1136 I ExynosCameraMetadataConverterVendor: [CAM(0)][]-(translateControlControlData[1520]):ANDROID_CONTROL_AE_LOCK(0)
12-31 15:19:32.114 713 1136 W ExynosCameraParameters: [CAM(0)][Back_0]-(getPreviewBayerCropSize[3685]):Invalid scaleRatio 1.000000x1.000000, cropRegion' 0,0 0x0.
12-31 15:19:32.114 713 1136 W ExynosCameraParameters: [CAM(0)][Back_0]-(getPreviewBayerCropSize[3685]):Invalid scaleRatio 1.000000x1.000000, cropRegion' 0,0 0x0.
12-31 15:19:32.114 713 1136 I ExynosCameraMetadataConverterVendor: [CAM(0)][]-(translateControlControlData[1620]):ANDROID_CONTROL_AF_REGIONS(0,0,0,0,0)
12-31 15:19:32.114 713 1136 I ExynosCameraConfigurations: [CAM(0)][Back_0]-(setPreviewFpsRange[323]):fps min(15) max(30)
12-31 15:19:32.114 713 1136 I ExynosCameraMetadataConverterVendor: [CAM(0)][]-(translateControlControlData[1685]):ANDROID_CONTROL_AE_TARGET_FPS_RANGE(15-30)
12-31 15:19:32.114 713 1136 I ExynosCameraMetadataConverterVendor: [CAM(0)][]-(translateControlControlData[1702]):ANDROID_CONTROL_AE_PRECAPTURE_TRIGGER(0)
12-31 15:19:32.114 713 1136 I ExynosCameraMetadataConverterVendor: [CAM(0)][]-(translateControlControlData[1810]):ANDROID_CONTROL_AF_MODE(4)
12-31 15:19:32.114 713 1136 I ExynosCameraMetadataConverterVendor: [CAM(0)][]-(translateControlControlData[1827]):ANDROID_CONTROL_AF_TRIGGER(0)
12-31 15:19:32.114 713 1136 I ExynosCameraMetadataConverterVendor: [CAM(0)][]-(translateControlControlData[1848]):ANDROID_CONTROL_AWB_LOCK(0)
12-31 15:19:32.114 713 1136 I ExynosCameraMetadataConverterVendor: [CAM(0)][]-(translateControlControlData[1864]):ANDROID_CONTROL_AWB_MODE(1)
12-31 15:19:32.114 713 1136 I ExynosCameraMetadataConverterVendor: [CAM(0)][]-(translateControlControlData[1880]):ANDROID_CONTROL_EFFECT_MODE(0)
12-31 15:19:32.114 713 1136 I ExynosCameraMetadataConverterVendor: [CAM(0)][]-(translateControlControlData[1896]):ANDROID_CONTROL_MODE(1)
12-31 15:19:32.114 713 1136 I ExynosCameraMetadataConverterVendor: [CAM(0)][]-(translateControlControlData[1929]):ANDROID_CONTROL_SCENE_MODE(1)
12-31 15:19:32.114 713 1136 I ExynosCameraMetadataConverterVendor: [CAM(0)][]-(translateControlControlData[1946]):ANDROID_CONTROL_VIDEO_STABILIZATION_MODE(0)
12-31 15:19:32.114 713 1136 I ExynosCameraMetadataConverterVendor: [CAM(0)][]-(translateControlControlData[2011]):ANDROID_CONTROL_CAPTURE_INTENT(1)
12-31 15:19:32.114 713 1136 I ExynosCameraMetadataConverterVendor: [CAM(0)][]-(translateVendorControlControlData[2358]):SAMSUNG_ANDROID_CONTROL_METERING_MODE(0, aeMode = 100)
12-31 15:19:32.114 713 1136 I ExynosCameraMetadataConverterVendor: [CAM(0)][]-(translateVendorControlControlData[2379]):SAMSUNG_ANDROID_CONTROL_PAF_MODE(1)
12-31 15:19:32.114 713 1136 I ExynosCameraMetadataConverterVendor: [CAM(0)][]-(translateVendorControlControlData[2408]):SAMSUNG_ANDROID_CONTROL_LIVE_HDR_LEVEL(0)
12-31 15:19:32.114 713 1136 I ExynosCameraMetadataConverterVendor: [CAM(0)][]-(translateVendorControlControlData[2439]):SAMSUNG_ANDROID_CONTROL_LIVE_HDR_MODE(2)
12-31 15:19:32.114 713 1136 I ExynosCameraMetadataConverterVendor: [CAM(0)][]-(translateVendorControlControlData[2498]):SAMSUNG_ANDROID_CONTROL_LIGHT_CONDITION_ENABLE_MODE(1)
12-31 15:19:32.114 713 1136 I ExynosCameraMetadataConverterVendor: [CAM(0)][]-(translateVendorControlControlData[2520]):ANDROID_CONTROL_AWB_MODE(1)
12-31 15:19:32.114 713 1136 I ExynosCameraMetadataConverterVendor: [CAM(0)][]-(translateVendorControlControlData[2543]):SAMSUNG_ANDROID_CONTROL_COLOR_TEMPERATURE(0)
12-31 15:19:32.114 713 1136 I ExynosCameraMetadataConverterVendor: [CAM(0)][]-(translateVendorControlControlData[2566]):SAMSUNG_ANDROID_CONTROL_WBLEVEL(0)
12-31 15:19:32.114 713 1136 W ExynosCameraParameters: [CAM(0)][Back_0]-(getPreviewBayerCropSize[3685]):Invalid scaleRatio 1.000000x1.000000, cropRegion' 0,0 0x0.
12-31 15:19:32.114 713 1136 I ExynosCameraMetadataConverterVendor: [CAM(0)][]-(translateVendorControlControlData[2652]):SAMSUNG_ANDROID_CONTROL_TRANSIENTACTION(0)
12-31 15:19:32.114 713 1136 I ExynosCameraMetadataConverterVendor: [CAM(0)][]-(translateVendorControlControlData[2807]):SAMSUNG_ANDROID_CONTROL_REPEATING_REQUEST_HINT(0)
12-31 15:19:32.114 713 1136 I ExynosCameraMetadataConverterVendor: [CAM(0)][]-(translateVendorControlControlData[2858]):SAMSUNG_ANDROID_CONTROL_DYNAMIC_SHOT_DEVICE_INFO(0)
12-31 15:19:32.115 713 1136 I ExynosCameraMetadataConverterVendor: [CAM(0)][]-(translateVendorControlControlData[2970]):SAMSUNG_ANDROID_CONTROL_LENS_DISTORTION_CORRECTION_MODE(0)
12-31 15:19:32.115 713 1136 I ExynosCameraMetadataConverterVendor: [CAM(0)][]-(translateVendorControlControlData[2987]):SAMSUNG_ANDROID_CONTROL_SSRM_HINT(0)
12-31 15:19:32.115 713 1136 I ExynosCameraMetadataConverter: [CAM(0)][]-(translateDemosaicControlData[1649]):ANDROID_DEMOSAIC_MODE(0)
12-31 15:19:32.115 713 1136 I ExynosCameraMetadataConverter: [CAM(0)][]-(translateEdgeControlData[1697]):ANDROID_EDGE_MODE(1)
12-31 15:19:32.115 713 1136 I ExynosCameraMetadataConverter: [CAM(0)][]-(translateFlashControlData[1746]):ANDROID_FLASH_FIRING_POWER(0)
12-31 15:19:32.115 713 1136 I ExynosCameraMetadataConverter: [CAM(0)][]-(translateFlashControlData[1761]):ANDROID_FLASH_FIRING_TIME(0)
12-31 15:19:32.115 713 1136 I ExynosCameraMetadataConverter: [CAM(0)][]-(translateFlashControlData[1783]):ANDROID_FLASH_MODE(0)
12-31 15:19:32.115 713 1136 I ExynosCameraMetadataConverter: [CAM(0)][]-(translateHotPixelControlData[1828]):ANDROID_HOT_PIXEL_MODE(1)
12-31 15:19:32.115 713 1136 I ExynosCameraMetadataConverter: [CAM(0)][]-(translateJpegControlData[1902]):ANDROID_JPEG_ORIENTATION(0)
12-31 15:19:32.115 713 1136 I ExynosCameraMetadataConverter: [CAM(0)][]-(translateJpegControlData[1918]):ANDROID_JPEG_QUALITY(96)
12-31 15:19:32.115 713 1136 I ExynosCameraMetadataConverter: [CAM(0)][]-(translateJpegControlData[1934]):ANDROID_JPEG_THUMBNAIL_QUALITY(100)
12-31 15:19:32.115 713 1136 I ExynosCameraMetadataConverter: [CAM(0)][]-(translateJpegControlData[1953]):ANDROID_JPEG_THUMBNAIL_SIZE(512, 384)
12-31 15:19:32.115 713 1136 I ExynosCameraMetadataConverterVendor: [CAM(0)][]-(translateVendorScalerControlData[4111]):SAMSUNG_ANDROID_SCALER_FLIP_MODE(0)
12-31 15:19:32.115 713 1136 I ExynosCameraMetadataConverter: [CAM(0)][]-(translateLensControlData[2007]):ANDROID_LENS_FILTER_DENSITY(0.000000)
12-31 15:19:32.115 713 1136 I ExynosCameraMetadataConverter: [CAM(0)][]-(translateLensControlData[2023]):ANDROID_LENS_FOCAL_LENGTH(3.580000)
12-31 15:19:32.115 713 1136 I ExynosCameraMetadataConverter: [CAM(0)][]-(translateLensControlData[2048]):ANDROID_LENS_FOCUS_DISTANCE(-1.000000)
12-31 15:19:32.115 713 1136 I ExynosCameraMetadataConverter: [CAM(0)][]-(translateLensControlData[2065]):ANDROID_LENS_OPTICAL_STABILIZATION_MODE(1)
12-31 15:19:32.115 713 1136 I ExynosCameraMetadataConverterVendor: [CAM(0)][]-(translateVendorLensControlData[3242]):SAMSUNG_ANDROID_LENS_OPTICAL_STABILIZATION_OPERATION_MODE(0)
12-31 15:19:32.115 713 1136 I ExynosCameraMetadataConverterVendor: [CAM(0)][]-(translateVendorLensControlData[3274]):SAMSUNG_ANDROID_LENS_FOCUS_LENS_POS(0)
12-31 15:19:32.115 713 1136 I ExynosCameraMetadataConverterVendor: [CAM(0)][]-(translateVendorLensControlData[3297]):SAMSUNG_ANDROID_LENS_FOCUS_LENS_POS_STALL(0)
12-31 15:19:32.115 713 1136 I ExynosCameraMetadataConverterVendor: [CAM(0)][]-(translateVendorLensControlData[3333]):ANDROID_LENS_APERTURE(190)
12-31 15:19:32.115 713 1136 I ExynosCameraMetadataConverter: [CAM(0)][]-(translateNoiseControlData[2125]):ANDROID_NOISE_REDUCTION_MODE(1)
12-31 15:19:32.115 713 1136 I ExynosCameraMetadataConverter: [CAM(0)][]-(translateRequestControlData[2171]):ANDROID_REQUEST_ID(0)
12-31 15:19:32.115 713 1136 I ExynosCameraMetadataConverter: [CAM(0)][]-(translateRequestControlData[2190]):ANDROID_REQUEST_METADATA_MODE(1)
12-31 15:19:32.115 713 1136 I ExynosCameraMetadataConverter: [CAM(0)][]-(translateSensorControlData[2508]):ANDROID_SENSOR_TEST_PATTERN_MODE(0)
12-31 15:19:32.115 713 1136 I ExynosCameraMetadataConverterVendor: [CAM(0)][]-(translateVendorSensorControlData[3383]):ANDROID_SENSOR_SENSITIVITY(0)
12-31 15:19:32.115 713 1136 I ExynosCameraMetadataConverter: [CAM(0)][]-(translateShadingControlData[2570]):ANDROID_SHADING_MODE(1)
12-31 15:19:32.115 713 1136 I ExynosCameraMetadataConverter: [CAM(0)][]-(translateStatisticsControlData[2640]):ANDROID_STATISTICS_FACE_DETECT_MODE(1)
12-31 15:19:32.115 713 1136 I ExynosCameraMetadataConverter: [CAM(0)][]-(translateStatisticsControlData[2656]):ANDROID_STATISTICS_HISTOGRAM_MODE(0)
12-31 15:19:32.115 713 1136 I ExynosCameraMetadataConverter: [CAM(0)][]-(translateStatisticsControlData[2672]):ANDROID_STATISTICS_SHARPNESS_MAP_MODE(0)
12-31 15:19:32.115 713 1136 I ExynosCameraMetadataConverter: [CAM(0)][]-(translateStatisticsControlData[2688]):ANDROID_STATISTICS_HOT_PIXEL_MAP_MODE(0)
12-31 15:19:32.115 713 1136 I ExynosCameraMetadataConverter: [CAM(0)][]-(translateStatisticsControlData[2704]):ANDROID_STATISTICS_LENS_SHADING_MAP_MODE(0)
12-31 15:19:32.115 713 1136 I ExynosCameraMetadataConverter: [CAM(0)][]-(translateTonemapControlData[2736]):ANDROID_TONEMAP_MODE(1)
12-31 15:19:32.115 713 1136 I ExynosCameraMetadataConverter: [CAM(0)][]-(translateBlackLevelControlData[2935]):ANDROID_BLACK_LEVEL_LOCK(0)
12-31 15:19:32.116 713 1136 I ExynosCameraSec: [CAM(0)][Back_0]-(processCaptureRequest[4060]):first frame: [R0] Start FrameFactory. state 3
12-31 15:19:32.121 713 2930 I ExynosCamera: [CAM(0)][Back_0]-(m_startPictureBufferThreadFunc[5674]):
12-31 15:19:32.121 713 2930 I ExynosCameraBufferManager: [CAM(0)][CAPTURE_CB_BUF]-(m_defaultAlloc[934]):duration time ( 0 msec) alloc count=1, total count=1, type=3, size=19170944, batchSize=1, reserved count=1, cache => 0
12-31 15:19:32.121 713 2930 I ExynosCameraBufferManager: DEBUG:duration time( 0 msec):(alloc)
12-31 15:19:32.122 713 2930 I ExynosCameraBufferManager: [CAM(0)][YUV_CAP_BUF]-(m_defaultAlloc[934]):duration time ( 0 msec) alloc count=1, total count=1, type=5, size=19170432, batchSize=1, reserved count=1, cache => 0
12-31 15:19:32.122 713 2930 I ExynosCameraBufferManager: DEBUG:duration time( 1 msec):(alloc)
12-31 15:19:32.122 713 2930 I ExynosCameraBufferManager: [CAM(0)][THUMB_BUF]-(m_defaultAlloc[934]):duration time ( 0 msec) alloc count=1, total count=1, type=1, size=294912, batchSize=1, reserved count=0, cache => 0
12-31 15:19:32.122 713 2930 I ExynosCameraBufferManager: DEBUG:duration time( 0 msec):(alloc)
12-31 15:19:32.122 713 2930 I ExynosCameraBufferManager: [CAM(0)][DSCALEYUVSTALL_BUF]-(m_defaultAlloc[934]):duration time ( 0 msec) alloc count=2, total count=2, type=1, size=4147712, batchSize=1, reserved count=0, cache => 0 0
12-31 15:19:32.122 713 2930 I ExynosCameraBufferManager: DEBUG:duration time( 0 msec):(alloc)
12-31 15:19:32.122 713 2930 I ExynosCamera: DEBUG:duration time( 1 msec):(m_startPictureBufferThreadFunc)
12-31 15:19:32.125 708 708 I SehLight: lcd : 38+
12-31 15:19:32.125 708 708 I SehLight: lcd : 38-
12-31 15:19:32.125 28370 28370 I Camera11: onStartPreviewRequested
12-31 15:19:32.125 28370 28370 I CameraPerformance: Launch - InflateLazyLoadingLayer : Start[1640960372125]
12-31 15:19:32.125 28370 28370 I LayerManagerView: inflate PREVIEW_OVERLAY_LAYER : Start[1640960372125]
12-31 15:19:32.126 28370 28370 I PreviewOverlayLayerView: inflate : Start[1640960372126]
12-31 15:19:32.141 708 708 I SehLight: lcd : 41+
12-31 15:19:32.141 9326 9326 I Utils : isCurrentUser current = 0, ownerId = 0
12-31 15:19:32.141 708 708 I SehLight: lcd : 41-
12-31 15:19:32.142 9326 9326 I TrayVisibilityController: getComputedTrayVisible : keyguardState = 1
12-31 15:19:32.142 9326 9326 I TrayVisibilityController: updateTrayVisible: State=1 visible=1 mCurrentVisible=1 specificMode=0
12-31 15:19:32.142 9326 9326 I TrayStateController: onNotifyUpdateTray: state=0
12-31 15:19:32.149 28370 28370 I PreviewOverlayLayerView: inflate : End[1640960372149]
12-31 15:19:32.149 28370 28370 I LayerManagerView: inflate PREVIEW_OVERLAY_LAYER : End[1640960372149] [24]
12-31 15:19:32.149 28370 28370 I LayerManagerView: inflate SHOOTING_MODE_LAYER : Start[1640960372149]
12-31 15:19:32.150 28370 28370 I ShootingModeLayerView: inflate : Start[1640960372150]
12-31 15:19:32.150 28370 28370 I ShootingModeLayerView: inflate : End[1640960372150]
12-31 15:19:32.150 28370 28370 I LayerManagerView: inflate SHOOTING_MODE_LAYER : End[1640960372150] [1]
12-31 15:19:32.150 28370 28370 I LayerManagerView: inflate MENU_LAYER : Start[1640960372150]
12-31 15:19:32.150 28370 28370 I MenuLayerView: inflate : Start[1640960372150]
12-31 15:19:32.150 28370 28370 I MenuLayerView: inflate : End[1640960372150]
12-31 15:19:32.150 28370 28370 I LayerManagerView: inflate MENU_LAYER : End[1640960372150] [0]
12-31 15:19:32.150 28370 28370 I LayerManagerView: inflate SHOOTING_MODE_OVERLAY_LAYER : Start[1640960372150]
12-31 15:19:32.151 28370 28370 I ShootingModeOverlayLayerView: inflate : Start[1640960372151]
12-31 15:19:32.157 28370 28370 I ShootingModeOverlayLayerView: inflate : End[1640960372157]
12-31 15:19:32.158 708 708 I SehLight: lcd : 44+
12-31 15:19:32.158 708 708 I SehLight: lcd : 44-
12-31 15:19:32.158 28370 28370 I LayerManagerView: inflate SHOOTING_MODE_OVERLAY_LAYER : End[1640960372158] [8]
12-31 15:19:32.158 28370 28370 I LayerManagerView: inflate POPUP_LAYER : Start[1640960372158]
12-31 15:19:32.159 28370 28370 I PopupLayerView: inflate : Start[1640960372159]
12-31 15:19:32.159 28370 28370 I PopupLayerView: inflate : End[1640960372159]
12-31 15:19:32.160 1087 6886 V WifiDisplayAdapter: getWifiDisplayStatusLocked: result=WifiDisplayStatus{featureState=2, scanState=0, activeDisplayState=0, activeDisplay=null, displays=[], sessionInfo=WifiDisplaySessionInfo:
12-31 15:19:32.160 1087 6886 V WifiDisplayAdapter: Client/Owner: Client
12-31 15:19:32.160 1087 6886 V WifiDisplayAdapter: GroupId:
12-31 15:19:32.160 1087 6886 V WifiDisplayAdapter: SessionId: 0, connectedState=-1}
12-31 15:19:32.160 1087 6886 V WifiDisplayAdapter: getWifiDisplayStatusLocked: result=WifiDisplayStatus{featureState=2, scanState=0, activeDisplayState=0, activeDisplay=null, displays=[], sessionInfo=WifiDisplaySessionInfo:
12-31 15:19:32.160 1087 6886 V WifiDisplayAdapter: Client/Owner: Client
12-31 15:19:32.160 1087 6886 V WifiDisplayAdapter: GroupId:
12-31 15:19:32.160 1087 6886 V WifiDisplayAdapter: SessionId: 0, connectedState=-1}
12-31 15:19:32.162 28370 28370 I LayerManagerView: inflate POPUP_LAYER : End[1640960372162] [4]
12-31 15:19:32.162 28370 28370 I CameraPerformance: Launch - InflateLazyLoadingLayer : End[1640960372162] [37]
12-31 15:19:32.162 28370 28370 I CameraPerformance: Launch - LayerManagerPresenter start : Start[1640960372162]
12-31 15:19:32.162 28370 2866 E AccessibilityManager: semUpdateAssitantMenu invoking from manager:
12-31 15:19:32.163 28370 2866 E AccessibilityManager: semUpdateAssitantMenu invoking from manager:
12-31 15:19:32.163 28370 28370 I StorageUtils: setStorageStatus storage : 0, status : 1
12-31 15:19:32.163 28370 2866 E AccessibilityManager: semUpdateAssitantMenu invoking from manager:
12-31 15:19:32.163 28370 28370 I ShootingModeList: setInitialShootingMode: SHOOTING_MODE_PHOTO
12-31 15:19:32.165 28370 28370 I StorageUtils: setStorageStatus storage : 0, status : 1
12-31 15:19:32.166 28370 28370 E CameraShootingMode: getCaptureSize : There is no a predefined capture size in shooting mode feature.
12-31 15:19:32.166 28370 28370 E CameraShootingMode: getCaptureSize : There is no a predefined capture size in shooting mode feature.
12-31 15:19:32.166 28370 28370 E CameraShootingMode: getCaptureSize : There is no a predefined capture size in shooting mode feature.
12-31 15:19:32.166 28370 28370 E CameraShootingMode: getCaptureSize : There is no a predefined capture size in shooting mode feature.
12-31 15:19:32.166 28370 28370 E CameraShootingMode: getCaptureSize : There is no a predefined capture size in shooting mode feature.
12-31 15:19:32.166 28370 28370 E CameraShootingMode: getCaptureSize : There is no a predefined capture size in shooting mode feature.
12-31 15:19:32.166 28370 28370 I QuickSettingPresenter: getCamcorderResolutionSubItemList commandId FRONT_CAMCORDER_RESOLUTION_MENU
12-31 15:19:32.166 28370 28370 I QuickSettingPresenter: getCamcorderResolutionSubItemList commandId FRONT_CAMCORDER_RESOLUTION_MENU
12-31 15:19:32.166 28370 28370 I QuickSettingPresenter: getCamcorderResolutionSubItemList commandId BACK_CAMCORDER_SUPER_STEADY_RESOLUTION_MENU
12-31 15:19:32.166 28370 28370 I QuickSettingPresenter: getCamcorderResolutionSubItemList commandId BACK_CAMCORDER_SUPER_STEADY_RESOLUTION_MENU
12-31 15:19:32.166 28370 28370 I QuickSettingPresenter: getCamcorderResolutionSubItemList commandId BACK_PRO_CAMCORDER_RESOLUTION_MENU
12-31 15:19:32.166 28370 28370 I QuickSettingPresenter: getCamcorderResolutionSubItemList commandId BACK_PRO_CAMCORDER_RESOLUTION_MENU
12-31 15:19:32.167 28370 28370 I QuickSettingPresenter: getCamcorderResolutionSubItemList commandId BACK_FUN_CAMCORDER_RESOLUTION_MENU
12-31 15:19:32.167 28370 28370 I QuickSettingPresenter: getCamcorderResolutionSubItemList commandId BACK_FUN_CAMCORDER_RESOLUTION_MENU
12-31 15:19:32.167 28370 28370 I QuickSettingPresenter: getCamcorderResolutionSubItemList commandId FRONT_FUN_CAMCORDER_RESOLUTION_MENU
12-31 15:19:32.167 28370 28370 I QuickSettingPresenter: getCamcorderResolutionSubItemList commandId FRONT_FUN_CAMCORDER_RESOLUTION_MENU
12-31 15:19:32.167 28370 28370 I QuickSettingPresenter: getCamcorderResolutionSubItemList commandId BACK_CAMCORDER_RESOLUTION_MENU
12-31 15:19:32.167 28370 28370 I QuickSettingPresenter: getCamcorderResolutionSubItemList commandId BACK_CAMCORDER_RESOLUTION_MENU
12-31 15:19:32.167 28370 28370 W CommandIdMap: getSettingKey : Can't find FRONT_VIDEO_EFFECTS_MENU at depot
12-31 15:19:32.167 28370 28370 W CommandIdMap: getSettingKey : Can't find BACK_VIDEO_EFFECTS_MENU at depot
12-31 15:19:32.167 28370 28370 W CommandIdMap: getSettingKey : Can't find BACK_PHOTO_EFFECTS_MENU at depot
12-31 15:19:32.167 28370 28370 W CommandIdMap: getSettingKey : Can't find BACK_VIDEO_EFFECTS_MENU at depot
12-31 15:19:32.168 28370 28370 W CommandIdMap: getSettingKey : Can't find FRONT_PHOTO_EFFECTS_MENU at depot
12-31 15:19:32.168 28370 28370 W CommandIdMap: getSettingKey : Can't find FRONT_VIDEO_EFFECTS_MENU at depot
12-31 15:19:32.168 28370 28370 W CommandIdMap: getSettingKey : Can't find BACK_VIDEO_EFFECTS_MENU at depot
12-31 15:19:32.168 28370 28370 W CommandIdMap: getSettingKey : Can't find FRONT_VIDEO_EFFECTS_MENU at depot
12-31 15:19:32.168 28370 28370 W CommandIdMap: getSettingKey : Can't find BACK_PHOTO_EFFECTS_MENU at depot
12-31 15:19:32.168 28370 28370 W CommandIdMap: getSettingKey : Can't find FRONT_PHOTO_EFFECTS_MENU at depot
12-31 15:19:32.168 28370 28370 W CommandIdMap: getSettingKey : Can't find FRONT_PHOTO_EFFECTS_MENU at depot
12-31 15:19:32.168 28370 28370 W CommandIdMap: getSettingKey : Can't find BACK_PHOTO_EFFECTS_MENU at depot
12-31 15:19:32.168 28370 28370 W CommandIdMap: getSettingKey : Can't find FRONT_PHOTO_EFFECTS_MENU at depot
12-31 15:19:32.168 28370 28370 W CommandIdMap: getSettingKey : Can't find BACK_PHOTO_EFFECTS_MENU at depot
12-31 15:19:32.168 28370 28370 W CommandIdMap: getSettingKey : Can't find BACK_VIDEO_EFFECTS_MENU at depot
12-31 15:19:32.168 28370 28370 W CommandIdMap: getSettingKey : Can't find FRONT_VIDEO_EFFECTS_MENU at depot
12-31 15:19:32.168 28370 28370 W CommandIdMap: getSettingKey : Can't find BACK_PHOTO_EFFECTS_MENU at depot
12-31 15:19:32.168 28370 28370 W CommandIdMap: getSettingKey : Can't find BACK_PHOTO_EFFECTS_MENU at depot
12-31 15:19:32.168 28370 28370 W CommandIdMap: getSettingKey : Can't find BACK_PHOTO_EFFECTS_MENU at depot
12-31 15:19:32.168 28370 28370 W CommandIdMap: getSettingKey : Can't find BACK_PHOTO_EFFECTS_MENU at depot
12-31 15:19:32.168 28370 28370 W CommandIdMap: getSettingKey : Can't find BACK_PHOTO_EFFECTS_MENU at depot
12-31 15:19:32.168 28370 28370 W CommandIdMap: getSettingKey : Can't find FRONT_PHOTO_EFFECTS_MENU at depot
12-31 15:19:32.168 28370 28370 W CommandIdMap: getSettingKey : Can't find FRONT_PHOTO_EFFECTS_MENU at depot
12-31 15:19:32.168 28370 28370 W CommandIdMap: getSettingKey : Can't find FRONT_PHOTO_EFFECTS_MENU at depot
12-31 15:19:32.168 28370 28370 W CommandIdMap: getSettingKey : Can't find FRONT_PHOTO_EFFECTS_MENU at depot
12-31 15:19:32.168 28370 28370 W CommandIdMap: getSettingKey : Can't find FRONT_PHOTO_EFFECTS_MENU at depot
12-31 15:19:32.168 28370 28370 W CommandIdMap: getSettingKey : Can't find BACK_LIVE_FOCUS_BEAUTY_MENU at depot
12-31 15:19:32.168 28370 28370 W CommandIdMap: getSettingKey : Can't find BACK_LIVE_FOCUS_LITE_BEAUTY_MENU at depot
12-31 15:19:32.169 28370 28370 W CommandIdMap: getSettingKey : Can't find FRONT_LIVE_FOCUS_BEAUTY_MENU at depot
12-31 15:19:32.169 28370 28370 W CommandIdMap: getSettingKey : Can't find SELFIE_FOCUS_BEAUTY_MENU at depot
12-31 15:19:32.169 28370 28370 W CommandIdMap: getSettingKey : Can't find BACK_LIVE_FOCUS_LITE_BEAUTY_MENU at depot
12-31 15:19:32.169 28370 28370 W CommandIdMap: getSettingKey : Can't find BACK_LIVE_FOCUS_BEAUTY_MENU at depot
12-31 15:19:32.169 28370 28370 W CommandIdMap: getSettingKey : Can't find SELFIE_FOCUS_BEAUTY_MENU at depot
12-31 15:19:32.169 28370 28370 W CommandIdMap: getSettingKey : Can't find BACK_VIDEO_EFFECTS_MENU at depot
12-31 15:19:32.169 28370 28370 W CommandIdMap: getSettingKey : Can't find FRONT_VIDEO_EFFECTS_MENU at depot
12-31 15:19:32.169 28370 28370 W CommandIdMap: getSettingKey : Can't find FRONT_PHOTO_EFFECTS_MENU at depot
12-31 15:19:32.169 28370 28370 W CommandIdMap: getSettingKey : Can't find BACK_PHOTO_EFFECTS_MENU at depot
12-31 15:19:32.170 28370 28370 I CameraPerformance: Launch - LayerManagerPresenter start : End[1640960372170] [8]
12-31 15:19:32.170 28370 28370 I CameraPerformance: ShootingMode - InitializeView : Start[1640960372170]
12-31 15:19:32.174 708 708 I SehLight: lcd : 47+
12-31 15:19:32.174 708 708 I SehLight: lcd : 47-
12-31 15:19:32.191 708 708 I SehLight: lcd : 50+
12-31 15:19:32.191 1087 6854 V WifiDisplayAdapter: getWifiDisplayStatusLocked: result=WifiDisplayStatus{featureState=2, scanState=0, activeDisplayState=0, activeDisplay=null, displays=[], sessionInfo=WifiDisplaySessionInfo:
12-31 15:19:32.191 1087 6854 V WifiDisplayAdapter: Client/Owner: Client
12-31 15:19:32.191 1087 6854 V WifiDisplayAdapter: GroupId:
12-31 15:19:32.191 1087 6854 V WifiDisplayAdapter: SessionId: 0, connectedState=-1}
12-31 15:19:32.191 1087 6854 V WifiDisplayAdapter: getWifiDisplayStatusLocked: result=WifiDisplayStatus{featureState=2, scanState=0, activeDisplayState=0, activeDisplay=null, displays=[], sessionInfo=WifiDisplaySessionInfo:
12-31 15:19:32.191 1087 6854 V WifiDisplayAdapter: Client/Owner: Client
12-31 15:19:32.191 1087 6854 V WifiDisplayAdapter: GroupId:
12-31 15:19:32.191 1087 6854 V WifiDisplayAdapter: SessionId: 0, connectedState=-1}
12-31 15:19:32.192 708 708 I SehLight: lcd : 50-
12-31 15:19:32.193 1087 6854 V WifiDisplayAdapter: getWifiDisplayStatusLocked: result=WifiDisplayStatus{featureState=2, scanState=0, activeDisplayState=0, activeDisplay=null, displays=[], sessionInfo=WifiDisplaySessionInfo:
12-31 15:19:32.193 1087 6854 V WifiDisplayAdapter: Client/Owner: Client
12-31 15:19:32.193 1087 6854 V WifiDisplayAdapter: GroupId:
