12-31 15:19:58.016 1087 6854 I SurfaceControl: nativeRelease nativeObject e[518062322912]
12-31 15:19:58.016 1087 6854 I SurfaceControl: nativeRelease nativeObject s[518062322720]
12-31 15:19:58.016 1087 6854 I SurfaceControl: nativeRelease nativeObject e[518062322720]
12-31 15:19:58.017 766 1470 I Layer : id=6408 removeFromCurrentState 9f65704 ShellDropTarget#0 (73)
12-31 15:19:58.017 766 1470 I Layer : id=6407 removeFromCurrentState WindowToken{66ca717 android.os.BinderProxy@456af96}#0 (73)
12-31 15:19:58.018 5618 5618 D InputTransport: Input channel destroyed: '9f65704', fd=178
12-31 15:19:58.018 766 1388 I SurfaceFlinger: id=6408 Removed 9f65704 ShellDropTarget#0 (73)
12-31 15:19:58.018 766 1388 I SurfaceFlinger: id=6407 Removed WindowToken{66ca717 android.os.BinderProxy@456af96}#0 (73)
12-31 15:19:58.018 5618 5618 D DragAndDropController: Display added: #0
12-31 15:19:58.020 766 766 I Layer : id=6407[1] Destroyed WindowToken{66ca717 android.os.BinderProxy@456af96}#0
12-31 15:19:58.020 766 766 I Layer : id=6408[1] Destroyed 9f65704 ShellDropTarget#0
12-31 15:19:58.021 708 708 I SehLight: lcd : 47+
12-31 15:19:58.021 708 708 I SehLight: lcd : 47-
12-31 15:19:58.022 766 1470 I SurfaceFlinger: id=6419 createSurf (0x0),-1 flag=80004, WindowToken{13787d6 android.os.BinderProxy@eb7aff1}#0
12-31 15:19:58.023 1087 6854 D InputTransport: Input channel constructed: '58c3a57', fd=561
12-31 15:19:58.023 1087 6854 D InputTransport: Input channel constructed: '58c3a57', fd=671
12-31 15:19:58.023 766 1470 I SurfaceFlinger: id=6420 createSurf (0x0),-1 flag=80004, 58c3a57 MW: DropTargetView#0
12-31 15:19:58.024 1087 6854 D InputTransport: Input channel destroyed: '58c3a57', fd=671
12-31 15:19:58.024 5618 5618 D InputTransport: Input channel constructed: '58c3a57', fd=168
12-31 15:19:58.025 5618 5618 I ViewRootImpl@97979a6[MW: DropTargetView]: setView = com.android.systemui.dnd.drop.DropTargetView@82d8fe7 TM=true
12-31 15:19:58.029 1087 5676 D MdnieScenarioControlService: packageName : com.sec.android.app.launcher className : com.android.launcher3.uioverrides.QuickstepLauncher
12-31 15:19:58.029 1087 5676 V MdnieScenarioControlService: setUIMode from UI function(3)
12-31 15:19:58.031 766 1470 I SurfaceFlinger: id=6421 createSurf (0x0),-1 flag=80004, WindowToken{a7c4b62 android.os.BinderProxy@e865a2d}#0
12-31 15:19:58.031 1087 6854 D InputTransport: Input channel constructed: '5b024f3', fd=671
12-31 15:19:58.031 1087 6854 D InputTransport: Input channel constructed: '5b024f3', fd=676
12-31 15:19:58.031 766 1470 I SurfaceFlinger: id=6422 createSurf (0x0),-1 flag=80004, 5b024f3 ShellDropTarget#0
12-31 15:19:58.032 1087 6854 D InputTransport: Input channel destroyed: '5b024f3', fd=676
12-31 15:19:58.032 5618 5618 D InputTransport: Input channel constructed: '5b024f3', fd=178
12-31 15:19:58.032 5618 5618 I ViewRootImpl@125c818[ShellDropTarget]: setView = android.widget.FrameLayout@a9db271 TM=true
12-31 15:19:58.034 5618 5618 I ImageWallpaper: onDisplayConfigurationChanged {1.0 ?mcc?mnc [en_GB] ldltr sw600dp w600dp h936dp 320dpi lrg port finger -keyb/v/h -nav/h winConfig={ mBounds=Rect(0, 0 - 1200, 1920) mAppBounds=Rect(0, 0 - 1200, 1920) mWindowingMode=fullscreen mDisplayWindowingMode=fullscreen mActivityType=undefined mAlwaysOnTop=undefined mRotation=ROTATION_0} s.4839 desktop/d ?dc ?dcui ?dcaf enb/d bts=0 ff=0 bf=0 themeSeq=0}
12-31 15:19:58.035 5618 5618 D WallpaperService: updateSurface forceRelayout=true forceReport=false redrawNeeded=false myWidth=1920 myHeight=1920 fixedSize=true x = 0 y = 0 mWidth=1920 mHeight=1920 mIsSleepMode=false
12-31 15:19:58.035 5618 5618 D WallpaperService: mDeviceHeight : 1920, mDeviceWidth : 1200,mDeviceRotation : 0
12-31 15:19:58.035 1087 6854 V WindowManager: Relayout Window{76545c4 u0 com.android.systemui.ImageWallpaper}: viewVisibility=0 req=1920x1920 d0
12-31 15:19:58.037 28370 28370 W CameraWindowManager: All inset values is zero. This is abnormally case.
12-31 15:19:58.037 1087 6854 V WindowManager: Relayout hash=76545c4, pid=5618: mAttrs={(0,0)(1920x1920) gr=TOP START CENTER layoutInDisplayCutoutMode=always ty=WALLPAPER fmt=RGBX_8888 wanim=0x1030315
12-31 15:19:58.037 1087 6854 V WindowManager: fl=14318
12-31 15:19:58.037 1087 6854 V WindowManager: pfl=4 naviIconColor=0}
12-31 15:19:58.037 1087 6854 I SurfaceControl: nativeRelease nativeObject s[517786474464]
12-31 15:19:58.037 1087 6854 I SurfaceControl: nativeRelease nativeObject e[517786474464]
12-31 15:19:58.037 708 708 I SehLight: lcd : 44+
12-31 15:19:58.037 708 708 I SehLight: lcd : 44-
12-31 15:19:58.038 5618 5618 I SurfaceControl: assignNativeObject: nativeObject = 0 Surface(name=null)/@0xda134a1 / android.view.SurfaceControl.readFromParcel:1117 android.view.IWindowSession$Stub$Proxy.relayout:1820 android.service.wallpaper.WallpaperService$Engine.updateSurface:1187 android.service.wallpaper.WallpaperService$IWallpaperEngineWrapper.executeMessage:1888 com.android.internal.os.HandlerCaller$MyHandler.handleMessage:44 android.os.Handler.dispatchMessage:106 android.os.Looper.loop:247 android.app.ActivityThread.main:8676 java.lang.reflect.Method.invoke:-2 com.android.internal.os.RuntimeInit$MethodAndArgsCaller.run:602
12-31 15:19:58.038 5618 5618 I SurfaceControl: nativeRelease nativeObject s[517714334624]
12-31 15:19:58.038 5618 5618 I SurfaceControl: nativeRelease nativeObject e[517714334624]
12-31 15:19:58.038 5618 5618 D WallpaperService: updateSurface redrawNeeded=false didSurface=false
12-31 15:19:58.038 5618 5618 I ViewRootImpl@2582747[StatusBar]: MSG_RESIZED: frame=(0,0,1200,48) ci=(0,0,0,0) vi=(0,0,0,0) or=1
12-31 15:19:58.038 5618 5618 D IndicatorGardenInputProperty: updateRotation() prv:1 >> new:0
12-31 15:19:58.038 28370 28370 I SurfaceView: windowStopped(true) false android.view.SurfaceView{93a27c1 V.E...... ........ 0,160-1200,1760 #7f0a00ab app:id/camera_preview} of ViewRootImpl@b6080a8[Camera]
12-31 15:19:58.038 28370 28370 I SurfaceView: updateSurface: releaseSurfaces() #1
12-31 15:19:58.039 5618 5618 D DeviceState: getPanelWidth portrait? true panelWidth= 882
12-31 15:19:58.039 5618 2544 D IndicatorGardenInputProperty: updateRotation() prv:-1 >> new:0
12-31 15:19:58.039 5618 2544 D DeviceState: getDeviceResolutionPixelSize - currentDensity = 320 deviceDensity = 320 initialDisplaySizeFactor = 1200 currentDisplaySizeFactor = 1200 initialDisplayDensity = 320 proportionalDensity = 320 proportionalPixel = 0
12-31 15:19:58.039 5618 2544 D DeviceState: getDeviceResolutionPixelSize - currentDensity = 320 deviceDensity = 320 initialDisplaySizeFactor = 1200 currentDisplaySizeFactor = 1200 initialDisplayDensity = 320 proportionalDensity = 320 proportionalPixel = 0
12-31 15:19:58.039 5618 2544 D DeviceState: getDeviceResolutionPixelSize - currentDensity = 320 deviceDensity = 320 initialDisplaySizeFactor = 1200 currentDisplaySizeFactor = 1200 initialDisplayDensity = 320 proportionalDensity = 320 proportionalPixel = 0
12-31 15:19:58.045 5618 5618 D DisplayLifecycle: updateDisplay id = 0
12-31 15:19:58.045 5618 5618 D DisplayLifecycle: updateCacheVariables id = 0, display = Display id 0: DisplayInfo{"Built-in Screen", displayId 0, FLAG_SECURE, FLAG_SUPPORTS_PROTECTED_BUFFERS, FLAG_TRUSTED, real 1200 x 1920, largest app 1920 x 1872, smallest app 1200 x 1152, appVsyncOff 0, presDeadline 17666666, mode 1, defaultMode 1, modes [{id=1, width=1200, height=1920, fps=60.000004}], hdrCapabilities HdrCapabilities{mSupportedHdrTypes=[], mMaxLuminance=500.0, mMaxAverageLuminance=500.0, mMinLuminance=0.0}, minimalPostProcessingSupported false, rotation 0, state ON}, DisplayMetrics{density=2.0, width=1200, height=1920, scaledDensity=2.0, xdpi=282.222, ydpi=283.534}, isValid=true, size = Point(1200, 1920), realSize = Point(1200, 1920), rotation = 0
12-31 15:19:58.046 5618 5618 D QSClockBellTower: He is ready to ring the bell. (((QSClockBellSound - TimeText:15:19, TimeContentDescription:15:19, DateText:Fri, 31 December, ShortDateText:Fri, 31 Dec, Demofalse)))
12-31 15:19:58.046 5618 5618 D QSClockHomeIndicatorView: Home Indicator status_bar_clock notifyTimeChanged(QSClockBellSound - TimeText:15:19, TimeContentDescription:15:19, DateText:Fri, 31 December, ShortDateText:Fri, 31 Dec, Demofalse) ClockVisibleByPolicy:true, ClockVisibleByUser:true, visible?true, parent:android.widget.LinearLayout{bed0046 V.E...... ......ID 0,0-75,48 #7f0a0399 app:id/left_clock_container}
12-31 15:19:58.046 5618 5618 D QSClockBellTower: Everyone heard the bell. run(currentTime:1640960398046, getTime():Fri Dec 31 15:19:58 GMT+01:00 2021, getTimeZone():libcore.util.ZoneInfo[id="Europe/Warsaw",mRawOffset=3600000,mEarliestRawOffset=5040000,mUseDst=true,mDstSavings=3600000,transitions=168])
12-31 15:19:58.049 5618 5618 D SecVolume.SecVolumeStore: dispatch [ACTION_CONFIGURATION_CHANGED] with [STATE_NO_DISPATCH]
12-31 15:19:58.049 5618 5618 D SecVolume.SecVolumeStore: > New State : [STATE_NO_DISPATCH]
12-31 15:19:58.049 5618 5618 D WallpaperService: updateSurface forceRelayout=true forceReport=false redrawNeeded=false myWidth=1920 myHeight=1920 fixedSize=true x = 0 y = 0 mWidth=1920 mHeight=1920 mIsSleepMode=false
12-31 15:19:58.049 5618 5618 D WallpaperService: mDeviceHeight : 1920, mDeviceWidth : 1200,mDeviceRotation : 0
12-31 15:19:58.051 2006 2006 I SENL$DisplayUtils: onConfigurationChanged, orientation : 1, pre : 2, dpi : 320
12-31 15:19:58.051 1087 1166 V WindowManager: Relayout Window{76545c4 u0 com.android.systemui.ImageWallpaper}: viewVisibility=0 req=1920x1920 d0
12-31 15:19:58.051 2006 2006 I SENL$DisplayUtils: display info WidthPixels : 1200, HeightPixels : 1920
12-31 15:19:58.054 708 708 I SehLight: lcd : 41+
12-31 15:19:58.054 708 708 I SehLight: lcd : 41-
12-31 15:19:58.054 1087 1166 V WindowManager: Relayout hash=76545c4, pid=5618: mAttrs={(0,0)(1920x1920) gr=TOP START CENTER layoutInDisplayCutoutMode=always ty=WALLPAPER fmt=RGBX_8888 wanim=0x1030315
12-31 15:19:58.054 1087 1166 V WindowManager: fl=14318
12-31 15:19:58.054 1087 1166 V WindowManager: pfl=4 naviIconColor=0}
12-31 15:19:58.054 1087 1166 I SurfaceControl: nativeRelease nativeObject s[518062951520]
12-31 15:19:58.054 1087 1166 I SurfaceControl: nativeRelease nativeObject e[518062951520]
12-31 15:19:58.055 5618 5618 I SurfaceControl: assignNativeObject: nativeObject = 0 Surface(name=null)/@0xda134a1 / android.view.SurfaceControl.readFromParcel:1117 android.view.IWindowSession$Stub$Proxy.relayout:1820 android.service.wallpaper.WallpaperService$Engine.updateSurface:1187 android.service.wallpaper.WallpaperService$IWallpaperEngineWrapper.executeMessage:1888 com.android.internal.os.HandlerCaller$MyHandler.handleMessage:44 android.os.Handler.dispatchMessage:106 android.os.Looper.loop:247 android.app.ActivityThread.main:8676 java.lang.reflect.Method.invoke:-2 com.android.internal.os.RuntimeInit$MethodAndArgsCaller.run:602
12-31 15:19:58.055 5618 5618 I SurfaceControl: nativeRelease nativeObject s[517714334624]
12-31 15:19:58.055 5618 5618 I SurfaceControl: nativeRelease nativeObject e[517714334624]
12-31 15:19:58.055 5618 5618 D WallpaperService: updateSurface redrawNeeded=false didSurface=false
12-31 15:19:58.055 5618 5618 I ViewRootImpl@85dd307[AssistPreviewPanel]: DirectWriting, detachedFromWindow, clear editTexts
12-31 15:19:58.055 5618 5618 I ViewRootImpl@85dd307[AssistPreviewPanel]: dispatchDetachedFromWindow
12-31 15:19:58.056 1087 1166 D InputTransport: Input channel destroyed: 'f8286be', fd=683
12-31 15:19:58.056 1087 1166 I SurfaceControl: nativeRelease nativeObject s[517796952064]
12-31 15:19:58.056 1087 1166 I SurfaceControl: nativeRelease nativeObject e[517796952064]
12-31 15:19:58.056 1087 1166 I SurfaceControl: nativeRelease nativeObject s[517796951968]
12-31 15:19:58.056 1087 1166 I SurfaceControl: nativeRelease nativeObject e[517796951968]
12-31 15:19:58.056 28370 28370 I SurfaceView: updateSurface: releaseSurfaces() #1
12-31 15:19:58.057 766 1470 I Layer : id=6404 removeFromCurrentState f8286be AssistPreviewPanel#0 (75)
12-31 15:19:58.057 766 1470 I Layer : id=6403 removeFromCurrentState WindowToken{ff53979 android.os.BinderProxy@88ebdc3}#0 (75)
12-31 15:19:58.057 9733 9733 I HBD : HoneyBoardService onConfigurationChanged
12-31 15:19:58.058 766 803 I SurfaceFlinger: id=6404 Removed f8286be AssistPreviewPanel#0 (75)
12-31 15:19:58.058 5618 5618 D InputTransport: Input channel destroyed: 'f8286be', fd=171
12-31 15:19:58.058 9733 9733 I HBD : i isEnabledNightMode : false
12-31 15:19:58.058 766 803 I SurfaceFlinger: id=6403 Removed WindowToken{ff53979 android.os.BinderProxy@88ebdc3}#0 (75)
12-31 15:19:58.058 9733 9733 I HBD : a updatePredictionStatus : 8, editorOpt
12-31 15:19:58.058 9733 9733 I HBD : a [UpdatePolicy] [post] a: 2 cl: 65538 kit: [0/0] vt: 0 ir: 1
12-31 15:19:58.059 28370 28370 I ViewRootImpl@b6080a8[Camera]: stopped(true) old=false
12-31 15:19:58.060 2006 2006 I SENL$DisplayUtils: Apply display info WidthPixels : 1200, HeightPixels : 1920, count : 1 / is Main ? true
12-31 15:19:58.060 2006 2006 I SENL$DisplayUtils: configureScreenSize, rect : Rect(0, 0 - 1200, 1920)
12-31 15:19:58.064 9733 9733 I HBD : HoneyBoardService [IMI] onStartInput - caller pid : 9202 , caller uid : 10125
12-31 15:19:58.064 9733 9733 I HBD : i updateConfigs
12-31 15:19:58.064 9733 9733 I HBD : i isEnabledNightMode : false
12-31 15:19:58.064 1087 1166 V WindowManager: Relayout Window{5047175 u0 AssistPreviewPanel}: viewVisibility=8 req=1200x500 d0
12-31 15:19:58.064 9733 9733 I HBD : a IC have been binded, InputConnectionWrapper{idHash=#7eef3ee mMissingMethods=}
12-31 15:19:58.064 9733 9733 I HBD : h [EditorInputType]setPrivateImeOptionsToTable privateImeOptions ( null )
12-31 15:19:58.064 9733 9733 I HBD : b incognitoMode : false
12-31 15:19:58.065 9733 9733 I HBD : a needOff = true , isForceOff = false, isNullInputClass : true
12-31 15:19:58.065 9733 9733 I HBD : h getDefaultInputRange : UNKNOWN
12-31 15:19:58.065 9733 9733 I HBD : h getDefaultInputRange : UNKNOWN
12-31 15:19:58.065 28370 28370 I CameraPerformance: Exit - onStop : Start[1640960398064]
12-31 15:19:58.065 9733 9733 I HBD : h getDefaultInputRange : UNKNOWN
12-31 15:19:58.065 28370 28370 I Camera11: stopInactivityTimer
12-31 15:19:58.065 1087 6854 D SdpManagerService: Not an enterprise user : 0
12-31 15:19:58.066 28370 28370 I CommonEngine: shutdownEngine
12-31 15:19:58.066 9733 9733 I HBD : HoneyBoardService [PF_OP][onStartInput] 2013693 ns
12-31 15:19:58.066 9733 9733 I HBD : a updatePredictionStatus : 9, editorOpt
12-31 15:19:58.066 1087 1166 V WindowManager: Relayout hash=5047175, pid=5618: mAttrs={(0,0)(fillx500) gr=BOTTOM START CENTER sim={state=unchanged adjust=nothing} ty=VOICE_INTERACTION_STARTING fmt=TRANSLUCENT
12-31 15:19:58.066 1087 1166 V WindowManager: fl=1000118
12-31 15:19:58.066 1087 1166 V WindowManager: pfl=2000000
12-31 15:19:58.066 1087 1166 V WindowManager: vsysui=700 naviIconColor=0}
12-31 15:19:58.066 28370 28370 I SurfaceView: updateSurface: releaseSurfaces() #1
12-31 15:19:58.067 5618 5618 I SurfaceControl: assignNativeObject: nativeObject = 0 Surface(name=null)/@0x1307785 / android.view.SurfaceControl.readFromParcel:1117 android.view.IWindowSession$Stub$Proxy.relayout:1810 android.view.ViewRootImpl.relayoutWindow:9130 android.view.ViewRootImpl.performTraversals:3420 android.view.ViewRootImpl.doTraversal:2669 android.view.ViewRootImpl$TraversalRunnable.run:10092 android.view.Choreographer$CallbackRecord.run:1010 android.view.Choreographer.doCallbacks:809 android.view.Choreographer.doFrame:744 android.view.Choreographer$FrameDisplayEventReceiver.run:995
12-31 15:19:58.067 5618 5618 I SurfaceControl: assignNativeObject: nativeObject = 0 Surface(name=null)/@0xbeb99da / android.view.SurfaceControl.readFromParcel:1117 android.view.IWindowSession$Stub$Proxy.relayout:1820 android.view.ViewRootImpl.relayoutWindow:9130 android.view.ViewRootImpl.performTraversals:3420 android.view.ViewRootImpl.doTraversal:2669 android.view.ViewRootImpl$TraversalRunnable.run:10092 android.view.Choreographer$CallbackRecord.run:1010 android.view.Choreographer.doCallbacks:809 android.view.Choreographer.doFrame:744 android.view.Choreographer$FrameDisplayEventReceiver.run:995
12-31 15:19:58.067 5618 5618 I ViewRootImpl@bf351ef[AssistPreviewPanel]: Relayout returned: old=(0,1920,1200,1920) new=(0,1920,1200,1920) req=(1200,500)8 dur=3 res=0x1 s={false 0} ch=false fn=-1
12-31 15:19:58.068 1087 1166 V WindowManager: Relayout Window{58c3a57 u0 MW: DropTargetView}: viewVisibility=8 req=1200x1920 d0
12-31 15:19:58.069 9733 9733 I HBD : a currentConnectionState : false
12-31 15:19:58.070 1087 1166 V WindowManager: Relayout hash=58c3a57, pid=5618: mAttrs={(0,0)(fillxfill) gr=TOP START CENTER sim={adjust=pan} layoutInDisplayCutoutMode=always ty=DRAG fmt=TRANSPARENT wanim=0x7f13014b
12-31 15:19:58.070 1087 1166 V WindowManager: fl=1000302
12-31 15:19:58.070 1087 1166 V WindowManager: pfl=12000050 dimAmount=0.125 naviIconColor=0
12-31 15:19:58.070 1087 1166 V WindowManager: sfl=420040}
12-31 15:19:58.070 9733 9733 I HBD : a currentConnectionState : false
12-31 15:19:58.070 766 766 I Layer : id=6403[1] Destroyed WindowToken{ff53979 android.os.BinderProxy@88ebdc3}#0
12-31 15:19:58.070 766 766 I Layer : id=6404[1] Destroyed f8286be AssistPreviewPanel#0
12-31 15:19:58.070 708 708 I SehLight: lcd : 38+
12-31 15:19:58.070 9733 9733 I HBD : a currentConnectionState : false
12-31 15:19:58.070 708 708 I SehLight: lcd : 38-
12-31 15:19:58.071 5618 5618 I SurfaceControl: assignNativeObject: nativeObject = 0 Surface(name=null)/@0x5e99856 / android.view.SurfaceControl.readFromParcel:1117 android.view.IWindowSession$Stub$Proxy.relayout:1810 android.view.ViewRootImpl.relayoutWindow:9130 android.view.ViewRootImpl.performTraversals:3420 android.view.ViewRootImpl.doTraversal:2669 android.view.ViewRootImpl$TraversalRunnable.run:10092 android.view.Choreographer$CallbackRecord.run:1010 android.view.Choreographer.doCallbacks:809 android.view.Choreographer.doFrame:744 android.view.Choreographer$FrameDisplayEventReceiver.run:995
12-31 15:19:58.071 5618 5618 I SurfaceControl: assignNativeObject: nativeObject = 0 Surface(name=null)/@0x96440d7 / android.view.SurfaceControl.readFromParcel:1117 android.view.IWindowSession$Stub$Proxy.relayout:1820 android.view.ViewRootImpl.relayoutWindow:9130 android.view.ViewRootImpl.performTraversals:3420 android.view.ViewRootImpl.doTraversal:2669 android.view.ViewRootImpl$TraversalRunnable.run:10092 android.view.Choreographer$CallbackRecord.run:1010 android.view.Choreographer.doCallbacks:809 android.view.Choreographer.doFrame:744 android.view.Choreographer$FrameDisplayEventReceiver.run:995
12-31 15:19:58.071 5618 5618 I ViewRootImpl@97979a6[MW: DropTargetView]: Relayout returned: old=(0,0,1200,1920) new=(0,0,1200,1920) req=(1200,1920)8 dur=3 res=0x1 s={false 0} ch=false fn=-1
12-31 15:19:58.072 28370 28370 I CameraPerformance: Exit - onStop : End[1640960398072]
12-31 15:19:58.073 1087 1166 V WindowManager: Relayout Window{5b024f3 u0 ShellDropTarget}: viewVisibility=4 req=1200x1872 d0
12-31 15:19:58.075 1087 1166 V WindowManager: Relayout hash=5b024f3, pid=5618: mAttrs={(0,0)(fillxfill) sim={adjust=pan} layoutInDisplayCutoutMode=always ty=DRAG fmt=TRANSLUCENT
12-31 15:19:58.075 1087 1166 V WindowManager: fl=1000208
12-31 15:19:58.075 1087 1166 V WindowManager: pfl=92000050 naviIconColor=0 mwfl=10}
12-31 15:19:58.075 5618 5618 I SurfaceControl: assignNativeObject: nativeObject = 0 Surface(name=null)/@0x8bb4dc4 / android.view.SurfaceControl.readFromParcel:1117 android.view.IWindowSession$Stub$Proxy.relayout:1810 android.view.ViewRootImpl.relayoutWindow:9130 android.view.ViewRootImpl.performTraversals:3420 android.view.ViewRootImpl.doTraversal:2669 android.view.ViewRootImpl$TraversalRunnable.run:10092 android.view.Choreographer$CallbackRecord.run:1010 android.view.Choreographer.doCallbacks:809 android.view.Choreographer.doFrame:744 android.view.Choreographer$FrameDisplayEventReceiver.run:995
12-31 15:19:58.075 5618 5618 I SurfaceControl: assignNativeObject: nativeObject = 0 Surface(name=null)/@0x30a04ad / android.view.SurfaceControl.readFromParcel:1117 android.view.IWindowSession$Stub$Proxy.relayout:1820 android.view.ViewRootImpl.relayoutWindow:9130 android.view.ViewRootImpl.performTraversals:3420 android.view.ViewRootImpl.doTraversal:2669 android.view.ViewRootImpl$TraversalRunnable.run:10092 android.view.Choreographer$CallbackRecord.run:1010 android.view.Choreographer.doCallbacks:809 android.view.Choreographer.doFrame:744 android.view.Choreographer$FrameDisplayEventReceiver.run:995
12-31 15:19:58.076 5618 5618 I ViewRootImpl@125c818[ShellDropTarget]: Relayout returned: old=(0,48,1200,1920) new=(0,0,1200,1920) req=(1200,1872)4 dur=2 res=0x1 s={false 0} ch=false fn=-1
12-31 15:19:58.077 5618 2544 D IndicatorGardenInputProperty: updateRotation() prv:-1 >> new:0
12-31 15:19:58.077 5618 2544 D DeviceState: getDeviceResolutionPixelSize - currentDensity = 320 deviceDensity = 320 initialDisplaySizeFactor = 1200 currentDisplaySizeFactor = 1200 initialDisplayDensity = 320 proportionalDensity = 320 proportionalPixel = 0
12-31 15:19:58.077 5618 2544 D DeviceState: getDeviceResolutionPixelSize - currentDensity = 320 deviceDensity = 320 initialDisplaySizeFactor = 1200 currentDisplaySizeFactor = 1200 initialDisplayDensity = 320 proportionalDensity = 320 proportionalPixel = 0
12-31 15:19:58.077 5618 2544 D DeviceState: getDeviceResolutionPixelSize - currentDensity = 320 deviceDensity = 320 initialDisplaySizeFactor = 1200 currentDisplaySizeFactor = 1200 initialDisplayDensity = 320 proportionalDensity = 320 proportionalPixel = 0
12-31 15:19:58.078 1087 5564 V WindowManager: Relayout Window{23da38 u0 StatusBar}: viewVisibility=0 req=1200x48 d0
12-31 15:19:58.078 28370 28370 I CameraPerformance: Exit - onDestroy : Start[1640960398078]
12-31 15:19:58.081 1087 5564 V WindowManager: Relayout hash=23da38, pid=5618: mAttrs={(0,0)(fillx48) gr=TOP CENTER_VERTICAL sim={adjust=pan} layoutInDisplayCutoutMode=always ty=STATUS_BAR fmt=TRANSLUCENT
12-31 15:19:58.081 1087 5564 V WindowManager: fl=81000008
12-31 15:19:58.081 1087 5564 V WindowManager: pfl=13000000 naviIconColor=0
12-31 15:19:58.081 1087 5564 V WindowManager: sfl=2000}
12-31 15:19:58.081 1087 5564 I SurfaceControl: nativeRelease nativeObject s[517785650848]
12-31 15:19:58.081 1087 5564 I SurfaceControl: nativeRelease nativeObject e[517785650848]
12-31 15:19:58.081 5618 5618 I SurfaceControl: nativeRelease nativeObject s[517714331840]
12-31 15:19:58.081 5618 5618 I SurfaceControl: nativeRelease nativeObject e[517714331840]
12-31 15:19:58.082 5618 5618 I SurfaceControl: assignNativeObject: nativeObject = 0 Surface(name=null)/@0x2a5bf15 / android.view.SurfaceControl.readFromParcel:1117 android.view.IWindowSession$Stub$Proxy.relayout:1820 android.view.ViewRootImpl.relayoutWindow:9130 android.view.ViewRootImpl.performTraversals:3420 android.view.ViewRootImpl.doTraversal:2669 android.view.ViewRootImpl$TraversalRunnable.run:10092 android.view.Choreographer$CallbackRecord.run:1010 android.view.Choreographer.doCallbacks:809 android.view.Choreographer.doFrame:744 android.view.Choreographer$FrameDisplayEventReceiver.run:995
12-31 15:19:58.082 5618 5618 I ViewRootImpl@2582747[StatusBar]: Relayout returned: old=(0,0,1200,48) new=(0,0,1200,48) req=(1200,48)0 dur=5 res=0x21 s={true 517731610624} ch=false fn=14531
12-31 15:19:58.083 766 1470 E BufferQueueProducer: [StatusBar$_5618#0](id:2fe00000004,api:0,p:-1,c:766) disconnect: not connected (req=1)
12-31 15:19:58.084 5618 5989 W libEGL : EGLNativeWindowType 0x788b357010 disconnect failed
12-31 15:19:58.086 5618 2544 D IndicatorGardenInputProperty: updateRotation() prv:-1 >> new:0
12-31 15:19:58.086 5618 2544 D DeviceState: getDeviceResolutionPixelSize - currentDensity = 320 deviceDensity = 320 initialDisplaySizeFactor = 1200 currentDisplaySizeFactor = 1200 initialDisplayDensity = 320 proportionalDensity = 320 proportionalPixel = 0
12-31 15:19:58.086 5618 2544 D DeviceState: getDeviceResolutionPixelSize - currentDensity = 320 deviceDensity = 320 initialDisplaySizeFactor = 1200 currentDisplaySizeFactor = 1200 initialDisplayDensity = 320 proportionalDensity = 320 proportionalPixel = 0
12-31 15:19:58.086 708 708 I SehLight: lcd : 35+
12-31 15:19:58.087 5618 2544 D DeviceState: getDeviceResolutionPixelSize - currentDensity = 320 deviceDensity = 320 initialDisplaySizeFactor = 1200 currentDisplaySizeFactor = 1200 initialDisplayDensity = 320 proportionalDensity = 320 proportionalPixel = 0
12-31 15:19:58.087 708 708 I SehLight: lcd : 35-
12-31 15:19:58.089 5618 5618 I ViewRootImpl@2582747[StatusBar]: mAttachInfo.mThreadedRenderer.draw, mView = com.android.systemui.statusbar.phone.StatusBarWindowView{efedf8b V.E...... ......ID 0,0-1200,48} w = 1200 h = 48
12-31 15:19:58.092 5618 5618 I ViewRootImpl@3c6d7a0[MW: DropTargetView]: DirectWriting, detachedFromWindow, clear editTexts
12-31 15:19:58.092 5618 5618 I ViewRootImpl@3c6d7a0[MW: DropTargetView]: dispatchDetachedFromWindow
12-31 15:19:58.092 695 901 D gralloc : [mali_gralloc_allocate] begin
12-31 15:19:58.092 695 901 D gralloc : buffer_descriptor: wh(1200 48) usage_pc(0x40000000000b00 0x40000000000b00) hal_format(0x1) layer_count(1) sizes(0 0 0) strde(0) byte_stride(0) alloc_wh(0 0) internal_format(0x0) alloc_format(0x0) fd_count(1) plane_count(0)
12-31 15:19:58.092 695 901 D gralloc : [mali_gralloc_allocate] allocation successful
12-31 15:19:58.092 1087 1166 D InputTransport: Input channel destroyed: '926bd58', fd=564
12-31 15:19:58.092 1087 1166 I SurfaceControl: nativeRelease nativeObject s[520061159040]
12-31 15:19:58.092 1087 1166 I SurfaceControl: nativeRelease nativeObject e[520061159040]
12-31 15:19:58.092 28370 28370 I CameraPerformance: Exit - onDestroy : End[1640960398092]
12-31 15:19:58.092 1087 1166 I SurfaceControl: nativeRelease nativeObject s[517796788736]
12-31 15:19:58.092 1087 1166 I SurfaceControl: nativeRelease nativeObject e[517796788736]
12-31 15:19:58.094 766 803 I Layer : id=6405 removeFromCurrentState WindowToken{d28223b android.os.BinderProxy@b5c50ca}#0 (73)
12-31 15:19:58.094 766 803 I Layer : id=6406 removeFromCurrentState 926bd58 MW: DropTargetView#0 (73)
12-31 15:19:58.094 766 803 I Layer : id=6406 removeFromCurrentState 926bd58 MW: DropTargetView#0 (73)
12-31 15:19:58.094 28370 28370 I SurfaceView: updateSurface: releaseSurfaces() #1
12-31 15:19:58.094 766 1472 I SurfaceFlinger: id=6405 Removed WindowToken{d28223b android.os.BinderProxy@b5c50ca}#0 (73)
12-31 15:19:58.094 766 1472 I SurfaceFlinger: id=6406 Removed 926bd58 MW: DropTargetView#0 (73)
12-31 15:19:58.094 5618 5618 D InputTransport: Input channel destroyed: '926bd58', fd=170
12-31 15:19:58.094 28370 28370 I SurfaceView: onDetachedFromWindow: releaseSurfaces()
12-31 15:19:58.097 5618 5618 D IndicatorGardener: PhoneStatusBarView is done to update (IndicatorGardenModel) lp:48, lc:974, cc:368, rc:981, rp:48, h:48, ctm:false, ctms:0
12-31 15:19:58.098 28370 28370 I ViewRootImpl@b6080a8[Camera]: DirectWriting, detachedFromWindow, clear editTexts
12-31 15:19:58.099 28370 28370 I ViewRootImpl@b6080a8[Camera]: dispatchDetachedFromWindow
12-31 15:19:58.099 1087 1165 D InputTransport: Input channel destroyed: 'f474a75', fd=681
12-31 15:19:58.099 1087 1165 I SurfaceControl: nativeRelease nativeObject s[517796949760]
12-31 15:19:58.099 1087 1165 I SurfaceControl: nativeRelease nativeObject e[517796949760]
12-31 15:19:58.099 1087 1165 D WindowManager: isScreenshotDisabledLocked - win: Window{f474a75 u0 com.sec.android.app.camera/com.sec.android.app.camera.Camera}
12-31 15:19:58.099 1087 1165 D WindowManager: isScreenshotDisabledLocked: userId = 0, disabled =false
12-31 15:19:58.100 1087 1165 I WindowManager: Destroying surface Surface(name=com.sec.android.app.camera/com.sec.android.app.camera.Camera$_28370)/@0x2c62f22 called by com.android.server.wm.WindowStateAnimator.destroySurface:1804 com.android.server.wm.WindowStateAnimator.destroySurfaceLocked:771 com.android.server.wm.WindowState.removeImmediately:2711 com.android.server.wm.WindowState.removeIfPossible:2876 com.android.server.wm.WindowState.removeIfPossible:2734 com.android.server.wm.WindowManagerService.removeWindow:2186 com.android.server.wm.Session.remove:220 android.view.IWindowSession$Stub.onTransact:813
12-31 15:19:58.100 1087 1165 I SurfaceControl: nativeRelease nativeObject s[520060352704]
12-31 15:19:58.100 1087 1165 I SurfaceControl: nativeRelease nativeObject e[520060352704]
12-31 15:19:58.101 766 1470 I Layer : id=6396 removeFromCurrentState com.sec.android.app.camera/com.sec.android.app.camera.Camera$_28370#0 (73)
12-31 15:19:58.101 766 1470 I Layer : id=6398 removeFromCurrentState Bounds for - com.sec.android.app.camera/com.sec.android.app.camera.Camera@0#0 (73)
12-31 15:19:58.101 766 1470 I Layer : id=6399 removeFromCurrentState SurfaceView - com.sec.android.app.camera/com.sec.android.app.camera.Camera@93a27c1@0#0 (73)
12-31 15:19:58.102 766 1470 I Layer : id=6395 removeFromCurrentState f474a75 com.sec.android.app.camera/com.sec.android.app.camera.Camera#0 (73)
12-31 15:19:58.103 766 1470 I SurfaceFlinger: id=6395 Removed f474a75 com.sec.android.app.camera/com.sec.android.app.camera.Camera#0 (73)
12-31 15:19:58.103 766 803 I SurfaceFlinger: id=6396 Removed com.sec.android.app.camera/com.sec.android.app.camera.Camera$_28370#0 (73)
12-31 15:19:58.103 708 708 I SehLight: lcd : 32+
12-31 15:19:58.103 708 708 I SehLight: lcd : 32-
12-31 15:19:58.104 1087 1165 I ActivityTaskManager: Removing activity ActivityRecord{16760b5 u0 com.sec.android.app.camera/.Camera t277 f}}(activityDestroyed) from stack callers=com.android.server.wm.ActivityRecord.destroyed:4010 com.android.server.wm.ActivityTaskManagerService.activityDestroyed:2669 android.app.IActivityTaskManager$Stub.onTransact:2304 android.os.Binder.execTransactInternal:1195 android.os.Binder.execTransact:1159
12-31 15:19:58.104 766 766 I Layer : id=6395[1] Destroyed f474a75 com.sec.android.app.camera/com.sec.android.app.camera.Camera#0
12-31 15:19:58.104 1087 1165 I SurfaceControl: nativeRelease nativeObject s[517796947840]
12-31 15:19:58.104 1087 1165 I SurfaceControl: nativeRelease nativeObject e[517796947840]
12-31 15:19:58.104 766 766 I Layer : id=6396[1] Destroyed com.sec.android.app.camera/com.sec.android.app.camera.Camera$_28370#0
12-31 15:19:58.104 766 766 I Layer : id=6398[1] Destroyed Bounds for - com.sec.android.app.camera/com.sec.android.app.camera.Camera@0#0
12-31 15:19:58.104 766 766 I Layer : id=6399[1] Destroyed SurfaceView - com.sec.android.app.camera/com.sec.android.app.camera.Camera@93a27c1@0#0
12-31 15:19:58.104 1087 1165 I SurfaceControl: nativeRelease nativeObject s[517796952352]
12-31 15:19:58.104 1087 1165 I SurfaceControl: nativeRelease nativeObject e[517796952352]
12-31 15:19:58.104 766 766 I Layer : id=6405[1] Destroyed WindowToken{d28223b android.os.BinderProxy@b5c50ca}#0
12-31 15:19:58.104 766 766 I Layer : id=6406[1] Destroyed 926bd58 MW: DropTargetView#0
12-31 15:19:58.104 1087 1165 I ActivityTaskManager: updateMinMaxSizeIfNeeded: new density equals last density. mLastDensityDpi: 320.0
12-31 15:19:58.105 1087 1165 D MARsPolicyManager: onPackageResumedFG pkgName = com.sec.android.app.launcher, userId = 0
12-31 15:19:58.105 1087 1165 V MARsPolicyManager: Current Home Package com.sec.android.app.launcher Resumed
12-31 15:19:58.107 766 803 I Layer : id=6389 removeFromCurrentState ActivityRecord{16760b5 u0 com.sec.android.app.camera/.Camera t277}#0 (67)
12-31 15:19:58.107 5618 2544 D IndicatorGardenInputProperty: updateRotation() prv:-1 >> new:0
12-31 15:19:58.107 766 803 I Layer : id=6388 removeFromCurrentState Task=277#0 (67)
12-31 15:19:58.107 5618 2544 D DeviceState: getDeviceResolutionPixelSize - currentDensity = 320 deviceDensity = 320 initialDisplaySizeFactor = 1200 currentDisplaySizeFactor = 1200 initialDisplayDensity = 320 proportionalDensity = 320 proportionalPixel = 0
12-31 15:19:58.107 5618 2544 D DeviceState: getDeviceResolutionPixelSize - currentDensity = 320 deviceDensity = 320 initialDisplaySizeFactor = 1200 currentDisplaySizeFactor = 1200 initialDisplayDensity = 320 proportionalDensity = 320 proportionalPixel = 0
12-31 15:19:58.107 766 803 I SurfaceFlinger: id=6389 Removed ActivityRecord{16760b5 u0 com.sec.android.app.camera/.Camera t277}#0 (67)
12-31 15:19:58.107 695 901 D gralloc : [mali_gralloc_allocate] begin
12-31 15:19:58.107 695 901 D gralloc : buffer_descriptor: wh(1200 48) usage_pc(0x40000000000b00 0x40000000000b00) hal_format(0x1) layer_count(1) sizes(0 0 0) strde(0) byte_stride(0) alloc_wh(0 0) internal_format(0x0) alloc_format(0x0) fd_count(1) plane_count(0)
12-31 15:19:58.107 695 901 D gralloc : [mali_gralloc_allocate] allocation successful
12-31 15:19:58.108 766 803 I SurfaceFlinger: id=6388 Removed Task=277#0 (67)
12-31 15:19:58.109 5618 2544 D DeviceState: getDeviceResolutionPixelSize - currentDensity = 320 deviceDensity = 320 initialDisplaySizeFactor = 1200 currentDisplaySizeFactor = 1200 initialDisplayDensity = 320 proportionalDensity = 320 proportionalPixel = 0
12-31 15:19:58.120 766 766 I Layer : id=6388[1] Destroyed Task=277#0
12-31 15:19:58.120 766 766 I Layer : id=6389[1] Destroyed ActivityRecord{16760b5 u0 com.sec.android.app.camera/.Camera t277}#0
12-31 15:19:58.120 708 708 I SehLight: lcd : 29+
12-31 15:19:58.121 708 708 I SehLight: lcd : 29-
12-31 15:19:58.129 1087 5676 V MdnieScenarioControlService: mAclOffEnabled : false mAclPreviewState : false mAclCompensationState : false
12-31 15:19:58.137 708 708 I SehLight: lcd : 26+
12-31 15:19:58.137 708 708 I SehLight: lcd : 26-
12-31 15:19:58.144 5618 5649 I ndroid.systemu: NativeAlloc concurrent copying GC freed 106663(4854KB) AllocSpace objects, 3(60KB) LOS objects, 49% free, 20MB/40MB, paused 150us total 119.052ms
12-31 15:19:58.146 5618 5651 W System : A resource failed to call release.
12-31 15:19:58.146 5618 5651 I SurfaceControl: nativeRelease nativeObject s[520060356448]
12-31 15:19:58.146 5618 5651 I SurfaceControl: nativeRelease nativeObject e[520060356448]
12-31 15:19:58.147 766 803 I SurfaceFlinger: id=6323 Removed Surface(name=ba5e20b InputMethod)/@0x5d66b01 - animation-leash#0 (65)
12-31 15:19:58.148 707 2992 E HYPER-HAL: [HandlerSysfs.cpp]doResourceHandling(): Couldn't Open Sysfs - /sys/power/cstate_control
12-31 15:19:58.149 707 2992 I HYPER-HAL: [ResourceManager.cpp]removeResource(): [CPUMinFreq] RemoveResource Request ID : 630038
12-31 15:19:58.149 707 2992 I HYPER-HAL: [RequestManager.cpp]releaseLocked(): Released ID : 630038
12-31 15:19:58.152 766 766 I Layer : id=6323[1] Destroyed Surface(name=ba5e20b InputMethod)/@0x5d66b01 - animation-leash#0
12-31 15:19:58.153 708 708 I SehLight: lcd : 23+
12-31 15:19:58.154 708 708 I SehLight: lcd : 23-
12-31 15:19:58.169 708 708 I SehLight: lcd : 20+
12-31 15:19:58.169 708 708 I SehLight: lcd : 20-
12-31 15:19:58.186 708 708 I SehLight: lcd : 17+
12-31 15:19:58.186 708 708 I SehLight: lcd : 17-
12-31 15:19:58.202 708 708 I SehLight: lcd : 14+
12-31 15:19:58.203 708 708 I SehLight: lcd : 14-
12-31 15:19:58.219 708 708 I SehLight: lcd : 11+
12-31 15:19:58.219 708 708 I SehLight: lcd : 11-
12-31 15:19:58.236 708 708 I SehLight: lcd : 8+
12-31 15:19:58.236 9202 9723 I SurfaceControl: nativeRelease nativeObject s[519875428608]
12-31 15:19:58.236 9202 9723 I SurfaceControl: nativeRelease nativeObject e[519875428608]
12-31 15:19:58.236 708 708 I SehLight: lcd : 8-
12-31 15:19:58.241 9326 9326 I AppsEdge.PanelView: onConfigurationChanged()
12-31 15:19:58.243 9326 9326 I AppsEdge.Badge: getBadgeIconType 0
12-31 15:19:58.244 9326 9326 I AppsEdge.ItemView: updateBadgeCount: count=520
12-31 15:19:58.246 9326 9326 I AppsEdge.PanelContainer: onConfigurationChanged update layout for screen rotation : change to 1
12-31 15:19:58.248 9326 9326 I AppsEdge.PanelView: updateRecentItems()
12-31 15:19:58.248 9326 9326 I AppsEdge.Recent: getRecentApps()
12-31 15:19:58.248 9326 18630 I AppsEdge.Recent: RecentListAsyncTask doInBackground
12-31 15:19:58.251 9326 9326 I AbstractRemotePanelView: composeView { D=true, LP=com.samsung.android.app.cocktailbarservice.ui.panel.SepRemoteLoadablePanel@81fb50f, @=108556874, L1 LP H=1241, L2 LP H=1241, V H=1201 W=153
12-31 15:19:58.252 1087 1196 D DisplayPowerController: animateScreenStateChange: target=2, targetInternal=2, dualScreenPolicy=-1
12-31 15:19:58.252 1087 1196 D DisplayPowerController: getFinalBrightness : Summary is 5 (0.02) -> 5 (0.02)
12-31 15:19:58.252 708 708 I SehLight: lcd : 5+
12-31 15:19:58.252 708 708 I SehLight: lcd : 5-
12-31 15:19:58.255 9326 18630 I AppsEdge.DBHelper: categoryId : info = 1, categoryName = Useful apps
12-31 15:19:58.258 9326 18630 I AppsEdge.DBHelper: count=4
12-31 15:19:58.258 9326 18630 I AppsEdge.DBHelper: type=0 pos=0 id=1
12-31 15:19:58.260 9326 18630 I AppsEdge.DBHelper: item=SelectedItem : pos = 0 ComponentItem:null
12-31 15:19:58.260 9326 18630 I AppsEdge.DBHelper: type=4 pos=1 id=2
12-31 15:19:58.262 9326 18630 I AppsEdge.DBHelper: item=SelectedItem : pos = 1 PairItem:2;3;0.0;0.0;com.google.android.youtube/.app.honeycomb.Shell$HomeActivity:0&0;com.sec.android.app.sbrowser/.SBrowserMainActivity:0&0
12-31 15:19:58.262 9326 18630 I AppsEdge.DBHelper: type=0 pos=2 id=3
12-31 15:19:58.267 9326 18630 I AppsEdge.DBHelper: item=SelectedItem : pos = 2 ComponentItem:null
12-31 15:19:58.267 9326 18630 I AppsEdge.DBHelper: type=0 pos=3 id=4
12-31 15:19:58.271 9326 18630 I AppsEdge.DBHelper: item=SelectedItem : pos = 3 ComponentItem:null
12-31 15:19:58.285 9326 18630 I AppIconSolution: return adaptive icon for com.samsung.android.app.notes
12-31 15:19:58.296 9326 18630 I AppIconSolution: return adaptive icon for com.google.android.youtube
12-31 15:19:58.299 9326 18630 I AppIconSolution: return adaptive icon for com.sec.android.app.sbrowser
12-31 15:19:58.299 9326 18630 I AppIconSolution: getThemeIconWithBG called with public API, pkg = null
12-31 15:19:58.300 9326 18630 I AppIconSolution: start to load, pkg=null, bg=192-192, dr=108-108, forDefault=true, density=0
12-31 15:19:58.300 9326 18630 I AppIconSolution: getIconScale, pkg=null, size=108, iconScale=IconScale[alpha=0, scale=1.0, isCrop=true]
12-31 15:19:58.301 9326 18630 I AppIconSolution: default container[CROP], pkg=null, bg=108-108, dr=108-108
12-31 15:19:58.306 9326 18630 I AppIconSolution: return adaptive icon for com.google.android.youtube
12-31 15:19:58.314 9326 18630 I AppIconSolution: return adaptive icon for com.android.chrome
12-31 15:19:58.314 1087 1166 D ActivityTaskManager: getRecentPairTasks() maxNum :12 from 10061
12-31 15:19:58.314 1087 1166 D RecentTaskItemController: getRecentPairTasksImpl() maxNum :12 from 10061
12-31 15:19:58.347 9326 9326 I AppsEdge.PanelView: onCompleteItems()
12-31 15:19:58.348 2525 2525 I AppsEdge.Provider: onReceive send_preference_data
12-31 15:19:58.349 9326 9326 I AppIconSolution: has_icon_container is maintained so ignore icon processing, pkg = com.sec.android.app.camera
12-31 15:19:58.359 9326 9326 I AppIconSolution: return adaptive icon for org.qtproject.example.minimal_map
12-31 15:19:58.369 9326 9326 I AppIconSolution: return adaptive icon for com.android.settings
12-31 15:19:58.370 9326 9326 I AppsEdge.Badge: getBadgeIconType 0
12-31 15:19:58.371 9326 9326 I AppsEdge.ItemView: updateBadgeCount: count=520
12-31 15:19:58.372 1087 12427 D SemGameManager: getGMSBinder(), begin
12-31 15:19:58.372 1087 12427 D SemGameManager: getGMSBinder(), successful: true
12-31 15:19:58.372 1087 12427 D GameManagerService: identifyGamePackage. com.sec.android.app.launcher, mCurrentUserId: 0, callerUserId: 0
12-31 15:19:58.372 1087 12427 D PkgDataHelper: getGamePkgData(). com.sec.android.app.launcher
12-31 15:19:58.446 9326 9558 E SharedPreferencesImpl: Couldn't create directory for SharedPreferences file /data/user/0/com.samsung.android.app.appsedge/shared_prefs/pref_recent.xml
12-31 15:19:58.483 1087 1174 I WindowManager: Reparenting to original parent: Surface(name=Leaf:17:34)/@0xd7062b6, destroy=true, surface=Surface(name=WindowToken{8382aaa android.os.BinderProxy@c5ab54c})/@0xe88158f
12-31 15:19:58.483 1087 1174 I SurfaceControl: nativeRelease nativeObject s[517796780000]
12-31 15:19:58.483 1087 1174 I SurfaceControl: nativeRelease nativeObject e[517796780000]
12-31 15:19:58.485 766 803 I Layer : id=6416 removeFromCurrentState Surface(name=WindowToken{8382aaa android.os.BinderProxy@c5ab54c})/@0xe88158f - animation-leash#1 (64)
12-31 15:19:58.485 766 803 I SurfaceFlinger: id=6416 Removed Surface(name=WindowToken{8382aaa android.os.BinderProxy@c5ab54c})/@0xe88158f - animation-leash#1 (64)
12-31 15:19:58.500 766 766 I Layer : id=6416[1] Destroyed Surface(name=WindowToken{8382aaa android.os.BinderProxy@c5ab54c})/@0xe88158f - animation-leash#1
12-31 15:19:58.934 707 3008 E HYPER-HAL: [HandlerSysfs.cpp]doResourceHandling(): Couldn't Open Sysfs - /sys/power/cstate_control
12-31 15:19:58.934 707 3008 I HYPER-HAL: [ResourceManager.cpp]removeResource(): [CPUMinFreq] RemoveResource Request ID : 612190
12-31 15:19:58.934 707 3008 I HYPER-HAL: [RequestManager.cpp]releaseLocked(): Released ID : 612190
12-31 15:19:59.382 1087 5531 I ChimeraAggressivePolicyHandler: executePolicy() - triggerSource: TRIGGER_SOURCE_HOME_IDLE
12-31 15:19:59.383 1087 5531 I ChimeraAggressivePolicyHandler: available memory: 1191816, free memory target: 645120, quit chimera
12-31 15:19:59.445 707 2999 I HYPER-HAL: [RequestManager.cpp]releaseLocked(): Released ID : 1561261
12-31 15:19:59.895 707 3007 I HYPER-HAL: [ResourceManager.cpp]removeResource(): [CPUMinFreq] RemoveResource Request ID : 633413
12-31 15:19:59.895 707 3007 I HYPER-HAL: [RequestManager.cpp]releaseLocked(): Released ID : 633413
12-31 15:19:59.960 549 549 D io_stats: !@ 8,0 r 2332600 84728300 w 729599 23562412 d 300264 68828480 f 270024 354310 iot 1081616 865059 th 102400 0 0 pt 0 inp 0 0 74914.134
12-31 15:20:00.000 1087 1363 D SamsungAlarmManager: Expired : 8
12-31 15:20:00.000 1087 1363 V SamsungAlarmManager: Sending to uid : 1000 L=97e8162:TIME_TICK alarm=Alarm{e4bce55 type 3 when 824260828 android}
12-31 15:20:00.000 1087 1363 D SamsungAlarmManager: setExact (T:3/F:1/AC:false) 20211231T152100 now=824260828 - CU:1000/CP:1087/L:97e8162:TIME_TICK
12-31 15:20:00.000 1087 1363 I SamsungAlarmManager: setLocked to kernel - T:2 / 20211231T152100, set=824321399, now=824260828
12-31 15:20:00.000 1087 1363 I SamsungAlarmManager: setLocked to kernel - T:3 / 20211231T152002, set=824263328, now=824260828
12-31 15:20:00.001 1087 1363 I SamsungAlarmManager: setLocked to kernel - T:2 / 20211231T152100, set=824321399, now=824260829
12-31 15:20:00.001 1087 1363 I SamsungAlarmManager: setLocked to kernel - T:3 / 20211231T152002, set=824263328, now=824260829
12-31 15:20:00.001 5618 5618 D KeyguardUpdateMonitor: received broadcast android.intent.action.TIME_TICK
12-31 15:20:00.001 5618 5887 D QSClockBellTower: onReceive(android.intent.action.TIME_TICK) mTimeZoneString:null
12-31 15:20:00.001 5618 5618 D KeyguardUpdateMonitor: handleTimeUpdate
12-31 15:20:00.001 5618 5618 D FaceWidgetPagesController: onTimeChanged()
12-31 15:20:00.002 5618 5618 D QSClockBellTower: He is ready to ring the bell. (((QSClockBellSound - TimeText:15:20, TimeContentDescription:15:20, DateText:Fri, 31 December, ShortDateText:Fri, 31 Dec, Demofalse)))
12-31 15:20:00.002 5618 5618 D QSClockHomeIndicatorView: Home Indicator status_bar_clock notifyTimeChanged(QSClockBellSound - TimeText:15:20, TimeContentDescription:15:20, DateText:Fri, 31 December, ShortDateText:Fri, 31 Dec, Demofalse) ClockVisibleByPolicy:true, ClockVisibleByUser:true, visible?true, parent:android.widget.LinearLayout{bed0046 V.E...... ......ID 0,0-75,48 #7f0a0399 app:id/left_clock_container}
12-31 15:20:00.002 5618 5618 D QSClockBellTower: Everyone heard the bell. run(currentTime:1640960400002, getTime():Fri Dec 31 15:20:00 GMT+01:00 2021, getTimeZone():libcore.util.ZoneInfo[id="Europe/Warsaw",mRawOffset=3600000,mEarliestRawOffset=5040000,mUseDst=true,mDstSavings=3600000,transitions=168])
12-31 15:20:00.009 5618 2544 D IndicatorGardenInputProperty: updateRotation() prv:-1 >> new:0
12-31 15:20:00.009 5618 2544 D DeviceState: getDeviceResolutionPixelSize - currentDensity = 320 deviceDensity = 320 initialDisplaySizeFactor = 1200 currentDisplaySizeFactor = 1200 initialDisplayDensity = 320 proportionalDensity = 320 proportionalPixel = 0
12-31 15:20:00.009 5618 2544 D DeviceState: getDeviceResolutionPixelSize - currentDensity = 320 deviceDensity = 320 initialDisplaySizeFactor = 1200 currentDisplaySizeFactor = 1200 initialDisplayDensity = 320 proportionalDensity = 320 proportionalPixel = 0
12-31 15:20:00.009 5618 2544 D DeviceState: getDeviceResolutionPixelSize - currentDensity = 320 deviceDensity = 320 initialDisplaySizeFactor = 1200 currentDisplaySizeFactor = 1200 initialDisplayDensity = 320 proportionalDensity = 320 proportionalPixel = 0
12-31 15:20:00.550 9202 9202 I CapturePreview: canCapture status : false false false false false false
12-31 15:20:00.550 9202 9202 I CapturePreview: startCaptureScreen fail : com.android.launcher3.LauncherRootView{6d90d19 V.E...... ........ 0,0-1200,1920 #7f0a01a0 app:id/launcher aid=1073741825}
12-31 15:20:01.349 707 2993 I HYPER-HAL: [ResourceManager.cpp]removeResource(): [CPUMaxFreq] RemoveResource Request ID : 24475519
12-31 15:20:01.349 707 2993 I HYPER-HAL: [RequestManager.cpp]releaseLocked(): Released ID : 24475519
12-31 15:20:01.964 549 549 D io_stats: !@ 8,0 r 2332603 84728544 w 729600 23562420 d 300264 68828480 f 270025 354311 iot 1081620 865061 th 102400 0 0 pt 0 inp 0 0 74916.137
12-31 15:20:02.094 766 766 I SurfaceFlinger: SFWD update time=74916270358221
12-31 15:20:02.500 1087 1363 D SamsungAlarmManager: Expired : 8
12-31 15:20:02.502 1087 1363 V SamsungAlarmManager: Sending to uid : 10125 action=com.samsung.action.EVERY_MINUTE_CLOCK_UPDATE alarm=Alarm{6dcd95b type 1 when 1640960400000 com.sec.android.app.launcher}
12-31 15:20:02.503 1087 1363 D ActivityManager: Received BROADCAST intent 0x6a6999b Key{broadcastIntent pkg=com.sec.android.app.launcher intent=act=com.samsung.action.EVERY_MINUTE_CLOCK_UPDATE flags=0x0 u=0} requestCode=0 sent=0 from uid 1000
12-31 15:20:02.504 9202 9202 I LiveIconUpdateEventHandler: onReceive: com.samsung.action.EVERY_MINUTE_CLOCK_UPDATE
12-31 15:20:02.504 1087 1363 I SamsungAlarmManager: setLocked to kernel - T:2 / 20211231T152100, set=824321399, now=824263332
12-31 15:20:02.504 9202 9202 I LiveIconUpdateEventHandler: updateLiveIcon type:0
12-31 15:20:02.504 1087 1363 I SamsungAlarmManager: setLocked to kernel - T:3 / 20211231T152022, set=824283557, now=824263332
12-31 15:20:02.504 9202 9202 I LiveIconViewUpdater: onUpdateLiveIcon -1
12-31 15:20:02.504 9202 9202 E libprocessgroup: set_timerslack_ns write failed: Operation not permitted
12-31 15:20:02.504 9202 9202 I LiveIconViewUpdater: onUpdateLiveIcon 61
12-31 15:20:02.505 9202 9202 I LiveIconUpdateEventHandler: cancelMinuteChangeAlarm
12-31 15:20:02.505 1087 1166 D SamsungAlarmManager: Cancel Alarm calling from uid:10125 pid :9202 / OP:PendingIntent{c7fad1: PendingIntentRecord{6a6999b com.sec.android.app.launcher broadcastIntent}}
12-31 15:20:02.506 9202 9202 I LiveIconUpdateEventHandler: setMinuteChangeAlarm
12-31 15:20:02.506 9202 9275 I Launcher.BaseIconFactory: mIconBitmapSize = 138, fillResIconDpi: 640
12-31 15:20:02.506 1087 5564 D SamsungAlarmManager: setInexact (T:1/F:0/AC:false) 20211231T152100 now=824263334 - CU:10125/CP:9202/OP:PendingIntent{237a936: PendingIntentRecord{6a6999b com.sec.android.app.launcher broadcastIntent}}
12-31 15:20:02.506 1087 5564 I SamsungAlarmManager: setLocked to kernel - T:2 / 20211231T152100, set=824321399, now=824263334
12-31 15:20:02.506 1087 5564 I SamsungAlarmManager: setLocked to kernel - T:3 / 20211231T152022, set=824283557, now=824263334
12-31 15:20:02.516 9202 9275 I AppIconSolution: has_icon_container is maintained so ignore icon processing, pkg = com.sec.android.app.clockpackage
12-31 15:20:02.516 9202 9275 I ApplicationPackageManager: we has com.sec.android.app.clockpackage class. reuse it
12-31 15:20:02.517 9202 9275 I LiveIconUtil: getLiveIcon was called in ClockPackage
12-31 15:20:02.517 9202 9275 I LiveIconUtil: getLiveIcon res = com.sec.android.app.clockpackage
12-31 15:20:02.517 9202 9275 I LiveIconUtil: stdIconSize : 96 , targetIconSize : 148
12-31 15:20:02.518 9202 9275 I LiveIconUtil: mIconDpi : 640 , mTargetIconDpi : 320
12-31 15:20:02.543 9202 9275 I AppIconSolution: load= live icon for com.sec.android.app.clockpackage, from overlay = false
12-31 15:20:02.547 9202 9275 I LauncherActivityInfo: Load live icon for com.sec.android.app.clockpackage
12-31 15:20:02.547 9202 9275 I LauncherActivityInfo: packageName: com.sec.android.app.clockpackage, useThemeIcon: false, height: 288, width: 288, density: 640
12-31 15:20:02.551 9202 9202 E libprocessgroup: set_timerslack_ns write failed: Operation not permitted
12-31 15:20:02.566 695 901 D gralloc : [mali_gralloc_allocate] begin
12-31 15:20:02.566 695 901 D gralloc : buffer_descriptor: wh(1200 1920) usage_pc(0x40000000000b00 0x40000000000b00) hal_format(0x1) layer_count(1) sizes(0 0 0) strde(0) byte_stride(0) alloc_wh(0 0) internal_format(0x0) alloc_format(0x0) fd_count(1) plane_count(0)
12-31 15:20:02.567 695 901 D gralloc : [mali_gralloc_allocate] allocation successful
12-31 15:20:02.619 821 1335 I Camera3-Device: disconnectImpl: E
12-31 15:20:02.619 821 1335 D Camera3-Device: disconnectImpl: mInterfaceLock.unlock()
12-31 15:20:02.619 821 1335 D CameraService: BasicClient::disconnect E
12-31 15:20:02.619 821 1335 D CameraService: BasicClient::disconnect X - already disconnected
12-31 15:20:02.619 821 1335 I Camera2ClientBase: Closed Camera 0. Client was: com.sec.android.app.camera (PID 28370, UID 10098)
12-31 15:20:02.619 821 1335 I Camera3-Device: disconnectImpl: E
12-31 15:20:02.619 821 1335 D Camera3-Device: disconnectImpl: mInterfaceLock.unlock()
12-31 15:20:02.619 821 1335 D Camera3-RequestInjector: RequestInjector[0] Mapper destroyed
