12-31 15:19:57.321 713 22923 I ExynosCameraPipe: [CAM(0)][PIPE_PP_SINGLE0]-(m_dumpRunningFrameList[1681]):*********runningFrameList dump***********
12-31 15:19:57.321 713 22923 I ExynosCameraPipe: [CAM(0)][PIPE_PP_SINGLE0]-(m_dumpRunningFrameList[1682]):m_numBuffers : 0
12-31 15:19:57.321 713 22923 I ExynosCameraPipe: [CAM(0)][PIPE_GSC]-(m_dumpRunningFrameList[1680]):last fcount(HAL:0, DRV:0)
12-31 15:19:57.321 713 22923 I ExynosCameraPipe: [CAM(0)][PIPE_GSC]-(m_dumpRunningFrameList[1681]):*********runningFrameList dump***********
12-31 15:19:57.321 713 22923 I ExynosCameraPipe: [CAM(0)][PIPE_GSC]-(m_dumpRunningFrameList[1682]):m_numBuffers : 0
12-31 15:19:57.321 713 22923 I ExynosCameraFrameFactoryPreviewSec: [CAM(0)][Back_0]-(stopPipes[1282]):Stopping Success!
12-31 15:19:57.321 713 22923 I ExynosCameraFrameReprocessingFactory: [CAM(0)][Back_0]-(stopPipes[901]):
12-31 15:19:57.321 713 22923 W ExynosCameraParameters: [CAM(0)][Back_0]-(m_getReprocessing3aaIspOtf[5965]):Processed bayer must using 3AA-ISP M2M. but, Current mode(1)
12-31 15:19:57.321 713 22923 I ExynosCameraMCPipe: [CAM(0)][PIPE_ISP_REPROCESSING]-(stopThread[410]):stopThread is succeed, Pipe(207)
12-31 15:19:57.321 713 22923 W ExynosCameraParameters: [CAM(0)][Back_0]-(m_getReprocessing3aaIspOtf[5965]):Processed bayer must using 3AA-ISP M2M. but, Current mode(1)
12-31 15:19:57.321 713 22923 I ExynosCameraMCPipe: [CAM(0)][PIPE_ISP_REPROCESSING]-(stop[351]):stop() is succeed, Pipe(207)
12-31 15:19:57.322 713 22923 I ExynosCameraPipe: [CAM(0)][PIPE_JPEG_REPROCESSING]-(m_dumpRunningFrameList[1680]):last fcount(HAL:0, DRV:0)
12-31 15:19:57.322 713 22923 I ExynosCameraPipe: [CAM(0)][PIPE_JPEG_REPROCESSING]-(m_dumpRunningFrameList[1681]):*********runningFrameList dump***********
12-31 15:19:57.322 713 22923 I ExynosCameraPipe: [CAM(0)][PIPE_JPEG_REPROCESSING]-(m_dumpRunningFrameList[1682]):m_numBuffers : 0
12-31 15:19:57.322 713 22923 I ExynosCameraPipe: [CAM(0)][PIPE_PP_UNI_REPROCESSING]-(m_dumpRunningFrameList[1680]):last fcount(HAL:0, DRV:0)
12-31 15:19:57.322 713 22923 I ExynosCameraPipe: [CAM(0)][PIPE_PP_UNI_REPROCESSING]-(m_dumpRunningFrameList[1681]):*********runningFrameList dump***********
12-31 15:19:57.322 713 22923 I ExynosCameraPipe: [CAM(0)][PIPE_PP_UNI_REPROCESSING]-(m_dumpRunningFrameList[1682]):m_numBuffers : 0
12-31 15:19:57.322 713 22923 I ExynosCameraPipe: [CAM(0)][PIPE_PP_UNI_REPROCESSING2]-(m_dumpRunningFrameList[1680]):last fcount(HAL:0, DRV:0)
12-31 15:19:57.322 713 22923 I ExynosCameraPipe: [CAM(0)][PIPE_PP_UNI_REPROCESSING2]-(m_dumpRunningFrameList[1681]):*********runningFrameList dump***********
12-31 15:19:57.322 713 22923 I ExynosCameraPipe: [CAM(0)][PIPE_PP_UNI_REPROCESSING2]-(m_dumpRunningFrameList[1682]):m_numBuffers : 0
12-31 15:19:57.322 713 22923 I ExynosCameraPipe: [CAM(0)][PIPE_PP_UNI_RAW_REPROCESSING]-(m_dumpRunningFrameList[1680]):last fcount(HAL:0, DRV:0)
12-31 15:19:57.322 713 22923 I ExynosCameraPipe: [CAM(0)][PIPE_PP_UNI_RAW_REPROCESSING]-(m_dumpRunningFrameList[1681]):*********runningFrameList dump***********
12-31 15:19:57.322 713 22923 I ExynosCameraPipe: [CAM(0)][PIPE_PP_UNI_RAW_REPROCESSING]-(m_dumpRunningFrameList[1682]):m_numBuffers : 0
12-31 15:19:57.322 713 22923 I ExynosCameraPipe: [CAM(0)][PIPE_GSC_REPROCESSING2]-(m_dumpRunningFrameList[1680]):last fcount(HAL:0, DRV:0)
12-31 15:19:57.322 713 22923 I ExynosCameraPipe: [CAM(0)][PIPE_GSC_REPROCESSING2]-(m_dumpRunningFrameList[1681]):*********runningFrameList dump***********
12-31 15:19:57.322 713 22923 I ExynosCameraPipe: [CAM(0)][PIPE_GSC_REPROCESSING2]-(m_dumpRunningFrameList[1682]):m_numBuffers : 0
12-31 15:19:57.322 713 22923 I ExynosCameraPipe: [CAM(0)][PIPE_GSC_REPROCESSING3]-(m_dumpRunningFrameList[1680]):last fcount(HAL:0, DRV:0)
12-31 15:19:57.322 713 22923 I ExynosCameraPipe: [CAM(0)][PIPE_GSC_REPROCESSING3]-(m_dumpRunningFrameList[1681]):*********runningFrameList dump***********
12-31 15:19:57.322 713 22923 I ExynosCameraPipe: [CAM(0)][PIPE_GSC_REPROCESSING3]-(m_dumpRunningFrameList[1682]):m_numBuffers : 0
12-31 15:19:57.322 713 22923 I ExynosCameraFrameReprocessingFactory: [CAM(0)][Back_0]-(stopPipes[1117]):Stopping Reprocessing [3AA>MCSC] Success!
12-31 15:19:57.322 713 22923 I ExynosCameraRequestManager: [CAM(0)][]-(dump[3128]):Type[0] = Last Key(0)
12-31 15:19:57.322 713 22923 I ExynosCameraRequestManager: [CAM(0)][]-(dump[3128]):Type[1] = Last Key(0)
12-31 15:19:57.322 713 22923 I ExynosCameraRequestManager: [CAM(0)][]-(dump[3128]):Type[2] = Last Key(0)
12-31 15:19:57.322 713 22923 I ExynosCameraRequestManager: [CAM(0)][]-(dump[3128]):Type[3] = Last Key(0)
12-31 15:19:57.322 713 22923 I ExynosCameraRequestManager: [CAM(0)][]-(dump[3128]):Type[4] = Last Key(0)
12-31 15:19:57.322 713 22923 I ExynosCameraRequestManager: [CAM(0)][]-(dump[3128]):Type[5] = Last Key(0)
12-31 15:19:57.322 713 22923 I ExynosCameraRequestManager: [CAM(0)][]-(m_printRequestInfo[2048]):[R252] serviceFrameCount(0), (0xee3fc280) frame_number(252), outputNum(1)
12-31 15:19:57.322 713 22923 I ExynosCameraRequestManager: [CAM(0)][]-(m_printRequestInfo[2055]):[R252] result status (Notify 0, Partial 0, Buffer 0, All 0)
12-31 15:19:57.322 713 22923 I ExynosCameraRequestManager: [CAM(0)][]-(m_printRequestInfo[2048]):[R248] serviceFrameCount(250), (0xee3fc180) frame_number(248), outputNum(1)
12-31 15:19:57.322 713 22923 I ExynosCameraRequestManager: [CAM(0)][]-(m_printRequestInfo[2055]):[R248] result status (Notify 0, Partial 0, Buffer 0, All 0)
12-31 15:19:57.322 713 22923 I ExynosCameraRequestManager: [CAM(0)][]-(m_printRequestInfo[2048]):[R249] serviceFrameCount(251), (0xee3fc1c0) frame_number(249), outputNum(1)
12-31 15:19:57.322 713 22923 I ExynosCameraRequestManager: [CAM(0)][]-(m_printRequestInfo[2055]):[R249] result status (Notify 0, Partial 0, Buffer 0, All 0)
12-31 15:19:57.322 713 22923 I ExynosCameraRequestManager: [CAM(0)][]-(m_printRequestInfo[2048]):[R250] serviceFrameCount(252), (0xee3fc4c0) frame_number(250), outputNum(1)
12-31 15:19:57.322 713 22923 I ExynosCameraRequestManager: [CAM(0)][]-(m_printRequestInfo[2055]):[R250] result status (Notify 0, Partial 0, Buffer 0, All 0)
12-31 15:19:57.322 713 22923 I ExynosCameraRequestManager: [CAM(0)][]-(m_printRequestInfo[2048]):[R251] serviceFrameCount(253), (0xee3fc4e0) frame_number(251), outputNum(1)
12-31 15:19:57.322 713 22923 I ExynosCameraRequestManager: [CAM(0)][]-(m_printRequestInfo[2055]):[R251] result status (Notify 0, Partial 0, Buffer 0, All 0)
12-31 15:19:57.323 713 22923 I ExynosCameraRequestManager: [CAM(0)][]-(m_printRequestInfo[2048]):[R252] serviceFrameCount(0), (0xee3fc280) frame_number(252), outputNum(1)
12-31 15:19:57.323 713 22923 I ExynosCameraRequestManager: [CAM(0)][]-(m_printRequestInfo[2055]):[R252] result status (Notify 0, Partial 0, Buffer 0, All 0)
12-31 15:19:57.323 713 22923 W ExynosCameraRequestManager: [CAM(0)][]-(m_callbackOpsNotify[2952]):msg frame(248) type(1) errorCode(2)
12-31 15:19:57.323 821 1335 E CameraDeviceClient: notifyError: pid=28370, errorCode=3, errorStreamId=0, frameNumber=248
12-31 15:19:57.323 821 1335 E CameraDeviceClient: notifyError: pid=28370, skipClientNotification=false
12-31 15:19:57.323 821 1335 E Camera3-OutputStream: returnBufferCheckedLocked: A frame is dropped for stream 1 frame 248 , due to buffer error.
12-31 15:19:57.324 713 22923 W ExynosCameraRequestManager: [CAM(0)][]-(m_callbackOpsNotify[2952]):msg frame(249) type(1) errorCode(2)
12-31 15:19:57.324 821 1335 E CameraDeviceClient: notifyError: pid=28370, errorCode=3, errorStreamId=0, frameNumber=249
12-31 15:19:57.324 821 1335 E CameraDeviceClient: notifyError: pid=28370, skipClientNotification=false
12-31 15:19:57.324 821 1335 E Camera3-OutputStream: returnBufferCheckedLocked: A frame is dropped for stream 1 frame 249 , due to buffer error.
12-31 15:19:57.324 713 22923 W ExynosCameraRequestManager: [CAM(0)][]-(m_callbackOpsNotify[2952]):msg frame(250) type(1) errorCode(2)
12-31 15:19:57.324 821 1335 E CameraDeviceClient: notifyError: pid=28370, errorCode=3, errorStreamId=0, frameNumber=250
12-31 15:19:57.324 821 1335 E CameraDeviceClient: notifyError: pid=28370, skipClientNotification=false
12-31 15:19:57.325 821 1335 E Camera3-OutputStream: returnBufferCheckedLocked: A frame is dropped for stream 1 frame 250 , due to buffer error.
12-31 15:19:57.325 713 22923 W ExynosCameraRequestManager: [CAM(0)][]-(m_callbackOpsNotify[2952]):msg frame(251) type(1) errorCode(2)
12-31 15:19:57.325 821 1335 E CameraDeviceClient: notifyError: pid=28370, errorCode=3, errorStreamId=0, frameNumber=251
12-31 15:19:57.325 821 1335 E CameraDeviceClient: notifyError: pid=28370, skipClientNotification=false
12-31 15:19:57.325 713 22923 E ExynosCameraRequestManager: [CAM(-1)][]-(getAcquireFenceDone[1096]):[R251 F253] m_pop failed, handle is not EXIST
12-31 15:19:57.325 821 1335 E Camera3-OutputStream: returnBufferCheckedLocked: A frame is dropped for stream 1 frame 251 , due to buffer error.
12-31 15:19:57.325 713 22923 W ExynosCameraRequestManager: [CAM(0)][]-(m_callbackOpsNotify[2952]):msg frame(252) type(1) errorCode(2)
12-31 15:19:57.325 821 1335 E CameraDeviceClient: notifyError: pid=28370, errorCode=3, errorStreamId=0, frameNumber=252
12-31 15:19:57.325 821 1335 E CameraDeviceClient: notifyError: pid=28370, skipClientNotification=false
12-31 15:19:57.326 713 22923 E ExynosCameraRequestManager: [CAM(-1)][]-(getAcquireFenceDone[1096]):[R252 F0] m_pop failed, handle is not EXIST
12-31 15:19:57.326 821 1335 E Camera3-OutputStream: returnBufferCheckedLocked: A frame is dropped for stream 1 frame 252 , due to buffer error.
12-31 15:19:57.326 821 1335 I Camera3-Status: markComponent: Component 2 is now idle - streamId = 1, format = 35, width = 1920, height = 1440, option = 1
12-31 15:19:57.326 821 1335 I Camera3-IOStreamBase: FpsStats: stream 1, requested=253, received=253, valid=246, invalid=7
12-31 15:19:57.326 821 1335 I Camera3-Status: markComponent: Component 0 is now idle - InFlightStatus
12-31 15:19:57.326 821 2883 I CameraService: updateProxyDeviceState: notifyCameraState for Camera ID 0, newState 2, facing 0, clientName com.sec.android.app.camera, apiLevel 2
12-31 15:19:57.326 713 22923 I ExynosCameraBufferManager: [CAM(0)][SKIP_BUF]-(resetBuffers[1338]):OUT.. Buffer is not allocated
12-31 15:19:57.327 5618 5654 I CameraManagerGlobal: Camera 0 facing CAMERA_FACING_BACK state now CAMERA_STATE_IDLE for client com.sec.android.app.camera API Level 2
12-31 15:19:57.327 6983 7006 I CameraManagerGlobal: Camera 0 facing CAMERA_FACING_BACK state now CAMERA_STATE_IDLE for client com.sec.android.app.camera API Level 2
12-31 15:19:57.327 6983 7006 I CameraManagerGlobal: onCameraDeviceStateChangedLocked: post device state update
12-31 15:19:57.327 6983 7006 I CameraManagerGlobal: onCameraDeviceStateChangedLocked: post device state update
12-31 15:19:57.327 1087 5668 I CameraManagerGlobal: Camera 0 facing CAMERA_FACING_BACK state now CAMERA_STATE_IDLE for client com.sec.android.app.camera API Level 2
12-31 15:19:57.327 28370 30736 I CameraManagerGlobal: Camera 0 facing CAMERA_FACING_BACK state now CAMERA_STATE_IDLE for client com.sec.android.app.camera API Level 2
12-31 15:19:57.335 713 22923 I ExynosCameraInterface: INFO(HAL3_camera_device_flush[503]):out =====
12-31 15:19:57.335 713 22923 I ExynosCameraInterface: DEBUG:duration time( 140 msec):(HAL3_camera_device_flush)
12-31 15:19:57.335 821 1335 D Camera3-Device: flush: mInterfaceLock.unlock()
12-31 15:19:57.335 28370 28370 I CamDeviceImpl-0: setCaptureState - captureState 0
12-31 15:19:57.335 28370 28370 I CameraPerformance: Device - StopPreviewRequest : End[1640960397335] [141]
12-31 15:19:57.335 28370 28370 I Request : StopPreviewRequest - End
12-31 15:19:57.335 28370 28370 I CommonEngine: changeState : PREVIEW_STOPPING -> CONNECTED
12-31 15:19:57.335 28370 28370 I RequestQueue: afterExecute : STOP_PREVIEW(5000)
12-31 15:19:57.335 28370 28370 I RequestQueue: [ ] []
12-31 15:19:57.335 28370 28370 I RequestQueue: addRequest : CLOSE_CAMERA, 0
12-31 15:19:57.335 28370 28370 I RequestQueue: beforeExecute : CLOSE_CAMERA(7000)
12-31 15:19:57.336 28370 28370 I CommonEngine: changeState : CONNECTED -> CLOSING
12-31 15:19:57.336 28370 28370 I RequestQueue: [7000] []
12-31 15:19:57.336 28370 28370 I Request : CloseCameraRequest - Start
12-31 15:19:57.336 28370 28370 I CameraPerformance: Device - CloseCameraRequest(ID:0) : Start[1640960397336]
12-31 15:19:57.336 28370 28370 I CameraHolder: closeCamera
12-31 15:19:57.336 28370 28370 I CameraHolder: closeCamera : deviceId = 0
12-31 15:19:57.336 28370 28370 I CamDeviceImpl-0: close E - cameraDevice(4eb16cf)
12-31 15:19:57.336 28370 28370 I CamDeviceImpl-0: setRepeatingState - repeatingState REPEATING_STOPPED
12-31 15:19:57.336 28370 2876 I CamDeviceImpl-0: post SessionCallback(onDeviceClosed)
12-31 15:19:57.336 28370 2876 I AutoBeautyPhotoMaker: onDeviceClosed E - sessionStateCallback(d2551bf)
12-31 15:19:57.336 28370 2876 I AutoBeautyPhotoMaker: setCamDeviceSessionState E : DEVICE_CLOSED
12-31 15:19:57.336 821 1335 E CameraDeviceClient: Disconnect from CameraDeviceClient
12-31 15:19:57.336 28370 2876 I P_PhotoMakerBase: onCamDeviceClosed
12-31 15:19:57.336 821 1335 D CameraDeviceClient: disconnect:stop IT Policy checking thread
12-31 15:19:57.336 28370 2876 I AutoBeautyPhotoMaker: CamDeviceSessionState is changed - CONNECTED -> DEVICE_CLOSED
12-31 15:19:57.336 28370 2876 I AutoBeautyPhotoMaker: setCamDeviceSessionState X
12-31 15:19:57.336 821 1335 E Camera2-FrameProcessorBase: removeListener:
12-31 15:19:57.336 28370 2871 I CamDeviceImpl-0: PrevCaptureCallback onCaptureSequenceCompleted - session fb1a2e9, sequenceId 1, frameNumber 252
12-31 15:19:57.336 28370 2876 I P_PhotoMakerBase: releaseMaker E
12-31 15:19:57.336 28370 2876 I PictureProcessorManager: deinitialize E
12-31 15:19:57.337 28370 2876 I ContDetectorDummyNode: release
12-31 15:19:57.337 28370 2876 W ContDetectorDummyNode: deinitialize is called in dummy node
12-31 15:19:57.337 28370 2876 I ExternalJpegNode: release
12-31 15:19:57.337 28370 2876 I ExternalJpegNode: deinitialize
12-31 15:19:57.337 28370 2876 W ExternalJpegNode: deinitialize - already node is deInitialized, ignore
12-31 15:19:57.337 28370 2876 I SecHeifNode: release
12-31 15:19:57.337 28370 2876 I SecHeifNode: deinitialize
12-31 15:19:57.337 28370 2876 W SecHeifNode: deinitialize - already node is deInitialized, ignore
12-31 15:19:57.337 28370 2876 I SecEffectProcessorNode: release
12-31 15:19:57.337 28370 2876 I SecEffectProcessorNode: deinitialize
12-31 15:19:57.337 28370 2876 W SecEffectProcessorNode: deinitialize - already node is deInitialized, ignore
12-31 15:19:57.337 28370 2876 I ExternalJpegNode: release
12-31 15:19:57.337 28370 2876 I ExternalJpegNode: deinitialize
12-31 15:19:57.337 28370 2876 W ExternalJpegNode: deinitialize - already node is deInitialized, ignore
12-31 15:19:57.337 28370 2876 I SecHeifNode: release
12-31 15:19:57.337 28370 2876 I SecHeifNode: deinitialize
12-31 15:19:57.337 28370 2876 W SecHeifNode: deinitialize - already node is deInitialized, ignore
12-31 15:19:57.337 28370 2876 I SefNode : release
12-31 15:19:57.337 28370 2876 I SefNode : deinitialize
12-31 15:19:57.337 28370 2876 W SefNode : deinitialize - already node is deInitialized, ignore
12-31 15:19:57.337 28370 2876 I SuperResolutionDummyNod: release
12-31 15:19:57.337 28370 2876 W SuperResolutionDummyNod: deinitialize is called in dummy node
12-31 15:19:57.337 28370 2876 I HighResDummyNode: release
12-31 15:19:57.337 28370 2876 W HighResDummyNode: deinitialize is called in dummy node
12-31 15:19:57.337 28370 2876 I SecLocaltmNode: release
12-31 15:19:57.337 28370 2876 I SecLocaltmNode: deinitialize
12-31 15:19:57.337 28370 2876 W SecLocaltmNode: deinitialize - already node is deInitialized, ignore
12-31 15:19:57.337 28370 2876 I AllInFocusDummyNode: release
12-31 15:19:57.337 28370 2876 W AllInFocusDummyNode: deinitialize is called in dummy node
12-31 15:19:57.337 28370 2876 I UltraLensDistortionDumm: release
12-31 15:19:57.337 28370 2876 W UltraLensDistortionDumm: deinitialize is called in dummy node
12-31 15:19:57.337 28370 2876 I UwSuperResolutionDummyN: release
12-31 15:19:57.337 28370 2876 W UwSuperResolutionDummyN: deinitialize is called in dummy node
12-31 15:19:57.337 28370 2876 I SuperResolutionRawDummy: release
12-31 15:19:57.337 28370 2876 W SuperResolutionRawDummy: deinitialize is called in dummy node
12-31 15:19:57.337 28370 2876 I SsHdrDummyNode: release
12-31 15:19:57.337 28370 2876 W SsHdrDummyNode: deinitialize is called in dummy node
12-31 15:19:57.337 28370 2876 I SrDeblurDummyNode: release
12-31 15:19:57.337 28370 2876 W SrDeblurDummyNode: deinitialize is called in dummy node
12-31 15:19:57.337 28370 2876 I V1/ArcLlHdrNode: release
12-31 15:19:57.337 28370 2876 I V1/ArcLlHdrNode: deinitialize
12-31 15:19:57.337 28370 2876 W V1/ArcLlHdrNode: deinitialize - already node is deInitialized, ignore
12-31 15:19:57.338 28370 2876 I SocialImgEnhanceDummyNo: release
12-31 15:19:57.338 28370 2876 W SocialImgEnhanceDummyNo: deinitialize is called in dummy node
12-31 15:19:57.338 28370 2876 I SingleInFocusDummyNode: release
12-31 15:19:57.338 28370 2876 W SingleInFocusDummyNode: deinitialize is called in dummy node
12-31 15:19:57.338 28370 2876 I V1/ArcMfHdrNode: release
12-31 15:19:57.338 28370 2876 I V1/ArcMfHdrNode: deinitialize
12-31 15:19:57.338 28370 2876 W V1/ArcMfHdrNode: deinitialize - already node is deInitialized, ignore
12-31 15:19:57.338 821 1335 D Camera3-Device: flush: mInterfaceLock.lock()
12-31 15:19:57.338 28370 2876 I V1/MpiHifiLlsNode: release
12-31 15:19:57.338 28370 2876 I V1/MpiHifiLlsNode: deinitialize
12-31 15:19:57.338 821 1335 I Camera3-Device: startWatching : Start watching status = mRequestThread->flush();
12-31 15:19:57.338 28370 2876 W V1/MpiHifiLlsNode: deinitialize - already node is deInitialized, ignore
12-31 15:19:57.338 28370 2876 I PictureProcessorManager: deinitialize X
12-31 15:19:57.338 28370 2876 I V1/IntelligentGuideNode: release
12-31 15:19:57.338 28370 2876 I V1/IntelligentGuideNode: deinitialize
12-31 15:19:57.338 28370 2876 W V1/IntelligentGuideNode: deinitialize - already node is deInitialized, ignore
12-31 15:19:57.338 28370 2876 I SecEffectProcessorNode: release
12-31 15:19:57.338 28370 2876 I SecEffectProcessorNode: deinitialize
12-31 15:19:57.338 713 22923 I ExynosCameraInterface: INFO(HAL3_camera_device_flush[493]):in =====
12-31 15:19:57.338 28370 2876 W SecEffectProcessorNode: deinitialize - already node is deInitialized, ignore
12-31 15:19:57.338 28370 2876 I AutoBeautyPhotoMaker: releaseMaker
12-31 15:19:57.338 28370 2876 I AutoBeautyPhotoMaker: Deleting Private Surface
12-31 15:19:57.338 28370 2876 I P_PhotoMakerBase: releaseMaker X
12-31 15:19:57.338 28370 2876 I AutoBeautyPhotoMaker: releaseMaker
12-31 15:19:57.338 28370 2876 I AgifNode: release
12-31 15:19:57.338 28370 2876 I AgifNode: deinitialize
12-31 15:19:57.338 28370 2876 I V4/SecBeautyNode: release
12-31 15:19:57.338 28370 2876 I V4/SecBeautyNode: deinitialize
12-31 15:19:57.338 28370 2876 I BeautySolution: release E [0]
12-31 15:19:57.338 28370 2876 I BeautySolution: ArcBeautyEngine::Release E
12-31 15:19:57.338 28370 2876 I BeautySolution: m_BeautyShot_Video_Algorithm::release[0x79160d0280]
12-31 15:19:57.338 28370 2876 I BeautySolution: m_BeautyShot_Image_Algorithm::release[0x79160d1be0]
12-31 15:19:57.338 28370 2876 I BeautySolution: ArcBeautyEngine::Release X
12-31 15:19:57.338 28370 2876 I BeautySolution: release X [0]
12-31 15:19:57.338 28370 2876 I BeautySolution: ArcBeautyEngine::Release E
12-31 15:19:57.338 28370 2876 I BeautySolution: ArcBeautyEngine::Release X
12-31 15:19:57.339 28370 2876 I SecHeifNode: release
12-31 15:19:57.339 28370 2876 I SecHeifNode: deinitialize
12-31 15:19:57.339 28370 2876 W SecHeifNode: deinitialize - already node is deInitialized, ignore
12-31 15:19:57.339 28370 2876 I ExternalJpegNode: release
12-31 15:19:57.339 28370 2876 I ExternalJpegNode: deinitialize
12-31 15:19:57.339 28370 2876 W ExternalJpegNode: deinitialize - already node is deInitialized, ignore
12-31 15:19:57.339 28370 2876 I V2/SrcbSmartScanNode: release
12-31 15:19:57.339 28370 2876 I V2/SrcbSmartScanNode: deinitialize
12-31 15:19:57.339 28370 2876 W V2/SrcbSmartScanNode: deinitialize - already node is deInitialized, ignore
12-31 15:19:57.339 28370 2876 I V1/SribStarEffectNode: release
12-31 15:19:57.339 28370 2876 I V1/SribStarEffectNode: deinitialize
12-31 15:19:57.339 28370 2876 I WaterMarkNode: release
12-31 15:19:57.339 28370 2876 I WaterMarkNode: deinitialize
12-31 15:19:57.339 28370 2876 W WaterMarkNode: deinitialize - already node is deInitialized, ignore
12-31 15:19:57.339 28370 2876 I V4/SecBeautyNode: release
12-31 15:19:57.339 28370 2876 I V4/SecBeautyNode: deinitialize
12-31 15:19:57.339 28370 2876 I V1/SribStarEffectNode: release
12-31 15:19:57.339 28370 2876 I V1/SribStarEffectNode: deinitialize
12-31 15:19:57.339 28370 2876 I SaivQRCodeNode: release
12-31 15:19:57.339 28370 2876 I SaivQRCodeNode: deinitialize
12-31 15:19:57.339 28370 2876 W SaivQRCodeNode: deinitialize - already node is deInitialized, ignore
12-31 15:19:57.339 28370 2876 I SribSceneDetectionNode: release
12-31 15:19:57.339 28370 2876 I SribSceneDetectionNode: deinitialize
12-31 15:19:57.340 28370 2876 I SribSceneDetectionNode: onDeinitialized E
12-31 15:19:57.340 28370 2876 I SribSceneDetectionNode: onDeinitialized X
12-31 15:19:57.340 28370 2876 I V1/IntelligentGuideNode: release
12-31 15:19:57.340 28370 2876 I V1/IntelligentGuideNode: deinitialize
12-31 15:19:57.340 28370 2876 W V1/IntelligentGuideNode: deinitialize - already node is deInitialized, ignore
12-31 15:19:57.340 28370 2876 I PolarrCompositionGuideN: release
12-31 15:19:57.340 28370 2876 I PolarrCompositionGuideN: deinitialize
12-31 15:19:57.340 28370 2876 W PolarrCompositionGuideN: deinitialize - already node is deInitialized, ignore
12-31 15:19:57.340 28370 2876 I V2/SrcbSmartScanNode: release
12-31 15:19:57.340 28370 2876 I V2/SrcbSmartScanNode: deinitialize
12-31 15:19:57.340 28370 2876 W V2/SrcbSmartScanNode: deinitialize - already node is deInitialized, ignore
12-31 15:19:57.340 28370 2876 I DmcPalmNode: release
12-31 15:19:57.340 28370 2876 I DmcPalmNode: deinitialize
12-31 15:19:57.340 28370 2876 W DmcPalmNode: deinitialize - already node is deInitialized, ignore
12-31 15:19:57.341 28370 2876 I AutoBeautyPhotoMaker: onDeviceClosed X - sessionStateCallback(d2551bf)
12-31 15:19:57.342 28370 2991 I BIPLAB_DEBUG: Releasing Scene Detector.
12-31 15:19:57.343 28370 2991 I SensorAnalyzer: JK Debug sensor analyzer deinit
12-31 15:19:57.344 1087 5668 D SensorService: removeConnection, index : 0, size : 1
12-31 15:19:57.344 1087 5668 D SensorService: # removeConnection, index : 0, size : 0
12-31 15:19:57.344 1087 5668 D SensorService: Calling activate off 1936484718
12-31 15:19:57.344 702 702 I Sensors : batch(0) - accelerometer_sensor try to batching with 66667000
12-31 15:19:57.346 713 22923 I ExynosCameraInterface: INFO(HAL3_camera_device_flush[503]):out =====
12-31 15:19:57.346 713 22923 I ExynosCameraInterface: DEBUG:duration time( 8 msec):(HAL3_camera_device_flush)
12-31 15:19:57.346 821 1335 D Camera3-Device: flush: mInterfaceLock.unlock()
12-31 15:19:57.346 821 1335 D Camera3-Device: waitUntilDrainedLocked: Camera 0: Waiting until idle (5000000000ns)
12-31 15:19:57.346 821 1335 D Camera3-Device: waitUntilDrained: mInterfaceLock.unlock()
12-31 15:19:57.346 821 1335 I Camera3-Device: disconnectImpl: E
12-31 15:19:57.346 821 1335 I CameraLatencyHistogram: ProcessCaptureRequest latency histogram (253) samples:
12-31 15:19:57.346 1087 1173 W ActivityTaskManager: Activity pause timeout for ActivityRecord{16760b5 u0 com.sec.android.app.camera/.Camera t277 f}}
12-31 15:19:57.346 821 1335 I CameraLatencyHistogram: 40 80 120 160 200 240 280 320 360 inf (max ms)
12-31 15:19:57.346 821 1335 I CameraLatencyHistogram: 1.58 0.00 98.02 0.00 0.40 0.00 0.00 0.00 0.00 0.00 (%)
12-31 15:19:57.347 702 702 I Sensors : RotationVector old sensor_state 131715, new sensor_state : 643 en : 0
12-31 15:19:57.347 821 1335 I Camera3-Device: startWatching : Start watching interface->close();
12-31 15:19:57.347 821 1335 D Camera3-Device: CameraPerf: close E
12-31 15:19:57.347 713 22923 I ExynosCameraInterface: INFO(HAL3_camera_device_close[298]):in =====
12-31 15:19:57.347 713 22923 I ExynosCameraSensorInfo: (getCameraIdInfo[422]:serviceCameraId (0)
12-31 15:19:57.347 713 22923 I ExynosCameraInterface: [m_resetMultiDeviceCamId : 797] camera (0) is closed at idx (0, 1)
12-31 15:19:57.347 1087 1173 D ActivityTaskManager: resumeTopActivityInnerLocked, prev=ActivityRecord{16760b5 u0 com.sec.android.app.camera/.Camera t277 f}} next=ActivityRecord{40d61d4 u0 com.sec.android.app.launcher/.activities.LauncherActivity t123} shouldSleepActivities()=false mLastPausedActivity=ActivityRecord{40d61d4 u0 com.sec.android.app.launcher/.activities.LauncherActivity t123} caller=com.android.server.wm.ActivityStack.resumeTopActivityInnerLocked:2084 com.android.server.wm.ActivityStack.resumeTopActivityUncheckedLocked:1979 com.android.server.wm.RootWindowContainer.resumeFocusedStacksTopActivities:2725 com.android.server.wm.ActivityStack.completePauseLocked:1656 com.android.server.wm.ActivityRecord.activityPaused:6253 com.android.server.wm.ActivityRecord$1.run:903 android.os.Handler.handleCallback:938 android.os.Handler.dispatchMessage:99 android.os.Looper.loop:247 android.os.HandlerThread.run:67 com.android.server.ServiceThread.run:44
12-31 15:19:57.347 1087 1173 D MARsPolicyManager: onPackageResumedFG pkgName = com.sec.android.app.launcher, userId = 0
12-31 15:19:57.347 1087 1173 V MARsPolicyManager: Current Home Package com.sec.android.app.launcher Resumed
12-31 15:19:57.347 1087 1173 I SemDvfsHyPerManager: acquire hyper - AMS_APP_HOME/1087@35, type = -999
12-31 15:19:57.348 707 732 I HYPER-HAL: [RequestManager.cpp]acquire(): Acquired ID : 630038 [1087 / 35] HINT : AMS_APP_HOME list :
12-31 15:19:57.348 707 732 E HYPER-HAL: [HandlerSysfs.cpp]doResourceHandling(): Couldn't Open Sysfs - /sys/power/cstate_control
12-31 15:19:57.348 1087 1173 D ActivityManagerPerformance: AMP_acquire() HOME
12-31 15:19:57.348 707 732 I HYPER-HAL: [ResourceManager.cpp]updateResource(): [CPUMinFreq] UpdateResource Request ID : 630038 Value : 1794000
12-31 15:19:57.348 6983 6983 I SemDvfsHyPerManager: acquire hyper - com.sec.android.sdhms/6983@13, type = -999
12-31 15:19:57.348 1087 1173 V WindowManager: Prepare app transition: transit=TRANSIT_TASK_CLOSE mNextAppTransition=TRANSIT_TASK_CLOSE alwaysKeepCurrent=false displayId=0 Callers=com.android.server.wm.DisplayContent.prepareAppTransition:5990 com.android.server.wm.DisplayContent.prepareAppTransition:5984 com.android.server.wm.ActivityStack.resumeTopActivityInnerLocked:2407 com.android.server.wm.ActivityStack.resumeTopActivityInnerLocked:2084 com.android.server.wm.ActivityStack.resumeTopActivityUncheckedLocked:1979
12-31 15:19:57.349 702 702 I Sensors : disable:: rotation_vector_sensor(11)
12-31 15:19:57.349 707 732 I HYPER-HAL: [RequestManager.cpp]acquire(): Acquired ID : 24475519 [6983 / 13] HINT : APP_START list :
12-31 15:19:57.349 707 732 I HYPER-HAL: [ResourceManager.cpp]updateResource(): [CPUMaxFreq] UpdateResource Request ID : 24475519 Value : 1794000
12-31 15:19:57.349 1087 1173 D TspStateManager: updateCustomValue customSetting=
12-31 15:19:57.349 1087 1173 D TspStateManager: updateCustomValue customSetting=
12-31 15:19:57.350 1087 1173 D MARsPolicyManager: onPackageResumedFG pkgName = com.sec.android.app.launcher, userId = 0
12-31 15:19:57.350 1087 1173 V MARsPolicyManager: Current Home Package com.sec.android.app.launcher Resumed
12-31 15:19:57.350 1087 1173 W WindowManager: Execute app transition: mNextAppTransition=TRANSIT_TASK_CLOSE, displayId: 0 Callers=com.android.server.wm.RootWindowContainer.executeAppTransitionForAllDisplay:2646 com.android.server.wm.ActivityStackSupervisor.reportResumedActivityLocked:2300 com.android.server.wm.ActivityRecord.completeResumeLocked:6184 com.android.server.wm.ActivityStack.resumeTopActivityInnerLocked:2608 com.android.server.wm.ActivityStack.resumeTopActivityInnerLocked:2084
12-31 15:19:57.351 1087 1173 D MARsPolicyManager: onPackageResumedFG pkgName = com.sec.android.app.launcher, userId = 0
12-31 15:19:57.351 1087 1173 V MARsPolicyManager: Current Home Package com.sec.android.app.launcher Resumed
12-31 15:19:57.351 28370 2991 I ImageSearchJNI_AIC: SceneDetectorImpl.cpp: 48: VZ Debug: Destruct of SceneDetectorImpl completed
12-31 15:19:57.351 9202 9202 W Launcher: onConfigurationChanged. newConfig : {1.0 ?mcc?mnc [en_GB] ldltr sw600dp w600dp h936dp 320dpi lrg port finger -keyb/v/h -nav/h winConfig={ mBounds=Rect(0, 0 - 1200, 1920) mAppBounds=Rect(0, 0 - 1200, 1920) mWindowingMode=fullscreen mDisplayWindowingMode=fullscreen mActivityType=home mAlwaysOnTop=undefined mRotation=ROTATION_0} s.171 desktop/d dc/d ?dcui ?dcaf enb/d bts=0 ff=0 bf=0 themeSeq=0}
12-31 15:19:57.352 9202 9202 I IDP : isDisplayTypeChanged [-1,0]->-1
12-31 15:19:57.352 9202 9202 I ConfigurationWrapper: getChangePinMode mExtraNavBarEnabled = 1
12-31 15:19:57.352 9202 9202 I ConfigurationWrapper: getChangePinMode extraNavMode = 1
12-31 15:19:57.352 9202 9202 I Launcher: onConfigurationChanged isDisplayTypeChange = true, mChangedEdgePinMode = false
12-31 15:19:57.352 9202 9202 E Dimension: clear
12-31 15:19:57.352 9202 9202 E ResourceLoader: Not Supported!
12-31 15:19:57.352 9202 9202 I Launcher.AppsContainerView: onDeviceProfileChanged
12-31 15:19:57.353 9202 9202 W Launcher.Hotseat: updateHotseatIconSize hotseatVisibleCellCount = 5 hotseatIconSizePx = 132 hotseatCellHeightPx = 132 hotseatBarSizePx = 220
12-31 15:19:57.353 9202 9202 I Launcher.Workspace: setInsets(), workspacePadding : Rect(21, 134 - 21, 269), spacing: 29
12-31 15:19:57.353 1087 1087 I CocktailBarManagerServiceContainer: handleMessage: entry what = 6
12-31 15:19:57.354 9202 9202 I AppsLayoutInfo: Landscape : false Tablet : false SmallTablet : true
12-31 15:19:57.354 9202 9202 I AppsLayoutInfo: Landscape : false Tablet : false SmallTablet : true
12-31 15:19:57.354 9202 9202 I SettingsHelper: policy Control Value : null
12-31 15:19:57.354 9202 9202 I AppsLayoutInfo: pageIndicatorBottom : 52
12-31 15:19:57.354 9202 9202 I Launcher.Hotseat: updateCellDimensions : 1200
12-31 15:19:57.354 9202 9202 W Launcher.Hotseat: updateHotseatIconSize hotseatVisibleCellCount = 5 hotseatIconSizePx = 132 hotseatCellHeightPx = 132 hotseatBarSizePx = 220
12-31 15:19:57.356 28370 2991 I ImageSearchJNI_AIC: NNet.cpp: 215: VZ Debug: Joining init thread in ~NNet for aic_classifier
12-31 15:19:57.356 1087 1173 D GameManagerService: notePauseComponent(), received paused-component: com.sec.android.app.camera
12-31 15:19:57.358 713 2994 I ExynosCameraBufferManager: DEBUG:duration time( 2 msec):(m_free)
12-31 15:19:57.358 713 2994 I ExynosCameraBufferManager: [CAM(0)][PREVIEW_STREAM_BUF]-(deinit[115]):OUT.. Buffer is not allocated
12-31 15:19:57.358 713 2994 I ExynosCameraBufferManager: DEBUG:duration time( 0 msec):(m_free)
12-31 15:19:57.358 713 2994 I ExynosCameraBufferManager: [CAM(0)][PREVIEW_CB_STREAM_BUF]-(deinit[115]):OUT.. Buffer is not allocated
12-31 15:19:57.359 9202 9202 I PageEditPanel: updatePageEditPanelLayout : 3
12-31 15:19:57.359 9202 9202 I PageEditButton : updateButton
12-31 15:19:57.359 713 2994 I ExynosCameraBufferManager: DEBUG:duration time( 1 msec):(m_free)
12-31 15:19:57.359 713 2994 I ExynosCameraBufferManager: [CAM(0)][JPEG_STREAM_BUF]-(deinit[115]):OUT.. Buffer is not allocated
12-31 15:19:57.360 713 2994 E ExynosCameraBufferManager: [CAM(0)][CAPTURE_CB_STALL_STREAM_BUF]-(m_getTotalPlaneCount[1094]):Invalid values. planeCount 0 batchSize 1
12-31 15:19:57.360 713 2994 E ExynosCameraBufferManager: [CAM(0)][CAPTURE_CB_STALL_STREAM_BUF]-(m_getTotalPlaneCount[1094]):Invalid values. planeCount 0 batchSize 1
12-31 15:19:57.360 713 2994 E ExynosCameraBufferManager: [CAM(0)][CAPTURE_CB_STALL_STREAM_BUF]-(m_getTotalPlaneCount[1094]):Invalid values. planeCount 0 batchSize 1
12-31 15:19:57.360 713 2994 E ExynosCameraBufferManager: [CAM(0)][CAPTURE_CB_STALL_STREAM_BUF]-(m_getTotalPlaneCount[1094]):Invalid values. planeCount 0 batchSize 1
12-31 15:19:57.360 713 2994 E ExynosCameraBufferManager: [CAM(0)][CAPTURE_CB_STALL_STREAM_BUF]-(m_getTotalPlaneCount[1094]):Invalid values. planeCount 0 batchSize 1
12-31 15:19:57.360 9202 9202 I PageEditButton : updateButton
12-31 15:19:57.361 713 2994 I ExynosCameraBufferManager: DEBUG:duration time( 1 msec):(m_free)
12-31 15:19:57.361 713 2994 I ExynosCameraBufferManager: [CAM(0)][CAPTURE_CB_STALL_STREAM_BUF]-(deinit[115]):OUT.. Buffer is not allocated
12-31 15:19:57.361 9202 9202 I PageEditButton : updateButton
12-31 15:19:57.361 713 2994 I ExynosCameraBufferManager: DEBUG:duration time( 0 msec):(m_free)
12-31 15:19:57.361 713 2994 I ExynosCameraBufferManager: [CAM(0)][THUMBNAIL_STREAM_BUF]-(deinit[115]):OUT.. Buffer is not allocated
12-31 15:19:57.361 713 2994 I ExynosCameraBufferManager: [CAM(0)][SKIP_BUF]-(deinit[115]):OUT.. Buffer is not allocated
12-31 15:19:57.361 713 2994 I ExynosCameraBufferManager: [CAM(0)][SKIP_BUF]-(deinit[115]):OUT.. Buffer is not allocated
12-31 15:19:57.361 1087 1173 D SemGameManager: getGMSBinder(), begin
12-31 15:19:57.361 9202 9202 I PageEditButton : updateButton
12-31 15:19:57.362 1087 1173 D SemGameManager: getGMSBinder(), successful: true
12-31 15:19:57.362 1087 1173 D SemGameManager: isAvailable(), ret=true
12-31 15:19:57.362 1087 1173 D SemGameManager: isGamePackage(), pkgName=com.sec.android.app.launcher
12-31 15:19:57.362 1087 1173 D SemGameManager: getGMSBinder(), begin
12-31 15:19:57.362 713 2902 I ExynosCameraFrameManager: [CAM(0)][RUNNING FRAME WORKER]-(workerMain[952]): wait and pop fail, ret(-110)
12-31 15:19:57.362 9202 9202 I DefaultPageIcon: DefaultPageIcon width : 35 height : 35
12-31 15:19:57.362 1087 1173 D SemGameManager: getGMSBinder(), successful: true
12-31 15:19:57.362 713 22923 I ExynosCamera: [CAM(0)][Back_0]-(m_deinit[870]):-IN-
12-31 15:19:57.362 713 22923 I ExynosCameraSec: [CAM(0)][Back_0]-(m_vendorSpecificPreDestructor[134]):-IN-
12-31 15:19:57.362 1087 1173 D GameManagerService: identifyGamePackage. com.sec.android.app.launcher, mCurrentUserId: 0, callerUserId: 0
12-31 15:19:57.362 713 22923 I SecCameraUtil: INFO(isEEprom[219]): SAMSUNG_EEPROM_REAR is not defined
12-31 15:19:57.362 1087 1173 D PkgDataHelper: getGamePkgData(). com.sec.android.app.launcher
12-31 15:19:57.362 1087 1173 D SemGameManager: isGamePackage(), ret=false
12-31 15:19:57.363 1087 1087 I CocktailBarManagerServiceContainer: handleMessage: entry what = 5
12-31 15:19:57.364 9202 9202 I AppsLayoutInfo: Landscape : false Tablet : false SmallTablet : true
12-31 15:19:57.364 9202 9202 I AppsLayoutInfo: Landscape : false Tablet : false SmallTablet : true
12-31 15:19:57.364 9202 9202 I SettingsHelper: policy Control Value : null
12-31 15:19:57.364 9202 9202 I AppsLayoutInfo: pageIndicatorBottom : 52
12-31 15:19:57.364 9202 9202 W HsDeviceProfile: getDrawablePaddingSizeRatio : 1.0
12-31 15:19:57.364 9202 9202 W HsDeviceProfile: mFixedLargeSize: 1920, iconSizePx: 132, iconTextSizePx: 30, fontScale: 1.0, fontSize : 2, iconDrawablePaddingPx: 19, isLandscape: false, invIconSizeRatio home: 6.9
12-31 15:19:57.364 9202 9202 W HsDeviceProfile: invIconSizeRatio apps: 6.9
12-31 15:19:57.365 9202 9275 I Launcher.BaseIconFactory: mIconBitmapSize = 138, fillResIconDpi: 640
12-31 15:19:57.366 713 22923 I ExynosCameraSec: [CAM(0)][Back_0]-(m_vendorSpecificPreDestructor[138]):-OUT-
12-31 15:19:57.366 713 22923 I ExynosCamera: [CAM(0)][Back_0]-(m_deinitFrameFactory[3490]):-IN-
12-31 15:19:57.366 713 22923 I ExynosCameraFrameFactoryBase: [CAM(0)][Back_0]-(destroy[139]):
12-31 15:19:57.366 713 22923 I ExynosCameraMCPipe: [CAM(0)][PIPE_3AA_REPROCESSING]-(destroy[103]):
12-31 15:19:57.366 713 2995 I ExynosCameraSec: [CAM(0)][Back_0]-(m_sensorListenerUnloadThreadFunc[27410]):-IN-
12-31 15:19:57.366 713 2995 I SensorListener: disableSensor : numSensors=35/35, sen_list = 0xee0a33c0/0xee0a33c0
12-31 15:19:57.366 713 22923 I ExynosCameraMCPipe: [CAM(0)][PIPE_3AA_REPROCESSING]-(destroy[174]):destroy() is succeed, Pipe(202)
12-31 15:19:57.366 713 22923 I ExynosCameraMCPipe: [CAM(0)][PIPE_3AA_REPROCESSING]-(destroy[103]):
12-31 15:19:57.366 713 22923 I ExynosCameraMCPipe: [CAM(0)][PIPE_3AA_REPROCESSING]-(destroy[174]):destroy() is succeed, Pipe(202)
12-31 15:19:57.366 713 22923 I ExynosCameraPipeFlite: [CAM(0)][PIPE_3AA_REPROCESSING]-(destroy[138]):destroy() is succeed (202)
12-31 15:19:57.366 713 22923 I ExynosCameraMCPipe: [CAM(0)][PIPE_ISP_REPROCESSING]-(destroy[103]):
12-31 15:19:57.367 713 2994 I ExynosCameraBufferManager: DEBUG:duration time( 6 msec):(m_free)
12-31 15:19:57.367 713 2994 I ExynosCameraBufferManager: [CAM(0)][FLITE_BUF]-(deinit[115]):OUT.. Buffer is not allocated
12-31 15:19:57.367 713 2994 I ExynosCameraBufferManager: DEBUG:duration time( 0 msec):(m_free)
12-31 15:19:57.367 1087 5570 D SensorService: removeConnection, index : 0, size : 1
12-31 15:19:57.367 1087 5570 D SensorService: # removeConnection, index : 0, size : 0
12-31 15:19:57.367 713 2994 I ExynosCameraBufferManager: [CAM(0)][3AA_IN_BUF]-(deinit[115]):OUT.. Buffer is not allocated
12-31 15:19:57.367 1087 5570 D SensorService: Calling activate off 2
12-31 15:19:57.367 713 22923 I ExynosCameraMCPipe: [CAM(0)][PIPE_ISP_REPROCESSING]-(destroy[174]):destroy() is succeed, Pipe(207)
12-31 15:19:57.367 713 22923 I ExynosCameraMCPipe: [CAM(0)][PIPE_ISP_REPROCESSING]-(destroy[103]):
12-31 15:19:57.367 713 22923 I ExynosCameraMCPipe: [CAM(0)][PIPE_ISP_REPROCESSING]-(destroy[174]):destroy() is succeed, Pipe(207)
12-31 15:19:57.367 713 22923 I ExynosCameraPipeFlite: [CAM(0)][PIPE_ISP_REPROCESSING]-(destroy[138]):destroy() is succeed (207)
12-31 15:19:57.367 713 22923 I ExynosCameraMCPipe: [CAM(0)][PIPE_MCSC_REPROCESSING]-(destroy[103]):
12-31 15:19:57.367 713 22923 I ExynosCameraMCPipe: [CAM(0)][PIPE_MCSC_REPROCESSING]-(destroy[174]):destroy() is succeed, Pipe(212)
12-31 15:19:57.367 713 22923 I ExynosCameraMCPipe: [CAM(0)][PIPE_MCSC_REPROCESSING]-(destroy[103]):
12-31 15:19:57.367 713 22923 I ExynosCameraMCPipe: [CAM(0)][PIPE_MCSC_REPROCESSING]-(destroy[174]):destroy() is succeed, Pipe(212)
12-31 15:19:57.367 713 22923 I ExynosCameraPipeFlite: [CAM(0)][PIPE_MCSC_REPROCESSING]-(destroy[138]):destroy() is succeed (212)
12-31 15:19:57.367 702 702 I Sensors : GyroSensor old sensor_state 643, new sensor_state : 641 en : 0
12-31 15:19:57.368 713 22923 I ExynosCameraPipe: [CAM(0)][PIPE_VRA_REPROCESSING]-(destroy[121]):destroy() is succeed (219)
12-31 15:19:57.368 713 22923 I ExynosCameraPipe: [CAM(0)][PIPE_VRA_REPROCESSING]-(destroy[121]):destroy() is succeed (219)
12-31 15:19:57.368 713 22923 E libcsc : csc_deinit:: unsupported csc_hw_type
12-31 15:19:57.368 713 22923 I ExynosCameraSWPipe: [CAM(0)][PIPE_GSC_REPROCESSING]-(m_destroy[119]):destroy() is succeed (222)
12-31 15:19:57.368 713 22923 E libcsc : csc_deinit:: unsupported csc_hw_type
12-31 15:19:57.368 713 22923 I ExynosCameraSWPipe: [CAM(0)][PIPE_GSC_REPROCESSING2]-(m_destroy[119]):destroy() is succeed (223)
12-31 15:19:57.368 1087 1173 I GameSDK@LifeCycle: noteResumeComponent(): package name : com.sec.android.app.launcher
12-31 15:19:57.368 713 22923 E libcsc : csc_deinit:: unsupported csc_hw_type
12-31 15:19:57.368 713 22923 I ExynosCameraSWPipe: [CAM(0)][PIPE_GSC_REPROCESSING3]-(m_destroy[119]):destroy() is succeed (224)
12-31 15:19:57.368 713 22923 I ExynosCameraSWPipe: [CAM(0)][PIPE_JPEG_REPROCESSING]-(m_destroy[119]):destroy() is succeed (225)
12-31 15:19:57.368 713 22923 I ExynosCameraPipe: [CAM(0)][PIPE_PP_UNI_REPROCESSING]-(destroy[121]):destroy() is succeed (234)
12-31 15:19:57.368 1087 1173 D GameManagerService: noteResumeComponent(), received resumed-component: com.sec.android.app.launcher
12-31 15:19:57.368 713 22923 I ExynosCameraPipePPSec: [CAM(0)][PIPE_PP_UNI_REPROCESSING]-(m_destroy[112]):destroy() is succeed (234)
12-31 15:19:57.368 713 22923 I ExynosCameraPipe: [CAM(0)][PIPE_PP_UNI_REPROCESSING2]-(destroy[121]):destroy() is succeed (235)
12-31 15:19:57.368 713 22923 I ExynosCameraPipePPSec: [CAM(0)][PIPE_PP_UNI_REPROCESSING2]-(m_destroy[112]):destroy() is succeed (235)
12-31 15:19:57.368 1087 1389 D GameManagerService: onLooperPrepared(), msg: MSG_APP_RESUME, resumeComponent: ComponentInfo{com.sec.android.app.launcher/com.android.launcher3.uioverrides.QuickstepLauncher}
12-31 15:19:57.368 713 22923 I ExynosCameraPipe: [CAM(0)][PIPE_PP_UNI_RAW_REPROCESSING]-(destroy[121]):destroy() is succeed (236)
12-31 15:19:57.368 1087 1389 D GameManagerService: handleResume().
12-31 15:19:57.368 713 22923 I ExynosCameraPipePPSec: [CAM(0)][PIPE_PP_UNI_RAW_REPROCESSING]-(m_destroy[112]):destroy() is succeed (236)
12-31 15:19:57.368 713 22923 I ExynosCameraFrameFactoryBase: [CAM(0)][Back_0]-(destroy[139]):
12-31 15:19:57.368 713 22923 I ExynosCameraFrameFactoryBase: [CAM(0)][Back_0]-(m_transitState[767]):Skip state transition. curState 0
12-31 15:19:57.368 713 22923 I ExynosCameraFrameFactoryBase: [CAM(0)][Back_0]-(destroy[139]):
12-31 15:19:57.368 713 22923 I ExynosCameraFrameFactoryBase: [CAM(0)][Back_0]-(m_transitState[767]):Skip state transition. curState 0
12-31 15:19:57.369 1087 1389 D GameManagerService: handleResume() - secureFolderID: -1301
12-31 15:19:57.369 1087 1389 D GameManagerService: sendFocusOutConditionally() - mPrevNotiPackage: (unknown)
12-31 15:19:57.369 1087 1389 D GameManagerService: handleResume(). pkgName: com.sec.android.app.launcher, isTunableApp: null
12-31 15:19:57.369 713 22923 I ExynosCameraFrameFactoryBase: [CAM(0)][Back_0]-(destroy[139]):
12-31 15:19:57.369 1087 1389 D GameManagerService: notifyFocusInOut(). of pkg: com.sec.android.app.launcher, type: 4, isMinimized: false, isTunableApp: false
12-31 15:19:57.369 713 22923 I ExynosCameraMCPipe: [CAM(0)][PIPE_FLITE]-(destroy[103]):
12-31 15:19:57.369 1087 1389 D GameManagerService: notifyFocusInOut(). unexpected mPrevNotiType: -1
12-31 15:19:57.369 1087 1389 D GameManagerService:NetworkLimit: callRelease
12-31 15:19:57.369 713 22923 I ExynosCameraMCPipe: [CAM(0)][PIPE_FLITE]-(destroy[174]):destroy() is succeed, Pipe(0)
12-31 15:19:57.369 713 22923 I ExynosCameraMCPipe: [CAM(0)][PIPE_FLITE]-(destroy[103]):
12-31 15:19:57.369 1087 1389 D GM:SystemHelper: callReleaseBlock needReleaseBlock:false
12-31 15:19:57.369 713 22923 I ExynosCameraMCPipe: [CAM(0)][PIPE_FLITE]-(destroy[174]):destroy() is succeed, Pipe(0)
12-31 15:19:57.369 713 22923 I ExynosCameraPipeFlite: [CAM(0)][PIPE_FLITE]-(destroy[138]):destroy() is succeed (0)
12-31 15:19:57.369 713 22923 I ExynosCameraMCPipe: [CAM(0)][PIPE_3AA]-(destroy[103]):
12-31 15:19:57.369 713 2994 I ExynosCameraBufferManager: DEBUG:duration time( 2 msec):(m_free)
12-31 15:19:57.369 713 2994 I ExynosCameraBufferManager: [CAM(0)][ISP_BUF]-(deinit[115]):OUT.. Buffer is not allocated
12-31 15:19:57.369 713 2994 I ExynosCameraBufferManager: DEBUG:duration time( 0 msec):(m_free)
12-31 15:19:57.369 713 2994 I ExynosCameraBufferManager: [CAM(0)][VRA_BUF]-(deinit[115]):OUT.. Buffer is not allocated
12-31 15:19:57.370 9202 9202 I AppsLayoutInfo: Landscape : false Tablet : false SmallTablet : true
12-31 15:19:57.370 9202 9202 I AppsLayoutInfo: Landscape : false Tablet : false SmallTablet : true
12-31 15:19:57.370 9202 9202 I SettingsHelper: policy Control Value : null
12-31 15:19:57.370 9202 9202 I AppsLayoutInfo: pageIndicatorBottom : 52
12-31 15:19:57.370 9202 9202 I Launcher.AppsPagedView: setLayout(), l: 29, r: 29, b: 138, spacing: 30
12-31 15:19:57.370 702 702 I Sensors : disable:: gyro_sensor(2)
12-31 15:19:57.370 713 2994 I ExynosCameraBufferManager: DEBUG:duration time( 1 msec):(m_free)
12-31 15:19:57.370 713 2994 I ExynosCameraBufferManager: [CAM(0)][CAPTURE_CB_BUF]-(deinit[115]):OUT.. Buffer is not allocated
12-31 15:19:57.370 713 2995 I SensorListener: disableSensor : numSensors=35/35, sen_list = 0xee0a33c0/0xee0a33c0
12-31 15:19:57.371 9202 9202 I SuggestedAppsViewImpl: calculate 181-220 layout : 1142
12-31 15:19:57.371 1087 5570 D SensorService: removeConnection, index : 0, size : 2
12-31 15:19:57.371 713 2994 I ExynosCameraBufferManager: DEBUG:duration time( 1 msec):(m_free)
12-31 15:19:57.371 713 2994 I ExynosCameraBufferManager: [CAM(0)][YUV_CAP_BUF]-(deinit[115]):OUT.. Buffer is not allocated
12-31 15:19:57.371 1087 5570 D SensorService: # removeConnection, index : 0, size : 1
12-31 15:19:57.371 713 2994 I ExynosCameraBufferManager: DEBUG:duration time( 0 msec):(m_free)
12-31 15:19:57.371 1087 5570 D SensorService: Calling activate off 1
12-31 15:19:57.371 713 2994 I ExynosCameraBufferManager: [CAM(0)][THUMB_BUF]-(deinit[115]):OUT.. Buffer is not allocated
12-31 15:19:57.371 702 702 I Sensors : batch(0) - accelerometer_sensor try to batching with 66667000
12-31 15:19:57.371 713 2994 I ExynosCameraBufferManager: DEBUG:duration time( 0 msec):(m_free)
12-31 15:19:57.371 713 2994 I ExynosCameraBufferManager: [CAM(0)][DSCALEYUVSTALL_BUF]-(deinit[115]):OUT.. Buffer is not allocated
12-31 15:19:57.371 713 2994 I ExynosCameraBufferSupplier: [CAM(0)][BufferSupplier]-(~ExynosCameraBufferSupplier[85]):~ExynosCameraBufferSupplier: m_grallocMapper is freed
12-31 15:19:57.372 9326 9326 I Utils : HomePackage : com.sec.android.app.launcher, resumePackageName : com.sec.android.app.launcher
12-31 15:19:57.372 9202 9202 I MultiSelectPanel: changeColorForBg - isDarkMode : false, isDarkFont : false
12-31 15:19:57.373 1087 1173 I ActivityManager: Changes in 10125 5 to 2, 0 to 7 Caller=com.android.server.am.OomAdjuster.updateOomAdjLocked:402 com.android.server.am.OomAdjuster.updateOomAdjLocked:449 com.android.server.am.ActivityManagerService.updateOomAdjLocked:21639 com.android.server.am.ProcessRecord.updateProcessInfo:1636 com.android.server.wm.-$$Lambda$BEx3OWenCvYAaV5h_J2ZkZXhEcY.accept:20 com.android.internal.util.function.pooled.PooledLambdaImpl.doInvoke:307 com.android.internal.util.function.pooled.PooledLambdaImpl.invoke:201
12-31 15:19:57.373 1087 1173 I AppOps : updateUidProcState uid: 10125 procState: 2 capability:7
12-31 15:19:57.373 1087 1173 I AppOps : commitUidPendingStateLocked() :: UID - 10125, 500 > 200, 0 > 7
12-31 15:19:57.374 707 707 E HYPER-HAL: [SysfsControlManager.cpp]writeSysfs(): Couldn't Open Sysfs - /sys/kernel/ert/boost_frt_threshold
12-31 15:19:57.374 9202 9202 I AppsTransitionController: setState - toState : AllApps
12-31 15:19:57.374 9202 9202 W AppsTransitionController: locate app failed, bundle: null
12-31 15:19:57.374 9202 9202 I BlurOperator: progress = 1.0, mBlurProgress = 1.0, forced = false, mForced = false
12-31 15:19:57.374 9202 9202 I BlurOperator: mSetTime = 1640960396888, currentTimeMs = 1640960397374
12-31 15:19:57.374 9202 9202 I BlurOperator: blurAmount = 0.125, mBgBlurAmount = 0.125, show = true, mPreBlur = 0.125, mDuration = 0
12-31 15:19:57.374 1087 5531 W PkgPredictorService: background app without no launcher icon com.sec.android.app.launcher for.uid: 10125 userId: 0
12-31 15:19:57.379 1087 1173 I ActivityManager: Changes in 10098 2 to 18, 7 to 0 Caller=com.android.server.am.OomAdjuster.updateOomAdjLockedInner:672 com.android.server.am.OomAdjuster.updateOomAdjLocked:416 com.android.server.am.ActivityManagerService.updateOomAdjLocked:21629 com.android.server.am.ActivityManagerService.trimApplicationsLocked:21900 com.android.server.am.ActivityManagerService.trimApplications:21850 com.android.server.am.ActivityManagerService$LocalService.trimApplications:22754 com.android.server.wm.ActivityStackSupervisor.lambda$activityIdleInternal$1$ActivityStackSupervisor:1706
12-31 15:19:57.380 1087 1171 D SehCodecSolutionService: Update top [com.sec.android.app.launcher]
12-31 15:19:57.380 1087 1171 D SSRM:LoadDetectMonitor: PID = 9202, UID = 10125
12-31 15:19:57.380 9202 9202 I StateManager: reapplyState mStateChanged is false
12-31 15:19:57.381 821 7209 I CameraService: notifyMonitoredUids
12-31 15:19:57.381 9202 9202 I Launcher.Model: StartLoader : visibleScreenType = 0
12-31 15:19:57.381 9202 9202 E libprocessgroup: set_timerslack_ns write failed: Operation not permitted
12-31 15:19:57.382 9202 9202 I Launcher.Model: clearDeferredLoadingFlag
12-31 15:19:57.382 9202 9202 I Launcher.Model: startLoader : callback length = 1
12-31 15:19:57.382 9202 9202 I Launcher.Model: LauncherModel : StartLoader> bind
12-31 15:19:57.382 9202 9202 I MultiThreadLoaderResults: bindWorkspaceScreen : screenId = 1, isFirstPageBind = true, synchronousBindPage = 1, FullSyncBindPageScreenId = -1
12-31 15:19:57.382 9202 9202 I MultiThreadLoaderResults: executeCallbacksTask!
12-31 15:19:57.382 9202 9202 I MultiThreadLoaderResults: prepareFirstBind: callback id = 96924608
12-31 15:19:57.383 9202 9202 I Launcher: collectWorkspaceScreens, size : 2
12-31 15:19:57.383 9202 9202 I Launcher: collectWorkspaceScreens, 0
12-31 15:19:57.383 9202 9202 I Launcher: collectWorkspaceScreens, 1
12-31 15:19:57.383 9202 9202 I DragController: endDrag
12-31 15:19:57.383 9202 9202 I Launcher: startBinding clear Widget Views
12-31 15:19:57.383 9202 9202 I Launcher.Hotseat: setGridSize : 8
12-31 15:19:57.383 9202 9202 I Launcher.Hotseat: updateCellDimensions : 1200
12-31 15:19:57.383 9202 9202 W Launcher.Hotseat: updateHotseatIconSize hotseatVisibleCellCount = 8 hotseatIconSizePx = 126 hotseatCellHeightPx = 126 hotseatBarSizePx = 220
12-31 15:19:57.384 9202 9202 I Launcher: setHotseatCount, hotseatItemCount = 5
12-31 15:19:57.384 9202 9202 I Launcher.Hotseat: setGridSize : 5
12-31 15:19:57.384 9202 9202 I Launcher.Hotseat: updateCellDimensions : 1200
12-31 15:19:57.384 9202 9202 W Launcher.Hotseat: updateHotseatIconSize hotseatVisibleCellCount = 5 hotseatIconSizePx = 132 hotseatCellHeightPx = 132 hotseatBarSizePx = 220
12-31 15:19:57.387 9202 9202 I MultiThreadLoaderResults: bindWorkspaceItems
