12-31 15:19:57.543 6983 7008 I CameraManagerGlobal: Camera 0 facing CAMERA_FACING_BACK state now CAMERA_STATE_CLOSED for client com.sec.android.app.camera API Level 2
12-31 15:19:57.543 821 1335 I CameraFlashlight: deviceClosed: device 0 is closed
12-31 15:19:57.543 6983 7008 I CameraManagerGlobal: onCameraDeviceStateChangedLocked: post device state update
12-31 15:19:57.543 1087 1171 D PhoneWindowManagerExt: onTorchModeChanged mCameraId=0 cameraId=0 enabled=false
12-31 15:19:57.543 821 1335 I CameraService: disconnect: Disconnected client for camera 0 for PID 28370
12-31 15:19:57.543 821 1335 D CameraService: BasicClient::disconnect X
12-31 15:19:57.543 6983 7008 I CameraManagerGlobal: onCameraDeviceStateChangedLocked: post device state update
12-31 15:19:57.543 5618 5656 I CameraManagerGlobal: Camera 0 facing CAMERA_FACING_BACK state now CAMERA_STATE_CLOSED for client com.sec.android.app.camera API Level 2
12-31 15:19:57.543 28370 2686 I CameraManagerGlobal: Camera 0 facing CAMERA_FACING_BACK state now CAMERA_STATE_CLOSED for client com.sec.android.app.camera API Level 2
12-31 15:19:57.543 1087 8160 I CameraManagerGlobal: Camera 0 facing CAMERA_FACING_BACK state now CAMERA_STATE_CLOSED for client com.sec.android.app.camera API Level 2
12-31 15:19:57.543 5618 5942 I CameraManagerGlobal: onTorchModeChanged
12-31 15:19:57.543 1087 6264 I CameraService_proxy: Notify nfc service : camera open was(false) -> now(true) = polling(true)
12-31 15:19:57.544 28370 28370 I CamDeviceHandlerManager: stopImageReaderHandlerThread E
12-31 15:19:57.544 28370 28370 I CamDeviceHandlerManager: stopImageReaderHandlerThread MAIN_PREVIEW
12-31 15:19:57.544 9202 9202 W LauncherAppWidgetHost: setWidgetForceOrientation() isFullSyncedScreen is false
12-31 15:19:57.544 1087 6854 D SettingsProvider: isChangeAllowed() : name = flashlight_available
12-31 15:19:57.544 1087 6854 D SettingsProvider: edmUri: content://com.sec.knox.provider/RestrictionPolicy3
12-31 15:19:57.544 1087 6854 D SettingsProvider: projectionArgs: isSettingsChangesAllowed
12-31 15:19:57.544 1087 6854 D SettingsProvider: selectionArgs: false
12-31 15:19:57.544 1087 6854 D SettingsProvider: selectionArgs: 10062
12-31 15:19:57.544 28370 2868 I MakerHolder: onCamDeviceDisconnected : com.samsung.android.camera.core2.maker.AutoBeautyPhotoMaker@c25f85c
12-31 15:19:57.544 1087 6854 D SecContentProvider: query(), uri = 17 selection = isSettingsChangesAllowed
12-31 15:19:57.544 1087 6854 D SecContentProvider: called from android.uid.systemui:10062
12-31 15:19:57.544 1087 6854 D RestrictionPolicy: isSettingsChangesAllowedAsUser, userId 0 : true
12-31 15:19:57.544 1087 6854 D SettingsProvider: ret = 1
12-31 15:19:57.545 1087 6854 I GenerationRegistry: mBackingStore.isClosed() : false
12-31 15:19:57.545 1087 6854 D SettingsProvider: isChangeAllowed() : name = flashlight_enabled
12-31 15:19:57.545 1087 6854 D SettingsProvider: edmUri: content://com.sec.knox.provider/RestrictionPolicy3
12-31 15:19:57.545 1087 6854 D SettingsProvider: projectionArgs: isSettingsChangesAllowed
12-31 15:19:57.545 1087 6854 D SettingsProvider: selectionArgs: false
12-31 15:19:57.545 1087 6854 D SettingsProvider: selectionArgs: 10062
12-31 15:19:57.545 1087 6854 D SecContentProvider: query(), uri = 17 selection = isSettingsChangesAllowed
12-31 15:19:57.545 1087 6854 D SecContentProvider: called from android.uid.systemui:10062
12-31 15:19:57.545 1087 6854 D RestrictionPolicy: isSettingsChangesAllowedAsUser, userId 0 : true
12-31 15:19:57.545 1087 6854 D SettingsProvider: ret = 1
12-31 15:19:57.546 28370 28370 I CamDeviceHandlerManager: stopImageReaderHandlerThread FIRST_COMPRESSED_PICTURE
12-31 15:19:57.546 9202 9202 I AppWidgetResizeFrame: extraInfo : calculateWidgetSizeRange(), dp.availableWidthPx : 1200, dp.availableHeightPx : 1920, targetSize : Point(1139, 291), result.width : 1139, result.height : 291, width : 561, height : 137, getConfiguration : {1.0 ?mcc?mnc [en_GB] ldltr sw600dp w600dp h936dp 320dpi lrg port finger -keyb/v/h -nav/h winConfig={ mBounds=Rect(0, 0 - 1200, 1920) mAppBounds=Rect(0, 0 - 1200, 1920) mWindowingMode=fullscreen mDisplayWindowingMode=fullscreen mActivityType=home mAlwaysOnTop=undefined mRotation=ROTATION_0} s.166 desktop/d dc/d ?dcui ?dcaf enb/d bts=0 ff=0 bf=0 themeSeq=0}
12-31 15:19:57.546 28370 2868 I MotionPhotoController: stopMotionPhoto
12-31 15:19:57.546 28370 2868 W MotionPhotoController: stopMotionPhoto : Returned because motion photo was not started
12-31 15:19:57.546 28370 2868 I SingleTakeManagerImpl: stop : current status is IDLE
12-31 15:19:57.546 9202 9202 I AppWidgetResizeFrame: extraInfo : updateAppWidgetSize, spanX: 5, spanY: 1, widgetId: 3, Rect(561, 137 - 561, 137), density : 2.0
12-31 15:19:57.547 9202 9202 W LauncherAppWidgetHostView: updateDarkModeOption() => old: 16, current: 16, widgetId: 3
12-31 15:19:57.547 28370 28370 I CamDeviceHandlerManager: stopImageReaderHandlerThread FIRST_UNCOMPRESSED_PICTURE
12-31 15:19:57.547 28370 2868 I CamDeviceImpl-0: CameraDeviceStateCallbacks onClosed - cameraDevice(4eb16cf)
12-31 15:19:57.547 28370 28370 I CamDeviceHandlerManager: stopImageReaderHandlerThread THUMBNAIL
12-31 15:19:57.547 9202 9275 I InstallPairAppsReceiver: Pair apps key is null
12-31 15:19:57.547 9202 9202 I CapturePreview: sendMessageForCapture
12-31 15:19:57.548 28370 28370 I CamDeviceHandlerManager: stopImageReaderHandlerThread X
12-31 15:19:57.548 28370 28370 I CamDeviceHandlerManager: stopBackgroundHandlerThread E
12-31 15:19:57.548 28370 28370 I CamDeviceHandlerManager: stopBackgroundHandlerThread for backgroundThread
12-31 15:19:57.548 28370 2868 I CameraHolder: onCameraDeviceClosed : id=0
12-31 15:19:57.549 9202 9202 E libprocessgroup: set_timerslack_ns write failed: Operation not permitted
12-31 15:19:57.549 28370 2868 I CameraPerformance: Device - CloseCameraRequest : End[1640960397549]
12-31 15:19:57.549 9202 9202 I ViewRootImpl@7c8c68a[LauncherActivity]: MSG_RESIZED_REPORT: frame=(0,0,1200,1920) ci=(0,0,0,0) vi=(0,0,0,0) or=1
12-31 15:19:57.549 1087 1087 I Pageboost: package null
12-31 15:19:57.549 9202 9202 I ViewRootImpl@7c8c68a[LauncherActivity]: [DP] dp(1) 1 android.view.ViewRootImpl.reportNextDraw:11078 android.view.ViewRootImpl.access$1300:255 android.view.ViewRootImpl$ViewRootHandler.handleMessage:6207
12-31 15:19:57.549 28370 28370 I CamDeviceHandlerManager: stopBackgroundHandlerThread for captureCallbackHandlerThread
12-31 15:19:57.549 9202 9202 I WrappedLauncherAnimationRunner: onCreateAnimation, animationRunnerImpl : com.android.launcher3.QuickstepAppTransitionManagerImpl$WallpaperOpenLauncherAnimationRunner@af45b24
12-31 15:19:57.549 9202 9202 I QuickstepTransition: WallpaperOpenLauncherAnimationRunner, onCreateAnimation
12-31 15:19:57.549 9202 9202 W AppTransitionAnimatorImpl: closing animation without icon
12-31 15:19:57.549 28370 2868 I RequestQueue: notifyRequest : CLOSE_CAMERA
12-31 15:19:57.550 9202 9202 W AppTransitionAnimatorImpl: onAnimationStart - APP OUT
12-31 15:19:57.550 9202 9202 I RemoteCloseAnimationListener: RemoteCloseAnimation started, hashCode : 48530837
12-31 15:19:57.550 28370 28370 I CamDeviceHandlerManager: stopBackgroundHandlerThread for sendPictureHandlerThread
12-31 15:19:57.550 6251 6251 E pageboostd: Received HALT command code 2
12-31 15:19:57.550 1087 1087 I Pageboost: package null
12-31 15:19:57.550 1087 1087 I Pageboost: apps null
12-31 15:19:57.550 9202 9202 E libprocessgroup: set_timerslack_ns write failed: Operation not permitted
12-31 15:19:57.551 9202 9202 I ViewRootImpl@7c8c68a[LauncherActivity]: MSG_WINDOW_FOCUS_CHANGED 1 1
12-31 15:19:57.551 28370 28370 I CamDeviceHandlerManager: stopBackgroundHandlerThread for sendThumbnailHandlerThread
12-31 15:19:57.551 28370 28370 I CamDeviceHandlerManager: stopBackgroundHandlerThread for sendShutterHandlerThread
12-31 15:19:57.551 9202 9202 I InputMethodManager: startInputInner - mService.startInputOrWindowGainedFocus
12-31 15:19:57.552 28370 28370 I CamDeviceHandlerManager: stopBackgroundHandlerThread for sendSessionCallbackHandlerThread
12-31 15:19:57.552 1087 6264 D InputMethodManagerService: mSecureKeypadEnabled = false
12-31 15:19:57.552 1087 6264 V InputMethodManagerService: Unspecified window will hide input
12-31 15:19:57.552 28370 28370 I CamDeviceHandlerManager: stopBackgroundHandlerThread X
12-31 15:19:57.552 1087 6264 V InputMethodManagerService: hideCurrentInputLocked : shouldHideSoftInput is false
12-31 15:19:57.552 1087 6264 D InputMethodManagerService: DESKTOP MODE! : 2
12-31 15:19:57.552 1087 6264 D InputMethodManagerService: NOT IN KNOX DESKTOP MODE!
12-31 15:19:57.552 1087 6264 V InputMethodManagerService: getDisplayIdOfInputMethodWindowToBeAdded : 0
12-31 15:19:57.552 28370 28370 I CamDeviceImpl-0: clearMainPreviewImageReader
12-31 15:19:57.552 1087 6264 V InputMethodManagerService: Hide switching menu
12-31 15:19:57.552 1087 6264 D SamsungIMMSHWKeyboard: isConnectedDexOnPC false
12-31 15:19:57.552 1087 6264 D InputMethodManagerService: isImeSwitcherDisabledPackage : false
12-31 15:19:57.553 1087 6264 D InputMethodManagerService: checkDisplayOfStartInputAndUpdateKeyboard display Id 0last 0
12-31 15:19:57.553 1087 6264 D InputTransport: Input channel constructed: 'ClientS', fd=561
12-31 15:19:57.553 1087 6264 D InputTransport: Input channel destroyed: 'ClientS', fd=561
12-31 15:19:57.553 9202 9202 I PopupDataProvider: onNotificationFullRefresh prev dotInfoSize : 7
12-31 15:19:57.553 9202 9202 I PopupDataProvider: refresh badge package : com.samsung.android.SettingsReceiver count : 1
12-31 15:19:57.553 9202 9202 I PopupDataProvider: refresh badge package : com.google.android.setupwizard count : 1
12-31 15:19:57.553 9202 9202 I PopupDataProvider: refresh badge package : com.wssyncmldm count : 1
12-31 15:19:57.553 9202 9202 I PopupDataProvider: refresh badge package : com.google.android.youtube count : 520
12-31 15:19:57.553 9202 9202 I PopupDataProvider: refresh badge package : com.google.android.gm count : 6
12-31 15:19:57.553 9202 9202 I PopupDataProvider: refresh badge package : com.android.bluetooth count : 2
12-31 15:19:57.553 9202 9202 I PopupDataProvider: refresh badge package : com.samsung.android.allshare.service.fileshare count : 1
12-31 15:19:57.554 9202 9202 W NavigableAppWidgetHostView: setResizeScaleResult() 679/ 291 scaleToResize = 1.0(widget id = 2) 6d6ad77 0,0-0,0
12-31 15:19:57.554 9202 9202 W NavigableAppWidgetHostView: setResizeScaleResult() 1139/ 291 scaleToResize = 1.0(widget id = 3) 34c4de4 0,0-0,0
12-31 15:19:57.554 28370 28370 I CamDeviceImpl-0: clearPicImageReader FIRST_UN_COMP
12-31 15:19:57.555 28370 28370 I CamDeviceImpl-0: clearPicImageReader FIRST_COMP
12-31 15:19:57.555 1087 6854 V WindowManager: Relayout Window{3fb5849 u0 com.sec.android.app.launcher/com.sec.android.app.launcher.activities.LauncherActivity}: viewVisibility=0 req=1200x1920 d0
12-31 15:19:57.555 28370 28370 I CamDeviceImpl-0: clearThumbnailImageReader
12-31 15:19:57.555 28370 28370 I CamDeviceImpl-0: close X
12-31 15:19:57.555 28370 28370 I Request : CloseCameraRequest - End
12-31 15:19:57.555 28370 28370 I CommonEngine: changeState : CLOSING -> IDLE
12-31 15:19:57.556 28370 28370 I CommonEngine: changeCaptureState : IDLE -> IDLE
12-31 15:19:57.556 28370 28370 I RequestQueue: afterExecute : CLOSE_CAMERA(7000)
12-31 15:19:57.556 28370 28370 I RequestQueue: [ ] []
12-31 15:19:57.556 9733 9733 I HBD : HoneyBoardService onFinishInput
12-31 15:19:57.557 9733 9733 I HBD : a IC have been unbinded, InputConnectionWrapper{idHash=#dbc8597 mMissingMethods=}
12-31 15:19:57.557 9733 9733 I HBD : HoneyBoardService [PF_CL][onFinishInput] 433692 ns
12-31 15:19:57.558 9733 9733 I HBD : HoneyBoardService [IMI] onStartInput - caller pid : 9202 , caller uid : 10125
12-31 15:19:57.558 1087 6854 V WindowManager: Relayout hash=3fb5849, pid=9202: mAttrs={(0,0)(fillxfill) sim={adjust=nothing} layoutInDisplayCutoutMode=shortEdges ty=BASE_APPLICATION fmt=TRANSPARENT wanim=0x10302f2
12-31 15:19:57.558 1087 6854 V WindowManager: fl=81910102
12-31 15:19:57.558 1087 6854 V WindowManager: pfl=16020000
12-31 15:19:57.558 1087 6854 V WindowManager: vsysui=1700
12-31 15:19:57.558 1087 6854 V WindowManager: bhv=SHOW_TRANSIENT_BARS_BY_SWIPE
12-31 15:19:57.558 1087 6854 V WindowManager: fitSides= dimAmount=0.125 dimDuration=1 naviIconColor=0
12-31 15:19:57.558 1087 6854 V WindowManager: sfl=40}
12-31 15:19:57.558 9733 9733 I HBD : i updateConfigs
12-31 15:19:57.558 1087 6854 I SurfaceControl: nativeRelease nativeObject s[517796954368]
12-31 15:19:57.558 1087 6854 I SurfaceControl: nativeRelease nativeObject e[517796954368]
12-31 15:19:57.559 9733 9733 I HBD : i isEnabledNightMode : false
12-31 15:19:57.559 9733 9733 I HBD : a IC have been binded, InputConnectionWrapper{idHash=#a247fa2 mMissingMethods=}
12-31 15:19:57.559 9202 9202 I SurfaceControl: nativeRelease nativeObject s[519875428608]
12-31 15:19:57.559 9202 9202 I SurfaceControl: nativeRelease nativeObject e[519875428608]
12-31 15:19:57.559 9733 9733 I HBD : h [EditorInputType]setPrivateImeOptionsToTable privateImeOptions ( null )
12-31 15:19:57.559 9733 9733 I HBD : b incognitoMode : false
12-31 15:19:57.559 9202 9202 I SurfaceControl: assignNativeObject: nativeObject = 0 Surface(name=null)/@0x85bb01d / android.view.SurfaceControl.readFromParcel:1117 android.view.IWindowSession$Stub$Proxy.relayout:1820 android.view.ViewRootImpl.relayoutWindow:9130 android.view.ViewRootImpl.performTraversals:3420 android.view.ViewRootImpl.doTraversal:2669 android.view.ViewRootImpl$TraversalRunnable.run:10092 android.view.Choreographer$CallbackRecord.run:1010 android.view.Choreographer.doCallbacks:809 android.view.Choreographer.doFrame:744 android.view.Choreographer$FrameDisplayEventReceiver.run:995
12-31 15:19:57.559 9733 9733 I HBD : a needOff = true , isForceOff = false, isNullInputClass : true
12-31 15:19:57.559 9733 9733 I HBD : h getDefaultInputRange : UNKNOWN
12-31 15:19:57.560 9733 9733 I HBD : h getDefaultInputRange : UNKNOWN
12-31 15:19:57.560 9202 9202 I ViewRootImpl@7c8c68a[LauncherActivity]: Relayout returned: old=(0,0,1200,1920) new=(0,0,1200,1920) req=(1200,1920)0 dur=4 res=0x1 s={true 518361718784} ch=false fn=3
12-31 15:19:57.560 9733 9733 I HBD : h getDefaultInputRange : UNKNOWN
12-31 15:19:57.560 9202 9202 I ViewRootImpl@7c8c68a[LauncherActivity]: [DP] pd() Asnyc report
12-31 15:19:57.560 28370 28370 I PictureProcessorManager: deinitializePPP
12-31 15:19:57.561 28370 28370 I PostProcessor: tryDeinitialize
12-31 15:19:57.561 766 1472 E BufferQueueProducer: [com.sec.android.app.launcher/com.sec.android.app.launcher.activities.LauncherActivity$_9202#0](id:2fe00000590,api:0,p:-1,c:766) disconnect: not connected (req=1)
12-31 15:19:57.561 9202 9345 W libEGL : EGLNativeWindowType 0x78b0c42010 disconnect failed
12-31 15:19:57.562 28370 28370 I PostProcessor: PostProcessThread - requestExit
12-31 15:19:57.562 1087 6854 D SdpManagerService: Not an enterprise user : 0
12-31 15:19:57.562 28370 28370 I PostProcessor: PostProcessThread - changeThreadExitState(nextState REQUESTED, notify true)
12-31 15:19:57.563 9202 9202 I ViewRootImpl@7c8c68a[LauncherActivity]: mAttachInfo.mThreadedRenderer.draw, mView = DecorView@85920c3[LauncherActivity] w = 1200 h = 1920
12-31 15:19:57.563 9733 9733 I HBD : h getDefaultInputRange : UNKNOWN
12-31 15:19:57.563 9733 9733 I HBD : a currentState : 0
12-31 15:19:57.563 28370 2879 I PostProcessor: PostProcessThread - endThread
12-31 15:19:57.563 9202 9202 I BadgeRenderer: Invalid count : 0
12-31 15:19:57.564 9202 9202 I BadgeRenderer: Invalid count : 0
12-31 15:19:57.564 9202 9202 I BadgeRenderer: Invalid count : 0
12-31 15:19:57.564 28370 2879 I PostProcessor: PostProcessThread - changeThreadState(nextState EXIT)
12-31 15:19:57.564 28370 2879 I MotionPhotoManager: onDestroy
12-31 15:19:57.565 9733 9733 I HBD : h load selected json info : {"version":"1.0","currentLanguageOrder":0,"selected":[{"activeOptionList":["auto_replace","auto_spacing"],"engName":"English","id":65538,"inputType":"qwerty","isUsed":true}]}
12-31 15:19:57.565 695 901 D gralloc : [mali_gralloc_allocate] begin
12-31 15:19:57.565 695 901 D gralloc : buffer_descriptor: wh(1200 1920) usage_pc(0x40000000000b00 0x40000000000b00) hal_format(0x1) layer_count(1) sizes(0 0 0) strde(0) byte_stride(0) alloc_wh(0 0) internal_format(0x0) alloc_format(0x0) fd_count(1) plane_count(0)
12-31 15:19:57.566 9733 9733 I HBD : a [UpdatePolicy] [post] a: 0 cl: 65538 kit: [0/0] vt: 0 ir: 1
12-31 15:19:57.566 28370 2879 I DirectBufferPool: bufferPool(hash 111381275) - releaseBuffers : bufferPoolSize 0/15
12-31 15:19:57.567 28370 2879 I DirectBufferPool: bufferPool(hash 196371089) - releaseBuffers : bufferPoolSize 0/2
12-31 15:19:57.567 695 901 D gralloc : [mali_gralloc_allocate] allocation successful
12-31 15:19:57.567 9733 9733 I HBD : HoneyBoardService [PF_OP][onStartInput] 8981615 ns
12-31 15:19:57.569 28370 28370 I PostProcessor: PostProcessThread - notifySequenceStateChanged(currentState IDLE, completeState PAUSED), delay 0
12-31 15:19:57.570 28370 2879 I PostProcessor: unbindService
12-31 15:19:57.571 28370 28370 I PostProcessor: PostProcessThread - notifySequenceStateChanged : do nothing already IDLE
12-31 15:19:57.571 28370 28370 I CameraPerformance: Exit - StopEngine : End[1640960397571]
12-31 15:19:57.575 821 1335 I CameraService: notifyMonitoredUids
12-31 15:19:57.575 2268 2301 I SystemBroadcastReceiver: [#CMH#] onReceive completed : 0
12-31 15:19:57.576 2268 2268 I PolicyManager: [#CMH#] onReceive action = EVENT_CAMERA_OFF
12-31 15:19:57.577 9202 9202 I ViewRootImpl@7c8c68a[LauncherActivity]: [DP] pdf(0) 1 android.view.ViewRootImpl.lambda$performDraw$1$ViewRootImpl:4743 android.view.-$$Lambda$ViewRootImpl$DJd0VUYJgsebcnSohO6h8zc_ONI.run:6 android.os.Handler.handleCallback:938
12-31 15:19:57.577 9202 9202 I ViewRootImpl@7c8c68a[LauncherActivity]: [DP] rdf()
12-31 15:19:57.577 1087 6264 D WindowManager: finishDrawingWindow: Window{3fb5849 u0 com.sec.android.app.launcher/com.sec.android.app.launcher.activities.LauncherActivity} mDrawState=HAS_DRAWN
12-31 15:19:57.577 28370 2879 W PostProcessor: PostProcessThread - exit thread
12-31 15:19:57.579 695 901 D gralloc : [mali_gralloc_allocate] begin
12-31 15:19:57.579 695 901 D gralloc : buffer_descriptor: wh(1200 1920) usage_pc(0x40000000000b00 0x40000000000b00) hal_format(0x1) layer_count(1) sizes(0 0 0) strde(0) byte_stride(0) alloc_wh(0 0) internal_format(0x0) alloc_format(0x0) fd_count(1) plane_count(0)
12-31 15:19:57.581 695 901 D gralloc : [mali_gralloc_allocate] allocation successful
12-31 15:19:57.586 1087 6854 D SensorService: removeConnection, index : 0, size : 1
12-31 15:19:57.586 1087 6854 D SensorService: # removeConnection, index : 0, size : 0
12-31 15:19:57.586 1087 6854 D SensorService: Calling activate off 1
12-31 15:19:57.586 702 702 I Sensors : batch(0) - accelerometer_sensor try to batching with 66667000
12-31 15:19:57.587 766 766 D SurfaceFlinger: Display 0 HWC layers:
12-31 15:19:57.587 766 766 D SurfaceFlinger: CLIENT | 0x7b5401ecc0 | 0002 | RGBx_8888 | 360.0 0.0 1560.0 1920.0 | 0 0 1200 1920 | com.android.systemui.ImageWallpaper$_5618#0
12-31 15:19:57.587 766 766 D SurfaceFlinger: CLIENT | 0x7b34e20940 | 0000 | RGBA_8888 | 0.0 0.0 1200.0 1920.0 | 0 0 1200 1920 | com.sec.android.app.launcher/com.sec[...]ties.LauncherActivity$_9202#0 (Blur)
12-31 15:19:57.587 766 766 D SurfaceFlinger: CLIENT | | 0002 | Unknown | 0.0 0.0 0.0 0.0 | 1 161 1199 1759 | Background for -SurfaceView - com.se[...]ndroid.app.camera.Camera@93a27c1@0#0
12-31 15:19:57.587 766 766 D SurfaceFlinger: CLIENT | 0x7b34e22380 | 0002 | 0x000011d | 0.0 0.0 1920.0 1440.0 | 1 161 1199 1759 | SurfaceView - com.sec.android.app.ca[...]ndroid.app.camera.Camera@93a27c1@0#0
12-31 15:19:57.587 766 766 D SurfaceFlinger: CLIENT | 0x7b34e21840 | 0000 | RGBA_8888 | 0.0 0.0 1200.0 1920.0 | 1 2 1199 1918 | com.sec.android.app.camera/com.sec.android.app.camera.Camera$_28370#0
12-31 15:19:57.587 766 766 D SurfaceFlinger: DEVICE | 0x7b5401eb80 | 0000 | RGBA_8888 | 0.0 0.0 151.0 67.0 | 779 1853 930 1920 | com.samsung.android.app.cocktailbars[.
12-31 15:19:57.587 766 766 D SurfaceFlinger: ..]arservice.CocktailBarService$_9326#0
12-31 15:19:57.587 766 766 D SurfaceFlinger:
12-31 15:19:57.590 28370 28370 W CameraLocationManager: stopReceivingLocationUpdates return, location permission check is fail.
12-31 15:19:57.592 695 901 D gralloc : [mali_gralloc_allocate] begin
12-31 15:19:57.592 695 901 D gralloc : buffer_descriptor: wh(1200 1920) usage_pc(0x40000000000b00 0x40000000000b00) hal_format(0x1) layer_count(1) sizes(0 0 0) strde(0) byte_stride(0) alloc_wh(0 0) internal_format(0x0) alloc_format(0x0) fd_count(1) plane_count(0)
12-31 15:19:57.593 695 901 D gralloc : [mali_gralloc_allocate] allocation successful
12-31 15:19:57.594 28370 28370 E AccessibilityManager: semUpdateAssitantMenu invoking from manager:
12-31 15:19:57.596 28370 28370 E AccessibilityManager: semUpdateAssitantMenu invoking from manager:
12-31 15:19:57.597 28370 28370 E AccessibilityManager: semUpdateAssitantMenu invoking from manager:
12-31 15:19:57.600 28370 28370 W VoiceRecognizer: stop : Returned because voice recognition is already stopped.
12-31 15:19:57.601 28370 28370 I CameraExecutorManager: deInitialize
12-31 15:19:57.602 1087 6854 V SystemKeyManager: requestSystemKeyEvent() is called keyCode=26 componentName=ComponentInfo{com.sec.android.app.camera/com.sec.android.app.camera.Camera} request=false
12-31 15:19:57.602 1087 6854 D StatusBarManagerService: notifyRequestedSystemKey recent=false home=false
12-31 15:19:57.603 1087 6854 V SystemKeyManager: requestSystemKeyEvent() is called keyCode=3 componentName=ComponentInfo{com.sec.android.app.camera/com.sec.android.app.camera.Camera} request=false
12-31 15:19:57.603 1087 6854 D StatusBarManagerService: notifyRequestedSystemKey recent=false home=false
12-31 15:19:57.603 1087 6854 V SystemKeyManager: requestSystemKeyEvent() is called keyCode=187 componentName=ComponentInfo{com.sec.android.app.camera/com.sec.android.app.camera.Camera} request=false
12-31 15:19:57.603 1087 6854 D StatusBarManagerService: notifyRequestedSystemKey recent=false home=false
12-31 15:19:57.603 1087 6854 V SystemKeyManager: requestSystemKeyEvent() is called keyCode=4 componentName=ComponentInfo{com.sec.android.app.camera/com.sec.android.app.camera.Camera} request=false
12-31 15:19:57.605 28370 28370 I CameraAudioManagerImpl: abandonAudioFocus
12-31 15:19:57.609 1087 6264 I MediaFocusControl: abandonAudioFocus() from uid/pid 10098/28370 clientId=android.media.AudioManager@39ef9f1com.sec.android.app.camera.audio.CameraAudioManagerImpl$1@1a58a48
12-31 15:19:57.609 1087 6264 D AS.AudioService: GetAppDevice, uid=10098
12-31 15:19:57.609 1087 6264 D MediaFocusControl: selectFocusStack, uid = 10098, appDevice = 0, device = 2
12-31 15:19:57.611 707 732 I HYPER-HAL: [ResourceManager.cpp]removeResource(): [CPUMinFreq] RemoveResource Request ID : 402839934
12-31 15:19:57.611 1087 6264 D PowerManagerService: [api] setAutoBrightnessLimit : lowerLimit -1 upperLimit : -1 slowChange : false (uid: 10098 pid: 28370)
12-31 15:19:57.611 1087 6264 D PowerManagerService: mDisplayReady: false
12-31 15:19:57.611 707 732 I HYPER-HAL: [RequestManager.cpp]releaseLocked(): Released ID : 402839934
12-31 15:19:57.611 1087 1196 D DisplayPowerController: animateScreenStateChange: target=2, targetInternal=2, dualScreenPolicy=-1
12-31 15:19:57.611 707 732 E HYPER-HAL: [HandlerSysfs.cpp]doResourceHandling(): Couldn't Open Sysfs - /sys/power/cstate_control
12-31 15:19:57.611 1087 5676 V MdnieScenarioControlService: mAclOffEnabled : false mAclPreviewState : false mAclCompensationState : false
12-31 15:19:57.611 707 732 I HYPER-HAL: [RequestManager.cpp]releaseLocked(): Released ID : 402868320
12-31 15:19:57.611 1087 1196 D DisplayPowerController: getFinalBrightness : Summary is 5 (0.02) -> 5 (0.02)
12-31 15:19:57.612 1087 1196 D DisplayPowerController: Animating brightness: target= 5 (0.02), rate=0.7058823 (PSM:, AB limit:( -1 (NaN) ~ -1 (NaN)) MB Limit:( -1 (NaN) ~ -1 (NaN))
12-31 15:19:57.612 28370 28370 I CameraPerformance: Exit - onPause : End[1640960397612]
12-31 15:19:57.613 1087 1196 D DisplayPowerController: putScreenBrightnessSetting: transitionTime=639
12-31 15:19:57.613 1087 1196 D SettingsProvider: isChangeAllowed() : name = auto_brightness_transition_time
12-31 15:19:57.613 1087 1196 D DisplayPowerController: putScreenBrightnessSetting: brightness= 5 (0.02)
12-31 15:19:57.613 1087 1196 D SettingsProvider: isChangeAllowed() : name = screen_brightness_float
12-31 15:19:57.613 1087 1196 I GenerationRegistry: mBackingStore.isClosed() : false
12-31 15:19:57.613 1087 1196 D PowerManagerService: DisplayPowerCallbacks : onStateChanged()
12-31 15:19:57.613 1087 1196 D PowerManagerService: mDisplayReady: true
12-31 15:19:57.614 1087 1196 D DisplayPowerController: [api] SettingsObserver: onChange: content://settings/system/screen_brightness_float
12-31 15:19:57.614 28370 28370 I Choreographer: Skipped 45 frames! The application may be doing too much work on its main thread.
12-31 15:19:57.614 5618 5618 D StatusBar.BrightnessController: BrightnessObserver.onChange() : BRIGHTNESS_FLOAT_URI
12-31 15:19:57.614 1087 1196 D DisplayPowerController: [api] handleSettingsChange: sm: 1 sb: 0.020 csb: 0.000 abAdj: 0.000 sbVr: 0.706
12-31 15:19:57.614 1087 1196 D DisplayPowerController: animateScreenStateChange: target=2, targetInternal=2, dualScreenPolicy=-1
12-31 15:19:57.614 1087 1087 D BrightnessSynchronizer: onChange: uri: content://settings/system/screen_brightness_float selfChange: false mPreferredSettingValue: 0.47058824(120) currentBrightnessInt: 120 currentBrightnessIntFromFloat: 5(0.019607842)
12-31 15:19:57.614 1087 1087 D BrightnessSynchronizer: onChange: last float changed: 0.019607842 -> 5
12-31 15:19:57.614 1087 1087 D SettingsProvider: isChangeAllowed() : name = screen_brightness
12-31 15:19:57.614 1087 1196 D DisplayPowerController: getFinalBrightness : Summary is 5 (0.02) -> 5 (0.02)
12-31 15:19:57.614 1087 1087 I GenerationRegistry: mBackingStore.isClosed() : false
12-31 15:19:57.615 5618 5688 D StatusBar.BrightnessController: mUpdateSliderRunnable() = 0.019607842, valueAsIntBits = 1017159840
12-31 15:19:57.615 5618 5618 D StatusBar.BrightnessController: BrightnessObserver.onChange() : URI = content://settings/system/screen_brightness
12-31 15:19:57.615 1087 1087 D BrightnessSynchronizer: onChange: uri: content://settings/system/screen_brightness selfChange: false mPreferredSettingValue: 0.019607842(5) currentBrightnessInt: 5 currentBrightnessIntFromFloat: 5(0.019607842)
12-31 15:19:57.615 1087 5676 D MdnieScenarioControlService: packageName : com.sec.android.app.launcher className : com.android.launcher3.uioverrides.QuickstepLauncher
12-31 15:19:57.616 5618 5618 D StatusBar.BrightnessController: updateSlider() = 2, brightnessValue = 0.019607842, min = 2.0
12-31 15:19:57.616 1087 5676 V MdnieScenarioControlService: setUIMode from UI function(3)
12-31 15:19:57.616 5618 5688 D StatusBar.BrightnessController: UpdateModeRunnable = true
12-31 15:19:57.616 5618 5688 D StatusBar.BrightnessController: mUpdateSliderRunnable() = 0.019607842, valueAsIntBits = 1017159840
12-31 15:19:57.617 5618 5618 D StatusBar.BrightnessController: updateSlider() = 2, brightnessValue = 0.019607842, min = 2.0
12-31 15:19:57.619 1087 6264 V WindowManager: Relayout Window{f474a75 u0 com.sec.android.app.camera/com.sec.android.app.camera.Camera}: viewVisibility=0 req=1920x1200 d0
12-31 15:19:57.620 1087 6264 D PowerManagerService: [api] release WakeLock SCREEN_BRIGHT_WAKE_LOCK 'WindowManager' ON_AFTER_RELEASE ACQ=-25s622ms (uid=1000 pid=1087 pkg=android ws=WorkSource{10098})
12-31 15:19:57.621 1087 6264 D EdgeLightingManager: hideForWakeLock packageName=android
12-31 15:19:57.621 1087 6264 D EdgeLightingManager: hideForWakeLock is no more used
12-31 15:19:57.621 1087 6264 D PowerManagerService: [api] applyWakeLockFlagsOnReleaseLocked : userActivityNoUpdateLocked is called : SCREEN_BRIGHT_WAKE_LOCK 'WindowManager' ON_AFTER_RELEASE (uid=1000 pid=1087 pkg=android ws=WorkSource{10098})
12-31 15:19:57.621 560 560 I android.system.suspend@1.0-service: !@Released: PowerManagerService.WakeLocks(25809ms)
12-31 15:19:57.622 1087 6264 V WindowManager: Relayout hash=f474a75, pid=28370: mAttrs={(0,0)(fillxfill) sim={adjust=nothing} layoutInDisplayCutoutMode=shortEdges ty=BASE_APPLICATION fmt=TRANSLUCENT wanim=0x10302f2 rotAnim=SEAMLESS
12-31 15:19:57.622 1087 6264 V WindowManager: fl=81810500
12-31 15:19:57.622 1087 6264 V WindowManager: pfl=12020000
12-31 15:19:57.622 1087 6264 V WindowManager: vsysui=200
12-31 15:19:57.622 1087 6264 V WindowManager: bhv=SHOW_TRANSIENT_BARS_BY_SWIPE
12-31 15:19:57.622 1087 6264 V WindowManager: fitSides= naviIconColor=0}
12-31 15:19:57.622 1087 6264 I SurfaceControl: nativeRelease nativeObject s[519875428608]
12-31 15:19:57.622 1087 6264 I SurfaceControl: nativeRelease nativeObject e[519875428608]
12-31 15:19:57.623 28370 28370 I SurfaceControl: nativeRelease nativeObject s[519936430272]
12-31 15:19:57.623 28370 28370 I SurfaceControl: nativeRelease nativeObject e[519936430272]
12-31 15:19:57.624 28370 28370 I SurfaceControl: assignNativeObject: nativeObject = 0 Surface(name=null)/@0x7eb220c / android.view.SurfaceControl.readFromParcel:1117 android.view.IWindowSession$Stub$Proxy.relayout:1820 android.view.ViewRootImpl.relayoutWindow:9130 android.view.ViewRootImpl.performTraversals:3420 android.view.ViewRootImpl.doTraversal:2669 android.view.ViewRootImpl$TraversalRunnable.run:10092 android.view.Choreographer$CallbackRecord.run:1010 android.view.Choreographer.doCallbacks:809 android.view.Choreographer.doFrame:744 android.view.Choreographer$FrameDisplayEventReceiver.run:995
12-31 15:19:57.625 28370 28370 I SurfaceControl: nativeRelease nativeObject s[519936430368]
12-31 15:19:57.625 28370 28370 I SurfaceControl: nativeRelease nativeObject e[519936430368]
12-31 15:19:57.625 28370 28370 I SurfaceControl: nativeRelease nativeObject s[517555957184]
12-31 15:19:57.625 28370 28370 I SurfaceControl: nativeRelease nativeObject e[517555957184]
12-31 15:19:57.625 28370 28370 I ViewRootImpl@b6080a8[Camera]: Relayout returned: old=(0,0,1920,1200) new=(0,0,1920,1200) req=(1920,1200)0 dur=6 res=0x1 s={true 519939301376} ch=false fn=272
12-31 15:19:57.629 28370 28370 I ViewRootImpl@b6080a8[Camera]: mAttachInfo.mThreadedRenderer.draw, mView = DecorView@9209da5[Camera] w = 1920 h = 1200
12-31 15:19:57.632 28370 28370 W RequestQueue: isEmpty : Queue is not running.
12-31 15:19:57.632 28370 28370 I SettingNotifier: notifyPendingSettingChanges : key size = 1
12-31 15:19:57.634 28370 28370 I SurfaceControl: nativeRelease nativeObject s[519936430272]
12-31 15:19:57.635 28370 28370 I SurfaceControl: nativeRelease nativeObject e[519936430272]
12-31 15:19:57.635 28370 28370 I SurfaceControl: nativeRelease nativeObject s[519875430336]
12-31 15:19:57.635 28370 28370 I SurfaceControl: nativeRelease nativeObject e[519875430336]
12-31 15:19:57.636 28370 31479 I OpenGLRenderer: Davey! duration=771ms; Flags=1, IntendedVsync=74911039218487, Vsync=74911789218457, OldestInputEvent=9223372036854775807, NewestInputEvent=0, HandleInputStart=74911789962532, AnimationStart=74911789965378, PerformTraversalsStart=74911790066724, DrawStart=74911805125955, SyncQueued=74911806181724, SyncStart=74911806648801, IssueDrawCommandsStart=74911807247801, SwapBuffers=74911810038378, FrameCompleted=74911811614878, DequeueBufferDuration=190500, QueueBufferDuration=394308, GpuCompleted=74888928329433,
12-31 15:19:57.637 28370 28370 I SurfaceControl: nativeRelease nativeObject s[519875426496]
12-31 15:19:57.637 28370 28370 I SurfaceControl: nativeRelease nativeObject e[519875426496]
12-31 15:19:57.637 28370 28370 I SurfaceControl: nativeRelease nativeObject s[519875421504]
12-31 15:19:57.637 28370 28370 I SurfaceControl: nativeRelease nativeObject e[519875421504]
12-31 15:19:57.638 28370 28370 I SurfaceControl: nativeRelease nativeObject s[519875426112]
12-31 15:19:57.638 28370 28370 I SurfaceControl: nativeRelease nativeObject e[519875426112]
12-31 15:19:57.638 28370 28370 I SurfaceControl: nativeRelease nativeObject s[519875427264]
12-31 15:19:57.638 28370 28370 I SurfaceControl: nativeRelease nativeObject e[519875427264]
12-31 15:19:57.639 28370 28370 I SurfaceControl: nativeRelease nativeObject s[519875427360]
12-31 15:19:57.639 28370 28370 I SurfaceControl: nativeRelease nativeObject e[519875427360]
12-31 15:19:57.640 28370 28370 I SurfaceControl: nativeRelease nativeObject s[519875427456]
12-31 15:19:57.640 28370 28370 I SurfaceControl: nativeRelease nativeObject e[519875427456]
12-31 15:19:57.641 708 708 I SehLight: lcd : 115+
12-31 15:19:57.641 28370 28370 I SurfaceControl: nativeRelease nativeObject s[519875427648]
12-31 15:19:57.641 28370 28370 I SurfaceControl: nativeRelease nativeObject e[519875427648]
12-31 15:19:57.641 28370 28370 I SurfaceControl: nativeRelease nativeObject s[519875428032]
12-31 15:19:57.641 28370 28370 I SurfaceControl: nativeRelease nativeObject e[519875428032]
12-31 15:19:57.641 708 708 I SehLight: lcd : 115-
12-31 15:19:57.641 28370 28370 I SurfaceControl: nativeRelease nativeObject s[519875428128]
12-31 15:19:57.641 28370 28370 I SurfaceControl: nativeRelease nativeObject e[519875428128]
12-31 15:19:57.641 28370 28370 I SurfaceControl: nativeRelease nativeObject s[519875428224]
12-31 15:19:57.641 28370 28370 I SurfaceControl: nativeRelease nativeObject e[519875428224]
12-31 15:19:57.643 28370 28370 I SurfaceControl: nativeRelease nativeObject s[519875428416]
12-31 15:19:57.643 28370 28370 I SurfaceControl: nativeRelease nativeObject e[519875428416]
12-31 15:19:57.643 28370 28370 I SurfaceControl: nativeRelease nativeObject s[519875428512]
12-31 15:19:57.643 28370 28370 I SurfaceControl: nativeRelease nativeObject e[519875428512]
12-31 15:19:57.644 28370 28370 I InputMethodManager: startInputInner - mService.startInputOrWindowGainedFocus
12-31 15:19:57.645 1087 6264 D InputMethodManagerService: mSecureKeypadEnabled = false
12-31 15:19:57.645 1087 6264 V InputMethodManagerService: Unspecified window will hide input
12-31 15:19:57.645 1087 6264 V InputMethodManagerService: hideCurrentInputLocked : shouldHideSoftInput is false
12-31 15:19:57.645 1087 6264 D InputMethodManagerService: DESKTOP MODE! : 2
12-31 15:19:57.645 1087 6264 D InputMethodManagerService: NOT IN KNOX DESKTOP MODE!
12-31 15:19:57.645 1087 6264 V InputMethodManagerService: getDisplayIdOfInputMethodWindowToBeAdded : 0
12-31 15:19:57.646 1087 6264 V InputMethodManagerService: Hide switching menu
12-31 15:19:57.646 1087 6264 D SamsungIMMSHWKeyboard: isConnectedDexOnPC false
12-31 15:19:57.646 9202 9202 I InputMethodManager: startInputInner - mService.startInputOrWindowGainedFocus
12-31 15:19:57.646 1087 6264 D InputMethodManagerService: isImeSwitcherDisabledPackage : false
12-31 15:19:57.646 1087 6854 D InputMethodManagerService: mSecureKeypadEnabled = false
12-31 15:19:57.646 1087 6264 D InputMethodManagerService: checkDisplayOfStartInputAndUpdateKeyboard display Id 0last 0
12-31 15:19:57.646 1087 6264 D InputTransport: Input channel constructed: 'ClientS', fd=561
12-31 15:19:57.646 1087 6264 D InputTransport: Input channel destroyed: 'ClientS', fd=561
12-31 15:19:57.646 1087 6854 V InputMethodManagerService: Unspecified window will hide input
12-31 15:19:57.646 1087 6854 V InputMethodManagerService: hideCurrentInputLocked : shouldHideSoftInput is false
12-31 15:19:57.647 1087 6854 D InputMethodManagerService: DESKTOP MODE! : 2
12-31 15:19:57.647 1087 6854 D InputMethodManagerService: NOT IN KNOX DESKTOP MODE!
12-31 15:19:57.647 1087 6854 V InputMethodManagerService: getDisplayIdOfInputMethodWindowToBeAdded : 0
12-31 15:19:57.647 1087 6854 V InputMethodManagerService: Hide switching menu
12-31 15:19:57.647 1087 6854 D SamsungIMMSHWKeyboard: isConnectedDexOnPC false
12-31 15:19:57.647 1087 6854 D InputMethodManagerService: isImeSwitcherDisabledPackage : false
12-31 15:19:57.647 1087 6854 D InputMethodManagerService: checkDisplayOfStartInputAndUpdateKeyboard display Id 0last 0
12-31 15:19:57.647 1087 6854 D InputTransport: Input channel constructed: 'ClientS', fd=561
12-31 15:19:57.647 1087 6854 D InputTransport: Input channel destroyed: 'ClientS', fd=561
12-31 15:19:57.647 9202 9202 I InputMethodManager: startInputInner - mService.startInputOrWindowGainedFocus
12-31 15:19:57.648 1087 5668 D InputMethodManagerService: mSecureKeypadEnabled = false
12-31 15:19:57.648 1087 5668 D InputMethodManagerService: DESKTOP MODE! : 2
12-31 15:19:57.648 1087 5668 D InputMethodManagerService: NOT IN KNOX DESKTOP MODE!
12-31 15:19:57.648 1087 5668 V InputMethodManagerService: getDisplayIdOfInputMethodWindowToBeAdded : 0
12-31 15:19:57.648 28370 28370 I SurfaceControl: nativeRelease nativeObject s[519875428608]
12-31 15:19:57.648 28370 28370 I SurfaceControl: nativeRelease nativeObject e[519875428608]
12-31 15:19:57.648 28370 28370 I SurfaceControl: nativeRelease nativeObject s[519875428896]
12-31 15:19:57.648 1087 5668 D InputMethodManagerService: checkDisplayOfStartInputAndUpdateKeyboard display Id 0last 0
12-31 15:19:57.648 28370 28370 I SurfaceControl: nativeRelease nativeObject e[519875428896]
12-31 15:19:57.648 1087 5668 D InputTransport: Input channel constructed: 'ClientS', fd=561
12-31 15:19:57.648 1087 5668 D InputTransport: Input channel destroyed: 'ClientS', fd=561
12-31 15:19:57.648 28370 28370 I PostProcessNotification: cancelNotification
12-31 15:19:57.649 9733 9733 I HBD : HoneyBoardService onFinishInput
12-31 15:19:57.649 9733 9733 I HBD : a IC have been unbinded, InputConnectionWrapper{idHash=#a247fa2 mMissingMethods=}
12-31 15:19:57.649 9733 9733 I HBD : HoneyBoardService [PF_CL][onFinishInput] 391769 ns
12-31 15:19:57.649 9733 9733 I HBD : HoneyBoardService [IMI] onStartInput - caller pid : 28370 , caller uid : 10098
12-31 15:19:57.649 9733 9733 I HBD : i updateConfigs
12-31 15:19:57.649 9733 9733 I HBD : i isEnabledNightMode : false
12-31 15:19:57.649 9733 9733 I HBD : a IC have been binded, InputConnectionWrapper{idHash=#a1fe3f0 mMissingMethods=}
12-31 15:19:57.650 9733 9733 I HBD : h [EditorInputType]setPrivateImeOptionsToTable privateImeOptions ( null )
12-31 15:19:57.650 9733 9733 I HBD : b incognitoMode : false
12-31 15:19:57.650 9733 9733 I HBD : a needOff = true , isForceOff = false, isNullInputClass : true
12-31 15:19:57.650 9733 9733 I HBD : h getDefaultInputRange : UNKNOWN
12-31 15:19:57.650 9733 9733 I HBD : h getDefaultInputRange : UNKNOWN
12-31 15:19:57.650 9733 9733 I HBD : h getDefaultInputRange : UNKNOWN
12-31 15:19:57.650 28370 28370 E PostProcessService: onDestroy
12-31 15:19:57.650 1087 6854 D SdpManagerService: Not an enterprise user : 0
12-31 15:19:57.650 9733 9733 I HBD : h getDefaultInputRange : UNKNOWN
12-31 15:19:57.651 9733 9733 I HBD : a currentState : 0
12-31 15:19:57.651 9733 9733 I HBD : h load selected json info : {"version":"1.0","currentLanguageOrder":0,"selected":[{"activeOptionList":["auto_replace","auto_spacing"],"engName":"English","id":65538,"inputType":"qwerty","isUsed":true}]}
12-31 15:19:57.652 9733 9733 I HBD : a [UpdatePolicy] [post] a: 0 cl: 65538 kit: [0/0] vt: 0 ir: 1
12-31 15:19:57.653 9733 9733 I HBD : HoneyBoardService [PF_OP][onStartInput] 3631615 ns
12-31 15:19:57.655 9733 9733 I HBD : HoneyBoardService onFinishInput
12-31 15:19:57.656 9733 9733 I HBD : a IC have been unbinded, InputConnectionWrapper{idHash=#a1fe3f0 mMissingMethods=}
12-31 15:19:57.656 9733 9733 I HBD : HoneyBoardService [PF_CL][onFinishInput] 676538 ns
12-31 15:19:57.657 708 708 I SehLight: lcd : 112+
12-31 15:19:57.657 708 708 I SehLight: lcd : 112-
12-31 15:19:57.657 9733 9733 I HBD : HoneyBoardService [IMI] onStartInput - caller pid : 9202 , caller uid : 10125
12-31 15:19:57.657 9733 9733 I HBD : i updateConfigs
12-31 15:19:57.657 28370 28370 I ViewRootImpl@b6080a8[Camera]: MSG_WINDOW_FOCUS_CHANGED 0 1
12-31 15:19:57.658 28370 28370 W VoiceRecognizer: stop : Returned because voice recognition is already stopped.
12-31 15:19:57.659 821 1335 I CameraService: notifyMonitoredUids
12-31 15:19:57.660 9733 9733 I HBD : i isEnabledNightMode : false
12-31 15:19:57.661 28370 28370 I SurfaceControl: nativeRelease nativeObject s[520060354720]
12-31 15:19:57.661 28370 28370 I SurfaceControl: nativeRelease nativeObject e[520060354720]
12-31 15:19:57.661 28370 28370 I SurfaceControl: nativeRelease nativeObject s[520060348960]
12-31 15:19:57.661 28370 28370 I SurfaceControl: nativeRelease nativeObject e[520060348960]
12-31 15:19:57.661 9733 9733 I HBD : a IC have been binded, InputConnectionWrapper{idHash=#7eef3ee mMissingMethods=}
12-31 15:19:57.662 9733 9733 I HBD : h [EditorInputType]setPrivateImeOptionsToTable privateImeOptions ( null )
12-31 15:19:57.662 9733 9733 I HBD : b incognitoMode : false
12-31 15:19:57.662 9733 9733 I HBD : a needOff = true , isForceOff = false, isNullInputClass : true
12-31 15:19:57.663 9733 9733 I HBD : h getDefaultInputRange : UNKNOWN
12-31 15:19:57.663 9733 9733 I HBD : h getDefaultInputRange : UNKNOWN
12-31 15:19:57.663 9733 9733 I HBD : h getDefaultInputRange : UNKNOWN
12-31 15:19:57.663 28370 28370 I SurfaceControl: nativeRelease nativeObject s[520060352032]
12-31 15:19:57.663 28370 28370 I SurfaceControl: nativeRelease nativeObject e[520060352032]
12-31 15:19:57.663 28370 28370 I SurfaceControl: nativeRelease nativeObject s[520060352128]
12-31 15:19:57.663 28370 28370 I SurfaceControl: nativeRelease nativeObject e[520060352128]
12-31 15:19:57.663 1087 5668 D SdpManagerService: Not an enterprise user : 0
12-31 15:19:57.664 9733 9733 I HBD : h getDefaultInputRange : UNKNOWN
12-31 15:19:57.664 9733 9733 I HBD : a currentState : 0
12-31 15:19:57.666 9733 9733 I HBD : h load selected json info : {"version":"1.0","currentLanguageOrder":0,"selected":[{"activeOptionList":["auto_replace","auto_spacing"],"engName":"English","id":65538,"inputType":"qwerty","isUsed":true}]}
12-31 15:19:57.667 9733 9733 I HBD : a [UpdatePolicy] [post] a: 0 cl: 65538 kit: [0/0] vt: 0 ir: 1
12-31 15:19:57.669 9733 9733 I HBD : HoneyBoardService [PF_OP][onStartInput] 11503461 ns
12-31 15:19:57.670 9733 9733 I HBD : HoneyBoardService onFinishInput
12-31 15:19:57.670 9733 9733 I HBD : a IC have been unbinded, InputConnectionWrapper{idHash=#7eef3ee mMissingMethods=}
12-31 15:19:57.670 9733 9733 I HBD : HoneyBoardService [PF_CL][onFinishInput] 330846 ns
12-31 15:19:57.670 9733 9733 I HBD : HoneyBoardService [IMI] onStartInput - caller pid : 9202 , caller uid : 10125
12-31 15:19:57.671 9733 9733 I HBD : i updateConfigs
12-31 15:19:57.671 9733 9733 I HBD : i isEnabledNightMode : false
12-31 15:19:57.671 9733 9733 I HBD : a IC have been binded, InputConnectionWrapper{idHash=#7eef3ee mMissingMethods=}
12-31 15:19:57.671 9733 9733 I HBD : h [EditorInputType]setPrivateImeOptionsToTable privateImeOptions ( null )
12-31 15:19:57.671 9733 9733 I HBD : b incognitoMode : false
12-31 15:19:57.671 9733 9733 I HBD : a needOff = true , isForceOff = false, isNullInputClass : true
12-31 15:19:57.671 9733 9733 I HBD : h getDefaultInputRange : UNKNOWN
12-31 15:19:57.671 9733 9733 I HBD : h getDefaultInputRange : UNKNOWN
12-31 15:19:57.671 9733 9733 I HBD : h getDefaultInputRange : UNKNOWN
12-31 15:19:57.671 1087 5668 D SdpManagerService: Not an enterprise user : 0
12-31 15:19:57.672 9733 9733 I HBD : h getDefaultInputRange : UNKNOWN
12-31 15:19:57.672 9733 9733 I HBD : a currentState : 0
12-31 15:19:57.673 708 708 I SehLight: lcd : 109+
12-31 15:19:57.674 708 708 I SehLight: lcd : 109-
12-31 15:19:57.675 9733 9733 I HBD : h load selected json info : {"version":"1.0","currentLanguageOrder":0,"selected":[{"activeOptionList":["auto_replace","auto_spacing"],"engName":"English","id":65538,"inputType":"qwerty","isUsed":true}]}
12-31 15:19:57.677 9733 9733 I HBD : a [UpdatePolicy] [post] a: 0 cl: 65538 kit: [0/0] vt: 0 ir: 1
12-31 15:19:57.679 9733 9733 I HBD : HoneyBoardService [PF_OP][onStartInput] 8302961 ns
12-31 15:19:57.690 708 708 I SehLight: lcd : 106+
12-31 15:19:57.690 708 708 I SehLight: lcd : 106-
12-31 15:19:57.707 708 708 I SehLight: lcd : 103+
12-31 15:19:57.707 708 708 I SehLight: lcd : 103-
12-31 15:19:57.710 766 766 D SurfaceFlinger: Display 0 HWC layers:
12-31 15:19:57.710 766 766 D SurfaceFlinger: CLIENT | 0x7b5401ecc0 | 0002 | RGBx_8888 | 360.0 0.0 1560.0 1920.0 | 0 0 1200 1920 | com.android.systemui.ImageWallpaper$_5618#0
12-31 15:19:57.710 766 766 D SurfaceFlinger: CLIENT | 0x7b34e21d40 | 0000 | RGBA_8888 | 0.0 0.0 1200.0 1920.0 | 0 0 1200 1920 | com.sec.android.app.launcher/com.sec[...]ties.LauncherActivity$_9202#0 (Blur)
12-31 15:19:57.710 766 766 D SurfaceFlinger: DEVICE | 0x7b5401eb80 | 0000 | RGBA_8888 | 0.0 0.0 151.0 67.0 | 779 1853 930 1920 | com.samsung.android.app.cocktailbars[...]arservice.CocktailBarService$_9326#0
12-31 15:19:57.710 766 766 D SurfaceFlinger:
12-31 15:19:57.715 1087 5676 V MdnieScenarioControlService: mAclOffEnabled : false mAclPreviewState : false mAclCompensationState : false
12-31 15:19:57.723 708 708 I SehLight: lcd : 100+
12-31 15:19:57.723 708 708 I SehLight: lcd : 100-
12-31 15:19:57.740 708 708 I SehLight: lcd : 97+
12-31 15:19:57.740 708 708 I SehLight: lcd : 97-
12-31 15:19:57.757 708 708 I SehLight: lcd : 94+
12-31 15:19:57.757 708 708 I SehLight: lcd : 94-
12-31 15:19:57.772 708 708 I SehLight: lcd : 91+
12-31 15:19:57.773 708 708 I SehLight: lcd : 91-
12-31 15:19:57.789 708 708 I SehLight: lcd : 88+
12-31 15:19:57.790 708 708 I SehLight: lcd : 88-
12-31 15:19:57.806 708 708 I SehLight: lcd : 85+
12-31 15:19:57.807 708 708 I SehLight: lcd : 85-
12-31 15:19:57.822 708 708 I SehLight: lcd : 82+
12-31 15:19:57.822 708 708 I SehLight: lcd : 82-
12-31 15:19:57.839 708 708 I SehLight: lcd : 79+
12-31 15:19:57.839 708 708 I SehLight: lcd : 79-
12-31 15:19:57.855 708 708 I SehLight: lcd : 76+
12-31 15:19:57.856 708 708 I SehLight: lcd : 76-
12-31 15:19:57.872 708 708 I SehLight: lcd : 73+
12-31 15:19:57.872 708 708 I SehLight: lcd : 73-
12-31 15:19:57.888 708 708 I SehLight: lcd : 70+
12-31 15:19:57.889 708 708 I SehLight: lcd : 70-
12-31 15:19:57.889 9202 9202 W AppTransitionAnimatorImpl: onAnimationEnd - APP OUT, Execution time for each frame : Start-(1)-0-(0)-0-(4)-0-(23)-0-(14)-0-(16)-0-(17)-0-(16)-0-(17)-0-(16)-0-(17)-0-(16)-1-(16)-0-(16)-1-(16)-0-(16)-0-(17)-0-(17)-0-(16)-0-(17)-0-(16)-0-(17)-0-(16)-1-End
12-31 15:19:57.889 9202 9202 I RemoteCloseAnimationListener: RemoteCloseAnimation ended, hashCode : 48530837
12-31 15:19:57.891 9202 9202 I AppTransitionAnimatorImpl: resetContentView
12-31 15:19:57.892 1087 5668 D WindowManager: app-onAnimationFinished(): mOuter=com.android.server.wm.RemoteAnimationController@834a113
12-31 15:19:57.892 1087 5668 D WindowManager: onAnimationFinished(): mPendingAnimations=2, caller=
12-31 15:19:57.892 1087 5668 D WindowManager: app-release(): mOuter=com.android.server.wm.RemoteAnimationController@834a113
12-31 15:19:57.892 1087 5668 D WindowManager: onAnimationFinished(): Notify animation finished:
12-31 15:19:57.892 1087 5668 I WindowManager: Reparenting to original parent: Surface(name=DefaultTaskDisplayArea)/@0x6eda49e, destroy=true, surface=Surface(name=Task=1)/@0xef55fff
12-31 15:19:57.892 1087 5668 I SurfaceControl: nativeRelease nativeObject s[517796787392]
12-31 15:19:57.892 1087 5668 I SurfaceControl: nativeRelease nativeObject e[517796787392]
12-31 15:19:57.893 1087 5668 V WindowManager: rotationForOrientation(orient=SCREEN_ORIENTATION_UNSPECIFIED (-1), last=ROTATION_90 (1)); user=ROTATION_0 (0) USER_ROTATION_LOCKED
12-31 15:19:57.893 1087 5668 D WindowManager: rotationForOrientation, orientationSource=ActivityRecord{40d61d4 u0 com.sec.android.app.launcher/.activities.LauncherActivity t123}
12-31 15:19:57.893 1087 5668 V WindowOrientationListener: getProposedRotation: -1
12-31 15:19:57.893 1087 5668 V WindowManager: Computed rotation=ROTATION_0 (0) for display id=0 based on lastOrientation=SCREEN_ORIENTATION_UNSPECIFIED (-1) and oldRotation=ROTATION_90 (1), caller=com.android.server.wm.DisplayRotation.updateOrientation:394 com.android.server.wm.DisplayContent.continueUpdateOrientationForDiffOrienLaunchingApp:1980 com.android.server.wm.DisplayContent$FixedRotationTransitionListener.onAppTransitionFinishedLocked:7247 com.android.server.wm.AppTransition.notifyAppTransitionFinishedLocked:553 com.android.server.wm.ActivityRecord.onAnimationFinished:7704 com.android.server.wm.WindowContainer.doAnimationFinished:2704
12-31 15:19:57.893 1087 5668 D PhoneWindowManagerExt: setRotation: rotation=0
12-31 15:19:57.893 1087 5668 D PhoneWindowManagerExt: sRotationBooster.acquire()
12-31 15:19:57.893 1087 5668 I SemDvfsHyPerManager: acquire hyper - PWM_ROTATION/1087@38, type = -999
12-31 15:19:57.893 707 732 I HYPER-HAL: [RequestManager.cpp]acquire(): Acquired ID : 633413 [1087 / 38] HINT : PWM_ROTATION list :
12-31 15:19:57.894 1087 3006 D TspStateManager: update cmd=set_grip_data,2,0
12-31 15:19:57.894 1087 5668 D WindowManager: container=Task{4e32787 #1 visible=true type=home mode=fullscreen translucent=false I=com.sec.android.app.launcher/.activities.LauncherActivity U=0 StackId=1 sz=1}
12-31 15:19:57.894 1087 5668 I WindowManager: Reparenting to original parent: Surface(name=DefaultTaskDisplayArea)/@0x6eda49e, destroy=true, surface=Surface(name=Task=277)/@0x40c8a23
12-31 15:19:57.894 1087 5668 I SurfaceControl: nativeRelease nativeObject s[517796950048]
12-31 15:19:57.894 1087 5668 I SurfaceControl: nativeRelease nativeObject e[517796950048]
12-31 15:19:57.894 707 732 I HYPER-HAL: [ResourceManager.cpp]updateResource(): [CPUMinFreq] UpdateResource Request ID : 633413 Value : 1794000
