12-31 15:20:02.621 28370 30733 W System : A resource failed to call release.
12-31 15:20:02.675 1087 5570 D BatteryService: Sending ACTION_BATTERY_CHANGED. scale:100, info:{.chargerAcOnline = false, .chargerUsbOnline = true, .chargerWirelessOnline = false, .maxChargingCurrent = 0, .maxChargingVoltage = 0, .batteryStatus = CHARGING, .batteryHealth = GOOD, .batteryPresent = true, .batteryLevel = 65, .batteryVoltage = 3849, .batteryTemperature = 283, .batteryCurrent = -1027, .batteryCycleCount = 0, .batteryFullCharge = 5000000, .batteryChargeCounter = 2884200, .batteryTechnology = Li-ion}
12-31 15:20:02.675 1087 5570 D BatteryService: online:4, current avg:-782, charge type:2, POGO powered:false, power sharing:false, high voltage charger:false, charger_type:0, capacity:280000, misc_event:0x0, current_event:0x8100, current_now:-1027
12-31 15:20:02.676 1087 1196 D PowerManagerService: mDisplayReady: false
12-31 15:20:02.676 1087 1087 D PhoneWindowManagerExt: ACTION_BATTERY_CHANGED - Level=65, status=2
12-31 15:20:02.676 1087 1372 D MotionRecognitionService: onReceive : ACTION_BATTERY_CHANGED, Plugged: 2
12-31 15:20:02.676 1087 1196 D DisplayPowerController: animateScreenStateChange: target=2, targetInternal=2, dualScreenPolicy=-1
12-31 15:20:02.676 1087 1087 D GameManagerService: new battery level: 65
12-31 15:20:02.676 1087 1372 I MotionRecognitionService: [TA] In/out: true, curr state: 1
12-31 15:20:02.676 1087 1087 D SemWifiApBroadcastReceiver: Received : android.intent.action.BATTERY_CHANGED
12-31 15:20:02.677 1087 1196 D DisplayPowerController: getFinalBrightness : Summary is 5 (0.02) -> 5 (0.02)
12-31 15:20:02.677 1087 1196 D PowerManagerService: DisplayPowerCallbacks : onStateChanged()
12-31 15:20:02.677 1087 1196 D PowerManagerService: mDisplayReady: true
12-31 15:20:02.677 6056 6056 D SemBigDataInfoController: Intent : android.intent.action.BATTERY_CHANGED
12-31 15:20:02.678 493 493 I hwservicemanager: getTransport: Cannot find entry android.hardware.power.stats@1.0::IPowerStats/default in either framework or device manifest.
12-31 15:20:02.679 5618 5618 D KeyguardUpdateMonitor: received broadcast android.intent.action.BATTERY_CHANGED
12-31 15:20:02.679 5618 5618 I PowerUI : BATTERY_HEALTH_CHECK extraHealth=2 mBatteryMiscEvent=0
12-31 15:20:02.679 5618 5618 D PowerUI : priorPlugType = 2 mPlugType = 2 priorBatteryStatus = 2 mBatteryStatus = 2
12-31 15:20:02.681 493 493 I hwservicemanager: getTransport: Cannot find entry android.hardware.power@1.0::IPower/default in either framework or device manifest.
12-31 15:20:02.682 1087 1188 E BatteryStatsService: Unable to load Power Hal or power.stats HAL
12-31 15:20:02.682 493 493 I hwservicemanager: getTransport: Cannot find entry android.hardware.power.stats@1.0::IPowerStats/default in either framework or device manifest.
12-31 15:20:02.683 493 493 I hwservicemanager: getTransport: Cannot find entry android.hardware.power@1.0::IPower/default in either framework or device manifest.
12-31 15:20:02.683 1087 1188 E BatteryStatsService: Unable to load Power Hal or power.stats HAL
12-31 15:20:02.683 1087 1188 D BatteryExternalStatsWorker: update stats : wakelock-change (1)
12-31 15:20:02.684 5618 5618 D PowerUI.Notification: showChargingNotice oldChargingType : 7 currentChargingType : 7 oldChargingTime : 43512000 mChargingTime : 43638000
12-31 15:20:02.684 5618 5618 D PowerUI.Notification: showChargingNotification()
12-31 15:20:02.685 1087 1166 D ApplicationPolicy: isStatusBarNotificationAllowedAsUser: packageName = com.android.systemui,userId = 0
12-31 15:20:02.685 1087 1166 D ApplicationPolicy: isStatusBarNotificationAllowedAsUser: packageName = com.android.systemui,userId = -1
12-31 15:20:02.685 1087 1166 D ApplicationPolicy: isStatusBarNotificationAllowedAsUser: converting userId from USER_ALLto 0
12-31 15:20:02.686 5618 5618 D PowerUI : Battery swelling mode - priorBatterySwellingMode = 0 mBatterySwellingMode = 0 mBatteryStatus = 2
12-31 15:20:02.686 5618 5618 I PowerUI : mBatteryMiscEvent = 0
12-31 15:20:02.686 5618 5618 D PowerUI : showing power sharing dialogfalse
12-31 15:20:02.687 5618 5618 I AODBatteryManager: updateBatteryData: ACTION_BATTERY_CHANGED
12-31 15:20:02.708 1087 1188 D BatteryExternalStatsWorker: done updateExternalStatsLocked
12-31 15:20:02.709 5618 5618 I AODBatteryManager: saveBatteryData : AOD BatteryData [mBatteryLevel=65, mBatteryStatus=CHARGING, mBatteryPlugType=USB, mBatteryPlugged=true, mRemainingChargeTime=43638000, mBatteryChargingType=1, mBatteryChargerType=NORMAL, mBatteryOnline=USB, mBatterySwellingMode=NONE, mBatteryProtectMode=false]
12-31 15:20:02.709 5618 5618 I ChargingInfoManager: updateChargingInfo: newState = AOD ChargingInfo [mState=BATTERY_AND_REMAIN_TIME, mIsCharging=true, mIsFullyCharged=false, mIsBatteryProtectMode=false], oldState = AOD ChargingInfo [mState=BATTERY_AND_REMAIN_TIME, mIsCharging=true, mIsFullyCharged=false, mIsBatteryProtectMode=false]
12-31 15:20:02.716 5618 5618 D KeyguardUpdateMonitor: handleBatteryUpdate
12-31 15:20:02.717 5618 5618 D KeyguardSecIndicationController: addIndicationTimeout() returned - unlocking
12-31 15:20:02.717 5618 5618 D KeyguardSecIndicationController: addIndication() returned - unlocking
12-31 15:20:02.717 5618 5618 D KeyguardSecIndicationController: addBatteryIndication() status = BatteryStatus{status=2,level=65,plugged=2,health=2,maxChargingWattage=-1,remaining=43638000ultraFastCharger=0}
12-31 15:20:02.889 1087 1087 W NotificationHistory: Attempted to add notif for locked/gone/disabled user 0
12-31 15:20:02.891 9326 9326 I Edge.badge: updateBadge item=key=-1|com.android.systemui|2131362998|charging_state|10062, count=1
12-31 15:20:02.891 9202 9202 I Launcher.NotificationListener: onNotificationPosted : com.android.systemui number : 0
12-31 15:20:02.893 5618 5618 D InterruptionStateProvider: No bubble up: not allowed to bubble: -1|com.android.systemui|2131362998|charging_state|10062
12-31 15:20:02.894 5618 5618 D InterruptionStateProvider: no Heads up : edgelighting enabled app. -1|com.android.systemui|2131362998|charging_state|10062
12-31 15:20:02.948 1087 2998 I SystemUiVisibilityPolicyController: handleMessage: entry what = 101
12-31 15:20:02.953 5618 5618 E ExpandableNotifRow: onNotificationUpdated() NSSL is null..
12-31 15:20:02.954 5618 5618 D FaceWidgetNotificationManager: updateFaceWidgetMusicNotificationKey() return : mFaceWidgetMusicNotificationKey is empty
12-31 15:20:03.041 5618 5688 D NetworkController.SecMobileSignalController(0/2147483647): onSignalStrengthsChanged level=4
12-31 15:20:03.041 5618 5688 D NetworkController.SecMobileSignalController(0/2147483647): Display signal bar by emergency only[true][true]
12-31 15:20:03.041 5618 5688 D MobileSignalIconsSelector: getDataIconGroup(): 0
12-31 15:20:03.649 6983 8050 I SDHMS:G : -99 > surface_temperature_0
12-31 15:20:03.649 6983 8050 I SDHMS:G : writeSysfs:: path() : /sys/class/audio/amp/surface_temperature_0 exist() : false canWrite() : false
12-31 15:20:03.649 6983 8050 I SDHMS:G : -99 > surface_temperature_1
12-31 15:20:03.650 6983 8050 I SDHMS:G : writeSysfs:: path() : /sys/class/audio/amp/surface_temperature_1 exist() : false canWrite() : false
12-31 15:20:03.650 6983 8050 I SDHMS:G : SIOP:: AP:348(373,0) BAT:283(283,0) USB:274(274,0) CHG:353(353,0) PA:251(307,50) WIFI:282(348,50) BLK:297(297,0) LRP:346(346,0) LRF:340(340) LRB:346(346)
12-31 15:20:03.969 549 549 D io_stats: !@ 8,0 r 2332657 84730312 w 729604 23562456 d 300265 68828484 f 270026 354313 iot 1081648 865076 th 102400 0 0 pt 0 inp 0 0 74918.141
12-31 15:20:04.026 5569 5569 I wpa_supplicant: Heartbeat 7455
12-31 15:20:05.333 1087 1341 D SensorService: [SO] 0.931 -2.025 9.465
12-31 15:20:05.977 549 549 D io_stats: !@ 8,0 r 2332657 84730312 w 729618 23562516 d 300265 68828484 f 270026 354313 iot 1081652 865078 th 102400 0 0 pt 0 inp 0 0 74920.147
12-31 15:20:07.096 766 766 I SurfaceFlinger: SFWD update time=74921271851179
12-31 15:20:07.765 5618 5688 D NetworkController.SecMobileSignalController(0/2147483647): onSignalStrengthsChanged level=3
12-31 15:20:07.765 5618 5688 D NetworkController.SecMobileSignalController(0/2147483647): Display signal bar by emergency only[true][true]
12-31 15:20:07.766 5618 5688 D MobileSignalIconsSelector: getDataIconGroup(): 0
12-31 15:20:08.943 5618 5688 D NetworkController.SecMobileSignalController(0/2147483647): onSignalStrengthsChanged level=4
12-31 15:20:08.943 5618 5688 D NetworkController.SecMobileSignalController(0/2147483647): Display signal bar by emergency only[true][true]
12-31 15:20:08.944 5618 5688 D MobileSignalIconsSelector: getDataIconGroup(): 0
12-31 15:20:09.993 549 549 D io_stats: !@ 8,0 r 2332657 84730312 w 729625 23562556 d 300265 68828484 f 270026 354313 iot 1081656 865078 th 102400 0 0 pt 0 inp 0 0 74924.164
12-31 15:20:10.113 5618 5688 D NetworkController.SecMobileSignalController(0/2147483647): onSignalStrengthsChanged level=4
12-31 15:20:10.113 5618 5688 D NetworkController.SecMobileSignalController(0/2147483647): Display signal bar by emergency only[true][true]
12-31 15:20:10.114 5618 5688 D MobileSignalIconsSelector: getDataIconGroup(): 0
12-31 15:20:10.117 5618 5688 D MobileSignalIconsSelector: getDataIconGroup(): connected=true,enabled=true,level=4,inetCondition=1,dataIconGroup=DataIconGroup(UNKNOWN),activityIn=false,activityOut=false,lastModified=12-31 15:20:10.115,dataSim=false,networkName=Emergency calls only,networkNameData=Emergency calls only,dataConnected=false,roaming=false,isDefault=false,isEmergency=true,airplaneMode=false,carrierNetworkChangeMode=false,userSetup=true,defaultDataOff=false,cdmaEriIconIndex=-1,cdmaEriIconMode=-1,callState=0,voWifiConnected=false,shouldShowDisabledDataIcon=false,bluetoothTethered=false,isLTEFemtoCell=false,cardOperator=OTHERS,optionalRadioTech=0,isCAIndicator=false,isLimitedStateForCTCSlaveVoLTE=false,isSWRoaming=false,isMobileDataSettingEnabled=false,nwBoosterRilEnabled=false,nwBoosterSettingEnabled=false,emergencyModeActivated=false,ismmW5G=false,slotId=0,simState=ABSENT, iconSet = null
12-31 15:20:10.118 5618 5618 D StatusbarSignalPolicy: setMobileDataIndicators state = MobileIconState(subId=2147483647, strengthId=2131233615, roaming=false, typeId=0, visible=true, activityId=0, roamingId=0, slotId=0)
12-31 15:20:11.295 5618 5688 D NetworkController.SecMobileSignalController(0/2147483647): onSignalStrengthsChanged level=4
12-31 15:20:11.295 5618 5688 D NetworkController.SecMobileSignalController(0/2147483647): Display signal bar by emergency only[true][true]
12-31 15:20:11.297 5618 5688 D MobileSignalIconsSelector: getDataIconGroup(): 0
12-31 15:20:12.097 766 766 I SurfaceFlinger: SFWD update time=74926272737637
12-31 15:20:12.614 1087 5488 D UsbStatsMonitor: 0 0 0 0 0 0 0 0 0 0 0 2 0 0 0 0 0 0 0 0 0 0 0 0 0 0 0 0 0 0 0 0 0 0 0 0 0 0 0 0 0 0 0 0 0 0 0 0 53021371269139
12-31 15:20:12.897 1087 5883 D BatteryService: Sending ACTION_BATTERY_CHANGED. scale:100, info:{.chargerAcOnline = false, .chargerUsbOnline = true, .chargerWirelessOnline = false, .maxChargingCurrent = 0, .maxChargingVoltage = 0, .batteryStatus = CHARGING, .batteryHealth = GOOD, .batteryPresent = true, .batteryLevel = 65, .batteryVoltage = 3882, .batteryTemperature = 283, .batteryCurrent = -136, .batteryCycleCount = 0, .batteryFullCharge = 5000000, .batteryChargeCounter = 2879830, .batteryTechnology = Li-ion}
12-31 15:20:12.897 1087 5883 D BatteryService: online:4, current avg:-428, charge type:2, POGO powered:false, power sharing:false, high voltage charger:false, charger_type:0, capacity:280000, misc_event:0x0, current_event:0x8100, current_now:-136
12-31 15:20:12.904 1087 1372 D MotionRecognitionService: onReceive : ACTION_BATTERY_CHANGED, Plugged: 2
12-31 15:20:12.905 1087 1372 I MotionRecognitionService: [TA] In/out: true, curr state: 1
12-31 15:20:12.909 5618 5618 D KeyguardUpdateMonitor: received broadcast android.intent.action.BATTERY_CHANGED
12-31 15:20:12.909 5618 5618 I PowerUI : BATTERY_HEALTH_CHECK extraHealth=2 mBatteryMiscEvent=0
12-31 15:20:12.909 5618 5618 D PowerUI : priorPlugType = 2 mPlugType = 2 priorBatteryStatus = 2 mBatteryStatus = 2
12-31 15:20:12.911 1087 1087 D PhoneWindowManagerExt: ACTION_BATTERY_CHANGED - Level=65, status=2
12-31 15:20:12.912 1087 1087 D SemWifiApBroadcastReceiver: Received : android.intent.action.BATTERY_CHANGED
12-31 15:20:12.918 6056 6056 D SemBigDataInfoController: Intent : android.intent.action.BATTERY_CHANGED
12-31 15:20:12.927 5618 5618 D PowerUI.Notification: showChargingNotice oldChargingType : 7 currentChargingType : 7 oldChargingTime : 43638000 mChargingTime : 43638000
12-31 15:20:12.927 5618 5618 D PowerUI.Notification: There is no change about charging status, so return!
12-31 15:20:12.927 5618 5618 D PowerUI : Battery swelling mode - priorBatterySwellingMode = 0 mBatterySwellingMode = 0 mBatteryStatus = 2
12-31 15:20:12.927 5618 5618 I PowerUI : mBatteryMiscEvent = 0
12-31 15:20:12.927 5618 5618 D PowerUI : showing power sharing dialogfalse
12-31 15:20:12.958 5618 5618 D KeyguardUpdateMonitor: handleBatteryUpdate
12-31 15:20:12.960 5618 5618 I AODBatteryManager: updateBatteryData: ACTION_BATTERY_CHANGED
12-31 15:20:12.963 5618 5618 I AODBatteryManager: saveBatteryData : AOD BatteryData [mBatteryLevel=65, mBatteryStatus=CHARGING, mBatteryPlugType=USB, mBatteryPlugged=true, mRemainingChargeTime=43638000, mBatteryChargingType=1, mBatteryChargerType=NORMAL, mBatteryOnline=USB, mBatterySwellingMode=NONE, mBatteryProtectMode=false]
12-31 15:20:14.013 549 549 D io_stats: !@ 8,0 r 2332660 84730568 w 729627 23562588 d 300266 68828488 f 270028 354316 iot 1081668 865086 th 102400 0 0 pt 0 inp 0 0 74928.183
12-31 15:20:14.028 5569 5569 I wpa_supplicant: Heartbeat 7456
12-31 15:20:14.333 1087 1341 D SensorService: [SO] 0.912 -2.025 9.457
12-31 15:20:14.599 1087 1176 E Watchdog: !@Sync: 2495 heap: 72 / 79 [2021-12-31 15:20:14.598] sdogWay: softdog FD: 735
12-31 15:20:17.097 766 766 I SurfaceFlinger: SFWD update time=74931273388210
12-31 15:20:18.029 549 549 D io_stats: !@ 8,0 r 2332661 84730676 w 729629 23562604 d 300266 68828488 f 270028 354316 iot 1081672 865088 th 102400 0 0 pt 0 inp 0 0 74932.199
12-31 15:20:22.098 766 766 I SurfaceFlinger: SFWD update time=74936273987207
12-31 15:20:22.730 1087 1363 D SamsungAlarmManager: Expired : 8
12-31 15:20:22.731 1087 1363 V SamsungAlarmManager: Sending to uid : 1000 L=62b2056:DetectMovementSPListener alarm=Alarm{c81397d type 3 when 824283557 android}
12-31 15:20:22.732 1087 5901 I SLocation: SPManager - can't use SP!
12-31 15:20:22.737 1087 1363 I SamsungAlarmManager: setLocked to kernel - T:2 / 20211231T152100, set=824321399, now=824283565
12-31 15:20:22.740 1087 1363 I SamsungAlarmManager: setLocked to kernel - T:3 / 20211231T152100, set=824320828, now=824283567
12-31 15:20:22.742 1087 5901 D SamsungAlarmManager: setExact (T:3/F:9/AC:false) 20211231T152122 now=824283570 - CU:1000/CP:1087/L:62b2056:DetectMovementSPListener
12-31 15:20:22.743 1087 5901 I SamsungAlarmManager: setLocked to kernel - T:2 / 20211231T152100, set=824321399, now=824283571
12-31 15:20:22.744 1087 5901 I SamsungAlarmManager: setLocked to kernel - T:3 / 20211231T152100, set=824320828, now=824283571
12-31 15:20:23.067 1087 1910 D BatteryService: Sending ACTION_BATTERY_CHANGED. scale:100, info:{.chargerAcOnline = false, .chargerUsbOnline = true, .chargerWirelessOnline = false, .maxChargingCurrent = 0, .maxChargingVoltage = 0, .batteryStatus = CHARGING, .batteryHealth = GOOD, .batteryPresent = true, .batteryLevel = 65, .batteryVoltage = 3886, .batteryTemperature = 283, .batteryCurrent = -149, .batteryCycleCount = 0, .batteryFullCharge = 5000000, .batteryChargeCounter = 2879830, .batteryTechnology = Li-ion}
12-31 15:20:23.067 1087 1910 D BatteryService: online:4, current avg:-265, charge type:2, POGO powered:false, power sharing:false, high voltage charger:false, charger_type:0, capacity:280000, misc_event:0x0, current_event:0x8100, current_now:-149
12-31 15:20:23.074 1087 1372 D MotionRecognitionService: onReceive : ACTION_BATTERY_CHANGED, Plugged: 2
12-31 15:20:23.074 1087 1372 I MotionRecognitionService: [TA] In/out: true, curr state: 1
12-31 15:20:23.078 6056 6056 D SemBigDataInfoController: Intent : android.intent.action.BATTERY_CHANGED
12-31 15:20:23.086 5618 5618 D KeyguardUpdateMonitor: received broadcast android.intent.action.BATTERY_CHANGED
12-31 15:20:23.087 5618 5618 I PowerUI : BATTERY_HEALTH_CHECK extraHealth=2 mBatteryMiscEvent=0
12-31 15:20:23.087 5618 5618 D PowerUI : priorPlugType = 2 mPlugType = 2 priorBatteryStatus = 2 mBatteryStatus = 2
12-31 15:20:23.090 1087 1087 D PhoneWindowManagerExt: ACTION_BATTERY_CHANGED - Level=65, status=2
12-31 15:20:23.091 1087 1087 D SemWifiApBroadcastReceiver: Received : android.intent.action.BATTERY_CHANGED
12-31 15:20:23.093 5618 5618 D PowerUI.Notification: showChargingNotice oldChargingType : 7 currentChargingType : 7 oldChargingTime : 43638000 mChargingTime : 43638000
12-31 15:20:23.093 5618 5618 D PowerUI.Notification: There is no change about charging status, so return!
12-31 15:20:23.094 5618 5618 D PowerUI : Battery swelling mode - priorBatterySwellingMode = 0 mBatterySwellingMode = 0 mBatteryStatus = 2
12-31 15:20:23.094 5618 5618 I PowerUI : mBatteryMiscEvent = 0
12-31 15:20:23.094 5618 5618 D PowerUI : showing power sharing dialogfalse
12-31 15:20:23.095 5618 5618 I AODBatteryManager: updateBatteryData: ACTION_BATTERY_CHANGED
12-31 15:20:23.098 5618 5618 I AODBatteryManager: saveBatteryData : AOD BatteryData [mBatteryLevel=65, mBatteryStatus=CHARGING, mBatteryPlugType=USB, mBatteryPlugged=true, mRemainingChargeTime=43638000, mBatteryChargingType=1, mBatteryChargerType=NORMAL, mBatteryOnline=USB, mBatterySwellingMode=NONE, mBatteryProtectMode=false]
12-31 15:20:23.130 5618 5618 D KeyguardUpdateMonitor: handleBatteryUpdate
12-31 15:20:23.333 1087 1341 D SensorService: [SO] 0.929 -2.045 9.474
12-31 15:20:24.032 5569 5569 I wpa_supplicant: Heartbeat 7457
12-31 15:20:26.595 5618 5688 D NetworkController.SecMobileSignalController(0/2147483647): onSignalStrengthsChanged level=4
12-31 15:20:26.596 5618 5688 D NetworkController.SecMobileSignalController(0/2147483647): Display signal bar by emergency only[true][true]
12-31 15:20:26.597 5618 5688 D MobileSignalIconsSelector: getDataIconGroup(): 0
12-31 15:20:27.098 766 766 I SurfaceFlinger: SFWD update time=74941274346511
12-31 15:20:27.914 21972 21972 D BoundBrokerSvc: onUnbind: Intent { act=com.google.android.gms.clearcut.bootcount.service.START cmp=com.google.android.gms/.chimera.PersistentBoundBrokerService }
12-31 15:20:30.027 6548 6548 D BoundBrokerSvc: onUnbind: Intent { act=com.google.android.gms.feedback.internal.IFeedbackService cmp=com.google.android.gms/.chimera.GmsBoundBrokerService }
12-31 15:20:32.098 766 766 I SurfaceFlinger: SFWD update time=74946274658238
12-31 15:20:32.333 1087 1341 D SensorService: [SO] 0.915 -2.033 9.448
12-31 15:20:33.219 1087 1910 D BatteryService: Sending ACTION_BATTERY_CHANGED. scale:100, info:{.chargerAcOnline = false, .chargerUsbOnline = true, .chargerWirelessOnline = false, .maxChargingCurrent = 0, .maxChargingVoltage = 0, .batteryStatus = CHARGING, .batteryHealth = GOOD, .batteryPresent = true, .batteryLevel = 65, .batteryVoltage = 3883, .batteryTemperature = 283, .batteryCurrent = -129, .batteryCycleCount = 0, .batteryFullCharge = 5000000, .batteryChargeCounter = 2879830, .batteryTechnology = Li-ion}
12-31 15:20:33.219 1087 1910 D BatteryService: online:4, current avg:-195, charge type:2, POGO powered:false, power sharing:false, high voltage charger:false, charger_type:0, capacity:280000, misc_event:0x0, current_event:0x8100, current_now:-129
12-31 15:20:33.225 1087 1372 D MotionRecognitionService: onReceive : ACTION_BATTERY_CHANGED, Plugged: 2
12-31 15:20:33.225 1087 1372 I MotionRecognitionService: [TA] In/out: true, curr state: 1
12-31 15:20:33.226 1087 1087 D PhoneWindowManagerExt: ACTION_BATTERY_CHANGED - Level=65, status=2
12-31 15:20:33.235 5618 5618 D KeyguardUpdateMonitor: received broadcast android.intent.action.BATTERY_CHANGED
12-31 15:20:33.235 5618 5618 I PowerUI : BATTERY_HEALTH_CHECK extraHealth=2 mBatteryMiscEvent=0
12-31 15:20:33.236 5618 5618 D PowerUI : priorPlugType = 2 mPlugType = 2 priorBatteryStatus = 2 mBatteryStatus = 2
12-31 15:20:33.237 1087 1087 D SemWifiApBroadcastReceiver: Received : android.intent.action.BATTERY_CHANGED
12-31 15:20:33.241 6056 6056 D SemBigDataInfoController: Intent : android.intent.action.BATTERY_CHANGED
12-31 15:20:33.252 5618 5618 D PowerUI.Notification: showChargingNotice oldChargingType : 7 currentChargingType : 7 oldChargingTime : 43638000 mChargingTime : 43638000
12-31 15:20:33.252 5618 5618 D PowerUI.Notification: There is no change about charging status, so return!
12-31 15:20:33.253 5618 5618 D PowerUI : Battery swelling mode - priorBatterySwellingMode = 0 mBatterySwellingMode = 0 mBatteryStatus = 2
12-31 15:20:33.253 5618 5618 I PowerUI : mBatteryMiscEvent = 0
12-31 15:20:33.253 5618 5618 D PowerUI : showing power sharing dialogfalse
12-31 15:20:33.286 5618 5618 D KeyguardUpdateMonitor: handleBatteryUpdate
12-31 15:20:33.288 5618 5618 I AODBatteryManager: updateBatteryData: ACTION_BATTERY_CHANGED
12-31 15:20:33.291 5618 5618 I AODBatteryManager: saveBatteryData : AOD BatteryData [mBatteryLevel=65, mBatteryStatus=CHARGING, mBatteryPlugType=USB, mBatteryPlugged=true, mRemainingChargeTime=43638000, mBatteryChargingType=1, mBatteryChargerType=NORMAL, mBatteryOnline=USB, mBatterySwellingMode=NONE, mBatteryProtectMode=false]
12-31 15:20:33.657 6983 8050 I SDHMS:G : -99 > surface_temperature_0
12-31 15:20:33.658 6983 8050 I SDHMS:G : writeSysfs:: path() : /sys/class/audio/amp/surface_temperature_0 exist() : false canWrite() : false
12-31 15:20:33.658 6983 8050 I SDHMS:G : -99 > surface_temperature_1
12-31 15:20:33.659 6983 8050 I SDHMS:G : writeSysfs:: path() : /sys/class/audio/amp/surface_temperature_1 exist() : false canWrite() : false
12-31 15:20:33.660 6983 8050 I SDHMS:G : SIOP:: AP:352(327,0) BAT:283(283,0) USB:273(273,0) CHG:337(337,0) PA:254(305,50) WIFI:287(330,50) BLK:298(298,0) LRP:338(338,0) LRF:338(338) LRB:329(329)
12-31 15:20:33.671 2268 2301 I SystemBroadcastReceiver: [#CMH#] onReceive completed : 0
12-31 15:20:33.671 2268 2268 I PolicyManager: [#CMH#] onReceive action = EVENT_SIOP
12-31 15:20:33.674 1087 1165 D SensorService: Calling batch handle==41 flags=0 rate=200000000 timeout== 0
12-31 15:20:33.675 702 702 I Sensors : batch(5) - uncal_light_sensor try to batching with 200000000
12-31 15:20:33.677 702 702 I Sensors : UncalLightSensor old sensor_state 641, new sensor_state : 1099511628417 en : 1
12-31 15:20:33.679 1087 1087 D WifiP2pService: GopsReceiver : received : com.samsung.intent.action.CHECK_SIOP_LEVEL
12-31 15:20:33.679 1087 1087 I WifiP2pService: siop_level = -2
12-31 15:20:33.682 702 702 I Sensors : enable:: uncal_light_sensor(5)
12-31 15:20:33.684 1087 1087 D WifiP2pService: GopsReceiver : received : com.samsung.intent.action.CHECK_SIOP_LEVEL time : 5ms
12-31 15:20:33.772 702 1338 I Sensors : Uncalibrated lux = 2, CCT = 5616, r = 12, g = 11, b = 12, c = 22, atime = 17, again = 3, time = 824294595184377
12-31 15:20:33.772 702 1338 I Sensors : luminance 0
12-31 15:20:34.032 5569 5569 I wpa_supplicant: Heartbeat 7458
12-31 15:20:35.677 1087 5564 D SensorService: removeConnection, index : 0, size : 1
12-31 15:20:35.677 1087 5564 D SensorService: # removeConnection, index : 0, size : 0
12-31 15:20:35.677 1087 5564 D SensorService: Calling activate off 41
12-31 15:20:35.678 702 702 I Sensors : UncalLightSensor old sensor_state 641, new sensor_state : 641 en : 0
12-31 15:20:35.684 702 702 I Sensors : disable:: uncal_light_sensor(5)
12-31 15:20:35.686 6983 7138 W System.err: java.lang.NumberFormatException: For input string: "FAIL"
12-31 15:20:35.687 6983 7138 W System.err: at java.lang.Integer.parseInt(Integer.java:615)
12-31 15:20:35.687 6983 7138 W System.err: at java.lang.Integer.parseInt(Integer.java:650)
12-31 15:20:35.687 6983 7138 W System.err: at com.sec.android.sdhms.thermal.overheatcontrol.OverheatSensorChecker.getSensorValue(Unknown Source:402)
12-31 15:20:35.687 6983 7138 W System.err: at com.sec.android.sdhms.thermal.siop.X0.run(Unknown Source:12)
12-31 15:20:35.687 6983 7138 W System.err: at com.sec.android.sdhms.thermal.overheatcontrol.OverheatSensorChecker$3.run(Unknown Source:80)
12-31 15:20:35.687 6983 7138 W System.err: at android.os.Handler.handleCallback(Handler.java:938)
12-31 15:20:35.687 6983 7138 W System.err: at android.os.Handler.dispatchMessage(Handler.java:99)
12-31 15:20:35.687 6983 7138 W System.err: at android.os.Looper.loop(Looper.java:247)
12-31 15:20:35.688 6983 7138 W System.err: at android.os.HandlerThread.run(HandlerThread.java:67)
12-31 15:20:35.688 6983 7138 W System.err: java.lang.NumberFormatException: For input string: "FAIL"
12-31 15:20:35.688 6983 7138 W System.err: at java.lang.Integer.parseInt(Integer.java:615)
12-31 15:20:35.688 6983 7138 W System.err: at java.lang.Integer.parseInt(Integer.java:650)
12-31 15:20:35.688 6983 7138 W System.err: at com.sec.android.sdhms.thermal.overheatcontrol.OverheatSensorChecker.getSensorValue(Unknown Source:402)
12-31 15:20:35.689 6983 7138 W System.err: at com.sec.android.sdhms.thermal.siop.X0.run(Unknown Source:24)
12-31 15:20:35.689 6983 7138 W System.err: at com.sec.android.sdhms.thermal.overheatcontrol.OverheatSensorChecker$3.run(Unknown Source:80)
12-31 15:20:35.689 6983 7138 W System.err: at android.os.Handler.handleCallback(Handler.java:938)
12-31 15:20:35.689 6983 7138 W System.err: at android.os.Handler.dispatchMessage(Handler.java:99)
12-31 15:20:35.689 6983 7138 W System.err: at android.os.Looper.loop(Looper.java:247)
12-31 15:20:35.689 6983 7138 W System.err: at android.os.HandlerThread.run(HandlerThread.java:67)
12-31 15:20:35.689 6983 7138 W System.err: java.lang.NumberFormatException: For input string: "FAIL"
12-31 15:20:35.689 6983 7138 W System.err: at java.lang.Integer.parseInt(Integer.java:615)
12-31 15:20:35.690 6983 7138 W System.err: at java.lang.Integer.parseInt(Integer.java:650)
12-31 15:20:35.690 6983 7138 W System.err: at com.sec.android.sdhms.thermal.overheatcontrol.OverheatSensorChecker.getSensorValue(Unknown Source:402)
12-31 15:20:35.690 6983 7138 W System.err: at com.sec.android.sdhms.thermal.siop.X0.run(Unknown Source:40)
12-31 15:20:35.690 6983 7138 W System.err: at com.sec.android.sdhms.thermal.overheatcontrol.OverheatSensorChecker$3.run(Unknown Source:80)
12-31 15:20:35.690 6983 7138 W System.err: at android.os.Handler.handleCallback(Handler.java:938)
12-31 15:20:35.690 6983 7138 W System.err: at android.os.Handler.dispatchMessage(Handler.java:99)
12-31 15:20:35.690 6983 7138 W System.err: at android.os.Looper.loop(Looper.java:247)
12-31 15:20:35.690 6983 7138 W System.err: at android.os.HandlerThread.run(HandlerThread.java:67)
12-31 15:20:36.102 549 549 D io_stats: !@ 8,0 r 2332837 84736264 w 729630 23562620 d 300266 68828488 f 270028 354316 iot 1081712 865124 th 102400 0 0 pt 0 inp 0 0 74950.272
12-31 15:20:37.099 766 766 I SurfaceFlinger: SFWD update time=74951275223119
12-31 15:20:40.119 549 549 D io_stats: !@ 8,0 r 2332837 84736264 w 729633 23562632 d 300266 68828488 f 270028 354316 iot 1081716 865124 th 102400 0 0 pt 0 inp 0 0 74954.289
12-31 15:20:40.380 28164 28224 I ContactsProvider_EventLog: contents_sample_state: [CONTACT contacts(0) data(0) accounts({}) accounts deleted({}) in_trash(in_trash(0), in_trash_for_sync(0)) calls([]) countryIso(PL) userId(0) ]
12-31 15:20:40.380 28164 28224 I ContactsProvider_EventLog: contents_sample_state: [ agr({}) ]
12-31 15:20:40.380 28164 28224 I ContactsProvider_EventLog: contents_sample_state: [ actCnt({android.process.acore(28164)=1}) ]
12-31 15:20:40.380 28164 28224 I ContactsProvider_EventLog: contents_sample_state: [PROFILE contacts(0) data(0) accounts({}) ] [SAPROFILE contacts(0) data(0) accounts({}) ]
12-31 15:20:40.380 28164 28224 I ContactsProvider_EventLog: contents_sample_state: [STORAGE Contacts(CE) Profile(CE) SAProfile(CE) CallLog(CE) ]
12-31 15:20:41.332 1087 1341 D SensorService: [SO] 0.891 -2.021 9.453
12-31 15:20:42.099 766 766 I SurfaceFlinger: SFWD update time=74956275562269
12-31 15:20:43.408 1087 1910 D BatteryService: Sending ACTION_BATTERY_CHANGED. scale:100, info:{.chargerAcOnline = false, .chargerUsbOnline = true, .chargerWirelessOnline = false, .maxChargingCurrent = 0, .maxChargingVoltage = 0, .batteryStatus = CHARGING, .batteryHealth = GOOD, .batteryPresent = true, .batteryLevel = 65, .batteryVoltage = 3886, .batteryTemperature = 282, .batteryCurrent = -136, .batteryCycleCount = 0, .batteryFullCharge = 5000000, .batteryChargeCounter = 2879830, .batteryTechnology = Li-ion}
12-31 15:20:43.408 1087 1910 D BatteryService: online:4, current avg:-170, charge type:2, POGO powered:false, power sharing:false, high voltage charger:false, charger_type:0, capacity:280000, misc_event:0x0, current_event:0x8100, current_now:-136
12-31 15:20:43.413 1087 1372 D MotionRecognitionService: onReceive : ACTION_BATTERY_CHANGED, Plugged: 2
12-31 15:20:43.413 1087 1372 I MotionRecognitionService: [TA] In/out: true, curr state: 1
12-31 15:20:43.414 1087 1087 D PhoneWindowManagerExt: ACTION_BATTERY_CHANGED - Level=65, status=2
12-31 15:20:43.417 1087 1087 D SemWifiApBroadcastReceiver: Received : android.intent.action.BATTERY_CHANGED
12-31 15:20:43.423 5618 5618 D KeyguardUpdateMonitor: received broadcast android.intent.action.BATTERY_CHANGED
12-31 15:20:43.423 5618 5618 I PowerUI : BATTERY_HEALTH_CHECK extraHealth=2 mBatteryMiscEvent=0
12-31 15:20:43.424 5618 5618 D PowerUI : priorPlugType = 2 mPlugType = 2 priorBatteryStatus = 2 mBatteryStatus = 2
12-31 15:20:43.426 5618 5618 D PowerUI.Notification: showChargingNotice oldChargingType : 7 currentChargingType : 7 oldChargingTime : 43638000 mChargingTime : 43638000
12-31 15:20:43.426 5618 5618 D PowerUI.Notification: There is no change about charging status, so return!
12-31 15:20:43.426 5618 5618 D PowerUI : Battery swelling mode - priorBatterySwellingMode = 0 mBatterySwellingMode = 0 mBatteryStatus = 2
12-31 15:20:43.426 5618 5618 I PowerUI : mBatteryMiscEvent = 0
12-31 15:20:43.426 5618 5618 D PowerUI : showing power sharing dialogfalse
12-31 15:20:43.430 6056 6056 D SemBigDataInfoController: Intent : android.intent.action.BATTERY_CHANGED
12-31 15:20:43.470 5618 5618 D KeyguardUpdateMonitor: handleBatteryUpdate
12-31 15:20:43.472 5618 5618 I AODBatteryManager: updateBatteryData: ACTION_BATTERY_CHANGED
12-31 15:20:43.474 5618 5618 I AODBatteryManager: saveBatteryData : AOD BatteryData [mBatteryLevel=65, mBatteryStatus=CHARGING, mBatteryPlugType=USB, mBatteryPlugged=true, mRemainingChargeTime=43638000, mBatteryChargingType=1, mBatteryChargerType=NORMAL, mBatteryOnline=USB, mBatterySwellingMode=NONE, mBatteryProtectMode=false]
12-31 15:20:44.034 5569 5569 I wpa_supplicant: Heartbeat 7459
12-31 15:20:44.616 1087 1176 E Watchdog: !@Sync: 2496 heap: 73 / 79 [2021-12-31 15:20:44.615] sdogWay: softdog FD: 735
12-31 15:20:47.100 766 766 I SurfaceFlinger: SFWD update time=74961275879150
12-31 15:20:47.782 5618 5688 D NetworkController.SecMobileSignalController(0/2147483647): onSignalStrengthsChanged level=4
12-31 15:20:47.782 5618 5688 D NetworkController.SecMobileSignalController(0/2147483647): Display signal bar by emergency only[true][true]
12-31 15:20:47.783 5618 5688 D MobileSignalIconsSelector: getDataIconGroup(): 0
12-31 15:20:48.152 549 549 D io_stats: !@ 8,0 r 2332847 84736500 w 729637 23562668 d 300266 68828488 f 270029 354317 iot 1081720 865129 th 102400 0 0 pt 0 inp 0 0 74962.322
12-31 15:20:50.333 1087 1341 D SensorService: [SO] 0.900 -2.035 9.460
12-31 15:20:52.100 766 766 I SurfaceFlinger: SFWD update time=74966276195878
12-31 15:20:53.613 1087 1910 D BatteryService: Sending ACTION_BATTERY_CHANGED. scale:100, info:{.chargerAcOnline = false, .chargerUsbOnline = true, .chargerWirelessOnline = false, .maxChargingCurrent = 0, .maxChargingVoltage = 0, .batteryStatus = CHARGING, .batteryHealth = GOOD, .batteryPresent = true, .batteryLevel = 65, .batteryVoltage = 3886, .batteryTemperature = 282, .batteryCurrent = -165, .batteryCycleCount = 0, .batteryFullCharge = 5000000, .batteryChargeCounter = 2879830, .batteryTechnology = Li-ion}
12-31 15:20:53.613 1087 1910 D BatteryService: online:4, current avg:-161, charge type:2, POGO powered:false, power sharing:false, high voltage charger:false, charger_type:0, capacity:280000, misc_event:0x0, current_event:0x8100, current_now:-165
12-31 15:20:53.617 1087 1087 D PhoneWindowManagerExt: ACTION_BATTERY_CHANGED - Level=65, status=2
12-31 15:20:53.618 1087 1087 D SemWifiApBroadcastReceiver: Received : android.intent.action.BATTERY_CHANGED
12-31 15:20:53.620 1087 1372 D MotionRecognitionService: onReceive : ACTION_BATTERY_CHANGED, Plugged: 2
12-31 15:20:53.620 1087 1372 I MotionRecognitionService: [TA] In/out: true, curr state: 1
12-31 15:20:53.625 5618 5618 D KeyguardUpdateMonitor: received broadcast android.intent.action.BATTERY_CHANGED
12-31 15:20:53.625 5618 5618 I PowerUI : BATTERY_HEALTH_CHECK extraHealth=2 mBatteryMiscEvent=0
12-31 15:20:53.626 5618 5618 D PowerUI : priorPlugType = 2 mPlugType = 2 priorBatteryStatus = 2 mBatteryStatus = 2
12-31 15:20:53.628 5618 5618 D PowerUI.Notification: showChargingNotice oldChargingType : 7 currentChargingType : 7 oldChargingTime : 43638000 mChargingTime : 43767000
12-31 15:20:53.628 5618 5618 D PowerUI.Notification: showChargingNotification()
12-31 15:20:53.632 6056 6056 D SemBigDataInfoController: Intent : android.intent.action.BATTERY_CHANGED
12-31 15:20:53.644 1087 5564 D ApplicationPolicy: isStatusBarNotificationAllowedAsUser: packageName = com.android.systemui,userId = 0
12-31 15:20:53.645 1087 5564 D ApplicationPolicy: isStatusBarNotificationAllowedAsUser: packageName = com.android.systemui,userId = -1
12-31 15:20:53.645 1087 5564 D ApplicationPolicy: isStatusBarNotificationAllowedAsUser: converting userId from USER_ALLto 0
12-31 15:20:53.647 5618 5618 D PowerUI : Battery swelling mode - priorBatterySwellingMode = 0 mBatterySwellingMode = 0 mBatteryStatus = 2
12-31 15:20:53.647 5618 5618 I PowerUI : mBatteryMiscEvent = 0
12-31 15:20:53.648 5618 5618 D PowerUI : showing power sharing dialogfalse
12-31 15:20:53.677 5618 5618 D KeyguardUpdateMonitor: handleBatteryUpdate
12-31 15:20:53.682 5618 5618 D KeyguardSecIndicationController: addIndicationTimeout() returned - unlocking
12-31 15:20:53.683 5618 5618 D KeyguardSecIndicationController: addIndication() returned - unlocking
12-31 15:20:53.683 5618 5618 D KeyguardSecIndicationController: addBatteryIndication() status = BatteryStatus{status=2,level=65,plugged=2,health=2,maxChargingWattage=-1,remaining=43767000ultraFastCharger=0}
12-31 15:20:53.683 5618 5618 I AODBatteryManager: updateBatteryData: ACTION_BATTERY_CHANGED
12-31 15:20:53.686 5618 5618 I AODBatteryManager: saveBatteryData : AOD BatteryData [mBatteryLevel=65, mBatteryStatus=CHARGING, mBatteryPlugType=USB, mBatteryPlugged=true, mRemainingChargeTime=43767000, mBatteryChargingType=1, mBatteryChargerType=NORMAL, mBatteryOnline=USB, mBatterySwellingMode=NONE, mBatteryProtectMode=false]
12-31 15:20:53.686 5618 5618 I ChargingInfoManager: updateChargingInfo: newState = AOD ChargingInfo [mState=BATTERY_AND_REMAIN_TIME, mIsCharging=true, mIsFullyCharged=false, mIsBatteryProtectMode=false], oldState = AOD ChargingInfo [mState=BATTERY_AND_REMAIN_TIME, mIsCharging=true, mIsFullyCharged=false, mIsBatteryProtectMode=false]
12-31 15:20:53.709 1087 5478 D DeviceStorageMonitorService: check() STORAGE TOTAL <= 64G
12-31 15:20:53.710 1087 5478 W DeviceStorageMonitorService: updateBroadcasts(/data) oldLevel:0, newLevel:0, seq:1
12-31 15:20:53.712 1087 5478 D DeviceStorageMonitorService: Available File Node Number is [13178282]
12-31 15:20:53.712 1087 5478 W DeviceStorageMonitorService: updateBroadcasts_filenode(/data) fn_oldLevel:0, fn_newLevel:0, seq:1
12-31 15:20:53.859 1087 1087 W NotificationHistory: Attempted to add notif for locked/gone/disabled user 0
12-31 15:20:53.864 9326 9326 I Edge.badge: updateBadge item=key=-1|com.android.systemui|2131362998|charging_state|10062, count=1
12-31 15:20:53.864 9202 9202 I Launcher.NotificationListener: onNotificationPosted : com.android.systemui number : 0
12-31 15:20:53.864 5618 5618 D InterruptionStateProvider: No bubble up: not allowed to bubble: -1|com.android.systemui|2131362998|charging_state|10062
12-31 15:20:53.866 5618 5618 D InterruptionStateProvider: no Heads up : edgelighting enabled app. -1|com.android.systemui|2131362998|charging_state|10062
12-31 15:20:53.927 5618 5618 E ExpandableNotifRow: onNotificationUpdated() NSSL is null..
12-31 15:20:53.930 5618 5618 D FaceWidgetNotificationManager: updateFaceWidgetMusicNotificationKey() return : mFaceWidgetMusicNotificationKey is empty
12-31 15:20:54.036 5569 5569 I wpa_supplicant: Heartbeat 7460
12-31 15:20:54.178 549 549 D io_stats: !@ 8,0 r 2332849 84736508 w 729637 23562668 d 300266 68828488 f 270029 354317 iot 1081724 865130 th 102400 0 0 pt 0 inp 0 0 74968.348
12-31 15:20:56.019 5618 5688 D NetworkController.SecMobileSignalController(0/2147483647): onSignalStrengthsChanged level=4
12-31 15:20:56.019 5618 5688 D NetworkController.SecMobileSignalController(0/2147483647): Display signal bar by emergency only[true][true]
12-31 15:20:56.020 5618 5688 D MobileSignalIconsSelector: getDataIconGroup(): 0
12-31 15:20:56.187 549 549 D io_stats: !@ 8,0 r 2332849 84736508 w 729641 23562692 d 300266 68828488 f 270029 354317 iot 1081728 865131 th 102400 0 0 pt 0 inp 0 0 74970.357
12-31 15:20:57.101 766 766 I SurfaceFlinger: SFWD update time=74971276931451
12-31 15:20:58.091 1087 5676 V MdnieScenarioControlService: burn_in_prevention_mode() mBrightnessAllAppServerState : true , enabled : true, mBurnInDisableAppEnabled : false , mAutoBrightnessMode : true, mHighBrightnessModeEnabled : false , mBurnInPreventionACL : false , platform_brightness_value : 5 , BURN_IN_PREVENTION_SUPPORT_VALUE : 143 , mBurnInPreventionEnabled : false , mGameAppLauncher : false
12-31 15:20:58.112 26516 26516 I ContentCaptureService: unbinding from com.samsung.android.smartsuggestions.services.ContentCaptureService
12-31 15:20:58.130 1087 1087 I ActivityManager: Changes in 10274 5 to 10, 7 to 0 Caller=com.android.server.am.OomAdjuster.updateOomAdjLocked:402 com.android.server.am.OomAdjuster.updateOomAdjLocked:449 com.android.server.am.OomAdjuster.updateOomAdjLocked:335 com.android.server.am.ActivityManagerService.updateOomAdjLocked:21341 com.android.server.am.ActiveServices.removeConnectionLocked:3870 com.android.server.am.ActiveServices.unbindServiceLocked:2475 com.android.server.am.ActivityManagerService.unbindService:18225
12-31 15:20:58.161 1087 1166 I ActivityManager: Killing 31874:com.google.android.gm/u0a228 (adj 915): empty #25
12-31 15:20:58.193 549 549 D io_stats: !@ 8,0 r 2332861 84737300 w 729641 23562692 d 300266 68828488 f 270029 354317 iot 1081740 865137 th 102400 0 0 pt 0 inp 0 0 74972.365
12-31 15:20:58.301 1087 6857 D ConnectivityService: ConnectivityService NetworkRequestInfo binderDied(NetworkRequest [ TRACK_DEFAULT id=1702, [ Capabilities: INTERNET&NOT_RESTRICTED&TRUSTED Uid: 10228 AdministratorUids: [] RequestorUid: 10228 RequestorPackageName: com.google.android.gm] ], android.os.BinderProxy@7723ba5)
12-31 15:20:58.301 1087 5668 D ConnectivityService: ConnectivityService NetworkRequestInfo binderDied(NetworkRequest [ LISTEN id=1703, [ Capabilities: INTERNET&NOT_RESTRICTED&TRUSTED Uid: 10228 AdministratorUids: [] RequestorUid: 10228 RequestorPackageName: com.google.android.gm] ], android.os.BinderProxy@6ddb7a)
12-31 15:20:58.302 1087 1166 D ConnectivityService: ConnectivityService NetworkRequestInfo binderDied(NetworkRequest [ TRACK_DEFAULT id=1707, [ Capabilities: INTERNET&NOT_RESTRICTED&TRUSTED Uid: 10228 AdministratorUids: [] RequestorUid: 10228 RequestorPackageName: com.google.android.gm] ], android.os.BinderProxy@201cf2b)
12-31 15:20:58.303 1087 5471 D ConnectivityService: releasing NetworkRequest [ TRACK_DEFAULT id=1702, [ Capabilities: INTERNET&NOT_RESTRICTED&TRUSTED Uid: 10228 AdministratorUids: [] RequestorUid: 10228 RequestorPackageName: com.google.android.gm] ] (release request)
12-31 15:20:58.309 1087 5471 D ConnectivityService: releasing NetworkRequest [ TRACK_DEFAULT id=1707, [ Capabilities: INTERNET&NOT_RESTRICTED&TRUSTED Uid: 10228 AdministratorUids: [] RequestorUid: 10228 RequestorPackageName: com.google.android.gm] ] (release request)
12-31 15:20:58.326 680 680 I Zygote : Process 31874 exited due to signal 9 (Killed)
12-31 15:20:58.327 1087 1182 I libprocessgroup: Successfully killed process cgroup uid 10228 pid 31874 in 161ms
12-31 15:20:58.330 821 5878 I CameraService: UidPolicy: No processes running for a uid=10228 disabled=0
12-31 15:20:59.331 1087 1341 D SensorService: [SO] 0.922 -2.028 9.474
12-31 15:20:59.552 5618 5688 D NetworkController.SecMobileSignalController(0/2147483647): onSignalStrengthsChanged level=4
12-31 15:20:59.553 5618 5688 D NetworkController.SecMobileSignalController(0/2147483647): Display signal bar by emergency only[true][true]
12-31 15:20:59.554 5618 5688 D MobileSignalIconsSelector: getDataIconGroup(): 0
12-31 15:21:00.000 1087 1363 D SamsungAlarmManager: Expired : 8
12-31 15:21:00.001 1087 1363 V SamsungAlarmManager: Sending to uid : 1000 L=97e8162:TIME_TICK alarm=Alarm{e267f88 type 3 when 824320828 android}
12-31 15:21:00.004 1087 1363 D SamsungAlarmManager: setExact (T:3/F:1/AC:false) 20211231T152200 now=824320832 - CU:1000/CP:1087/L:97e8162:TIME_TICK
12-31 15:21:00.005 1087 1363 I SamsungAlarmManager: setLocked to kernel - T:2 / 20211231T152100, set=824321399, now=824320833
12-31 15:21:00.009 1087 1363 I SamsungAlarmManager: setLocked to kernel - T:2 / 20211231T152100, set=824321399, now=824320837
12-31 15:21:00.010 5618 5887 D QSClockBellTower: onReceive(android.intent.action.TIME_TICK) mTimeZoneString:null
12-31 15:21:00.013 5618 5618 D KeyguardUpdateMonitor: received broadcast android.intent.action.TIME_TICK
12-31 15:21:00.018 5618 5618 D QSClockBellTower: He is ready to ring the bell. (((QSClockBellSound - TimeText:15:21, TimeContentDescription:15:21, DateText:Fri, 31 December, ShortDateText:Fri, 31 Dec, Demofalse)))
12-31 15:21:00.018 5618 5618 D QSClockHomeIndicatorView: Home Indicator status_bar_clock notifyTimeChanged(QSClockBellSound - TimeText:15:21, TimeContentDescription:15:21, DateText:Fri, 31 December, ShortDateText:Fri, 31 Dec, Demofalse) ClockVisibleByPolicy:true, ClockVisibleByUser:true, visible?true, parent:android.widget.LinearLayout{bed0046 V.E...... ......ID 0,0-75,48 #7f0a0399 app:id/left_clock_container}
12-31 15:21:00.018 5618 5618 D QSClockBellTower: Everyone heard the bell. run(currentTime:1640960460017, getTime():Fri Dec 31 15:21:00 GMT+01:00 2021, getTimeZone():libcore.util.ZoneInfo[id="Europe/Warsaw",mRawOffset=3600000,mEarliestRawOffset=5040000,mUseDst=true,mDstSavings=3600000,transitions=168])
12-31 15:21:00.063 5618 2544 D IndicatorGardenInputProperty: updateRotation() prv:-1 >> new:0
12-31 15:21:00.065 5618 5618 D KeyguardUpdateMonitor: handleTimeUpdate
12-31 15:21:00.065 5618 5618 D FaceWidgetPagesController: onTimeChanged()
12-31 15:21:00.070 5618 2544 D DeviceState: getDeviceResolutionPixelSize - currentDensity = 320 deviceDensity = 320 initialDisplaySizeFactor = 1200 currentDisplaySizeFactor = 1200 initialDisplayDensity = 320 proportionalDensity = 320 proportionalPixel = 0
12-31 15:21:00.070 5618 2544 D DeviceState: getDeviceResolutionPixelSize - currentDensity = 320 deviceDensity = 320 initialDisplaySizeFactor = 1200 currentDisplaySizeFactor = 1200 initialDisplayDensity = 320 proportionalDensity = 320 proportionalPixel = 0
12-31 15:21:00.070 5618 2544 D DeviceState: getDeviceResolutionPixelSize - currentDensity = 320 deviceDensity = 320 initialDisplaySizeFactor = 1200 currentDisplaySizeFactor = 1200 initialDisplayDensity = 320 proportionalDensity = 320 proportionalPixel = 0
12-31 15:21:00.571 1087 1363 D SamsungAlarmManager: Expired : 4
12-31 15:21:00.572 1087 1363 V SamsungAlarmManager: Sending to uid : 1000 L=9d7296b:WifiConnectivityManager Schedule Watchdog Timer alarm=Alarm{c6fed21 type 2 when 824234280 android}
12-31 15:21:00.576 1087 1363 V SamsungAlarmManager: Sending to uid : 1000 L=c6a97a1:*job.delay* alarm=Alarm{e6e3546 type 3 when 824321399 android}
12-31 15:21:00.584 1087 1363 V SamsungAlarmManager: Sending to uid : 1000 action=com.sec.android.alarm.refresh.battery_stats alarm=Alarm{34c3307 type 3 when 824024498 com.sec.android.sdhms}
12-31 15:21:00.586 1087 1363 D ActivityManager: Received BROADCAST intent 0x40d275f Key{broadcastIntent pkg=com.sec.android.sdhms intent=act=com.sec.android.alarm.refresh.battery_stats flags=0x0 u=0} requestCode=0 sent=0 from uid 1000
12-31 15:21:00.589 1087 1363 V SamsungAlarmManager: Sending to uid : 10207 action=com.google.android.gms.common.download.START alarm=Alarm{d3d3a5d type 3 when 824234308 com.google.android.gms}
12-31 15:21:00.598 1087 1363 D ActivityManager: Received SERVICE intent 0xb2d84c6 Key{startService pkg=com.google.android.gms/com.google.android.gms.core_download intent=act=com.google.android.gms.common.download.START cat=[targeted_intent_op_prefix:.common.download.DownloadIntentOperation] cmp=com.google.android.gms/.chimera.GmsIntentOperationService flags=0x0 u=0} requestCode=0 from uid 1000
12-31 15:21:00.599 1087 1363 V SamsungAlarmManager: Sending to uid : 10125 action=com.samsung.action.EVERY_MINUTE_CLOCK_UPDATE alarm=Alarm{feef8a3 type 1 when 1640960460000 com.sec.android.app.launcher}
12-31 15:21:00.600 1087 1363 D ActivityManager: Received BROADCAST intent 0x6a6999b Key{broadcastIntent pkg=com.sec.android.app.launcher intent=act=com.samsung.action.EVERY_MINUTE_CLOCK_UPDATE flags=0x0 u=0} requestCode=0 sent=0 from uid 1000
12-31 15:21:00.602 9202 9202 I LiveIconUpdateEventHandler: onReceive: com.samsung.action.EVERY_MINUTE_CLOCK_UPDATE
12-31 15:21:00.602 9202 9202 I LiveIconUpdateEventHandler: updateLiveIcon type:0
12-31 15:21:00.602 1087 1363 I SamsungAlarmManager: setLocked to kernel - T:2 / 20211231T152655, set=824676720, now=824321430
12-31 15:21:00.602 9202 9202 I LiveIconViewUpdater: onUpdateLiveIcon -1
12-31 15:21:00.602 1087 1363 I SamsungAlarmManager: setLocked to kernel - T:3 / 20211231T152122, set=824343560, now=824321430
12-31 15:21:00.603 9202 9202 E libprocessgroup: set_timerslack_ns write failed: Operation not permitted
12-31 15:21:00.603 9202 9202 I LiveIconViewUpdater: onUpdateLiveIcon 61
12-31 15:21:00.604 9202 9202 I LiveIconUpdateEventHandler: cancelMinuteChangeAlarm
12-31 15:21:00.605 1087 7009 D SamsungAlarmManager: Cancel Alarm calling from uid:10125 pid :9202 / OP:PendingIntent{b981f59: PendingIntentRecord{6a6999b com.sec.android.app.launcher broadcastIntent}}
12-31 15:21:00.606 9202 9202 I LiveIconUpdateEventHandler: setMinuteChangeAlarm
12-31 15:21:00.608 9202 9275 I AppIconSolution: has_icon_container is maintained so ignore icon processing, pkg = com.sec.android.app.clockpackage
12-31 15:21:00.608 9202 9275 I ApplicationPackageManager: we has com.sec.android.app.clockpackage class. reuse it
12-31 15:21:00.609 9202 9275 I LiveIconUtil: getLiveIcon was called in ClockPackage
12-31 15:21:00.609 1087 6871 D SamsungAlarmManager: setInexact (T:1/F:0/AC:false) 20211231T152200 now=824321437 - CU:10125/CP:9202/OP:PendingIntent{128a71e: PendingIntentRecord{6a6999b com.sec.android.app.launcher broadcastIntent}}
12-31 15:21:00.609 9202 9275 I LiveIconUtil: getLiveIcon res = com.sec.android.app.clockpackage
12-31 15:21:00.610 1087 6871 I SamsungAlarmManager: setLocked to kernel - T:2 / 20211231T152655, set=824676720, now=824321438
12-31 15:21:00.610 1087 6871 I SamsungAlarmManager: setLocked to kernel - T:3 / 20211231T152122, set=824343560, now=824321438
12-31 15:21:00.611 9202 9275 I LiveIconUtil: stdIconSize : 96 , targetIconSize : 148
12-31 15:21:00.611 9202 9275 I LiveIconUtil: mIconDpi : 640 , mTargetIconDpi : 320
12-31 15:21:00.615 1087 5668 D SamsungAlarmManager: setInexact (T:3/F:0/AC:false) 20311229T152100 now=824321443 - CU:10207/CP:6548/OP:PendingIntent{6e7bff: PendingIntentRecord{f0cadcc com.google.android.gms/ startService}}
12-31 15:21:00.616 1087 5668 I SamsungAlarmManager: setLocked to kernel - T:2 / 20211231T152655, set=824676720, now=824321444
12-31 15:21:00.616 1087 5668 I SamsungAlarmManager: setLocked to kernel - T:3 / 20211231T152122, set=824343560, now=824321444
12-31 15:21:00.616 1087 1087 D SamsungAlarmManager: setInexact (T:3/F:0/AC:false) 20211231T152555 now=824321444 - CU:1000/CP:1087/L:c6a97a1:*job.delay*
12-31 15:21:00.616 1087 1087 I SamsungAlarmManager: setLocked to kernel - T:2 / 20211231T152655, set=824676720, now=824321444
12-31 15:21:00.616 1087 1087 I SamsungAlarmManager: setLocked to kernel - T:3 / 20211231T152122, set=824343560, now=824321444
12-31 15:21:00.653 8074 8074 I Finsky : [2] prg.onStartJob(3): SCH: job service start with id 9283.
12-31 15:21:00.655 1087 1188 D BatteryExternalStatsWorker: update stats : get-stats (63)
12-31 15:21:00.656 1087 1188 D BatteryExternalStatsWorker: WifiActivityEnergyInfo was updated
12-31 15:21:00.656 1087 1188 D BatteryExternalStatsWorker: BluetoothActivityEnergyInfo was updated
12-31 15:21:00.659 9202 9275 I AppIconSolution: load= live icon for com.sec.android.app.clockpackage, from overlay = false
12-31 15:21:00.659 9202 9275 I LauncherActivityInfo: Load live icon for com.sec.android.app.clockpackage
12-31 15:21:00.659 9202 9275 I LauncherActivityInfo: packageName: com.sec.android.app.clockpackage, useThemeIcon: false, height: 288, width: 288, density: 640
12-31 15:21:00.664 9202 9202 E libprocessgroup: set_timerslack_ns write failed: Operation not permitted
12-31 15:21:00.670 1087 1188 D BatteryExternalStatsWorker: ModemActivityEnergyInfo was updated
