12-31 15:19:32.888 707 732 I HYPER-HAL: [RequestManager.cpp]acquire(): Acquired ID : 612190 [1087 / 19] HINT : AMS_RELAUNCH_RESUME list :
12-31 15:19:32.888 707 732 E HYPER-HAL: [HandlerSysfs.cpp]doResourceHandling(): Couldn't Open Sysfs - /sys/power/cstate_control
12-31 15:19:32.888 707 732 I HYPER-HAL: [ResourceManager.cpp]updateResource(): [CPUMinFreq] UpdateResource Request ID : 612190 Value : 1794000
12-31 15:19:32.888 1087 1171 D WindowManager: setDisableFlags: displayId=0, vis=0x8208, appearance=0, transientState=Pair{[I@98310d4 [I@3e6f27d}, isFullscreen=true, isImmersive=true, barType=0, win=Window{f474a75 u0 com.sec.android.app.camera/com.sec.android.app.camera.Camera}
12-31 15:19:32.889 1087 2821 I SystemUiVisibilityPolicyController: handleMessage: entry what = 1
12-31 15:19:32.890 9326 9326 I CocktailBarTriggerContainerView: setContainerGravityState: 1 --> 1
12-31 15:19:32.892 9326 9326 I TrayStateTrigger: getTriggerMarginOnTop retY=270 halfHandleSize=76 getTriggerPosition=20.628078
12-31 15:19:32.893 9326 9326 I BlurredCaptureStorage: updateBlurBackground: false false
12-31 15:19:32.893 1087 1369 I CAE : handleMessage(CaPowerManager.java:208) - AP_WAKEUP_Already_Delivered
12-31 15:19:32.893 1087 1372 D LiftUpHandler: already ended..
12-31 15:19:32.893 1087 1369 I CAE : handleMessage(CaPowerManager.java:218) - SCREEN_ON_Already_Delivered
12-31 15:19:32.893 1087 1087 D GameManagerService: onDisplayChanged. displyId: 0, state: 2
12-31 15:19:32.894 1087 1389 D GameManagerService: onLooperPrepared(), msg: MSG_LCD_ON
12-31 15:19:32.894 1087 1087 D AODManagerService: requestReCalToTSP IsSingleTouchMode = false / previousDisplayState = ON
12-31 15:19:32.896 9326 9326 I Utils : getResumeComponentName : ComponentInfo{com.sec.android.app.camera/com.sec.android.app.camera.Camera}
12-31 15:19:32.897 9326 9326 I TrayStateController: updateDescriptionLayout labelHide
12-31 15:19:32.897 9326 9326 I AbstractCocktailPanelView: setPanelVisible: CocktailPortraitRemotePanelView2 will be hidden: 1
12-31 15:19:32.897 9326 9326 I CocktailBarPanelVisibilityManager: updateActivePanelView: vis=false onTransit=false -hide: 1 current Active: 1
12-31 15:19:32.897 9326 9326 E CocktailBarContainerView: updateContainerVisibility:
12-31 15:19:32.898 5618 5618 D LockscreenNotificationManager: Orientation updated : 2
12-31 15:19:32.899 1087 1173 D InputManager-JNI: Viewport [0] type:1, displayId=0, uniqueId=local:0, orientation=1, logicalFrame=[0, 0][1920, 1200], physicalFrame=[0, 0][1920, 1200], deviceSize=[1920, 1200]
12-31 15:19:32.899 1087 1372 D MotionRecognitionService: mReceiver.onReceive : CONFIGURATION_CHANGED
12-31 15:19:32.899 1087 1372 D MotionRecognitionService: [AUTO_ROTATION] inject auto rotation : 1
12-31 15:19:32.899 1087 1372 D SensorService: Motion injection
12-31 15:19:32.899 1087 1372 E SensorService: setSContextDataLocked
12-31 15:19:32.899 1087 1087 D WALLPAPER_SVC:SemWallpaperManagerService: onReceive: android.intent.action.CONFIGURATION_CHANGED, densityDpi=320, orientation [old=1, new=2]
12-31 15:19:32.899 1087 1087 D WALLPAPER_SVC:WallpaperManagerService: orientation is changed, notifySemColorListeners
12-31 15:19:32.899 5618 5654 D vol.VolumeDialogControl.VC: setLayoutDirection
12-31 15:19:32.900 5618 5837 D vol.VolumeDialogControl: onReceive ACTION_CONFIGURATION_CHANGED
12-31 15:19:32.900 5618 5887 D QSClockBellTower: onReceive(android.intent.action.CONFIGURATION_CHANGED) mTimeZoneString:null
12-31 15:19:32.900 9202 9202 I Launcher.Model: onReceive intent=Intent { act=android.intent.action.CONFIGURATION_CHANGED flg=0x70200010 }
12-31 15:19:32.902 5618 5618 D DeviceState: getPanelWidth portrait? false panelWidth= 882
12-31 15:19:32.903 695 901 D gralloc : [mali_gralloc_allocate] begin
12-31 15:19:32.903 695 901 D gralloc : buffer_descriptor: wh(67 270) usage_pc(0x40000000000b00 0x40000000000b00) hal_format(0x1) layer_count(1) sizes(0 0 0) strde(0) byte_stride(0) alloc_wh(0 0) internal_format(0x0) alloc_format(0x0) fd_count(1) plane_count(0)
12-31 15:19:32.903 9326 9326 I TrayStateController: systemUiVisibilityChanged : 2 0
12-31 15:19:32.903 695 901 D gralloc : [mali_gralloc_allocate] allocation successful
12-31 15:19:32.903 9326 9326 I TrayStateController: putInputRect mDynamicInputRegion=192352579@LastEvent=t=1640960372902Rect(42, 0 - 67, 270),Rect=Rect(42, 0 - 67, 151)
12-31 15:19:32.904 9733 9733 I HBD : HoneyBoardService onConfigurationChanged
12-31 15:19:32.904 9326 9326 I ViewRootImpl@e0c278e[CocktailBarService]: MSG_RESIZED_REPORT: frame=(1853,360,1920,630) ci=(0,0,0,0) vi=(0,0,0,0) or=2
12-31 15:19:32.904 9733 9733 I HBD : i isEnabledNightMode : false
12-31 15:19:32.904 9202 9273 I DefaultDisplay: Global displayType : -1
12-31 15:19:32.904 9202 9273 I DefaultDisplay: onDisplayChanged - realSize : Point(1920, 1200) smallestSize : Point(1200, 1152) largestSize : Point(1920, 1872)
12-31 15:19:32.904 9733 9733 I HBD : a updatePredictionStatus : 8, editorOpt
12-31 15:19:32.904 9326 9326 I DecorView: [INFO] isPopOver=false, config=true
12-31 15:19:32.904 9326 9326 I DecorView: updateCaptionType >> DecorView@3e98b3a[CocktailBarService], isFloating=false, isApplication=false, hasWindowDecorCaption=false, hasWindowControllerCallback=false
12-31 15:19:32.904 9202 9202 W SGestureOverlayWindow: removeGestureOverlayWindow return by mOverlayWindow == null
12-31 15:19:32.904 9733 9733 I HBD : a [UpdatePolicy] [post] a: 2 cl: 65538 kit: [0/0] vt: 0 ir: 1
12-31 15:19:32.904 1087 1382 I InputReader: Reconfiguring input devices, changes=DISPLAY_INFO |
12-31 15:19:32.904 1087 1382 D InputManager: notifyDisplayIdChangedByUser: 0
12-31 15:19:32.904 1087 1382 I InputReader: Device reconfigured: id=7, name='sec_touchpad', size 1200x1920, orientation 1, mode 4, display id 0
12-31 15:19:32.904 5618 5618 I MediaDevicesBar: showBar : true
12-31 15:19:32.905 5618 5618 V QSBarController: onBarVisibilityChanged
12-31 15:19:32.905 1087 1382 I InputReader: support feature by TSP : 0x1
12-31 15:19:32.905 1087 1382 I InputReader: Device reconfigured: id=5, name='sec_touchscreen', size 1200x1920, orientation 1, mode 1, display id 0
12-31 15:19:32.905 1087 1382 D InputReader: Wrote command set_rotation_status,1
12-31 15:19:32.905 1087 1382 I InputReader: Device reconfigured: id=4, name='sec_e-pen', size 1200x1920, orientation 1, mode 4, display id 0
12-31 15:19:32.905 9326 9326 I ViewRootImpl@e0c278e[CocktailBarService]: [DP] dp(1) 1 android.view.ViewRootImpl.reportNextDraw:11078 android.view.ViewRootImpl.access$1300:255 android.view.ViewRootImpl$ViewRootHandler.handleMessage:6207
12-31 15:19:32.906 5618 5618 I HeaderMediaDevicesBar: showBar : false
12-31 15:19:32.906 5618 5618 V QSBarController: onBarVisibilityChanged
12-31 15:19:32.910 5618 5618 I QSSecurityFooterBar: showBar : false
12-31 15:19:32.910 5618 5618 V QSBarController: onBarVisibilityChanged
12-31 15:19:32.912 9326 9326 I AbstractCocktailPanelView: notifyPanelVisibilityChanged: visibility not changed 2 id: 1
12-31 15:19:32.913 1087 2964 D TspStateManager: update cmd=set_grip_data,0,2,270,421
12-31 15:19:32.913 28370 2952 I ImageSearchJNI_AIC: NNet.cpp: 116: VZ Debug: init_time_fuse for aic_classifier, time taken=250
12-31 15:19:32.913 28370 2954 I ImageSearchJNI_AIC: NNet.cpp: 116: VZ Debug: init_time_fuse for aic_detector, time taken=250
12-31 15:19:32.914 9733 9733 I HBD : HoneyBoardService [IMI] onStartInput - caller pid : 28370 , caller uid : 10098
12-31 15:19:32.914 9733 9733 I HBD : i updateConfigs
12-31 15:19:32.914 9733 9733 I HBD : i isEnabledNightMode : false
12-31 15:19:32.914 9733 9733 I HBD : a IC have been binded, InputConnectionWrapper{idHash=#dbc8597 mMissingMethods=}
12-31 15:19:32.915 9733 9733 I HBD : h [EditorInputType]setPrivateImeOptionsToTable privateImeOptions ( null )
12-31 15:19:32.915 9733 9733 I HBD : b incognitoMode : false
12-31 15:19:32.915 9733 9733 I HBD : a needOff = true , isForceOff = false, isNullInputClass : true
12-31 15:19:32.915 9733 9733 I HBD : h getDefaultInputRange : UNKNOWN
12-31 15:19:32.915 9733 9733 I HBD : h getDefaultInputRange : UNKNOWN
12-31 15:19:32.915 9733 9733 I HBD : h getDefaultInputRange : UNKNOWN
12-31 15:19:32.915 5618 5618 D DeviceState: getPanelWidth portrait? false panelWidth= 882
12-31 15:19:32.915 5618 5618 D DeviceState: getPanelWidth portrait? false panelWidth= 882
12-31 15:19:32.915 5618 5618 D DeviceState: getDisplayWidth portrait? false displayWidth= 1920
12-31 15:19:32.915 5618 5618 D DeviceState: getPanelWidth portrait? false panelWidth= 882
12-31 15:19:32.915 1087 6854 D SdpManagerService: Not an enterprise user : 0
12-31 15:19:32.916 9733 9733 I HBD : HoneyBoardService [PF_OP][onStartInput] 2350693 ns
12-31 15:19:32.917 9733 9733 I HBD : a updatePredictionStatus : 9, editorOpt
12-31 15:19:32.917 9524 9560 W oid.themecente: Reducing the number of considered missed Gc histogram windows from 5907 to 100
12-31 15:19:32.919 28370 28370 I DecorView: [INFO] isPopOver=false, config=true
12-31 15:19:32.919 28370 28370 I DecorView: updateCaptionType >> DecorView@9209da5[Camera], isFloating=false, isApplication=true, hasWindowDecorCaption=false, hasWindowControllerCallback=true
12-31 15:19:32.920 695 901 D gralloc : [mali_gralloc_allocate] begin
12-31 15:19:32.920 695 901 D gralloc : buffer_descriptor: wh(1920 1200) usage_pc(0x40000000000b00 0x40000000000b00) hal_format(0x1) layer_count(1) sizes(0 0 0) strde(0) byte_stride(0) alloc_wh(0 0) internal_format(0x0) alloc_format(0x0) fd_count(1) plane_count(0)
12-31 15:19:32.921 1087 6880 D WindowManager: markForSeamlessRotation, seamlesslyRotated=false, w=Window{ad570ad u0 com.samsung.android.app.cocktailbarservice/com.samsung.android.app.cocktailbarservice.CocktailBarService}, caller=com.android.server.wm.WindowState.finishSeamlessRotation:885 com.android.server.wm.WindowManagerService.relayoutWindow:2458 com.android.server.wm.Session.relayout:240
12-31 15:19:32.921 28370 28370 I ViewRootImpl@b6080a8[Camera]: MSG_RESIZED_REPORT: frame=(0,0,1920,1200) ci=(0,0,0,0) vi=(0,0,0,0) or=2
12-31 15:19:32.921 1087 6880 V WindowManager: Relayout Window{ad570ad u0 com.samsung.android.app.cocktailbarservice/com.samsung.android.app.cocktailbarservice.CocktailBarService}: viewVisibility=0 req=67x151 d0
12-31 15:19:32.921 28370 28370 I ViewRootImpl@b6080a8[Camera]: [DP] dp(1) 1 android.view.ViewRootImpl.reportNextDraw:11078 android.view.ViewRootImpl.access$1300:255 android.view.ViewRootImpl$ViewRootHandler.handleMessage:6207
12-31 15:19:32.922 9733 9733 I HBD : a currentConnectionState : false
12-31 15:19:32.923 9733 9733 I HBD : a currentConnectionState : false
12-31 15:19:32.923 695 901 D gralloc : [mali_gralloc_allocate] allocation successful
12-31 15:19:32.923 28370 28370 I PopupLayerView: inflate : Start[1640960372923]
12-31 15:19:32.923 9733 9733 I HBD : a currentConnectionState : false
12-31 15:19:32.925 1087 6880 V WindowManager: Relayout hash=ad570ad, pid=9326: mAttrs={(0,270)(67x151) gr=TOP RIGHT CENTER sim={adjust=nothing} layoutInDisplayCutoutMode=shortEdges ty=2226 fmt=TRANSPARENT
12-31 15:19:32.925 1087 6880 V WindowManager: fl=81800748
12-31 15:19:32.925 1087 6880 V WindowManager: pfl=2000050
12-31 15:19:32.925 1087 6880 V WindowManager: vsysui=2000
12-31 15:19:32.925 1087 6880 V WindowManager: apr=LIGHT_STATUS_BARS
12-31 15:19:32.925 1087 6880 V WindowManager: bhv=SHOW_TRANSIENT_BARS_BY_SWIPE
12-31 15:19:32.925 1087 6880 V WindowManager: fitTypes=NAVIGATION_BARS CAPTION_BAR dimAmount=0.0 dimDuration=0 naviIconColor=0
12-31 15:19:32.925 1087 6880 V WindowManager: sfl=200000}
12-31 15:19:32.925 1087 6857 V WifiDisplayAdapter: getWifiDisplayStatusLocked: result=WifiDisplayStatus{featureState=2, scanState=0, activeDisplayState=0, activeDisplay=null, displays=[], sessionInfo=WifiDisplaySessionInfo:
12-31 15:19:32.925 1087 6857 V WifiDisplayAdapter: Client/Owner: Client
12-31 15:19:32.925 1087 6857 V WifiDisplayAdapter: GroupId:
12-31 15:19:32.925 1087 6857 V WifiDisplayAdapter: SessionId: 0, connectedState=-1}
12-31 15:19:32.925 1087 6880 I SurfaceControl: nativeRelease nativeObject s[517796952448]
12-31 15:19:32.925 1087 6880 I SurfaceControl: nativeRelease nativeObject e[517796952448]
12-31 15:19:32.925 766 1388 I SurfaceFlinger: id=6403 createSurf (0x0),-1 flag=80004, WindowToken{ff53979 android.os.BinderProxy@88ebdc3}#0
12-31 15:19:32.925 1087 6857 V WifiDisplayAdapter: getWifiDisplayStatusLocked: result=WifiDisplayStatus{featureState=2, scanState=0, activeDisplayState=0, activeDisplay=null, displays=[], sessionInfo=WifiDisplaySessionInfo:
12-31 15:19:32.925 1087 6857 V WifiDisplayAdapter: Client/Owner: Client
12-31 15:19:32.925 1087 6857 V WifiDisplayAdapter: GroupId:
12-31 15:19:32.925 1087 6857 V WifiDisplayAdapter: SessionId: 0, connectedState=-1}
12-31 15:19:32.925 9326 9326 I SurfaceControl: nativeRelease nativeObject s[519875421792]
12-31 15:19:32.925 9326 9326 I SurfaceControl: nativeRelease nativeObject e[519875421792]
12-31 15:19:32.926 1087 6854 D InputTransport: Input channel constructed: 'f8286be', fd=683
12-31 15:19:32.926 1087 6854 D InputTransport: Input channel constructed: 'f8286be', fd=702
12-31 15:19:32.926 9326 9326 I SurfaceControl: assignNativeObject: nativeObject = 0 Surface(name=null)/@0x2b4f6f2 / android.view.SurfaceControl.readFromParcel:1117 android.view.IWindowSession$Stub$Proxy.relayout:1820 android.view.ViewRootImpl.relayoutWindow:9130 android.view.ViewRootImpl.performTraversals:3420 android.view.ViewRootImpl.doTraversal:2669 android.view.ViewRootImpl$TraversalRunnable.run:10092 android.view.Choreographer$CallbackRecord.run:1010 android.view.Choreographer.doCallbacks:809 android.view.Choreographer.doFrame:744 android.view.Choreographer$FrameDisplayEventReceiver.run:995
12-31 15:19:32.926 766 803 I SurfaceFlinger: id=6404 createSurf (0x0),-1 flag=80004, f8286be AssistPreviewPanel#0
12-31 15:19:32.926 9326 9326 I ViewRootImpl@e0c278e[CocktailBarService]: Relayout returned: old=(1853,360,1920,630) new=(1853,270,1920,421) req=(67,151)0 dur=6 res=0x21 s={true 518402002944} ch=false fn=8
12-31 15:19:32.927 1087 6854 D InputTransport: Input channel destroyed: 'f8286be', fd=702
12-31 15:19:32.927 5618 5618 D InputTransport: Input channel constructed: 'f8286be', fd=171
12-31 15:19:32.928 5618 5618 I ViewRootImpl@85dd307[AssistPreviewPanel]: setView = com.android.systemui.assist.AssistOrbContainer@4a92c34 TM=true
12-31 15:19:32.928 766 803 E BufferQueueProducer: [com.samsung.android.app.cocktailbarservice/com.samsung.android.app.cocktailbarservice.CocktailBarService$_9326#0](id:2fe00000583,api:0,p:-1,c:766) disconnect: not connected (req=1)
12-31 15:19:32.928 9326 9605 W libEGL : EGLNativeWindowType 0x78b32ad010 disconnect failed
12-31 15:19:32.928 5618 5618 D PipTouchHandler: setMinimizedState mIsMinimized=false isMinimized=false fromController=false callers=com.android.systemui.pip.phone.PipTouchHandler.setMinimizedStateInternal:1049 com.android.systemui.pip.phone.PipTouchHandler.onConfigurationChanged:529 com.android.systemui.pip.phone.PipManager.onConfigurationChanged:453 com.android.systemui.pip.PipUI.onConfigurationChanged:91 com.android.systemui.SystemUIApplication.onConfigurationChanged:322
12-31 15:19:32.929 1087 8160 D WALLPAPER_SVC:WallpaperManagerService: getWallpaperSafeLocked, userId = 0, which = 1, caller = com.android.server.wallpaper.WallpaperManagerService.semGetWallpaperType:5637
12-31 15:19:32.929 1087 8160 D WallpaperManagerService: which : 1, return type : 0 (called by userId= 0)
12-31 15:19:32.929 9326 9326 I ViewRootImpl@e0c278e[CocktailBarService]: [DP] pd() Asnyc report
12-31 15:19:32.930 9326 9326 I ViewRootImpl@e0c278e[CocktailBarService]: mAttachInfo.mThreadedRenderer.draw, mView = DecorView@3e98b3a[CocktailBarService] w = 67 h = 151
12-31 15:19:32.931 5618 5772 I ImageWallpaperRenderer: updateWallpaperOffset 0, lastCropOffset 0 wp Type , 0 , rotation == 1 Wallpaper do not change Display offset 0
12-31 15:19:32.931 695 901 D gralloc : [mali_gralloc_allocate] begin
12-31 15:19:32.931 695 901 D gralloc : buffer_descriptor: wh(151 67) usage_pc(0x40000000000b00 0x40000000000b00) hal_format(0x1) layer_count(1) sizes(0 0 0) strde(0) byte_stride(0) alloc_wh(0 0) internal_format(0x0) alloc_format(0x0) fd_count(1) plane_count(0)
12-31 15:19:32.931 5618 5618 D DragAndDropController: Display changed: #0
12-31 15:19:32.931 5618 5618 D DragAndDropController: Display removed: #0
12-31 15:19:32.931 5618 5772 I ImageWallpaperRenderer: onConfigurationChanged : , orientation 1 -> 2 isNeedReDraw false newConfig {1.0 ?mcc?mnc [en_GB] ldltr sw600dp w960dp h576dp 320dpi lrg land finger -keyb/v/h -nav/h winConfig={ mBounds=Rect(0, 0 - 1920, 1200) mAppBounds=Rect(0, 0 - 1920, 1200) mWindowingMode=fullscreen mDisplayWindowingMode=fullscreen mActivityType=undefined mAlwaysOnTop=undefined mRotation=ROTATION_90} s.4773 desktop/d ?dc ?dcui ?dcaf enb/d bts=0 ff=0 bf=0 themeSeq=0}
12-31 15:19:32.931 695 901 D gralloc : [mali_gralloc_allocate] allocation successful
12-31 15:19:32.933 5618 5618 I ViewRootImpl@138dac[ShellDropTarget]: DirectWriting, detachedFromWindow, clear editTexts
12-31 15:19:32.934 5618 5618 I ViewRootImpl@138dac[ShellDropTarget]: dispatchDetachedFromWindow
12-31 15:19:32.935 9326 9326 I ViewRootImpl@e0c278e[CocktailBarService]: [DP] pdf(0) 1 android.view.ViewRootImpl.lambda$performDraw$1$ViewRootImpl:4743 android.view.-$$Lambda$ViewRootImpl$DJd0VUYJgsebcnSohO6h8zc_ONI.run:6 android.os.Handler.handleCallback:938
12-31 15:19:32.935 9326 9326 I ViewRootImpl@e0c278e[CocktailBarService]: [DP] rdf()
12-31 15:19:32.935 28370 2871 I AutoBeautyPhotoMaker: sendSceneDetectionInfoCallback - TimeStamp(824233606959493) SceneDetectionInfo([0, 0, 0, 0, 0, 0, 0]) camDevice: CamDeviceImpl(5483e48) - id(0) - CameraDevice(4eb16cf)
12-31 15:19:32.936 1087 8160 D InputTransport: Input channel destroyed: 'fef3a2e', fd=671
12-31 15:19:32.936 1087 8160 I SurfaceControl: nativeRelease nativeObject s[520061155488]
12-31 15:19:32.936 1087 8160 I SurfaceControl: nativeRelease nativeObject e[520061155488]
12-31 15:19:32.936 1087 8160 I SurfaceControl: nativeRelease nativeObject s[518062952192]
12-31 15:19:32.936 1087 8160 I SurfaceControl: nativeRelease nativeObject e[518062952192]
12-31 15:19:32.937 766 803 I Layer : id=6366 removeFromCurrentState fef3a2e ShellDropTarget#0 (67)
12-31 15:19:32.937 766 803 I Layer : id=6365 removeFromCurrentState WindowToken{f7fd4a9 android.os.BinderProxy@e3eb030}#0 (67)
12-31 15:19:32.937 5618 5618 D InputTransport: Input channel destroyed: 'fef3a2e', fd=170
12-31 15:19:32.937 766 1472 I SurfaceFlinger: id=6366 Removed fef3a2e ShellDropTarget#0 (67)
12-31 15:19:32.937 766 1472 I SurfaceFlinger: id=6365 Removed WindowToken{f7fd4a9 android.os.BinderProxy@e3eb030}#0 (67)
12-31 15:19:32.938 1087 6857 D WindowManager: finishDrawingWindow: Window{ad570ad u0 com.samsung.android.app.cocktailbarservice/com.samsung.android.app.cocktailbarservice.CocktailBarService} mDrawState=HAS_DRAWN
12-31 15:19:32.938 5618 5618 D DragAndDropController: Display added: #0
12-31 15:19:32.938 9326 9326 I ViewRootImpl@e0c278e[CocktailBarService]: MSG_RESIZED: frame=(1853,270,1920,421) ci=(0,0,0,0) vi=(0,0,0,0) or=2
12-31 15:19:32.941 766 1472 I SurfaceFlinger: id=6405 createSurf (0x0),-1 flag=80004, WindowToken{d28223b android.os.BinderProxy@b5c50ca}#0
12-31 15:19:32.942 1087 6857 D InputTransport: Input channel constructed: '926bd58', fd=564
12-31 15:19:32.942 1087 6857 D InputTransport: Input channel constructed: '926bd58', fd=671
12-31 15:19:32.942 766 1472 I SurfaceFlinger: id=6406 createSurf (0x0),-1 flag=80004, 926bd58 MW: DropTargetView#0
12-31 15:19:32.942 1087 6857 D InputTransport: Input channel destroyed: '926bd58', fd=671
12-31 15:19:32.943 5618 5618 D InputTransport: Input channel constructed: '926bd58', fd=170
12-31 15:19:32.943 5618 5618 I ViewRootImpl@3c6d7a0[MW: DropTargetView]: setView = com.android.systemui.dnd.drop.DropTargetView@71cbf59 TM=true
12-31 15:19:32.950 766 1472 I SurfaceFlinger: id=6407 createSurf (0x0),-1 flag=80004, WindowToken{66ca717 android.os.BinderProxy@456af96}#0
12-31 15:19:32.950 1087 6857 D InputTransport: Input channel constructed: '9f65704', fd=671
12-31 15:19:32.950 1087 6857 D InputTransport: Input channel constructed: '9f65704', fd=702
12-31 15:19:32.951 766 766 I Layer : id=6365[1] Destroyed WindowToken{f7fd4a9 android.os.BinderProxy@e3eb030}#0
12-31 15:19:32.951 766 766 I Layer : id=6366[1] Destroyed fef3a2e ShellDropTarget#0
12-31 15:19:32.951 766 1472 I SurfaceFlinger: id=6408 createSurf (0x0),-1 flag=80004, 9f65704 ShellDropTarget#0
12-31 15:19:32.952 1087 6857 D InputTransport: Input channel destroyed: '9f65704', fd=702
12-31 15:19:32.952 5618 5618 D InputTransport: Input channel constructed: '9f65704', fd=178
12-31 15:19:32.952 5618 5618 I ViewRootImpl@88f68d0[ShellDropTarget]: setView = android.widget.FrameLayout@7df30c9 TM=true
12-31 15:19:32.953 5618 5618 I ImageWallpaper: onDisplayConfigurationChanged {1.0 ?mcc?mnc [en_GB] ldltr sw600dp w960dp h576dp 320dpi lrg land finger -keyb/v/h -nav/h winConfig={ mBounds=Rect(0, 0 - 1920, 1200) mAppBounds=Rect(0, 0 - 1920, 1200) mWindowingMode=fullscreen mDisplayWindowingMode=fullscreen mActivityType=undefined mAlwaysOnTop=undefined mRotation=ROTATION_90} s.4772 desktop/d ?dc ?dcui ?dcaf enb/d bts=0 ff=0 bf=0 themeSeq=0}
12-31 15:19:32.953 5618 5618 I ViewRootImpl@2582747[StatusBar]: MSG_RESIZED: frame=(0,0,1920,48) ci=(0,0,0,0) vi=(0,0,0,0) or=2
12-31 15:19:32.953 5618 5618 D IndicatorGardenInputProperty: updateRotation() prv:0 >> new:1
12-31 15:19:32.953 5618 5618 D DeviceState: getPanelWidth portrait? false panelWidth= 882
12-31 15:19:32.953 5618 2544 D IndicatorGardenInputProperty: updateRotation() prv:-1 >> new:1
12-31 15:19:32.953 5618 2544 D DeviceState: getDeviceResolutionPixelSize - currentDensity = 320 deviceDensity = 320 initialDisplaySizeFactor = 1200 currentDisplaySizeFactor = 1200 initialDisplayDensity = 320 proportionalDensity = 320 proportionalPixel = 0
12-31 15:19:32.953 5618 2544 D DeviceState: getDeviceResolutionPixelSize - currentDensity = 320 deviceDensity = 320 initialDisplaySizeFactor = 1200 currentDisplaySizeFactor = 1200 initialDisplayDensity = 320 proportionalDensity = 320 proportionalPixel = 0
12-31 15:19:32.954 5618 2544 D DeviceState: getDeviceResolutionPixelSize - currentDensity = 320 deviceDensity = 320 initialDisplaySizeFactor = 1200 currentDisplaySizeFactor = 1200 initialDisplayDensity = 320 proportionalDensity = 320 proportionalPixel = 0
12-31 15:19:32.954 28370 28370 W CameraWindowManager: All inset values is zero. This is abnormally case.
12-31 15:19:32.958 5618 5618 D DisplayLifecycle: updateDisplay id = 0
12-31 15:19:32.959 5618 5618 D DisplayLifecycle: updateCacheVariables id = 0, display = Display id 0: DisplayInfo{"Built-in Screen", displayId 0, FLAG_SECURE, FLAG_SUPPORTS_PROTECTED_BUFFERS, FLAG_TRUSTED, real 1920 x 1200, largest app 1920 x 1872, smallest app 1200 x 1152, appVsyncOff 0, presDeadline 17666666, mode 1, defaultMode 1, modes [{id=1, width=1200, height=1920, fps=60.000004}], hdrCapabilities HdrCapabilities{mSupportedHdrTypes=[], mMaxLuminance=500.0, mMaxAverageLuminance=500.0, mMinLuminance=0.0}, minimalPostProcessingSupported false, rotation 1, state ON}, DisplayMetrics{density=2.0, width=1920, height=1200, scaledDensity=2.0, xdpi=282.222, ydpi=283.534}, isValid=true, size = Point(1920, 1200), realSize = Point(1920, 1200), rotation = 1
12-31 15:19:32.959 5618 5618 D SecVolume.SecVolumeStore: dispatch [ACTION_CONFIGURATION_CHANGED] with [STATE_NO_DISPATCH]
12-31 15:19:32.959 5618 5618 D SecVolume.SecVolumeStore: > New State : [STATE_NO_DISPATCH]
12-31 15:19:32.960 5618 5618 D QSClockBellTower: He is ready to ring the bell. (((QSClockBellSound - TimeText:15:19, TimeContentDescription:15:19, DateText:Fri, 31 December, ShortDateText:Fri, 31 Dec, Demofalse)))
12-31 15:19:32.960 5618 5618 D QSClockHomeIndicatorView: Home Indicator status_bar_clock notifyTimeChanged(QSClockBellSound - TimeText:15:19, TimeContentDescription:15:19, DateText:Fri, 31 December, ShortDateText:Fri, 31 Dec, Demofalse) ClockVisibleByPolicy:true, ClockVisibleByUser:true, visible?false, parent:android.widget.LinearLayout{bed0046 V.E...... ......I. 0,0-0,48 #7f0a0399 app:id/left_clock_container}
12-31 15:19:32.960 5618 5618 D QSClockBellTower: Everyone heard the bell. run(currentTime:1640960372960, getTime():Fri Dec 31 15:19:32 GMT+01:00 2021, getTimeZone():libcore.util.ZoneInfo[id="Europe/Warsaw",mRawOffset=3600000,mEarliestRawOffset=5040000,mUseDst=true,mDstSavings=3600000,transitions=168])
12-31 15:19:32.963 1087 8160 D WindowManager: markForSeamlessRotation, seamlesslyRotated=false, w=Window{f474a75 u0 com.sec.android.app.camera/com.sec.android.app.camera.Camera}, caller=com.android.server.wm.WindowState.finishSeamlessRotation:885 com.android.server.wm.WindowManagerService.relayoutWindow:2458 com.android.server.wm.Session.relayout:240
12-31 15:19:32.963 1087 8160 V WindowManager: rotationForOrientation(orient=SCREEN_ORIENTATION_SENSOR (4), last=ROTATION_90 (1)); user=ROTATION_0 (0) USER_ROTATION_LOCKED
12-31 15:19:32.963 1087 8160 D WindowManager: rotationForOrientation, orientationSource=ActivityRecord{16760b5 u0 com.sec.android.app.camera/.Camera t277}
12-31 15:19:32.963 1087 8160 V WindowOrientationListener: getProposedRotation: 1
12-31 15:19:32.964 1087 8160 V WindowManager: Computed rotation=ROTATION_90 (1) for display id=0 based on lastOrientation=SCREEN_ORIENTATION_SENSOR (4) and oldRotation=ROTATION_90 (1), caller=com.android.server.wm.DisplayRotation.updateRotationAndSendNewConfigIfChanged:403 com.android.server.wm.DisplayRotation.markForSeamlessRotation:809 com.android.server.wm.WindowState.finishSeamlessRotation:885 com.android.server.wm.WindowManagerService.relayoutWindow:2458 com.android.server.wm.Session.relayout:240 android.view.IWindowSession$Stub.onTransact:871
12-31 15:19:32.964 1087 8160 V WindowManager: Relayout Window{f474a75 u0 com.sec.android.app.camera/com.sec.android.app.camera.Camera}: viewVisibility=0 req=1920x1200 d0
12-31 15:19:32.964 5618 5618 D ScrollView: onsize change changed
12-31 15:19:32.967 1087 8160 V WindowManager: Relayout hash=f474a75, pid=28370: mAttrs={(0,0)(fillxfill) sim={adjust=nothing forwardNavigation} layoutInDisplayCutoutMode=shortEdges ty=BASE_APPLICATION fmt=TRANSLUCENT wanim=0x10302f2 rotAnim=SEAMLESS
12-31 15:19:32.967 1087 8160 V WindowManager: fl=81810580
12-31 15:19:32.967 1087 8160 V WindowManager: pfl=12020000
12-31 15:19:32.967 1087 8160 V WindowManager: vsysui=200
12-31 15:19:32.967 1087 8160 V WindowManager: bhv=SHOW_TRANSIENT_BARS_BY_SWIPE
12-31 15:19:32.967 1087 8160 V WindowManager: fitSides= naviIconColor=0}
12-31 15:19:32.967 1087 8160 I SurfaceControl: nativeRelease nativeObject s[518062952192]
12-31 15:19:32.967 1087 8160 I SurfaceControl: nativeRelease nativeObject e[518062952192]
12-31 15:19:32.967 28370 28370 I SurfaceControl: nativeRelease nativeObject s[517555957184]
12-31 15:19:32.968 28370 28370 I SurfaceControl: nativeRelease nativeObject e[517555957184]
12-31 15:19:32.968 28370 28370 I SurfaceControl: assignNativeObject: nativeObject = 0 Surface(name=null)/@0x7eb220c / android.view.SurfaceControl.readFromParcel:1117 android.view.IWindowSession$Stub$Proxy.relayout:1820 android.view.ViewRootImpl.relayoutWindow:9130 android.view.ViewRootImpl.performTraversals:3420 android.view.ViewRootImpl.doTraversal:2669 android.view.ViewRootImpl$TraversalRunnable.run:10092 android.view.Choreographer$CallbackRecord.run:1010 android.view.Choreographer.doCallbacks:809 android.view.Choreographer.doFrame:744 android.view.Choreographer$FrameDisplayEventReceiver.run:995
12-31 15:19:32.968 28370 28370 I SurfaceControl: nativeRelease nativeObject s[520060352896]
12-31 15:19:32.968 28370 28370 I SurfaceControl: nativeRelease nativeObject e[520060352896]
12-31 15:19:32.968 28370 28370 I SurfaceControl: nativeRelease nativeObject s[520060352704]
12-31 15:19:32.968 28370 28370 I SurfaceControl: nativeRelease nativeObject e[520060352704]
12-31 15:19:32.968 28370 28370 I ViewRootImpl@b6080a8[Camera]: Relayout returned: old=(0,0,1920,1200) new=(0,0,1920,1200) req=(1920,1200)0 dur=5 res=0x21 s={true 519939301376} ch=false fn=45
12-31 15:19:32.969 28370 28370 I ViewRootImpl@b6080a8[Camera]: updateBoundsLayer: shouldReparent = false t = android.view.SurfaceControl$Transaction@9f1c5bd sc = Surface(name=Bounds for - com.sec.android.app.camera/com.sec.android.app.camera.Camera@0)/@0x35ef7b2 frame = 45
12-31 15:19:32.969 1087 8160 V WindowManager: Relayout Window{f8286be u0 AssistPreviewPanel}: viewVisibility=8 req=1920x500 d0
12-31 15:19:32.970 28370 28370 I SurfaceView: updateSurface: visible = true mSurface.isValid() = true
12-31 15:19:32.970 28370 28370 I SurfaceView: updateSurface: mSurfaceCreated = true surfaceChanged = false visibleChanged = false
12-31 15:19:32.970 766 1472 E BufferQueueProducer: [com.sec.android.app.camera/com.sec.android.app.camera.Camera$_28370#0](id:2fe0000058e,api:0,p:-1,c:766) disconnect: not connected (req=1)
12-31 15:19:32.970 28370 31479 W libEGL : EGLNativeWindowType 0x790ecc2010 disconnect failed
12-31 15:19:32.972 1087 8160 V WindowManager: Relayout hash=f8286be, pid=5618: mAttrs={(0,0)(fillx500) gr=BOTTOM START CENTER sim={state=unchanged adjust=nothing} ty=VOICE_INTERACTION_STARTING fmt=TRANSLUCENT
12-31 15:19:32.972 1087 8160 V WindowManager: fl=1000118
12-31 15:19:32.972 1087 8160 V WindowManager: pfl=2000000
12-31 15:19:32.972 1087 8160 V WindowManager: vsysui=700 naviIconColor=0}
12-31 15:19:32.973 5618 5618 I SurfaceControl: assignNativeObject: nativeObject = 0 Surface(name=null)/@0xf5b33ce / android.view.SurfaceControl.readFromParcel:1117 android.view.IWindowSession$Stub$Proxy.relayout:1810 android.view.ViewRootImpl.relayoutWindow:9130 android.view.ViewRootImpl.performTraversals:3420 android.view.ViewRootImpl.doTraversal:2669 android.view.ViewRootImpl$TraversalRunnable.run:10092 android.view.Choreographer$CallbackRecord.run:1010 android.view.Choreographer.doCallbacks:809 android.view.Choreographer.doFrame:744 android.view.Choreographer$FrameDisplayEventReceiver.run:995
12-31 15:19:32.973 5618 5618 I SurfaceControl: assignNativeObject: nativeObject = 0 Surface(name=null)/@0x2f202ef / android.view.SurfaceControl.readFromParcel:1117 android.view.IWindowSession$Stub$Proxy.relayout:1820 android.view.ViewRootImpl.relayoutWindow:9130 android.view.ViewRootImpl.performTraversals:3420 android.view.ViewRootImpl.doTraversal:2669 android.view.ViewRootImpl$TraversalRunnable.run:10092 android.view.Choreographer$CallbackRecord.run:1010 android.view.Choreographer.doCallbacks:809 android.view.Choreographer.doFrame:744 android.view.Choreographer$FrameDisplayEventReceiver.run:995
12-31 15:19:32.973 5618 5618 I ViewRootImpl@85dd307[AssistPreviewPanel]: Relayout returned: old=(0,0,1920,1200) new=(0,1200,1920,1200) req=(1920,500)8 dur=4 res=0x1 s={false 0} ch=false fn=-1
12-31 15:19:32.974 1087 6857 V WindowManager: Relayout Window{fb1b6ef u0 removal-button-overlay}: viewVisibility=4 req=1920x1200 d0
12-31 15:19:32.976 1087 6857 V WindowManager: Relayout hash=fb1b6ef, pid=5618: mAttrs={(0,0)(1920x1200) gr=TOP START CENTER sim={adjust=pan} layoutInDisplayCutoutMode=shortEdges ty=2605 fmt=TRANSPARENT
12-31 15:19:32.976 1087 6857 V WindowManager: fl=1000328
12-31 15:19:32.976 1087 6857 V WindowManager: pfl=12000050 naviIconColor=0
12-31 15:19:32.976 1087 6857 V WindowManager: sfl=20000}
12-31 15:19:32.977 5618 5618 I SurfaceControl: assignNativeObject: nativeObject = 0 Surface(name=null)/@0x9962e41 / android.view.SurfaceControl.readFromParcel:1117 android.view.IWindowSession$Stub$Proxy.relayout:1810 android.view.ViewRootImpl.relayoutWindow:9130 android.view.ViewRootImpl.performTraversals:3420 android.view.ViewRootImpl.doTraversal:2669 android.view.ViewRootImpl$TraversalRunnable.run:10092 android.view.Choreographer$CallbackRecord.run:1010 android.view.Choreographer.doCallbacks:809 android.view.Choreographer.doFrame:744 android.view.Choreographer$FrameDisplayEventReceiver.run:995
12-31 15:19:32.977 5618 5618 I SurfaceControl: assignNativeObject: nativeObject = 0 Surface(name=null)/@0xe4fafe6 / android.view.SurfaceControl.readFromParcel:1117 android.view.IWindowSession$Stub$Proxy.relayout:1820 android.view.ViewRootImpl.relayoutWindow:9130 android.view.ViewRootImpl.performTraversals:3420 android.view.ViewRootImpl.doTraversal:2669 android.view.ViewRootImpl$TraversalRunnable.run:10092 android.view.Choreographer$CallbackRecord.run:1010 android.view.Choreographer.doCallbacks:809 android.view.Choreographer.doFrame:744 android.view.Choreographer$FrameDisplayEventReceiver.run:995
12-31 15:19:32.977 5618 5618 I ViewRootImpl@1074f74[removal-button-overlay]: Relayout returned: old=(0,0,1200,1920) new=(0,0,1920,1200) req=(1920,1200)4 dur=3 res=0x1 s={false 0} ch=false fn=-1
12-31 15:19:32.978 1087 6857 V WindowManager: Relayout Window{926bd58 u0 MW: DropTargetView}: viewVisibility=8 req=1920x1200 d0
12-31 15:19:32.979 28370 28370 W View : requestLayout() improperly called by androidx.constraintlayout.widget.ConstraintLayout{f3bc875 V.E...... ......ID 0,0-1920,1200 #7f0a0353 app:id/smart_scan_layout} during layout: running second layout pass
12-31 15:19:32.979 28370 28370 W View : requestLayout() improperly called by androidx.appcompat.widget.AppCompatTextView{306300a VFED..C.. ......ID 200,944-425,1017 #7f0a0352 app:id/smart_scan_button} during layout: running second layout pass
12-31 15:19:32.979 28370 28370 W View : requestLayout() improperly called by androidx.appcompat.widget.AppCompatImageView{7f5b10d V.ED..... ......ID 895,24-1025,75 #7f0a030d app:id/shooting_mode_background} during layout: running second layout pass
12-31 15:19:32.980 1087 6857 V WindowManager: Relayout hash=926bd58, pid=5618: mAttrs={(0,0)(fillxfill) gr=TOP START CENTER sim={adjust=pan} layoutInDisplayCutoutMode=always ty=DRAG fmt=TRANSPARENT wanim=0x7f13014b
12-31 15:19:32.980 1087 6857 V WindowManager: fl=1000302
12-31 15:19:32.980 1087 6857 V WindowManager: pfl=12000050 dimAmount=0.125 naviIconColor=0
12-31 15:19:32.980 1087 6857 V WindowManager: sfl=420040}
12-31 15:19:32.980 5618 5618 I SurfaceControl: assignNativeObject: nativeObject = 0 Surface(name=null)/@0x1ca41fc / android.view.SurfaceControl.readFromParcel:1117 android.view.IWindowSession$Stub$Proxy.relayout:1810 android.view.ViewRootImpl.relayoutWindow:9130 android.view.ViewRootImpl.performTraversals:3420 android.view.ViewRootImpl.doTraversal:2669 android.view.ViewRootImpl$TraversalRunnable.run:10092 android.view.Choreographer$CallbackRecord.run:1010 android.view.Choreographer.doCallbacks:809 android.view.Choreographer.doFrame:744 android.view.Choreographer$FrameDisplayEventReceiver.run:995
12-31 15:19:32.980 5618 5618 I SurfaceControl: assignNativeObject: nativeObject = 0 Surface(name=null)/@0x8211085 / android.view.SurfaceControl.readFromParcel:1117 android.view.IWindowSession$Stub$Proxy.relayout:1820 android.view.ViewRootImpl.relayoutWindow:9130 android.view.ViewRootImpl.performTraversals:3420 android.view.ViewRootImpl.doTraversal:2669 android.view.ViewRootImpl$TraversalRunnable.run:10092 android.view.Choreographer$CallbackRecord.run:1010 android.view.Choreographer.doCallbacks:809 android.view.Choreographer.doFrame:744 android.view.Choreographer$FrameDisplayEventReceiver.run:995
12-31 15:19:32.981 5618 5618 I ViewRootImpl@3c6d7a0[MW: DropTargetView]: Relayout returned: old=(0,0,1920,1200) new=(0,0,1920,1200) req=(1920,1200)8 dur=2 res=0x1 s={false 0} ch=false fn=-1
12-31 15:19:32.981 1087 6857 V WindowManager: Relayout Window{9f65704 u0 ShellDropTarget}: viewVisibility=4 req=1920x1152 d0
12-31 15:19:32.983 1087 6857 V WindowManager: Relayout hash=9f65704, pid=5618: mAttrs={(0,0)(fillxfill) sim={adjust=pan} layoutInDisplayCutoutMode=always ty=DRAG fmt=TRANSLUCENT
12-31 15:19:32.983 1087 6857 V WindowManager: fl=1000208
12-31 15:19:32.983 1087 6857 V WindowManager: pfl=92000050 naviIconColor=0 mwfl=10}
12-31 15:19:32.983 28370 28370 I ViewRootImpl@b6080a8[Camera]: [DP] pd() Asnyc report
12-31 15:19:32.984 28370 28370 I ViewRootImpl@b6080a8[Camera]: mAttachInfo.mThreadedRenderer.draw, mView = DecorView@9209da5[Camera] w = 1920 h = 1200
12-31 15:19:32.984 5618 5618 I SurfaceControl: assignNativeObject: nativeObject = 0 Surface(name=null)/@0x4fabeda / android.view.SurfaceControl.readFromParcel:1117 android.view.IWindowSession$Stub$Proxy.relayout:1810 android.view.ViewRootImpl.relayoutWindow:9130 android.view.ViewRootImpl.performTraversals:3420 android.view.ViewRootImpl.doTraversal:2669 android.view.ViewRootImpl$TraversalRunnable.run:10092 android.view.Choreographer$CallbackRecord.run:1010 android.view.Choreographer.doCallbacks:809 android.view.Choreographer.doFrame:744 android.view.Choreographer$FrameDisplayEventReceiver.run:995
12-31 15:19:32.985 5618 5618 I SurfaceControl: assignNativeObject: nativeObject = 0 Surface(name=null)/@0xb85df0b / android.view.SurfaceControl.readFromParcel:1117 android.view.IWindowSession$Stub$Proxy.relayout:1820 android.view.ViewRootImpl.relayoutWindow:9130 android.view.ViewRootImpl.performTraversals:3420 android.view.ViewRootImpl.doTraversal:2669 android.view.ViewRootImpl$TraversalRunnable.run:10092 android.view.Choreographer$CallbackRecord.run:1010 android.view.Choreographer.doCallbacks:809 android.view.Choreographer.doFrame:744 android.view.Choreographer$FrameDisplayEventReceiver.run:995
12-31 15:19:32.985 5618 5618 I ViewRootImpl@88f68d0[ShellDropTarget]: Relayout returned: old=(0,48,1920,1200) new=(0,0,1920,1200) req=(1920,1152)4 dur=4 res=0x1 s={false 0} ch=false fn=-1
12-31 15:19:32.986 28370 31564 I SurfaceView: setParentSpaceRectangle: useBLAST = false position = Rect(160, 0 - 1760, 1200) frameNumber = 45 t = android.view.SurfaceControl$Transaction@26e9f22
12-31 15:19:32.986 28370 31564 I SurfaceView: applySurfaceTransforms: t = android.view.SurfaceControl$Transaction@26e9f22 surfaceControl = Surface(name=SurfaceView - com.sec.android.app.camera/com.sec.android.app.camera.Camera@93a27c1@0)/@0x3e24db3 frame = 45
12-31 15:19:32.986 28370 31564 I SurfaceView: applySurfaceTransforms: postScaleX = 0.8333333 postScaleY = 0.8333333
12-31 15:19:32.986 695 901 D gralloc : [mali_gralloc_allocate] begin
12-31 15:19:32.986 695 901 D gralloc : buffer_descriptor: wh(1200 1920) usage_pc(0x40000000000b00 0x40000000000b00) hal_format(0x1) layer_count(1) sizes(0 0 0) strde(0) byte_stride(0) alloc_wh(0 0) internal_format(0x0) alloc_format(0x0) fd_count(1) plane_count(0)
12-31 15:19:32.987 5618 2544 D IndicatorGardenInputProperty: updateRotation() prv:-1 >> new:1
12-31 15:19:32.987 5618 2544 D DeviceState: getDeviceResolutionPixelSize - currentDensity = 320 deviceDensity = 320 initialDisplaySizeFactor = 1200 currentDisplaySizeFactor = 1200 initialDisplayDensity = 320 proportionalDensity = 320 proportionalPixel = 0
12-31 15:19:32.987 5618 2544 D DeviceState: getDeviceResolutionPixelSize - currentDensity = 320 deviceDensity = 320 initialDisplaySizeFactor = 1200 currentDisplaySizeFactor = 1200 initialDisplayDensity = 320 proportionalDensity = 320 proportionalPixel = 0
12-31 15:19:32.987 5618 2544 D DeviceState: getDeviceResolutionPixelSize - currentDensity = 320 deviceDensity = 320 initialDisplaySizeFactor = 1200 currentDisplaySizeFactor = 1200 initialDisplayDensity = 320 proportionalDensity = 320 proportionalPixel = 0
12-31 15:19:32.987 1087 6857 V WindowManager: Relayout Window{23da38 u0 StatusBar}: viewVisibility=0 req=1920x48 d0
12-31 15:19:32.987 695 901 D gralloc : [mali_gralloc_allocate] allocation successful
12-31 15:19:32.990 1087 6857 V WindowManager: Relayout hash=23da38, pid=5618: mAttrs={(0,0)(fillx48) gr=TOP CENTER_VERTICAL sim={adjust=pan} layoutInDisplayCutoutMode=always ty=STATUS_BAR fmt=TRANSLUCENT
12-31 15:19:32.990 1087 6857 V WindowManager: fl=81000008
12-31 15:19:32.990 1087 6857 V WindowManager: pfl=13000000 naviIconColor=0
12-31 15:19:32.990 1087 6857 V WindowManager: sfl=2000}
12-31 15:19:32.990 1087 6857 I SurfaceControl: nativeRelease nativeObject s[518062325600]
12-31 15:19:32.990 1087 6857 I SurfaceControl: nativeRelease nativeObject e[518062325600]
12-31 15:19:32.991 5618 5618 I SurfaceControl: nativeRelease nativeObject s[517714118624]
12-31 15:19:32.991 5618 5618 I SurfaceControl: nativeRelease nativeObject e[517714118624]
12-31 15:19:32.991 5618 5618 I SurfaceControl: assignNativeObject: nativeObject = 0 Surface(name=null)/@0x2a5bf15 / android.view.SurfaceControl.readFromParcel:1117 android.view.IWindowSession$Stub$Proxy.relayout:1820 android.view.ViewRootImpl.relayoutWindow:9130 android.view.ViewRootImpl.performTraversals:3420 android.view.ViewRootImpl.doTraversal:2669 android.view.ViewRootImpl$TraversalRunnable.run:10092 android.view.Choreographer$CallbackRecord.run:1010 android.view.Choreographer.doCallbacks:809 android.view.Choreographer.doFrame:744 android.view.Choreographer$FrameDisplayEventReceiver.run:995
12-31 15:19:32.991 5618 5618 I ViewRootImpl@2582747[StatusBar]: Relayout returned: old=(0,0,1920,48) new=(0,0,1920,48) req=(1920,48)0 dur=4 res=0x23 s={true 517731610624} ch=false fn=14528
12-31 15:19:32.991 5618 2544 D IndicatorGardenInputProperty: updateRotation() prv:-1 >> new:1
12-31 15:19:32.992 5618 2544 D DeviceState: getDeviceResolutionPixelSize - currentDensity = 320 deviceDensity = 320 initialDisplaySizeFactor = 1200 currentDisplaySizeFactor = 1200 initialDisplayDensity = 320 proportionalDensity = 320 proportionalPixel = 0
12-31 15:19:32.992 5618 2544 D DeviceState: getDeviceResolutionPixelSize - currentDensity = 320 deviceDensity = 320 initialDisplaySizeFactor = 1200 currentDisplaySizeFactor = 1200 initialDisplayDensity = 320 proportionalDensity = 320 proportionalPixel = 0
12-31 15:19:32.992 5618 2544 D DeviceState: getDeviceResolutionPixelSize - currentDensity = 320 deviceDensity = 320 initialDisplaySizeFactor = 1200 currentDisplaySizeFactor = 1200 initialDisplayDensity = 320 proportionalDensity = 320 proportionalPixel = 0
12-31 15:19:32.992 28370 28370 I ViewRootImpl@b6080a8[Camera]: [DP] pdf(0) 1 android.view.ViewRootImpl.lambda$performDraw$1$ViewRootImpl:4743 android.view.-$$Lambda$ViewRootImpl$DJd0VUYJgsebcnSohO6h8zc_ONI.run:6 android.os.Handler.handleCallback:938
12-31 15:19:32.992 28370 28370 I ViewRootImpl@b6080a8[Camera]: [DP] rdf()
12-31 15:19:32.993 1087 6857 D WindowManager: finishDrawingWindow: Window{f474a75 u0 com.sec.android.app.camera/com.sec.android.app.camera.Camera} mDrawState=HAS_DRAWN
12-31 15:19:32.993 766 1472 E BufferQueueProducer: [StatusBar$_5618#0](id:2fe00000004,api:0,p:-1,c:766) disconnect: not connected (req=1)
12-31 15:19:32.993 5618 5989 W libEGL : EGLNativeWindowType 0x788b357010 disconnect failed
12-31 15:19:32.994 5618 2544 D IndicatorGardenInputProperty: updateRotation() prv:-1 >> new:1
12-31 15:19:32.994 5618 2544 D DeviceState: getDeviceResolutionPixelSize - currentDensity = 320 deviceDensity = 320 initialDisplaySizeFactor = 1200 currentDisplaySizeFactor = 1200 initialDisplayDensity = 320 proportionalDensity = 320 proportionalPixel = 0
12-31 15:19:32.994 5618 2544 D DeviceState: getDeviceResolutionPixelSize - currentDensity = 320 deviceDensity = 320 initialDisplaySizeFactor = 1200 currentDisplaySizeFactor = 1200 initialDisplayDensity = 320 proportionalDensity = 320 proportionalPixel = 0
12-31 15:19:32.994 5618 2544 D DeviceState: getDeviceResolutionPixelSize - currentDensity = 320 deviceDensity = 320 initialDisplaySizeFactor = 1200 currentDisplaySizeFactor = 1200 initialDisplayDensity = 320 proportionalDensity = 320 proportionalPixel = 0
12-31 15:19:32.996 5618 5618 I ViewRootImpl@2582747[StatusBar]: [DP] dp(1) 0 android.view.ViewRootImpl.reportNextDraw:11078 android.view.ViewRootImpl.performTraversals:3915 android.view.ViewRootImpl.doTraversal:2669
12-31 15:19:32.996 5618 5618 I ViewRootImpl@2582747[StatusBar]: [DP] pd() Asnyc report
12-31 15:19:32.996 5618 5618 I ViewRootImpl@2582747[StatusBar]: mAttachInfo.mThreadedRenderer.draw, mView = com.android.systemui.statusbar.phone.StatusBarWindowView{efedf8b V.E...... ......ID 0,0-1920,48} w = 1920 h = 48
12-31 15:19:32.997 695 901 D gralloc : [mali_gralloc_allocate] begin
12-31 15:19:32.997 695 901 D gralloc : buffer_descriptor: wh(48 1920) usage_pc(0x40000000000b00 0x40000000000b00) hal_format(0x1) layer_count(1) sizes(0 0 0) strde(0) byte_stride(0) alloc_wh(0 0) internal_format(0x0) alloc_format(0x0) fd_count(1) plane_count(0)
12-31 15:19:32.997 695 901 D gralloc : [mali_gralloc_allocate] allocation successful
12-31 15:19:32.998 28370 28370 I IntelligentManager: handleSceneDetectionInfo : sceneEvent=0, sceneInfo = 0, detectedScene=0
12-31 15:19:32.998 695 901 D gralloc : [mali_gralloc_allocate] begin
12-31 15:19:32.998 695 901 D gralloc : buffer_descriptor: wh(1200 1920) usage_pc(0x40000000000b00 0x40000000000b00) hal_format(0x1) layer_count(1) sizes(0 0 0) strde(0) byte_stride(0) alloc_wh(0 0) internal_format(0x0) alloc_format(0x0) fd_count(1) plane_count(0)
12-31 15:19:32.999 28370 28370 I SettingNotifier: onSettingValueChanged : key=DETECTED_SCENE_EVENT, value=0
12-31 15:19:32.999 28370 28370 I RequestQueue: addRequest : SET_PRIVATE_SETTING, labs_capture_mode : MODE_NONE
12-31 15:19:32.999 28370 2869 I RequestQueue: beforeExecute : SET_PRIVATE_SETTING(5600)
12-31 15:19:32.999 28370 2869 I RequestQueue: [5600] []
12-31 15:19:32.999 28370 2869 I Request : SetPrivateSettingRequest - Start
12-31 15:19:32.999 5618 5618 I ViewRootImpl@2582747[StatusBar]: [DP] pdf(0) 0 android.view.ViewRootImpl.lambda$performDraw$1$ViewRootImpl:4743 android.view.-$$Lambda$ViewRootImpl$DJd0VUYJgsebcnSohO6h8zc_ONI.run:6 android.os.Handler.handleCallback:938
12-31 15:19:32.999 5618 5618 I ViewRootImpl@2582747[StatusBar]: [DP] rdf()
12-31 15:19:32.999 28370 2869 I Request : execute key = MakerPrivateKey(labs_capture_mode) value = MODE_NONE
12-31 15:19:32.999 28370 2869 I Request : SetPrivateSettingRequest - End
12-31 15:19:32.999 28370 2869 I RequestQueue: afterExecute : SET_PRIVATE_SETTING(5600)
12-31 15:19:33.000 28370 2869 I RequestQueue: [ ] []
12-31 15:19:33.000 1087 8160 D WindowManager: finishDrawingWindow: Window{23da38 u0 StatusBar} mDrawState=HAS_DRAWN
12-31 15:19:33.001 5618 5618 I ViewRootImpl@8294a4d[AssistPreviewPanel]: DirectWriting, detachedFromWindow, clear editTexts
12-31 15:19:33.001 5618 5618 I ViewRootImpl@8294a4d[AssistPreviewPanel]: dispatchDetachedFromWindow
12-31 15:19:33.001 1087 6857 D InputTransport: Input channel destroyed: '11c05fb', fd=494
12-31 15:19:33.001 1087 6857 I SurfaceControl: nativeRelease nativeObject s[520061155008]
12-31 15:19:33.001 1087 6857 I SurfaceControl: nativeRelease nativeObject e[520061155008]
12-31 15:19:33.001 1087 6857 I SurfaceControl: nativeRelease nativeObject s[520061155104]
12-31 15:19:33.002 1087 6857 I SurfaceControl: nativeRelease nativeObject e[520061155104]
12-31 15:19:33.002 695 901 D gralloc : [mali_gralloc_allocate] allocation successful
12-31 15:19:33.002 766 1472 I Layer : id=6362 removeFromCurrentState 11c05fb AssistPreviewPanel#0 (69)
12-31 15:19:33.002 766 1472 I Layer : id=6361 removeFromCurrentState WindowToken{2666b8a android.os.BinderProxy@7d2132c}#0 (69)
12-31 15:19:33.003 766 803 I SurfaceFlinger: id=6362 Removed 11c05fb AssistPreviewPanel#0 (69)
12-31 15:19:33.003 766 803 I SurfaceFlinger: id=6361 Removed WindowToken{2666b8a android.os.BinderProxy@7d2132c}#0 (69)
12-31 15:19:33.003 5618 5618 D InputTransport: Input channel destroyed: '11c05fb', fd=167
12-31 15:19:33.004 5618 5618 I ViewRootImpl@b83cd7c[MW: DropTargetView]: DirectWriting, detachedFromWindow, clear editTexts
12-31 15:19:33.004 5618 5618 I ViewRootImpl@b83cd7c[MW: DropTargetView]: dispatchDetachedFromWindow
12-31 15:19:33.004 1087 6854 D InputTransport: Input channel destroyed: '20e1e2 ', fd=638
12-31 15:19:33.004 1087 6854 I SurfaceControl: nativeRelease nativeObject s[518062950080]
12-31 15:19:33.004 1087 6854 I SurfaceControl: nativeRelease nativeObject e[518062950080]
12-31 15:19:33.005 1087 6854 I SurfaceControl: nativeRelease nativeObject s[520061155200]
12-31 15:19:33.005 1087 6854 I SurfaceControl: nativeRelease nativeObject e[520061155200]
12-31 15:19:33.006 28370 28370 I SettingNotifier: notifyPendingSettingChanges : key size = 1
12-31 15:19:33.006 766 1472 I Layer : id=6364 removeFromCurrentState 20e1e2 MW: DropTargetView#0 (69)
12-31 15:19:33.006 766 1472 I Layer : id=6363 removeFromCurrentState WindowToken{11d3aad android.os.BinderProxy@ee19bc4}#0 (69)
12-31 15:19:33.007 695 901 D gralloc : [mali_gralloc_allocate] begin
12-31 15:19:33.007 695 901 D gralloc : buffer_descriptor: wh(1200 1920) usage_pc(0x40000000000b00 0x40000000000b00) hal_format(0x1) layer_count(1) sizes(0 0 0) strde(0) byte_stride(0) alloc_wh(0 0) internal_format(0x0) alloc_format(0x0) fd_count(1) plane_count(0)
12-31 15:19:33.007 766 1388 I SurfaceFlinger: id=6364 Removed 20e1e2 MW: DropTargetView#0 (69)
12-31 15:19:33.007 766 1388 I SurfaceFlinger: id=6363 Removed WindowToken{11d3aad android.os.BinderProxy@ee19bc4}#0 (69)
12-31 15:19:33.007 5618 5618 D InputTransport: Input channel destroyed: '20e1e2 ', fd=168
12-31 15:19:33.008 5618 5618 D IndicatorGardener: PhoneStatusBarView is done to update (IndicatorGardenModel) lp:48, lc:1694, cc:608, rc:1701, rp:48, h:48, ctm:false, ctms:0
12-31 15:19:33.009 695 901 D gralloc : [mali_gralloc_allocate] allocation successful
12-31 15:19:33.009 1087 6857 V WindowManager: Relayout Window{f8286be u0 AssistPreviewPanel}: viewVisibility=8 req=1920x500 d0
12-31 15:19:33.011 1087 6857 V WindowManager: Relayout hash=f8286be, pid=5618: mAttrs={(0,0)(fillx500) gr=BOTTOM START CENTER sim={state=unchanged adjust=nothing} ty=VOICE_INTERACTION_STARTING fmt=TRANSLUCENT
12-31 15:19:33.011 1087 6857 V WindowManager: fl=1000118
12-31 15:19:33.011 1087 6857 V WindowManager: pfl=2000000
12-31 15:19:33.011 1087 6857 V WindowManager: vsysui=700 naviIconColor=0}
