12-31 15:19:16.674 679 779 E Netd : getNetworkForDns: getNetId from enterpriseCtrl is netid 0
12-31 15:19:16.676 679 779 E Netd : getNetworkForDns: getNetId from enterpriseCtrl is netid 0
12-31 15:19:16.678 679 779 E Netd : getNetworkForDns: getNetId from enterpriseCtrl is netid 0
12-31 15:19:16.679 679 779 E Netd : getNetworkForDns: getNetId from enterpriseCtrl is netid 0
12-31 15:19:16.681 679 779 E Netd : getNetworkForDns: getNetId from enterpriseCtrl is netid 0
12-31 15:19:16.683 679 779 E Netd : getNetworkForDns: getNetId from enterpriseCtrl is netid 0
12-31 15:19:16.728 679 779 E Netd : getNetworkForDns: getNetId from enterpriseCtrl is netid 0
12-31 15:19:16.730 679 779 E Netd : getNetworkForDns: getNetId from enterpriseCtrl is netid 0
12-31 15:19:16.743 679 779 E Netd : getNetworkForDns: getNetId from enterpriseCtrl is netid 0
12-31 15:19:16.745 679 779 E Netd : getNetworkForDns: getNetId from enterpriseCtrl is netid 0
12-31 15:19:16.965 679 779 E Netd : getNetworkForDns: getNetId from enterpriseCtrl is netid 0
12-31 15:19:16.971 679 779 E Netd : getNetworkForDns: getNetId from enterpriseCtrl is netid 0
12-31 15:19:17.092 766 766 I SurfaceFlinger: SFWD update time=74871268597330
12-31 15:19:17.157 1087 1381 D PowerManagerService: [api] userActivityFromNative : 590 (event: 2 flags: 0) eventTime = 74871332
12-31 15:19:17.215 679 779 E Netd : getNetworkForDns: getNetId from enterpriseCtrl is netid 0
12-31 15:19:17.220 679 779 E Netd : getNetworkForDns: getNetId from enterpriseCtrl is netid 0
12-31 15:19:17.221 679 779 E Netd : getNetworkForDns: getNetId from enterpriseCtrl is netid 0
12-31 15:19:17.223 679 779 E Netd : getNetworkForDns: getNetId from enterpriseCtrl is netid 0
12-31 15:19:17.275 679 779 E Netd : getNetworkForDns: getNetId from enterpriseCtrl is netid 0
12-31 15:19:17.278 679 779 E Netd : getNetworkForDns: getNetId from enterpriseCtrl is netid 0
12-31 15:19:17.280 679 779 E Netd : getNetworkForDns: getNetId from enterpriseCtrl is netid 0
12-31 15:19:17.332 679 779 E Netd : getNetworkForDns: getNetId from enterpriseCtrl is netid 0
12-31 15:19:17.441 679 779 E Netd : getNetworkForDns: getNetId from enterpriseCtrl is netid 0
12-31 15:19:17.589 679 779 E Netd : getNetworkForDns: getNetId from enterpriseCtrl is netid 0
12-31 15:19:17.592 679 779 E Netd : getNetworkForDns: getNetId from enterpriseCtrl is netid 0
12-31 15:19:17.597 679 779 E Netd : getNetworkForDns: getNetId from enterpriseCtrl is netid 0
12-31 15:19:17.653 679 779 E Netd : getNetworkForDns: getNetId from enterpriseCtrl is netid 0
12-31 15:19:17.663 679 779 E Netd : getNetworkForDns: getNetId from enterpriseCtrl is netid 0
12-31 15:19:17.695 1087 1087 D ServiceManager: ServiceManager Stats TOP 3 : (phone, 45), (sdhms, 45), (gamemanager, 10)
12-31 15:19:17.777 679 779 E Netd : getNetworkForDns: getNetId from enterpriseCtrl is netid 0
12-31 15:19:17.854 679 779 E Netd : getNetworkForDns: getNetId from enterpriseCtrl is netid 0
12-31 15:19:17.857 679 779 E Netd : getNetworkForDns: getNetId from enterpriseCtrl is netid 0
12-31 15:19:17.926 707 2797 I HYPER-HAL: [ResourceManager.cpp]removeResource(): [CPUMinFreq] RemoveResource Request ID : 627793
12-31 15:19:17.926 707 2797 I HYPER-HAL: [RequestManager.cpp]releaseLocked(): Released ID : 627793
12-31 15:19:17.985 679 769 E Netd : getNetworkForDns: getNetId from enterpriseCtrl is netid 0
12-31 15:19:18.032 1087 7414 D NetdEventListenerService: DNS Requested by : 603, 10105
12-31 15:19:18.033 679 779 E Netd : getNetworkForDns: getNetId from enterpriseCtrl is netid 0
12-31 15:19:18.039 679 779 E Netd : getNetworkForDns: getNetId from enterpriseCtrl is netid 0
12-31 15:19:18.040 679 779 E Netd : getNetworkForDns: getNetId from enterpriseCtrl is netid 0
12-31 15:19:18.151 679 779 E Netd : getNetworkForDns: getNetId from enterpriseCtrl is netid 0
12-31 15:19:18.153 679 779 E Netd : getNetworkForDns: getNetId from enterpriseCtrl is netid 0
12-31 15:19:18.187 679 779 E Netd : getNetworkForDns: getNetId from enterpriseCtrl is netid 0
12-31 15:19:18.189 679 779 E Netd : getNetworkForDns: getNetId from enterpriseCtrl is netid 0
12-31 15:19:18.225 679 779 E Netd : getNetworkForDns: getNetId from enterpriseCtrl is netid 0
12-31 15:19:18.227 679 779 E Netd : getNetworkForDns: getNetId from enterpriseCtrl is netid 0
12-31 15:19:18.231 1087 1381 D PowerManagerService: [api] userActivityFromNative : 600 (event: 2 flags: 0) eventTime = 74872406
12-31 15:19:18.347 1087 1382 I InputReader: Touch event's action (MT) is 0x105 (id=5, t=0) [pCnt=2, s=0.8725 1.8726 ] when=74872.522822
12-31 15:19:18.348 1087 1381 I InputDispatcher: Delivering touch to (30468): action: 0x105, f=0x0, d=0, '256846a', t=1
12-31 15:19:18.355 1087 1382 I InputReader: Touch event's action (MT) is 0x106 (id=5, t=0) [pCnt=2, s=0.8725 ] when=74872.530658
12-31 15:19:18.355 1087 1381 I InputDispatcher: Delivering touch to (30468): action: 0x106, f=0x0, d=0, '256846a', t=1
12-31 15:19:18.388 679 779 E Netd : getNetworkForDns: getNetId from enterpriseCtrl is netid 0
12-31 15:19:18.514 679 779 E Netd : getNetworkForDns: getNetId from enterpriseCtrl is netid 0
12-31 15:19:18.517 679 779 E Netd : getNetworkForDns: getNetId from enterpriseCtrl is netid 0
12-31 15:19:18.519 679 779 E Netd : getNetworkForDns: getNetId from enterpriseCtrl is netid 0
12-31 15:19:18.522 679 779 E Netd : getNetworkForDns: getNetId from enterpriseCtrl is netid 0
12-31 15:19:18.687 679 779 E Netd : getNetworkForDns: getNetId from enterpriseCtrl is netid 0
12-31 15:19:18.693 679 779 E Netd : getNetworkForDns: getNetId from enterpriseCtrl is netid 0
12-31 15:19:18.710 679 779 E Netd : getNetworkForDns: getNetId from enterpriseCtrl is netid 0
12-31 15:19:18.712 679 779 E Netd : getNetworkForDns: getNetId from enterpriseCtrl is netid 0
12-31 15:19:18.714 679 779 E Netd : getNetworkForDns: getNetId from enterpriseCtrl is netid 0
12-31 15:19:18.884 679 779 E Netd : getNetworkForDns: getNetId from enterpriseCtrl is netid 0
12-31 15:19:18.929 679 779 E Netd : getNetworkForDns: getNetId from enterpriseCtrl is netid 0
12-31 15:19:18.935 679 779 E Netd : getNetworkForDns: getNetId from enterpriseCtrl is netid 0
12-31 15:19:18.996 679 779 E Netd : getNetworkForDns: getNetId from enterpriseCtrl is netid 0
12-31 15:19:19.101 679 779 E Netd : getNetworkForDns: getNetId from enterpriseCtrl is netid 0
12-31 15:19:19.202 679 779 E Netd : getNetworkForDns: getNetId from enterpriseCtrl is netid 0
12-31 15:19:19.204 679 779 E Netd : getNetworkForDns: getNetId from enterpriseCtrl is netid 0
12-31 15:19:19.208 679 779 E Netd : getNetworkForDns: getNetId from enterpriseCtrl is netid 0
12-31 15:19:19.252 679 779 E Netd : getNetworkForDns: getNetId from enterpriseCtrl is netid 0
12-31 15:19:19.267 679 779 E Netd : getNetworkForDns: getNetId from enterpriseCtrl is netid 0
12-31 15:19:19.269 679 779 E Netd : getNetworkForDns: getNetId from enterpriseCtrl is netid 0
12-31 15:19:19.281 679 779 E Netd : getNetworkForDns: getNetId from enterpriseCtrl is netid 0
12-31 15:19:19.305 1087 1381 D PowerManagerService: [api] userActivityFromNative : 610 (event: 2 flags: 0) eventTime = 74873481
12-31 15:19:19.359 679 779 E Netd : getNetworkForDns: getNetId from enterpriseCtrl is netid 0
12-31 15:19:19.391 679 779 E Netd : getNetworkForDns: getNetId from enterpriseCtrl is netid 0
12-31 15:19:19.522 679 779 E Netd : getNetworkForDns: getNetId from enterpriseCtrl is netid 0
12-31 15:19:19.573 679 779 E Netd : getNetworkForDns: getNetId from enterpriseCtrl is netid 0
12-31 15:19:19.583 679 779 E Netd : getNetworkForDns: getNetId from enterpriseCtrl is netid 0
12-31 15:19:19.585 679 779 E Netd : getNetworkForDns: getNetId from enterpriseCtrl is netid 0
12-31 15:19:19.662 679 779 E Netd : getNetworkForDns: getNetId from enterpriseCtrl is netid 0
12-31 15:19:19.693 679 779 E Netd : getNetworkForDns: getNetId from enterpriseCtrl is netid 0
12-31 15:19:19.774 679 779 E Netd : getNetworkForDns: getNetId from enterpriseCtrl is netid 0
12-31 15:19:19.877 549 549 D io_stats: !@ 8,0 r 2330827 84661636 w 729316 23557716 d 300016 68824112 f 269838 354086 iot 1080948 864524 th 102400 0 0 pt 0 inp 0 0 74874.050
12-31 15:19:19.913 679 779 E Netd : getNetworkForDns: getNetId from enterpriseCtrl is netid 0
12-31 15:19:19.919 679 779 E Netd : getNetworkForDns: getNetId from enterpriseCtrl is netid 0
12-31 15:19:19.921 679 779 E Netd : getNetworkForDns: getNetId from enterpriseCtrl is netid 0
12-31 15:19:19.922 679 779 E Netd : getNetworkForDns: getNetId from enterpriseCtrl is netid 0
12-31 15:19:19.971 679 779 E Netd : getNetworkForDns: getNetId from enterpriseCtrl is netid 0
12-31 15:19:20.013 679 779 E Netd : getNetworkForDns: getNetId from enterpriseCtrl is netid 0
12-31 15:19:20.066 1087 1341 D SensorService: [SO] 2.600 0.955 4.221
12-31 15:19:20.119 679 779 E Netd : getNetworkForDns: getNetId from enterpriseCtrl is netid 0
12-31 15:19:20.210 679 779 E Netd : getNetworkForDns: getNetId from enterpriseCtrl is netid 0
12-31 15:19:20.372 679 779 E Netd : getNetworkForDns: getNetId from enterpriseCtrl is netid 0
12-31 15:19:20.374 679 779 E Netd : getNetworkForDns: getNetId from enterpriseCtrl is netid 0
12-31 15:19:20.375 679 779 E Netd : getNetworkForDns: getNetId from enterpriseCtrl is netid 0
12-31 15:19:20.379 1087 1381 D PowerManagerService: [api] userActivityFromNative : 620 (event: 2 flags: 0) eventTime = 74874554
12-31 15:19:20.434 679 779 E Netd : getNetworkForDns: getNetId from enterpriseCtrl is netid 0
12-31 15:19:20.511 1087 1382 D InputReader: Btn_touch(7): value=0 when=74874.687255
12-31 15:19:20.511 1087 1382 I InputReader: Touch event's action is 0x1 (id=5, t=0) [pCnt=1, s=] when=74874.687255
12-31 15:19:20.511 1087 1381 I InputDispatcher: Delivering touch to (30468): action: 0x1, f=0x0, d=0, '256846a', t=1
12-31 15:19:20.512 30468 30468 I ViewRootImpl@962c832[QtActivity]: ViewPostIme pointer 1
12-31 15:19:20.513 1087 1087 D SemGameManager: getGMSBinder(), begin
12-31 15:19:20.514 1087 1087 D SemGameManager: getGMSBinder(), successful: true
12-31 15:19:20.514 1087 1087 D GameManagerService: identifyGamePackage. org.qtproject.example.minimal_map, mCurrentUserId: 0, callerUserId: 0
12-31 15:19:20.514 1087 1087 D PkgDataHelper: getGamePkgData(). org.qtproject.example.minimal_map
12-31 15:19:20.514 1087 1087 I SemDvfsHyPerManager: acquire hyper - GESTURE_DETECTED/1087@33, type = -999
12-31 15:19:20.515 1087 1087 D SemGameManager: getGMSBinder(), begin
12-31 15:19:20.515 707 732 I HYPER-HAL: [RequestManager.cpp]acquire(): Acquired ID : 627793 [1087 / 33] HINT : GESTURE_DETECTED list : [TIMEOUT / 2566]
12-31 15:19:20.516 707 732 I HYPER-HAL: [ResourceManager.cpp]updateResource(): [CPUMinFreq] UpdateResource Request ID : 627793 Value : 858000
12-31 15:19:20.517 1087 1087 D SemGameManager: getGMSBinder(), successful: true
12-31 15:19:20.517 1087 1087 D GameManagerService: identifyGamePackage. org.qtproject.example.minimal_map, mCurrentUserId: 0, callerUserId: 0
12-31 15:19:20.517 1087 1087 D PkgDataHelper: getGamePkgData(). org.qtproject.example.minimal_map
12-31 15:19:20.517 1087 1087 I SemDvfsHyPerManager: acquire hyper - GESTURE_DETECTED/1087@33, type = -999
12-31 15:19:20.517 707 732 I HYPER-HAL: [RequestManager.cpp]acquire(): Acquired ID : 627793 [1087 / 33] HINT : GESTURE_DETECTED list : [TIMEOUT / 2566]
12-31 15:19:20.518 707 732 I HYPER-HAL: [ResourceManager.cpp]updateResource(): [CPUMinFreq] UpdateResource Request ID : 627793 Value : 858000
12-31 15:19:20.528 1087 1382 D InputReader: Btn_touch(7): value=1 when=74874.703889
12-31 15:19:20.528 1087 1382 I InputReader: Touch event's action is 0x0 (id=5, t=0) [pCnt=1, s=0.8727 ] when=74874.703889
12-31 15:19:20.529 1087 1381 I InputDispatcher: Delivering touch to (30468): action: 0x0, f=0x0, d=0, '256846a', t=1
12-31 15:19:20.529 30468 30468 I ViewRootImpl@962c832[QtActivity]: ViewPostIme pointer 0
12-31 15:19:20.543 679 779 E Netd : getNetworkForDns: getNetId from enterpriseCtrl is netid 0
12-31 15:19:20.551 679 779 E Netd : getNetworkForDns: getNetId from enterpriseCtrl is netid 0
12-31 15:19:20.652 679 779 E Netd : getNetworkForDns: getNetId from enterpriseCtrl is netid 0
12-31 15:19:20.655 679 779 E Netd : getNetworkForDns: getNetId from enterpriseCtrl is netid 0
12-31 15:19:20.663 679 779 E Netd : getNetworkForDns: getNetId from enterpriseCtrl is netid 0
12-31 15:19:20.663 679 779 E Netd : getNetworkForDns: getNetId from enterpriseCtrl is netid 0
12-31 15:19:20.669 679 779 E Netd : getNetworkForDns: getNetId from enterpriseCtrl is netid 0
12-31 15:19:20.706 679 779 E Netd : getNetworkForDns: getNetId from enterpriseCtrl is netid 0
12-31 15:19:20.708 679 779 E Netd : getNetworkForDns: getNetId from enterpriseCtrl is netid 0
12-31 15:19:20.722 679 779 E Netd : getNetworkForDns: getNetId from enterpriseCtrl is netid 0
12-31 15:19:20.723 679 779 E Netd : getNetworkForDns: getNetId from enterpriseCtrl is netid 0
12-31 15:19:20.871 1087 1096 I system_server: Background concurrent copying GC freed 372130(18MB) AllocSpace objects, 279(5644KB) LOS objects, 30% free, 55MB/79MB, paused 159us total 326.823ms
12-31 15:19:20.881 1087 1098 W System : A resource failed to call release.
12-31 15:19:20.881 1087 1098 I SurfaceControl: nativeRelease nativeObject s[520060354240]
12-31 15:19:20.881 1087 1098 I SurfaceControl: nativeRelease nativeObject e[520060354240]
12-31 15:19:20.881 1087 1098 W System : A resource failed to call release.
12-31 15:19:20.881 1087 1098 I SurfaceControl: nativeRelease nativeObject s[516472429184]
12-31 15:19:20.881 1087 1098 I SurfaceControl: nativeRelease nativeObject e[516472429184]
12-31 15:19:20.881 1087 1098 W System : A resource failed to call release.
12-31 15:19:20.881 1087 1098 I SurfaceControl: nativeRelease nativeObject s[517730529760]
12-31 15:19:20.881 1087 1098 I SurfaceControl: nativeRelease nativeObject e[517730529760]
12-31 15:19:20.881 766 1470 I SurfaceFlinger: id=6358 Removed Surface(name=ba5e20b InputMethod)/@0x5d66b01 - animation-leash#1 (66)
12-31 15:19:20.887 766 766 I Layer : id=6358[1] Destroyed Surface(name=ba5e20b InputMethod)/@0x5d66b01 - animation-leash#1
12-31 15:19:20.997 679 779 E Netd : getNetworkForDns: getNetId from enterpriseCtrl is netid 0
12-31 15:19:21.000 679 779 E Netd : getNetworkForDns: getNetId from enterpriseCtrl is netid 0
12-31 15:19:21.052 679 779 E Netd : getNetworkForDns: getNetId from enterpriseCtrl is netid 0
12-31 15:19:21.054 679 779 E Netd : getNetworkForDns: getNetId from enterpriseCtrl is netid 0
12-31 15:19:21.120 679 779 E Netd : getNetworkForDns: getNetId from enterpriseCtrl is netid 0
12-31 15:19:21.124 679 779 E Netd : getNetworkForDns: getNetId from enterpriseCtrl is netid 0
12-31 15:19:21.126 679 779 E Netd : getNetworkForDns: getNetId from enterpriseCtrl is netid 0
12-31 15:19:21.127 679 779 E Netd : getNetworkForDns: getNetId from enterpriseCtrl is netid 0
12-31 15:19:21.275 679 779 E Netd : getNetworkForDns: getNetId from enterpriseCtrl is netid 0
12-31 15:19:21.279 679 779 E Netd : getNetworkForDns: getNetId from enterpriseCtrl is netid 0
12-31 15:19:21.417 679 779 E Netd : getNetworkForDns: getNetId from enterpriseCtrl is netid 0
12-31 15:19:21.420 679 779 E Netd : getNetworkForDns: getNetId from enterpriseCtrl is netid 0
12-31 15:19:21.422 679 779 E Netd : getNetworkForDns: getNetId from enterpriseCtrl is netid 0
12-31 15:19:21.424 679 779 E Netd : getNetworkForDns: getNetId from enterpriseCtrl is netid 0
12-31 15:19:21.425 679 779 E Netd : getNetworkForDns: getNetId from enterpriseCtrl is netid 0
12-31 15:19:21.427 679 779 E Netd : getNetworkForDns: getNetId from enterpriseCtrl is netid 0
12-31 15:19:21.454 1087 1381 D PowerManagerService: [api] userActivityFromNative : 630 (event: 2 flags: 0) eventTime = 74875629
12-31 15:19:21.479 679 779 E Netd : getNetworkForDns: getNetId from enterpriseCtrl is netid 0
12-31 15:19:21.481 679 779 E Netd : getNetworkForDns: getNetId from enterpriseCtrl is netid 0
12-31 15:19:21.483 679 779 E Netd : getNetworkForDns: getNetId from enterpriseCtrl is netid 0
12-31 15:19:21.488 679 779 E Netd : getNetworkForDns: getNetId from enterpriseCtrl is netid 0
12-31 15:19:21.747 679 779 E Netd : getNetworkForDns: getNetId from enterpriseCtrl is netid 0
12-31 15:19:21.750 679 779 E Netd : getNetworkForDns: getNetId from enterpriseCtrl is netid 0
12-31 15:19:21.844 679 779 E Netd : getNetworkForDns: getNetId from enterpriseCtrl is netid 0
12-31 15:19:21.846 679 779 E Netd : getNetworkForDns: getNetId from enterpriseCtrl is netid 0
12-31 15:19:21.870 679 779 E Netd : getNetworkForDns: getNetId from enterpriseCtrl is netid 0
12-31 15:19:21.882 549 549 D io_stats: !@ 8,0 r 2330848 84662116 w 729316 23557716 d 300016 68824112 f 269838 354086 iot 1080960 864527 th 102400 0 0 pt 0 inp 0 0 74876.055
12-31 15:19:21.912 679 779 E Netd : getNetworkForDns: getNetId from enterpriseCtrl is netid 0
12-31 15:19:21.914 679 779 E Netd : getNetworkForDns: getNetId from enterpriseCtrl is netid 0
12-31 15:19:21.916 679 779 E Netd : getNetworkForDns: getNetId from enterpriseCtrl is netid 0
12-31 15:19:21.924 679 779 E Netd : getNetworkForDns: getNetId from enterpriseCtrl is netid 0
12-31 15:19:21.927 679 779 E Netd : getNetworkForDns: getNetId from enterpriseCtrl is netid 0
12-31 15:19:22.070 679 779 E Netd : getNetworkForDns: getNetId from enterpriseCtrl is netid 0
12-31 15:19:22.085 1087 1201 D BatteryService: Sending ACTION_BATTERY_CHANGED. scale:100, info:{.chargerAcOnline = false, .chargerUsbOnline = true, .chargerWirelessOnline = false, .maxChargingCurrent = 0, .maxChargingVoltage = 0, .batteryStatus = CHARGING, .batteryHealth = GOOD, .batteryPresent = true, .batteryLevel = 66, .batteryVoltage = 3833, .batteryTemperature = 283, .batteryCurrent = -440, .batteryCycleCount = 0, .batteryFullCharge = 5000000, .batteryChargeCounter = 2888570, .batteryTechnology = Li-ion}
12-31 15:19:22.085 1087 1201 D BatteryService: online:4, current avg:-613, charge type:2, POGO powered:false, power sharing:false, high voltage charger:false, charger_type:0, capacity:280000, misc_event:0x0, current_event:0x8100, current_now:-440
12-31 15:19:22.086 1087 1087 D PhoneWindowManagerExt: ACTION_BATTERY_CHANGED - Level=66, status=2
12-31 15:19:22.087 1087 1372 D MotionRecognitionService: onReceive : ACTION_BATTERY_CHANGED, Plugged: 2
12-31 15:19:22.087 1087 1087 D SemWifiApBroadcastReceiver: Received : android.intent.action.BATTERY_CHANGED
12-31 15:19:22.087 1087 1372 I MotionRecognitionService: [TA] In/out: true, curr state: 1
12-31 15:19:22.087 6056 6056 D SemBigDataInfoController: Intent : android.intent.action.BATTERY_CHANGED
12-31 15:19:22.089 5618 5618 D KeyguardUpdateMonitor: received broadcast android.intent.action.BATTERY_CHANGED
12-31 15:19:22.089 5618 5618 I PowerUI : BATTERY_HEALTH_CHECK extraHealth=2 mBatteryMiscEvent=0
12-31 15:19:22.089 5618 5618 D PowerUI : priorPlugType = 2 mPlugType = 2 priorBatteryStatus = 2 mBatteryStatus = 2
12-31 15:19:22.090 5618 5618 D PowerUI.Notification: showChargingNotice oldChargingType : 7 currentChargingType : 7 oldChargingTime : 43382000 mChargingTime : 43382000
12-31 15:19:22.090 5618 5618 D PowerUI.Notification: There is no change about charging status, so return!
12-31 15:19:22.090 5618 5618 D PowerUI : Battery swelling mode - priorBatterySwellingMode = 0 mBatterySwellingMode = 0 mBatteryStatus = 2
12-31 15:19:22.090 5618 5618 I PowerUI : mBatteryMiscEvent = 0
12-31 15:19:22.090 5618 5618 D PowerUI : showing power sharing dialogfalse
12-31 15:19:22.091 5618 5618 I AODBatteryManager: updateBatteryData: ACTION_BATTERY_CHANGED
12-31 15:19:22.091 5618 5618 I AODBatteryManager: saveBatteryData : AOD BatteryData [mBatteryLevel=66, mBatteryStatus=CHARGING, mBatteryPlugType=USB, mBatteryPlugged=true, mRemainingChargeTime=43382000, mBatteryChargingType=1, mBatteryChargerType=NORMAL, mBatteryOnline=USB, mBatterySwellingMode=NONE, mBatteryProtectMode=false]
12-31 15:19:22.093 766 766 I SurfaceFlinger: SFWD update time=74876268721442
12-31 15:19:22.099 5618 5618 D KeyguardUpdateMonitor: handleBatteryUpdate
12-31 15:19:22.173 679 779 E Netd : getNetworkForDns: getNetId from enterpriseCtrl is netid 0
12-31 15:19:22.275 679 779 E Netd : getNetworkForDns: getNetId from enterpriseCtrl is netid 0
12-31 15:19:22.327 679 779 E Netd : getNetworkForDns: getNetId from enterpriseCtrl is netid 0
12-31 15:19:22.355 679 779 E Netd : getNetworkForDns: getNetId from enterpriseCtrl is netid 0
12-31 15:19:22.362 679 779 E Netd : getNetworkForDns: getNetId from enterpriseCtrl is netid 0
12-31 15:19:22.374 679 779 E Netd : getNetworkForDns: getNetId from enterpriseCtrl is netid 0
12-31 15:19:22.378 679 779 E Netd : getNetworkForDns: getNetId from enterpriseCtrl is netid 0
12-31 15:19:22.459 679 779 E Netd : getNetworkForDns: getNetId from enterpriseCtrl is netid 0
12-31 15:19:22.508 679 779 E Netd : getNetworkForDns: getNetId from enterpriseCtrl is netid 0
12-31 15:19:22.510 679 779 E Netd : getNetworkForDns: getNetId from enterpriseCtrl is netid 0
12-31 15:19:22.511 679 779 E Netd : getNetworkForDns: getNetId from enterpriseCtrl is netid 0
12-31 15:19:22.527 1087 1382 D InputReader: Btn_touch(7): value=0 when=74876.703497
12-31 15:19:22.527 1087 1382 I InputReader: Touch event's action is 0x1 (id=5, t=0) [pCnt=1, s=] when=74876.703497
12-31 15:19:22.528 1087 1381 I InputDispatcher: Delivering touch to (30468): action: 0x1, f=0x0, d=0, '256846a', t=1
12-31 15:19:22.528 30468 30468 I ViewRootImpl@962c832[QtActivity]: ViewPostIme pointer 1
12-31 15:19:22.528 1087 1381 D PowerManagerService: [api] userActivityFromNative : 640 (event: 2 flags: 0) eventTime = 74876703
12-31 15:19:22.530 1087 1087 D SemGameManager: getGMSBinder(), begin
12-31 15:19:22.531 1087 1087 D SemGameManager: getGMSBinder(), successful: true
12-31 15:19:22.531 1087 1087 D GameManagerService: identifyGamePackage. org.qtproject.example.minimal_map, mCurrentUserId: 0, callerUserId: 0
12-31 15:19:22.531 1087 1087 D PkgDataHelper: getGamePkgData(). org.qtproject.example.minimal_map
12-31 15:19:22.531 1087 1087 I SemDvfsHyPerManager: acquire hyper - GESTURE_DETECTED/1087@33, type = -999
12-31 15:19:22.532 1087 1087 D SemGameManager: getGMSBinder(), begin
12-31 15:19:22.532 707 732 I HYPER-HAL: [RequestManager.cpp]acquire(): Acquired ID : 627793 [1087 / 33] HINT : GESTURE_DETECTED list : [TIMEOUT / 2566]
12-31 15:19:22.532 707 732 I HYPER-HAL: [ResourceManager.cpp]updateResource(): [CPUMinFreq] UpdateResource Request ID : 627793 Value : 858000
12-31 15:19:22.533 1087 1087 D SemGameManager: getGMSBinder(), successful: true
12-31 15:19:22.533 1087 1087 D GameManagerService: identifyGamePackage. org.qtproject.example.minimal_map, mCurrentUserId: 0, callerUserId: 0
12-31 15:19:22.533 1087 1087 D PkgDataHelper: getGamePkgData(). org.qtproject.example.minimal_map
12-31 15:19:22.533 1087 1087 I SemDvfsHyPerManager: acquire hyper - GESTURE_DETECTED/1087@33, type = -999
12-31 15:19:22.533 707 732 I HYPER-HAL: [RequestManager.cpp]acquire(): Acquired ID : 627793 [1087 / 33] HINT : GESTURE_DETECTED list : [TIMEOUT / 2566]
12-31 15:19:22.533 707 732 I HYPER-HAL: [ResourceManager.cpp]updateResource(): [CPUMinFreq] UpdateResource Request ID : 627793 Value : 858000
12-31 15:19:22.544 1087 1382 D InputReader: Btn_touch(7): value=1 when=74876.720168
12-31 15:19:22.544 1087 1382 I InputReader: Touch event's action is 0x0 (id=5, t=0) [pCnt=1, s=0.8728 ] when=74876.720168
12-31 15:19:22.544 1087 1381 I InputDispatcher: Delivering touch to (30468): action: 0x0, f=0x0, d=0, '256846a', t=1
12-31 15:19:22.545 30468 30468 I ViewRootImpl@962c832[QtActivity]: ViewPostIme pointer 0
12-31 15:19:22.599 679 779 E Netd : getNetworkForDns: getNetId from enterpriseCtrl is netid 0
12-31 15:19:22.610 1087 1382 D InputReader: Btn_touch(7): value=0 when=74876.786219
12-31 15:19:22.610 1087 1382 I InputReader: Touch event's action is 0x1 (id=5, t=0) [pCnt=1, s=] when=74876.786219
12-31 15:19:22.610 1087 1381 I InputDispatcher: Delivering touch to (30468): action: 0x1, f=0x0, d=0, '256846a', t=1
12-31 15:19:22.611 30468 30468 I ViewRootImpl@962c832[QtActivity]: ViewPostIme pointer 1
12-31 15:19:22.612 1087 1087 D SemGameManager: getGMSBinder(), begin
12-31 15:19:22.612 1087 1087 D SemGameManager: getGMSBinder(), successful: true
12-31 15:19:22.612 1087 1087 D GameManagerService: identifyGamePackage. org.qtproject.example.minimal_map, mCurrentUserId: 0, callerUserId: 0
12-31 15:19:22.612 1087 1087 D PkgDataHelper: getGamePkgData(). org.qtproject.example.minimal_map
12-31 15:19:22.613 1087 1087 I SemDvfsHyPerManager: acquire hyper - GESTURE_DETECTED/1087@33, type = -999
12-31 15:19:22.613 1087 1087 D SemGameManager: getGMSBinder(), begin
12-31 15:19:22.613 707 732 I HYPER-HAL: [RequestManager.cpp]acquire(): Acquired ID : 627793 [1087 / 33] HINT : GESTURE_DETECTED list : [TIMEOUT / 2566]
12-31 15:19:22.613 707 732 I HYPER-HAL: [ResourceManager.cpp]updateResource(): [CPUMinFreq] UpdateResource Request ID : 627793 Value : 858000
12-31 15:19:22.613 1087 1087 D SemGameManager: getGMSBinder(), successful: true
12-31 15:19:22.613 1087 1087 D GameManagerService: identifyGamePackage. org.qtproject.example.minimal_map, mCurrentUserId: 0, callerUserId: 0
12-31 15:19:22.613 1087 1087 D PkgDataHelper: getGamePkgData(). org.qtproject.example.minimal_map
12-31 15:19:22.613 1087 1087 I SemDvfsHyPerManager: acquire hyper - GESTURE_DETECTED/1087@33, type = -999
12-31 15:19:22.614 707 732 I HYPER-HAL: [RequestManager.cpp]acquire(): Acquired ID : 627793 [1087 / 33] HINT : GESTURE_DETECTED list : [TIMEOUT / 2566]
12-31 15:19:22.614 707 732 I HYPER-HAL: [ResourceManager.cpp]updateResource(): [CPUMinFreq] UpdateResource Request ID : 627793 Value : 858000
12-31 15:19:22.643 1087 1382 D InputReader: Btn_touch(7): value=1 when=74876.819133
12-31 15:19:22.643 1087 1382 I InputReader: Touch event's action is 0x0 (id=5, t=0) [pCnt=1, s=0.8729 ] when=74876.819133
12-31 15:19:22.643 1087 1381 I InputDispatcher: Delivering touch to (30468): action: 0x0, f=0x0, d=0, '256846a', t=1
12-31 15:19:22.644 30468 30468 I ViewRootImpl@962c832[QtActivity]: ViewPostIme pointer 0
12-31 15:19:22.656 679 779 E Netd : getNetworkForDns: getNetId from enterpriseCtrl is netid 0
12-31 15:19:22.707 5618 5688 D NetworkController.SecMobileSignalController(0/2147483647): onSignalStrengthsChanged level=3
12-31 15:19:22.707 5618 5688 D NetworkController.SecMobileSignalController(0/2147483647): Display signal bar by emergency only[true][true]
12-31 15:19:22.707 5618 5688 D MobileSignalIconsSelector: getDataIconGroup(): 0
12-31 15:19:22.712 679 779 E Netd : getNetworkForDns: getNetId from enterpriseCtrl is netid 0
12-31 15:19:22.729 1087 1363 D SamsungAlarmManager: Expired : 8
12-31 15:19:22.729 1087 1363 V SamsungAlarmManager: Sending to uid : 1000 L=62b2056:DetectMovementSPListener alarm=Alarm{8aa73a4 type 3 when 824223557 android}
12-31 15:19:22.729 1087 5901 I SLocation: SPManager - can't use SP!
12-31 15:19:22.730 1087 1363 I SamsungAlarmManager: setLocked to kernel - T:2 / 20211231T152100, set=824321399, now=824223558
12-31 15:19:22.730 1087 1363 I SamsungAlarmManager: setLocked to kernel - T:3 / 20211231T152000, set=824260828, now=824223558
12-31 15:19:22.732 1087 5901 D SamsungAlarmManager: setExact (T:3/F:9/AC:false) 20211231T152022 now=824223559 - CU:1000/CP:1087/L:62b2056:DetectMovementSPListener
12-31 15:19:22.732 1087 5901 I SamsungAlarmManager: setLocked to kernel - T:2 / 20211231T152100, set=824321399, now=824223560
12-31 15:19:22.732 1087 5901 I SamsungAlarmManager: setLocked to kernel - T:3 / 20211231T152000, set=824260828, now=824223560
12-31 15:19:22.753 1087 1087 D ServiceManager: ServiceManager Stats TOP 3 : (phone, 47), (sdhms, 47), (gamemanager, 6)
12-31 15:19:22.759 1087 1382 I InputReader: Touch event's action (MT) is 0x105 (id=5, t=0) [pCnt=2, s=0.8729 1.8730 ] when=74876.935293
12-31 15:19:22.760 1087 1381 I InputDispatcher: Delivering touch to (30468): action: 0x105, f=0x0, d=0, '256846a', t=1
12-31 15:19:22.775 1087 1382 I InputReader: Touch event's action (MT) is 0x106 (id=5, t=0) [pCnt=2, s=0.8729 ] when=74876.951442
12-31 15:19:22.776 1087 1381 I InputDispatcher: Delivering touch to (30468): action: 0x106, f=0x0, d=0, '256846a', t=1
12-31 15:19:22.781 679 779 E Netd : getNetworkForDns: getNetId from enterpriseCtrl is netid 0
12-31 15:19:22.962 679 779 E Netd : getNetworkForDns: getNetId from enterpriseCtrl is netid 0
12-31 15:19:22.965 679 779 E Netd : getNetworkForDns: getNetId from enterpriseCtrl is netid 0
12-31 15:19:23.045 679 779 E Netd : getNetworkForDns: getNetId from enterpriseCtrl is netid 0
12-31 15:19:23.047 679 779 E Netd : getNetworkForDns: getNetId from enterpriseCtrl is netid 0
12-31 15:19:23.048 679 779 E Netd : getNetworkForDns: getNetId from enterpriseCtrl is netid 0
12-31 15:19:23.099 679 779 E Netd : getNetworkForDns: getNetId from enterpriseCtrl is netid 0
12-31 15:19:23.147 679 779 E Netd : getNetworkForDns: getNetId from enterpriseCtrl is netid 0
12-31 15:19:23.164 679 779 E Netd : getNetworkForDns: getNetId from enterpriseCtrl is netid 0
12-31 15:19:23.167 679 779 E Netd : getNetworkForDns: getNetId from enterpriseCtrl is netid 0
12-31 15:19:23.255 679 779 E Netd : getNetworkForDns: getNetId from enterpriseCtrl is netid 0
12-31 15:19:23.305 679 779 E Netd : getNetworkForDns: getNetId from enterpriseCtrl is netid 0
12-31 15:19:23.307 679 779 E Netd : getNetworkForDns: getNetId from enterpriseCtrl is netid 0
12-31 15:19:23.354 679 779 E Netd : getNetworkForDns: getNetId from enterpriseCtrl is netid 0
12-31 15:19:23.357 679 779 E Netd : getNetworkForDns: getNetId from enterpriseCtrl is netid 0
12-31 15:19:23.501 679 779 E Netd : getNetworkForDns: getNetId from enterpriseCtrl is netid 0
12-31 15:19:23.506 679 779 E Netd : getNetworkForDns: getNetId from enterpriseCtrl is netid 0
12-31 15:19:23.509 679 779 E Netd : getNetworkForDns: getNetId from enterpriseCtrl is netid 0
12-31 15:19:23.610 1087 1381 D PowerManagerService: [api] userActivityFromNative : 650 (event: 2 flags: 0) eventTime = 74877785
12-31 15:19:23.651 1087 1382 D InputReader: Btn_touch(7): value=0 when=74877.827148
12-31 15:19:23.651 1087 1382 I InputReader: Touch event's action is 0x1 (id=5, t=0) [pCnt=1, s=] when=74877.827148
12-31 15:19:23.652 1087 1381 I InputDispatcher: Delivering touch to (30468): action: 0x1, f=0x0, d=0, '256846a', t=1
12-31 15:19:23.652 30468 30468 I ViewRootImpl@962c832[QtActivity]: ViewPostIme pointer 1
12-31 15:19:23.653 1087 1087 D SemGameManager: getGMSBinder(), begin
12-31 15:19:23.654 1087 1087 D SemGameManager: getGMSBinder(), successful: true
12-31 15:19:23.654 1087 1087 D GameManagerService: identifyGamePackage. org.qtproject.example.minimal_map, mCurrentUserId: 0, callerUserId: 0
12-31 15:19:23.654 1087 1087 D PkgDataHelper: getGamePkgData(). org.qtproject.example.minimal_map
12-31 15:19:23.654 1087 1087 I SemDvfsHyPerManager: acquire hyper - GESTURE_DETECTED/1087@33, type = -999
12-31 15:19:23.654 1087 1087 D SemGameManager: getGMSBinder(), begin
12-31 15:19:23.654 707 732 I HYPER-HAL: [RequestManager.cpp]acquire(): Acquired ID : 627793 [1087 / 33] HINT : GESTURE_DETECTED list : [TIMEOUT / 2566]
12-31 15:19:23.654 707 732 I HYPER-HAL: [ResourceManager.cpp]updateResource(): [CPUMinFreq] UpdateResource Request ID : 627793 Value : 858000
12-31 15:19:23.654 1087 1087 D SemGameManager: getGMSBinder(), successful: true
12-31 15:19:23.654 1087 1087 D GameManagerService: identifyGamePackage. org.qtproject.example.minimal_map, mCurrentUserId: 0, callerUserId: 0
12-31 15:19:23.654 1087 1087 D PkgDataHelper: getGamePkgData(). org.qtproject.example.minimal_map
12-31 15:19:23.654 1087 1087 I SemDvfsHyPerManager: acquire hyper - GESTURE_DETECTED/1087@33, type = -999
12-31 15:19:23.654 707 732 I HYPER-HAL: [RequestManager.cpp]acquire(): Acquired ID : 627793 [1087 / 33] HINT : GESTURE_DETECTED list : [TIMEOUT / 2566]
12-31 15:19:23.654 707 732 I HYPER-HAL: [ResourceManager.cpp]updateResource(): [CPUMinFreq] UpdateResource Request ID : 627793 Value : 858000
12-31 15:19:23.762 679 779 E Netd : getNetworkForDns: getNetId from enterpriseCtrl is netid 0
12-31 15:19:23.808 679 779 E Netd : getNetworkForDns: getNetId from enterpriseCtrl is netid 0
12-31 15:19:23.809 679 779 E Netd : getNetworkForDns: getNetId from enterpriseCtrl is netid 0
12-31 15:19:23.886 549 549 D io_stats: !@ 8,0 r 2330850 84662128 w 729319 23557752 d 300016 68824112 f 269839 354087 iot 1080972 864529 th 102400 0 0 pt 0 inp 0 0 74878.059
12-31 15:19:23.887 5618 5688 D NetworkController.SecMobileSignalController(0/2147483647): onSignalStrengthsChanged level=3
12-31 15:19:23.887 5618 5688 D NetworkController.SecMobileSignalController(0/2147483647): Display signal bar by emergency only[true][true]
12-31 15:19:23.888 5618 5688 D MobileSignalIconsSelector: getDataIconGroup(): 0
12-31 15:19:23.888 679 779 E Netd : getNetworkForDns: getNetId from enterpriseCtrl is netid 0
12-31 15:19:23.890 679 779 E Netd : getNetworkForDns: getNetId from enterpriseCtrl is netid 0
12-31 15:19:24.017 5569 5569 I wpa_supplicant: Heartbeat 7451
12-31 15:19:24.355 1087 1382 D InputReader: Btn_touch(7): value=1 when=74878.530322
12-31 15:19:24.357 1087 1382 I InputReader: Touch event's action is 0x0 (id=5, t=0) [pCnt=1, s=0.8731 ] when=74878.530322
12-31 15:19:24.357 1087 1381 I InputDispatcher: Delivering touch to (30468): action: 0x0, f=0x0, d=0, '256846a', t=1
12-31 15:19:24.358 30468 30468 I ViewRootImpl@962c832[QtActivity]: ViewPostIme pointer 0
12-31 15:19:24.362 1087 1382 I InputReader: Touch event's action (MT) is 0x105 (id=5, t=0) [pCnt=2, s=0.8731 1.8732 ] when=74878.538021
12-31 15:19:24.362 1087 1381 I InputDispatcher: Delivering touch to (30468): action: 0x105, f=0x0, d=0, '256846a', t=1
12-31 15:19:24.378 1087 1382 I InputReader: Touch event's action (MT) is 0x106 (id=5, t=0) [pCnt=2, s=0.8731 ] when=74878.554465
12-31 15:19:24.379 1087 1381 I InputDispatcher: Delivering touch to (30468): action: 0x106, f=0x0, d=0, '256846a', t=1
12-31 15:19:24.451 679 779 E Netd : getNetworkForDns: getNetId from enterpriseCtrl is netid 0
12-31 15:19:24.469 1087 1382 D InputReader: Btn_touch(7): value=0 when=74878.645163
12-31 15:19:24.469 1087 1382 I InputReader: Touch event's action is 0x1 (id=5, t=0) [pCnt=1, s=] when=74878.645163
12-31 15:19:24.469 1087 1381 I InputDispatcher: Delivering touch to (30468): action: 0x1, f=0x0, d=0, '256846a', t=1
12-31 15:19:24.470 30468 30468 I ViewRootImpl@962c832[QtActivity]: ViewPostIme pointer 1
12-31 15:19:24.472 1087 1087 D SemGameManager: getGMSBinder(), begin
12-31 15:19:24.473 1087 1087 D SemGameManager: getGMSBinder(), successful: true
12-31 15:19:24.473 1087 1087 D GameManagerService: identifyGamePackage. org.qtproject.example.minimal_map, mCurrentUserId: 0, callerUserId: 0
12-31 15:19:24.473 1087 1087 D PkgDataHelper: getGamePkgData(). org.qtproject.example.minimal_map
12-31 15:19:24.473 1087 1087 I SemDvfsHyPerManager: acquire hyper - GESTURE_DETECTED/1087@33, type = -999
12-31 15:19:24.473 1087 1087 D SemGameManager: getGMSBinder(), begin
12-31 15:19:24.473 707 732 I HYPER-HAL: [RequestManager.cpp]acquire(): Acquired ID : 627793 [1087 / 33] HINT : GESTURE_DETECTED list : [TIMEOUT / 2061]
12-31 15:19:24.473 707 732 I HYPER-HAL: [ResourceManager.cpp]updateResource(): [CPUMinFreq] UpdateResource Request ID : 627793 Value : 858000
12-31 15:19:24.474 1087 1087 D SemGameManager: getGMSBinder(), successful: true
12-31 15:19:24.474 1087 1087 D GameManagerService: identifyGamePackage. org.qtproject.example.minimal_map, mCurrentUserId: 0, callerUserId: 0
12-31 15:19:24.474 1087 1087 D PkgDataHelper: getGamePkgData(). org.qtproject.example.minimal_map
12-31 15:19:24.475 1087 1087 I SemDvfsHyPerManager: acquire hyper - GESTURE_DETECTED/1087@33, type = -999
12-31 15:19:24.476 707 732 I HYPER-HAL: [RequestManager.cpp]acquire(): Acquired ID : 627793 [1087 / 33] HINT : GESTURE_DETECTED list : [TIMEOUT / 2061]
12-31 15:19:24.476 707 732 I HYPER-HAL: [ResourceManager.cpp]updateResource(): [CPUMinFreq] UpdateResource Request ID : 627793 Value : 858000
12-31 15:19:24.571 679 779 E Netd : getNetworkForDns: getNetId from enterpriseCtrl is netid 0
12-31 15:19:24.833 1087 1382 D InputReader: Btn_touch(7): value=1 when=74879.008705
12-31 15:19:24.833 1087 1382 I InputReader: Touch event's action is 0x0 (id=5, t=0) [pCnt=1, s=0.8733 ] when=74879.008705
12-31 15:19:24.833 1087 1381 I InputDispatcher: Delivering touch to (30468): action: 0x0, f=0x0, d=0, '256846a', t=1
12-31 15:19:24.834 30468 30468 I ViewRootImpl@962c832[QtActivity]: ViewPostIme pointer 0
12-31 15:19:24.956 1087 1382 D InputReader: Btn_touch(7): value=0 when=74879.132625
12-31 15:19:24.957 1087 1382 I InputReader: Touch event's action is 0x1 (id=5, t=0) [pCnt=1, s=] when=74879.132625
12-31 15:19:24.957 1087 1381 I InputDispatcher: Delivering touch to (30468): action: 0x1, f=0x0, d=0, '256846a', t=1
12-31 15:19:24.957 30468 30468 I ViewRootImpl@962c832[QtActivity]: ViewPostIme pointer 1
12-31 15:19:24.958 1087 1087 D SemGameManager: getGMSBinder(), begin
12-31 15:19:24.959 1087 1087 D SemGameManager: getGMSBinder(), successful: true
12-31 15:19:24.959 1087 1087 D GameManagerService: identifyGamePackage. org.qtproject.example.minimal_map, mCurrentUserId: 0, callerUserId: 0
12-31 15:19:24.959 1087 1087 D PkgDataHelper: getGamePkgData(). org.qtproject.example.minimal_map
12-31 15:19:24.959 1087 1087 I SemDvfsHyPerManager: acquire hyper - GESTURE_DETECTED/1087@33, type = -999
12-31 15:19:24.959 1087 1087 D SemGameManager: getGMSBinder(), begin
12-31 15:19:24.959 707 732 I HYPER-HAL: [RequestManager.cpp]acquire(): Acquired ID : 627793 [1087 / 33] HINT : GESTURE_DETECTED list : [TIMEOUT / 2009]
12-31 15:19:24.959 707 732 I HYPER-HAL: [ResourceManager.cpp]updateResource(): [CPUMinFreq] UpdateResource Request ID : 627793 Value : 858000
12-31 15:19:24.959 1087 1087 D SemGameManager: getGMSBinder(), successful: true
12-31 15:19:24.959 1087 1087 D GameManagerService: identifyGamePackage. org.qtproject.example.minimal_map, mCurrentUserId: 0, callerUserId: 0
12-31 15:19:24.959 1087 1087 D PkgDataHelper: getGamePkgData(). org.qtproject.example.minimal_map
12-31 15:19:24.959 1087 1087 I SemDvfsHyPerManager: acquire hyper - GESTURE_DETECTED/1087@33, type = -999
12-31 15:19:24.959 707 732 I HYPER-HAL: [RequestManager.cpp]acquire(): Acquired ID : 627793 [1087 / 33] HINT : GESTURE_DETECTED list : [TIMEOUT / 2009]
12-31 15:19:24.960 707 732 I HYPER-HAL: [ResourceManager.cpp]updateResource(): [CPUMinFreq] UpdateResource Request ID : 627793 Value : 858000
12-31 15:19:25.295 1087 1382 D InputReader: Btn_touch(7): value=1 when=74879.471486
12-31 15:19:25.296 1087 1382 I InputReader: Touch event's action is 0x0 (id=5, t=0) [pCnt=1, s=0.8734 ] when=74879.471486
12-31 15:19:25.296 1087 1381 I InputDispatcher: Delivering touch to (30468): action: 0x0, f=0x0, d=0, '256846a', t=1
12-31 15:19:25.297 30468 30468 I ViewRootImpl@962c832[QtActivity]: ViewPostIme pointer 0
12-31 15:19:25.439 6983 7008 I FASProvider: makeValuesForFasUpdate contentValues = package_name=com.samsung.android.app.routines uid=10062 level=1 resetTime=1640960365433
12-31 15:19:25.493 679 779 E Netd : getNetworkForDns: getNetId from enterpriseCtrl is netid 0
12-31 15:19:25.535 1087 1382 D InputReader: Btn_touch(7): value=0 when=74879.711104
12-31 15:19:25.535 1087 1382 I InputReader: Touch event's action is 0x1 (id=5, t=0) [pCnt=1, s=] when=74879.711104
12-31 15:19:25.535 1087 1381 I InputDispatcher: Delivering touch to (30468): action: 0x1, f=0x0, d=0, '256846a', t=1
12-31 15:19:25.536 30468 30468 I ViewRootImpl@962c832[QtActivity]: ViewPostIme pointer 1
12-31 15:19:25.536 1087 1087 D SemGameManager: getGMSBinder(), begin
12-31 15:19:25.537 1087 1087 D SemGameManager: getGMSBinder(), successful: true
12-31 15:19:25.537 1087 1087 D GameManagerService: identifyGamePackage. org.qtproject.example.minimal_map, mCurrentUserId: 0, callerUserId: 0
12-31 15:19:25.537 1087 1087 D PkgDataHelper: getGamePkgData(). org.qtproject.example.minimal_map
12-31 15:19:25.537 1087 1087 I SemDvfsHyPerManager: acquire hyper - GESTURE_DETECTED/1087@33, type = -999
12-31 15:19:25.538 1087 1087 D SemGameManager: getGMSBinder(), begin
12-31 15:19:25.538 707 732 I HYPER-HAL: [RequestManager.cpp]acquire(): Acquired ID : 627793 [1087 / 33] HINT : GESTURE_DETECTED list : [TIMEOUT / 478]
12-31 15:19:25.538 707 732 I HYPER-HAL: [ResourceManager.cpp]updateResource(): [CPUMinFreq] UpdateResource Request ID : 627793 Value : 858000
12-31 15:19:25.538 1087 1087 D SemGameManager: getGMSBinder(), successful: true
12-31 15:19:25.538 1087 1087 D GameManagerService: identifyGamePackage. org.qtproject.example.minimal_map, mCurrentUserId: 0, callerUserId: 0
12-31 15:19:25.538 1087 1087 D PkgDataHelper: getGamePkgData(). org.qtproject.example.minimal_map
12-31 15:19:25.538 1087 1087 I SemDvfsHyPerManager: acquire hyper - GESTURE_DETECTED/1087@33, type = -999
12-31 15:19:25.539 707 732 I HYPER-HAL: [RequestManager.cpp]acquire(): Acquired ID : 627793 [1087 / 33] HINT : GESTURE_DETECTED list : [TIMEOUT / 478]
12-31 15:19:25.539 707 732 I HYPER-HAL: [ResourceManager.cpp]updateResource(): [CPUMinFreq] UpdateResource Request ID : 627793 Value : 858000
12-31 15:19:25.568 679 779 E Netd : getNetworkForDns: getNetId from enterpriseCtrl is netid 0
12-31 15:19:25.709 1087 1382 D InputReader: Btn_touch(7): value=1 when=74879.884737
12-31 15:19:25.709 1087 1382 I InputReader: Touch event's action is 0x0 (id=5, t=0) [pCnt=1, s=0.8735 ] when=74879.884737
12-31 15:19:25.709 1087 1381 I InputDispatcher: Delivering touch to (30468): action: 0x0, f=0x0, d=0, '256846a', t=1
12-31 15:19:25.709 30468 30468 I ViewRootImpl@962c832[QtActivity]: ViewPostIme pointer 0
12-31 15:19:25.725 1087 1382 I InputReader: Touch event's action (MT) is 0x105 (id=5, t=0) [pCnt=2, s=0.8735 1.8736 ] when=74879.901356
12-31 15:19:25.725 1087 1381 I InputDispatcher: Delivering touch to (30468): action: 0x105, f=0x0, d=0, '256846a', t=1
12-31 15:19:25.794 679 779 E Netd : getNetworkForDns: getNetId from enterpriseCtrl is netid 0
12-31 15:19:25.794 679 779 E Netd : getNetworkForDns: getNetId from enterpriseCtrl is netid 0
12-31 15:19:25.795 679 779 E Netd : getNetworkForDns: getNetId from enterpriseCtrl is netid 0
12-31 15:19:25.890 549 549 D io_stats: !@ 8,0 r 2330870 84662336 w 729319 23557752 d 300016 68824112 f 269839 354087 iot 1080976 864532 th 102400 0 0 pt 0 inp 0 0 74880.063
12-31 15:19:25.909 679 779 E Netd : getNetworkForDns: getNetId from enterpriseCtrl is netid 0
12-31 15:19:25.911 679 779 E Netd : getNetworkForDns: getNetId from enterpriseCtrl is netid 0
12-31 15:19:25.912 679 779 E Netd : getNetworkForDns: getNetId from enterpriseCtrl is netid 0
12-31 15:19:25.924 1087 1381 D PowerManagerService: [api] userActivityFromNative : 660 (event: 2 flags: 0) eventTime = 74880099
12-31 15:19:25.985 679 779 E Netd : getNetworkForDns: getNetId from enterpriseCtrl is netid 0
12-31 15:19:26.017 707 2803 I HYPER-HAL: [ResourceManager.cpp]removeResource(): [CPUMinFreq] RemoveResource Request ID : 627793
12-31 15:19:26.017 707 2803 I HYPER-HAL: [RequestManager.cpp]releaseLocked(): Released ID : 627793
12-31 15:19:26.047 1087 1382 I InputReader: Touch event's action (MT) is 0x6 (id=5, t=0) [pCnt=2, s=1.8736 ] when=74880.223365
12-31 15:19:26.047 1087 1381 I InputDispatcher: Delivering touch to (30468): action: 0x6, f=0x0, d=0, '256846a', t=1
12-31 15:19:26.055 679 779 E Netd : getNetworkForDns: getNetId from enterpriseCtrl is netid 0
12-31 15:19:26.058 679 779 E Netd : getNetworkForDns: getNetId from enterpriseCtrl is netid 0
12-31 15:19:26.072 1087 1382 D InputReader: Btn_touch(7): value=0 when=74880.248219
12-31 15:19:26.072 1087 1382 I InputReader: Touch event's action is 0x1 (id=5, t=0) [pCnt=1, s=] when=74880.248219
12-31 15:19:26.072 1087 1381 I InputDispatcher: Delivering touch to (30468): action: 0x1, f=0x0, d=0, '256846a', t=1
12-31 15:19:26.073 30468 30468 I ViewRootImpl@962c832[QtActivity]: ViewPostIme pointer 1
12-31 15:19:26.073 1087 1087 D SemGameManager: getGMSBinder(), begin
12-31 15:19:26.074 1087 1087 D SemGameManager: getGMSBinder(), successful: true
12-31 15:19:26.074 1087 1087 D GameManagerService: identifyGamePackage. org.qtproject.example.minimal_map, mCurrentUserId: 0, callerUserId: 0
12-31 15:19:26.074 1087 1087 D PkgDataHelper: getGamePkgData(). org.qtproject.example.minimal_map
12-31 15:19:26.074 1087 1087 I SemDvfsHyPerManager: acquire hyper - GESTURE_DETECTED/1087@33, type = -999
12-31 15:19:26.074 1087 1087 D SemGameManager: getGMSBinder(), begin
12-31 15:19:26.074 707 732 I HYPER-HAL: [RequestManager.cpp]acquire(): Acquired ID : 627793 [1087 / 33] HINT : GESTURE_DETECTED list : [TIMEOUT / 775]
12-31 15:19:26.075 1087 1087 D SemGameManager: getGMSBinder(), successful: true
12-31 15:19:26.075 1087 1087 D GameManagerService: identifyGamePackage. org.qtproject.example.minimal_map, mCurrentUserId: 0, callerUserId: 0
12-31 15:19:26.075 1087 1087 D PkgDataHelper: getGamePkgData(). org.qtproject.example.minimal_map
12-31 15:19:26.075 1087 1087 I SemDvfsHyPerManager: acquire hyper - GESTURE_DETECTED/1087@33, type = -999
12-31 15:19:26.075 707 732 I HYPER-HAL: [ResourceManager.cpp]updateResource(): [CPUMinFreq] UpdateResource Request ID : 627793 Value : 858000
12-31 15:19:26.075 707 732 I HYPER-HAL: [RequestManager.cpp]acquire(): Acquired ID : 627793 [1087 / 33] HINT : GESTURE_DETECTED list : [TIMEOUT / 775]
12-31 15:19:26.075 707 732 I HYPER-HAL: [ResourceManager.cpp]updateResource(): [CPUMinFreq] UpdateResource Request ID : 627793 Value : 858000
12-31 15:19:26.109 679 779 E Netd : getNetworkForDns: getNetId from enterpriseCtrl is netid 0
12-31 15:19:26.183 679 779 E Netd : getNetworkForDns: getNetId from enterpriseCtrl is netid 0
12-31 15:19:26.184 679 779 E Netd : getNetworkForDns: getNetId from enterpriseCtrl is netid 0
12-31 15:19:26.369 1087 1382 D InputReader: Btn_touch(7): value=1 when=74880.545525
12-31 15:19:26.369 1087 1382 I InputReader: Touch event's action is 0x0 (id=5, t=0) [pCnt=1, s=0.8737 ] when=74880.545525
12-31 15:19:26.370 1087 1381 I InputDispatcher: Delivering touch to (30468): action: 0x0, f=0x0, d=0, '256846a', t=1
12-31 15:19:26.370 30468 30468 I ViewRootImpl@962c832[QtActivity]: ViewPostIme pointer 0
12-31 15:19:26.375 656 656 E audit : type=1300 audit(1640960366.369:80515): arch=c00000b7 syscall=208 success=yes exit=0 a0=4 a1=0 a2=40 a3=743d23d400 items=0 ppid=679 pid=5457 auid=4294967295 uid=0 gid=0 euid=0 suid=0 fsuid=0 egid=0 sgid=0 fsgid=0 tty=(none) ses=4294967295 comm="iptables-restor" exe="/system/bin/iptables" subj=u:r:netd:s0 key=(null)
12-31 15:19:26.375 656 656 E audit : type=1327 audit(1640960366.369:80515): proctitle=2F73797374656D2F62696E2F69707461626C65732D726573746F7265002D2D6E6F666C757368002D77002D76
12-31 15:19:26.460 1087 1382 D InputReader: Btn_touch(7): value=0 when=74880.636560
12-31 15:19:26.460 1087 1382 I InputReader: Touch event's action is 0x1 (id=5, t=0) [pCnt=1, s=] when=74880.636560
12-31 15:19:26.461 1087 1381 I InputDispatcher: Delivering touch to (30468): action: 0x1, f=0x0, d=0, '256846a', t=1
12-31 15:19:26.461 30468 30468 I ViewRootImpl@962c832[QtActivity]: ViewPostIme pointer 1
12-31 15:19:26.462 1087 1087 D SemGameManager: getGMSBinder(), begin
12-31 15:19:26.462 1087 1087 D SemGameManager: getGMSBinder(), successful: true
12-31 15:19:26.462 1087 1087 D GameManagerService: identifyGamePackage. org.qtproject.example.minimal_map, mCurrentUserId: 0, callerUserId: 0
12-31 15:19:26.462 1087 1087 D PkgDataHelper: getGamePkgData(). org.qtproject.example.minimal_map
12-31 15:19:26.462 1087 1087 I SemDvfsHyPerManager: acquire hyper - GESTURE_DETECTED/1087@33, type = -999
12-31 15:19:26.462 1087 1087 D SemGameManager: getGMSBinder(), begin
12-31 15:19:26.463 707 732 I HYPER-HAL: [RequestManager.cpp]acquire(): Acquired ID : 627793 [1087 / 33] HINT : GESTURE_DETECTED list : [TIMEOUT / 2200]
12-31 15:19:26.463 707 732 I HYPER-HAL: [ResourceManager.cpp]updateResource(): [CPUMinFreq] UpdateResource Request ID : 627793 Value : 858000
12-31 15:19:26.463 1087 1087 D SemGameManager: getGMSBinder(), successful: true
12-31 15:19:26.463 1087 1087 D GameManagerService: identifyGamePackage. org.qtproject.example.minimal_map, mCurrentUserId: 0, callerUserId: 0
12-31 15:19:26.463 1087 1087 D PkgDataHelper: getGamePkgData(). org.qtproject.example.minimal_map
12-31 15:19:26.463 1087 1087 I SemDvfsHyPerManager: acquire hyper - GESTURE_DETECTED/1087@33, type = -999
12-31 15:19:26.464 707 732 I HYPER-HAL: [RequestManager.cpp]acquire(): Acquired ID : 627793 [1087 / 33] HINT : GESTURE_DETECTED list : [TIMEOUT / 2200]
12-31 15:19:26.464 707 732 I HYPER-HAL: [ResourceManager.cpp]updateResource(): [CPUMinFreq] UpdateResource Request ID : 627793 Value : 858000
12-31 15:19:26.474 679 779 E Netd : getNetworkForDns: getNetId from enterpriseCtrl is netid 0
12-31 15:19:26.476 679 779 E Netd : getNetworkForDns: getNetId from enterpriseCtrl is netid 0
12-31 15:19:26.476 679 779 E Netd : getNetworkForDns: getNetId from enterpriseCtrl is netid 0
12-31 15:19:26.653 679 779 E Netd : getNetworkForDns: getNetId from enterpriseCtrl is netid 0
12-31 15:19:26.654 679 779 E Netd : getNetworkForDns: getNetId from enterpriseCtrl is netid 0
12-31 15:19:26.655 679 779 E Netd : getNetworkForDns: getNetId from enterpriseCtrl is netid 0
12-31 15:19:26.725 1087 1382 D InputReader: Btn_touch(7): value=1 when=74880.900817
12-31 15:19:26.725 1087 1382 I InputReader: Touch event's action is 0x0 (id=5, t=0) [pCnt=1, s=0.8738 ] when=74880.900817
12-31 15:19:26.725 1087 1381 I InputDispatcher: Delivering touch to (30468): action: 0x0, f=0x0, d=0, '256846a', t=1
12-31 15:19:26.725 30468 30468 I ViewRootImpl@962c832[QtActivity]: ViewPostIme pointer 0
12-31 15:19:26.799 1087 1382 D InputReader: Btn_touch(7): value=0 when=74880.975132
12-31 15:19:26.799 1087 1382 I InputReader: Touch event's action is 0x1 (id=5, t=0) [pCnt=1, s=] when=74880.975132
