12-31 15:18:21.492 707 732 I HYPER-HAL: [ResourceManager.cpp]updateResource(): [CPUMinFreq] UpdateResource Request ID : 627793 Value : 858000
12-31 15:18:21.581 679 779 E Netd : getNetworkForDns: getNetId from enterpriseCtrl is netid 0
12-31 15:18:21.584 679 779 E Netd : getNetworkForDns: getNetId from enterpriseCtrl is netid 0
12-31 15:18:21.588 679 779 E Netd : getNetworkForDns: getNetId from enterpriseCtrl is netid 0
12-31 15:18:21.591 679 779 E Netd : getNetworkForDns: getNetId from enterpriseCtrl is netid 0
12-31 15:18:21.614 1087 1382 D InputReader: Btn_touch(7): value=1 when=74815.790150
12-31 15:18:21.614 1087 1382 I InputReader: Touch event's action is 0x0 (id=5, t=0) [pCnt=1, s=0.8599 ] when=74815.790150
12-31 15:18:21.614 1087 1381 I InputDispatcher: Delivering touch to (30468): action: 0x0, f=0x0, d=0, '256846a', t=1
12-31 15:18:21.615 30468 30468 I ViewRootImpl@962c832[QtActivity]: ViewPostIme pointer 0
12-31 15:18:21.622 1087 1382 I InputReader: Touch event's action (MT) is 0x105 (id=5, t=0) [pCnt=2, s=0.8599 1.8600 ] when=74815.798371
12-31 15:18:21.623 1087 1381 I InputDispatcher: Delivering touch to (30468): action: 0x105, f=0x0, d=0, '256846a', t=1
12-31 15:18:21.649 707 2754 I HYPER-HAL: [ResourceManager.cpp]removeResource(): [CPUMinFreq] RemoveResource Request ID : 627793
12-31 15:18:21.650 707 2754 I HYPER-HAL: [RequestManager.cpp]releaseLocked(): Released ID : 627793
12-31 15:18:21.662 679 779 E Netd : getNetworkForDns: getNetId from enterpriseCtrl is netid 0
12-31 15:18:21.664 679 779 E Netd : getNetworkForDns: getNetId from enterpriseCtrl is netid 0
12-31 15:18:21.665 679 779 E Netd : getNetworkForDns: getNetId from enterpriseCtrl is netid 0
12-31 15:18:21.667 679 779 E Netd : getNetworkForDns: getNetId from enterpriseCtrl is netid 0
12-31 15:18:21.707 679 779 E Netd : getNetworkForDns: getNetId from enterpriseCtrl is netid 0
12-31 15:18:21.708 679 779 E Netd : getNetworkForDns: getNetId from enterpriseCtrl is netid 0
12-31 15:18:21.744 549 549 D io_stats: !@ 8,0 r 2330104 84649392 w 729113 23554752 d 299951 68823612 f 269765 354003 iot 1080584 864281 th 102400 0 0 pt 0 inp 0 0 74815.917
12-31 15:18:21.779 1087 1382 I InputReader: Touch event's action (MT) is 0x6 (id=5, t=0) [pCnt=2, s=1.8600 ] when=74815.955048
12-31 15:18:21.779 1087 1381 I InputDispatcher: Delivering touch to (30468): action: 0x6, f=0x0, d=0, '256846a', t=1
12-31 15:18:21.795 1087 1382 D InputReader: Btn_touch(7): value=0 when=74815.971313
12-31 15:18:21.795 1087 1382 I InputReader: Touch event's action is 0x1 (id=5, t=0) [pCnt=1, s=] when=74815.971313
12-31 15:18:21.796 1087 1381 I InputDispatcher: Delivering touch to (30468): action: 0x1, f=0x0, d=0, '256846a', t=1
12-31 15:18:21.796 30468 30468 I ViewRootImpl@962c832[QtActivity]: ViewPostIme pointer 1
12-31 15:18:21.797 1087 1087 D SemGameManager: getGMSBinder(), begin
12-31 15:18:21.798 1087 1087 D SemGameManager: getGMSBinder(), successful: true
12-31 15:18:21.798 1087 1087 D GameManagerService: identifyGamePackage. org.qtproject.example.minimal_map, mCurrentUserId: 0, callerUserId: 0
12-31 15:18:21.798 1087 1087 D PkgDataHelper: getGamePkgData(). org.qtproject.example.minimal_map
12-31 15:18:21.798 1087 1087 I SemDvfsHyPerManager: acquire hyper - GESTURE_DETECTED/1087@33, type = -999
12-31 15:18:21.799 1087 1087 D SemGameManager: getGMSBinder(), begin
12-31 15:18:21.799 1087 1087 D SemGameManager: getGMSBinder(), successful: true
12-31 15:18:21.799 1087 1087 D GameManagerService: identifyGamePackage. org.qtproject.example.minimal_map, mCurrentUserId: 0, callerUserId: 0
12-31 15:18:21.799 707 732 I HYPER-HAL: [RequestManager.cpp]acquire(): Acquired ID : 627793 [1087 / 33] HINT : GESTURE_DETECTED list : [TIMEOUT / 586]
12-31 15:18:21.799 1087 1087 D PkgDataHelper: getGamePkgData(). org.qtproject.example.minimal_map
12-31 15:18:21.799 1087 1087 I SemDvfsHyPerManager: acquire hyper - GESTURE_DETECTED/1087@33, type = -999
12-31 15:18:21.800 707 732 I HYPER-HAL: [ResourceManager.cpp]updateResource(): [CPUMinFreq] UpdateResource Request ID : 627793 Value : 858000
12-31 15:18:21.800 707 732 I HYPER-HAL: [RequestManager.cpp]acquire(): Acquired ID : 627793 [1087 / 33] HINT : GESTURE_DETECTED list : [TIMEOUT / 586]
12-31 15:18:21.800 707 732 I HYPER-HAL: [ResourceManager.cpp]updateResource(): [CPUMinFreq] UpdateResource Request ID : 627793 Value : 858000
12-31 15:18:21.952 1087 1382 D InputReader: Btn_touch(7): value=1 when=74816.128260
12-31 15:18:21.952 1087 1382 I InputReader: Touch event's action is 0x0 (id=5, t=0) [pCnt=1, s=0.8601 ] when=74816.128260
12-31 15:18:21.953 1087 1381 I InputDispatcher: Delivering touch to (30468): action: 0x0, f=0x0, d=0, '256846a', t=1
12-31 15:18:21.953 30468 30468 I ViewRootImpl@962c832[QtActivity]: ViewPostIme pointer 0
12-31 15:18:22.063 679 779 E Netd : getNetworkForDns: getNetId from enterpriseCtrl is netid 0
12-31 15:18:22.064 679 779 E Netd : getNetworkForDns: getNetId from enterpriseCtrl is netid 0
12-31 15:18:22.082 679 779 E Netd : getNetworkForDns: getNetId from enterpriseCtrl is netid 0
12-31 15:18:22.088 679 779 E Netd : getNetworkForDns: getNetId from enterpriseCtrl is netid 0
12-31 15:18:22.090 766 766 I SurfaceFlinger: SFWD update time=74816266649177
12-31 15:18:22.153 679 779 E Netd : getNetworkForDns: getNetId from enterpriseCtrl is netid 0
12-31 15:18:22.156 679 779 E Netd : getNetworkForDns: getNetId from enterpriseCtrl is netid 0
12-31 15:18:22.201 1087 1363 D SamsungAlarmManager: Expired : 4
12-31 15:18:22.201 1087 1363 V SamsungAlarmManager: Sending to uid : 10207 action=com.google.android.location.ALARM_WAKEUP_ACTIVITY_DETECTION alarm=Alarm{26784e9 type 2 when 824158029 com.google.android.gms}
12-31 15:18:22.202 1087 1363 D ActivityManager: Received BROADCAST intent 0xc3cd015 Key{broadcastIntent pkg=com.google.android.gms/com.google.android.gms.location_base intent=act=com.google.android.location.ALARM_WAKEUP_ACTIVITY_DETECTION flags=0x4000000 u=0} requestCode=0 sent=0 from uid 1000
12-31 15:18:22.205 1087 1363 I SamsungAlarmManager: setLocked to kernel - T:2 / 20211231T152100, set=824321399, now=824163032
12-31 15:18:22.205 1087 1363 I SamsungAlarmManager: setLocked to kernel - T:3 / 20211231T151822, set=824163556, now=824163033
12-31 15:18:22.206 1087 5564 D SensorService: Calling batch handle==1 flags=0 rate=20000000 timeout== 0
12-31 15:18:22.207 702 702 I Sensors : batch(0) - accelerometer_sensor try to batching with 20000000
12-31 15:18:22.211 21972 2756 D SensorManager: registerListener :: 1, ICM42605M Acceleration Sensor, 20000, 0, com.google.android.location.collectionlib.SensorScanner$SensorEventListenerAdapter@29ef60b
12-31 15:18:22.275 1087 1381 D PowerManagerService: [api] userActivityFromNative : 180 (event: 2 flags: 0) eventTime = 74816450
12-31 15:18:22.387 707 2755 I HYPER-HAL: [ResourceManager.cpp]removeResource(): [CPUMinFreq] RemoveResource Request ID : 627793
12-31 15:18:22.388 707 2755 I HYPER-HAL: [RequestManager.cpp]releaseLocked(): Released ID : 627793
12-31 15:18:22.443 679 779 E Netd : getNetworkForDns: getNetId from enterpriseCtrl is netid 0
12-31 15:18:22.498 1087 1382 D InputReader: Btn_touch(7): value=0 when=74816.673663
12-31 15:18:22.498 1087 1382 I InputReader: Touch event's action is 0x1 (id=5, t=0) [pCnt=1, s=] when=74816.673663
12-31 15:18:22.498 1087 1381 I InputDispatcher: Delivering touch to (30468): action: 0x1, f=0x0, d=0, '256846a', t=1
12-31 15:18:22.498 30468 30468 I ViewRootImpl@962c832[QtActivity]: ViewPostIme pointer 1
12-31 15:18:22.499 1087 1087 D SemGameManager: getGMSBinder(), begin
12-31 15:18:22.500 1087 1087 D SemGameManager: getGMSBinder(), successful: true
12-31 15:18:22.500 1087 1087 D GameManagerService: identifyGamePackage. org.qtproject.example.minimal_map, mCurrentUserId: 0, callerUserId: 0
12-31 15:18:22.500 1087 1087 D PkgDataHelper: getGamePkgData(). org.qtproject.example.minimal_map
12-31 15:18:22.500 1087 1087 I SemDvfsHyPerManager: acquire hyper - GESTURE_DETECTED/1087@33, type = -999
12-31 15:18:22.500 1087 1087 D SemGameManager: getGMSBinder(), begin
12-31 15:18:22.501 707 732 I HYPER-HAL: [RequestManager.cpp]acquire(): Acquired ID : 627793 [1087 / 33] HINT : GESTURE_DETECTED list : [TIMEOUT / 1292]
12-31 15:18:22.501 1087 1087 D SemGameManager: getGMSBinder(), successful: true
12-31 15:18:22.501 1087 1087 D GameManagerService: identifyGamePackage. org.qtproject.example.minimal_map, mCurrentUserId: 0, callerUserId: 0
12-31 15:18:22.501 1087 1087 D PkgDataHelper: getGamePkgData(). org.qtproject.example.minimal_map
12-31 15:18:22.501 1087 1087 I SemDvfsHyPerManager: acquire hyper - GESTURE_DETECTED/1087@33, type = -999
12-31 15:18:22.502 707 732 I HYPER-HAL: [ResourceManager.cpp]updateResource(): [CPUMinFreq] UpdateResource Request ID : 627793 Value : 858000
12-31 15:18:22.502 707 732 I HYPER-HAL: [RequestManager.cpp]acquire(): Acquired ID : 627793 [1087 / 33] HINT : GESTURE_DETECTED list : [TIMEOUT / 1292]
12-31 15:18:22.502 707 732 I HYPER-HAL: [ResourceManager.cpp]updateResource(): [CPUMinFreq] UpdateResource Request ID : 627793 Value : 858000
12-31 15:18:22.656 679 779 E Netd : getNetworkForDns: getNetId from enterpriseCtrl is netid 0
12-31 15:18:22.671 1087 1382 D InputReader: Btn_touch(7): value=1 when=74816.847287
12-31 15:18:22.672 1087 1382 I InputReader: Touch event's action is 0x0 (id=5, t=0) [pCnt=1, s=0.8602 ] when=74816.847287
12-31 15:18:22.672 1087 1381 I InputDispatcher: Delivering touch to (30468): action: 0x0, f=0x0, d=0, '256846a', t=1
12-31 15:18:22.673 30468 30468 I ViewRootImpl@962c832[QtActivity]: ViewPostIme pointer 0
12-31 15:18:22.728 1087 1363 D SamsungAlarmManager: Expired : 8
12-31 15:18:22.728 1087 1363 V SamsungAlarmManager: Sending to uid : 1000 L=62b2056:DetectMovementSPListener alarm=Alarm{5aa86a5 type 3 when 824163556 android}
12-31 15:18:22.729 1087 1363 I SamsungAlarmManager: setLocked to kernel - T:2 / 20211231T152100, set=824321399, now=824163557
12-31 15:18:22.729 1087 1363 I SamsungAlarmManager: setLocked to kernel - T:3 / 20211231T151900, set=824200828, now=824163557
12-31 15:18:22.729 1087 5901 I SLocation: SPManager - can't use SP!
12-31 15:18:22.731 1087 5901 D SamsungAlarmManager: setExact (T:3/F:9/AC:false) 20211231T151922 now=824163559 - CU:1000/CP:1087/L:62b2056:DetectMovementSPListener
12-31 15:18:22.731 1087 5901 I SamsungAlarmManager: setLocked to kernel - T:2 / 20211231T152100, set=824321399, now=824163559
12-31 15:18:22.731 1087 5901 I SamsungAlarmManager: setLocked to kernel - T:3 / 20211231T151900, set=824200828, now=824163559
12-31 15:18:22.769 679 779 E Netd : getNetworkForDns: getNetId from enterpriseCtrl is netid 0
12-31 15:18:22.811 1087 1382 D InputReader: Btn_touch(7): value=0 when=74816.987402
12-31 15:18:22.811 1087 1382 I InputReader: Touch event's action is 0x1 (id=5, t=0) [pCnt=1, s=] when=74816.987402
12-31 15:18:22.812 1087 1381 I InputDispatcher: Delivering touch to (30468): action: 0x1, f=0x0, d=0, '256846a', t=1
12-31 15:18:22.812 30468 30468 I ViewRootImpl@962c832[QtActivity]: ViewPostIme pointer 1
12-31 15:18:22.812 1087 1087 D SemGameManager: getGMSBinder(), begin
12-31 15:18:22.813 1087 1087 D SemGameManager: getGMSBinder(), successful: true
12-31 15:18:22.813 1087 1087 D GameManagerService: identifyGamePackage. org.qtproject.example.minimal_map, mCurrentUserId: 0, callerUserId: 0
12-31 15:18:22.813 1087 1087 D PkgDataHelper: getGamePkgData(). org.qtproject.example.minimal_map
12-31 15:18:22.813 1087 1087 I SemDvfsHyPerManager: acquire hyper - GESTURE_DETECTED/1087@33, type = -999
12-31 15:18:22.813 1087 1087 D SemGameManager: getGMSBinder(), begin
12-31 15:18:22.813 707 732 I HYPER-HAL: [RequestManager.cpp]acquire(): Acquired ID : 627793 [1087 / 33] HINT : GESTURE_DETECTED list : [TIMEOUT / 1825]
12-31 15:18:22.813 707 732 I HYPER-HAL: [ResourceManager.cpp]updateResource(): [CPUMinFreq] UpdateResource Request ID : 627793 Value : 858000
12-31 15:18:22.813 1087 1087 D SemGameManager: getGMSBinder(), successful: true
12-31 15:18:22.813 1087 1087 D GameManagerService: identifyGamePackage. org.qtproject.example.minimal_map, mCurrentUserId: 0, callerUserId: 0
12-31 15:18:22.813 1087 1087 D PkgDataHelper: getGamePkgData(). org.qtproject.example.minimal_map
12-31 15:18:22.813 1087 1087 I SemDvfsHyPerManager: acquire hyper - GESTURE_DETECTED/1087@33, type = -999
12-31 15:18:22.813 707 732 I HYPER-HAL: [RequestManager.cpp]acquire(): Acquired ID : 627793 [1087 / 33] HINT : GESTURE_DETECTED list : [TIMEOUT / 1825]
12-31 15:18:22.813 707 732 I HYPER-HAL: [ResourceManager.cpp]updateResource(): [CPUMinFreq] UpdateResource Request ID : 627793 Value : 858000
12-31 15:18:22.878 679 779 E Netd : getNetworkForDns: getNetId from enterpriseCtrl is netid 0
12-31 15:18:22.879 679 779 E Netd : getNetworkForDns: getNetId from enterpriseCtrl is netid 0
12-31 15:18:22.893 21972 22424 I NearbyDiscovery: FastPair: isDestroyable: Scanner is alive. [CONTEXT service_id=49 ]
12-31 15:18:22.893 21972 22424 I NearbyDiscovery: DiscoveryService: Skip stopSelf(), fast pair controller is not destroyable. [CONTEXT service_id=49 ]
12-31 15:18:22.956 679 779 E Netd : getNetworkForDns: getNetId from enterpriseCtrl is netid 0
12-31 15:18:23.026 1087 1382 D InputReader: Btn_touch(7): value=1 when=74817.202394
12-31 15:18:23.026 1087 1382 I InputReader: Touch event's action is 0x0 (id=5, t=0) [pCnt=1, s=0.8603 ] when=74817.202394
12-31 15:18:23.027 1087 1381 I InputDispatcher: Delivering touch to (30468): action: 0x0, f=0x0, d=0, '256846a', t=1
12-31 15:18:23.027 30468 30468 I ViewRootImpl@962c832[QtActivity]: ViewPostIme pointer 0
12-31 15:18:23.041 679 779 E Netd : getNetworkForDns: getNetId from enterpriseCtrl is netid 0
12-31 15:18:23.043 679 779 E Netd : getNetworkForDns: getNetId from enterpriseCtrl is netid 0
12-31 15:18:23.468 679 779 E Netd : getNetworkForDns: getNetId from enterpriseCtrl is netid 0
12-31 15:18:23.564 1087 1381 D PowerManagerService: [api] userActivityFromNative : 190 (event: 2 flags: 0) eventTime = 74817739
12-31 15:18:23.567 679 779 E Netd : getNetworkForDns: getNetId from enterpriseCtrl is netid 0
12-31 15:18:23.751 549 549 D io_stats: !@ 8,0 r 2330149 84649952 w 729113 23554752 d 299951 68823612 f 269765 354003 iot 1080608 864292 th 102400 0 0 pt 0 inp 0 0 74817.921
12-31 15:18:23.868 6056 6056 D ServiceStateProvider: subId=-1
12-31 15:18:23.869 5618 5618 D KeyguardUpdateMonitor: received broadcast android.intent.action.SERVICE_STATE
12-31 15:18:23.870 6056 6056 V PhoneGlobals: handleServiceStateChanged
12-31 15:18:23.870 5618 5618 V KeyguardUpdateMonitor: action android.intent.action.SERVICE_STATE serviceState={mVoiceRegState=1(OUT_OF_SERVICE), mDataRegState=1(OUT_OF_SERVICE), mChannelNumber=2147483647, duplexMode()=0, mCellBandwidths=[], isManualNetworkSelection=false(automatic), getRilVoiceRadioTechnology=16(GSM), getRilDataRadioTechnology=0(Unknown), mCssIndicator=unsupported, mCdmaRoamingIndicator=-1, mCdmaDefaultRoamingIndicator=-1, VoiceRegType=0, ImsVoiceAvail=1, Snap=0, MobileVoice=OUT_OF_SERVICE, MobileData=OUT_OF_SERVICE, MobileDataRoamingType=home, MobileDataRat=Unknown, PsOnly=false, FemtocellInd=0, SprDisplayRoam=false, NrBearerStatus=0, 5gStatus=0, mIsEmergencyOnly=true, isUsingCarrierAggregation=false, mLteEarfcnRsrpBoost=0, mNetworkRegistrationInfos=[NetworkRegistrationInfo{ domain=CS transportType=WWAN registrationState=DENIED roamingType=NOT_ROAMING accessNetworkTechnology=GSM rejectCause=0 emergencyEnabled=true availableServices=[EMERGENCY] cellIdentity=CellIdentityGsm:{ mLac=54403 mCid=7182 mArfcn=2147483647 mBsic=0x7fffffff mMcc=260 mMnc=03 mAlphaLong=Orange mAlphaShort=Orange mAdditionalPlmns={}} voiceSpecificInfo=VoiceSpecificRegistrationInfo { mCssSupported=false mRoamingIndicator=0 mSystemIsInPrl=0 mDefaultRoamingIndicator=0} dataSpecificInfo=null nrState=NONE rRplmn=26003}, NetworkRegistrationInfo{ domain=PS transportType=WWAN registrationState=NOT_REG_OR_SEARCHING roamingType=NOT_ROAMING accessNetworkTechnology=UNKNOWN rejectCause=0 emergencyEnabled=false availableServices=[] cellIdentity=CellIdentityGsm:{ mLac=54403 mCid=7182 mArfcn=2147483647 mBsic=0x7fffffff mMcc=260 mMnc=03 mAlphaLong=Orange mAlphaShort=Orange mAdditionalPlmns={}} voiceSpecificInfo=null dataSpecificInfo=android.telephony.DataSpecificRegistrationInfo :{ maxDataCalls = 4 isDcNrRestricted = false isNrAvailable = false isEnDcAvailable = false LteVopsSupportInfo : mVopsSupport = 1 mEmcBearerSupport = 1 mIsUsingCarrierAggregation = false } nrState=NONE rRplmn=26003}], mNrFrequencyRange=0, mIsDataRoamingFromRegistration=false, mIsIwlanPreferred=false} subId=-1 slotId=0
12-31 15:18:23.870 6056 6056 D NotificationMgr: updateNetworkSelection, Use Samsung codes instead of AOSP codes
12-31 15:18:23.870 6056 6056 V PhoneGlobals: subId=-1,mDefaultDataSubId=-1,ss roaming=false
12-31 15:18:23.870 6056 6056 V PhoneGlobals: updateDataRoamingStatus
12-31 15:18:23.870 6056 6056 W PhoneGlobals: Can't get phone with sub id = -1
12-31 15:18:23.870 5618 5618 D KeyguardUpdateMonitor: handleServiceStateChange(subId=-1, slotId=0, serviceState={mVoiceRegState=1(OUT_OF_SERVICE), mDataRegState=1(OUT_OF_SERVICE), mChannelNumber=2147483647, duplexMode()=0, mCellBandwidths=[], isManualNetworkSelection=false(automatic), getRilVoiceRadioTechnology=16(GSM), getRilDataRadioTechnology=0(Unknown), mCssIndicator=unsupported, mCdmaRoamingIndicator=-1, mCdmaDefaultRoamingIndicator=-1, VoiceRegType=0, ImsVoiceAvail=1, Snap=0, MobileVoice=OUT_OF_SERVICE, MobileData=OUT_OF_SERVICE, MobileDataRoamingType=home, MobileDataRat=Unknown, PsOnly=false, FemtocellInd=0, SprDisplayRoam=false, NrBearerStatus=0, 5gStatus=0, mIsEmergencyOnly=true, isUsingCarrierAggregation=false, mLteEarfcnRsrpBoost=0, mNetworkRegistrationInfos=[NetworkRegistrationInfo{ domain=CS transportType=WWAN registrationState=DENIED roamingType=NOT_ROAMING accessNetworkTechnology=GSM rejectCause=0 emergencyEnabled=true availableServices=[EMERGENCY] cellIdentity=CellIdentityGsm:{ mLac=54403 mCid=7182 mArfcn=2147483647 mBsic=0x7fffffff mMcc=260 mMnc=03 mAlphaLong=Orange mAlphaShort=Orange mAdditionalPlmns={}} voiceSpecificInfo=VoiceSpecificRegistrationInfo { mCssSupported=false mRoamingIndicator=0 mSystemIsInPrl=0 mDefaultRoamingIndicator=0} dataSpecificInfo=null nrState=NONE rRplmn=26003}, NetworkRegistrationInfo{ domain=PS transportType=WWAN registrationState=NOT_REG_OR_SEARCHING roamingType=NOT_ROAMING accessNetworkTechnology=UNKNOWN rejectCause=0 emergencyEnabled=false availableServices=[] cellIdentity=CellIdentityGsm:{ mLac=54403 mCid=7182 mArfcn=2147483647 mBsic=0x7fffffff mMcc=260 mMnc=03 mAlphaLong=Orange mAlphaShort=Orange mAdditionalPlmns={}} voiceSpecificInfo=null dataSpecificInfo=android.telephony.DataSpecificRegistrationInfo :{ maxDataCalls = 4 isDcNrRestricted = false isNrAvailable = false isEnDcAvailable = false LteVopsSupportInfo : mVopsSupport = 1 mEmcBearerSupport = 1 mIsUsingCarrierAggregation = false } nrState=NONE rRplmn=26003}], mNrFrequencyRange=0, mIsDataRoamingFromRegistration=false, mIsIwlanPreferred=false}
12-31 15:18:23.870 5618 5618 W KeyguardUpdateMonitor: invalid subId in handleServiceStateChange()
12-31 15:18:23.871 5618 5688 D NetworkController.SecMobileSignalController(0/2147483647): onServiceStateChanged voiceState=1 dataState=1
12-31 15:18:23.871 5618 5688 D CscParser: OMC path : /optics/configs/carriers/single/NEE/conf/customer.xml
12-31 15:18:23.871 5618 5688 I CscParser: getCustomerPath : omc customer file can read
12-31 15:18:23.871 5618 5688 E CscParser: update(): xml file exist
12-31 15:18:23.877 5618 5688 D NetworkController: sendPanelCarrierLabel() carrierText:Emergency calls only, slotId:0, mNumberOfActiveSim:0, airplane:false, activeSimCount:0, mCarrierTextBySimSlot[0]:Emergency calls only
12-31 15:18:23.877 5618 5688 D KeyguardUpdateMonitor: updateCarrierTextInfo
12-31 15:18:23.877 5618 5688 D NetworkController.SecMobileSignalController(0/2147483647): Display signal bar by emergency only[true][true]
12-31 15:18:23.877 5618 5618 D KeyguardBottomAreaShortcutView: mIndicationArea margin start : 164, end : 164, bottom : 164
12-31 15:18:23.877 2134 2134 D CellBroadcastReceiver: onReceive Intent { act=android.intent.action.SERVICE_STATE flg=0x1000010 cmp=com.google.android.cellbroadcastreceiver/com.android.cellbroadcastreceiver.CellBroadcastReceiver (has extras) }
12-31 15:18:23.877 5618 5688 D MobileSignalIconsSelector: getDataIconGroup(): 0
12-31 15:18:23.878 5618 5618 D CarrierTextController: onRefreshCarrierInfo(), mTelephonyCapable: true
12-31 15:18:23.878 5618 5618 D CarrierTextController: updateCarrierText(): 0
12-31 15:18:23.878 5618 5618 D CarrierTextController: plmn Of NetworkController Impl : Emergency calls only
12-31 15:18:23.879 5618 5618 D CarrierTextController: setText : No SIM | Emergency calls only
12-31 15:18:23.879 5618 5618 D FaceWidgetPagesController: onRefreshCarrierInfo()
12-31 15:18:23.879 5618 5618 D FaceWidgetClockRoamManager: isNetworkRoamingState id=-1
12-31 15:18:23.879 5618 5618 D FaceWidgetClockRoamManager: isNetworkRoamingState false
12-31 15:18:23.879 5618 5618 D FaceWidgetClockRoamManager: onRefreshCarrierInfo(pre, now): false, false
12-31 15:18:23.882 2158 2158 I [IPSA-E] ServiceStateChangedReceiver: onReceive
12-31 15:18:23.886 2158 2158 I [IPSA-E] EmergencySharedPref: getEmergencyAlertEnabled: true
12-31 15:18:23.888 2158 2329 I [IPSA-C] IpsUtilityFunction: getMcc : 0
12-31 15:18:23.888 2158 2329 I [IPSA-E] EmergencyService: isCountryChanged : currentMcc=0, return
12-31 15:18:23.889 2158 2329 I [IPSA-E] EmergencyService: isCountryChangeTimeRemained: lastCountryChangeTime=0, activeDuration=10800000, now=1640960303888result=false
12-31 15:18:23.889 2158 2329 I [IPSA-E] EmergencyService: countryCheck - done
12-31 15:18:23.943 1087 1382 D InputReader: Btn_touch(7): value=0 when=74818.119606
12-31 15:18:23.944 1087 1382 I InputReader: Touch event's action is 0x1 (id=5, t=0) [pCnt=1, s=] when=74818.119606
12-31 15:18:23.944 1087 1381 I InputDispatcher: Delivering touch to (30468): action: 0x1, f=0x0, d=0, '256846a', t=1
12-31 15:18:23.944 30468 30468 I ViewRootImpl@962c832[QtActivity]: ViewPostIme pointer 1
12-31 15:18:23.944 1087 1087 D SemGameManager: getGMSBinder(), begin
12-31 15:18:23.945 1087 1087 D SemGameManager: getGMSBinder(), successful: true
12-31 15:18:23.945 1087 1087 D GameManagerService: identifyGamePackage. org.qtproject.example.minimal_map, mCurrentUserId: 0, callerUserId: 0
12-31 15:18:23.945 1087 1087 D PkgDataHelper: getGamePkgData(). org.qtproject.example.minimal_map
12-31 15:18:23.946 1087 1087 I SemDvfsHyPerManager: acquire hyper - GESTURE_DETECTED/1087@33, type = -999
12-31 15:18:23.946 1087 1087 D SemGameManager: getGMSBinder(), begin
12-31 15:18:23.946 707 732 I HYPER-HAL: [RequestManager.cpp]acquire(): Acquired ID : 627793 [1087 / 33] HINT : GESTURE_DETECTED list : [TIMEOUT / 1359]
12-31 15:18:23.946 707 732 I HYPER-HAL: [ResourceManager.cpp]updateResource(): [CPUMinFreq] UpdateResource Request ID : 627793 Value : 858000
12-31 15:18:23.947 1087 1087 D SemGameManager: getGMSBinder(), successful: true
12-31 15:18:23.947 1087 1087 D GameManagerService: identifyGamePackage. org.qtproject.example.minimal_map, mCurrentUserId: 0, callerUserId: 0
12-31 15:18:23.947 1087 1087 D PkgDataHelper: getGamePkgData(). org.qtproject.example.minimal_map
12-31 15:18:23.947 1087 1087 I SemDvfsHyPerManager: acquire hyper - GESTURE_DETECTED/1087@33, type = -999
12-31 15:18:23.947 707 732 I HYPER-HAL: [RequestManager.cpp]acquire(): Acquired ID : 627793 [1087 / 33] HINT : GESTURE_DETECTED list : [TIMEOUT / 1359]
12-31 15:18:23.947 707 732 I HYPER-HAL: [ResourceManager.cpp]updateResource(): [CPUMinFreq] UpdateResource Request ID : 627793 Value : 858000
12-31 15:18:24.008 5569 5569 I wpa_supplicant: Heartbeat 7445
12-31 15:18:24.282 1087 1382 D InputReader: Btn_touch(7): value=1 when=74818.458295
12-31 15:18:24.282 1087 1382 I InputReader: Touch event's action is 0x0 (id=5, t=0) [pCnt=1, s=0.8604 ] when=74818.458295
12-31 15:18:24.283 1087 1381 I InputDispatcher: Delivering touch to (30468): action: 0x0, f=0x0, d=0, '256846a', t=1
12-31 15:18:24.283 30468 30468 I ViewRootImpl@962c832[QtActivity]: ViewPostIme pointer 0
12-31 15:18:24.607 1087 1087 D ServiceManager: ServiceManager Stats TOP 3 : (phone, 44), (sdhms, 44), (gamemanager, 12)
12-31 15:18:24.818 679 779 E Netd : getNetworkForDns: getNetId from enterpriseCtrl is netid 0
12-31 15:18:24.819 679 779 E Netd : getNetworkForDns: getNetId from enterpriseCtrl is netid 0
12-31 15:18:24.821 679 779 E Netd : getNetworkForDns: getNetId from enterpriseCtrl is netid 0
12-31 15:18:24.828 679 779 E Netd : getNetworkForDns: getNetId from enterpriseCtrl is netid 0
12-31 15:18:24.836 679 779 E Netd : getNetworkForDns: getNetId from enterpriseCtrl is netid 0
12-31 15:18:24.927 1087 1381 D PowerManagerService: [api] userActivityFromNative : 200 (event: 2 flags: 0) eventTime = 74819102
12-31 15:18:24.970 5618 5688 D NetworkController.SecMobileSignalController(0/2147483647): onSignalStrengthsChanged level=4
12-31 15:18:24.970 5618 5688 D NetworkController.SecMobileSignalController(0/2147483647): Display signal bar by emergency only[true][true]
12-31 15:18:24.970 5618 5688 D MobileSignalIconsSelector: getDataIconGroup(): 0
12-31 15:18:25.052 679 779 E Netd : getNetworkForDns: getNetId from enterpriseCtrl is netid 0
12-31 15:18:25.055 679 779 E Netd : getNetworkForDns: getNetId from enterpriseCtrl is netid 0
12-31 15:18:25.057 679 779 E Netd : getNetworkForDns: getNetId from enterpriseCtrl is netid 0
12-31 15:18:25.058 679 779 E Netd : getNetworkForDns: getNetId from enterpriseCtrl is netid 0
12-31 15:18:25.059 679 779 E Netd : getNetworkForDns: getNetId from enterpriseCtrl is netid 0
12-31 15:18:25.306 707 2757 I HYPER-HAL: [ResourceManager.cpp]removeResource(): [CPUMinFreq] RemoveResource Request ID : 627793
12-31 15:18:25.307 707 2757 I HYPER-HAL: [RequestManager.cpp]releaseLocked(): Released ID : 627793
12-31 15:18:25.313 679 779 E Netd : getNetworkForDns: getNetId from enterpriseCtrl is netid 0
12-31 15:18:25.497 679 779 E Netd : getNetworkForDns: getNetId from enterpriseCtrl is netid 0
12-31 15:18:25.498 679 779 E Netd : getNetworkForDns: getNetId from enterpriseCtrl is netid 0
12-31 15:18:25.501 679 779 E Netd : getNetworkForDns: getNetId from enterpriseCtrl is netid 0
12-31 15:18:25.503 679 779 E Netd : getNetworkForDns: getNetId from enterpriseCtrl is netid 0
12-31 15:18:25.509 679 779 E Netd : getNetworkForDns: getNetId from enterpriseCtrl is netid 0
12-31 15:18:25.515 679 779 E Netd : getNetworkForDns: getNetId from enterpriseCtrl is netid 0
12-31 15:18:25.560 679 779 E Netd : getNetworkForDns: getNetId from enterpriseCtrl is netid 0
12-31 15:18:25.562 679 779 E Netd : getNetworkForDns: getNetId from enterpriseCtrl is netid 0
12-31 15:18:25.593 679 779 E Netd : getNetworkForDns: getNetId from enterpriseCtrl is netid 0
12-31 15:18:25.598 679 779 E Netd : getNetworkForDns: getNetId from enterpriseCtrl is netid 0
12-31 15:18:25.600 679 779 E Netd : getNetworkForDns: getNetId from enterpriseCtrl is netid 0
12-31 15:18:25.627 1087 7414 D SensorService: removeConnection, index : 0, size : 1
12-31 15:18:25.627 1087 7414 D SensorService: # removeConnection, index : 0, size : 0
12-31 15:18:25.627 1087 7414 D SensorService: Calling activate off 1
12-31 15:18:25.628 702 702 I Sensors : batch(0) - accelerometer_sensor try to batching with 66667000
12-31 15:18:25.632 21972 2756 D SensorManager: unregisterListener :: com.google.android.location.collectionlib.SensorScanner$SensorEventListenerAdapter@29ef60b
12-31 15:18:25.649 1087 7414 D SamsungAlarmManager: setExact (T:2/F:1/AC:false) 20211231T151825 now=824166477 - CU:10207/CP:21972/OP:PendingIntent{ad3e55d: PendingIntentRecord{c3cd015 com.google.android.gms/com.google.android.gms.location_base broadcastIntent}}
12-31 15:18:25.649 1087 7414 I SamsungAlarmManager: setLocked to kernel - T:2 / 20211231T151830, set=824171476, now=824166477
12-31 15:18:25.719 679 779 E Netd : getNetworkForDns: getNetId from enterpriseCtrl is netid 0
12-31 15:18:25.751 679 779 E Netd : getNetworkForDns: getNetId from enterpriseCtrl is netid 0
12-31 15:18:25.903 679 779 E Netd : getNetworkForDns: getNetId from enterpriseCtrl is netid 0
12-31 15:18:26.001 1087 1381 D PowerManagerService: [api] userActivityFromNative : 210 (event: 2 flags: 0) eventTime = 74820177
12-31 15:18:26.065 679 779 E Netd : getNetworkForDns: getNetId from enterpriseCtrl is netid 0
12-31 15:18:26.066 1087 1341 D SensorService: [SO] 1.348 -1.666 10.166
12-31 15:18:26.071 679 779 E Netd : getNetworkForDns: getNetId from enterpriseCtrl is netid 0
12-31 15:18:26.072 679 779 E Netd : getNetworkForDns: getNetId from enterpriseCtrl is netid 0
12-31 15:18:26.073 679 779 E Netd : getNetworkForDns: getNetId from enterpriseCtrl is netid 0
12-31 15:18:26.101 1087 1382 I InputReader: Touch event's action (MT) is 0x105 (id=5, t=0) [pCnt=2, s=0.8604 1.8605 ] when=74820.276713
12-31 15:18:26.101 1087 1381 I InputDispatcher: Delivering touch to (30468): action: 0x105, f=0x0, d=0, '256846a', t=1
12-31 15:18:26.123 679 779 E Netd : getNetworkForDns: getNetId from enterpriseCtrl is netid 0
12-31 15:18:26.216 1087 1382 I InputReader: Touch event's action (MT) is 0x106 (id=5, t=0) [pCnt=2, s=0.8604 ] when=74820.392080
12-31 15:18:26.216 1087 1381 I InputDispatcher: Delivering touch to (30468): action: 0x106, f=0x0, d=0, '256846a', t=1
12-31 15:18:26.378 679 779 E Netd : getNetworkForDns: getNetId from enterpriseCtrl is netid 0
12-31 15:18:26.379 679 779 E Netd : getNetworkForDns: getNetId from enterpriseCtrl is netid 0
12-31 15:18:26.379 679 779 E Netd : getNetworkForDns: getNetId from enterpriseCtrl is netid 0
12-31 15:18:26.380 679 779 E Netd : getNetworkForDns: getNetId from enterpriseCtrl is netid 0
12-31 15:18:26.447 1087 1382 D InputReader: Btn_touch(7): value=0 when=74820.623262
12-31 15:18:26.447 1087 1382 I InputReader: Touch event's action is 0x1 (id=5, t=0) [pCnt=1, s=] when=74820.623262
12-31 15:18:26.448 1087 1381 I InputDispatcher: Delivering touch to (30468): action: 0x1, f=0x0, d=0, '256846a', t=1
12-31 15:18:26.448 30468 30468 I ViewRootImpl@962c832[QtActivity]: ViewPostIme pointer 1
12-31 15:18:26.449 1087 5519 D WifiConnectivityMonitor: getOpenNetworkQosNoInternetStatus: false
12-31 15:18:26.449 1087 1087 D SemGameManager: getGMSBinder(), begin
12-31 15:18:26.449 1087 5519 D WifiConnectivityMonitor: getOpenNetworkQosScores: 14 0 0
12-31 15:18:26.449 1087 5519 D SettingsProvider: isChangeAllowed() : name = wifi_wcm_qos_sharing_score_summary
12-31 15:18:26.449 1087 5519 I GenerationRegistry: mBackingStore.isClosed() : false
12-31 15:18:26.450 1087 5519 I WifiProfileShare: network QoS data was changed (score), updateQoSData networkType: false, qosData: true
12-31 15:18:26.450 1087 6453 V WifiProfileShare.Caster: update wips network, size: 0
12-31 15:18:26.450 1087 1087 D SemGameManager: getGMSBinder(), successful: true
12-31 15:18:26.450 1087 6453 D WifiProfileShare: nearby scanning settings run
12-31 15:18:26.450 1087 1087 D GameManagerService: identifyGamePackage. org.qtproject.example.minimal_map, mCurrentUserId: 0, callerUserId: 0
12-31 15:18:26.450 1087 1087 D PkgDataHelper: getGamePkgData(). org.qtproject.example.minimal_map
12-31 15:18:26.450 1087 6453 D WifiProfileShare: network score provider settings enabled
12-31 15:18:26.450 1087 1087 I SemDvfsHyPerManager: acquire hyper - GESTURE_DETECTED/1087@33, type = -999
12-31 15:18:26.450 1087 6453 D WifiConnectivityMonitor: getOpenNetworkQosScores: 14 0 0
12-31 15:18:26.450 1087 6453 D WifiConnectivityMonitor: getOpenNetworkQosNoInternetStatus: false
12-31 15:18:26.450 1087 6453 I WifiProfileShare.Caster: current network type: 0, score: [14, 0, 0]
12-31 15:18:26.451 1087 1087 D SemGameManager: getGMSBinder(), begin
12-31 15:18:26.451 1087 6453 V WifiProfileShare.Cache: update network score 66:db:eb:e2:2b:b7
12-31 15:18:26.451 1087 6453 D WifiProfileShare.ScanMatcher: getMcfDataList size:1
12-31 15:18:26.451 1087 6453 I WifiProfileShare.Caster: qos data was updated , before:type:QOS, pBssid:39:c0:d1, qosData:4b after:type:QOS, pBssid:39:c0:d1, qosData:32
12-31 15:18:26.452 707 732 I HYPER-HAL: [RequestManager.cpp]acquire(): Acquired ID : 627793 [1087 / 33] HINT : GESTURE_DETECTED list : [TIMEOUT / 646]
12-31 15:18:26.452 1087 1087 D SemGameManager: getGMSBinder(), successful: true
12-31 15:18:26.452 1087 6453 I [MCFSDK_android_1.0.3015]_4_McfCasterImpl: isNetworkEnabled - type : 1 ret : true
12-31 15:18:26.452 1087 6453 D WifiProfileShare.McfCast: -ME--- mIsNetworkEnabled :true
12-31 15:18:26.452 1087 6453 D WifiProfileShare.McfCast: -ME--- updateQoSData, contents data is different from the previous data
12-31 15:18:26.452 1087 1087 D GameManagerService: identifyGamePackage. org.qtproject.example.minimal_map, mCurrentUserId: 0, callerUserId: 0
12-31 15:18:26.452 1087 6453 I [MCFSDK_android_1.0.3015]_4_McfCasterImpl: updateAdvertiseData -
12-31 15:18:26.452 1087 1087 D PkgDataHelper: getGamePkgData(). org.qtproject.example.minimal_map
12-31 15:18:26.453 1087 1087 I SemDvfsHyPerManager: acquire hyper - GESTURE_DETECTED/1087@33, type = -999
12-31 15:18:26.453 707 732 I HYPER-HAL: [ResourceManager.cpp]updateResource(): [CPUMinFreq] UpdateResource Request ID : 627793 Value : 858000
12-31 15:18:26.453 1087 6453 D WifiProfileShare.MCF: success update QosData !
12-31 15:18:26.453 31635 31635 I [MCFServer]_CasterManager: updateAdvertiseData - adv:{AD{id=0x4, access=0, timeout=0}, R=true, CB{i=4, h=157468722}}
12-31 15:18:26.454 707 732 I HYPER-HAL: [RequestManager.cpp]acquire(): Acquired ID : 627793 [1087 / 33] HINT : GESTURE_DETECTED list : [TIMEOUT / 646]
12-31 15:18:26.454 707 732 I HYPER-HAL: [ResourceManager.cpp]updateResource(): [CPUMinFreq] UpdateResource Request ID : 627793 Value : 858000
12-31 15:18:26.454 1087 6453 I [MCFSDK_android_1.0.3015]_4_McfCasterImpl: isNetworkEnabled - type : 1 ret : true
12-31 15:18:26.454 1087 6453 D WifiProfileShare.McfCast: -ME--- mIsNetworkEnabled :true
12-31 15:18:26.454 1087 6453 D WifiProfileShare.McfCast: -ME--- updatePasswordDate pwdData size:1
12-31 15:18:26.563 1087 1382 D InputReader: Btn_touch(7): value=1 when=74820.739326
12-31 15:18:26.563 1087 1382 I InputReader: Touch event's action is 0x0 (id=5, t=0) [pCnt=1, s=0.8606 ] when=74820.739326
12-31 15:18:26.564 1087 1381 I InputDispatcher: Delivering touch to (30468): action: 0x0, f=0x0, d=0, '256846a', t=1
12-31 15:18:26.564 30468 30468 I ViewRootImpl@962c832[QtActivity]: ViewPostIme pointer 0
12-31 15:18:26.572 1087 1382 I InputReader: Touch event's action (MT) is 0x105 (id=5, t=0) [pCnt=2, s=0.8606 1.8607 ] when=74820.747732
12-31 15:18:26.572 1087 1381 I InputDispatcher: Delivering touch to (30468): action: 0x105, f=0x0, d=0, '256846a', t=1
12-31 15:18:26.632 679 779 E Netd : getNetworkForDns: getNetId from enterpriseCtrl is netid 0
12-31 15:18:26.634 679 779 E Netd : getNetworkForDns: getNetId from enterpriseCtrl is netid 0
12-31 15:18:26.653 679 779 E Netd : getNetworkForDns: getNetId from enterpriseCtrl is netid 0
12-31 15:18:26.656 679 779 E Netd : getNetworkForDns: getNetId from enterpriseCtrl is netid 0
12-31 15:18:26.658 679 779 E Netd : getNetworkForDns: getNetId from enterpriseCtrl is netid 0
12-31 15:18:26.660 679 779 E Netd : getNetworkForDns: getNetId from enterpriseCtrl is netid 0
12-31 15:18:26.745 679 779 E Netd : getNetworkForDns: getNetId from enterpriseCtrl is netid 0
12-31 15:18:26.750 679 779 E Netd : getNetworkForDns: getNetId from enterpriseCtrl is netid 0
12-31 15:18:26.778 1087 1382 D InputReader: Btn_touch(7): value=0 when=74820.953759
12-31 15:18:26.778 1087 1382 I InputReader: Touch event's action (MT) is 0x6 (id=5, t=0) [pCnt=2, s=] when=74820.953759
12-31 15:18:26.778 1087 1382 I InputReader: Touch event's action is 0x1 (id=5, t=0) [pCnt=1, s=] when=74820.953759
12-31 15:18:26.778 1087 1381 I InputDispatcher: Delivering touch to (30468): action: 0x6, f=0x0, d=0, '256846a', t=1
12-31 15:18:26.779 1087 1381 I InputDispatcher: Delivering touch to (30468): action: 0x1, f=0x0, d=0, '256846a', t=1
12-31 15:18:26.779 30468 30468 I ViewRootImpl@962c832[QtActivity]: ViewPostIme pointer 1
12-31 15:18:26.943 1087 1382 D InputReader: Btn_touch(7): value=1 when=74821.119400
12-31 15:18:26.943 1087 1382 I InputReader: Touch event's action is 0x0 (id=5, t=0) [pCnt=1, s=0.8608 1.8609 ] when=74821.119400
12-31 15:18:26.944 1087 1382 I InputReader: Touch event's action (MT) is 0x105 (id=5, t=0) [pCnt=2, s=0.8608 1.8609 ] when=74821.119400
12-31 15:18:26.944 1087 1381 I InputDispatcher: Delivering touch to (30468): action: 0x0, f=0x0, d=0, '256846a', t=1
12-31 15:18:26.944 30468 30468 I ViewRootImpl@962c832[QtActivity]: ViewPostIme pointer 0
12-31 15:18:26.945 1087 1381 I InputDispatcher: Delivering touch to (30468): action: 0x105, f=0x0, d=0, '256846a', t=1
12-31 15:18:27.091 766 766 I SurfaceFlinger: SFWD update time=74821266825404
12-31 15:18:27.100 707 2758 I HYPER-HAL: [ResourceManager.cpp]removeResource(): [CPUMinFreq] RemoveResource Request ID : 627793
12-31 15:18:27.100 707 2758 I HYPER-HAL: [RequestManager.cpp]releaseLocked(): Released ID : 627793
12-31 15:18:27.141 679 779 E Netd : getNetworkForDns: getNetId from enterpriseCtrl is netid 0
12-31 15:18:27.158 1087 1381 D PowerManagerService: [api] userActivityFromNative : 220 (event: 2 flags: 0) eventTime = 74821334
12-31 15:18:27.170 679 779 E Netd : getNetworkForDns: getNetId from enterpriseCtrl is netid 0
12-31 15:18:27.187 679 779 E Netd : getNetworkForDns: getNetId from enterpriseCtrl is netid 0
12-31 15:18:27.190 679 779 E Netd : getNetworkForDns: getNetId from enterpriseCtrl is netid 0
12-31 15:18:27.204 679 779 E Netd : getNetworkForDns: getNetId from enterpriseCtrl is netid 0
12-31 15:18:27.221 679 779 E Netd : getNetworkForDns: getNetId from enterpriseCtrl is netid 0
12-31 15:18:27.226 679 779 E Netd : getNetworkForDns: getNetId from enterpriseCtrl is netid 0
12-31 15:18:27.244 679 779 E Netd : getNetworkForDns: getNetId from enterpriseCtrl is netid 0
12-31 15:18:27.282 679 779 E Netd : getNetworkForDns: getNetId from enterpriseCtrl is netid 0
12-31 15:18:27.298 1087 1382 I InputReader: Touch event's action (MT) is 0x106 (id=5, t=0) [pCnt=2, s=0.8608 ] when=74821.474425
12-31 15:18:27.299 1087 1381 I InputDispatcher: Delivering touch to (30468): action: 0x106, f=0x0, d=0, '256846a', t=1
12-31 15:18:27.307 1087 1382 D InputReader: Btn_touch(7): value=0 when=74821.482629
12-31 15:18:27.307 1087 1382 I InputReader: Touch event's action is 0x1 (id=5, t=0) [pCnt=1, s=] when=74821.482629
12-31 15:18:27.307 1087 1381 I InputDispatcher: Delivering touch to (30468): action: 0x1, f=0x0, d=0, '256846a', t=1
12-31 15:18:27.307 30468 30468 I ViewRootImpl@962c832[QtActivity]: ViewPostIme pointer 1
12-31 15:18:27.349 679 779 E Netd : getNetworkForDns: getNetId from enterpriseCtrl is netid 0
12-31 15:18:27.418 1087 5519 D WifiConnectivityMonitor: start WCM Poll.
12-31 15:18:27.418 1087 5519 D WifiConnectivityMonitor: RSSI_BASE_STOP
12-31 15:18:27.447 679 779 E Netd : getNetworkForDns: getNetId from enterpriseCtrl is netid 0
12-31 15:18:27.464 1087 1382 D InputReader: Btn_touch(7): value=1 when=74821.639931
12-31 15:18:27.464 1087 1382 I InputReader: Touch event's action is 0x0 (id=5, t=0) [pCnt=1, s=0.8610 ] when=74821.639931
12-31 15:18:27.464 1087 1381 I InputDispatcher: Delivering touch to (30468): action: 0x0, f=0x0, d=0, '256846a', t=1
12-31 15:18:27.465 30468 30468 I ViewRootImpl@962c832[QtActivity]: ViewPostIme pointer 0
12-31 15:18:27.480 1087 1382 I InputReader: Touch event's action (MT) is 0x105 (id=5, t=0) [pCnt=2, s=0.8610 1.8611 ] when=74821.656596
12-31 15:18:27.481 1087 1381 I InputDispatcher: Delivering touch to (30468): action: 0x105, f=0x0, d=0, '256846a', t=1
12-31 15:18:27.529 679 779 E Netd : getNetworkForDns: getNetId from enterpriseCtrl is netid 0
12-31 15:18:27.590 679 779 E Netd : getNetworkForDns: getNetId from enterpriseCtrl is netid 0
12-31 15:18:27.591 679 779 E Netd : getNetworkForDns: getNetId from enterpriseCtrl is netid 0
12-31 15:18:27.593 679 779 E Netd : getNetworkForDns: getNetId from enterpriseCtrl is netid 0
12-31 15:18:27.698 679 779 E Netd : getNetworkForDns: getNetId from enterpriseCtrl is netid 0
12-31 15:18:27.699 679 779 E Netd : getNetworkForDns: getNetId from enterpriseCtrl is netid 0
12-31 15:18:27.700 679 779 E Netd : getNetworkForDns: getNetId from enterpriseCtrl is netid 0
12-31 15:18:27.760 549 549 D io_stats: !@ 8,0 r 2330187 84650444 w 729140 23555108 d 299951 68823612 f 269766 354004 iot 1080632 864305 th 102400 0 0 pt 0 inp 0 0 74821.932
12-31 15:18:27.827 1087 1382 I InputReader: Touch event's action (MT) is 0x106 (id=5, t=0) [pCnt=2, s=0.8610 ] when=74822.003336
12-31 15:18:27.828 1087 1381 I InputDispatcher: Delivering touch to (30468): action: 0x106, f=0x0, d=0, '256846a', t=1
12-31 15:18:27.858 679 779 E Netd : getNetworkForDns: getNetId from enterpriseCtrl is netid 0
12-31 15:18:27.893 1087 1382 D InputReader: Btn_touch(7): value=0 when=74822.069161
12-31 15:18:27.893 1087 1382 I InputReader: Touch event's action is 0x1 (id=5, t=0) [pCnt=1, s=] when=74822.069161
12-31 15:18:27.893 1087 1381 I InputDispatcher: Delivering touch to (30468): action: 0x1, f=0x0, d=0, '256846a', t=1
12-31 15:18:27.894 1087 1087 D SemGameManager: getGMSBinder(), begin
12-31 15:18:27.894 30468 30468 I ViewRootImpl@962c832[QtActivity]: ViewPostIme pointer 1
12-31 15:18:27.894 1087 1087 D SemGameManager: getGMSBinder(), successful: true
12-31 15:18:27.894 1087 1087 D GameManagerService: identifyGamePackage. org.qtproject.example.minimal_map, mCurrentUserId: 0, callerUserId: 0
12-31 15:18:27.894 1087 1087 D PkgDataHelper: getGamePkgData(). org.qtproject.example.minimal_map
12-31 15:18:27.895 1087 1087 I SemDvfsHyPerManager: acquire hyper - GESTURE_DETECTED/1087@33, type = -999
12-31 15:18:27.895 1087 1087 D SemGameManager: getGMSBinder(), begin
12-31 15:18:27.895 707 732 I HYPER-HAL: [RequestManager.cpp]acquire(): Acquired ID : 627793 [1087 / 33] HINT : GESTURE_DETECTED list : [TIMEOUT / 221]
12-31 15:18:27.895 1087 1087 D SemGameManager: getGMSBinder(), successful: true
12-31 15:18:27.895 1087 1087 D GameManagerService: identifyGamePackage. org.qtproject.example.minimal_map, mCurrentUserId: 0, callerUserId: 0
12-31 15:18:27.895 1087 1087 D PkgDataHelper: getGamePkgData(). org.qtproject.example.minimal_map
12-31 15:18:27.895 1087 1087 I SemDvfsHyPerManager: acquire hyper - GESTURE_DETECTED/1087@33, type = -999
12-31 15:18:27.895 707 732 I HYPER-HAL: [ResourceManager.cpp]updateResource(): [CPUMinFreq] UpdateResource Request ID : 627793 Value : 858000
12-31 15:18:27.895 707 732 I HYPER-HAL: [RequestManager.cpp]acquire(): Acquired ID : 627793 [1087 / 33] HINT : GESTURE_DETECTED list : [TIMEOUT / 221]
12-31 15:18:27.896 707 732 I HYPER-HAL: [ResourceManager.cpp]updateResource(): [CPUMinFreq] UpdateResource Request ID : 627793 Value : 858000
12-31 15:18:27.922 679 779 E Netd : getNetworkForDns: getNetId from enterpriseCtrl is netid 0
12-31 15:18:28.001 1087 1382 D InputReader: Btn_touch(7): value=1 when=74822.176669
12-31 15:18:28.001 1087 1382 I InputReader: Touch event's action is 0x0 (id=5, t=0) [pCnt=1, s=0.8612 ] when=74822.176669
12-31 15:18:28.001 1087 1381 I InputDispatcher: Delivering touch to (30468): action: 0x0, f=0x0, d=0, '256846a', t=1
12-31 15:18:28.001 30468 30468 I ViewRootImpl@962c832[QtActivity]: ViewPostIme pointer 0
12-31 15:18:28.110 679 779 E Netd : getNetworkForDns: getNetId from enterpriseCtrl is netid 0
12-31 15:18:28.117 707 2760 I HYPER-HAL: [ResourceManager.cpp]removeResource(): [CPUMinFreq] RemoveResource Request ID : 627793
12-31 15:18:28.117 707 2760 I HYPER-HAL: [RequestManager.cpp]releaseLocked(): Released ID : 627793
12-31 15:18:28.314 679 779 E Netd : getNetworkForDns: getNetId from enterpriseCtrl is netid 0
12-31 15:18:28.323 1087 1381 D PowerManagerService: [api] userActivityFromNative : 230 (event: 2 flags: 0) eventTime = 74822499
12-31 15:18:28.528 679 779 E Netd : getNetworkForDns: getNetId from enterpriseCtrl is netid 0
12-31 15:18:28.530 679 779 E Netd : getNetworkForDns: getNetId from enterpriseCtrl is netid 0
12-31 15:18:28.588 679 779 E Netd : getNetworkForDns: getNetId from enterpriseCtrl is netid 0
12-31 15:18:28.590 679 779 E Netd : getNetworkForDns: getNetId from enterpriseCtrl is netid 0
12-31 15:18:28.823 679 779 E Netd : getNetworkForDns: getNetId from enterpriseCtrl is netid 0
12-31 15:18:28.824 679 779 E Netd : getNetworkForDns: getNetId from enterpriseCtrl is netid 0
12-31 15:18:28.887 679 779 E Netd : getNetworkForDns: getNetId from enterpriseCtrl is netid 0
12-31 15:18:28.891 679 779 E Netd : getNetworkForDns: getNetId from enterpriseCtrl is netid 0
12-31 15:18:29.226 679 779 E Netd : getNetworkForDns: getNetId from enterpriseCtrl is netid 0
12-31 15:18:29.358 679 779 E Netd : getNetworkForDns: getNetId from enterpriseCtrl is netid 0
12-31 15:18:29.398 1087 1381 D PowerManagerService: [api] userActivityFromNative : 240 (event: 2 flags: 0) eventTime = 74823573
12-31 15:18:29.667 679 779 E Netd : getNetworkForDns: getNetId from enterpriseCtrl is netid 0
12-31 15:18:29.669 679 779 E Netd : getNetworkForDns: getNetId from enterpriseCtrl is netid 0
12-31 15:18:29.669 679 779 E Netd : getNetworkForDns: getNetId from enterpriseCtrl is netid 0
12-31 15:18:29.895 679 779 E Netd : getNetworkForDns: getNetId from enterpriseCtrl is netid 0
12-31 15:18:29.898 679 779 E Netd : getNetworkForDns: getNetId from enterpriseCtrl is netid 0
12-31 15:18:29.899 679 779 E Netd : getNetworkForDns: getNetId from enterpriseCtrl is netid 0
12-31 15:18:29.936 1087 1087 D ServiceManager: ServiceManager Stats TOP 3 : (phone, 48), (sdhms, 48), (gamemanager, 4)
12-31 15:18:30.099 679 779 E Netd : getNetworkForDns: getNetId from enterpriseCtrl is netid 0
12-31 15:18:30.101 679 779 E Netd : getNetworkForDns: getNetId from enterpriseCtrl is netid 0
12-31 15:18:30.472 1087 1381 D PowerManagerService: [api] userActivityFromNative : 250 (event: 2 flags: 0) eventTime = 74824647
12-31 15:18:30.648 1087 1363 D SamsungAlarmManager: Expired : 4
12-31 15:18:30.648 1087 1363 V SamsungAlarmManager: Sending to uid : 10207 action=com.google.android.location.ALARM_WAKEUP_ACTIVITY_DETECTION alarm=Alarm{40333e7 type 2 when 824166476 com.google.android.gms}
12-31 15:18:30.649 1087 1363 D ActivityManager: Received BROADCAST intent 0xc3cd015 Key{broadcastIntent pkg=com.google.android.gms/com.google.android.gms.location_base intent=act=com.google.android.location.ALARM_WAKEUP_ACTIVITY_DETECTION flags=0x4000000 u=0} requestCode=0 sent=0 from uid 1000
12-31 15:18:30.651 1087 1363 I SamsungAlarmManager: setLocked to kernel - T:2 / 20211231T152100, set=824321399, now=824171478
12-31 15:18:30.651 1087 1363 I SamsungAlarmManager: setLocked to kernel - T:3 / 20211231T151900, set=824200828, now=824171479
12-31 15:18:30.655 1087 5670 D SensorService: Calling batch handle==1 flags=0 rate=20000000 timeout== 0
12-31 15:18:30.656 702 702 I Sensors : batch(0) - accelerometer_sensor try to batching with 20000000
12-31 15:18:30.659 21972 2761 D SensorManager: registerListener :: 1, ICM42605M Acceleration Sensor, 20000, 0, com.google.android.location.collectionlib.SensorScanner$SensorEventListenerAdapter@e2563f5
12-31 15:18:30.696 679 779 E Netd : getNetworkForDns: getNetId from enterpriseCtrl is netid 0
12-31 15:18:30.755 679 779 E Netd : getNetworkForDns: getNetId from enterpriseCtrl is netid 0
12-31 15:18:30.762 679 779 E Netd : getNetworkForDns: getNetId from enterpriseCtrl is netid 0
12-31 15:18:30.827 1087 1382 I InputReader: Touch event's action (MT) is 0x105 (id=5, t=0) [pCnt=2, s=0.8612 1.8613 ] when=74825.002686
12-31 15:18:30.827 1087 1381 I InputDispatcher: Delivering touch to (30468): action: 0x105, f=0x0, d=0, '256846a', t=1
12-31 15:18:30.829 679 779 E Netd : getNetworkForDns: getNetId from enterpriseCtrl is netid 0
12-31 15:18:30.844 679 779 E Netd : getNetworkForDns: getNetId from enterpriseCtrl is netid 0
12-31 15:18:30.860 1087 1382 I InputReader: Touch event's action (MT) is 0x106 (id=5, t=0) [pCnt=2, s=0.8612 ] when=74825.036073
12-31 15:18:30.860 1087 1381 I InputDispatcher: Delivering touch to (30468): action: 0x106, f=0x0, d=0, '256846a', t=1
12-31 15:18:30.876 1087 1382 I InputReader: Touch event's action (MT) is 0x105 (id=5, t=0) [pCnt=2, s=0.8612 1.8614 ] when=74825.052473
12-31 15:18:30.877 1087 1381 I InputDispatcher: Delivering touch to (30468): action: 0x105, f=0x0, d=0, '256846a', t=1
12-31 15:18:30.885 1087 1382 I InputReader: Touch event's action (MT) is 0x6 (id=5, t=0) [pCnt=2, s=1.8614 ] when=74825.060752
12-31 15:18:30.885 1087 1381 I InputDispatcher: Delivering touch to (30468): action: 0x6, f=0x0, d=0, '256846a', t=1
12-31 15:18:30.902 1087 1382 I InputReader: Touch event's action (MT) is 0x5 (id=5, t=0) [pCnt=2, s=0.8615 1.8614 ] when=74825.078049
12-31 15:18:30.903 1087 1381 I InputDispatcher: Delivering touch to (30468): action: 0x5, f=0x0, d=0, '256846a', t=1
12-31 15:18:30.909 679 779 E Netd : getNetworkForDns: getNetId from enterpriseCtrl is netid 0
12-31 15:18:30.912 679 779 E Netd : getNetworkForDns: getNetId from enterpriseCtrl is netid 0
12-31 15:18:30.919 1087 1382 D InputReader: Btn_touch(7): value=0 when=74825.094859
12-31 15:18:30.919 1087 1382 I InputReader: Touch event's action (MT) is 0x6 (id=5, t=0) [pCnt=2, s=] when=74825.094859
12-31 15:18:30.919 1087 1382 I InputReader: Touch event's action is 0x1 (id=5, t=0) [pCnt=1, s=] when=74825.094859
12-31 15:18:30.919 1087 1381 I InputDispatcher: Delivering touch to (30468): action: 0x6, f=0x0, d=0, '256846a', t=1
12-31 15:18:30.919 1087 1381 I InputDispatcher: Delivering touch to (30468): action: 0x1, f=0x0, d=0, '256846a', t=1
12-31 15:18:30.920 30468 30468 I ViewRootImpl@962c832[QtActivity]: ViewPostIme pointer 1
12-31 15:18:30.921 1087 1087 D SemGameManager: getGMSBinder(), begin
12-31 15:18:30.921 1087 1087 D SemGameManager: getGMSBinder(), successful: true
