12-31 15:19:51.831 713 2902 I ExynosCameraFrameManager: [CAM(0)][RUNNING FRAME WORKER]-(workerMain[952]): wait and pop fail, ret(-110)
12-31 15:19:51.901 821 2885 I Camera3-Device: Watchdog...
12-31 15:19:51.949 549 549 D io_stats: !@ 8,0 r 2332363 84721100 w 729515 23561036 d 300155 68827524 f 269947 354214 iot 1081456 864954 th 102400 0 0 pt 0 inp 0 0 74906.121
12-31 15:19:52.094 766 766 I SurfaceFlinger: SFWD update time=74906270075613
12-31 15:19:52.544 1087 5570 D BatteryService: Sending ACTION_BATTERY_CHANGED. scale:100, info:{.chargerAcOnline = false, .chargerUsbOnline = true, .chargerWirelessOnline = false, .maxChargingCurrent = 0, .maxChargingVoltage = 0, .batteryStatus = CHARGING, .batteryHealth = GOOD, .batteryPresent = true, .batteryLevel = 66, .batteryVoltage = 3853, .batteryTemperature = 283, .batteryCurrent = -602, .batteryCycleCount = 0, .batteryFullCharge = 5000000, .batteryChargeCounter = 2884200, .batteryTechnology = Li-ion}
12-31 15:19:52.544 1087 5570 D BatteryService: online:4, current avg:-726, charge type:2, POGO powered:false, power sharing:false, high voltage charger:false, charger_type:0, capacity:280000, misc_event:0x0, current_event:0x8100, current_now:-602
12-31 15:19:52.546 1087 1372 D MotionRecognitionService: onReceive : ACTION_BATTERY_CHANGED, Plugged: 2
12-31 15:19:52.546 1087 1372 I MotionRecognitionService: [TA] In/out: true, curr state: 1
12-31 15:19:52.547 1087 1087 D PhoneWindowManagerExt: ACTION_BATTERY_CHANGED - Level=66, status=2
12-31 15:19:52.547 1087 1087 D SemWifiApBroadcastReceiver: Received : android.intent.action.BATTERY_CHANGED
12-31 15:19:52.548 6056 6056 D SemBigDataInfoController: Intent : android.intent.action.BATTERY_CHANGED
12-31 15:19:52.549 5618 5618 D KeyguardUpdateMonitor: received broadcast android.intent.action.BATTERY_CHANGED
12-31 15:19:52.549 5618 5618 I PowerUI : BATTERY_HEALTH_CHECK extraHealth=2 mBatteryMiscEvent=0
12-31 15:19:52.549 5618 5618 D PowerUI : priorPlugType = 2 mPlugType = 2 priorBatteryStatus = 2 mBatteryStatus = 2
12-31 15:19:52.550 28370 28370 I CameraBroadcastReceiver: onReceive [android.intent.action.BATTERY_CHANGED]
12-31 15:19:52.550 28370 28370 I CameraTemperatureMgr: onReceive [android.intent.action.BATTERY_CHANGED]
12-31 15:19:52.550 5618 5618 D PowerUI.Notification: showChargingNotice oldChargingType : 7 currentChargingType : 7 oldChargingTime : 43512000 mChargingTime : 43512000
12-31 15:19:52.550 5618 5618 D PowerUI.Notification: There is no change about charging status, so return!
12-31 15:19:52.550 5618 5618 D PowerUI : Battery swelling mode - priorBatterySwellingMode = 0 mBatterySwellingMode = 0 mBatteryStatus = 2
12-31 15:19:52.550 5618 5618 I PowerUI : mBatteryMiscEvent = 0
12-31 15:19:52.550 5618 5618 D PowerUI : showing power sharing dialogfalse
12-31 15:19:52.556 5618 5618 D KeyguardUpdateMonitor: handleBatteryUpdate
12-31 15:19:52.557 5618 5618 I AODBatteryManager: updateBatteryData: ACTION_BATTERY_CHANGED
12-31 15:19:52.557 5618 5618 I AODBatteryManager: saveBatteryData : AOD BatteryData [mBatteryLevel=66, mBatteryStatus=CHARGING, mBatteryPlugType=USB, mBatteryPlugged=true, mRemainingChargeTime=43512000, mBatteryChargingType=1, mBatteryChargerType=NORMAL, mBatteryOnline=USB, mBatterySwellingMode=NONE, mBatteryProtectMode=false]
12-31 15:19:52.837 28370 2977 I SRCB_QR : QRBarcodeDecoder.barcodeRecognize fail, cost time 446.548828
12-31 15:19:52.837 28370 2977 W SaivQRCodeNode: processBackgroundPreviewInternal fail - ERROR_ENGINE_FAIL
12-31 15:19:52.998 6983 7003 W System : A resource failed to call close.
12-31 15:19:53.057 713 2947 I ExynosCamera: [CAM(0)][Back_0]-(m_monitorThreadFunc[7386]):@FIMC_IS_SYNC 16
12-31 15:19:53.604 1087 5478 D DeviceStorageMonitorService: check() STORAGE TOTAL <= 64G
12-31 15:19:53.607 1087 5478 W DeviceStorageMonitorService: updateBroadcasts(/data) oldLevel:0, newLevel:0, seq:1
12-31 15:19:53.609 1087 5478 D DeviceStorageMonitorService: Available File Node Number is [13178291]
12-31 15:19:53.609 1087 5478 W DeviceStorageMonitorService: updateBroadcasts_filenode(/data) fn_oldLevel:0, fn_newLevel:0, seq:1
12-31 15:19:53.692 1087 5564 I EDMNativeHelperService: isCameraEnabled
12-31 15:19:53.692 1087 5564 D EDMNativeHelper: isCameraEnabled
12-31 15:19:53.693 1087 5564 D EDMNativeHelper: checking for camera in EnterpriseDeviceManagerService
12-31 15:19:53.693 1087 5564 D EnterpriseDeviceManagerService: isCameraEnabledNative
12-31 15:19:53.693 1087 5564 D EnterpriseDeviceManagerService: checking for camera in restriction policy
12-31 15:19:53.693 1087 5564 D RestrictionPolicy: isCameraEnabled ret(true) userId(0) cxtInfo.mCallerUid(10098) cxtInfo.mContainerId(0)
12-31 15:19:53.951 549 549 D io_stats: !@ 8,0 r 2332385 84721628 w 729517 23561068 d 300156 68827528 f 269949 354217 iot 1081476 864961 th 102400 0 0 pt 0 inp 0 0 74908.125
12-31 15:19:53.951 28370 2977 I SRCB_QR : QRBarcodeDecoder.barcodeRecognize fail, cost time 462.433105
12-31 15:19:53.951 28370 2977 W SaivQRCodeNode: processBackgroundPreviewInternal fail - ERROR_ENGINE_FAIL
12-31 15:19:54.024 5569 5569 I wpa_supplicant: Heartbeat 7454
12-31 15:19:54.937 28370 2977 I SRCB_QR : QRBarcodeDecoder.barcodeRecognize fail, cost time 345.360840
12-31 15:19:54.937 28370 2977 W SaivQRCodeNode: processBackgroundPreviewInternal fail - ERROR_ENGINE_FAIL
12-31 15:19:56.160 28370 2977 I SRCB_QR : QRBarcodeDecoder.barcodeRecognize fail, cost time 462.057373
12-31 15:19:56.160 28370 2977 W SaivQRCodeNode: processBackgroundPreviewInternal fail - ERROR_ENGINE_FAIL
12-31 15:19:56.185 1087 1341 D SensorService: [SO] 0.924 -2.028 9.477
12-31 15:19:56.648 1087 1382 D InputReader: Input event(9): value=1 when=74910.824116
12-31 15:19:56.649 1087 1382 D KeyCombinationManager: Can not stop SystemLockTaskMode. lockTaskModeEnabled=false touchExplorationEnabled=false interactionControlEnabled=false
12-31 15:19:56.649 1087 1382 D WindowManager: interceptKeyTq s_result=1
12-31 15:19:56.651 1087 1381 I InputDispatcher: Delivering key to (28370): B action: 0x0 (0), f=0x8, m=0x0, d=0, 'f474a75'
12-31 15:19:56.653 9733 9733 I HBD : a skip onKeyDown as physical keyboard not connected
12-31 15:19:56.653 9733 9733 I HBD : HoneyBoardService onKeyDown consumed:false
12-31 15:19:56.654 28370 28370 I ViewRootImpl@b6080a8[Camera]: ViewPostIme key 0
12-31 15:19:56.654 28370 28370 I Camera11: stopInactivityTimer
12-31 15:19:56.654 28370 28370 I Camera11: startInactivityTimer
12-31 15:19:56.655 28370 28370 I PopupLayerView: hideAllPopup
12-31 15:19:56.695 1087 5564 I EDMNativeHelperService: isCameraEnabled
12-31 15:19:56.695 1087 5564 D EDMNativeHelper: isCameraEnabled
12-31 15:19:56.696 1087 5564 D EDMNativeHelper: checking for camera in EnterpriseDeviceManagerService
12-31 15:19:56.696 1087 5564 D EnterpriseDeviceManagerService: isCameraEnabledNative
12-31 15:19:56.696 1087 5564 D EnterpriseDeviceManagerService: checking for camera in restriction policy
12-31 15:19:56.696 1087 5564 D RestrictionPolicy: isCameraEnabled ret(true) userId(0) cxtInfo.mCallerUid(10098) cxtInfo.mContainerId(0)
12-31 15:19:56.816 1087 1382 D InputReader: Input event(9): value=0 when=74910.992110
12-31 15:19:56.816 1087 1382 D WindowManager: interceptKeyTq s_result=1
12-31 15:19:56.817 1087 1381 I InputDispatcher: Delivering key to (28370): B action: 0x1 (0), f=0x8, m=0x0, d=0, 'f474a75'
12-31 15:19:56.818 9733 9733 I HBD : HoneyBoardService onKeyUp consumed:false
12-31 15:19:56.818 28370 28370 I ViewRootImpl@b6080a8[Camera]: ViewPostIme key 1
12-31 15:19:56.818 28370 28370 I Camera11: stopInactivityTimer
12-31 15:19:56.818 28370 28370 I Camera11: startInactivityTimer
12-31 15:19:56.821 1087 5564 D InputDispatcher: Focused application set to (0): 40d61d4
12-31 15:19:56.822 1087 5564 V WindowManager: Changing focus from Window{f474a75 u0 com.sec.android.app.camera/com.sec.android.app.camera.Camera} to null displayId=0 Callers=com.android.server.wm.RootWindowContainer.updateFocusedWindowLocked:575 com.android.server.wm.WindowManagerService.updateFocusedWindowLocked:6338 com.android.server.wm.DisplayContent.setFocusedApp:6972 com.android.server.wm.ActivityTaskManagerService.setResumedActivityUncheckLocked:6786
12-31 15:19:56.822 1087 5564 D StatusBarManagerService: notifyRequestedSystemKey recent=false home=false
12-31 15:19:56.822 1087 5564 D GameManagerService: TaskStackListener.onTaskFocusChanged(), taskId=123, focused=true
12-31 15:19:56.822 1087 1389 D GameManagerService: onLooperPrepared(), msg: MSG_TASK_FOCUSED, focusedComponent: ComponentInfo{com.sec.android.app.launcher/com.sec.android.app.launcher.activities.LauncherActivity}
12-31 15:19:56.822 1087 1389 D GameManagerService: handleTaskFocused().
12-31 15:19:56.822 1087 1389 D GameManagerService: sendFocusOutConditionally() - mPrevNotiPackage: (unknown)
12-31 15:19:56.822 1087 1389 D GameManagerService: handleTaskFocused(), pkgName: com.sec.android.app.launcher, clsName: com.sec.android.app.launcher.activities.LauncherActivity, userID:0
12-31 15:19:56.822 1087 5564 V WindowManager: Prepare app transition: transit=TRANSIT_TASK_CLOSE mNextAppTransition=TRANSIT_UNSET alwaysKeepCurrent=false displayId=0 Callers=com.android.server.wm.DisplayContent.prepareAppTransition:5990 com.android.server.wm.DisplayContent.prepareAppTransition:5984 com.android.server.wm.ActivityRecord.finishIfPossible:3560 com.android.server.wm.ActivityTaskManagerService.finishActivity:2462 android.app.IActivityTaskManager$Stub.onTransact:2212
12-31 15:19:56.835 695 901 D gralloc : [mali_gralloc_allocate] begin
12-31 15:19:56.836 695 901 D gralloc : buffer_descriptor: wh(1920 1200) usage_pc(0x40000000000300 0x40000000000300) hal_format(0x1) layer_count(1) sizes(0 0 0) strde(0) byte_stride(0) alloc_wh(0 0) internal_format(0x0) alloc_format(0x0) fd_count(1) plane_count(0)
12-31 15:19:56.838 1087 8160 D SamsungAlarmManager: Cancel Alarm calling from uid:10207 pid :21972 / OP:PendingIntent{b90138e: PendingIntentRecord{6c554fb com.google.android.gms/com.google.android.gms.tron broadcastIntent}}
12-31 15:19:56.840 1087 8160 I SamsungAlarmManager: setLocked to kernel - T:2 / 20211231T152100, set=824321399, now=824257668
12-31 15:19:56.841 1087 8160 I SamsungAlarmManager: setLocked to kernel - T:3 / 20211231T152000, set=824260828, now=824257669
12-31 15:19:56.841 695 901 D gralloc : [mali_gralloc_allocate] allocation successful
12-31 15:19:56.844 1087 1431 E FrameEvents: updateAcquireFence: Did not find frame.
12-31 15:19:56.845 1087 1431 E BufferQueueProducer: [ImageReader-1920x1200f1u256m2-1087-14](id:43f00000092,api:0,p:-1,c:1087) disconnect: not connected (req=1)
12-31 15:19:56.845 1087 1431 W libEGL : EGLNativeWindowType 0x77c0a58010 disconnect failed
12-31 15:19:56.849 28370 28370 I Camera11: onTopResumedActivityChanged : isTopResumedActivity=false, com.sec.android.app.camera.Camera@fc537b1
12-31 15:19:56.850 28370 28370 I CameraPerformance: Exit - LayerManagerPresenter stop : Start[1640960396850]
12-31 15:19:56.852 28370 28370 I PopupLayerView: hideAllPopup
12-31 15:19:56.852 28370 28370 I CameraPerformance: Exit - LayerManagerPresenter stop : End[1640960396852] [2]
12-31 15:19:56.852 28370 28370 I CameraPerformance: Exit - onPause : Start[1640960396852]
12-31 15:19:56.852 5618 5656 E TaskStackListenerAbstract: onTaskSnapshotChanged called by Binder.getCallingPid() 0 android.app.ITaskStackListener$Stub.onTransact:587 android.os.Binder.execTransactInternal:1195 android.os.Binder.execTransact:1159
12-31 15:19:56.853 1087 5564 V WindowManager: Setting visibility of Window{3599617 u0 com.samsung.android.app.spage}: true, caller=com.android.server.wm.WindowContainer.sendAppVisibilityToClients:1044 com.android.server.wm.WindowState.sendAppVisibilityToClients:3854 com.android.server.wm.WindowContainer.sendAppVisibilityToClients:1044 com.android.server.wm.ActivityRecord.setClientVisible:6922 com.android.server.wm.ActivityRecord.setVisibility:5291 com.android.server.wm.ActivityRecord.setVisibility:5189 com.android.server.wm.ActivityRecord.makeVisibleIfNeeded:5855 com.android.server.wm.EnsureActivitiesVisibleHelper.setActivityVisibilityState:213 com.android.server.wm.EnsureActivitiesVisibleHelper.lambda$Bbb3nMFa3F8er_OBuKA7-SpeSKo:0 com.android.server.wm.-$$Lambda$EnsureActivitiesVisibleHelper$Bbb3nMFa3F8er_OBuKA7-SpeSKo.accept:12 com.android.internal.util.function.pooled.PooledLambdaImpl.doInvoke:307 com.android.internal.util.function.pooled.PooledLambdaImpl.invoke:201 com.android.internal.util.function.pooled.OmniFunction.accept:92 com.android.server.wm.ActivityRecord.forAllActivities:4706
12-31 15:19:56.853 1087 5564 V WindowManager: Setting visibility of Window{3fb5849 u0 com.sec.android.app.launcher/com.sec.android.app.launcher.activities.LauncherActivity}: true, caller=com.android.server.wm.WindowContainer.sendAppVisibilityToClients:1044 com.android.server.wm.ActivityRecord.setClientVisible:6922 com.android.server.wm.ActivityRecord.setVisibility:5291 com.android.server.wm.ActivityRecord.setVisibility:5189 com.android.server.wm.ActivityRecord.makeVisibleIfNeeded:5855 com.android.server.wm.EnsureActivitiesVisibleHelper.setActivityVisibilityState:213 com.android.server.wm.EnsureActivitiesVisibleHelper.lambda$Bbb3nMFa3F8er_OBuKA7-SpeSKo:0 com.android.server.wm.-$$Lambda$EnsureActivitiesVisibleHelper$Bbb3nMFa3F8er_OBuKA7-SpeSKo.accept:12 com.android.internal.util.function.pooled.PooledLambdaImpl.doInvoke:307 com.android.internal.util.function.pooled.PooledLambdaImpl.invoke:201 com.android.internal.util.function.pooled.OmniFunction.accept:92 com.android.server.wm.ActivityRecord.forAllActivities:4706 com.android.server.wm.WindowContainer.forAllActivities:1477 com.android.server.wm.WindowContainer.forAllActivities:1477
12-31 15:19:56.853 1087 5564 D MARsPolicyManager: onPackageResumedFG pkgName = com.sec.android.app.launcher, userId = 0
12-31 15:19:56.853 1087 5564 V MARsPolicyManager: Current Home Package com.sec.android.app.launcher Resumed
12-31 15:19:56.854 1087 5564 D WindowManager: setKeyguardOccluded occluded=false
12-31 15:19:56.854 1087 5564 V KeyguardServiceDelegate: setOccluded(false) animate=false
12-31 15:19:56.854 1087 1391 V ActivityManager: Changed top to 10125,ProcessRecord{42f70a2 9202:com.sec.android.app.launcher/u0a125}
12-31 15:19:56.854 28370 28370 I RecordingManagerImpl: stop
12-31 15:19:56.854 28370 28370 I RequestQueue: prepareToStop : RequestLock - isLocked = false
12-31 15:19:56.854 28370 28370 I RequestQueue: interruptCurrentRequest
12-31 15:19:56.854 28370 28370 I RequestQueue: interruptCurrentRequest : current request = -1, interruptible = true
12-31 15:19:56.854 28370 28370 I RequestQueue: prepareToStop : shutdownNow
12-31 15:19:56.854 28370 28370 I RequestQueue: prepareToStop : Queue size = 0 []
12-31 15:19:56.854 28370 28370 I RequestQueue: prepareToStop : awaitTermination
12-31 15:19:56.855 28370 28370 I RequestQueue: prepareToStop : awaitTermination = true
12-31 15:19:56.855 28370 28370 I PictureProcessor: release : true
12-31 15:19:56.855 707 707 I HYPER-HAL: [ResourceManager.cpp]getResourceManager(): Resouce not supported on this device - resourceID : 0x10002003
12-31 15:19:56.855 707 707 E HYPER-HAL: [HyPerManager.cpp]getSupportedFrequency(): mRscManager is NULL
12-31 15:19:56.855 707 707 E HYPER-HAL: [HyPer.cpp]getSupportedFrequency(): AIDL getTable is NULL
12-31 15:19:56.855 28370 28370 I CameraPerformance: ShootingMode - onInactivate(Photo) : Start[1640960396855]
12-31 15:19:56.856 713 2902 I ExynosCameraFrameManager: [CAM(0)][RUNNING FRAME WORKER]-(workerMain[952]): wait and pop fail, ret(-110)
12-31 15:19:56.856 5618 5654 D KeyguardViewMediator: setOccluded false
12-31 15:19:56.856 5618 5618 D KeyguardViewMediator: handleMessage 9
12-31 15:19:56.856 28370 2866 W DvfsManager: supportedCPUCoreTable is null
12-31 15:19:56.856 5618 5618 D KeyguardWallpaperController: onOccluded() false
12-31 15:19:56.856 5618 5618 D KeyguardWallpaperController: mIsKeyguardShowing=false, mOccluded=false, match_parent=true
12-31 15:19:56.857 5618 5618 D ScrimController: setScrimAlphaForKeyguard mIsWhiteKeyguardWallpaper = false mScrimAlphaForKeyguard = 0.3 mScrimBouncerColor = #ff000000
12-31 15:19:56.857 28370 2866 I SemDvfsHyPerManager: acquire hyper - TEMP_CPU_FREQ_MIN/28370@14, type = 301993985
12-31 15:19:56.857 5618 5618 D StatusBar: disable disable2
12-31 15:19:56.857 9202 9202 W Launcher: onConfigurationChanged. newConfig : {1.0 ?mcc?mnc [en_GB] ldltr sw600dp w960dp h576dp 320dpi lrg land finger -keyb/v/h -nav/h winConfig={ mBounds=Rect(0, 0 - 1920, 1200) mAppBounds=Rect(0, 0 - 1920, 1200) mWindowingMode=fullscreen mDisplayWindowingMode=fullscreen mActivityType=home mAlwaysOnTop=undefined mRotation=ROTATION_90} s.170 desktop/d dc/d ?dcui ?dcaf enb/d bts=0 ff=0 bf=0 themeSeq=0}
12-31 15:19:56.857 28370 2866 I SemDvfsHyPerManager: acquire hyper - TEMP_CORE_NUM_MIN/28370@13, type = 268443651
12-31 15:19:56.857 9202 9202 I IDP : isDisplayTypeChanged [-1,0]->-1
12-31 15:19:56.857 9202 9202 I ConfigurationWrapper: getChangePinMode mExtraNavBarEnabled = 1
12-31 15:19:56.857 9202 9202 I ConfigurationWrapper: getChangePinMode extraNavMode = 1
12-31 15:19:56.857 9202 9202 I Launcher: onConfigurationChanged isDisplayTypeChange = true, mChangedEdgePinMode = false
12-31 15:19:56.857 707 707 I HYPER-HAL: [ResourceManager.cpp]getResourceManager(): Resouce not supported on this device - resourceID : 0x10002003
12-31 15:19:56.857 707 707 E HYPER-HAL: [HyPerManager.cpp]getSupportedFrequency(): mRscManager is NULL
12-31 15:19:56.857 707 707 E HYPER-HAL: [HyPer.cpp]getSupportedFrequency(): AIDL getTable is NULL
12-31 15:19:56.857 5618 5618 D NotificationShadeWindowController: shade Blurred dim Amount : 0
12-31 15:19:56.857 28370 2866 I SemDvfsHyPerManager: acquire hyper - com.sec.android.app.camera/28370@15, type = 268447744
12-31 15:19:56.857 9202 9202 E Dimension: clear
12-31 15:19:56.857 9202 9202 E ResourceLoader: Not Supported!
12-31 15:19:56.857 9202 9202 I Launcher.AppsContainerView: onDeviceProfileChanged
12-31 15:19:56.857 28370 28370 I ZoomPresenter: refreshProperty zoomCategory: NOT_SUPPORT, supportUiSet: [], zoomPositionType:NORMAL, buttonList: [], defaultButtonValue: -1
12-31 15:19:56.858 5618 5618 D KeyguardViewMediator: adjustStatusBarLocked: no need to update flags=0x0 / showHomeOverLock=true
12-31 15:19:56.858 1087 6854 V WifiDisplayAdapter: getWifiDisplayStatusLocked: result=WifiDisplayStatus{featureState=2, scanState=0, activeDisplayState=0, activeDisplay=null, displays=[], sessionInfo=WifiDisplaySessionInfo:
12-31 15:19:56.858 1087 6854 V WifiDisplayAdapter: Client/Owner: Client
12-31 15:19:56.858 1087 6854 V WifiDisplayAdapter: GroupId:
12-31 15:19:56.858 1087 6854 V WifiDisplayAdapter: SessionId: 0, connectedState=-1}
12-31 15:19:56.858 1087 5668 D PowerManagerService: [api] userActivity : event: 0 flags: 0 (uid: 10062 pid: 5618) eventTime = 74911034
12-31 15:19:56.858 707 732 I HYPER-HAL: [RequestManager.cpp]acquire(): Acquired ID : 402839934 [28370 / 14] HINT : list : [CPUMinFreq / 1586000] [TIMEOUT / 5000]
12-31 15:19:56.858 707 732 I HYPER-HAL: [ResourceManager.cpp]updateResource(): [CPUMinFreq] UpdateResource Request ID : 402839934 Value : 1586000
12-31 15:19:56.858 1087 5668 V WifiDisplayAdapter: getWifiDisplayStatusLocked: result=WifiDisplayStatus{featureState=2, scanState=0, activeDisplayState=0, activeDisplay=null, displays=[], sessionInfo=WifiDisplaySessionInfo:
12-31 15:19:56.858 1087 5668 V WifiDisplayAdapter: Client/Owner: Client
12-31 15:19:56.858 1087 5668 V WifiDisplayAdapter: GroupId:
12-31 15:19:56.858 1087 5668 V WifiDisplayAdapter: SessionId: 0, connectedState=-1}
12-31 15:19:56.858 707 732 I HYPER-HAL: [RequestManager.cpp]acquire(): Acquired ID : 402868320 [28370 / 15] HINT : list : [LPMDisable / 1] [TIMEOUT / 5000]
12-31 15:19:56.859 707 732 E HYPER-HAL: [HandlerSysfs.cpp]doResourceHandling(): Couldn't Open Sysfs - /sys/power/cstate_control
12-31 15:19:56.860 28370 28370 I KeyScreenLayerPresenter: onHideViewRequested mBitMarker ffffffbf mBitMarkerForViewVisibility ffffffff
12-31 15:19:56.860 28370 28370 I PopupLayerView: hideAllPopup
12-31 15:19:56.860 9202 9202 W Launcher.Hotseat: updateHotseatIconSize hotseatVisibleCellCount = 5 hotseatIconSizePx = 117 hotseatCellHeightPx = 117 hotseatBarSizePx = 136
12-31 15:19:56.860 28370 28370 I RequestQueue: addRequest : SET_PRIVATE_SETTING, enable_qr_code_detection : false
12-31 15:19:56.860 9202 9202 I Launcher.Workspace: setInsets(), workspacePadding : Rect(130, 95 - 130, 163), spacing: 276
12-31 15:19:56.860 28370 28370 I RequestQueue: beforeExecute : SET_PRIVATE_SETTING(5600)
12-31 15:19:56.860 28370 28370 I RequestQueue: [5600] []
12-31 15:19:56.860 28370 28370 I Request : SetPrivateSettingRequest - Start
12-31 15:19:56.861 28370 28370 I Request : execute key = MakerPrivateKey(enable_qr_code_detection) value = false
12-31 15:19:56.861 28370 28370 I SaivQRCodeNode: deinitialize
12-31 15:19:56.862 766 766 D RefreshRateConfigs: primary refresh rates: 1200_60fps
12-31 15:19:56.862 766 766 D RefreshRateConfigs: app request refresh rates: 1200_60fps
12-31 15:19:56.862 766 766 D SurfaceFlinger: Setting desired display config specs: defaultConfig: 0 primaryRange: [0 120] expandedRange: [0 120]
12-31 15:19:56.862 766 766 D Scheduler: onPrimaryDisplayConfigChanged to 0
12-31 15:19:56.863 1087 8160 D SamsungAlarmManager: setInexact (T:3/F:0/AC:false) 20211231T220423 now=824257691 - CU:10207/CP:21972/OP:PendingIntent{e944345: PendingIntentRecord{6c554fb com.google.android.gms/com.google.android.gms.tron broadcastIntent}}
12-31 15:19:56.863 1087 8160 I SamsungAlarmManager: setLocked to kernel - T:2 / 20211231T152100, set=824321399, now=824257691
12-31 15:19:56.863 1087 8160 I SamsungAlarmManager: setLocked to kernel - T:3 / 20211231T152000, set=824260828, now=824257691
12-31 15:19:56.864 9202 9202 I AppsLayoutInfo: Landscape : true Tablet : false SmallTablet : true
12-31 15:19:56.864 9202 9202 I AppsLayoutInfo: Landscape : true Tablet : false SmallTablet : true
12-31 15:19:56.864 9202 9202 I SettingsHelper: policy Control Value : null
12-31 15:19:56.864 9202 9202 I AppsLayoutInfo: pageIndicatorBottom : 18
12-31 15:19:56.865 9202 9202 I Launcher.Hotseat: updateCellDimensions : 1200
12-31 15:19:56.865 9202 9202 W Launcher.Hotseat: updateHotseatIconSize hotseatVisibleCellCount = 5 hotseatIconSizePx = 117 hotseatCellHeightPx = 117 hotseatBarSizePx = 136
12-31 15:19:56.866 5618 2544 D IndicatorGardenInputProperty: updateRotation() prv:-1 >> new:1
12-31 15:19:56.866 5618 2544 D DeviceState: getDeviceResolutionPixelSize - currentDensity = 320 deviceDensity = 320 initialDisplaySizeFactor = 1200 currentDisplaySizeFactor = 1200 initialDisplayDensity = 320 proportionalDensity = 320 proportionalPixel = 0
12-31 15:19:56.866 5618 2544 D DeviceState: getDeviceResolutionPixelSize - currentDensity = 320 deviceDensity = 320 initialDisplaySizeFactor = 1200 currentDisplaySizeFactor = 1200 initialDisplayDensity = 320 proportionalDensity = 320 proportionalPixel = 0
12-31 15:19:56.866 5618 2544 D DeviceState: getDeviceResolutionPixelSize - currentDensity = 320 deviceDensity = 320 initialDisplaySizeFactor = 1200 currentDisplaySizeFactor = 1200 initialDisplayDensity = 320 proportionalDensity = 320 proportionalPixel = 0
12-31 15:19:56.867 1087 8160 I InputDispatcher: Focus left window (28370): f474a75 in display 0 0
12-31 15:19:56.868 1087 5668 V WindowManager: Relayout Window{3599617 u0 com.samsung.android.app.spage}: viewVisibility=8 req=0x1872 d0
12-31 15:19:56.869 1087 5668 V WindowManager: rotationForOrientation(orient=SCREEN_ORIENTATION_UNSPECIFIED (-1), last=ROTATION_90 (1)); user=ROTATION_0 (0) USER_ROTATION_LOCKED
12-31 15:19:56.869 1087 5668 D WindowManager: rotationForOrientation, orientationSource=ActivityRecord{40d61d4 u0 com.sec.android.app.launcher/.activities.LauncherActivity t123}
12-31 15:19:56.869 1087 5668 V WindowOrientationListener: getProposedRotation: -1
12-31 15:19:56.869 9202 9202 I PageEditPanel: updatePageEditPanelLayout : 3
12-31 15:19:56.869 9202 9202 I PageEditButton : updateButton
12-31 15:19:56.869 1087 5668 D ActivityTaskManager: applyFixedRotationTransform, r=ActivityRecord{40d61d4 u0 com.sec.android.app.launcher/.activities.LauncherActivity t123}, caller=com.android.server.wm.DisplayContent.startFixedRotationTransform:2026 com.android.server.wm.DisplayContent.setFixedRotationLaunchingApp:1963 com.android.server.wm.DisplayContent.handleTopActivityLaunchingInDifferentOrientation:1880 com.android.server.wm.DisplayContent.updateOrientation:1734 com.android.server.wm.DisplayContent.updateOrientation:1637
12-31 15:19:56.871 1087 5668 I WindowManager: Reparenting to leash, surface=Surface(name=WindowToken{8382aaa android.os.BinderProxy@c5ab54c})/@0xe88158f, leashParent=Surface(name=Leaf:17:34)/@0xd7062b6
12-31 15:19:56.871 9202 9202 I PageEditButton : updateButton
12-31 15:19:56.871 766 1470 I SurfaceFlinger: id=6409 createSurf (0x0),-1 flag=24000, Surface(name=WindowToken{8382aaa android.os.BinderProxy@c5ab54c})/@0xe88158f - animation-leash#0
12-31 15:19:56.872 9202 9202 I PageEditButton : updateButton
12-31 15:19:56.872 1087 5668 D WindowManager: makeSurface duration=2 leash=Surface(name=Surface(name=WindowToken{8382aaa android.os.BinderProxy@c5ab54c})/@0xe88158f - animation-leash)/@0xfef63a8
12-31 15:19:56.873 1087 5668 D WindowManager: setFixedRotationLaunchingAppUnchecked, rotation=0, r=ActivityRecord{40d61d4 u0 com.sec.android.app.launcher/.activities.LauncherActivity t123}, caller=com.android.server.wm.DisplayContent.setFixedRotationLaunchingApp:1965 com.android.server.wm.DisplayContent.handleTopActivityLaunchingInDifferentOrientation:1880 com.android.server.wm.DisplayContent.updateOrientation:1734 com.android.server.wm.DisplayContent.updateOrientation:1637 com.android.server.wm.WindowManagerService.relayoutWindow:2755
12-31 15:19:56.873 9202 9202 I PageEditButton : updateButton
12-31 15:19:56.874 9202 9202 I DefaultPageIcon: DefaultPageIcon width : 35 height : 35
12-31 15:19:56.875 1087 5668 V WindowManager: Relayout hash=3599617, pid=22439: mAttrs={(0,0)(0xfill) sim={adjust=pan} ty=APPLICATION_PANEL fmt=RGBA_8888
12-31 15:19:56.875 1087 5668 V WindowManager: fl=1000018
12-31 15:19:56.875 1087 5668 V WindowManager: pfl=2000040
12-31 15:19:56.875 1087 5668 V WindowManager: fitTypes=STATUS_BARS NAVIGATION_BARS CAPTION_BAR IME naviIconColor=0}
12-31 15:19:56.876 9202 9202 I AppsLayoutInfo: Landscape : true Tablet : false SmallTablet : true
12-31 15:19:56.876 22439 22439 I SurfaceControl: assignNativeObject: nativeObject = 0 Surface(name=null)/@0xb21aaa8 / android.view.SurfaceControl.readFromParcel:1117 android.view.IWindowSession$Stub$Proxy.relayout:1810 android.view.ViewRootImpl.relayoutWindow:9130 android.view.ViewRootImpl.performTraversals:3420 android.view.ViewRootImpl.doTraversal:2669 android.view.ViewRootImpl$TraversalRunnable.run:10092 android.view.Choreographer$CallbackRecord.run:1010 android.view.Choreographer.doCallbacks:809 android.view.Choreographer.doFrame:744 android.view.Choreographer$FrameDisplayEventReceiver.run:995
12-31 15:19:56.876 9202 9202 I AppsLayoutInfo: Landscape : true Tablet : false SmallTablet : true
12-31 15:19:56.876 9202 9202 I SettingsHelper: policy Control Value : null
12-31 15:19:56.876 9202 9202 I AppsLayoutInfo: pageIndicatorBottom : 18
12-31 15:19:56.877 22439 22439 I SurfaceControl: assignNativeObject: nativeObject = 0 Surface(name=null)/@0x54509c1 / android.view.SurfaceControl.readFromParcel:1117 android.view.IWindowSession$Stub$Proxy.relayout:1820 android.view.ViewRootImpl.relayoutWindow:9130 android.view.ViewRootImpl.performTraversals:3420 android.view.ViewRootImpl.doTraversal:2669 android.view.ViewRootImpl$TraversalRunnable.run:10092 android.view.Choreographer$CallbackRecord.run:1010 android.view.Choreographer.doCallbacks:809 android.view.Choreographer.doFrame:744 android.view.Choreographer$FrameDisplayEventReceiver.run:995
12-31 15:19:56.877 22439 22439 I ViewRootImpl@47c528e[]: Relayout returned: old=(600,48,600,1920) new=(600,48,600,1920) req=(0,1872)8 dur=13 res=0x1 s={false 0} ch=false fn=-1
12-31 15:19:56.878 9202 9202 W HsDeviceProfile: mFixedLargeSize: 1920, iconSizePx: 117, iconTextSizePx: 30, fontScale: 1.0, fontSize : 2, iconDrawablePaddingPx: 3, isLandscape: true, invIconSizeRatio home: 6.1
12-31 15:19:56.878 9202 9202 W HsDeviceProfile: invIconSizeRatio apps: 6.1
12-31 15:19:56.878 5618 5618 I ImageWallpaper: onFixedRotationStarted 0 , {1.0 ?mcc?mnc [en_GB] ldltr sw600dp w960dp h576dp 320dpi lrg land finger -keyb/v/h -nav/h winConfig={ mBounds=Rect(0, 0 - 1920, 1200) mAppBounds=Rect(0, 0 - 1920, 1200) mWindowingMode=fullscreen mDisplayWindowingMode=fullscreen mActivityType=undefined mAlwaysOnTop=undefined mRotation=ROTATION_90} s.4773 desktop/d ?dc ?dcui ?dcaf enb/d bts=0 ff=0 bf=0 themeSeq=0}
12-31 15:19:56.878 9202 9275 I Launcher.BaseIconFactory: mIconBitmapSize = 122, fillResIconDpi: 640
12-31 15:19:56.881 9202 9202 I AppsLayoutInfo: Landscape : true Tablet : false SmallTablet : true
12-31 15:19:56.881 9202 9202 I AppsLayoutInfo: Landscape : true Tablet : false SmallTablet : true
12-31 15:19:56.881 9202 9202 I SettingsHelper: policy Control Value : null
12-31 15:19:56.881 9202 9202 I AppsLayoutInfo: pageIndicatorBottom : 18
12-31 15:19:56.882 9202 9202 I Launcher.AppsPagedView: setLayout(), l: 134, r: 134, b: 69, spacing: 270
12-31 15:19:56.882 9202 9202 I SuggestedAppsViewImpl: calculate 269-136 layout : 1644
12-31 15:19:56.884 9202 9202 I MultiSelectPanel: changeColorForBg - isDarkMode : false, isDarkFont : false
12-31 15:19:56.887 9202 9202 I AppsTransitionController: setState - toState : AllApps
12-31 15:19:56.888 9202 9202 W AppsTransitionController: locate app failed, bundle: null
12-31 15:19:56.888 9202 9202 I BlurOperator: progress = 1.0, mBlurProgress = 1.0, forced = false, mForced = false
12-31 15:19:56.888 9202 9202 I BlurOperator: mSetTime = 1640960371817, currentTimeMs = 1640960396888
12-31 15:19:56.888 9202 9202 I BlurOperator: blurAmount = 0.125, mBgBlurAmount = 0.125, show = true, mPreBlur = 0.125, mDuration = 0
12-31 15:19:56.888 28370 2868 W CommonEngine: postToUiThread : Can't handle runnable.
12-31 15:19:56.896 1087 5531 I ChimeraAggressivePolicyHandler: executePolicy() - triggerSource: TRIGGER_SOURCE_LMKD
12-31 15:19:56.896 9202 9202 I StateManager: reapplyState mStateChanged is false
12-31 15:19:56.897 9202 9202 I Launcher.Model: StartLoader : visibleScreenType = 0
12-31 15:19:56.897 9202 9202 I Launcher.Model: clearDeferredLoadingFlag
12-31 15:19:56.897 9202 9202 I Launcher.Model: startLoader : callback length = 1
12-31 15:19:56.897 1087 5531 I ChimeraAggressivePolicyHandler: available memory: 888784, free memory target: 645120, quit chimera
12-31 15:19:56.898 9202 9202 I Launcher.Model: LauncherModel : StartLoader> bind
12-31 15:19:56.898 9202 9202 I MultiThreadLoaderResults: bindWorkspaceScreen : screenId = 1, isFirstPageBind = true, synchronousBindPage = 1, FullSyncBindPageScreenId = -1
12-31 15:19:56.898 9202 9202 I MultiThreadLoaderResults: executeCallbacksTask!
12-31 15:19:56.898 9202 9202 I MultiThreadLoaderResults: prepareFirstBind: callback id = 96924608
12-31 15:19:56.898 9202 9202 I Launcher: collectWorkspaceScreens, size : 2
12-31 15:19:56.898 9202 9202 I Launcher: collectWorkspaceScreens, 0
12-31 15:19:56.898 9202 9202 I Launcher: collectWorkspaceScreens, 1
12-31 15:19:56.899 9202 9202 I DragController: endDrag
12-31 15:19:56.899 9202 9202 I Launcher: startBinding clear Widget Views
12-31 15:19:56.899 9202 9202 I Launcher.Hotseat: setGridSize : 8
12-31 15:19:56.899 9202 9202 I Launcher.Hotseat: updateCellDimensions : 1200
12-31 15:19:56.899 9202 9202 W Launcher.Hotseat: updateHotseatIconSize hotseatVisibleCellCount = 8 hotseatIconSizePx = 117 hotseatCellHeightPx = 117 hotseatBarSizePx = 136
12-31 15:19:56.900 9202 9202 I Launcher: setHotseatCount, hotseatItemCount = 5
12-31 15:19:56.900 9202 9202 I Launcher.Hotseat: setGridSize : 5
12-31 15:19:56.900 9202 9202 I Launcher.Hotseat: updateCellDimensions : 1200
12-31 15:19:56.900 9202 9202 W Launcher.Hotseat: updateHotseatIconSize hotseatVisibleCellCount = 5 hotseatIconSizePx = 117 hotseatCellHeightPx = 117 hotseatBarSizePx = 136
12-31 15:19:56.902 821 2885 I Camera3-Device: Watchdog...
12-31 15:19:56.906 9202 9202 I MultiThreadLoaderResults: bindWorkspaceItems
12-31 15:19:56.906 9202 9202 I MultiThreadLoaderResults: executeCallbacksTask!
12-31 15:19:56.906 9202 9202 I MultiThreadLoaderResults: bindWorkspaceItems[remained]: executeCallbacksTask,callback id = 96924608, screen = -1010
12-31 15:19:56.909 9202 9202 I LiveIconViewUpdater: onUpdateLiveIcon 28
12-31 15:19:56.909 9202 9202 E libprocessgroup: set_timerslack_ns write failed: Operation not permitted
12-31 15:19:56.910 9202 9202 I LiveIconViewUpdater: onUpdateLiveIcon 28
12-31 15:19:56.910 9202 9202 I FolderIconView: onLoadedFromViewHolder : 20
12-31 15:19:56.911 9202 9202 I AppIconSolution: getThemeIconWithBG called with public API, pkg = null
12-31 15:19:56.912 9202 9202 I AppIconSolution: start to load, pkg=null, bg=192-192, dr=175-175, forDefault=true, density=0
12-31 15:19:56.912 9202 9202 I AppIconSolution: getIconScale, pkg=null, size=175, iconScale=IconScale[alpha=0, scale=1.0, isCrop=true]
12-31 15:19:56.914 9202 9202 I AppIconSolution: default container[CROP], pkg=null, bg=175-175, dr=175-175
12-31 15:19:56.916 9202 9202 W Launcher.Hotseat: updateHotseatIconSize hotseatVisibleCellCount = 5 hotseatIconSizePx = 117 hotseatCellHeightPx = 117 hotseatBarSizePx = 136
12-31 15:19:56.916 9202 9202 I MultiThreadLoaderResults: executeCallbacksTask!
12-31 15:19:56.916 9202 9202 I Launcher: !@Boot_DEBUG: Launcher - FinishFirstBind
12-31 15:19:56.916 9202 9202 I Launcher: !@Boot_EBS_D: Launcher - FinishFirstBind
12-31 15:19:56.917 9202 9202 I MultiThreadLoaderResults: executeCallbacksTask!
12-31 15:19:56.920 9202 9202 I Launcher: collectWorkspaceScreens, size : 2
12-31 15:19:56.920 9202 9202 I Launcher: collectWorkspaceScreens, 0
12-31 15:19:56.920 9202 9202 I Launcher: collectWorkspaceScreens, 1
12-31 15:19:56.920 9202 9202 I MultiThreadLoaderResults: bindWorkspaceScreen : screenId = 0, isFirstPageBind = false, synchronousBindPage = 1, FullSyncBindPageScreenId = -1
12-31 15:19:56.920 9202 9202 I MultiThreadLoaderResults: bindWorkspaceItems
12-31 15:19:56.920 9202 9202 I MultiThreadLoaderResults: executeCallbacksTask!
12-31 15:19:56.920 9202 9202 E libprocessgroup: set_timerslack_ns write failed: Operation not permitted
12-31 15:19:56.920 9202 9202 I MultiThreadLoaderResults: executeCallbacksTask!
12-31 15:19:56.921 9202 9202 I MultiThreadLoaderResults: executeCallbacksTask!
12-31 15:19:56.921 9202 9202 I MultiThreadLoaderResults: executeCallbacksTask!
12-31 15:19:56.921 9202 9202 I MultiThreadLoaderResults: executeCallbacksTask!
12-31 15:19:56.921 1087 1087 I Pageboost: package null
12-31 15:19:56.922 6251 6251 E pageboostd: Received HALT command code 2
12-31 15:19:56.923 9202 9202 I MultiThreadLoaderResults: executeCallbacksTask!
12-31 15:19:56.924 9202 9202 I DecorView: [INFO] isPopOver=false, config=true
12-31 15:19:56.924 9202 9202 I DecorView: updateCaptionType >> DecorView@85920c3[LauncherActivity], isFloating=false, isApplication=true, hasWindowDecorCaption=false, hasWindowControllerCallback=true
12-31 15:19:56.925 22439 22462 I PageOverlayServiceImpl: [FROM HOME] onConfigurationChanged : {1.0 ?mcc?mnc [en_GB] ldltr sw600dp w960dp h576dp 320dpi lrg land finger -keyb/v/h -nav/h winConfig={ mBounds=Rect(0, 0 - 1920, 1200) mAppBounds=Rect(0, 0 - 1920, 1200) mWindowingMode=fullscreen mDisplayWindowingMode=fullscreen mActivityType=home mAlwaysOnTop=undefined mRotation=ROTATION_90} s.170 desktop/d dc/d ?dcui ?dcaf enb/d bts=0 ff=0 bf=0 themeSeq=0}
12-31 15:19:56.926 22439 22439 I PageOverlayServiceImpl: onConfigurationChanged PageView x : -1920
12-31 15:19:56.926 22439 22439 I PageOverlayCoordinator: onUiConfigurationChanged pending
12-31 15:19:56.926 22439 22439 I PageOverlayRootLayout: onUiConfigurationChanged pending
12-31 15:19:56.926 9202 9202 I Launcher.AppsContainerView: onConfigurationChanged
12-31 15:19:56.926 9202 9202 I RecentsView: orientation 2 rotation 1
12-31 15:19:56.926 9202 9202 I RecentsOrientedState: setRecentsRotation 1
12-31 15:19:56.926 9202 9202 I RecentsOrientedState: current RecentsOrientedState: [this=RecentsOrientedState@aa1cfae mOrientationHandler=PortraitPagedViewHandler@2c0a14f mDisplayRotation=0 mTouchRotation=0 mRecentsActivityRotation=1 isRecentsActivityRotationAllowed=true mSystemRotation=false mFlags=293]
12-31 15:19:56.927 9202 9202 W SuggestedAppsViewImpl: onConfigurationChanged
12-31 15:19:56.927 9202 9202 W SuggestedAppsViewImpl: updateIconViews count: 6
12-31 15:19:56.927 9202 9202 I SuggestedAppsViewImpl: updateItemsInternal animate : false, alpha: 0.0, visibility: 8, overview: false, isFallbackHidingEvent: false
12-31 15:19:56.927 9202 9202 I SuggestedAppsViewImpl: calculate 269-136 layout : 1644
12-31 15:19:56.927 9202 9202 W SuggestedAppsViewImpl: setGridSize 6x1
12-31 15:19:56.927 9202 9202 W SuggestedAppsBinder: bindItems 6
12-31 15:19:56.927 9202 9202 I IconView: applyDotState itemInfo : Gmail display : 7 count : 6
12-31 15:19:56.928 9202 9202 I LiveIconViewUpdater: onUpdateLiveIcon -1
12-31 15:19:56.928 9202 9202 I LiveIconViewUpdater: onUpdateLiveIcon -1
12-31 15:19:56.928 9202 9202 I IconView: applyDotState itemInfo : YouTube display : 7 count : 520
12-31 15:19:56.929 9202 9202 I RecentsView: onConfigurationChanged 1
12-31 15:19:56.930 1087 8160 V WindowManager: Relayout Window{3fb5849 u0 com.sec.android.app.launcher/com.sec.android.app.launcher.activities.LauncherActivity}: viewVisibility=4 req=1200x1920 d0
12-31 15:19:56.932 1087 8160 V WindowManager: Relayout hash=3fb5849, pid=9202: mAttrs={(0,0)(fillxfill) sim={adjust=nothing} layoutInDisplayCutoutMode=shortEdges ty=BASE_APPLICATION fmt=TRANSPARENT wanim=0x10302f2
12-31 15:19:56.932 1087 8160 V WindowManager: fl=81910102
12-31 15:19:56.932 1087 8160 V WindowManager: pfl=16020000
12-31 15:19:56.932 1087 8160 V WindowManager: vsysui=1700
12-31 15:19:56.932 1087 8160 V WindowManager: bhv=SHOW_TRANSIENT_BARS_BY_SWIPE
12-31 15:19:56.932 1087 8160 V WindowManager: fitSides= dimAmount=0.125 dimDuration=1 naviIconColor=0
12-31 15:19:56.932 1087 8160 V WindowManager: sfl=40}
12-31 15:19:56.933 9202 9202 I SurfaceControl: assignNativeObject: nativeObject = 0 Surface(name=null)/@0x1594063 / android.view.SurfaceControl.readFromParcel:1117 android.view.IWindowSession$Stub$Proxy.relayout:1810 android.view.ViewRootImpl.relayoutWindow:9130 android.view.ViewRootImpl.performTraversals:3420 android.view.ViewRootImpl.doTraversal:2669 android.view.ViewRootImpl$TraversalRunnable.run:10092 android.view.Choreographer$CallbackRecord.run:1010 android.view.Choreographer.doCallbacks:809 android.view.Choreographer.doFrame:744 android.view.Choreographer$FrameDisplayEventReceiver.run:995
12-31 15:19:56.933 9202 9202 I SurfaceControl: assignNativeObject: nativeObject = 0 Surface(name=null)/@0x85bb01d / android.view.SurfaceControl.readFromParcel:1117 android.view.IWindowSession$Stub$Proxy.relayout:1820 android.view.ViewRootImpl.relayoutWindow:9130 android.view.ViewRootImpl.performTraversals:3420 android.view.ViewRootImpl.doTraversal:2669 android.view.ViewRootImpl$TraversalRunnable.run:10092 android.view.Choreographer$CallbackRecord.run:1010 android.view.Choreographer.doCallbacks:809 android.view.Choreographer.doFrame:744 android.view.Choreographer$FrameDisplayEventReceiver.run:995
12-31 15:19:56.934 9202 9202 I ViewRootImpl@7c8c68a[LauncherActivity]: Relayout returned: old=(0,0,1200,1920) new=(0,0,1200,1920) req=(1200,1920)4 dur=3 res=0x1 s={false 0} ch=false fn=-1
12-31 15:19:56.937 9202 9202 I SPayUpdater: updateSpayHandler launcher activity is paused false
12-31 15:19:56.938 9202 9202 I MultiThreadLoaderResults: executeAllAppsCallbacksTask: execute! callback id = 96924608
12-31 15:19:56.939 9202 9202 I Launcher.AppsTabsDelegate: onRemoveWorkspacePagedView return, already removed
12-31 15:19:56.939 9202 9202 I MultiThreadLoaderResults: executeAllAppsCallbacksTask: execute! callback id = 96924608
12-31 15:19:56.939 9202 9202 I Launcher.AppsPageDelegate: createPage() null
12-31 15:19:56.940 9202 9202 I Launcher.AppsViewCellLayout: setPadding() : 8, 143, 8, 0
12-31 15:19:56.940 9202 9202 I MultiThreadLoaderResults: executeAllAppsCallbacksTask: execute! callback id = 96924608
12-31 15:19:56.941 9202 9202 I MultiThreadLoaderResults: divideCurrentAndRemainedApps current screen id : 0 plus one screen id : -1
12-31 15:19:56.941 9202 9202 I MultiThreadLoaderResults: bindCurrentAppsScreen() size = 23
12-31 15:19:56.941 9202 9202 I Launcher.AppsContainerView: bindChunkItems() => normal: 23, work: 0, hasWorkApps: false
12-31 15:19:56.941 9202 9202 I FolderIconView: onLoadedFromViewHolder : 29
12-31 15:19:56.942 9202 9202 I AppIconSolution: getThemeIconWithBG called with public API, pkg = null
12-31 15:19:56.943 9202 9202 I AppIconSolution: start to load, pkg=null, bg=192-192, dr=175-175, forDefault=true, density=0
12-31 15:19:56.943 9202 9202 I AppIconSolution: getIconScale, pkg=null, size=175, iconScale=IconScale[alpha=0, scale=1.0, isCrop=true]
12-31 15:19:56.945 9202 9202 I AppIconSolution: default container[CROP], pkg=null, bg=175-175, dr=175-175
12-31 15:19:56.949 9202 9202 I FolderIconView: onLoadedFromViewHolder : 41
12-31 15:19:56.949 9202 9202 I AppIconSolution: getThemeIconWithBG called with public API, pkg = null
12-31 15:19:56.950 9202 9202 I AppIconSolution: start to load, pkg=null, bg=192-192, dr=175-175, forDefault=true, density=0
12-31 15:19:56.951 9202 9202 I AppIconSolution: getIconScale, pkg=null, size=175, iconScale=IconScale[alpha=0, scale=1.0, isCrop=true]
12-31 15:19:56.952 9202 9202 I AppIconSolution: default container[CROP], pkg=null, bg=175-175, dr=175-175
12-31 15:19:56.955 9202 9202 I FolderIconView: onLoadedFromViewHolder : 51
12-31 15:19:56.956 9202 9202 I AppIconSolution: getThemeIconWithBG called with public API, pkg = null
12-31 15:19:56.956 9202 9202 I AppIconSolution: start to load, pkg=null, bg=192-192, dr=175-175, forDefault=true, density=0
12-31 15:19:56.957 9202 9202 I AppIconSolution: getIconScale, pkg=null, size=175, iconScale=IconScale[alpha=0, scale=1.0, isCrop=true]
12-31 15:19:56.960 9202 9202 I AppIconSolution: default container[CROP], pkg=null, bg=175-175, dr=175-175
12-31 15:19:56.970 9202 9202 I LiveIconViewUpdater: onUpdateLiveIcon 61
12-31 15:19:56.970 9202 9202 I LiveIconViewUpdater: onUpdateLiveIcon 61
12-31 15:19:56.971 9202 9202 I LiveIconViewUpdater: onUpdateLiveIcon 63
12-31 15:19:56.971 9202 9202 I LiveIconViewUpdater: onUpdateLiveIcon 63
12-31 15:19:56.976 9202 9202 I Launcher.AppsTabsDelegate: onRemoveWorkspacePagedView return, already removed
12-31 15:19:56.976 9202 9202 I MultiThreadLoaderResults: executeAllAppsCallbacksTask: execute! callback id = 96924608
12-31 15:19:56.977 9202 9202 I MultiThreadLoaderResults: divideCurrentAndRemainedApps current screen id : 0 plus one screen id : -1
12-31 15:19:56.977 9202 9202 I MultiThreadLoaderResults: bindRemainedAppsScreen() otherApps.size = 0
12-31 15:19:56.977 9202 9202 I MultiThreadLoaderResults: executeAllAppsCallbacksTask: execute! callback id = 96924608
12-31 15:19:56.989 28370 2868 W CommonEngine: postToUiThread : Can't handle runnable.
12-31 15:19:57.087 28370 2868 W CommonEngine: postToUiThread : Can't handle runnable.
12-31 15:19:57.094 766 766 I SurfaceFlinger: SFWD update time=74911270174609
12-31 15:19:57.187 28370 2868 W CommonEngine: postToUiThread : Can't handle runnable.
12-31 15:19:57.190 28370 2977 I SRCB_QR : QRBarcodeDecoder.barcodeRecognize fail, cost time 393.903076
12-31 15:19:57.190 28370 2977 W SaivQRCodeNode: processBackgroundPreviewInternal fail - ERROR_ENGINE_FAIL
12-31 15:19:57.191 28370 28370 I SRCB_QR : abortProcess!
12-31 15:19:57.191 28370 28370 I SRCB_QR : Release Engine id 1
12-31 15:19:57.191 28370 28370 I SRCB_QR : QRBarcodeDecoder.release cost time 0.031982
12-31 15:19:57.191 28370 28370 I AutoBeautyPhotoMaker: setRepeatingKey - RepeatingKey - id 2, name QR_CODE_DETECTION, repeatingMode MAIN_PREVIEW_CALLBACK, frameRate RATIO_MAX_PREVIEW_FPS, enable: false
12-31 15:19:57.191 28370 28370 I Request : SetPrivateSettingRequest - End
12-31 15:19:57.191 28370 28370 I RequestQueue: afterExecute : SET_PRIVATE_SETTING(5600)
12-31 15:19:57.191 28370 28370 I RequestQueue: [ ] []
12-31 15:19:57.191 28370 28370 I SettingNotifier: onSettingValueChanged : key=DETECTED_SCENE_EVENT, value=0
12-31 15:19:57.192 28370 28370 I AutoBeautyPhotoMaker: setSceneDetectionInfoCallback - null
12-31 15:19:57.192 28370 28370 I CameraPerformance: ShootingMode - onInactivate(Photo) : End[1640960397192] [337]
12-31 15:19:57.192 28370 28370 I CameraPerformance: Exit - StopEngine : Start[1640960397192]
12-31 15:19:57.193 28370 28370 I MotionPhotoController: stop
12-31 15:19:57.193 28370 28370 I SingleTakeManagerImpl: stop : current status is IDLE
12-31 15:19:57.193 28370 28370 I RequestQueue: addRequest : STOP_PREVIEW, false
12-31 15:19:57.193 28370 28370 I RequestQueue: beforeExecute : STOP_PREVIEW(5000)
12-31 15:19:57.194 28370 28370 I CommonEngine: changeState : PREVIEWING -> PREVIEW_STOPPING
12-31 15:19:57.194 28370 28370 I RequestQueue: [5000] []
12-31 15:19:57.194 28370 28370 I Request : StopPreviewRequest - Start
12-31 15:19:57.194 28370 28370 I CameraPerformance: Device - StopPreviewRequest : Start[1640960397194]
12-31 15:19:57.194 28370 28370 I AutoBeautyPhotoMaker: stopRepeating
12-31 15:19:57.194 28370 28370 I CamDeviceImpl-0: stopRepeating
12-31 15:19:57.194 28370 28370 I RepeatingPreview: stopRepeating
12-31 15:19:57.194 28370 28370 I CamDeviceImpl-0: setRepeatingState - repeatingState REPEATING_STOPPED
12-31 15:19:57.195 821 1335 D Camera3-Device: flush: mInterfaceLock.lock()
12-31 15:19:57.195 821 1335 I Camera3-Device: startWatching : Start watching status = mRequestThread->flush();
12-31 15:19:57.195 713 22923 I ExynosCameraInterface: INFO(HAL3_camera_device_flush[493]):in =====
12-31 15:19:57.197 713 2947 I ExynosCamera: [CAM(0)][Back_0]-(m_monitorThreadFunc[7276]):Flush is in progress
12-31 15:19:57.197 713 2946 W ExynosCamera: [CAM(0)][Back_0]-(m_waitShotDone[2328]):wait timeout
12-31 15:19:57.198 713 22923 E libexynosv4l2: failed to ioctl: VIDIOC_S_CTRL (22)
12-31 15:19:57.198 713 22923 E ExynosCameraNode: [CAM(0)][FLITE]-(m_setControl[1361]):exynos_v4l2_s_ctrl(fd:15) fail (-1) [id 10096666, value 0]
12-31 15:19:57.198 713 22923 E ExynosCameraNode: [CAM(0)][FLITE]-(setControl[583]):m_setControl fail
12-31 15:19:57.198 713 22923 E ExynosCameraMCPipe: [CAM(0)][PIPE_3AA]-(setControl[594]):m_node(FLITE)->setControl failed, ret(-38)
12-31 15:19:57.198 713 22923 E ExynosCameraQoSManager: [CAM(0)][]-(clearQoSControl[166]):V4L2_CID_IS_DVFS_CLUSTER2 setControl fail, ret(-38)
12-31 15:19:57.198 713 22923 I ExynosCameraMCPipe: [CAM(0)][PIPE_3AA]-(stopThread[410]):stopThread is succeed, Pipe(5)
12-31 15:19:57.198 713 2936 W ExynosCameraMCPipe: [CAM(0)][PIPE_3AA]-(m_putBuffer[1582]):inputFrameQ wait timeout,Duration(1),LogCnt(1)
12-31 15:19:57.198 713 22923 I ExynosCameraMCPipe: [CAM(0)][PIPE_ISP]-(stopThread[410]):stopThread is succeed, Pipe(10)
12-31 15:19:57.198 713 22923 I ExynosCameraPipe: [CAM(0)][PIPE_VRA]-(m_dumpRunningFrameList[1680]):last fcount(HAL:0, DRV:0)
12-31 15:19:57.198 713 22923 I ExynosCameraPipe: [CAM(0)][PIPE_VRA]-(m_dumpRunningFrameList[1681]):*********runningFrameList dump***********
12-31 15:19:57.198 713 22923 I ExynosCameraPipe: [CAM(0)][PIPE_VRA]-(m_dumpRunningFrameList[1682]):m_numBuffers : 10
12-31 15:19:57.198 713 22923 I ExynosCameraMCPipe: [CAM(0)][PIPE_3AA]-(sensorStream[446]):
12-31 15:19:57.198 713 2938 W ExynosCameraMCPipe: [CAM(0)][PIPE_ISP]-(m_putBuffer[1582]):inputFrameQ wait timeout,Duration(1),LogCnt(1)
12-31 15:19:57.198 713 2939 W ExynosCameraMCPipe: [CAM(0)][PIPE_ISP]-(m_getBuffer[2091]):requestFrameQ wait timeout,Duration(1),LogCnt(1)
12-31 15:19:57.245 821 2884 I Camera3-Status: markComponent: Component 1 is now idle - RequestThread
12-31 15:19:57.265 713 22923 I ExynosCameraMCPipe: [CAM(0)][PIPE_3AA]-(forceDone[579]):forceDone() is succeed, Pipe(5)
12-31 15:19:57.320 713 22923 I ExynosCameraMCPipe: [CAM(0)][PIPE_3AA]-(stop[351]):stop() is succeed, Pipe(5)
12-31 15:19:57.320 713 22923 I ExynosCameraMCPipe: [CAM(0)][PIPE_ISP]-(forceDone[579]):forceDone() is succeed, Pipe(10)
12-31 15:19:57.320 713 22923 I ExynosCameraMCPipe: [CAM(0)][PIPE_ISP]-(stop[351]):stop() is succeed, Pipe(10)
12-31 15:19:57.321 713 22923 I ExynosCameraPipe: [CAM(0)][PIPE_PP_UNI0]-(m_dumpRunningFrameList[1680]):last fcount(HAL:0, DRV:0)
12-31 15:19:57.321 713 22923 I ExynosCameraPipe: [CAM(0)][PIPE_PP_UNI0]-(m_dumpRunningFrameList[1681]):*********runningFrameList dump***********
12-31 15:19:57.321 713 22923 I ExynosCameraPipe: [CAM(0)][PIPE_PP_UNI0]-(m_dumpRunningFrameList[1682]):m_numBuffers : 0
12-31 15:19:57.321 713 22923 I ExynosCameraPipe: [CAM(0)][PIPE_PP_UNI1]-(m_dumpRunningFrameList[1680]):last fcount(HAL:0, DRV:0)
12-31 15:19:57.321 713 22923 I ExynosCameraPipe: [CAM(0)][PIPE_PP_UNI1]-(m_dumpRunningFrameList[1681]):*********runningFrameList dump***********
12-31 15:19:57.321 713 22923 I ExynosCameraPipe: [CAM(0)][PIPE_PP_UNI1]-(m_dumpRunningFrameList[1682]):m_numBuffers : 0
12-31 15:19:57.321 713 22923 I ExynosCameraPipe: [CAM(0)][PIPE_PP_UNI2]-(m_dumpRunningFrameList[1680]):last fcount(HAL:0, DRV:0)
12-31 15:19:57.321 713 22923 I ExynosCameraPipe: [CAM(0)][PIPE_PP_UNI2]-(m_dumpRunningFrameList[1681]):*********runningFrameList dump***********
12-31 15:19:57.321 713 22923 I ExynosCameraPipe: [CAM(0)][PIPE_PP_UNI2]-(m_dumpRunningFrameList[1682]):m_numBuffers : 0
12-31 15:19:57.321 713 22923 I ExynosCameraPipe: [CAM(0)][PIPE_PP_SINGLE0]-(m_dumpRunningFrameList[1680]):last fcount(HAL:0, DRV:0)
