12-31 15:19:06.118 30468 30468 I ViewRootImpl@962c832[QtActivity]: ViewPostIme pointer 1
12-31 15:19:06.119 2158 2347 I [IPSA-C] IpsUtilityFunction: getMcc : 0
12-31 15:19:06.119 2158 2347 I [IPSA-E] EmergencyService: isCountryChanged : currentMcc=0, return
12-31 15:19:06.119 2158 2347 I [IPSA-E] EmergencyService: isCountryChangeTimeRemained: lastCountryChangeTime=0, activeDuration=10800000, now=1640960346119result=false
12-31 15:19:06.119 1087 1087 D SemGameManager: getGMSBinder(), begin
12-31 15:19:06.119 2158 2347 I [IPSA-E] EmergencyService: countryCheck - done
12-31 15:19:06.120 1087 1087 D SemGameManager: getGMSBinder(), successful: true
12-31 15:19:06.120 1087 1087 D GameManagerService: identifyGamePackage. org.qtproject.example.minimal_map, mCurrentUserId: 0, callerUserId: 0
12-31 15:19:06.120 1087 1087 D PkgDataHelper: getGamePkgData(). org.qtproject.example.minimal_map
12-31 15:19:06.120 1087 1087 I SemDvfsHyPerManager: acquire hyper - GESTURE_DETECTED/1087@33, type = -999
12-31 15:19:06.120 1087 1087 D SemGameManager: getGMSBinder(), begin
12-31 15:19:06.120 707 732 I HYPER-HAL: [RequestManager.cpp]acquire(): Acquired ID : 627793 [1087 / 33] HINT : GESTURE_DETECTED list : [TIMEOUT / 2566]
12-31 15:19:06.120 1087 1087 D SemGameManager: getGMSBinder(), successful: true
12-31 15:19:06.120 1087 1087 D GameManagerService: identifyGamePackage. org.qtproject.example.minimal_map, mCurrentUserId: 0, callerUserId: 0
12-31 15:19:06.120 1087 1087 D PkgDataHelper: getGamePkgData(). org.qtproject.example.minimal_map
12-31 15:19:06.120 1087 1087 I SemDvfsHyPerManager: acquire hyper - GESTURE_DETECTED/1087@33, type = -999
12-31 15:19:06.120 707 732 I HYPER-HAL: [ResourceManager.cpp]updateResource(): [CPUMinFreq] UpdateResource Request ID : 627793 Value : 858000
12-31 15:19:06.121 707 732 I HYPER-HAL: [RequestManager.cpp]acquire(): Acquired ID : 627793 [1087 / 33] HINT : GESTURE_DETECTED list : [TIMEOUT / 2566]
12-31 15:19:06.121 707 732 I HYPER-HAL: [ResourceManager.cpp]updateResource(): [CPUMinFreq] UpdateResource Request ID : 627793 Value : 858000
12-31 15:19:06.134 1087 1382 D InputReader: Btn_touch(7): value=1 when=74860.309761
12-31 15:19:06.134 1087 1382 I InputReader: Touch event's action is 0x0 (id=5, t=0) [pCnt=1, s=0.8710 ] when=74860.309761
12-31 15:19:06.134 1087 1381 I InputDispatcher: Delivering touch to (30468): action: 0x0, f=0x0, d=0, '256846a', t=1
12-31 15:19:06.134 30468 30468 I ViewRootImpl@962c832[QtActivity]: ViewPostIme pointer 0
12-31 15:19:06.243 679 779 E Netd : getNetworkForDns: getNetId from enterpriseCtrl is netid 0
12-31 15:19:06.246 679 779 E Netd : getNetworkForDns: getNetId from enterpriseCtrl is netid 0
12-31 15:19:06.251 679 779 E Netd : getNetworkForDns: getNetId from enterpriseCtrl is netid 0
12-31 15:19:06.254 679 779 E Netd : getNetworkForDns: getNetId from enterpriseCtrl is netid 0
12-31 15:19:06.258 679 779 E Netd : getNetworkForDns: getNetId from enterpriseCtrl is netid 0
12-31 15:19:06.297 679 779 E Netd : getNetworkForDns: getNetId from enterpriseCtrl is netid 0
12-31 15:19:06.319 679 779 E Netd : getNetworkForDns: getNetId from enterpriseCtrl is netid 0
12-31 15:19:06.321 679 779 E Netd : getNetworkForDns: getNetId from enterpriseCtrl is netid 0
12-31 15:19:06.322 679 779 E Netd : getNetworkForDns: getNetId from enterpriseCtrl is netid 0
12-31 15:19:06.323 679 779 E Netd : getNetworkForDns: getNetId from enterpriseCtrl is netid 0
12-31 15:19:06.324 679 779 E Netd : getNetworkForDns: getNetId from enterpriseCtrl is netid 0
12-31 15:19:06.476 679 779 E Netd : getNetworkForDns: getNetId from enterpriseCtrl is netid 0
12-31 15:19:06.663 1087 1382 D InputReader: Btn_touch(7): value=0 when=74860.838828
12-31 15:19:06.663 1087 1382 I InputReader: Touch event's action is 0x1 (id=5, t=0) [pCnt=1, s=] when=74860.838828
12-31 15:19:06.663 1087 1381 I InputDispatcher: Delivering touch to (30468): action: 0x1, f=0x0, d=0, '256846a', t=1
12-31 15:19:06.663 30468 30468 I ViewRootImpl@962c832[QtActivity]: ViewPostIme pointer 1
12-31 15:19:06.664 1087 1087 D SemGameManager: getGMSBinder(), begin
12-31 15:19:06.665 1087 1087 D SemGameManager: getGMSBinder(), successful: true
12-31 15:19:06.665 1087 1087 D GameManagerService: identifyGamePackage. org.qtproject.example.minimal_map, mCurrentUserId: 0, callerUserId: 0
12-31 15:19:06.665 1087 1087 D PkgDataHelper: getGamePkgData(). org.qtproject.example.minimal_map
12-31 15:19:06.665 1087 1087 I SemDvfsHyPerManager: acquire hyper - GESTURE_DETECTED/1087@33, type = -999
12-31 15:19:06.666 1087 1087 D SemGameManager: getGMSBinder(), begin
12-31 15:19:06.666 707 732 I HYPER-HAL: [RequestManager.cpp]acquire(): Acquired ID : 627793 [1087 / 33] HINT : GESTURE_DETECTED list : [TIMEOUT / 2566]
12-31 15:19:06.666 707 732 I HYPER-HAL: [ResourceManager.cpp]updateResource(): [CPUMinFreq] UpdateResource Request ID : 627793 Value : 858000
12-31 15:19:06.667 1087 1087 D ServiceManager: ServiceManager Stats TOP 3 : (phone, 49), (sdhms, 47), (gamemanager, 4)
12-31 15:19:06.667 1087 1087 D SemGameManager: getGMSBinder(), successful: true
12-31 15:19:06.667 1087 1087 D GameManagerService: identifyGamePackage. org.qtproject.example.minimal_map, mCurrentUserId: 0, callerUserId: 0
12-31 15:19:06.667 1087 1087 D PkgDataHelper: getGamePkgData(). org.qtproject.example.minimal_map
12-31 15:19:06.667 1087 1087 I SemDvfsHyPerManager: acquire hyper - GESTURE_DETECTED/1087@33, type = -999
12-31 15:19:06.668 707 732 I HYPER-HAL: [RequestManager.cpp]acquire(): Acquired ID : 627793 [1087 / 33] HINT : GESTURE_DETECTED list : [TIMEOUT / 2566]
12-31 15:19:06.668 707 732 I HYPER-HAL: [ResourceManager.cpp]updateResource(): [CPUMinFreq] UpdateResource Request ID : 627793 Value : 858000
12-31 15:19:06.679 1087 1382 D InputReader: Btn_touch(7): value=1 when=74860.855375
12-31 15:19:06.679 1087 1382 I InputReader: Touch event's action is 0x0 (id=5, t=0) [pCnt=1, s=0.8711 ] when=74860.855375
12-31 15:19:06.680 1087 1381 I InputDispatcher: Delivering touch to (30468): action: 0x0, f=0x0, d=0, '256846a', t=1
12-31 15:19:06.680 30468 30468 I ViewRootImpl@962c832[QtActivity]: ViewPostIme pointer 0
12-31 15:19:06.968 679 779 E Netd : getNetworkForDns: getNetId from enterpriseCtrl is netid 0
12-31 15:19:06.972 679 779 E Netd : getNetworkForDns: getNetId from enterpriseCtrl is netid 0
12-31 15:19:07.026 679 779 E Netd : getNetworkForDns: getNetId from enterpriseCtrl is netid 0
12-31 15:19:07.029 679 779 E Netd : getNetworkForDns: getNetId from enterpriseCtrl is netid 0
12-31 15:19:07.085 1087 1381 D PowerManagerService: [api] userActivityFromNative : 510 (event: 2 flags: 0) eventTime = 74861260
12-31 15:19:07.092 766 766 I SurfaceFlinger: SFWD update time=74861268300414
12-31 15:19:07.165 679 779 E Netd : getNetworkForDns: getNetId from enterpriseCtrl is netid 0
12-31 15:19:07.166 679 779 E Netd : getNetworkForDns: getNetId from enterpriseCtrl is netid 0
12-31 15:19:07.359 5618 5688 D NetworkController.SecMobileSignalController(0/2147483647): onSignalStrengthsChanged level=4
12-31 15:19:07.359 5618 5688 D NetworkController.SecMobileSignalController(0/2147483647): Display signal bar by emergency only[true][true]
12-31 15:19:07.360 5618 5688 D MobileSignalIconsSelector: getDataIconGroup(): 0
12-31 15:19:07.454 679 779 E Netd : getNetworkForDns: getNetId from enterpriseCtrl is netid 0
12-31 15:19:07.456 679 779 E Netd : getNetworkForDns: getNetId from enterpriseCtrl is netid 0
12-31 15:19:07.514 679 779 E Netd : getNetworkForDns: getNetId from enterpriseCtrl is netid 0
12-31 15:19:07.700 656 656 E audit : type=1300 audit(1640960347.693:80511): arch=c00000b7 syscall=208 success=yes exit=0 a0=4 a1=0 a2=40 a3=743d23d400 items=0 ppid=679 pid=5457 auid=4294967295 uid=0 gid=0 euid=0 suid=0 fsuid=0 egid=0 sgid=0 fsgid=0 tty=(none) ses=4294967295 comm="iptables-restor" exe="/system/bin/iptables" subj=u:r:netd:s0 key=(null)
12-31 15:19:07.700 656 656 E audit : type=1327 audit(1640960347.693:80511): proctitle=2F73797374656D2F62696E2F69707461626C65732D726573746F7265002D2D6E6F666C757368002D77002D76
12-31 15:19:07.703 679 779 E Netd : getNetworkForDns: getNetId from enterpriseCtrl is netid 0
12-31 15:19:07.704 679 779 E Netd : getNetworkForDns: getNetId from enterpriseCtrl is netid 0
12-31 15:19:07.705 679 779 E Netd : getNetworkForDns: getNetId from enterpriseCtrl is netid 0
12-31 15:19:07.851 549 549 D io_stats: !@ 8,0 r 2330737 84661020 w 729251 23556432 d 299977 68823832 f 269800 354042 iot 1080872 864470 th 102400 0 0 pt 0 inp 0 0 74862.024
12-31 15:19:07.920 679 779 E Netd : getNetworkForDns: getNetId from enterpriseCtrl is netid 0
12-31 15:19:07.922 679 779 E Netd : getNetworkForDns: getNetId from enterpriseCtrl is netid 0
12-31 15:19:07.983 679 779 E Netd : getNetworkForDns: getNetId from enterpriseCtrl is netid 0
12-31 15:19:08.160 1087 1381 D PowerManagerService: [api] userActivityFromNative : 520 (event: 2 flags: 0) eventTime = 74862334
12-31 15:19:08.367 679 779 E Netd : getNetworkForDns: getNetId from enterpriseCtrl is netid 0
12-31 15:19:08.370 679 779 E Netd : getNetworkForDns: getNetId from enterpriseCtrl is netid 0
12-31 15:19:08.372 679 779 E Netd : getNetworkForDns: getNetId from enterpriseCtrl is netid 0
12-31 15:19:08.403 679 779 E Netd : getNetworkForDns: getNetId from enterpriseCtrl is netid 0
12-31 15:19:08.404 679 779 E Netd : getNetworkForDns: getNetId from enterpriseCtrl is netid 0
12-31 15:19:08.438 679 779 E Netd : getNetworkForDns: getNetId from enterpriseCtrl is netid 0
12-31 15:19:08.440 679 779 E Netd : getNetworkForDns: getNetId from enterpriseCtrl is netid 0
12-31 15:19:08.447 1087 1382 D InputReader: Btn_touch(7): value=0 when=74862.623524
12-31 15:19:08.447 1087 1382 I InputReader: Touch event's action is 0x1 (id=5, t=0) [pCnt=1, s=] when=74862.623524
12-31 15:19:08.448 1087 1381 I InputDispatcher: Delivering touch to (30468): action: 0x1, f=0x0, d=0, '256846a', t=1
12-31 15:19:08.448 30468 30468 I ViewRootImpl@962c832[QtActivity]: ViewPostIme pointer 1
12-31 15:19:08.449 1087 1087 D SemGameManager: getGMSBinder(), begin
12-31 15:19:08.450 1087 1087 D SemGameManager: getGMSBinder(), successful: true
12-31 15:19:08.450 1087 1087 D GameManagerService: identifyGamePackage. org.qtproject.example.minimal_map, mCurrentUserId: 0, callerUserId: 0
12-31 15:19:08.450 1087 1087 D PkgDataHelper: getGamePkgData(). org.qtproject.example.minimal_map
12-31 15:19:08.450 1087 1087 I SemDvfsHyPerManager: acquire hyper - GESTURE_DETECTED/1087@33, type = -999
12-31 15:19:08.450 1087 1087 D SemGameManager: getGMSBinder(), begin
12-31 15:19:08.450 707 732 I HYPER-HAL: [RequestManager.cpp]acquire(): Acquired ID : 627793 [1087 / 33] HINT : GESTURE_DETECTED list : [TIMEOUT / 2566]
12-31 15:19:08.450 707 732 I HYPER-HAL: [ResourceManager.cpp]updateResource(): [CPUMinFreq] UpdateResource Request ID : 627793 Value : 858000
12-31 15:19:08.450 1087 1087 D SemGameManager: getGMSBinder(), successful: true
12-31 15:19:08.450 1087 1087 D GameManagerService: identifyGamePackage. org.qtproject.example.minimal_map, mCurrentUserId: 0, callerUserId: 0
12-31 15:19:08.450 1087 1087 D PkgDataHelper: getGamePkgData(). org.qtproject.example.minimal_map
12-31 15:19:08.450 1087 1087 I SemDvfsHyPerManager: acquire hyper - GESTURE_DETECTED/1087@33, type = -999
12-31 15:19:08.450 707 732 I HYPER-HAL: [RequestManager.cpp]acquire(): Acquired ID : 627793 [1087 / 33] HINT : GESTURE_DETECTED list : [TIMEOUT / 2566]
12-31 15:19:08.451 707 732 I HYPER-HAL: [ResourceManager.cpp]updateResource(): [CPUMinFreq] UpdateResource Request ID : 627793 Value : 858000
12-31 15:19:08.464 1087 1382 D InputReader: Btn_touch(7): value=1 when=74862.640215
12-31 15:19:08.464 1087 1382 I InputReader: Touch event's action is 0x0 (id=5, t=0) [pCnt=1, s=0.8712 ] when=74862.640215
12-31 15:19:08.464 1087 1381 I InputDispatcher: Delivering touch to (30468): action: 0x0, f=0x0, d=0, '256846a', t=1
12-31 15:19:08.465 30468 30468 I ViewRootImpl@962c832[QtActivity]: ViewPostIme pointer 0
12-31 15:19:08.590 679 779 E Netd : getNetworkForDns: getNetId from enterpriseCtrl is netid 0
12-31 15:19:08.597 679 779 E Netd : getNetworkForDns: getNetId from enterpriseCtrl is netid 0
12-31 15:19:08.911 1087 2791 D WifiConnectivityMonitor.DnsPingerHandler: setCurrentLinkProperties: lp={InterfaceName: wlan0 LinkAddresses: [ fe80::e8ab:d0ff:fe5e:4062/64,192.168.43.101/24 ] DnsAddresses: [ /192.168.43.229 ] Domains: null MTU: 0 ServerAddress: /192.168.43.229 TcpBufferSizes: 524288,1048576,4194304,524288,1048576,4194304 Routes: [ fe80::/64 -> :: wlan0 mtu 0,192.168.43.0/24 -> 0.0.0.0 wlan0 mtu 0,0.0.0.0/0 -> 192.168.43.229 wlan0 mtu 0 ]}
12-31 15:19:08.999 679 779 E Netd : getNetworkForDns: getNetId from enterpriseCtrl is netid 0
12-31 15:19:09.110 679 779 E Netd : getNetworkForDns: getNetId from enterpriseCtrl is netid 0
12-31 15:19:09.215 1087 2792 D WifiConnectivityMonitor.DnsThread: [|203]
12-31 15:19:09.215 1087 5521 D WifiConnectivityMonitor: DNS resultType : 0, responseTime : 203
12-31 15:19:09.216 1087 1382 D InputReader: Btn_touch(7): value=0 when=74863.391829
12-31 15:19:09.216 1087 5519 D WifiConnectivityMonitor: updateBssidLatestDnsResultType - result: 0
12-31 15:19:09.216 1087 1382 I InputReader: Touch event's action is 0x1 (id=5, t=0) [pCnt=1, s=] when=74863.391829
12-31 15:19:09.216 1087 1381 I InputDispatcher: Delivering touch to (30468): action: 0x1, f=0x0, d=0, '256846a', t=1
12-31 15:19:09.217 30468 30468 I ViewRootImpl@962c832[QtActivity]: ViewPostIme pointer 1
12-31 15:19:09.218 1087 1087 D SemGameManager: getGMSBinder(), begin
12-31 15:19:09.219 1087 1087 D SemGameManager: getGMSBinder(), successful: true
12-31 15:19:09.219 1087 1087 D GameManagerService: identifyGamePackage. org.qtproject.example.minimal_map, mCurrentUserId: 0, callerUserId: 0
12-31 15:19:09.219 1087 1087 D PkgDataHelper: getGamePkgData(). org.qtproject.example.minimal_map
12-31 15:19:09.219 1087 1087 I SemDvfsHyPerManager: acquire hyper - GESTURE_DETECTED/1087@33, type = -999
12-31 15:19:09.219 1087 1087 D SemGameManager: getGMSBinder(), begin
12-31 15:19:09.220 1087 1087 D SemGameManager: getGMSBinder(), successful: true
12-31 15:19:09.220 707 732 I HYPER-HAL: [RequestManager.cpp]acquire(): Acquired ID : 627793 [1087 / 33] HINT : GESTURE_DETECTED list : [TIMEOUT / 2566]
12-31 15:19:09.220 1087 1087 D GameManagerService: identifyGamePackage. org.qtproject.example.minimal_map, mCurrentUserId: 0, callerUserId: 0
12-31 15:19:09.220 1087 1087 D PkgDataHelper: getGamePkgData(). org.qtproject.example.minimal_map
12-31 15:19:09.220 1087 1087 I SemDvfsHyPerManager: acquire hyper - GESTURE_DETECTED/1087@33, type = -999
12-31 15:19:09.220 707 732 I HYPER-HAL: [ResourceManager.cpp]updateResource(): [CPUMinFreq] UpdateResource Request ID : 627793 Value : 858000
12-31 15:19:09.220 707 732 I HYPER-HAL: [RequestManager.cpp]acquire(): Acquired ID : 627793 [1087 / 33] HINT : GESTURE_DETECTED list : [TIMEOUT / 2566]
12-31 15:19:09.220 707 732 I HYPER-HAL: [ResourceManager.cpp]updateResource(): [CPUMinFreq] UpdateResource Request ID : 627793 Value : 858000
12-31 15:19:09.233 1087 1382 D InputReader: Btn_touch(7): value=1 when=74863.408647
12-31 15:19:09.233 1087 1382 I InputReader: Touch event's action is 0x0 (id=5, t=0) [pCnt=1, s=0.8713 ] when=74863.408647
12-31 15:19:09.233 1087 1381 I InputDispatcher: Delivering touch to (30468): action: 0x0, f=0x0, d=0, '256846a', t=1
12-31 15:19:09.233 1087 1381 D PowerManagerService: [api] userActivityFromNative : 530 (event: 2 flags: 0) eventTime = 74863408
12-31 15:19:09.233 30468 30468 I ViewRootImpl@962c832[QtActivity]: ViewPostIme pointer 0
12-31 15:19:09.247 679 779 E Netd : getNetworkForDns: getNetId from enterpriseCtrl is netid 0
12-31 15:19:09.368 679 779 E Netd : getNetworkForDns: getNetId from enterpriseCtrl is netid 0
12-31 15:19:09.434 679 779 E Netd : getNetworkForDns: getNetId from enterpriseCtrl is netid 0
12-31 15:19:09.439 679 779 E Netd : getNetworkForDns: getNetId from enterpriseCtrl is netid 0
12-31 15:19:09.510 679 779 E Netd : getNetworkForDns: getNetId from enterpriseCtrl is netid 0
12-31 15:19:09.513 679 779 E Netd : getNetworkForDns: getNetId from enterpriseCtrl is netid 0
12-31 15:19:09.515 679 779 E Netd : getNetworkForDns: getNetId from enterpriseCtrl is netid 0
12-31 15:19:09.522 679 779 E Netd : getNetworkForDns: getNetId from enterpriseCtrl is netid 0
12-31 15:19:09.571 1087 1382 D InputReader: Btn_touch(7): value=0 when=74863.747317
12-31 15:19:09.571 1087 1382 I InputReader: Touch event's action is 0x1 (id=5, t=0) [pCnt=1, s=] when=74863.747317
12-31 15:19:09.571 1087 1381 I InputDispatcher: Delivering touch to (30468): action: 0x1, f=0x0, d=0, '256846a', t=1
12-31 15:19:09.572 30468 30468 I ViewRootImpl@962c832[QtActivity]: ViewPostIme pointer 1
12-31 15:19:09.572 1087 1087 D SemGameManager: getGMSBinder(), begin
12-31 15:19:09.573 1087 1087 D SemGameManager: getGMSBinder(), successful: true
12-31 15:19:09.573 1087 1087 D GameManagerService: identifyGamePackage. org.qtproject.example.minimal_map, mCurrentUserId: 0, callerUserId: 0
12-31 15:19:09.573 1087 1087 D PkgDataHelper: getGamePkgData(). org.qtproject.example.minimal_map
12-31 15:19:09.573 1087 1087 I SemDvfsHyPerManager: acquire hyper - GESTURE_DETECTED/1087@33, type = -999
12-31 15:19:09.573 1087 1087 D SemGameManager: getGMSBinder(), begin
12-31 15:19:09.574 1087 1087 D SemGameManager: getGMSBinder(), successful: true
12-31 15:19:09.574 1087 1087 D GameManagerService: identifyGamePackage. org.qtproject.example.minimal_map, mCurrentUserId: 0, callerUserId: 0
12-31 15:19:09.574 1087 1087 D PkgDataHelper: getGamePkgData(). org.qtproject.example.minimal_map
12-31 15:19:09.574 1087 1087 I SemDvfsHyPerManager: acquire hyper - GESTURE_DETECTED/1087@33, type = -999
12-31 15:19:09.574 707 732 I HYPER-HAL: [RequestManager.cpp]acquire(): Acquired ID : 627793 [1087 / 33] HINT : GESTURE_DETECTED list : [TIMEOUT / 2566]
12-31 15:19:09.574 707 732 I HYPER-HAL: [ResourceManager.cpp]updateResource(): [CPUMinFreq] UpdateResource Request ID : 627793 Value : 858000
12-31 15:19:09.574 707 732 I HYPER-HAL: [RequestManager.cpp]acquire(): Acquired ID : 627793 [1087 / 33] HINT : GESTURE_DETECTED list : [TIMEOUT / 2566]
12-31 15:19:09.574 707 732 I HYPER-HAL: [ResourceManager.cpp]updateResource(): [CPUMinFreq] UpdateResource Request ID : 627793 Value : 858000
12-31 15:19:09.588 1087 1382 D InputReader: Btn_touch(7): value=1 when=74863.763694
12-31 15:19:09.588 1087 1382 I InputReader: Touch event's action is 0x0 (id=5, t=0) [pCnt=1, s=0.8714 ] when=74863.763694
12-31 15:19:09.588 1087 1381 I InputDispatcher: Delivering touch to (30468): action: 0x0, f=0x0, d=0, '256846a', t=1
12-31 15:19:09.588 30468 30468 I ViewRootImpl@962c832[QtActivity]: ViewPostIme pointer 0
12-31 15:19:09.641 679 779 E Netd : getNetworkForDns: getNetId from enterpriseCtrl is netid 0
12-31 15:19:09.643 679 779 E Netd : getNetworkForDns: getNetId from enterpriseCtrl is netid 0
12-31 15:19:09.645 679 779 E Netd : getNetworkForDns: getNetId from enterpriseCtrl is netid 0
12-31 15:19:09.647 679 779 E Netd : getNetworkForDns: getNetId from enterpriseCtrl is netid 0
12-31 15:19:09.649 679 779 E Netd : getNetworkForDns: getNetId from enterpriseCtrl is netid 0
12-31 15:19:09.650 679 779 E Netd : getNetworkForDns: getNetId from enterpriseCtrl is netid 0
12-31 15:19:09.768 5618 5688 D NetworkController.SecMobileSignalController(0/2147483647): onSignalStrengthsChanged level=3
12-31 15:19:09.768 5618 5688 D NetworkController.SecMobileSignalController(0/2147483647): Display signal bar by emergency only[true][true]
12-31 15:19:09.769 5618 5688 D MobileSignalIconsSelector: getDataIconGroup(): 0
12-31 15:19:09.855 549 549 D io_stats: !@ 8,0 r 2330739 84661048 w 729252 23556436 d 299977 68823832 f 269800 354042 iot 1080880 864471 th 102400 0 0 pt 0 inp 0 0 74864.028
12-31 15:19:10.195 679 779 E Netd : getNetworkForDns: getNetId from enterpriseCtrl is netid 0
12-31 15:19:10.196 679 779 E Netd : getNetworkForDns: getNetId from enterpriseCtrl is netid 0
12-31 15:19:10.198 679 779 E Netd : getNetworkForDns: getNetId from enterpriseCtrl is netid 0
12-31 15:19:10.273 679 779 E Netd : getNetworkForDns: getNetId from enterpriseCtrl is netid 0
12-31 15:19:10.277 679 779 E Netd : getNetworkForDns: getNetId from enterpriseCtrl is netid 0
12-31 15:19:10.279 679 779 E Netd : getNetworkForDns: getNetId from enterpriseCtrl is netid 0
12-31 15:19:10.308 1087 1381 D PowerManagerService: [api] userActivityFromNative : 540 (event: 2 flags: 0) eventTime = 74864482
12-31 15:19:10.375 679 779 E Netd : getNetworkForDns: getNetId from enterpriseCtrl is netid 0
12-31 15:19:10.379 679 779 E Netd : getNetworkForDns: getNetId from enterpriseCtrl is netid 0
12-31 15:19:10.451 679 779 E Netd : getNetworkForDns: getNetId from enterpriseCtrl is netid 0
12-31 15:19:10.725 679 779 E Netd : getNetworkForDns: getNetId from enterpriseCtrl is netid 0
12-31 15:19:10.726 679 779 E Netd : getNetworkForDns: getNetId from enterpriseCtrl is netid 0
12-31 15:19:10.822 679 779 E Netd : getNetworkForDns: getNetId from enterpriseCtrl is netid 0
12-31 15:19:10.828 679 779 E Netd : getNetworkForDns: getNetId from enterpriseCtrl is netid 0
12-31 15:19:10.891 679 779 E Netd : getNetworkForDns: getNetId from enterpriseCtrl is netid 0
12-31 15:19:10.968 1087 1382 D InputReader: Btn_touch(7): value=0 when=74865.143605
12-31 15:19:10.968 1087 1382 I InputReader: Touch event's action is 0x1 (id=5, t=0) [pCnt=1, s=] when=74865.143605
12-31 15:19:10.968 1087 1381 I InputDispatcher: Delivering touch to (30468): action: 0x1, f=0x0, d=0, '256846a', t=1
12-31 15:19:10.969 1087 1087 D SemGameManager: getGMSBinder(), begin
12-31 15:19:10.969 1087 1087 D SemGameManager: getGMSBinder(), successful: true
12-31 15:19:10.970 1087 1087 D GameManagerService: identifyGamePackage. org.qtproject.example.minimal_map, mCurrentUserId: 0, callerUserId: 0
12-31 15:19:10.970 1087 1087 D PkgDataHelper: getGamePkgData(). org.qtproject.example.minimal_map
12-31 15:19:10.970 30468 30468 I ViewRootImpl@962c832[QtActivity]: ViewPostIme pointer 1
12-31 15:19:10.970 1087 1087 I SemDvfsHyPerManager: acquire hyper - GESTURE_DETECTED/1087@33, type = -999
12-31 15:19:10.970 1087 1087 D SemGameManager: getGMSBinder(), begin
12-31 15:19:10.972 707 732 I HYPER-HAL: [RequestManager.cpp]acquire(): Acquired ID : 627793 [1087 / 33] HINT : GESTURE_DETECTED list : [TIMEOUT / 2566]
12-31 15:19:10.972 707 732 I HYPER-HAL: [ResourceManager.cpp]updateResource(): [CPUMinFreq] UpdateResource Request ID : 627793 Value : 858000
12-31 15:19:10.974 1087 1087 D SemGameManager: getGMSBinder(), successful: true
12-31 15:19:10.974 1087 1087 D GameManagerService: identifyGamePackage. org.qtproject.example.minimal_map, mCurrentUserId: 0, callerUserId: 0
12-31 15:19:10.974 1087 1087 D PkgDataHelper: getGamePkgData(). org.qtproject.example.minimal_map
12-31 15:19:10.974 1087 1087 I SemDvfsHyPerManager: acquire hyper - GESTURE_DETECTED/1087@33, type = -999
12-31 15:19:10.975 707 732 I HYPER-HAL: [RequestManager.cpp]acquire(): Acquired ID : 627793 [1087 / 33] HINT : GESTURE_DETECTED list : [TIMEOUT / 2566]
12-31 15:19:10.975 707 732 I HYPER-HAL: [ResourceManager.cpp]updateResource(): [CPUMinFreq] UpdateResource Request ID : 627793 Value : 858000
12-31 15:19:11.065 1087 1341 D SensorService: [SO] 0.970 2.990 9.675
12-31 15:19:11.112 679 779 E Netd : getNetworkForDns: getNetId from enterpriseCtrl is netid 0
12-31 15:19:11.115 679 779 E Netd : getNetworkForDns: getNetId from enterpriseCtrl is netid 0
12-31 15:19:11.207 679 779 E Netd : getNetworkForDns: getNetId from enterpriseCtrl is netid 0
12-31 15:19:11.208 679 779 E Netd : getNetworkForDns: getNetId from enterpriseCtrl is netid 0
12-31 15:19:11.687 1087 1382 D InputReader: Btn_touch(7): value=1 when=74865.862774
12-31 15:19:11.687 1087 1382 I InputReader: Touch event's action is 0x0 (id=5, t=0) [pCnt=1, s=0.8715 ] when=74865.862774
12-31 15:19:11.688 1087 1381 I InputDispatcher: Delivering touch to (30468): action: 0x0, f=0x0, d=0, '256846a', t=1
12-31 15:19:11.689 30468 30468 I ViewRootImpl@962c832[QtActivity]: ViewPostIme pointer 0
12-31 15:19:11.753 1087 1382 I InputReader: Touch event's action (MT) is 0x105 (id=5, t=0) [pCnt=2, s=0.8715 1.8716 ] when=74865.929181
12-31 15:19:11.754 1087 1381 I InputDispatcher: Delivering touch to (30468): action: 0x105, f=0x0, d=0, '256846a', t=1
12-31 15:19:11.927 1087 1201 D BatteryService: Sending ACTION_BATTERY_CHANGED. scale:100, info:{.chargerAcOnline = false, .chargerUsbOnline = true, .chargerWirelessOnline = false, .maxChargingCurrent = 0, .maxChargingVoltage = 0, .batteryStatus = CHARGING, .batteryHealth = GOOD, .batteryPresent = true, .batteryLevel = 66, .batteryVoltage = 3873, .batteryTemperature = 283, .batteryCurrent = -494, .batteryCycleCount = 0, .batteryFullCharge = 5000000, .batteryChargeCounter = 2892940, .batteryTechnology = Li-ion}
12-31 15:19:11.927 1087 1201 D BatteryService: online:4, current avg:-605, charge type:2, POGO powered:false, power sharing:false, high voltage charger:false, charger_type:0, capacity:280000, misc_event:0x0, current_event:0x8100, current_now:-494
12-31 15:19:11.929 1087 1372 D MotionRecognitionService: onReceive : ACTION_BATTERY_CHANGED, Plugged: 2
12-31 15:19:11.929 1087 1087 D PhoneWindowManagerExt: ACTION_BATTERY_CHANGED - Level=66, status=2
12-31 15:19:11.929 1087 1372 I MotionRecognitionService: [TA] In/out: true, curr state: 1
12-31 15:19:11.929 1087 1087 D SemWifiApBroadcastReceiver: Received : android.intent.action.BATTERY_CHANGED
12-31 15:19:11.932 5618 5618 D KeyguardUpdateMonitor: received broadcast android.intent.action.BATTERY_CHANGED
12-31 15:19:11.932 5618 5618 I PowerUI : BATTERY_HEALTH_CHECK extraHealth=2 mBatteryMiscEvent=0
12-31 15:19:11.932 5618 5618 D PowerUI : priorPlugType = 2 mPlugType = 2 priorBatteryStatus = 2 mBatteryStatus = 2
12-31 15:19:11.933 6056 6056 D SemBigDataInfoController: Intent : android.intent.action.BATTERY_CHANGED
12-31 15:19:11.933 5618 5618 D PowerUI.Notification: showChargingNotice oldChargingType : 7 currentChargingType : 7 oldChargingTime : 43256000 mChargingTime : 43382000
12-31 15:19:11.933 5618 5618 D PowerUI.Notification: showChargingNotification()
12-31 15:19:11.936 1087 7414 D ApplicationPolicy: isStatusBarNotificationAllowedAsUser: packageName = com.android.systemui,userId = 0
12-31 15:19:11.936 1087 7414 D ApplicationPolicy: isStatusBarNotificationAllowedAsUser: packageName = com.android.systemui,userId = -1
12-31 15:19:11.936 1087 7414 D ApplicationPolicy: isStatusBarNotificationAllowedAsUser: converting userId from USER_ALLto 0
12-31 15:19:11.937 5618 5618 D PowerUI : Battery swelling mode - priorBatterySwellingMode = 0 mBatterySwellingMode = 0 mBatteryStatus = 2
12-31 15:19:11.937 5618 5618 I PowerUI : mBatteryMiscEvent = 0
12-31 15:19:11.937 5618 5618 D PowerUI : showing power sharing dialogfalse
12-31 15:19:11.937 5618 5618 I AODBatteryManager: updateBatteryData: ACTION_BATTERY_CHANGED
12-31 15:19:11.938 5618 5618 I AODBatteryManager: saveBatteryData : AOD BatteryData [mBatteryLevel=66, mBatteryStatus=CHARGING, mBatteryPlugType=USB, mBatteryPlugged=true, mRemainingChargeTime=43382000, mBatteryChargingType=1, mBatteryChargerType=NORMAL, mBatteryOnline=USB, mBatterySwellingMode=NONE, mBatteryProtectMode=false]
12-31 15:19:11.938 5618 5618 I ChargingInfoManager: updateChargingInfo: newState = AOD ChargingInfo [mState=BATTERY_AND_REMAIN_TIME, mIsCharging=true, mIsFullyCharged=false, mIsBatteryProtectMode=false], oldState = AOD ChargingInfo [mState=BATTERY_AND_REMAIN_TIME, mIsCharging=true, mIsFullyCharged=false, mIsBatteryProtectMode=false]
12-31 15:19:11.954 5618 5618 D KeyguardUpdateMonitor: handleBatteryUpdate
12-31 15:19:11.955 5618 5618 D KeyguardSecIndicationController: addIndicationTimeout() returned - unlocking
12-31 15:19:11.955 5618 5618 D KeyguardSecIndicationController: addIndication() returned - unlocking
12-31 15:19:11.955 5618 5618 D KeyguardSecIndicationController: addBatteryIndication() status = BatteryStatus{status=2,level=66,plugged=2,health=2,maxChargingWattage=-1,remaining=43382000ultraFastCharger=0}
12-31 15:19:11.984 1087 1382 I InputReader: Touch event's action (MT) is 0x6 (id=5, t=0) [pCnt=2, s=1.8716 ] when=74866.159970
12-31 15:19:11.984 1087 1381 I InputDispatcher: Delivering touch to (30468): action: 0x6, f=0x0, d=0, '256846a', t=1
12-31 15:19:12.009 1087 1382 D InputReader: Btn_touch(7): value=0 when=74866.184709
12-31 15:19:12.009 1087 1382 I InputReader: Touch event's action is 0x1 (id=5, t=0) [pCnt=1, s=] when=74866.184709
12-31 15:19:12.009 1087 1381 I InputDispatcher: Delivering touch to (30468): action: 0x1, f=0x0, d=0, '256846a', t=1
12-31 15:19:12.009 1087 1381 D PowerManagerService: [api] userActivityFromNative : 550 (event: 2 flags: 0) eventTime = 74866184
12-31 15:19:12.010 30468 30468 I ViewRootImpl@962c832[QtActivity]: ViewPostIme pointer 1
12-31 15:19:12.012 1087 1087 D ServiceManager: ServiceManager Stats TOP 3 : (phone, 44), (sdhms, 44), (gamemanager, 8)
12-31 15:19:12.012 1087 1087 D SemGameManager: getGMSBinder(), begin
12-31 15:19:12.012 1087 1087 D SemGameManager: getGMSBinder(), successful: true
12-31 15:19:12.012 1087 1087 D GameManagerService: identifyGamePackage. org.qtproject.example.minimal_map, mCurrentUserId: 0, callerUserId: 0
12-31 15:19:12.012 1087 1087 D PkgDataHelper: getGamePkgData(). org.qtproject.example.minimal_map
12-31 15:19:12.013 1087 1087 I SemDvfsHyPerManager: acquire hyper - GESTURE_DETECTED/1087@33, type = -999
12-31 15:19:12.013 1087 1087 D SemGameManager: getGMSBinder(), begin
12-31 15:19:12.013 707 732 I HYPER-HAL: [RequestManager.cpp]acquire(): Acquired ID : 627793 [1087 / 33] HINT : GESTURE_DETECTED list : [TIMEOUT / 476]
12-31 15:19:12.013 707 732 I HYPER-HAL: [ResourceManager.cpp]updateResource(): [CPUMinFreq] UpdateResource Request ID : 627793 Value : 858000
12-31 15:19:12.015 1087 1087 D SemGameManager: getGMSBinder(), successful: true
12-31 15:19:12.015 1087 1087 D GameManagerService: identifyGamePackage. org.qtproject.example.minimal_map, mCurrentUserId: 0, callerUserId: 0
12-31 15:19:12.015 1087 1087 D PkgDataHelper: getGamePkgData(). org.qtproject.example.minimal_map
12-31 15:19:12.015 1087 1087 I SemDvfsHyPerManager: acquire hyper - GESTURE_DETECTED/1087@33, type = -999
12-31 15:19:12.016 707 732 I HYPER-HAL: [RequestManager.cpp]acquire(): Acquired ID : 627793 [1087 / 33] HINT : GESTURE_DETECTED list : [TIMEOUT / 476]
12-31 15:19:12.016 707 732 I HYPER-HAL: [ResourceManager.cpp]updateResource(): [CPUMinFreq] UpdateResource Request ID : 627793 Value : 858000
12-31 15:19:12.092 766 766 I SurfaceFlinger: SFWD update time=74866268457911
12-31 15:19:12.140 1087 1087 W NotificationHistory: Attempted to add notif for locked/gone/disabled user 0
12-31 15:19:12.141 9202 9202 I Launcher.NotificationListener: onNotificationPosted : com.android.systemui number : 0
12-31 15:19:12.142 9326 9326 I Edge.badge: updateBadge item=key=-1|com.android.systemui|2131362998|charging_state|10062, count=1
12-31 15:19:12.143 5618 5618 D InterruptionStateProvider: No bubble up: not allowed to bubble: -1|com.android.systemui|2131362998|charging_state|10062
12-31 15:19:12.144 5618 5618 D InterruptionStateProvider: no Heads up : edgelighting enabled app. -1|com.android.systemui|2131362998|charging_state|10062
12-31 15:19:12.157 1087 1382 D InputReader: Btn_touch(7): value=1 when=74866.333316
12-31 15:19:12.157 1087 1382 I InputReader: Touch event's action is 0x0 (id=5, t=0) [pCnt=1, s=0.8717 ] when=74866.333316
12-31 15:19:12.157 1087 1381 I InputDispatcher: Delivering touch to (30468): action: 0x0, f=0x0, d=0, '256846a', t=1
12-31 15:19:12.158 30468 30468 I ViewRootImpl@962c832[QtActivity]: ViewPostIme pointer 0
12-31 15:19:12.199 1087 1382 I InputReader: Touch event's action (MT) is 0x105 (id=5, t=0) [pCnt=2, s=0.8717 1.8718 ] when=74866.375158
12-31 15:19:12.199 1087 1381 I InputDispatcher: Delivering touch to (30468): action: 0x105, f=0x0, d=0, '256846a', t=1
12-31 15:19:12.200 5618 5618 E ExpandableNotifRow: onNotificationUpdated() NSSL is null..
12-31 15:19:12.201 5618 5618 D FaceWidgetNotificationManager: updateFaceWidgetMusicNotificationKey() return : mFaceWidgetMusicNotificationKey is empty
12-31 15:19:12.380 6983 8032 I SDHMS:y : Polling event syncDatabaseLocked will starts.
12-31 15:19:12.405 1087 1382 D InputReader: Btn_touch(7): value=0 when=74866.581429
12-31 15:19:12.405 1087 1382 I InputReader: Touch event's action (MT) is 0x6 (id=5, t=0) [pCnt=2, s=] when=74866.581429
12-31 15:19:12.405 1087 1382 I InputReader: Touch event's action is 0x1 (id=5, t=0) [pCnt=1, s=] when=74866.581429
12-31 15:19:12.406 1087 1381 I InputDispatcher: Delivering touch to (30468): action: 0x6, f=0x0, d=0, '256846a', t=1
12-31 15:19:12.406 1087 1381 I InputDispatcher: Delivering touch to (30468): action: 0x1, f=0x0, d=0, '256846a', t=1
12-31 15:19:12.406 30468 30468 I ViewRootImpl@962c832[QtActivity]: ViewPostIme pointer 1
12-31 15:19:12.407 1087 1087 D SemGameManager: getGMSBinder(), begin
12-31 15:19:12.408 1087 1087 D SemGameManager: getGMSBinder(), successful: true
12-31 15:19:12.408 1087 1087 D GameManagerService: identifyGamePackage. org.qtproject.example.minimal_map, mCurrentUserId: 0, callerUserId: 0
12-31 15:19:12.408 1087 1087 D PkgDataHelper: getGamePkgData(). org.qtproject.example.minimal_map
12-31 15:19:12.408 1087 1087 I SemDvfsHyPerManager: acquire hyper - GESTURE_DETECTED/1087@33, type = -999
12-31 15:19:12.409 1087 1087 D SemGameManager: getGMSBinder(), begin
12-31 15:19:12.409 707 732 I HYPER-HAL: [RequestManager.cpp]acquire(): Acquired ID : 627793 [1087 / 33] HINT : GESTURE_DETECTED list : [TIMEOUT / 326]
12-31 15:19:12.409 707 732 I HYPER-HAL: [ResourceManager.cpp]updateResource(): [CPUMinFreq] UpdateResource Request ID : 627793 Value : 858000
12-31 15:19:12.409 1087 1087 D SemGameManager: getGMSBinder(), successful: true
12-31 15:19:12.410 1087 1087 D GameManagerService: identifyGamePackage. org.qtproject.example.minimal_map, mCurrentUserId: 0, callerUserId: 0
12-31 15:19:12.410 1087 1087 D PkgDataHelper: getGamePkgData(). org.qtproject.example.minimal_map
12-31 15:19:12.410 1087 1087 I SemDvfsHyPerManager: acquire hyper - GESTURE_DETECTED/1087@33, type = -999
12-31 15:19:12.410 707 732 I HYPER-HAL: [RequestManager.cpp]acquire(): Acquired ID : 627793 [1087 / 33] HINT : GESTURE_DETECTED list : [TIMEOUT / 326]
12-31 15:19:12.410 707 732 I HYPER-HAL: [ResourceManager.cpp]updateResource(): [CPUMinFreq] UpdateResource Request ID : 627793 Value : 858000
12-31 15:19:12.436 6983 8032 I SDHMS:y : Polling event syncDatabaseLocked finished.
12-31 15:19:12.436 6983 8032 I SDHMS:y : Polling event checkDatabaseLocked will starts.
12-31 15:19:12.473 679 779 E Netd : getNetworkForDns: getNetId from enterpriseCtrl is netid 0
12-31 15:19:12.474 679 779 E Netd : getNetworkForDns: getNetId from enterpriseCtrl is netid 0
12-31 15:19:12.475 6983 8032 I SDHMS:y : Polling event checkDatabaseLocked finished.
12-31 15:19:12.475 679 779 E Netd : getNetworkForDns: getNetId from enterpriseCtrl is netid 0
12-31 15:19:12.475 6983 8032 I SDHMS:l : Periodic event 'saveLog' will starts soon.
12-31 15:19:12.549 1087 5488 D UsbStatsMonitor: 0 0 0 0 0 0 0 0 0 0 0 2 0 0 0 0 0 0 0 0 0 0 0 0 0 0 0 0 0 0 0 0 0 0 0 0 0 0 0 0 0 0 0 0 0 0 0 0 53021371269139
12-31 15:19:12.604 1087 1382 D InputReader: Btn_touch(7): value=1 when=74866.779870
12-31 15:19:12.604 1087 1382 I InputReader: Touch event's action is 0x0 (id=5, t=0) [pCnt=1, s=0.8719 ] when=74866.779870
12-31 15:19:12.604 1087 1381 I InputDispatcher: Delivering touch to (30468): action: 0x0, f=0x0, d=0, '256846a', t=1
12-31 15:19:12.605 30468 30468 I ViewRootImpl@962c832[QtActivity]: ViewPostIme pointer 0
12-31 15:19:12.637 1087 1382 I InputReader: Touch event's action (MT) is 0x105 (id=5, t=0) [pCnt=2, s=0.8719 1.8720 ] when=74866.813211
12-31 15:19:12.638 1087 1381 I InputDispatcher: Delivering touch to (30468): action: 0x105, f=0x0, d=0, '256846a', t=1
12-31 15:19:12.737 707 2790 I HYPER-HAL: [ResourceManager.cpp]removeResource(): [CPUMinFreq] RemoveResource Request ID : 627793
12-31 15:19:12.737 707 2790 I HYPER-HAL: [RequestManager.cpp]releaseLocked(): Released ID : 627793
12-31 15:19:12.893 1087 1382 D InputReader: Btn_touch(7): value=0 when=74867.068946
12-31 15:19:12.893 1087 1382 I InputReader: Touch event's action (MT) is 0x6 (id=5, t=0) [pCnt=2, s=] when=74867.068946
12-31 15:19:12.893 1087 1382 I InputReader: Touch event's action is 0x1 (id=5, t=0) [pCnt=1, s=] when=74867.068946
12-31 15:19:12.893 1087 1381 I InputDispatcher: Delivering touch to (30468): action: 0x6, f=0x0, d=0, '256846a', t=1
12-31 15:19:12.893 1087 1381 I InputDispatcher: Delivering touch to (30468): action: 0x1, f=0x0, d=0, '256846a', t=1
12-31 15:19:12.893 30468 30468 I ViewRootImpl@962c832[QtActivity]: ViewPostIme pointer 1
12-31 15:19:12.894 1087 1087 D SemGameManager: getGMSBinder(), begin
12-31 15:19:12.895 1087 1087 D SemGameManager: getGMSBinder(), successful: true
12-31 15:19:12.895 1087 1087 D GameManagerService: identifyGamePackage. org.qtproject.example.minimal_map, mCurrentUserId: 0, callerUserId: 0
12-31 15:19:12.895 1087 1087 D PkgDataHelper: getGamePkgData(). org.qtproject.example.minimal_map
12-31 15:19:12.896 1087 1087 I SemDvfsHyPerManager: acquire hyper - GESTURE_DETECTED/1087@33, type = -999
12-31 15:19:12.896 1087 1087 D SemGameManager: getGMSBinder(), begin
12-31 15:19:12.896 707 732 I HYPER-HAL: [RequestManager.cpp]acquire(): Acquired ID : 627793 [1087 / 33] HINT : GESTURE_DETECTED list : [TIMEOUT / 484]
12-31 15:19:12.896 1087 1087 D SemGameManager: getGMSBinder(), successful: true
12-31 15:19:12.896 1087 1087 D GameManagerService: identifyGamePackage. org.qtproject.example.minimal_map, mCurrentUserId: 0, callerUserId: 0
12-31 15:19:12.896 1087 1087 D PkgDataHelper: getGamePkgData(). org.qtproject.example.minimal_map
12-31 15:19:12.897 1087 1087 I SemDvfsHyPerManager: acquire hyper - GESTURE_DETECTED/1087@33, type = -999
12-31 15:19:12.897 707 732 I HYPER-HAL: [ResourceManager.cpp]updateResource(): [CPUMinFreq] UpdateResource Request ID : 627793 Value : 858000
12-31 15:19:12.897 707 732 I HYPER-HAL: [RequestManager.cpp]acquire(): Acquired ID : 627793 [1087 / 33] HINT : GESTURE_DETECTED list : [TIMEOUT / 484]
12-31 15:19:12.897 707 732 I HYPER-HAL: [ResourceManager.cpp]updateResource(): [CPUMinFreq] UpdateResource Request ID : 627793 Value : 858000
12-31 15:19:13.053 679 779 E Netd : getNetworkForDns: getNetId from enterpriseCtrl is netid 0
12-31 15:19:13.056 679 779 E Netd : getNetworkForDns: getNetId from enterpriseCtrl is netid 0
12-31 15:19:13.057 679 779 E Netd : getNetworkForDns: getNetId from enterpriseCtrl is netid 0
12-31 15:19:13.058 1087 1382 D InputReader: Btn_touch(7): value=1 when=74867.234153
12-31 15:19:13.058 1087 1382 I InputReader: Touch event's action is 0x0 (id=5, t=0) [pCnt=1, s=0.8721 ] when=74867.234153
12-31 15:19:13.059 1087 1381 I InputDispatcher: Delivering touch to (30468): action: 0x0, f=0x0, d=0, '256846a', t=1
12-31 15:19:13.059 30468 30468 I ViewRootImpl@962c832[QtActivity]: ViewPostIme pointer 0
12-31 15:19:13.141 679 779 E Netd : getNetworkForDns: getNetId from enterpriseCtrl is netid 0
12-31 15:19:13.381 1087 1381 D PowerManagerService: [api] userActivityFromNative : 560 (event: 2 flags: 0) eventTime = 74867556
12-31 15:19:13.382 707 2796 I HYPER-HAL: [ResourceManager.cpp]removeResource(): [CPUMinFreq] RemoveResource Request ID : 627793
12-31 15:19:13.382 707 2796 I HYPER-HAL: [RequestManager.cpp]releaseLocked(): Released ID : 627793
12-31 15:19:13.590 679 779 E Netd : getNetworkForDns: getNetId from enterpriseCtrl is netid 0
12-31 15:19:13.592 679 779 E Netd : getNetworkForDns: getNetId from enterpriseCtrl is netid 0
12-31 15:19:13.649 679 779 E Netd : getNetworkForDns: getNetId from enterpriseCtrl is netid 0
12-31 15:19:13.826 1087 1382 D InputReader: Btn_touch(7): value=0 when=74868.002562
12-31 15:19:13.827 1087 1382 I InputReader: Touch event's action is 0x1 (id=5, t=0) [pCnt=1, s=] when=74868.002562
12-31 15:19:13.827 1087 1381 I InputDispatcher: Delivering touch to (30468): action: 0x1, f=0x0, d=0, '256846a', t=1
12-31 15:19:13.827 30468 30468 I ViewRootImpl@962c832[QtActivity]: ViewPostIme pointer 1
12-31 15:19:13.828 1087 1087 D SemGameManager: getGMSBinder(), begin
12-31 15:19:13.829 1087 1087 D SemGameManager: getGMSBinder(), successful: true
12-31 15:19:13.829 1087 1087 D GameManagerService: identifyGamePackage. org.qtproject.example.minimal_map, mCurrentUserId: 0, callerUserId: 0
12-31 15:19:13.829 1087 1087 D PkgDataHelper: getGamePkgData(). org.qtproject.example.minimal_map
12-31 15:19:13.829 1087 1087 I SemDvfsHyPerManager: acquire hyper - GESTURE_DETECTED/1087@33, type = -999
12-31 15:19:13.829 1087 1087 D SemGameManager: getGMSBinder(), begin
12-31 15:19:13.829 707 732 I HYPER-HAL: [RequestManager.cpp]acquire(): Acquired ID : 627793 [1087 / 33] HINT : GESTURE_DETECTED list : [TIMEOUT / 2043]
12-31 15:19:13.830 707 732 I HYPER-HAL: [ResourceManager.cpp]updateResource(): [CPUMinFreq] UpdateResource Request ID : 627793 Value : 858000
12-31 15:19:13.830 1087 1087 D SemGameManager: getGMSBinder(), successful: true
12-31 15:19:13.830 1087 1087 D GameManagerService: identifyGamePackage. org.qtproject.example.minimal_map, mCurrentUserId: 0, callerUserId: 0
12-31 15:19:13.830 1087 1087 D PkgDataHelper: getGamePkgData(). org.qtproject.example.minimal_map
12-31 15:19:13.830 1087 1087 I SemDvfsHyPerManager: acquire hyper - GESTURE_DETECTED/1087@33, type = -999
12-31 15:19:13.830 707 732 I HYPER-HAL: [RequestManager.cpp]acquire(): Acquired ID : 627793 [1087 / 33] HINT : GESTURE_DETECTED list : [TIMEOUT / 2043]
12-31 15:19:13.830 707 732 I HYPER-HAL: [ResourceManager.cpp]updateResource(): [CPUMinFreq] UpdateResource Request ID : 627793 Value : 858000
12-31 15:19:13.862 549 549 D io_stats: !@ 8,0 r 2330816 84661452 w 729284 23557164 d 300016 68824112 f 269838 354086 iot 1080916 864506 th 102400 0 0 pt 0 inp 0 0 74868.036
12-31 15:19:14.016 5569 5569 I wpa_supplicant: Heartbeat 7450
12-31 15:19:14.215 1087 1382 D InputReader: Btn_touch(7): value=1 when=74868.390970
12-31 15:19:14.215 1087 1382 I InputReader: Touch event's action is 0x0 (id=5, t=0) [pCnt=1, s=0.8722 ] when=74868.390970
12-31 15:19:14.215 1087 1381 I InputDispatcher: Delivering touch to (30468): action: 0x0, f=0x0, d=0, '256846a', t=1
12-31 15:19:14.215 30468 30468 I ViewRootImpl@962c832[QtActivity]: ViewPostIme pointer 0
12-31 15:19:14.334 679 779 E Netd : getNetworkForDns: getNetId from enterpriseCtrl is netid 0
12-31 15:19:14.335 679 779 E Netd : getNetworkForDns: getNetId from enterpriseCtrl is netid 0
12-31 15:19:14.336 679 779 E Netd : getNetworkForDns: getNetId from enterpriseCtrl is netid 0
12-31 15:19:14.337 679 779 E Netd : getNetworkForDns: getNetId from enterpriseCtrl is netid 0
12-31 15:19:14.367 679 779 E Netd : getNetworkForDns: getNetId from enterpriseCtrl is netid 0
12-31 15:19:14.477 5618 5688 D NetworkController.SecMobileSignalController(0/2147483647): onSignalStrengthsChanged level=4
12-31 15:19:14.477 5618 5688 D NetworkController.SecMobileSignalController(0/2147483647): Display signal bar by emergency only[true][true]
12-31 15:19:14.478 5618 5688 D MobileSignalIconsSelector: getDataIconGroup(): 0
12-31 15:19:14.571 1087 1176 E Watchdog: !@Sync: 2493 heap: 80 / 80 [2021-12-31 15:19:14.570] sdogWay: softdog FD: 730
12-31 15:19:14.655 679 779 E Netd : getNetworkForDns: getNetId from enterpriseCtrl is netid 0
12-31 15:19:14.661 679 779 E Netd : getNetworkForDns: getNetId from enterpriseCtrl is netid 0
12-31 15:19:14.663 679 779 E Netd : getNetworkForDns: getNetId from enterpriseCtrl is netid 0
12-31 15:19:14.666 679 779 E Netd : getNetworkForDns: getNetId from enterpriseCtrl is netid 0
12-31 15:19:14.668 679 779 E Netd : getNetworkForDns: getNetId from enterpriseCtrl is netid 0
12-31 15:19:14.752 1087 1381 D PowerManagerService: [api] userActivityFromNative : 570 (event: 2 flags: 0) eventTime = 74868927
12-31 15:19:14.910 1087 1382 I InputReader: Touch event's action (MT) is 0x105 (id=5, t=0) [pCnt=2, s=0.8722 1.8723 ] when=74869.085960
12-31 15:19:14.911 1087 1381 I InputDispatcher: Delivering touch to (30468): action: 0x105, f=0x0, d=0, '256846a', t=1
12-31 15:19:14.918 1087 1382 I InputReader: Touch event's action (MT) is 0x205 (id=5, t=0) [pCnt=3, s=0.8722 1.8723 2.8724 ] when=74869.094169
12-31 15:19:14.920 1087 1381 I InputDispatcher: Delivering touch to (30468): action: 0x205, f=0x0, d=0, '256846a', t=1
12-31 15:19:14.950 1087 1382 I InputReader: Touch event's action (MT) is 0x206 (id=5, t=0) [pCnt=3, s=0.8722 1.8723 ] when=74869.126273
12-31 15:19:14.950 1087 1381 I InputDispatcher: Delivering touch to (30468): action: 0x206, f=0x0, d=0, '256846a', t=1
12-31 15:19:14.959 1087 1382 I InputReader: Touch event's action (MT) is 0x106 (id=5, t=0) [pCnt=2, s=0.8722 ] when=74869.134634
12-31 15:19:14.959 1087 1381 I InputDispatcher: Delivering touch to (30468): action: 0x106, f=0x0, d=0, '256846a', t=1
12-31 15:19:15.121 679 779 E Netd : getNetworkForDns: getNetId from enterpriseCtrl is netid 0
12-31 15:19:15.123 679 779 E Netd : getNetworkForDns: getNetId from enterpriseCtrl is netid 0
12-31 15:19:15.125 679 779 E Netd : getNetworkForDns: getNetId from enterpriseCtrl is netid 0
12-31 15:19:15.127 679 779 E Netd : getNetworkForDns: getNetId from enterpriseCtrl is netid 0
12-31 15:19:15.129 679 779 E Netd : getNetworkForDns: getNetId from enterpriseCtrl is netid 0
12-31 15:19:15.131 679 779 E Netd : getNetworkForDns: getNetId from enterpriseCtrl is netid 0
12-31 15:19:15.168 679 779 E Netd : getNetworkForDns: getNetId from enterpriseCtrl is netid 0
12-31 15:19:15.180 679 779 E Netd : getNetworkForDns: getNetId from enterpriseCtrl is netid 0
12-31 15:19:15.184 679 779 E Netd : getNetworkForDns: getNetId from enterpriseCtrl is netid 0
12-31 15:19:15.186 679 779 E Netd : getNetworkForDns: getNetId from enterpriseCtrl is netid 0
12-31 15:19:15.187 679 779 E Netd : getNetworkForDns: getNetId from enterpriseCtrl is netid 0
12-31 15:19:15.188 679 779 E Netd : getNetworkForDns: getNetId from enterpriseCtrl is netid 0
12-31 15:19:15.355 1087 1382 D InputReader: Btn_touch(7): value=0 when=74869.531262
12-31 15:19:15.355 1087 1382 I InputReader: Touch event's action is 0x1 (id=5, t=0) [pCnt=1, s=] when=74869.531262
12-31 15:19:15.355 1087 1381 I InputDispatcher: Delivering touch to (30468): action: 0x1, f=0x0, d=0, '256846a', t=1
12-31 15:19:15.356 30468 30468 I ViewRootImpl@962c832[QtActivity]: ViewPostIme pointer 1
12-31 15:19:15.357 1087 1087 D SemGameManager: getGMSBinder(), begin
12-31 15:19:15.357 1087 1087 D SemGameManager: getGMSBinder(), successful: true
12-31 15:19:15.357 1087 1087 D GameManagerService: identifyGamePackage. org.qtproject.example.minimal_map, mCurrentUserId: 0, callerUserId: 0
12-31 15:19:15.357 1087 1087 D PkgDataHelper: getGamePkgData(). org.qtproject.example.minimal_map
12-31 15:19:15.358 1087 1087 I SemDvfsHyPerManager: acquire hyper - GESTURE_DETECTED/1087@33, type = -999
12-31 15:19:15.358 1087 1087 D SemGameManager: getGMSBinder(), begin
12-31 15:19:15.358 707 732 I HYPER-HAL: [RequestManager.cpp]acquire(): Acquired ID : 627793 [1087 / 33] HINT : GESTURE_DETECTED list : [TIMEOUT / 2566]
12-31 15:19:15.358 707 732 I HYPER-HAL: [ResourceManager.cpp]updateResource(): [CPUMinFreq] UpdateResource Request ID : 627793 Value : 858000
12-31 15:19:15.359 1087 1087 D SemGameManager: getGMSBinder(), successful: true
12-31 15:19:15.359 1087 1087 D GameManagerService: identifyGamePackage. org.qtproject.example.minimal_map, mCurrentUserId: 0, callerUserId: 0
12-31 15:19:15.359 1087 1087 D PkgDataHelper: getGamePkgData(). org.qtproject.example.minimal_map
12-31 15:19:15.359 1087 1087 I SemDvfsHyPerManager: acquire hyper - GESTURE_DETECTED/1087@33, type = -999
12-31 15:19:15.359 707 732 I HYPER-HAL: [RequestManager.cpp]acquire(): Acquired ID : 627793 [1087 / 33] HINT : GESTURE_DETECTED list : [TIMEOUT / 2566]
12-31 15:19:15.359 707 732 I HYPER-HAL: [ResourceManager.cpp]updateResource(): [CPUMinFreq] UpdateResource Request ID : 627793 Value : 858000
12-31 15:19:15.653 1087 1382 D InputReader: Btn_touch(7): value=1 when=74869.828869
12-31 15:19:15.653 1087 1382 I InputReader: Touch event's action is 0x0 (id=5, t=0) [pCnt=1, s=0.8725 ] when=74869.828869
12-31 15:19:15.653 1087 1381 I InputDispatcher: Delivering touch to (30468): action: 0x0, f=0x0, d=0, '256846a', t=1
12-31 15:19:15.654 30468 30468 I ViewRootImpl@962c832[QtActivity]: ViewPostIme pointer 0
12-31 15:19:15.814 679 779 E Netd : getNetworkForDns: getNetId from enterpriseCtrl is netid 0
12-31 15:19:15.815 679 779 E Netd : getNetworkForDns: getNetId from enterpriseCtrl is netid 0
12-31 15:19:15.817 679 779 E Netd : getNetworkForDns: getNetId from enterpriseCtrl is netid 0
12-31 15:19:15.869 549 549 D io_stats: !@ 8,0 r 2330827 84661636 w 729284 23557164 d 300016 68824112 f 269838 354086 iot 1080932 864509 th 102400 0 0 pt 0 inp 0 0 74870.040
12-31 15:19:16.083 1087 1381 D PowerManagerService: [api] userActivityFromNative : 580 (event: 2 flags: 0) eventTime = 74870258
12-31 15:19:16.094 679 779 E Netd : getNetworkForDns: getNetId from enterpriseCtrl is netid 0
12-31 15:19:16.106 679 779 E Netd : getNetworkForDns: getNetId from enterpriseCtrl is netid 0
12-31 15:19:16.257 679 779 E Netd : getNetworkForDns: getNetId from enterpriseCtrl is netid 0
12-31 15:19:16.263 679 779 E Netd : getNetworkForDns: getNetId from enterpriseCtrl is netid 0
12-31 15:19:16.268 679 779 E Netd : getNetworkForDns: getNetId from enterpriseCtrl is netid 0
12-31 15:19:16.316 679 779 E Netd : getNetworkForDns: getNetId from enterpriseCtrl is netid 0
12-31 15:19:16.318 679 779 E Netd : getNetworkForDns: getNetId from enterpriseCtrl is netid 0
12-31 15:19:16.461 679 779 E Netd : getNetworkForDns: getNetId from enterpriseCtrl is netid 0
12-31 15:19:16.465 679 779 E Netd : getNetworkForDns: getNetId from enterpriseCtrl is netid 0
