12-31 15:19:33.011 5618 5618 I SurfaceControl: assignNativeObject: nativeObject = 0 Surface(name=null)/@0xf5b33ce / android.view.SurfaceControl.readFromParcel:1117 android.view.IWindowSession$Stub$Proxy.relayout:1810 android.view.ViewRootImpl.relayoutWindow:9130 android.view.ViewRootImpl.performTraversals:3420 android.view.ViewRootImpl.doTraversal:2669 android.view.ViewRootImpl$TraversalRunnable.run:10092 android.view.Choreographer$CallbackRecord.run:1010 android.view.Choreographer.doCallbacks:809 android.view.Choreographer.doFrame:744 android.view.Choreographer$FrameDisplayEventReceiver.run:995
12-31 15:19:33.011 5618 5618 I SurfaceControl: assignNativeObject: nativeObject = 0 Surface(name=null)/@0x2f202ef / android.view.SurfaceControl.readFromParcel:1117 android.view.IWindowSession$Stub$Proxy.relayout:1820 android.view.ViewRootImpl.relayoutWindow:9130 android.view.ViewRootImpl.performTraversals:3420 android.view.ViewRootImpl.doTraversal:2669 android.view.ViewRootImpl$TraversalRunnable.run:10092 android.view.Choreographer$CallbackRecord.run:1010 android.view.Choreographer.doCallbacks:809 android.view.Choreographer.doFrame:744 android.view.Choreographer$FrameDisplayEventReceiver.run:995
12-31 15:19:33.012 5618 5618 I ViewRootImpl@85dd307[AssistPreviewPanel]: Relayout returned: old=(0,1200,1920,1200) new=(0,1200,1920,1200) req=(1920,500)8 dur=3 res=0x1 s={false 0} ch=false fn=-1
12-31 15:19:33.015 5618 2544 D IndicatorGardenInputProperty: updateRotation() prv:-1 >> new:1
12-31 15:19:33.015 5618 2544 D DeviceState: getDeviceResolutionPixelSize - currentDensity = 320 deviceDensity = 320 initialDisplaySizeFactor = 1200 currentDisplaySizeFactor = 1200 initialDisplayDensity = 320 proportionalDensity = 320 proportionalPixel = 0
12-31 15:19:33.015 5618 2544 D DeviceState: getDeviceResolutionPixelSize - currentDensity = 320 deviceDensity = 320 initialDisplaySizeFactor = 1200 currentDisplaySizeFactor = 1200 initialDisplayDensity = 320 proportionalDensity = 320 proportionalPixel = 0
12-31 15:19:33.015 5618 2544 D DeviceState: getDeviceResolutionPixelSize - currentDensity = 320 deviceDensity = 320 initialDisplaySizeFactor = 1200 currentDisplaySizeFactor = 1200 initialDisplayDensity = 320 proportionalDensity = 320 proportionalPixel = 0
12-31 15:19:33.015 695 901 D gralloc : [mali_gralloc_allocate] begin
12-31 15:19:33.015 695 901 D gralloc : buffer_descriptor: wh(48 1920) usage_pc(0x40000000000b00 0x40000000000b00) hal_format(0x1) layer_count(1) sizes(0 0 0) strde(0) byte_stride(0) alloc_wh(0 0) internal_format(0x0) alloc_format(0x0) fd_count(1) plane_count(0)
12-31 15:19:33.015 695 901 D gralloc : [mali_gralloc_allocate] allocation successful
12-31 15:19:33.017 766 766 I Layer : id=6361[1] Destroyed WindowToken{2666b8a android.os.BinderProxy@7d2132c}#0
12-31 15:19:33.017 766 766 I Layer : id=6362[1] Destroyed 11c05fb AssistPreviewPanel#0
12-31 15:19:33.017 766 766 I Layer : id=6363[1] Destroyed WindowToken{11d3aad android.os.BinderProxy@ee19bc4}#0
12-31 15:19:33.017 766 766 I Layer : id=6364[1] Destroyed 20e1e2 MW: DropTargetView#0
12-31 15:19:33.110 28370 2868 I AeAfManagerImpl: onAfInfoChanged : afMode=CONTINUOUS_PICTURE(4) afState=PASSIVE_SCAN(1)
12-31 15:19:33.134 28370 2871 I CamDeviceImpl-0: PrevCaptureCallback onCaptureSequenceCompleted - session fb1a2e9, sequenceId 0, frameNumber 7
12-31 15:19:33.155 719 26634 I snap_api::V3: SNAP v2020.09.02 (64-bit): aic_classifier_cnn_light.caffemodel, Type:0, CUnit:1, ExType:1, Session Open time taken: 486.012 ms
12-31 15:19:33.155 719 26634 I snap_api::V3:
12-31 15:19:33.156 28370 2951 I ImageSearchJNI_AIC: NNet.cpp: 90: VZ Debug: NNet Contructor completed for module aic_classifier
12-31 15:19:33.156 28370 2951 I ImageSearchJNI_AIC: NNet.cpp: 92: VZ Debug: engine-compute: Open time taken: 488.039 ms for module aic_classifier
12-31 15:19:33.156 28370 2951 I ImageSearchJNI_AIC: tagger_factory.cpp: 40: VZ Debug: taggerinitdone=[0], taggerinitstatus[0], aic_classifier module net initialization was completed
12-31 15:19:33.162 1087 5531 I ChimeraAggressivePolicyHandler: executePolicy() - triggerSource: TRIGGER_SOURCE_LMKD
12-31 15:19:33.162 1087 5531 I ChimeraAggressivePolicyHandler: available memory: 1000144, free memory target: 645120, quit chimera
12-31 15:19:33.163 28370 2952 I ImageSearchJNI_AIC: NNet.cpp: 116: VZ Debug: init_time_fuse for aic_classifier, time taken=500
12-31 15:19:33.163 28370 2952 I ImageSearchJNI_AIC: NNet.cpp: 118: VZ Debug: init_time_fuse_stop for aic_classifier, time taken=500
12-31 15:19:33.164 28370 2954 I ImageSearchJNI_AIC: NNet.cpp: 116: VZ Debug: init_time_fuse for aic_detector, time taken=500
12-31 15:19:33.185 9326 9326 I AppsEdge.PanelView: onConfigurationChanged()
12-31 15:19:33.187 9326 9326 I AppsEdge.Badge: getBadgeIconType 0
12-31 15:19:33.188 9326 9326 I AppsEdge.ItemView: updateBadgeCount: count=520
12-31 15:19:33.189 9326 9326 I AppsEdge.PanelContainer: onConfigurationChanged update layout for screen rotation : change to 2
12-31 15:19:33.191 9326 9326 I AppsEdge.PanelView: updateRecentItems()
12-31 15:19:33.191 9326 9326 I AppsEdge.Recent: getRecentApps()
12-31 15:19:33.191 9326 18630 I AppsEdge.Recent: RecentListAsyncTask doInBackground
12-31 15:19:33.196 9326 9326 I AbstractRemotePanelView: composeView { D=true, LP=com.samsung.android.app.cocktailbarservice.ui.panel.SepRemoteLoadablePanel@81fb50f, @=108556874, L1 LP H=1241, L2 LP H=1241, V H=1201 W=153
12-31 15:19:33.203 9326 18630 I AppsEdge.DBHelper: categoryId : info = 1, categoryName = Useful apps
12-31 15:19:33.208 9326 18630 I AppsEdge.DBHelper: count=4
12-31 15:19:33.208 9326 18630 I AppsEdge.DBHelper: type=0 pos=0 id=1
12-31 15:19:33.212 9326 18630 I AppsEdge.DBHelper: item=SelectedItem : pos = 0 ComponentItem:null
12-31 15:19:33.212 9326 18630 I AppsEdge.DBHelper: type=4 pos=1 id=2
12-31 15:19:33.214 9326 18630 I AppsEdge.DBHelper: item=SelectedItem : pos = 1 PairItem:2;3;0.0;0.0;com.google.android.youtube/.app.honeycomb.Shell$HomeActivity:0&0;com.sec.android.app.sbrowser/.SBrowserMainActivity:0&0
12-31 15:19:33.214 9326 18630 I AppsEdge.DBHelper: type=0 pos=2 id=3
12-31 15:19:33.222 9326 18630 I AppsEdge.DBHelper: item=SelectedItem : pos = 2 ComponentItem:null
12-31 15:19:33.222 9326 18630 I AppsEdge.DBHelper: type=0 pos=3 id=4
12-31 15:19:33.225 9326 18630 I AppsEdge.DBHelper: item=SelectedItem : pos = 3 ComponentItem:null
12-31 15:19:33.230 702 1338 I Sensors : ProximitySensor - 8(cm)
12-31 15:19:33.231 1087 1341 W SensorService: Failed to write wake lock handled
12-31 15:19:33.231 1087 1196 D SensorManager: TYPE_PROXIMITY (8): 8.000000
12-31 15:19:33.231 1087 1196 D AutomaticBrightnessController: [api] onSensorChanged: proximity: false
12-31 15:19:33.235 28370 2871 I CamDeviceImpl-0: PreviewStateCallback onPreviewRequestApplied - sequenceId 1
12-31 15:19:33.235 28370 2871 I AutoBeautyPhotoMaker: onPreviewRequestApplied - sequenceId 1
12-31 15:19:33.240 9326 18630 I AppIconSolution: return adaptive icon for com.samsung.android.app.notes
12-31 15:19:33.250 9326 18630 I AppIconSolution: return adaptive icon for com.google.android.youtube
12-31 15:19:33.253 9326 18630 I AppIconSolution: return adaptive icon for com.sec.android.app.sbrowser
12-31 15:19:33.253 9326 18630 I AppIconSolution: getThemeIconWithBG called with public API, pkg = null
12-31 15:19:33.254 9326 18630 I AppIconSolution: start to load, pkg=null, bg=192-192, dr=108-108, forDefault=true, density=0
12-31 15:19:33.254 9326 18630 I AppIconSolution: getIconScale, pkg=null, size=108, iconScale=IconScale[alpha=0, scale=1.0, isCrop=true]
12-31 15:19:33.255 9326 18630 I AppIconSolution: default container[CROP], pkg=null, bg=108-108, dr=108-108
12-31 15:19:33.259 9326 18630 I AppIconSolution: return adaptive icon for com.google.android.youtube
12-31 15:19:33.259 2006 2006 I SENL$DisplayUtils: onConfigurationChanged, orientation : 2, pre : 1, dpi : 320
12-31 15:19:33.260 2006 2006 I SENL$DisplayUtils: display info WidthPixels : 1920, HeightPixels : 1200
12-31 15:19:33.264 2006 2006 I SENL$DisplayUtils: Apply display info WidthPixels : 1920, HeightPixels : 1200, count : 1 / is Main ? true
12-31 15:19:33.264 2006 2006 I SENL$DisplayUtils: configureScreenSize, rect : Rect(0, 0 - 1920, 1200)
12-31 15:19:33.265 1087 1341 D SensorService: [SO] 3.419 -3.089 6.606
12-31 15:19:33.265 1087 1341 D SensorService: [SO] [1 -> 255]
12-31 15:19:33.266 9326 18630 I AppIconSolution: return adaptive icon for com.android.chrome
12-31 15:19:33.266 1087 6854 D ActivityTaskManager: getRecentPairTasks() maxNum :12 from 10061
12-31 15:19:33.266 1087 6854 D RecentTaskItemController: getRecentPairTasksImpl() maxNum :12 from 10061
12-31 15:19:33.270 9326 18630 I AppsEdge.MultiWindow: isExistSameActivity() com.sec.android.app.camera.Camera
12-31 15:19:33.300 9326 9326 I AppsEdge.PanelView: onCompleteItems()
12-31 15:19:33.301 2525 2525 I AppsEdge.Provider: onReceive send_preference_data
12-31 15:19:33.303 9326 9326 I AppIconSolution: return adaptive icon for org.qtproject.example.minimal_map
12-31 15:19:33.317 9326 9326 I AppIconSolution: return adaptive icon for com.android.settings
12-31 15:19:33.326 9326 9326 I AppIconSolution: return adaptive icon for com.sec.android.gallery3d
12-31 15:19:33.327 9326 9326 I AppsEdge.Badge: getBadgeIconType 0
12-31 15:19:33.327 9326 9326 I AppsEdge.ItemView: updateBadgeCount: count=520
12-31 15:19:33.400 9326 9558 E SharedPreferencesImpl: Couldn't create directory for SharedPreferences file /data/user/0/com.samsung.android.app.appsedge/shared_prefs/pref_recent.xml
12-31 15:19:33.414 28370 2954 I ImageSearchJNI_AIC: NNet.cpp: 116: VZ Debug: init_time_fuse for aic_detector, time taken=750
12-31 15:19:33.534 28370 2871 I AutoBeautyPhotoMaker: sendSceneDetectionInfoCallback - TimeStamp(824234208316646) SceneDetectionInfo([0, 10003, 0, 0, 0, 0, 0]) camDevice: CamDeviceImpl(5483e48) - id(0) - CameraDevice(4eb16cf)
12-31 15:19:33.546 28370 28370 I IntelligentManager: handleSceneDetectionInfo : sceneEvent=0, sceneInfo = 43, detectedScene=43
12-31 15:19:33.547 28370 28370 I SettingNotifier: onSettingValueChanged : key=DETECTED_SCENE_EVENT, value=43
12-31 15:19:33.547 28370 28370 I RequestQueue: addRequest : SET_PRIVATE_SETTING, labs_capture_mode : MODE_NONE
12-31 15:19:33.547 28370 2869 I RequestQueue: beforeExecute : SET_PRIVATE_SETTING(5600)
12-31 15:19:33.547 28370 2869 I RequestQueue: [5600] []
12-31 15:19:33.547 28370 2869 I Request : SetPrivateSettingRequest - Start
12-31 15:19:33.547 28370 2869 I Request : execute key = MakerPrivateKey(labs_capture_mode) value = MODE_NONE
12-31 15:19:33.547 28370 2869 I Request : SetPrivateSettingRequest - End
12-31 15:19:33.547 28370 2869 I RequestQueue: afterExecute : SET_PRIVATE_SETTING(5600)
12-31 15:19:33.547 28370 2869 I RequestQueue: [ ] []
12-31 15:19:33.548 28370 28370 I PopupLayerView: showPopup : BACK_NIGHT_MODE_SUGGESTION_TIPS
12-31 15:19:33.563 719 772 I snap_api::V3: SNAP v2020.09.02 (64-bit): aic_detector_cnn_light.caffemodel, Type:0, CUnit:1, ExType:1, Session Open time taken: 892.546 ms
12-31 15:19:33.563 719 772 I snap_api::V3:
12-31 15:19:33.563 28370 2953 I ImageSearchJNI_AIC: NNet.cpp: 90: VZ Debug: NNet Contructor completed for module aic_detector
12-31 15:19:33.564 28370 2953 I ImageSearchJNI_AIC: NNet.cpp: 92: VZ Debug: engine-compute: Open time taken: 895.142 ms for module aic_detector
12-31 15:19:33.564 28370 2953 I ImageSearchJNI_AIC: tagger_factory.cpp: 40: VZ Debug: taggerinitdone=[1], taggerinitstatus[1], aic_detector module net initialization was completed
12-31 15:19:33.564 28370 2953 I ImageSearchJNI_AIC: SceneDetectorImpl.cpp: 70: AJ Debug: Initializing tagger done for AIC
12-31 15:19:33.564 28370 2953 I SribSceneDetectionNode: onInitComplete isSuccess: true
12-31 15:19:33.564 28370 2953 I ImageSearchJNI_AIC: SceneDetectorImpl.cpp: 73: AJ Debug: Initdone tagger callback Sent Mode=[AIC]
12-31 15:19:33.564 28370 28370 I SettingNotifier: notifyPendingSettingChanges : key size = 1
12-31 15:19:33.648 6983 8050 I SDHMS:G : -99 > surface_temperature_0
12-31 15:19:33.649 6983 8050 I SDHMS:G : writeSysfs:: path() : /sys/class/audio/amp/surface_temperature_0 exist() : false canWrite() : false
12-31 15:19:33.649 6983 8050 I SDHMS:G : -99 > surface_temperature_1
12-31 15:19:33.649 6983 8050 I SDHMS:G : writeSysfs:: path() : /sys/class/audio/amp/surface_temperature_1 exist() : false canWrite() : false
12-31 15:19:33.649 6983 8050 I SDHMS:G : SIOP:: AP:339(368,0) BAT:283(283,0) USB:274(274,0) CHG:345(345,0) PA:247(301,50) WIFI:276(342,50) BLK:294(294,0) LRP:342(342,0) LRF:334(334) LRB:342(342)
12-31 15:19:33.651 1087 1087 D WifiP2pService: GopsReceiver : received : com.samsung.intent.action.CHECK_SIOP_LEVEL
12-31 15:19:33.651 1087 1087 I WifiP2pService: siop_level = -1
12-31 15:19:33.651 1087 6854 D SensorService: Calling batch handle==41 flags=0 rate=200000000 timeout== 0
12-31 15:19:33.651 2268 2301 I SystemBroadcastReceiver: [#CMH#] onReceive completed : 0
12-31 15:19:33.652 2268 2268 I PolicyManager: [#CMH#] onReceive action = EVENT_SIOP
12-31 15:19:33.652 1087 1087 D WifiP2pService: GopsReceiver : received : com.samsung.intent.action.CHECK_SIOP_LEVEL time : 1ms
12-31 15:19:33.652 702 702 I Sensors : batch(5) - uncal_light_sensor try to batching with 200000000
12-31 15:19:33.653 702 702 I Sensors : UncalLightSensor old sensor_state 131715, new sensor_state : 1099511759491 en : 1
12-31 15:19:33.655 702 702 I Sensors : enable:: uncal_light_sensor(5)
12-31 15:19:33.664 28370 2954 I ImageSearchJNI_AIC: NNet.cpp: 116: VZ Debug: init_time_fuse for aic_detector, time taken=1000
12-31 15:19:33.664 28370 2954 I ImageSearchJNI_AIC: NNet.cpp: 118: VZ Debug: init_time_fuse_stop for aic_detector, time taken=1000
12-31 15:19:33.747 702 1338 I Sensors : Uncalibrated lux = 4, CCT = 2799, r = 26, g = 17, b = 14, c = 34, atime = 17, again = 3, time = 824234569542518
12-31 15:19:33.747 702 1338 I Sensors : luminance 0
12-31 15:19:33.747 28370 28370 I CommonEngine: onCameraOrientationChanged : newOrientation=180
12-31 15:19:33.747 28370 28370 I RequestQueue: addRequest : SET_ORIENTATION, 180
12-31 15:19:33.748 28370 2869 I RequestQueue: beforeExecute : SET_ORIENTATION(5604)
12-31 15:19:33.748 28370 2869 I RequestQueue: [5604] []
12-31 15:19:33.748 28370 2869 I Request : SetOrientationRequest - Start
12-31 15:19:33.748 1087 6854 D SensorService: removeConnection, index : 0, size : 1
12-31 15:19:33.748 1087 6854 D SensorService: # removeConnection, index : 0, size : 0
12-31 15:19:33.748 1087 6854 D SensorService: Calling activate off 41
12-31 15:19:33.748 28370 2869 I Request : execute key = MakerPrivateKey(device_orientation) value = 180
12-31 15:19:33.748 702 702 I Sensors : UncalLightSensor old sensor_state 131715, new sensor_state : 131715 en : 0
12-31 15:19:33.748 28370 2869 I BeautySolution: Camera setProperty [6] [90]
12-31 15:19:33.748 28370 2869 I Request : SetOrientationRequest - End
12-31 15:19:33.749 28370 2869 I RequestQueue: afterExecute : SET_ORIENTATION(5604)
12-31 15:19:33.749 28370 2869 I RequestQueue: [ ] []
12-31 15:19:33.751 702 702 I Sensors : disable:: uncal_light_sensor(5)
12-31 15:19:33.815 707 2862 E HYPER-HAL: [HandlerSysfs.cpp]doResourceHandling(): Couldn't Open Sysfs - /sys/power/cstate_control
12-31 15:19:33.815 707 2862 I HYPER-HAL: [ResourceManager.cpp]removeResource(): [CPUMinFreq] RemoveResource Request ID : 614407
12-31 15:19:33.815 707 2862 I HYPER-HAL: [RequestManager.cpp]releaseLocked(): Released ID : 614407
12-31 15:19:33.888 707 2963 E HYPER-HAL: [HandlerSysfs.cpp]doResourceHandling(): Couldn't Open Sysfs - /sys/power/cstate_control
12-31 15:19:33.888 707 2963 I HYPER-HAL: [ResourceManager.cpp]removeResource(): [CPUMinFreq] RemoveResource Request ID : 612190
12-31 15:19:33.889 707 2963 I HYPER-HAL: [RequestManager.cpp]releaseLocked(): Released ID : 612190
12-31 15:19:33.901 549 549 D io_stats: !@ 8,0 r 2332277 84717968 w 729488 23560860 d 300155 68827524 f 269945 354211 iot 1081388 864927 th 102400 0 0 pt 0 inp 0 0 74888.075
12-31 15:19:34.020 5569 5569 I wpa_supplicant: Heartbeat 7452
12-31 15:19:34.174 28370 2977 I SRCB_QR : QRBarcodeDecoder.barcodeRecognize fail, cost time 432.347900
12-31 15:19:34.174 28370 2977 W SaivQRCodeNode: processBackgroundPreviewInternal fail - ERROR_ENGINE_FAIL
12-31 15:19:34.848 707 2959 I HYPER-HAL: [ResourceManager.cpp]removeResource(): [CPUMinFreq] RemoveResource Request ID : 633413
12-31 15:19:34.851 707 2959 I HYPER-HAL: [RequestManager.cpp]releaseLocked(): Released ID : 633413
12-31 15:19:35.023 1087 5624 I Pageboost: Launcher App Execution
12-31 15:19:35.260 28370 2977 I SRCB_QR : QRBarcodeDecoder.barcodeRecognize fail, cost time 419.821777
12-31 15:19:35.260 28370 2977 W SaivQRCodeNode: processBackgroundPreviewInternal fail - ERROR_ENGINE_FAIL
12-31 15:19:35.662 1087 6880 I EDMNativeHelperService: isCameraEnabled
12-31 15:19:35.662 1087 6880 D EDMNativeHelper: isCameraEnabled
12-31 15:19:35.663 1087 6880 D EDMNativeHelper: checking for camera in EnterpriseDeviceManagerService
12-31 15:19:35.663 1087 6880 D EnterpriseDeviceManagerService: isCameraEnabledNative
12-31 15:19:35.663 1087 6880 D EnterpriseDeviceManagerService: checking for camera in restriction policy
12-31 15:19:35.664 1087 6880 D RestrictionPolicy: isCameraEnabled ret(true) userId(0) cxtInfo.mCallerUid(10098) cxtInfo.mContainerId(0)
12-31 15:19:35.813 707 2818 I HYPER-HAL: [ResourceManager.cpp]removeResource(): [CPUMaxFreq] RemoveResource Request ID : 24475519
12-31 15:19:35.813 707 2818 I HYPER-HAL: [RequestManager.cpp]releaseLocked(): Released ID : 24475519
12-31 15:19:35.909 549 549 D io_stats: !@ 8,0 r 2332280 84718224 w 729492 23560880 d 300155 68827524 f 269946 354212 iot 1081400 864930 th 102400 0 0 pt 0 inp 0 0 74890.082
12-31 15:19:36.400 28370 2977 I SRCB_QR : QRBarcodeDecoder.barcodeRecognize fail, cost time 536.274658
12-31 15:19:36.400 28370 2977 W SaivQRCodeNode: processBackgroundPreviewInternal fail - ERROR_ENGINE_FAIL
12-31 15:19:36.400 28370 2977 W SaivQRCodeNode: ProcessTask : processing timeout 500ms : 548ms
12-31 15:19:36.900 821 2885 I Camera3-Device: Watchdog...
12-31 15:19:36.941 5618 5688 D NetworkController.SecMobileSignalController(0/2147483647): onSignalStrengthsChanged level=4
12-31 15:19:36.941 5618 5688 D NetworkController.SecMobileSignalController(0/2147483647): Display signal bar by emergency only[true][true]
12-31 15:19:36.946 5618 5688 D MobileSignalIconsSelector: getDataIconGroup(): 0
12-31 15:19:36.957 5618 5688 D NetworkController.SecMobileSignalController(0/2147483647): onSignalStrengthsChanged level=4
12-31 15:19:36.957 5618 5688 D NetworkController.SecMobileSignalController(0/2147483647): Display signal bar by emergency only[true][true]
12-31 15:19:36.957 5618 5688 D MobileSignalIconsSelector: getDataIconGroup(): 0
12-31 15:19:36.958 713 2902 I ExynosCameraFrameManager: [CAM(0)][RUNNING FRAME WORKER]-(workerMain[952]): wait and pop fail, ret(-110)
12-31 15:19:36.959 5618 5688 D MobileSignalIconsSelector: getDataIconGroup(): connected=true,enabled=true,level=4,inetCondition=1,dataIconGroup=DataIconGroup(UNKNOWN),activityIn=false,activityOut=false,lastModified=12-31 15:19:36.958,dataSim=false,networkName=Emergency calls only,networkNameData=Emergency calls only,dataConnected=false,roaming=false,isDefault=false,isEmergency=true,airplaneMode=false,carrierNetworkChangeMode=false,userSetup=true,defaultDataOff=false,cdmaEriIconIndex=-1,cdmaEriIconMode=-1,callState=0,voWifiConnected=false,shouldShowDisabledDataIcon=false,bluetoothTethered=false,isLTEFemtoCell=false,cardOperator=OTHERS,optionalRadioTech=0,isCAIndicator=false,isLimitedStateForCTCSlaveVoLTE=false,isSWRoaming=false,isMobileDataSettingEnabled=false,nwBoosterRilEnabled=false,nwBoosterSettingEnabled=false,emergencyModeActivated=false,ismmW5G=false,slotId=0,simState=ABSENT, iconSet = null
12-31 15:19:36.960 5618 5618 D StatusbarSignalPolicy: setMobileDataIndicators state = MobileIconState(subId=2147483647, strengthId=2131233615, roaming=false, typeId=0, visible=true, activityId=0, roamingId=0, slotId=0)
12-31 15:19:37.093 766 766 I SurfaceFlinger: SFWD update time=74891269429739
12-31 15:19:37.197 1087 6880 D SamsungAlarmManager: Cancel Alarm calling from uid:10207 pid :21972 / OP:PendingIntent{6d1a764: PendingIntentRecord{486b4b8 com.google.android.gms/ startService}}
12-31 15:19:37.198 1087 6854 D SamsungAlarmManager: Cancel Alarm calling from uid:10207 pid :6548 / OP:PendingIntent{39cedcd: PendingIntentRecord{48b02fb com.google.android.gms/ startService}}
12-31 15:19:37.200 1087 6880 I SamsungAlarmManager: setLocked to kernel - T:2 / 20211231T152100, set=824321399, now=824238028
12-31 15:19:37.200 1087 6880 I SamsungAlarmManager: setLocked to kernel - T:3 / 20211231T152000, set=824260828, now=824238028
12-31 15:19:37.202 1087 6854 I SamsungAlarmManager: setLocked to kernel - T:2 / 20211231T152100, set=824321399, now=824238030
12-31 15:19:37.203 1087 6854 I SamsungAlarmManager: setLocked to kernel - T:3 / 20211231T152000, set=824260828, now=824238031
12-31 15:19:37.410 28370 2977 I SRCB_QR : QRBarcodeDecoder.barcodeRecognize fail, cost time 446.471436
12-31 15:19:37.410 28370 2977 W SaivQRCodeNode: processBackgroundPreviewInternal fail - ERROR_ENGINE_FAIL
12-31 15:19:37.894 1087 2821 I SystemUiVisibilityPolicyController: handleMessage: entry what = 101
12-31 15:19:37.918 549 549 D io_stats: !@ 8,0 r 2332286 84718604 w 729492 23560880 d 300155 68827524 f 269946 354212 iot 1081408 864932 th 102400 0 0 pt 0 inp 0 0 74892.092
12-31 15:19:38.186 1087 1341 D SensorService: [SO] 0.912 -2.028 9.469
12-31 15:19:38.447 28370 2977 I SRCB_QR : QRBarcodeDecoder.barcodeRecognize fail, cost time 386.052246
12-31 15:19:38.447 28370 2977 W SaivQRCodeNode: processBackgroundPreviewInternal fail - ERROR_ENGINE_FAIL
12-31 15:19:38.667 1087 6854 I EDMNativeHelperService: isCameraEnabled
12-31 15:19:38.667 1087 6854 D EDMNativeHelper: isCameraEnabled
12-31 15:19:38.669 1087 6854 D EDMNativeHelper: checking for camera in EnterpriseDeviceManagerService
12-31 15:19:38.669 1087 6854 D EnterpriseDeviceManagerService: isCameraEnabledNative
12-31 15:19:38.669 1087 6854 D EnterpriseDeviceManagerService: checking for camera in restriction policy
12-31 15:19:38.669 1087 6854 D RestrictionPolicy: isCameraEnabled ret(true) userId(0) cxtInfo.mCallerUid(10098) cxtInfo.mContainerId(0)
12-31 15:19:39.029 28370 2868 I AeAfManagerImpl: onAfInfoChanged : afMode=CONTINUOUS_PICTURE(4) afState=PASSIVE_UNFOCUSED(6)
12-31 15:19:39.297 5618 5688 D NetworkController.SecMobileSignalController(0/2147483647): onSignalStrengthsChanged level=3
12-31 15:19:39.297 5618 5688 D NetworkController.SecMobileSignalController(0/2147483647): Display signal bar by emergency only[true][true]
12-31 15:19:39.297 5618 5688 D MobileSignalIconsSelector: getDataIconGroup(): 0
12-31 15:19:39.542 28370 2977 I SRCB_QR : QRBarcodeDecoder.barcodeRecognize fail, cost time 368.002441
12-31 15:19:39.542 28370 2977 W SaivQRCodeNode: processBackgroundPreviewInternal fail - ERROR_ENGINE_FAIL
12-31 15:19:39.922 549 549 D io_stats: !@ 8,0 r 2332287 84718608 w 729493 23560884 d 300155 68827524 f 269946 354212 iot 1081412 864933 th 102400 0 0 pt 0 inp 0 0 74894.095
12-31 15:19:40.332 28164 28224 I ContactsProvider_EventLog: contents_sample_state: [CONTACT contacts(0) data(0) accounts({}) accounts deleted({}) in_trash(in_trash(0), in_trash_for_sync(0)) calls([]) countryIso(PL) userId(0) ]
12-31 15:19:40.332 28164 28224 I ContactsProvider_EventLog: contents_sample_state: [ agr({}) ]
12-31 15:19:40.332 28164 28224 I ContactsProvider_EventLog: contents_sample_state: [ actCnt({android.process.acore(28164)=1}) ]
12-31 15:19:40.332 28164 28224 I ContactsProvider_EventLog: contents_sample_state: [PROFILE contacts(0) data(0) accounts({}) ] [SAPROFILE contacts(0) data(0) accounts({}) ]
12-31 15:19:40.332 28164 28224 I ContactsProvider_EventLog: contents_sample_state: [STORAGE Contacts(CE) Profile(CE) SAProfile(CE) CallLog(CE) ]
12-31 15:19:40.369 1087 5519 D WifiConnectivityMonitor: Stop WCM Poll. cnt : 5
12-31 15:19:40.735 28370 2977 I SRCB_QR : QRBarcodeDecoder.barcodeRecognize fail, cost time 461.322754
12-31 15:19:40.735 28370 2977 W SaivQRCodeNode: processBackgroundPreviewInternal fail - ERROR_ENGINE_FAIL
12-31 15:19:41.640 5618 5688 D NetworkController.SecMobileSignalController(0/2147483647): onSignalStrengthsChanged level=3
12-31 15:19:41.640 5618 5688 D NetworkController.SecMobileSignalController(0/2147483647): Display signal bar by emergency only[true][true]
12-31 15:19:41.641 5618 5688 D MobileSignalIconsSelector: getDataIconGroup(): 0
12-31 15:19:41.642 5618 5688 D MobileSignalIconsSelector: getDataIconGroup(): connected=true,enabled=true,level=3,inetCondition=1,dataIconGroup=DataIconGroup(UNKNOWN),activityIn=false,activityOut=false,lastModified=12-31 15:19:41.641,dataSim=false,networkName=Emergency calls only,networkNameData=Emergency calls only,dataConnected=false,roaming=false,isDefault=false,isEmergency=true,airplaneMode=false,carrierNetworkChangeMode=false,userSetup=true,defaultDataOff=false,cdmaEriIconIndex=-1,cdmaEriIconMode=-1,callState=0,voWifiConnected=false,shouldShowDisabledDataIcon=false,bluetoothTethered=false,isLTEFemtoCell=false,cardOperator=OTHERS,optionalRadioTech=0,isCAIndicator=false,isLimitedStateForCTCSlaveVoLTE=false,isSWRoaming=false,isMobileDataSettingEnabled=false,nwBoosterRilEnabled=false,nwBoosterSettingEnabled=false,emergencyModeActivated=false,ismmW5G=false,slotId=0,simState=ABSENT, iconSet = null
12-31 15:19:41.642 5618 5618 D StatusbarSignalPolicy: setMobileDataIndicators state = MobileIconState(subId=2147483647, strengthId=2131233617, roaming=false, typeId=0, visible=true, activityId=0, roamingId=0, slotId=0)
12-31 15:19:41.673 1087 6854 I EDMNativeHelperService: isCameraEnabled
12-31 15:19:41.673 1087 6854 D EDMNativeHelper: isCameraEnabled
12-31 15:19:41.674 1087 6854 D EDMNativeHelper: checking for camera in EnterpriseDeviceManagerService
12-31 15:19:41.674 1087 6854 D EnterpriseDeviceManagerService: isCameraEnabledNative
12-31 15:19:41.674 1087 6854 D EnterpriseDeviceManagerService: checking for camera in restriction policy
12-31 15:19:41.674 1087 6854 D RestrictionPolicy: isCameraEnabled ret(true) userId(0) cxtInfo.mCallerUid(10098) cxtInfo.mContainerId(0)
12-31 15:19:41.774 28370 2977 I SRCB_QR : QRBarcodeDecoder.barcodeRecognize fail, cost time 397.431396
12-31 15:19:41.775 28370 2977 W SaivQRCodeNode: processBackgroundPreviewInternal fail - ERROR_ENGINE_FAIL
12-31 15:19:41.900 821 2885 I Camera3-Device: Watchdog...
12-31 15:19:41.927 549 549 D io_stats: !@ 8,0 r 2332298 84719392 w 729501 23560920 d 300155 68827524 f 269947 354214 iot 1081424 864939 th 102400 0 0 pt 0 inp 0 0 74896.099
12-31 15:19:42.093 766 766 I SurfaceFlinger: SFWD update time=74896269663158
12-31 15:19:42.415 1087 1910 D BatteryService: Sending ACTION_BATTERY_CHANGED. scale:100, info:{.chargerAcOnline = false, .chargerUsbOnline = true, .chargerWirelessOnline = false, .maxChargingCurrent = 0, .maxChargingVoltage = 0, .batteryStatus = CHARGING, .batteryHealth = GOOD, .batteryPresent = true, .batteryLevel = 66, .batteryVoltage = 3855, .batteryTemperature = 283, .batteryCurrent = -474, .batteryCycleCount = 0, .batteryFullCharge = 5000000, .batteryChargeCounter = 2888570, .batteryTechnology = Li-ion}
12-31 15:19:42.415 1087 1910 D BatteryService: online:4, current avg:-726, charge type:2, POGO powered:false, power sharing:false, high voltage charger:false, charger_type:0, capacity:280000, misc_event:0x0, current_event:0x8100, current_now:-474
12-31 15:19:42.418 1087 1372 D MotionRecognitionService: onReceive : ACTION_BATTERY_CHANGED, Plugged: 2
12-31 15:19:42.418 1087 1372 I MotionRecognitionService: [TA] In/out: true, curr state: 1
12-31 15:19:42.421 1087 1087 D PhoneWindowManagerExt: ACTION_BATTERY_CHANGED - Level=66, status=2
12-31 15:19:42.422 1087 1087 D SemWifiApBroadcastReceiver: Received : android.intent.action.BATTERY_CHANGED
12-31 15:19:42.426 5618 5618 D KeyguardUpdateMonitor: received broadcast android.intent.action.BATTERY_CHANGED
12-31 15:19:42.426 5618 5618 I PowerUI : BATTERY_HEALTH_CHECK extraHealth=2 mBatteryMiscEvent=0
12-31 15:19:42.426 5618 5618 D PowerUI : priorPlugType = 2 mPlugType = 2 priorBatteryStatus = 2 mBatteryStatus = 2
12-31 15:19:42.434 6056 6056 D SemBigDataInfoController: Intent : android.intent.action.BATTERY_CHANGED
12-31 15:19:42.436 5618 5618 D PowerUI.Notification: showChargingNotice oldChargingType : 7 currentChargingType : 7 oldChargingTime : 43382000 mChargingTime : 43512000
12-31 15:19:42.436 5618 5618 D PowerUI.Notification: showChargingNotification()
12-31 15:19:42.444 28370 28370 I CameraBroadcastReceiver: onReceive [android.intent.action.BATTERY_CHANGED]
12-31 15:19:42.445 28370 28370 I CameraTemperatureMgr: onReceive [android.intent.action.BATTERY_CHANGED]
12-31 15:19:42.448 1087 6880 D ApplicationPolicy: isStatusBarNotificationAllowedAsUser: packageName = com.android.systemui,userId = 0
12-31 15:19:42.448 1087 6880 D ApplicationPolicy: isStatusBarNotificationAllowedAsUser: packageName = com.android.systemui,userId = -1
12-31 15:19:42.448 1087 6880 D ApplicationPolicy: isStatusBarNotificationAllowedAsUser: converting userId from USER_ALLto 0
12-31 15:19:42.451 5618 5618 D PowerUI : Battery swelling mode - priorBatterySwellingMode = 0 mBatterySwellingMode = 0 mBatteryStatus = 2
12-31 15:19:42.451 5618 5618 I PowerUI : mBatteryMiscEvent = 0
12-31 15:19:42.451 5618 5618 D PowerUI : showing power sharing dialogfalse
12-31 15:19:42.478 5618 5618 D KeyguardUpdateMonitor: handleBatteryUpdate
12-31 15:19:42.482 5618 5618 D KeyguardSecIndicationController: addIndicationTimeout() returned - unlocking
12-31 15:19:42.483 5618 5618 D KeyguardSecIndicationController: addIndication() returned - unlocking
12-31 15:19:42.483 5618 5618 D KeyguardSecIndicationController: addBatteryIndication() status = BatteryStatus{status=2,level=66,plugged=2,health=2,maxChargingWattage=-1,remaining=43512000ultraFastCharger=0}
12-31 15:19:42.483 5618 5618 I AODBatteryManager: updateBatteryData: ACTION_BATTERY_CHANGED
12-31 15:19:42.485 5618 5618 I AODBatteryManager: saveBatteryData : AOD BatteryData [mBatteryLevel=66, mBatteryStatus=CHARGING, mBatteryPlugType=USB, mBatteryPlugged=true, mRemainingChargeTime=43512000, mBatteryChargingType=1, mBatteryChargerType=NORMAL, mBatteryOnline=USB, mBatterySwellingMode=NONE, mBatteryProtectMode=false]
12-31 15:19:42.485 5618 5618 I ChargingInfoManager: updateChargingInfo: newState = AOD ChargingInfo [mState=BATTERY_AND_REMAIN_TIME, mIsCharging=true, mIsFullyCharged=false, mIsBatteryProtectMode=false], oldState = AOD ChargingInfo [mState=BATTERY_AND_REMAIN_TIME, mIsCharging=true, mIsFullyCharged=false, mIsBatteryProtectMode=false]
12-31 15:19:42.612 28370 30731 I roid.app.camer: Background concurrent copying GC freed 18207(710KB) AllocSpace objects, 4(15MB) LOS objects, 49% free, 14MB/28MB, paused 131us total 135.918ms
12-31 15:19:42.657 1087 1087 W NotificationHistory: Attempted to add notif for locked/gone/disabled user 0
12-31 15:19:42.662 9326 9326 I Edge.badge: updateBadge item=key=-1|com.android.systemui|2131362998|charging_state|10062, count=1
12-31 15:19:42.663 9202 9202 I Launcher.NotificationListener: onNotificationPosted : com.android.systemui number : 0
12-31 15:19:42.664 5618 5618 D InterruptionStateProvider: No bubble up: not allowed to bubble: -1|com.android.systemui|2131362998|charging_state|10062
12-31 15:19:42.664 5618 5618 D InterruptionStateProvider: no Heads up : edgelighting enabled app. -1|com.android.systemui|2131362998|charging_state|10062
12-31 15:19:42.699 1087 1188 D BatteryExternalStatsWorker: update stats : update-network-download (6)
12-31 15:19:42.699 1087 1188 D BatteryExternalStatsWorker: WifiActivityEnergyInfo was updated
12-31 15:19:42.708 5618 5618 E ExpandableNotifRow: onNotificationUpdated() NSSL is null..
12-31 15:19:42.710 5618 5618 D FaceWidgetNotificationManager: updateFaceWidgetMusicNotificationKey() return : mFaceWidgetMusicNotificationKey is empty
12-31 15:19:42.713 1087 1188 D BatteryExternalStatsWorker: ModemActivityEnergyInfo was updated
12-31 15:19:42.719 1087 1188 D BatteryExternalStatsWorker: done updateExternalStatsLocked
12-31 15:19:42.807 713 2947 I ExynosCamera: [CAM(0)][Back_0]-(m_monitorThreadFunc[7386]):@FIMC_IS_SYNC 15
12-31 15:19:42.938 28370 2977 I SRCB_QR : QRBarcodeDecoder.barcodeRecognize fail, cost time 459.192627
12-31 15:19:42.938 28370 2977 W SaivQRCodeNode: processBackgroundPreviewInternal fail - ERROR_ENGINE_FAIL
12-31 15:19:43.931 549 549 D io_stats: !@ 8,0 r 2332325 84720344 w 729505 23560940 d 300155 68827524 f 269947 354214 iot 1081440 864947 th 102400 0 0 pt 0 inp 0 0 74898.104
12-31 15:19:43.978 28370 2977 I SRCB_QR : QRBarcodeDecoder.barcodeRecognize fail, cost time 400.180420
12-31 15:19:43.979 28370 2977 W SaivQRCodeNode: processBackgroundPreviewInternal fail - ERROR_ENGINE_FAIL
12-31 15:19:44.023 5569 5569 I wpa_supplicant: Heartbeat 7453
12-31 15:19:44.580 1087 1176 E Watchdog: !@Sync: 2494 heap: 66 / 79 [2021-12-31 15:19:44.580] sdogWay: softdog FD: 736
12-31 15:19:44.677 1087 6880 I EDMNativeHelperService: isCameraEnabled
12-31 15:19:44.678 1087 6880 D EDMNativeHelper: isCameraEnabled
12-31 15:19:44.679 1087 6880 D EDMNativeHelper: checking for camera in EnterpriseDeviceManagerService
12-31 15:19:44.679 1087 6880 D EnterpriseDeviceManagerService: isCameraEnabledNative
12-31 15:19:44.679 1087 6880 D EnterpriseDeviceManagerService: checking for camera in restriction policy
12-31 15:19:44.679 1087 6880 D RestrictionPolicy: isCameraEnabled ret(true) userId(0) cxtInfo.mCallerUid(10098) cxtInfo.mContainerId(0)
12-31 15:19:45.133 28370 2977 I SRCB_QR : QRBarcodeDecoder.barcodeRecognize fail, cost time 444.577393
12-31 15:19:45.133 28370 2977 W SaivQRCodeNode: processBackgroundPreviewInternal fail - ERROR_ENGINE_FAIL
12-31 15:19:45.286 1087 5531 I ChimeraAggressivePolicyHandler: executePolicy() - triggerSource: TRIGGER_SOURCE_LMKD
12-31 15:19:45.286 1087 5531 I ChimeraAggressivePolicyHandler: available memory: 901740, free memory target: 645120, quit chimera
12-31 15:19:46.236 28370 2977 I SRCB_QR : QRBarcodeDecoder.barcodeRecognize fail, cost time 448.223877
12-31 15:19:46.236 28370 2977 W SaivQRCodeNode: processBackgroundPreviewInternal fail - ERROR_ENGINE_FAIL
12-31 15:19:46.831 713 2902 I ExynosCameraFrameManager: [CAM(0)][RUNNING FRAME WORKER]-(workerMain[952]): wait and pop fail, ret(-110)
12-31 15:19:46.901 821 2885 I Camera3-Device: Watchdog...
12-31 15:19:46.958 491 491 I lmkd : cached 0, sandbox(not0) 0
12-31 15:19:46.976 491 491 I lmkd : Reclaim 'com.google.android.youtube' (16313), uid 10224, oom_adj 999, state 19 to free 145844kB
12-31 15:19:46.976 491 491 I lmkd : Reclaimed 145844kB at oom_adj 850
12-31 15:19:47.005 28370 30731 I roid.app.camer: Background young concurrent copying GC freed 12012(452KB) AllocSpace objects, 3(11MB) LOS objects, 35% free, 18MB/28MB, paused 324us total 113.781ms
12-31 15:19:47.050 1087 5668 D ConnectivityService: ConnectivityService NetworkRequestInfo binderDied(NetworkRequest [ TRACK_DEFAULT id=1687, [ Capabilities: INTERNET&NOT_RESTRICTED&TRUSTED Uid: 10224 AdministratorUids: [] RequestorUid: 10224 RequestorPackageName: com.google.android.youtube] ], android.os.BinderProxy@2a956ad)
12-31 15:19:47.050 1087 6854 D ConnectivityService: ConnectivityService NetworkRequestInfo binderDied(NetworkRequest [ TRACK_DEFAULT id=1699, [ Capabilities: INTERNET&NOT_RESTRICTED&TRUSTED Uid: 10224 AdministratorUids: [] RequestorUid: 10224 RequestorPackageName: com.google.android.youtube] ], android.os.BinderProxy@ceeb573)
12-31 15:19:47.050 1087 6866 D ConnectivityService: ConnectivityService NetworkRequestInfo binderDied(NetworkRequest [ LISTEN id=1688, [ Capabilities: INTERNET&NOT_RESTRICTED&TRUSTED&FOREGROUND Uid: 10224 AdministratorUids: [] RequestorUid: 10224 RequestorPackageName: com.google.android.youtube] ], android.os.BinderProxy@150cde2)
12-31 15:19:47.050 1087 5669 D ConnectivityService: ConnectivityService NetworkRequestInfo binderDied(NetworkRequest [ TRACK_DEFAULT id=1690, [ Capabilities: INTERNET&NOT_RESTRICTED&TRUSTED Uid: 10224 AdministratorUids: [] RequestorUid: 10224 RequestorPackageName: com.google.android.youtube] ], android.os.BinderProxy@6de7c30)
12-31 15:19:47.051 1087 6857 D ConnectivityService: ConnectivityService NetworkRequestInfo binderDied(NetworkRequest [ TRACK_DEFAULT id=1686, [ Capabilities: INTERNET&NOT_RESTRICTED&TRUSTED Uid: 10224 AdministratorUids: [] RequestorUid: 10224 RequestorPackageName: com.google.android.youtube] ], android.os.BinderProxy@3b1b0a9)
12-31 15:19:47.055 1087 5471 D ConnectivityService: releasing NetworkRequest [ TRACK_DEFAULT id=1687, [ Capabilities: INTERNET&NOT_RESTRICTED&TRUSTED Uid: 10224 AdministratorUids: [] RequestorUid: 10224 RequestorPackageName: com.google.android.youtube] ] (release request)
12-31 15:19:47.055 1087 6854 I ActivityManager: Process com.google.android.youtube (pid 16313) has died: cch+99 CEM (105,793)
12-31 15:19:47.058 1087 5564 D ConnectivityService: ConnectivityService NetworkRequestInfo binderDied(NetworkRequest [ TRACK_DEFAULT id=1689, [ Capabilities: INTERNET&NOT_RESTRICTED&TRUSTED Uid: 10224 AdministratorUids: [] RequestorUid: 10224 RequestorPackageName: com.google.android.youtube] ], android.os.BinderProxy@231e62e)
12-31 15:19:47.059 1087 5471 D ConnectivityService: releasing NetworkRequest [ TRACK_DEFAULT id=1699, [ Capabilities: INTERNET&NOT_RESTRICTED&TRUSTED Uid: 10224 AdministratorUids: [] RequestorUid: 10224 RequestorPackageName: com.google.android.youtube] ] (release request)
12-31 15:19:47.059 491 491 I lmkd : 3(delay),0(swap), 0(freelimit) memory pressure events were skipped after a kill!
12-31 15:19:47.059 1087 5471 D ConnectivityService: releasing NetworkRequest [ TRACK_DEFAULT id=1690, [ Capabilities: INTERNET&NOT_RESTRICTED&TRUSTED Uid: 10224 AdministratorUids: [] RequestorUid: 10224 RequestorPackageName: com.google.android.youtube] ] (release request)
12-31 15:19:47.060 1087 5471 D ConnectivityService: releasing NetworkRequest [ TRACK_DEFAULT id=1686, [ Capabilities: INTERNET&NOT_RESTRICTED&TRUSTED Uid: 10224 AdministratorUids: [] RequestorUid: 10224 RequestorPackageName: com.google.android.youtube] ] (release request)
12-31 15:19:47.060 1087 5471 D ConnectivityService: releasing NetworkRequest [ TRACK_DEFAULT id=1689, [ Capabilities: INTERNET&NOT_RESTRICTED&TRUSTED Uid: 10224 AdministratorUids: [] RequestorUid: 10224 RequestorPackageName: com.google.android.youtube] ] (release request)
12-31 15:19:47.063 821 7209 I CameraService: UidPolicy: No processes running for a uid=10224 disabled=0
12-31 15:19:47.069 680 680 I Zygote : Process 16313 exited due to signal 9 (Killed)
12-31 15:19:47.071 1087 1182 I libprocessgroup: Successfully killed process cgroup uid 10224 pid 16313 in 11ms
12-31 15:19:47.094 766 766 I SurfaceFlinger: SFWD update time=74901269864924
12-31 15:19:47.186 1087 1341 D SensorService: [SO] 0.912 -2.033 9.462
12-31 15:19:47.365 28370 2977 I SRCB_QR : QRBarcodeDecoder.barcodeRecognize fail, cost time 474.706055
12-31 15:19:47.365 28370 2977 W SaivQRCodeNode: processBackgroundPreviewInternal fail - ERROR_ENGINE_FAIL
12-31 15:19:47.658 491 491 I lmkd : 0(delay),0(swap), 50(freelimit) memory pressure events were skipped after a kill!
12-31 15:19:47.682 1087 5564 I EDMNativeHelperService: isCameraEnabled
12-31 15:19:47.682 1087 5564 D EDMNativeHelper: isCameraEnabled
12-31 15:19:47.683 1087 5564 D EDMNativeHelper: checking for camera in EnterpriseDeviceManagerService
12-31 15:19:47.683 1087 5564 D EnterpriseDeviceManagerService: isCameraEnabledNative
12-31 15:19:47.683 1087 5564 D EnterpriseDeviceManagerService: checking for camera in restriction policy
12-31 15:19:47.684 1087 5564 D RestrictionPolicy: isCameraEnabled ret(true) userId(0) cxtInfo.mCallerUid(10098) cxtInfo.mContainerId(0)
12-31 15:19:47.940 549 549 D io_stats: !@ 8,0 r 2332363 84721100 w 729505 23560940 d 300155 68827524 f 269947 354214 iot 1081448 864952 th 102400 0 0 pt 0 inp 0 0 74902.112
12-31 15:19:48.423 28370 2977 I SRCB_QR : QRBarcodeDecoder.barcodeRecognize fail, cost time 431.052002
12-31 15:19:48.423 28370 2977 W SaivQRCodeNode: processBackgroundPreviewInternal fail - ERROR_ENGINE_FAIL
12-31 15:19:49.301 5618 5618 D KeyguardUpdateMonitor: received broadcast android.intent.action.SERVICE_STATE
12-31 15:19:49.308 6056 6056 D ServiceStateProvider: subId=-1
12-31 15:19:49.312 6056 6056 V PhoneGlobals: handleServiceStateChanged
12-31 15:19:49.312 2134 2134 D CellBroadcastReceiver: onReceive Intent { act=android.intent.action.SERVICE_STATE flg=0x1000010 cmp=com.google.android.cellbroadcastreceiver/com.android.cellbroadcastreceiver.CellBroadcastReceiver (has extras) }
12-31 15:19:49.313 6056 6056 D NotificationMgr: updateNetworkSelection, Use Samsung codes instead of AOSP codes
12-31 15:19:49.313 6056 6056 V PhoneGlobals: subId=-1,mDefaultDataSubId=-1,ss roaming=false
12-31 15:19:49.313 6056 6056 V PhoneGlobals: updateDataRoamingStatus
12-31 15:19:49.313 6056 6056 W PhoneGlobals: Can't get phone with sub id = -1
12-31 15:19:49.315 5618 5688 D NetworkController.SecMobileSignalController(0/2147483647): onServiceStateChanged voiceState=1 dataState=1
12-31 15:19:49.315 5618 5688 D CscParser: OMC path : /optics/configs/carriers/single/NEE/conf/customer.xml
12-31 15:19:49.316 5618 5688 I CscParser: getCustomerPath : omc customer file can read
12-31 15:19:49.316 5618 5688 E CscParser: update(): xml file exist
12-31 15:19:49.317 5618 5618 V KeyguardUpdateMonitor: action android.intent.action.SERVICE_STATE serviceState={mVoiceRegState=1(OUT_OF_SERVICE), mDataRegState=1(OUT_OF_SERVICE), mChannelNumber=2147483647, duplexMode()=0, mCellBandwidths=[], isManualNetworkSelection=false(automatic), getRilVoiceRadioTechnology=16(GSM), getRilDataRadioTechnology=0(Unknown), mCssIndicator=unsupported, mCdmaRoamingIndicator=-1, mCdmaDefaultRoamingIndicator=-1, VoiceRegType=0, ImsVoiceAvail=1, Snap=0, MobileVoice=OUT_OF_SERVICE, MobileData=OUT_OF_SERVICE, MobileDataRoamingType=home, MobileDataRat=Unknown, PsOnly=false, FemtocellInd=0, SprDisplayRoam=false, NrBearerStatus=0, 5gStatus=0, mIsEmergencyOnly=true, isUsingCarrierAggregation=false, mLteEarfcnRsrpBoost=0, mNetworkRegistrationInfos=[NetworkRegistrationInfo{ domain=CS transportType=WWAN registrationState=DENIED roamingType=NOT_ROAMING accessNetworkTechnology=GSM rejectCause=0 emergencyEnabled=true availableServices=[EMERGENCY] cellIdentity=CellIdentityGsm:{ mLac=54403 mCid=9761 mArfcn=2147483647 mBsic=0x7fffffff mMcc=260 mMnc=03 mAlphaLong=Orange mAlphaShort=Orange mAdditionalPlmns={}} voiceSpecificInfo=VoiceSpecificRegistrationInfo { mCssSupported=false mRoamingIndicator=0 mSystemIsInPrl=0 mDefaultRoamingIndicator=0} dataSpecificInfo=null nrState=NONE rRplmn=26003}, NetworkRegistrationInfo{ domain=PS transportType=WWAN registrationState=NOT_REG_OR_SEARCHING roamingType=NOT_ROAMING accessNetworkTechnology=UNKNOWN rejectCause=0 emergencyEnabled=false availableServices=[] cellIdentity=CellIdentityGsm:{ mLac=54403 mCid=9761 mArfcn=2147483647 mBsic=0x7fffffff mMcc=260 mMnc=03 mAlphaLong=Orange mAlphaShort=Orange mAdditionalPlmns={}} voiceSpecificInfo=null dataSpecificInfo=android.telephony.DataSpecificRegistrationInfo :{ maxDataCalls = 4 isDcNrRestricted = false isNrAvailable = false isEnDcAvailable = false LteVopsSupportInfo : mVopsSupport = 1 mEmcBearerSupport = 1 mIsUsingCarrierAggregation = false } nrState=NONE rRplmn=26003}], mNrFrequencyRange=0, mIsDataRoamingFromRegistration=false, mIsIwlanPreferred=false} subId=-1 slotId=0
12-31 15:19:49.318 5618 5618 D KeyguardUpdateMonitor: handleServiceStateChange(subId=-1, slotId=0, serviceState={mVoiceRegState=1(OUT_OF_SERVICE), mDataRegState=1(OUT_OF_SERVICE), mChannelNumber=2147483647, duplexMode()=0, mCellBandwidths=[], isManualNetworkSelection=false(automatic), getRilVoiceRadioTechnology=16(GSM), getRilDataRadioTechnology=0(Unknown), mCssIndicator=unsupported, mCdmaRoamingIndicator=-1, mCdmaDefaultRoamingIndicator=-1, VoiceRegType=0, ImsVoiceAvail=1, Snap=0, MobileVoice=OUT_OF_SERVICE, MobileData=OUT_OF_SERVICE, MobileDataRoamingType=home, MobileDataRat=Unknown, PsOnly=false, FemtocellInd=0, SprDisplayRoam=false, NrBearerStatus=0, 5gStatus=0, mIsEmergencyOnly=true, isUsingCarrierAggregation=false, mLteEarfcnRsrpBoost=0, mNetworkRegistrationInfos=[NetworkRegistrationInfo{ domain=CS transportType=WWAN registrationState=DENIED roamingType=NOT_ROAMING accessNetworkTechnology=GSM rejectCause=0 emergencyEnabled=true availableServices=[EMERGENCY] cellIdentity=CellIdentityGsm:{ mLac=54403 mCid=9761 mArfcn=2147483647 mBsic=0x7fffffff mMcc=260 mMnc=03 mAlphaLong=Orange mAlphaShort=Orange mAdditionalPlmns={}} voiceSpecificInfo=VoiceSpecificRegistrationInfo { mCssSupported=false mRoamingIndicator=0 mSystemIsInPrl=0 mDefaultRoamingIndicator=0} dataSpecificInfo=null nrState=NONE rRplmn=26003}, NetworkRegistrationInfo{ domain=PS transportType=WWAN registrationState=NOT_REG_OR_SEARCHING roamingType=NOT_ROAMING accessNetworkTechnology=UNKNOWN rejectCause=0 emergencyEnabled=false availableServices=[] cellIdentity=CellIdentityGsm:{ mLac=54403 mCid=9761 mArfcn=2147483647 mBsic=0x7fffffff mMcc=260 mMnc=03 mAlphaLong=Orange mAlphaShort=Orange mAdditionalPlmns={}} voiceSpecificInfo=null dataSpecificInfo=android.telephony.DataSpecificRegistrationInfo :{ maxDataCalls = 4 isDcNrRestricted = false isNrAvailable = false isEnDcAvailable = false LteVopsSupportInfo : mVopsSupport = 1 mEmcBearerSupport = 1 mIsUsingCarrierAggregation = false } nrState=NONE rRplmn=26003}], mNrFrequencyRange=0, mIsDataRoamingFromRegistration=false, mIsIwlanPreferred=false}
12-31 15:19:49.318 5618 5618 W KeyguardUpdateMonitor: invalid subId in handleServiceStateChange()
12-31 15:19:49.323 2158 2158 I [IPSA-E] ServiceStateChangedReceiver: onReceive
12-31 15:19:49.331 2158 2158 I [IPSA-E] EmergencySharedPref: getEmergencyAlertEnabled: true
12-31 15:19:49.331 2158 2620 I [IPSA-C] IpsUtilityFunction: getMcc : 0
12-31 15:19:49.334 2158 2620 I [IPSA-E] EmergencyService: isCountryChanged : currentMcc=0, return
12-31 15:19:49.335 2158 2620 I [IPSA-E] EmergencyService: isCountryChangeTimeRemained: lastCountryChangeTime=0, activeDuration=10800000, now=1640960389334result=false
12-31 15:19:49.335 2158 2620 I [IPSA-E] EmergencyService: countryCheck - done
12-31 15:19:49.337 5618 5688 D NetworkController: sendPanelCarrierLabel() carrierText:Emergency calls only, slotId:0, mNumberOfActiveSim:0, airplane:false, activeSimCount:0, mCarrierTextBySimSlot[0]:Emergency calls only
12-31 15:19:49.337 5618 5688 D KeyguardUpdateMonitor: updateCarrierTextInfo
12-31 15:19:49.337 5618 5688 D NetworkController.SecMobileSignalController(0/2147483647): Display signal bar by emergency only[true][true]
12-31 15:19:49.337 5618 5618 D KeyguardBottomAreaShortcutView: mIndicationArea margin start : 164, end : 164, bottom : 90
12-31 15:19:49.338 5618 5688 D MobileSignalIconsSelector: getDataIconGroup(): 0
12-31 15:19:49.338 5618 5618 D CarrierTextController: onRefreshCarrierInfo(), mTelephonyCapable: true
12-31 15:19:49.338 5618 5618 D CarrierTextController: updateCarrierText(): 0
12-31 15:19:49.345 5618 5618 D CarrierTextController: plmn Of NetworkController Impl : Emergency calls only
12-31 15:19:49.347 5618 5618 D CarrierTextController: setText : No SIM | Emergency calls only
12-31 15:19:49.347 5618 5618 D FaceWidgetPagesController: onRefreshCarrierInfo()
12-31 15:19:49.348 5618 5618 D FaceWidgetClockRoamManager: isNetworkRoamingState id=-1
12-31 15:19:49.348 5618 5618 D FaceWidgetClockRoamManager: isNetworkRoamingState false
12-31 15:19:49.348 5618 5618 D FaceWidgetClockRoamManager: onRefreshCarrierInfo(pre, now): false, false
12-31 15:19:49.551 28370 2977 I SRCB_QR : QRBarcodeDecoder.barcodeRecognize fail, cost time 454.559814
12-31 15:19:49.551 28370 2977 W SaivQRCodeNode: processBackgroundPreviewInternal fail - ERROR_ENGINE_FAIL
12-31 15:19:49.944 549 549 D io_stats: !@ 8,0 r 2332363 84721100 w 729509 23560964 d 300155 68827524 f 269947 354214 iot 1081452 864953 th 102400 0 0 pt 0 inp 0 0 74904.117
12-31 15:19:50.095 30776 30848 I WorkerManager: dispose()
12-31 15:19:50.096 30776 30848 W A : Queue length for executor EventBus is now 11. Perhaps some tasks are too long, or the pool is too small.
12-31 15:19:50.288 28370 30731 I roid.app.camer: Background concurrent copying GC freed 10107(405KB) AllocSpace objects, 4(15MB) LOS objects, 49% free, 14MB/28MB, paused 178us total 101.218ms
12-31 15:19:50.509 28370 2977 I SRCB_QR : QRBarcodeDecoder.barcodeRecognize fail, cost time 321.965088
12-31 15:19:50.509 28370 2977 W SaivQRCodeNode: processBackgroundPreviewInternal fail - ERROR_ENGINE_FAIL
12-31 15:19:50.687 1087 5564 I EDMNativeHelperService: isCameraEnabled
12-31 15:19:50.688 1087 5564 D EDMNativeHelper: isCameraEnabled
12-31 15:19:50.689 1087 5564 D EDMNativeHelper: checking for camera in EnterpriseDeviceManagerService
12-31 15:19:50.689 1087 5564 D EnterpriseDeviceManagerService: isCameraEnabledNative
12-31 15:19:50.689 1087 5564 D EnterpriseDeviceManagerService: checking for camera in restriction policy
12-31 15:19:50.689 1087 5564 D RestrictionPolicy: isCameraEnabled ret(true) userId(0) cxtInfo.mCallerUid(10098) cxtInfo.mContainerId(0)
12-31 15:19:51.278 5618 5688 D NetworkController.SecMobileSignalController(0/2147483647): onSignalStrengthsChanged level=4
12-31 15:19:51.278 5618 5688 D NetworkController.SecMobileSignalController(0/2147483647): Display signal bar by emergency only[true][true]
12-31 15:19:51.279 5618 5688 D MobileSignalIconsSelector: getDataIconGroup(): 0
12-31 15:19:51.745 28370 2977 I SRCB_QR : QRBarcodeDecoder.barcodeRecognize fail, cost time 446.040283
12-31 15:19:51.745 28370 2977 W SaivQRCodeNode: processBackgroundPreviewInternal fail - ERROR_ENGINE_FAIL
