12-31 15:21:00.689 493 493 I hwservicemanager: getTransport: Cannot find entry android.hardware.power.stats@1.0::IPowerStats/default in either framework or device manifest.
12-31 15:21:00.690 493 493 I hwservicemanager: getTransport: Cannot find entry android.hardware.power@1.0::IPower/default in either framework or device manifest.
12-31 15:21:00.690 1087 1188 E BatteryStatsService: Unable to load Power Hal or power.stats HAL
12-31 15:21:00.691 1087 1188 D BatteryExternalStatsWorker: done updateExternalStatsLocked
12-31 15:21:00.725 8074 3032 I Finsky : [17595] ppw.a(105): SCH: Satisfied jobs for 9283 are: 10-11, 10-26
12-31 15:21:00.802 1087 6871 D SamsungAlarmManager: setInexact (T:3/F:0/AC:false) 20220101T032100 now=824321629 - CU:10207/CP:6548/OP:PendingIntent{a7085: PendingIntentRecord{b2d84c6 com.google.android.gms/com.google.android.gms.core_download startService}}
12-31 15:21:00.802 1087 6871 I SamsungAlarmManager: setLocked to kernel - T:2 / 20211231T152655, set=824676720, now=824321630
12-31 15:21:00.802 1087 6871 I SamsungAlarmManager: setLocked to kernel - T:3 / 20211231T152122, set=824343560, now=824321630
12-31 15:21:00.806 8074 3033 I Finsky : [17596] oxx.accept(5): SCH: Job 10-11 starting
12-31 15:21:00.809 8074 15929 I Finsky : [17458] ppw.a(122): Running split install cleaner
12-31 15:21:00.818 8074 3033 I Finsky : [17596] oxx.accept(5): SCH: Job 10-26 starting
12-31 15:21:00.830 8074 3034 I Finsky : [17597] qqf.accept(18): Removed 0 obsolete sessions.
12-31 15:21:00.832 8074 3034 I Finsky : [17597] qqf.accept(20): Removed 0 corrupted downloaded sessions.
12-31 15:21:00.835 8074 15932 I Finsky : [17460] qrx.a(71): Running deferred language split installer
12-31 15:21:00.837 8074 3034 I Finsky : [17597] qqf.accept(33): Finished completion of 0 sessions. Successful: 0. Failed: 0.
12-31 15:21:00.843 6983 8053 I SDHMS:PowerAnomaly:GATHERERBATTSTATS: BarTender BatteryStatsUpdateReceiver Start / reason : POLLING
12-31 15:21:00.843 6983 8053 I SDHMS:PowerAnomaly:GATHERERBATTSTATS: BarTender addStats To DB Start
12-31 15:21:00.844 6983 8053 I SDHMS:PowerAnomaly:BatteryStatsDBManager: BarTender DB BulkInsert Start / size=28
12-31 15:21:00.844 6983 8053 I SDHMS:BatteryStatsDBProvider: BarTender DB Provider bulkInsert Start
12-31 15:21:00.855 8074 15929 I Finsky : [17458] ppu.r(4): SCH: jobFinished: 10-11. TimeElapsed: 48ms.
12-31 15:21:00.871 8074 15938 I Finsky : [17465] pij.run(28): Checking for language splits...
12-31 15:21:00.902 6983 8053 I SDHMS:BatteryStatsDBProvider: BarTender DB Provider bulkInsert End
12-31 15:21:00.902 6983 8053 I SDHMS:PowerAnomaly:BatteryStatsDBManager: BarTender DB BulkInsert End
12-31 15:21:00.938 6983 8053 I SDHMS:PowerAnomaly:GATHERERBATTSTATS: BarTender addStats To ExtDB Start
12-31 15:21:00.969 6983 8053 I SDHMS:PowerAnomaly:ANALYZERBATTSTATS: BatteryStats Analyze Start
12-31 15:21:00.969 6983 8053 I SDHMS:PowerAnomaly:GATHERERBATTSTATS: BarTender BatteryStatsUpdateReceiver End
12-31 15:21:00.969 6983 8053 I SDHMS:y : Polling event handleUpdatedDeltaLocked will starts.
12-31 15:21:00.969 6983 8053 I SDHMS:y : handleUpdatedDeltaLocked : 2021-12-31 15:06:03.669 ~ 2021-12-31 15:21:00.969 reason=POLLING
12-31 15:21:00.969 6983 8053 I SDHMS:y : refreshStats!! devInfo=power = 0.39149815823225254, screenPower = 0.12314411111117352, idlePower = 0.013719500000007656, percent = 0, screenOnTime = 2386, screenOffTime = 0, uptime = 0, screenOffUptime = 0, AOD = 0, powerSave = 0, wakelock time = 0 appInfo size=28
12-31 15:21:00.969 6983 8053 I SDHMS:y : Polling event handleUpdatedDeltaLocked finished.
12-31 15:21:00.971 1087 6871 D SamsungAlarmManager: setInexact (T:3/F:8/AC:false) 20211231T153100 now=824321799 - CU:1000/CP:6983/OP:PendingIntent{e989eda: PendingIntentRecord{40d275f com.sec.android.sdhms broadcastIntent}}
12-31 15:21:00.971 1087 6871 I SamsungAlarmManager: setLocked to kernel - T:2 / 20211231T152655, set=824676720, now=824321799
12-31 15:21:00.971 1087 6871 I SamsungAlarmManager: setLocked to kernel - T:3 / 20211231T152122, set=824343560, now=824321799
12-31 15:21:01.034 679 779 E Netd : getNetworkForDns: getNetId from enterpriseCtrl is netid 0
12-31 15:21:01.036 679 769 E Netd : getNetworkForDns: getNetId from enterpriseCtrl is netid 0
12-31 15:21:01.348 1087 1166 D NetdEventListenerService: DNS Requested by : 603, 10215
12-31 15:21:01.349 679 779 E Netd : getNetworkForDns: getNetId from enterpriseCtrl is netid 0
12-31 15:21:01.696 8074 8074 I Finsky : [2] uyo.hT(2): BulkDetails response obtained.
12-31 15:21:01.698 8074 8074 I Finsky : [2] uyr.a(2): No new splits to download.
12-31 15:21:01.755 8074 15929 I Finsky : [17458] ppu.r(4): SCH: jobFinished: 10-26. TimeElapsed: 935ms.
12-31 15:21:01.836 8074 15929 I Finsky : [17458] ppo.accept(69): SCH: Scheduling phonesky job Id: 1-1337, CT: 1640959862305, Constraints: [{ L: 22350282, D: 65550282, C: 1, I: 1, N: 1 }]
12-31 15:21:01.837 8074 15929 I Finsky : [17458] ppo.accept(69): SCH: Scheduling phonesky job Id: 10-4, CT: 1640959860566, Constraints: [{ L: 1200000, D: 86400000, C: 1, I: 1, N: 1 }]
12-31 15:21:01.837 8074 15929 I Finsky : [17458] ppo.accept(69): SCH: Scheduling phonesky job Id: 34-171, CT: 1640960098689, Constraints: [{ L: 79199806, D: 1375199806, C: 1, I: 1, N: 1 }]
12-31 15:21:01.875 8074 15940 I Finsky : [17467] pkc.apply(66): SCH: Scheduling 1 system job(s)
12-31 15:21:01.876 8074 15940 I Finsky : [17467] pkc.apply(72): SCH: Scheduling system job Id: 9288, L: 598691, D: 64950712, C: false, I: false, N: 1
12-31 15:21:01.917 8074 3033 I Finsky : [17596] prg.a(16): SCH: job service finished with id 9283.
12-31 15:21:02.101 766 766 I SurfaceFlinger: SFWD update time=74976277230101
12-31 15:21:02.210 549 549 D io_stats: !@ 8,0 r 2333980 84754736 w 729775 23565204 d 300360 68831748 f 270089 354403 iot 1081988 865347 th 102400 0 0 pt 0 inp 0 0 74976.380
12-31 15:21:02.526 1087 3042 D WifiConnectivityMonitor.DnsPingerHandler: setCurrentLinkProperties: lp={InterfaceName: wlan0 LinkAddresses: [ fe80::e8ab:d0ff:fe5e:4062/64,192.168.43.101/24 ] DnsAddresses: [ /192.168.43.229 ] Domains: null MTU: 0 ServerAddress: /192.168.43.229 TcpBufferSizes: 524288,1048576,4194304,524288,1048576,4194304 Routes: [ fe80::/64 -> :: wlan0 mtu 0,192.168.43.0/24 -> 0.0.0.0 wlan0 mtu 0,0.0.0.0/0 -> 192.168.43.229 wlan0 mtu 0 ]}
12-31 15:21:02.842 1087 3043 D WifiConnectivityMonitor.DnsThread: [|211]
12-31 15:21:02.844 1087 5521 D WifiConnectivityMonitor: DNS resultType : 0, responseTime : 211
12-31 15:21:02.845 1087 5519 D WifiConnectivityMonitor: updateBssidLatestDnsResultType - result: 0
12-31 15:21:03.662 6983 8050 I SDHMS:G : -99 > surface_temperature_0
12-31 15:21:03.664 6983 8050 I SDHMS:G : writeSysfs:: path() : /sys/class/audio/amp/surface_temperature_0 exist() : false canWrite() : false
12-31 15:21:03.671 6983 8050 I SDHMS:G : -99 > surface_temperature_1
12-31 15:21:03.673 6983 8050 I SDHMS:G : writeSysfs:: path() : /sys/class/audio/amp/surface_temperature_1 exist() : false canWrite() : false
12-31 15:21:03.673 6983 8050 I SDHMS:G : SIOP:: AP:346(322,0) BAT:282(282,0) USB:273(273,0) CHG:330(330,0) PA:255(302,50) WIFI:286(323,50) BLK:297(297,0) LRP:335(335,0) LRF:335(335) LRB:325(325)
12-31 15:21:03.784 1087 1910 D BatteryService: Sending ACTION_BATTERY_CHANGED. scale:100, info:{.chargerAcOnline = false, .chargerUsbOnline = true, .chargerWirelessOnline = false, .maxChargingCurrent = 0, .maxChargingVoltage = 0, .batteryStatus = CHARGING, .batteryHealth = GOOD, .batteryPresent = true, .batteryLevel = 65, .batteryVoltage = 3887, .batteryTemperature = 282, .batteryCurrent = -156, .batteryCycleCount = 0, .batteryFullCharge = 5000000, .batteryChargeCounter = 2875460, .batteryTechnology = Li-ion}
12-31 15:21:03.784 1087 1910 D BatteryService: online:4, current avg:-179, charge type:2, POGO powered:false, power sharing:false, high voltage charger:false, charger_type:0, capacity:280000, misc_event:0x0, current_event:0x8100, current_now:-156
12-31 15:21:03.790 1087 1372 D MotionRecognitionService: onReceive : ACTION_BATTERY_CHANGED, Plugged: 2
12-31 15:21:03.790 1087 1372 I MotionRecognitionService: [TA] In/out: true, curr state: 1
12-31 15:21:03.798 6056 6056 D SemBigDataInfoController: Intent : android.intent.action.BATTERY_CHANGED
12-31 15:21:03.802 1087 1087 D PhoneWindowManagerExt: ACTION_BATTERY_CHANGED - Level=65, status=2
12-31 15:21:03.803 5618 5618 D KeyguardUpdateMonitor: received broadcast android.intent.action.BATTERY_CHANGED
12-31 15:21:03.802 1087 1087 D SemWifiApBroadcastReceiver: Received : android.intent.action.BATTERY_CHANGED
12-31 15:21:03.803 5618 5618 I PowerUI : BATTERY_HEALTH_CHECK extraHealth=2 mBatteryMiscEvent=0
12-31 15:21:03.803 5618 5618 D PowerUI : priorPlugType = 2 mPlugType = 2 priorBatteryStatus = 2 mBatteryStatus = 2
12-31 15:21:03.806 5618 5618 D PowerUI.Notification: showChargingNotice oldChargingType : 7 currentChargingType : 7 oldChargingTime : 43767000 mChargingTime : 43767000
12-31 15:21:03.806 5618 5618 D PowerUI.Notification: There is no change about charging status, so return!
12-31 15:21:03.806 5618 5618 D PowerUI : Battery swelling mode - priorBatterySwellingMode = 0 mBatterySwellingMode = 0 mBatteryStatus = 2
12-31 15:21:03.807 5618 5618 I PowerUI : mBatteryMiscEvent = 0
12-31 15:21:03.807 5618 5618 D PowerUI : showing power sharing dialogfalse
12-31 15:21:03.846 5618 5618 I AODBatteryManager: updateBatteryData: ACTION_BATTERY_CHANGED
12-31 15:21:03.849 5618 5618 I AODBatteryManager: saveBatteryData : AOD BatteryData [mBatteryLevel=65, mBatteryStatus=CHARGING, mBatteryPlugType=USB, mBatteryPlugged=true, mRemainingChargeTime=43767000, mBatteryChargingType=1, mBatteryChargerType=NORMAL, mBatteryOnline=USB, mBatterySwellingMode=NONE, mBatteryProtectMode=false]
12-31 15:21:03.849 5618 5618 D KeyguardUpdateMonitor: handleBatteryUpdate
12-31 15:21:04.039 5569 5569 I wpa_supplicant: Heartbeat 7461
12-31 15:21:05.434 5618 5688 D NetworkController.SecMobileSignalController(0/2147483647): onSignalStrengthsChanged level=4
12-31 15:21:05.435 5618 5688 D NetworkController.SecMobileSignalController(0/2147483647): Display signal bar by emergency only[true][true]
12-31 15:21:05.436 5618 5688 D MobileSignalIconsSelector: getDataIconGroup(): 0
12-31 15:21:06.227 549 549 D io_stats: !@ 8,0 r 2333989 84755004 w 729782 23565336 d 300360 68831748 f 270090 354404 iot 1081992 865352 th 102400 0 0 pt 0 inp 0 0 74980.397
12-31 15:21:07.101 766 766 I SurfaceFlinger: SFWD update time=74981277500867
12-31 15:21:07.819 1087 6871 D SamsungAlarmManager: Cancel Alarm calling from uid:10207 pid :6548 / OP:PendingIntent{3443e39: PendingIntentRecord{f0cadcc com.google.android.gms/ startService}}
12-31 15:21:07.823 1087 6871 I SamsungAlarmManager: setLocked to kernel - T:2 / 20211231T152655, set=824676720, now=824328651
12-31 15:21:07.823 1087 6871 I SamsungAlarmManager: setLocked to kernel - T:3 / 20211231T152122, set=824343560, now=824328651
12-31 15:21:08.235 549 549 D io_stats: !@ 8,0 r 2334014 84755404 w 729782 23565336 d 300360 68831748 f 270090 354404 iot 1082004 865360 th 102400 0 0 pt 0 inp 0 0 74982.405
12-31 15:21:08.332 1087 1341 D SensorService: [SO] 0.939 -2.021 9.465
12-31 15:21:10.143 5618 5688 D NetworkController.SecMobileSignalController(0/2147483647): onSignalStrengthsChanged level=4
12-31 15:21:10.143 5618 5688 D NetworkController.SecMobileSignalController(0/2147483647): Display signal bar by emergency only[true][true]
12-31 15:21:10.144 5618 5688 D MobileSignalIconsSelector: getDataIconGroup(): 0
12-31 15:21:12.102 766 766 I SurfaceFlinger: SFWD update time=74986278118671
12-31 15:21:12.252 549 549 D io_stats: !@ 8,0 r 2334014 84755404 w 729787 23565356 d 300360 68831748 f 270090 354404 iot 1082008 865360 th 102400 0 0 pt 0 inp 0 0 74986.422
12-31 15:21:12.652 1087 5488 D UsbStatsMonitor: 0 0 0 0 0 0 0 0 0 0 0 2 0 0 0 0 0 0 0 0 0 0 0 0 0 0 0 0 0 0 0 0 0 0 0 0 0 0 0 0 0 0 0 0 0 0 0 0 53021371269139
12-31 15:21:13.116 1087 1188 D BatteryExternalStatsWorker: update stats : update-network-netlog (6)
12-31 15:21:13.117 1087 1188 D BatteryExternalStatsWorker: WifiActivityEnergyInfo was updated
12-31 15:21:13.144 1087 1188 D BatteryExternalStatsWorker: ModemActivityEnergyInfo was updated
12-31 15:21:13.163 1087 1188 D BatteryExternalStatsWorker: done updateExternalStatsLocked
12-31 15:21:13.985 1087 5883 D BatteryService: Sending ACTION_BATTERY_CHANGED. scale:100, info:{.chargerAcOnline = false, .chargerUsbOnline = true, .chargerWirelessOnline = false, .maxChargingCurrent = 0, .maxChargingVoltage = 0, .batteryStatus = CHARGING, .batteryHealth = GOOD, .batteryPresent = true, .batteryLevel = 65, .batteryVoltage = 3887, .batteryTemperature = 282, .batteryCurrent = -127, .batteryCycleCount = 0, .batteryFullCharge = 5000000, .batteryChargeCounter = 2875460, .batteryTechnology = Li-ion}
12-31 15:21:13.986 1087 5883 D BatteryService: online:4, current avg:-165, charge type:2, POGO powered:false, power sharing:false, high voltage charger:false, charger_type:0, capacity:280000, misc_event:0x0, current_event:0x8100, current_now:-127
12-31 15:21:13.990 1087 1087 D PhoneWindowManagerExt: ACTION_BATTERY_CHANGED - Level=65, status=2
12-31 15:21:13.991 1087 1087 D SemWifiApBroadcastReceiver: Received : android.intent.action.BATTERY_CHANGED
12-31 15:21:13.991 1087 1372 D MotionRecognitionService: onReceive : ACTION_BATTERY_CHANGED, Plugged: 2
12-31 15:21:13.991 1087 1372 I MotionRecognitionService: [TA] In/out: true, curr state: 1
12-31 15:21:14.000 6056 6056 D SemBigDataInfoController: Intent : android.intent.action.BATTERY_CHANGED
12-31 15:21:14.002 5618 5618 D KeyguardUpdateMonitor: received broadcast android.intent.action.BATTERY_CHANGED
12-31 15:21:14.002 5618 5618 I PowerUI : BATTERY_HEALTH_CHECK extraHealth=2 mBatteryMiscEvent=0
12-31 15:21:14.008 5618 5618 D PowerUI : priorPlugType = 2 mPlugType = 2 priorBatteryStatus = 2 mBatteryStatus = 2
12-31 15:21:14.013 5618 5618 D PowerUI.Notification: showChargingNotice oldChargingType : 7 currentChargingType : 7 oldChargingTime : 43767000 mChargingTime : 43767000
12-31 15:21:14.013 5618 5618 D PowerUI.Notification: There is no change about charging status, so return!
12-31 15:21:14.013 5618 5618 D PowerUI : Battery swelling mode - priorBatterySwellingMode = 0 mBatterySwellingMode = 0 mBatteryStatus = 2
12-31 15:21:14.013 5618 5618 I PowerUI : mBatteryMiscEvent = 0
12-31 15:21:14.013 5618 5618 D PowerUI : showing power sharing dialogfalse
12-31 15:21:14.043 5569 5569 I wpa_supplicant: Heartbeat 7462
12-31 15:21:14.052 5618 5618 D KeyguardUpdateMonitor: handleBatteryUpdate
12-31 15:21:14.055 5618 5618 I AODBatteryManager: updateBatteryData: ACTION_BATTERY_CHANGED
12-31 15:21:14.058 5618 5618 I AODBatteryManager: saveBatteryData : AOD BatteryData [mBatteryLevel=65, mBatteryStatus=CHARGING, mBatteryPlugType=USB, mBatteryPlugged=true, mRemainingChargeTime=43767000, mBatteryChargingType=1, mBatteryChargerType=NORMAL, mBatteryOnline=USB, mBatterySwellingMode=NONE, mBatteryProtectMode=false]
12-31 15:21:14.261 549 549 D io_stats: !@ 8,0 r 2334031 84755672 w 729812 23566000 d 300407 68832416 f 270142 354469 iot 1082072 865402 th 102400 0 0 pt 0 inp 0 0 74988.431
12-31 15:21:14.550 6983 7008 I FASProvider: makeValuesForFasUpdate contentValues = package_name=com.microsoft.skydrive uid=10092 level=1 resetTime=1640960474537
12-31 15:21:14.634 1087 1176 E Watchdog: !@Sync: 2497 heap: 78 / 79 [2021-12-31 15:21:14.634] sdogWay: softdog FD: 735
12-31 15:21:14.850 5618 5688 D NetworkController.SecMobileSignalController(0/2147483647): onSignalStrengthsChanged level=4
12-31 15:21:14.850 5618 5688 D NetworkController.SecMobileSignalController(0/2147483647): Display signal bar by emergency only[true][true]
12-31 15:21:14.851 5618 5688 D MobileSignalIconsSelector: getDataIconGroup(): 0
12-31 15:21:16.269 549 549 D io_stats: !@ 8,0 r 2334042 84755812 w 729816 23566016 d 300407 68832416 f 270142 354469 iot 1082080 865404 th 102400 0 0 pt 0 inp 0 0 74990.439
12-31 15:21:17.102 766 766 I SurfaceFlinger: SFWD update time=74991278427514
12-31 15:21:17.331 1087 1341 D SensorService: [SO] 0.922 -2.035 9.474
12-31 15:21:18.381 5618 5688 D NetworkController.SecMobileSignalController(0/2147483647): onSignalStrengthsChanged level=4
12-31 15:21:18.381 5618 5688 D NetworkController.SecMobileSignalController(0/2147483647): Display signal bar by emergency only[true][true]
12-31 15:21:18.382 5618 5688 D MobileSignalIconsSelector: getDataIconGroup(): 0
12-31 15:21:22.103 766 766 I SurfaceFlinger: SFWD update time=74996278747241
12-31 15:21:22.296 549 549 D io_stats: !@ 8,0 r 2334042 84755812 w 729821 23566048 d 300407 68832416 f 270142 354469 iot 1082084 865405 th 102400 0 0 pt 0 inp 0 0 74996.464
12-31 15:21:22.732 1087 1363 D SamsungAlarmManager: Expired : 8
12-31 15:21:22.733 1087 1363 V SamsungAlarmManager: Sending to uid : 1000 L=62b2056:DetectMovementSPListener alarm=Alarm{474b1d7 type 3 when 824343560 android}
12-31 15:21:22.734 1087 5901 I SLocation: SPManager - can't use SP!
12-31 15:21:22.737 1087 1363 I SamsungAlarmManager: setLocked to kernel - T:2 / 20211231T152655, set=824676720, now=824343565
12-31 15:21:22.740 1087 1363 I SamsungAlarmManager: setLocked to kernel - T:3 / 20211231T152200, set=824380828, now=824343567
12-31 15:21:22.742 1087 5901 D SamsungAlarmManager: setExact (T:3/F:9/AC:false) 20211231T152222 now=824343570 - CU:1000/CP:1087/L:62b2056:DetectMovementSPListener
12-31 15:21:22.743 1087 5901 I SamsungAlarmManager: setLocked to kernel - T:2 / 20211231T152655, set=824676720, now=824343570
12-31 15:21:22.743 1087 5901 I SamsungAlarmManager: setLocked to kernel - T:3 / 20211231T152200, set=824380828, now=824343571
12-31 15:21:24.044 5569 5569 I wpa_supplicant: Heartbeat 7463
12-31 15:21:24.155 1087 5570 D BatteryService: Sending ACTION_BATTERY_CHANGED. scale:100, info:{.chargerAcOnline = false, .chargerUsbOnline = true, .chargerWirelessOnline = false, .maxChargingCurrent = 0, .maxChargingVoltage = 0, .batteryStatus = CHARGING, .batteryHealth = GOOD, .batteryPresent = true, .batteryLevel = 65, .batteryVoltage = 3888, .batteryTemperature = 282, .batteryCurrent = -141, .batteryCycleCount = 0, .batteryFullCharge = 5000000, .batteryChargeCounter = 2875460, .batteryTechnology = Li-ion}
12-31 15:21:24.156 1087 5570 D BatteryService: online:4, current avg:-159, charge type:2, POGO powered:false, power sharing:false, high voltage charger:false, charger_type:0, capacity:280000, misc_event:0x0, current_event:0x8100, current_now:-141
12-31 15:21:24.161 1087 1372 D MotionRecognitionService: onReceive : ACTION_BATTERY_CHANGED, Plugged: 2
12-31 15:21:24.161 1087 1372 I MotionRecognitionService: [TA] In/out: true, curr state: 1
12-31 15:21:24.161 1087 1087 D PhoneWindowManagerExt: ACTION_BATTERY_CHANGED - Level=65, status=2
12-31 15:21:24.161 1087 1087 D SemWifiApBroadcastReceiver: Received : android.intent.action.BATTERY_CHANGED
12-31 15:21:24.169 5618 5618 D KeyguardUpdateMonitor: received broadcast android.intent.action.BATTERY_CHANGED
12-31 15:21:24.170 5618 5618 I PowerUI : BATTERY_HEALTH_CHECK extraHealth=2 mBatteryMiscEvent=0
12-31 15:21:24.170 5618 5618 D PowerUI : priorPlugType = 2 mPlugType = 2 priorBatteryStatus = 2 mBatteryStatus = 2
12-31 15:21:24.173 6056 6056 D SemBigDataInfoController: Intent : android.intent.action.BATTERY_CHANGED
12-31 15:21:24.179 5618 5618 D PowerUI.Notification: showChargingNotice oldChargingType : 7 currentChargingType : 7 oldChargingTime : 43767000 mChargingTime : 43767000
12-31 15:21:24.179 5618 5618 D PowerUI.Notification: There is no change about charging status, so return!
12-31 15:21:24.179 5618 5618 D PowerUI : Battery swelling mode - priorBatterySwellingMode = 0 mBatterySwellingMode = 0 mBatteryStatus = 2
12-31 15:21:24.179 5618 5618 I PowerUI : mBatteryMiscEvent = 0
12-31 15:21:24.179 5618 5618 D PowerUI : showing power sharing dialogfalse
12-31 15:21:24.222 5618 5618 D KeyguardUpdateMonitor: handleBatteryUpdate
12-31 15:21:24.225 5618 5618 I AODBatteryManager: updateBatteryData: ACTION_BATTERY_CHANGED
12-31 15:21:24.229 5618 5618 I AODBatteryManager: saveBatteryData : AOD BatteryData [mBatteryLevel=65, mBatteryStatus=CHARGING, mBatteryPlugType=USB, mBatteryPlugged=true, mRemainingChargeTime=43767000, mBatteryChargingType=1, mBatteryChargerType=NORMAL, mBatteryOnline=USB, mBatterySwellingMode=NONE, mBatteryProtectMode=false]
12-31 15:21:24.255 5618 5688 D NetworkController.SecMobileSignalController(0/2147483647): onSignalStrengthsChanged level=4
12-31 15:21:24.255 5618 5688 D NetworkController.SecMobileSignalController(0/2147483647): Display signal bar by emergency only[true][true]
12-31 15:21:24.255 5618 5688 D MobileSignalIconsSelector: getDataIconGroup(): 0
12-31 15:21:24.257 5618 5688 D MobileSignalIconsSelector: getDataIconGroup(): connected=true,enabled=true,level=3,inetCondition=1,dataIconGroup=DataIconGroup(UNKNOWN),activityIn=false,activityOut=false,lastModified=12-31 15:21:24.256,dataSim=false,networkName=Emergency calls only,networkNameData=Emergency calls only,dataConnected=false,roaming=false,isDefault=false,isEmergency=true,airplaneMode=false,carrierNetworkChangeMode=false,userSetup=true,defaultDataOff=false,cdmaEriIconIndex=-1,cdmaEriIconMode=-1,callState=0,voWifiConnected=false,shouldShowDisabledDataIcon=false,bluetoothTethered=false,isLTEFemtoCell=false,cardOperator=OTHERS,optionalRadioTech=0,isCAIndicator=false,isLimitedStateForCTCSlaveVoLTE=false,isSWRoaming=false,isMobileDataSettingEnabled=false,nwBoosterRilEnabled=false,nwBoosterSettingEnabled=false,emergencyModeActivated=false,ismmW5G=false,slotId=0,simState=ABSENT, iconSet = null
12-31 15:21:24.258 5618 5618 D StatusbarSignalPolicy: setMobileDataIndicators state = MobileIconState(subId=2147483647, strengthId=2131233617, roaming=false, typeId=0, visible=true, activityId=0, roamingId=0, slotId=0)
12-31 15:21:26.330 1087 1341 D SensorService: [SO] 0.910 -2.037 9.455
12-31 15:21:27.103 766 766 I SurfaceFlinger: SFWD update time=75001278837006
12-31 15:21:28.958 5618 5688 D NetworkController.SecMobileSignalController(0/2147483647): onSignalStrengthsChanged level=4
12-31 15:21:28.958 5618 5688 D NetworkController.SecMobileSignalController(0/2147483647): Display signal bar by emergency only[true][true]
12-31 15:21:28.958 5618 5688 D MobileSignalIconsSelector: getDataIconGroup(): 0
12-31 15:21:30.032 6548 15602 I CastDatabase: Saving the database
12-31 15:21:30.072 6548 15602 I SQLiteCastStore: [CastNetworkInfo] saved: 1, skipped: 0, [CastDeviceInfo]: saved 1, skipped 0, [Paired Guest Mode DeviceInfo] saved: 0, skipped: 0. [ProbedNetworks]: saved 0, skipped: 0, [ProbedSocketAddress]: saved 1, skipped: 0, [Network-Device pairs]: saved: 1
12-31 15:21:30.314 549 549 D io_stats: !@ 8,0 r 2334055 84755944 w 729824 23566108 d 300407 68832416 f 270143 354471 iot 1082092 865410 th 102400 0 0 pt 0 inp 0 0 75004.488
12-31 15:21:30.961 15744 15781 E MTPJNIInterface: Value of device_name is Galaxy Tab Active3
12-31 15:21:32.103 766 766 I SurfaceFlinger: SFWD update time=75006278800195
12-31 15:21:32.318 549 549 D io_stats: !@ 8,0 r 2334061 84756300 w 729824 23566108 d 300407 68832416 f 270143 354471 iot 1082100 865412 th 102400 0 0 pt 0 inp 0 0 75006.491
12-31 15:21:33.654 6983 8050 I SDHMS:G : -99 > surface_temperature_0
12-31 15:21:33.655 6983 8050 I SDHMS:G : writeSysfs:: path() : /sys/class/audio/amp/surface_temperature_0 exist() : false canWrite() : false
12-31 15:21:33.655 6983 8050 I SDHMS:G : -99 > surface_temperature_1
12-31 15:21:33.656 6983 8050 I SDHMS:G : writeSysfs:: path() : /sys/class/audio/amp/surface_temperature_1 exist() : false canWrite() : false
12-31 15:21:33.656 6983 8050 I SDHMS:G : SIOP:: AP:341(335,0) BAT:282(282,0) USB:272(272,0) CHG:331(331,0) PA:252(299,50) WIFI:283(321,50) BLK:295(295,0) LRP:333(333,0) LRF:333(333) LRB:327(327)
12-31 15:21:33.663 5618 5688 D NetworkController.SecMobileSignalController(0/2147483647): onSignalStrengthsChanged level=4
12-31 15:21:33.663 5618 5688 D NetworkController.SecMobileSignalController(0/2147483647): Display signal bar by emergency only[true][true]
12-31 15:21:33.664 5618 5688 D MobileSignalIconsSelector: getDataIconGroup(): 0
12-31 15:21:33.667 5618 5688 D MobileSignalIconsSelector: getDataIconGroup(): connected=true,enabled=true,level=4,inetCondition=1,dataIconGroup=DataIconGroup(UNKNOWN),activityIn=false,activityOut=false,lastModified=12-31 15:21:33.664,dataSim=false,networkName=Emergency calls only,networkNameData=Emergency calls only,dataConnected=false,roaming=false,isDefault=false,isEmergency=true,airplaneMode=false,carrierNetworkChangeMode=false,userSetup=true,defaultDataOff=false,cdmaEriIconIndex=-1,cdmaEriIconMode=-1,callState=0,voWifiConnected=false,shouldShowDisabledDataIcon=false,bluetoothTethered=false,isLTEFemtoCell=false,cardOperator=OTHERS,optionalRadioTech=0,isCAIndicator=false,isLimitedStateForCTCSlaveVoLTE=false,isSWRoaming=false,isMobileDataSettingEnabled=false,nwBoosterRilEnabled=false,nwBoosterSettingEnabled=false,emergencyModeActivated=false,ismmW5G=false,slotId=0,simState=ABSENT, iconSet = null
12-31 15:21:33.668 5618 5618 D StatusbarSignalPolicy: setMobileDataIndicators state = MobileIconState(subId=2147483647, strengthId=2131233615, roaming=false, typeId=0, visible=true, activityId=0, roamingId=0, slotId=0)
12-31 15:21:34.046 5569 5569 I wpa_supplicant: Heartbeat 7464
12-31 15:21:34.312 1087 5570 D BatteryService: Sending ACTION_BATTERY_CHANGED. scale:100, info:{.chargerAcOnline = false, .chargerUsbOnline = true, .chargerWirelessOnline = false, .maxChargingCurrent = 0, .maxChargingVoltage = 0, .batteryStatus = CHARGING, .batteryHealth = GOOD, .batteryPresent = true, .batteryLevel = 65, .batteryVoltage = 3860, .batteryTemperature = 281, .batteryCurrent = -380, .batteryCycleCount = 0, .batteryFullCharge = 5000000, .batteryChargeCounter = 2875460, .batteryTechnology = Li-ion}
12-31 15:21:34.312 1087 5570 D BatteryService: online:4, current avg:-355, charge type:2, POGO powered:false, power sharing:false, high voltage charger:false, charger_type:0, capacity:280000, misc_event:0x0, current_event:0x8100, current_now:-380
12-31 15:21:34.314 1087 1372 D MotionRecognitionService: onReceive : ACTION_BATTERY_CHANGED, Plugged: 2
12-31 15:21:34.314 1087 1372 I MotionRecognitionService: [TA] In/out: true, curr state: 1
12-31 15:21:34.315 1087 1087 D PhoneWindowManagerExt: ACTION_BATTERY_CHANGED - Level=65, status=2
12-31 15:21:34.315 1087 1087 D SemWifiApBroadcastReceiver: Received : android.intent.action.BATTERY_CHANGED
12-31 15:21:34.321 5618 5618 D KeyguardUpdateMonitor: received broadcast android.intent.action.BATTERY_CHANGED
12-31 15:21:34.321 5618 5618 I PowerUI : BATTERY_HEALTH_CHECK extraHealth=2 mBatteryMiscEvent=0
12-31 15:21:34.322 6056 6056 D SemBigDataInfoController: Intent : android.intent.action.BATTERY_CHANGED
12-31 15:21:34.323 5618 5618 D PowerUI : priorPlugType = 2 mPlugType = 2 priorBatteryStatus = 2 mBatteryStatus = 2
12-31 15:21:34.325 5618 5618 D PowerUI.Notification: showChargingNotice oldChargingType : 7 currentChargingType : 7 oldChargingTime : 43767000 mChargingTime : 43767000
12-31 15:21:34.325 5618 5618 D PowerUI.Notification: There is no change about charging status, so return!
12-31 15:21:34.325 5618 5618 D PowerUI : Battery swelling mode - priorBatterySwellingMode = 0 mBatterySwellingMode = 0 mBatteryStatus = 2
12-31 15:21:34.325 5618 5618 I PowerUI : mBatteryMiscEvent = 0
12-31 15:21:34.325 5618 5618 D PowerUI : showing power sharing dialogfalse
12-31 15:21:34.337 5618 5618 D KeyguardUpdateMonitor: handleBatteryUpdate
12-31 15:21:34.338 5618 5618 I AODBatteryManager: updateBatteryData: ACTION_BATTERY_CHANGED
12-31 15:21:34.339 5618 5618 I AODBatteryManager: saveBatteryData : AOD BatteryData [mBatteryLevel=65, mBatteryStatus=CHARGING, mBatteryPlugType=USB, mBatteryPlugged=true, mRemainingChargeTime=43767000, mBatteryChargingType=1, mBatteryChargerType=NORMAL, mBatteryOnline=USB, mBatterySwellingMode=NONE, mBatteryProtectMode=false]
12-31 15:21:35.330 1087 1341 D SensorService: [SO] 0.912 -2.014 9.484
12-31 15:21:37.103 766 766 I SurfaceFlinger: SFWD update time=75011279169576