12-31 15:19:31.951 821 7209 D CameraDeviceClient: createStream E
12-31 15:19:31.951 821 7209 D CameraDeviceClient: createSurfaceFromGbp E: cameraId=0, isStreamInfoValid=0, option=4
12-31 15:19:31.951 821 7209 D CameraDeviceClient: createSurfaceFromGbp: consumer usage flag: 3, useAsync: 0
12-31 15:19:31.952 695 901 D gralloc : [mali_gralloc_allocate] begin
12-31 15:19:31.952 695 901 D gralloc : buffer_descriptor: wh(600 960) usage_pc(0x100 0x100) hal_format(0x1) layer_count(1) sizes(0 0 0) strde(0) byte_stride(0) alloc_wh(0 0) internal_format(0x0) alloc_format(0x0) fd_count(1) plane_count(0)
12-31 15:19:31.953 766 1388 I SurfaceFlinger: id=6395 createSurf (0x0),-1 flag=80004, f474a75 com.sec.android.app.camera/com.sec.android.app.camera.Camera#0
12-31 15:19:31.953 695 901 D gralloc : [mali_gralloc_allocate] allocation successful
12-31 15:19:31.953 1087 6854 D WindowManager: isScreenshotDisabledLocked - win: Window{f474a75 u0 com.sec.android.app.camera/com.sec.android.app.camera.Camera}
12-31 15:19:31.953 1087 6854 D WindowManager: isScreenshotDisabledLocked: userId = 0, disabled =false
12-31 15:19:31.954 5618 5618 D StatusBar.BrightnessController: BrightnessObserver.onChange() : URI = content://settings/system/screen_brightness
12-31 15:19:31.954 28370 2866 I CallStateManager: isVTCallOngoing = false
12-31 15:19:31.954 1087 6854 D InputTransport: Input channel destroyed: 'f474a75', fd=692
12-31 15:19:31.954 821 7209 D CameraDeviceClient: createSurfaceFromGbp: width=512, height=384, format=35, dataSpace=146931712
12-31 15:19:31.954 821 7209 D CameraDeviceClient: createSurfaceFromGbp X
12-31 15:19:31.955 1087 1087 D BrightnessSynchronizer: onChange: uri: content://settings/system/screen_brightness selfChange: false mPreferredSettingValue: 0.47058824(120) currentBrightnessInt: 120 currentBrightnessIntFromFloat: 120(0.47058824)
12-31 15:19:31.955 821 7209 D Camera3-Device: createStream: mInterfaceLock.lock()
12-31 15:19:31.955 821 7209 D Camera3-Device: createStream: Camera 0: Creating new stream 4: 512 x 384, format 35, dataspace 146931712 rotation 0 consumer usage 0, isShared 0, physicalCameraId
12-31 15:19:31.955 821 7209 D Camera3-Device: createStream: mInterfaceLock.unlock()
12-31 15:19:31.955 821 7209 D CameraDeviceClient: createStream: Camera 0: Successfully created a new stream ID 4 for output surface (512 x 384) with format 0x23.
12-31 15:19:31.955 821 7209 D Camera3-Device: setStreamTransform: mInterfaceLock.lock()
12-31 15:19:31.955 821 7209 D Camera3-OutputStream: setTransformLocked: option(4) ,transform(12)
12-31 15:19:31.955 821 7209 D CameraDeviceClient: createStream X
12-31 15:19:31.955 1087 5676 D MdnieScenarioControlService: packageName : com.sec.android.app.camera className : com.sec.android.app.camera.Camera
12-31 15:19:31.955 5618 5688 D StatusBar.BrightnessController: UpdateModeRunnable = true
12-31 15:19:31.955 28370 28370 I ViewRootImpl@b6080a8[Camera]: setView = com.android.internal.policy.DecorView@9209da5 TM=true
12-31 15:19:31.956 821 7209 D Camera3-Device: filterParamsAndConfigureLocked : operatingMode=0
12-31 15:19:31.956 821 7209 D Camera3-Device: CameraPerf: configureStreamsLocked: Camera 0: Starting stream configuration
12-31 15:19:31.956 5618 5688 D StatusBar.BrightnessController: mUpdateSliderRunnable() = 0.47058824, valueAsIntBits = 1055977713
12-31 15:19:31.956 28370 28370 I Camera11: onTopResumedActivityChanged : isTopResumedActivity=true, com.sec.android.app.camera.Camera@fc537b1
12-31 15:19:31.957 713 1136 I SehCamDevSession@5.0-impl: [CAMKPI] camera3->configure_streams : E
12-31 15:19:31.957 713 1136 I ExynosCameraInterface: INFO(HAL3_camera_device_configure_streams[414]):in =====
12-31 15:19:31.957 713 1136 I ExynosCameraSensorInfo: (getCameraIdInfo[422]:serviceCameraId (0)
12-31 15:19:31.957 713 1136 I ExynosCameraSec: [CAM(0)][Back_0]-(configureStreams[7678]):In
12-31 15:19:31.957 713 1136 I ExynosCameraSec: [CAM(0)][Back_0]-(configureStreams[7707]):m_firstPreviewTimer start
12-31 15:19:31.957 713 1136 I SecCameraUtil: INFO(checkCameraClientProperty[120]): cameraClient (com.sec.android.app.camera)
12-31 15:19:31.957 713 1136 I SecCameraUtil: INFO(checkCameraClientProperty[147]): cameraclient index = 0
12-31 15:19:31.957 713 1136 I ExynosCameraMetadataConverterVendor: [CAM(0)][]-(setVendorPreSessionParams[6339]):UNI_HAL_MODE (0)
12-31 15:19:31.957 713 1136 I ExynosCameraConfigurationsSec: [CAM(0)][Back_0]-(m_checkCameraClient[1418]):Camera Client 0
12-31 15:19:31.957 713 1136 I ExynosCameraMetadataConverterVendor: [CAM(0)][]-(setVendorPreSessionParams[6358]):SHOT_MODE(1)
12-31 15:19:31.958 713 1136 I ExynosCameraMetadataConverterVendor: [CAM(0)][]-(setVendorSessionParams[6379]):RECORDING_MAX_FPS(0)
12-31 15:19:31.958 713 1136 I ExynosCameraMetadataConverterVendor: [CAM(0)][]-(setVendorSessionParams[6385]):SWVDIS_MODE(0)
12-31 15:19:31.958 5618 5618 D StatusBar.BrightnessController: updateSlider() = 118, brightnessValue = 0.47058824, min = 2.0
12-31 15:19:31.958 713 1136 I ExynosCameraMetadataConverterVendor: [CAM(0)][]-(setVendorSessionParams[6391]):SUPER_VDIS_MODE(Disabled)
12-31 15:19:31.958 713 1136 I ExynosCameraMetadataConverterVendor: [CAM(0)][]-(setVendorSessionParams[6443]):VIDEO_BEAUTY_MODE(Disabled)
12-31 15:19:31.958 713 1136 I ExynosCameraMetadataConverterVendor: [CAM(0)][]-(setVendorSessionParams[6460]):SENSOR_STREAM_TYPE(0)
12-31 15:19:31.958 713 1136 I ExynosCameraConfigurationsSec: [CAM(0)][Back_0]-(m_checkHiFiVideoMode[1624]):[HIFIVIDEO] getSamsungCamera 1 getSamsungSDK 0 newShootingMode 1 getCameraId 0 m_scenario 0
12-31 15:19:31.958 713 1136 I ExynosCameraConfigurationsSec: [CAM(0)][Back_0]-(setMode[463]):YSUM Recording OFF
12-31 15:19:31.958 713 1136 I ExynosCameraSec: [CAM(0)][Back_0]-(m_enumStreamInfo[7061]):setting usage read|write
12-31 15:19:31.958 713 1136 I ExynosCameraStreamManager: INFO(m_insert[638]):inserted stream and id is (1)
12-31 15:19:31.958 713 1136 I ExynosCameraStreamManager: INFO(m_insert[653]):m_increaseYuvStreamCount(1)
12-31 15:19:31.958 713 1136 I ExynosCameraStreamManager: INFO(m_insert[638]):inserted stream and id is (3)
12-31 15:19:31.958 713 1136 I ExynosCameraStreamManager: INFO(m_insert[653]):m_increaseYuvStreamCount(3)
12-31 15:19:31.958 713 1136 I ExynosCameraStreamManager: INFO(m_insert[638]):inserted stream and id is (7)
12-31 15:19:31.958 713 1136 I ExynosCameraStreamManager: INFO(m_insert[653]):m_increaseYuvStreamCount(7)
12-31 15:19:31.958 713 1136 I ExynosCameraStreamManager: INFO(m_insert[638]):inserted stream and id is (8)
12-31 15:19:31.958 713 1136 I ExynosCameraStreamManager: INFO(m_insert[653]):m_increaseYuvStreamCount(8)
12-31 15:19:31.958 713 1136 I ExynosCameraSec: [CAM(0)][Back_0]-(m_constructFrameFactory[391]):-IN-
12-31 15:19:31.959 28370 28370 I SurfaceView: onWindowVisibilityChanged(0) true android.view.SurfaceView{93a27c1 V.E...... ......I. 0,0-0,0 #7f0a00ab app:id/camera_preview} of ViewRootImpl@b6080a8[Camera]
12-31 15:19:31.960 708 708 I SehLight: lcd : 9+
12-31 15:19:31.960 708 708 I SehLight: lcd : 9-
12-31 15:19:31.960 28370 28370 W CameraWindowManager: All inset values is zero. This is abnormally case.
12-31 15:19:31.962 713 1136 I ExynosCameraSec: [CAM(0)][Back_0]-(m_constructFrameFactory[571]):-OUT-
12-31 15:19:31.962 713 1136 I ExynosCameraSec: DEBUG:duration time( 4 msec):(m_constructFrameFactory)
12-31 15:19:31.964 713 1136 I ExynosCameraSec: [CAM(0)][Back_0]-(m_checkVideoStreamPriority[33469]):m_flagVideoStreamPriority(0), m_flagUseOnePort(0)
12-31 15:19:31.964 713 1136 I ExynosCameraStreamManager: INFO(m_insert[638]):inserted stream and id is (4)
12-31 15:19:31.964 713 1136 I ExynosCameraStreamManager: INFO(m_insert[653]):m_increaseYuvStreamCount(4)
12-31 15:19:31.964 713 1136 I ExynosCameraSec: [CAM(0)][Back_0]-(configureStreams[8047]):list_index 0 streamId 1, stream_type 0, size 1920x1440, format 22, usage 0x20933
12-31 15:19:31.964 713 1136 I ExynosCameraSec: [CAM(0)][Back_0]-(configureStreams[8049]):max_buffers 9, needMmap 1, physCamID -1, optionPhysCamId 0, remoteStreamOption 0, option 1
12-31 15:19:31.964 713 1136 I ExynosCameraSec: [CAM(0)][Back_0]-(configureStreams[8065]):registerStream 2 registerbuffer 17
12-31 15:19:31.964 1087 6857 V WindowManager: Relayout Window{f474a75 u0 com.sec.android.app.camera/com.sec.android.app.camera.Camera}: viewVisibility=0 req=1200x1920 d0
12-31 15:19:31.964 713 2903 I ExynosCamera: [CAM(0)][Back_0]-(m_frameFactoryCreateThreadFunc[3336]):
12-31 15:19:31.965 713 1136 I ExynosCameraParametersSec: [CAM(0)][Back_0]-(checkYuvSize[1221]):camType(0) curYuvSize(0x0) newYuvSize(1920x1440) outputPortId(0) curRatio(1)
12-31 15:19:31.965 713 1136 I ExynosCameraParametersSec: [CAM(0)][Back_0]-(checkHwYuvSize[1294]):curHwYuvSize 0x0 newHwYuvSize 1920x1440 outputPortId 0
12-31 15:19:31.965 713 1136 I ExynosCameraConfigurations: [CAM(0)][Back_0]-(checkYuvFormat[263]):curYuvFormat NV21 newYuvFormat NM21 pixelSizeNum 0 outputPortId 0
12-31 15:19:31.965 713 1136 I ExynosCameraSec: [CAM(0)][Back_0]-(configureStreams[8471]):Create buffer manager(PREVIEW)
12-31 15:19:31.965 713 1136 I ExynosCameraBufferSupplier: [CAM(0)][BufferSupplier]-(createBufferManager[181]):[PREVIEW_STREAM_BUF]Created. P 17,-1,-1,-1,-1, T 2
12-31 15:19:31.965 713 1136 I ExynosCameraSec: [CAM(0)][Back_0]-(configureStreams[8496]):planeCount = 2+1, planeSize[0] = 2764800, planeSize[1] = 1382400, planeSize[2] = 0, bytesPerLine[0] = 0, outputPortId = 0
12-31 15:19:31.965 1087 6857 D WindowManager: isScreenshotDisabledLocked - win: Window{f474a75 u0 com.sec.android.app.camera/com.sec.android.app.camera.Camera}
12-31 15:19:31.965 1087 6857 D WindowManager: isScreenshotDisabledLocked: userId = 0, disabled =false
12-31 15:19:31.966 766 1388 I SurfaceFlinger: id=6396 createSurf (1200x1920),1 flag=4, com.sec.android.app.camera/com.sec.android.app.camera.Camera$_28370#0
12-31 15:19:31.966 1087 6857 D WindowManager: makeSurface duration=1 name=com.sec.android.app.camera/com.sec.android.app.camera.Camera$_28370
12-31 15:19:31.967 1087 6857 V WindowManager: Changing focus from null to Window{f474a75 u0 com.sec.android.app.camera/com.sec.android.app.camera.Camera} displayId=0 Callers=com.android.server.wm.RootWindowContainer.updateFocusedWindowLocked:575 com.android.server.wm.WindowManagerService.updateFocusedWindowLocked:6338 com.android.server.wm.WindowManagerService.relayoutWindow:2726 com.android.server.wm.Session.relayout:240
12-31 15:19:31.967 1087 6857 I WindowManager: Cancelling animation restarting=true, leash=Surface(name=Surface(name=23da38 StatusBar)/@0xa496cee - animation-leash)/@0xc84594c
12-31 15:19:31.967 1087 6857 I WindowManager: Reparenting to original parent: Surface(name=WindowToken{8382aaa android.os.BinderProxy@c5ab54c})/@0xe88158f, destroy=false, surface=Surface(name=23da38 StatusBar)/@0xa496cee
12-31 15:19:31.967 1087 6857 I SurfaceControl: nativeRelease nativeObject s[517796949568]
12-31 15:19:31.967 1087 2821 I SystemUiVisibilityPolicyController: handleMessage: entry what = 1
12-31 15:19:31.967 713 1136 I ExynosCameraBufferManager: DEBUG:duration time( 2 msec):(alloc)
12-31 15:19:31.967 713 1136 I ExynosCameraSec: [CAM(0)][Back_0]-(configureStreams[8047]):list_index 1 streamId 4, stream_type 0, size 1920x1440, format 23, usage 0x20003
12-31 15:19:31.967 713 1136 I ExynosCameraSec: [CAM(0)][Back_0]-(configureStreams[8049]):max_buffers 9, needMmap 1, physCamID -1, optionPhysCamId 0, remoteStreamOption 0, option 1
12-31 15:19:31.967 713 1136 I ExynosCameraSec: [CAM(0)][Back_0]-(configureStreams[8065]):registerStream 2 registerbuffer 17
12-31 15:19:31.967 1087 6857 I SurfaceControl: nativeRelease nativeObject e[517796949568]
12-31 15:19:31.967 713 1136 I ExynosCameraParametersSec: [CAM(0)][Back_0]-(checkYuvSize[1221]):camType(0) curYuvSize(0x0) newYuvSize(1920x1440) outputPortId(2) curRatio(1)
12-31 15:19:31.968 713 1136 I ExynosCameraParametersSec: [CAM(0)][Back_0]-(checkHwYuvSize[1294]):curHwYuvSize 0x0 newHwYuvSize 1920x1440 outputPortId 2
12-31 15:19:31.968 1087 6857 I WindowManager: Reparenting to leash, surface=Surface(name=23da38 StatusBar)/@0xa496cee, leashParent=Surface(name=WindowToken{8382aaa android.os.BinderProxy@c5ab54c})/@0xe88158f
12-31 15:19:31.968 713 1136 I ExynosCameraParametersSec: [CAM(0)][Back_0]-(checkYuvSize[1221]):camType(0) curYuvSize(0x0) newYuvSize(1920x1440) outputPortId(5) curRatio(1)
12-31 15:19:31.968 713 1136 I ExynosCameraParametersSec: [CAM(0)][Back_0]-(checkHwYuvSize[1294]):curHwYuvSize 0x0 newHwYuvSize 1920x1440 outputPortId 5
12-31 15:19:31.968 713 1136 I ExynosCameraSec: [CAM(0)][Back_0]-(configureStreams[9098]):Create buffer manager(PREVIEW_CB)
12-31 15:19:31.968 766 1388 I SurfaceFlinger: id=6397 createSurf (0x0),-1 flag=24004, Surface(name=23da38 StatusBar)/@0xa496cee - animation-leash#0
12-31 15:19:31.968 9326 9326 I TrayStateController: systemUiVisibilityChanged : 2 0
12-31 15:19:31.968 713 1136 I ExynosCameraBufferSupplier: [CAM(0)][BufferSupplier]-(createBufferManager[181]):[PREVIEW_CB_STREAM_BUF]Created. P 19,215,-1,-1,-1, T 2
12-31 15:19:31.968 1087 6857 D WindowManager: makeSurface duration=1 leash=Surface(name=Surface(name=23da38 StatusBar)/@0xa496cee - animation-leash)/@0x92d3cd6
12-31 15:19:31.968 713 1136 I ExynosCameraSec: [CAM(0)][Back_0]-(configureStreams[9117]):planeCount = 1+1, planeSize[0] = 4147200, bytesPerLine[0] = 0, outputPortId = 2
12-31 15:19:31.968 1087 6857 D MARsPolicyManager: onPackageResumedFG pkgName = com.sec.android.app.camera, userId = 0
12-31 15:19:31.968 1087 6857 D StatusBarManagerService: notifyRequestedSystemKey recent=false home=false
12-31 15:19:31.968 1087 1171 D WindowManager: setDisableFlags: displayId=0, vis=0x8208, appearance=0, transientState=Pair{[I@4504b57 [I@96ec644}, isFullscreen=true, isImmersive=true, barType=0, win=Window{f474a75 u0 com.sec.android.app.camera/com.sec.android.app.camera.Camera}
12-31 15:19:31.968 5618 5618 D StatusBar: disable disable2
12-31 15:19:31.969 1087 2821 I SystemUiVisibilityPolicyController: handleMessage: entry what = 1
12-31 15:19:31.969 1087 6857 V WindowManager: Relayout hash=f474a75, pid=28370: mAttrs={(0,0)(fillxfill) sim={adjust=nothing forwardNavigation} layoutInDisplayCutoutMode=shortEdges ty=BASE_APPLICATION fmt=TRANSLUCENT wanim=0x10302f2 rotAnim=SEAMLESS
12-31 15:19:31.969 1087 6857 V WindowManager: fl=81810580
12-31 15:19:31.969 1087 6857 V WindowManager: pfl=12020000
12-31 15:19:31.969 1087 6857 V WindowManager: vsysui=200
12-31 15:19:31.969 1087 6857 V WindowManager: bhv=SHOW_TRANSIENT_BARS_BY_SWIPE
12-31 15:19:31.969 1087 6857 V WindowManager: fitSides= naviIconColor=0}
12-31 15:19:31.969 9326 9326 I TrayStateController: systemUiVisibilityChanged : 2 0
12-31 15:19:31.969 1087 6857 I SurfaceControl: nativeRelease nativeObject s[517796788736]
12-31 15:19:31.969 1087 6857 I SurfaceControl: nativeRelease nativeObject e[517796788736]
12-31 15:19:31.969 1087 5676 D MdnieScenarioControlService: packageName : com.sec.android.app.camera className : com.sec.android.app.camera.Camera
12-31 15:19:31.970 28370 28370 I SurfaceControl: assignNativeObject: nativeObject = 0 Surface(name=null)/@0x7eb220c / android.view.SurfaceControl.readFromParcel:1117 android.view.IWindowSession$Stub$Proxy.relayout:1820 android.view.ViewRootImpl.relayoutWindow:9130 android.view.ViewRootImpl.performTraversals:3420 android.view.ViewRootImpl.doTraversal:2669 android.view.ViewRootImpl$TraversalRunnable.run:10092 android.view.Choreographer$CallbackRecord.run:1010 android.view.Choreographer.doCallbacks:809 android.view.Choreographer.doFrame:744 android.view.Choreographer$FrameDisplayEventReceiver.run:995
12-31 15:19:31.970 28370 28370 I ViewRootImpl@b6080a8[Camera]: Relayout returned: old=(0,0,1200,1920) new=(0,0,1200,1920) req=(1200,1920)0 dur=6 res=0x7 s={true 519939301376} ch=true fn=-1
12-31 15:19:31.971 28370 28370 W CameraWindowManager: All inset values is zero. This is abnormally case.
12-31 15:19:31.971 28370 28370 I SurfaceView: windowStopped(false) true android.view.SurfaceView{93a27c1 V.E...... ......I. 0,0-0,0 #7f0a00ab app:id/camera_preview} of ViewRootImpl@b6080a8[Camera]
12-31 15:19:31.971 713 1136 I ExynosCameraBufferManager: DEBUG:duration time( 3 msec):(alloc)
12-31 15:19:31.971 713 1136 I ExynosCameraSec: [CAM(0)][Back_0]-(configureStreams[8047]):list_index 2 streamId 3, stream_type 0, size 4128x3096, format 21, usage 0x20003
12-31 15:19:31.971 713 1136 I ExynosCameraSec: [CAM(0)][Back_0]-(configureStreams[8049]):max_buffers 4, needMmap 1, physCamID -1, optionPhysCamId 0, remoteStreamOption 0, option 2
12-31 15:19:31.971 713 1136 I ExynosCameraSec: [CAM(0)][Back_0]-(configureStreams[8065]):registerStream 2 registerbuffer 17
12-31 15:19:31.971 713 1136 I ExynosCameraParameters: [CAM(0)][Back_0]-(checkPictureSize[984]):[setParameters]newPicture Size (4128x3096), ratioId(1)
12-31 15:19:31.971 713 1136 I ExynosCameraParameters: [CAM(0)][Back_0]-(checkPictureSize[990]):camType(0) curPictureSize(4128x3096) new PictureSize(4128x3096)
12-31 15:19:31.972 713 1136 I ExynosCameraSec: [CAM(0)][Back_0]-(configureStreams[8894]):Create buffer manager(JPEG)
12-31 15:19:31.972 713 1136 I ExynosCameraBufferSupplier: [CAM(0)][BufferSupplier]-(createBufferManager[181]):[JPEG_STREAM_BUF]Created. P 34,225,228,-1,-1, T 2
12-31 15:19:31.972 713 1136 I ExynosCameraSec: [CAM(0)][Back_0]-(configureStreams[8942]):planeCount = 1, planeSize[0] = 19170432, bytesPerLine[0] = 0
12-31 15:19:31.973 28370 28370 E SeslRecyclerView: No adapter attached; skipping layout
12-31 15:19:31.974 713 1136 I ExynosCameraBufferManager: DEBUG:duration time( 2 msec):(alloc)
12-31 15:19:31.974 713 1136 I ExynosCameraSec: [CAM(0)][Back_0]-(configureStreams[8047]):list_index 3 streamId 7, stream_type 0, size 4128x3096, format 23, usage 0x20033
12-31 15:19:31.974 713 1136 I ExynosCameraSec: [CAM(0)][Back_0]-(configureStreams[8049]):max_buffers 5, needMmap 1, physCamID -1, optionPhysCamId 0, remoteStreamOption 0, option 2
12-31 15:19:31.974 713 1136 I ExynosCameraSec: [CAM(0)][Back_0]-(configureStreams[8065]):registerStream 2 registerbuffer 17
12-31 15:19:31.974 713 1136 I ExynosCameraSensorInfo: (getCameraIdInfo[422]:serviceCameraId (-1)
12-31 15:19:31.974 713 1136 I ExynosCameraSensorInfo: ERR(getCameraIdInfo[458]:Invaild Camera Id(-1)
12-31 15:19:31.974 713 1136 I ExynosCameraParametersSec: [CAM(0)][Back_0]-(checkYuvSize[1221]):camType(0) curYuvSize(0x0) newYuvSize(4128x3096) outputPortId(4) curRatio(1)
12-31 15:19:31.974 713 1136 I ExynosCameraParametersSec: [CAM(0)][Back_0]-(checkHwYuvSize[1294]):curHwYuvSize 0x0 newHwYuvSize 4128x3096 outputPortId 4
12-31 15:19:31.974 713 1136 I ExynosCameraSec: [CAM(0)][Back_0]-(configureStreams[9482]):Create buffer manager(CAPTURE_CB_STALL)
12-31 15:19:31.974 713 1136 I ExynosCameraBufferSupplier: [CAM(0)][BufferSupplier]-(createBufferManager[181]):[CAPTURE_CB_STALL_STREAM_BUF]Created. P 214,234,-1,-1,-1, T 2
12-31 15:19:31.974 713 1136 I ExynosCameraSec: [CAM(0)][Back_0]-(configureStreams[9520]):planeCount = 1+1, planeSize[0] = 19170432, bytesPerLine[0] = 0, outputPortId = 4 size = 4128x3096
12-31 15:19:31.975 713 1136 I ExynosCameraBufferManager: DEBUG:duration time( 1 msec):(alloc)
12-31 15:19:31.975 713 1136 I ExynosCameraSec: [CAM(0)][Back_0]-(configureStreams[8047]):list_index 4 streamId 8, stream_type 0, size 512x384, format 23, usage 0x20003
12-31 15:19:31.975 713 1136 I ExynosCameraSec: [CAM(0)][Back_0]-(configureStreams[8049]):max_buffers 4, needMmap 1, physCamID -1, optionPhysCamId 0, remoteStreamOption 0, option 4
12-31 15:19:31.975 713 1136 I ExynosCameraSec: [CAM(0)][Back_0]-(configureStreams[8065]):registerStream 2 registerbuffer 17
12-31 15:19:31.975 713 1136 I ExynosCameraSec: [CAM(0)][Back_0]-(configureStreams[9540]):Create buffer manager(THUMBNAIL)
12-31 15:19:31.975 713 1136 I ExynosCameraBufferSupplier: [CAM(0)][BufferSupplier]-(createBufferManager[181]):[THUMBNAIL_STREAM_BUF]Created. P 223,-1,-1,-1,-1, T 2
12-31 15:19:31.975 713 1136 I ExynosCameraSec: [CAM(0)][Back_0]-(configureStreams[9564]):planeCount = 1, planeSize[0] = 294912, bytesPerLine[0] = 0 size = 512x384
12-31 15:19:31.975 713 1136 I ExynosCameraBufferManager: DEBUG:duration time( 0 msec):(alloc)
12-31 15:19:31.976 708 708 I SehLight: lcd : 11+
12-31 15:19:31.977 708 708 I SehLight: lcd : 11-
12-31 15:19:31.978 766 803 I Layer : id=6394 removeFromCurrentState Surface(name=23da38 StatusBar)/@0xa496cee - animation-leash#1 (67)
12-31 15:19:31.981 28370 28370 I ViewRootImpl@b6080a8[Camera]: [DP] dp(1) 1 android.view.ViewRootImpl.reportNextDraw:11078 android.view.ViewRootImpl.performTraversals:3915 android.view.ViewRootImpl.doTraversal:2669
12-31 15:19:31.982 766 803 I SurfaceFlinger: id=6398 createSurf (0x0),-1 flag=80004, Bounds for - com.sec.android.app.camera/com.sec.android.app.camera.Camera@0#0
12-31 15:19:31.982 1087 1174 D InsetsAnimationCtrlImpl: setCancelRequested: control=android.view.InsetsAnimationControlImpl@12b532d, types=1, from=android.view.InsetsAnimationThreadControlRunner.cancel:138 android.view.InsetsController.cancelAnimation:1276 android.view.InsetsController.notifyControlRevoked:1264
12-31 15:19:31.982 1087 1174 I SurfaceControl: nativeRelease nativeObject s[517730530432]
12-31 15:19:31.982 1087 2877 D InsetsAnimationCtrlImpl: cancel: control=android.view.InsetsAnimationControlImpl@12b532d, types=1, mFinished=false
12-31 15:19:31.982 1087 1174 I SurfaceControl: nativeRelease nativeObject e[517730530432]
12-31 15:19:31.982 1087 2877 D InsetsAnimationCtrlImpl: finish: control=android.view.InsetsAnimationControlImpl@12b532d, types=1, mCancelled=true, mCancelRequested=true
12-31 15:19:31.982 1087 2877 I SurfaceControl: nativeRelease nativeObject s[517796949280]
12-31 15:19:31.982 1087 2877 I SurfaceControl: nativeRelease nativeObject e[517796949280]
12-31 15:19:31.982 766 803 I SurfaceFlinger: id=6394 Removed Surface(name=23da38 StatusBar)/@0xa496cee - animation-leash#1 (68)
12-31 15:19:31.982 766 1388 I SurfaceFlinger: id=6399 createSurf (1920x1440),4 flag=404, SurfaceView - com.sec.android.app.camera/com.sec.android.app.camera.Camera@93a27c1@0#0
12-31 15:19:31.983 766 1388 I SurfaceFlinger: id=6400 createSurf (0x0),-1 flag=20404, Background for -SurfaceView - com.sec.android.app.camera/com.sec.android.app.camera.Camera@93a27c1@0#0
12-31 15:19:31.983 28370 28370 I SurfaceView: updateSurface: visible = true mSurface.isValid() = true
12-31 15:19:31.983 28370 28370 I SurfaceView: updateSurface: mSurfaceCreated = false surfaceChanged = true visibleChanged = true
12-31 15:19:31.983 28370 28370 I SurfaceView: surfaceCreated 1 #8 android.view.SurfaceView{93a27c1 V.E...... ......ID 0,160-1200,1760 #7f0a00ab app:id/camera_preview}
12-31 15:19:31.983 28370 28370 I PreviewSurfaceManager: surfaceCreated
12-31 15:19:31.983 28370 28370 I RequestQueue: notifyRequest : WAIT_PREVIEW_SURFACE
12-31 15:19:31.983 28370 28370 I SurfaceView: surfaceChanged (1920,1440) 1 #8 android.view.SurfaceView{93a27c1 V.E...... ......ID 0,160-1200,1760 #7f0a00ab app:id/camera_preview}
12-31 15:19:31.983 28370 28370 I CameraPerformance: Surface - CreateSurface : End[1640960371983]
12-31 15:19:31.983 28370 28370 I PreviewSurfaceManager: surfaceChanged : width=1920 height=1440
12-31 15:19:31.984 28370 28370 I ViewRootImpl@b6080a8[Camera]: [DP] dp(2) 1 android.view.SurfaceView.updateSurface:1379 android.view.SurfaceView$1.onPreDraw:232 android.view.ViewTreeObserver.dispatchOnPreDraw:1124
12-31 15:19:31.985 5618 2544 D IndicatorGardenInputProperty: updateRotation() prv:-1 >> new:0
12-31 15:19:31.985 5618 2544 D DeviceState: getDeviceResolutionPixelSize - currentDensity = 320 deviceDensity = 320 initialDisplaySizeFactor = 1200 currentDisplaySizeFactor = 1200 initialDisplayDensity = 320 proportionalDensity = 320 proportionalPixel = 0
12-31 15:19:31.985 5618 2544 D DeviceState: getDeviceResolutionPixelSize - currentDensity = 320 deviceDensity = 320 initialDisplaySizeFactor = 1200 currentDisplaySizeFactor = 1200 initialDisplayDensity = 320 proportionalDensity = 320 proportionalPixel = 0
12-31 15:19:31.985 5618 2544 D DeviceState: getDeviceResolutionPixelSize - currentDensity = 320 deviceDensity = 320 initialDisplaySizeFactor = 1200 currentDisplaySizeFactor = 1200 initialDisplayDensity = 320 proportionalDensity = 320 proportionalPixel = 0
12-31 15:19:31.985 28370 28370 I ViewRootImpl@b6080a8[Camera]: [DP] pdf(1) 1 android.view.SurfaceView.notifyDrawFinished:600 android.view.SurfaceView.performDrawFinished:587 android.view.SurfaceView.lambda$TWz4D2u33ZlAmRtgKzbqqDue3iM:0
12-31 15:19:31.985 28370 28370 I ViewRootImpl@b6080a8[Camera]: [DP] pd() Asnyc report
12-31 15:19:31.985 28370 28370 I ViewRootImpl@b6080a8[Camera]: mAttachInfo.mThreadedRenderer.draw, mView = DecorView@9209da5[Camera] w = 1200 h = 1920
12-31 15:19:31.987 28370 31563 I SurfaceView: setParentSpaceRectangle: useBLAST = false position = Rect(0, 160 - 1200, 1760) frameNumber = 1 t = android.view.SurfaceControl$Transaction@26e9f22
12-31 15:19:31.987 28370 31563 I SurfaceView: applySurfaceTransforms: t = android.view.SurfaceControl$Transaction@26e9f22 surfaceControl = Surface(name=SurfaceView - com.sec.android.app.camera/com.sec.android.app.camera.Camera@93a27c1@0)/@0x3e24db3 frame = 1
12-31 15:19:31.987 28370 31563 I SurfaceView: applySurfaceTransforms: postScaleX = 0.625 postScaleY = 1.1111112
12-31 15:19:31.987 695 901 D gralloc : [mali_gralloc_allocate] begin
12-31 15:19:31.987 695 901 D gralloc : buffer_descriptor: wh(1200 1920) usage_pc(0x40000000000b00 0x40000000000b00) hal_format(0x1) layer_count(1) sizes(0 0 0) strde(0) byte_stride(0) alloc_wh(0 0) internal_format(0x0) alloc_format(0x0) fd_count(1) plane_count(0)
12-31 15:19:31.988 695 901 D gralloc : [mali_gralloc_allocate] allocation successful
12-31 15:19:31.990 5618 5618 D StatusBar: disable disable2
12-31 15:19:31.992 766 766 I Layer : id=6394[1] Destroyed Surface(name=23da38 StatusBar)/@0xa496cee - animation-leash#1
12-31 15:19:31.993 708 708 I SehLight: lcd : 14+
12-31 15:19:31.993 28370 28370 I ViewRootImpl@b6080a8[Camera]: [DP] pdf(0) 1 android.view.ViewRootImpl.lambda$performDraw$1$ViewRootImpl:4743 android.view.-$$Lambda$ViewRootImpl$DJd0VUYJgsebcnSohO6h8zc_ONI.run:6 android.os.Handler.handleCallback:938
12-31 15:19:31.993 28370 28370 I ViewRootImpl@b6080a8[Camera]: [DP] rdf()
12-31 15:19:31.993 708 708 I SehLight: lcd : 14-
12-31 15:19:31.993 1087 6886 D WindowManager: finishDrawingWindow: Window{f474a75 u0 com.sec.android.app.camera/com.sec.android.app.camera.Camera} mDrawState=DRAW_PENDING
12-31 15:19:31.995 28370 28370 E PostProcessService: onCreate
12-31 15:19:31.997 766 766 D SurfaceFlinger: Display 0 HWC layers:
12-31 15:19:31.997 766 766 D SurfaceFlinger: CLIENT | 0x7b5401ecc0 | 0002 | RGBx_8888 | 360.0 0.0 1560.0 1920.0 | 0 0 1200 1920 | com.android.systemui.ImageWallpaper$_5618#0
12-31 15:19:31.997 766 766 D SurfaceFlinger: CLIENT | 0x7b540200c0 | 0000 | RGBA_8888 | 0.0 0.0 1200.0 1920.0 | 0 0 1200 1920 | com.sec.android.app.launcher/com.sec[...]ties.LauncherActivity$_9202#0 (Blur)
12-31 15:19:31.997 766 766 D SurfaceFlinger: DEVICE | 0x7b34e20580 | 0002 | RGBA_8888 | 0.0 0.0 1200.0 1920.0 | 31 49 1169 1871 | Splash Screen com.sec.android.app.camera#0
12-31 15:19:31.997 766 766 D SurfaceFlinger: DEVICE | 0x7b5401f1c0 | 0000 | RGBA_8888 | 0.0 0.0 67.0 270.0 | 1133 360 1200 630 | com.samsung.android.app.cocktailbars[...]arservice.CocktailBarService$_9326#0
12-31 15:19:31.997 766 766 D SurfaceFlinger:
12-31 15:19:31.997 1087 1174 D PkgPredictorService: pkg:com.sec.android.app.camera activity:com.sec.android.app.camera.Camera thisTime:226
12-31 15:19:31.997 1087 1174 D PkgPredictorService-Collector: update activity launch time: Camera : 226
12-31 15:19:31.998 5618 2544 D IndicatorGardenInputProperty: updateRotation() prv:-1 >> new:0
12-31 15:19:31.998 5618 2544 D DeviceState: getDeviceResolutionPixelSize - currentDensity = 320 deviceDensity = 320 initialDisplaySizeFactor = 1200 currentDisplaySizeFactor = 1200 initialDisplayDensity = 320 proportionalDensity = 320 proportionalPixel = 0
12-31 15:19:31.998 5618 2544 D DeviceState: getDeviceResolutionPixelSize - currentDensity = 320 deviceDensity = 320 initialDisplaySizeFactor = 1200 currentDisplaySizeFactor = 1200 initialDisplayDensity = 320 proportionalDensity = 320 proportionalPixel = 0
12-31 15:19:31.998 5618 2544 D DeviceState: getDeviceResolutionPixelSize - currentDensity = 320 deviceDensity = 320 initialDisplaySizeFactor = 1200 currentDisplaySizeFactor = 1200 initialDisplayDensity = 320 proportionalDensity = 320 proportionalPixel = 0
12-31 15:19:31.999 1087 1174 D PowerManagerService: [api] acquire WakeLock SCREEN_BRIGHT_WAKE_LOCK 'WindowManager' ON_AFTER_RELEASE (uid=1000 pid=1087 pkg=android ws=WorkSource{10098})
12-31 15:19:31.999 1087 1174 D ViewRootImpl@32ee5f0[camera]: dispatchDetachedFromWindow: reset blurmask
12-31 15:19:32.000 1087 1174 I ViewRootImpl@32ee5f0[camera]: DirectWriting, detachedFromWindow, clear editTexts
12-31 15:19:32.000 1087 1174 I ViewRootImpl@32ee5f0[camera]: dispatchDetachedFromWindow
12-31 15:19:32.000 28370 28370 I CameraBroadcastReceiver: onReceive [android.intent.action.BATTERY_CHANGED]
12-31 15:19:32.000 28370 28370 I CameraTemperatureMgr: onReceive [android.intent.action.BATTERY_CHANGED]
12-31 15:19:32.000 1087 1174 I SurfaceControl: nativeRelease nativeObject s[517796950048]
12-31 15:19:32.000 1087 1174 I SurfaceControl: nativeRelease nativeObject e[517796950048]
12-31 15:19:32.001 28370 28370 I CameraTemperatureMgr: onReceive [com.samsung.intent.action.SIOP_LEVEL_CHANGED]
12-31 15:19:32.001 28370 28370 I CameraTemperatureMgr: handleSIOPLevelChanged : camera_start_disable=false,otg_flash_led_disable=false,seamlessZoomDisable=false,overheatLevel = -1
12-31 15:19:32.001 1087 1174 D InputTransport: Input channel destroyed: 'ca73769', fd=562
12-31 15:19:32.001 1087 1174 I WindowManager: Reparenting to leash, surface=Surface(name=ca73769 Splash Screen com.sec.android.app.camera)/@0x8b402b0, leashParent=Surface(name=ActivityRecord{16760b5 u0 com.sec.android.app.camera/.Camera t277})/@0x196f529
12-31 15:19:32.001 766 803 I SurfaceFlinger: id=6401 createSurf (0x0),-1 flag=24000, Surface(name=ca73769 Splash Screen com.sec.android.app.camera)/@0x8b402b0 - animation-leash#0
12-31 15:19:32.002 1087 1174 D WindowManager: makeSurface duration=1 leash=Surface(name=Surface(name=ca73769 Splash Screen com.sec.android.app.camera)/@0x8b402b0 - animation-leash)/@0x2af10ae
12-31 15:19:32.003 1087 1174 D InputTransport: Input channel destroyed: 'ca73769', fd=564
12-31 15:19:32.005 695 901 D gralloc : [mali_gralloc_allocate] begin
12-31 15:19:32.005 695 901 D gralloc : buffer_descriptor: wh(1200 1920) usage_pc(0x40000000000b00 0x40000000000b00) hal_format(0x1) layer_count(1) sizes(0 0 0) strde(0) byte_stride(0) alloc_wh(0 0) internal_format(0x0) alloc_format(0x0) fd_count(1) plane_count(0)
12-31 15:19:32.005 28370 28370 I PostProcessor: PostProcessorServiceConnection - onServiceConnected E : component ComponentInfo{com.sec.android.app.camera/com.samsung.android.camera.core2.processor.PostProcessService}
12-31 15:19:32.006 28370 28370 I PostProcessor: PostProcessorServiceConnection - onServiceConnected X
12-31 15:19:32.006 695 901 D gralloc : [mali_gralloc_allocate] allocation successful
12-31 15:19:32.007 1087 1178 D ArtManagerInternalImpl: /data/misc/iorapd/com.sec.android.app.camera/1101601110/com.sec.android.app.camera.Camera/compiled_traces/compiled_trace.pb doesn't exist
12-31 15:19:32.009 708 708 I SehLight: lcd : 17+
12-31 15:19:32.009 1087 6886 I InputDispatcher: Focus entered window (28370): f474a75 in display 0 0
12-31 15:19:32.009 708 708 I SehLight: lcd : 17-
12-31 15:19:32.014 707 2828 I HYPER-HAL: [RequestManager.cpp]releaseLocked(): Released ID : 1561261
12-31 15:19:32.016 1087 1178 I ActivityTaskManager: Displayed com.sec.android.app.camera/.Camera: +226ms
12-31 15:19:32.016 1087 1178 I Pageboost: Launch time gathered : pid 28370 com.sec.android.app.camera 226
12-31 15:19:32.017 6251 6251 E pageboostd: Received HALT command code 2
12-31 15:19:32.026 708 708 I SehLight: lcd : 20+
12-31 15:19:32.026 708 708 I SehLight: lcd : 20-
12-31 15:19:32.026 28370 28370 I ViewRootImpl@b6080a8[Camera]: MSG_WINDOW_FOCUS_CHANGED 1 1
12-31 15:19:32.026 28370 28370 W VoiceRecognizer: stop : Returned because voice recognition is already stopped.
12-31 15:19:32.027 28370 28370 I InputMethodManager: startInputInner - mService.startInputOrWindowGainedFocus
12-31 15:19:32.028 1087 6854 D InputMethodManagerService: mSecureKeypadEnabled = false
12-31 15:19:32.028 1087 6854 V InputMethodManagerService: Unspecified window will hide input
12-31 15:19:32.028 1087 6854 V InputMethodManagerService: hideCurrentInputLocked : shouldHideSoftInput is false
12-31 15:19:32.028 1087 6854 D InputMethodManagerService: DESKTOP MODE! : 2
12-31 15:19:32.028 1087 6854 D InputMethodManagerService: NOT IN KNOX DESKTOP MODE!
12-31 15:19:32.028 1087 6854 V InputMethodManagerService: getDisplayIdOfInputMethodWindowToBeAdded : 0
12-31 15:19:32.028 1087 6854 V InputMethodManagerService: Hide switching menu
12-31 15:19:32.028 1087 6854 D SamsungIMMSHWKeyboard: isConnectedDexOnPC false
12-31 15:19:32.028 1087 6854 D InputMethodManagerService: isImeSwitcherDisabledPackage : false
12-31 15:19:32.029 1087 6854 D InputMethodManagerService: checkDisplayOfStartInputAndUpdateKeyboard display Id 0last 0
12-31 15:19:32.029 1087 6854 D InputTransport: Input channel constructed: 'ClientS', fd=561
12-31 15:19:32.029 1087 6854 D InputTransport: Input channel destroyed: 'ClientS', fd=561
12-31 15:19:32.031 1087 6854 I WindowManager: Cancelling animation restarting=true, leash=Surface(name=Surface(name=ba5e20b InputMethod)/@0x5d66b01 - animation-leash)/@0xc0c4fad
12-31 15:19:32.032 1087 6854 I WindowManager: Reparenting to original parent: Surface(name=WindowToken{7831efe android.os.Binder@a340ab9})/@0x4ac0da6, destroy=false, surface=Surface(name=ba5e20b InputMethod)/@0x5d66b01
12-31 15:19:32.032 1087 6854 I SurfaceControl: nativeRelease nativeObject s[518062325600]
12-31 15:19:32.032 1087 6854 I SurfaceControl: nativeRelease nativeObject e[518062325600]
12-31 15:19:32.032 1087 6854 I WindowManager: Reparenting to leash, surface=Surface(name=ba5e20b InputMethod)/@0x5d66b01, leashParent=Surface(name=WindowToken{7831efe android.os.Binder@a340ab9})/@0x4ac0da6
12-31 15:19:32.032 766 803 I SurfaceFlinger: id=6402 createSurf (0x0),-1 flag=24004, Surface(name=ba5e20b InputMethod)/@0x5d66b01 - animation-leash#1
12-31 15:19:32.032 1087 6854 D WindowManager: makeSurface duration=1 leash=Surface(name=Surface(name=ba5e20b InputMethod)/@0x5d66b01 - animation-leash)/@0xc9977c8
12-31 15:19:32.033 9733 9733 I HBD : HoneyBoardService onFinishInput
12-31 15:19:32.033 9733 9733 I HBD : a IC have been unbinded, InputConnectionWrapper{idHash=#a73b931 mMissingMethods=}
12-31 15:19:32.033 9733 9733 I HBD : HoneyBoardService [PF_CL][onFinishInput] 297885 ns
12-31 15:19:32.033 9733 9733 I HBD : HoneyBoardService [IMI] onStartInput - caller pid : 28370 , caller uid : 10098
12-31 15:19:32.033 9733 9733 I HBD : i updateConfigs
12-31 15:19:32.034 9733 9733 I HBD : i isEnabledNightMode : false
12-31 15:19:32.034 9733 9733 I HBD : a IC have been binded, InputConnectionWrapper{idHash=#dbc8597 mMissingMethods=}
12-31 15:19:32.034 9733 9733 I HBD : h [EditorInputType]setPrivateImeOptionsToTable privateImeOptions ( null )
12-31 15:19:32.034 9733 9733 I HBD : b incognitoMode : false
12-31 15:19:32.034 9733 9733 I HBD : a needOff = true , isForceOff = false, isNullInputClass : true
12-31 15:19:32.034 9733 9733 I HBD : h getDefaultInputRange : UNKNOWN
12-31 15:19:32.034 9733 9733 I HBD : h getDefaultInputRange : UNKNOWN
12-31 15:19:32.034 9733 9733 I HBD : h getDefaultInputRange : UNKNOWN
12-31 15:19:32.034 1087 6854 D SdpManagerService: Not an enterprise user : 0
12-31 15:19:32.035 9733 9733 I HBD : h getDefaultInputRange : UNKNOWN
12-31 15:19:32.035 9733 9733 I HBD : a currentState : 0
12-31 15:19:32.036 9733 9733 I HBD : h load selected json info : {"version":"1.0","currentLanguageOrder":0,"selected":[{"activeOptionList":["auto_replace","auto_spacing"],"engName":"English","id":65538,"inputType":"qwerty","isUsed":true}]}
12-31 15:19:32.036 9733 9733 I HBD : a [UpdatePolicy] [post] a: 0 cl: 65538 kit: [0/0] vt: 0 ir: 1
12-31 15:19:32.037 9733 9733 I HBD : HoneyBoardService [PF_OP][onStartInput] 3528077 ns
12-31 15:19:32.042 708 708 I SehLight: lcd : 23+
12-31 15:19:32.042 708 708 I SehLight: lcd : 23-
12-31 15:19:32.043 766 804 I Layer : id=6387 removeFromCurrentState Surface(name=ba5e20b InputMethod)/@0x5d66b01 - animation-leash#0 (71)
12-31 15:19:32.043 9202 9202 I SurfaceControl: nativeRelease nativeObject s[518090475840]
12-31 15:19:32.043 9202 9202 I SurfaceControl: nativeRelease nativeObject e[518090475840]
12-31 15:19:32.049 766 766 D SurfaceFlinger: Display 0 HWC layers:
12-31 15:19:32.049 766 766 D SurfaceFlinger: CLIENT | 0x7b5401ecc0 | 0002 | RGBx_8888 | 360.0 0.0 1560.0 1920.0 | 0 0 1200 1920 | com.android.systemui.ImageWallpaper$_5618#0
12-31 15:19:32.049 766 766 D SurfaceFlinger: CLIENT | 0x7b540200c0 | 0000 | RGBA_8888 | 0.0 0.0 1200.0 1920.0 | 0 0 1200 1920 | com.sec.android.app.launcher/com.sec[...]ties.LauncherActivity$_9202#0 (Blur)
12-31 15:19:32.049 766 766 D SurfaceFlinger: SOLID_COLOR | | 0002 | Unknown | 0.0 0.0 0.0 0.0 | 17 182 1183 1738 | Background for -SurfaceView - com.se[...]ndroid.app.camera.Camera@93a27c1@0#0
12-31 15:19:32.049 766 766 D SurfaceFlinger: DEVICE | 0x7b5401fe40 | 0000 | RGBA_8888 | 0.0 0.0 1200.0 1920.0 | 17 26 1183 1894 | com.sec.android.app.camera/com.sec.android.app.camera.Camera$_28370#0
12-31 15:19:32.049 766 766 D SurfaceFlinger: DEVICE | 0x7b34e20580 | 0002 | RGBA_8888 | 0.0 0.0 1200.0 1920.0 | 17 26 1183 1894 | Splash Screen com.sec.android.app.camera#0
12-31 15:19:32.049 766 766 D SurfaceFlinger: DEVICE | 0x7b5401f1c0 | 0000 | RGBA_8888 | 0.0 0.0 67.0 270.0 | 1133 360 1200 630 | com.samsung.android.app.cocktailbars[...]arservice.CocktailBarService$_9
12-31 15:19:32.049 766 766 D SurfaceFlinger: 326#0
12-31 15:19:32.049 766 766 D SurfaceFlinger:
12-31 15:19:32.058 708 708 I SehLight: lcd : 26+
12-31 15:19:32.059 708 708 I SehLight: lcd : 26-
12-31 15:19:32.060 1087 6886 D SamsungIMMSHWKeyboard: isConnectedDexOnPC false
12-31 15:19:32.060 1087 6886 D InputMethodManagerService: isImeSwitcherDisabledPackage : false
12-31 15:19:32.060 28370 28370 I SurfaceControl: nativeRelease nativeObject s[520060350496]
12-31 15:19:32.060 28370 28370 I SurfaceControl: nativeRelease nativeObject e[520060350496]
12-31 15:19:32.061 713 2887 I ExynosCameraMCPipe: [CAM(0)][PIPE_3AA]-(m_preCreate[1446]):m_preCreate() is succeed, Pipe(5), prepare(0)
12-31 15:19:32.061 713 2887 I ExynosCameraMCPipe: [CAM(0)][PIPE_3AA]-(m_postCreate[1471]):m_postCreate() is succeed, Pipe(5)
12-31 15:19:32.062 713 2887 I ExynosCameraMCPipe: [CAM(0)][PIPE_ISP]-(m_preCreate[1446]):m_preCreate() is succeed, Pipe(10), prepare(0)
12-31 15:19:32.062 713 2887 I ExynosCameraMCPipe: [CAM(0)][PIPE_ISP]-(m_postCreate[1471]):m_postCreate() is succeed, Pipe(10)
12-31 15:19:32.062 713 2887 I ExynosCameraMCPipe: [CAM(0)][PIPE_MCSC]-(m_preCreate[1446]):m_preCreate() is succeed, Pipe(16), prepare(0)
12-31 15:19:32.062 713 2887 I ExynosCameraMCPipe: [CAM(0)][PIPE_MCSC]-(m_postCreate[1471]):m_postCreate() is succeed, Pipe(16)
12-31 15:19:32.062 713 2887 I ExynosCameraPipeVRA: [CAM(0)][PIPE_VRA]-(create[79]):create() is succeed (23) prepare (0)
12-31 15:19:32.062 713 2887 I ExynosCameraSWPipe: [CAM(0)][PIPE_GSC]-(create[35]):create() is succeed (31)
12-31 15:19:32.062 713 2887 I ExynosCameraSWPipe: [CAM(0)][PIPE_GSC_VIDEO]-(create[35]):create() is succeed (32)
12-31 15:19:32.062 713 2887 I ExynosCameraSWPipe: [CAM(0)][PIPE_GSC_PICTURE]-(create[35]):create() is succeed (33)
12-31 15:19:32.062 713 2887 I ExynosCameraSWPipe: [CAM(0)][PIPE_JPEG]-(create[35]):create() is succeed (34)
12-31 15:19:32.062 713 2887 I ExynosCameraPipePPSec: [CAM(0)][PIPE_PP_UNI0]-(create[62]):create() is succeed (39)
12-31 15:19:32.063 713 2887 I ExynosCameraPipePPSec: [CAM(0)][PIPE_PP_UNI1]-(create[62]):create() is succeed (40)
12-31 15:19:32.063 713 2887 I ExynosCameraPipePPSec: [CAM(0)][PIPE_PP_UNI2]-(create[62]):create() is succeed (41)
12-31 15:19:32.063 713 2887 I ExynosCameraPipePPSec: [CAM(0)][PIPE_PP_SINGLE0]-(create[62]):create() is succeed (42)
12-31 15:19:32.075 1087 1174 I WindowManager: Reparenting to original parent: Surface(name=ActivityRecord{16760b5 u0 com.sec.android.app.camera/.Camera t277})/@0x196f529, destroy=true, surface=Surface(name=ca73769 Splash Screen com.sec.android.app.camera)/@0x8b402b0
12-31 15:19:32.075 1087 1174 I SurfaceControl: nativeRelease nativeObject s[518062949120]
12-31 15:19:32.075 1087 1174 I SurfaceControl: nativeRelease nativeObject e[518062949120]
12-31 15:19:32.076 708 708 I SehLight: lcd : 29+
12-31 15:19:32.076 708 708 I SehLight: lcd : 29-
12-31 15:19:32.081 1087 1174 E WindowManager: win=Window{ca73769 u0 Splash Screen com.sec.android.app.camera EXITING} destroySurfaces: appStopped=false win.mWindowRemovalAllowed=true win.mRemoveOnExit=true win.mViewVisibility=0 caller=com.android.server.wm.ActivityRecord.destroySurfaces:5701 com.android.server.wm.ActivityRecord.destroySurfaces:5682 com.android.server.wm.WindowState.onExitAnimationDone:5706 com.android.server.wm.WindowStateAnimator.onAnimationFinished:335 com.android.server.wm.WindowState.onAnimationFinished:6179 com.android.server.wm.-$$Lambda$dwJG8BAnLlvKNGuDY9U3-haNY4M.onAnimationFinished:2 com.android.server.wm.SurfaceAnimator.lambda$getFinishedCallback$0$SurfaceAnimator:112
12-31 15:19:32.081 1087 1174 I WindowManager: Destroying surface Surface(name=Splash Screen com.sec.android.app.camera)/@0xd6c8786 called by com.android.server.wm.WindowStateAnimator.destroySurface:1804 com.android.server.wm.WindowStateAnimator.destroySurfaceLocked:771 com.android.server.wm.WindowState.destroySurfaceUnchecked:3980 com.android.server.wm.WindowState.destroySurface:3954 com.android.server.wm.ActivityRecord.destroySurfaces:5701 com.android.server.wm.ActivityRecord.destroySurfaces:5682 com.android.server.wm.WindowState.onExitAnimationDone:5706 com.android.server.wm.WindowStateAnimator.onAnimationFinished:335
12-31 15:19:32.081 1087 1174 I SurfaceControl: nativeRelease nativeObject s[517730111168]
12-31 15:19:32.081 1087 1174 I SurfaceControl: nativeRelease nativeObject e[517730111168]
12-31 15:19:32.081 766 804 I Layer : id=6391 removeFromCurrentState Splash Screen com.sec.android.app.camera#0 (71)
12-31 15:19:32.081 1087 1174 I SurfaceControl: nativeRelease nativeObject s[520060356544]
12-31 15:19:32.081 1087 1174 I SurfaceControl: nativeRelease nativeObject e[520060356544]
12-31 15:19:32.082 766 804 I Layer : id=6390 removeFromCurrentState ca73769 Splash Screen com.sec.android.app.camera#0 (71)
12-31 15:19:32.082 766 804 I Layer : id=6401 removeFromCurrentState Surface(name=ca73769 Splash Screen com.sec.android.app.camera)/@0x8b402b0 - animation-leash#0 (71)
12-31 15:19:32.083 766 804 I SurfaceFlinger: id=6390 Removed ca73769 Splash Screen com.sec.android.app.camera#0 (71)
12-31 15:19:32.083 766 1472 I SurfaceFlinger: id=6391 Removed Splash Screen com.sec.android.app.camera#0 (71)
12-31 15:19:32.083 766 1388 I SurfaceFlinger: id=6401 Removed Surface(name=ca73769 Splash Screen com.sec.android.app.camera)/@0x8b402b0 - animation-leash#0 (71)
12-31 15:19:32.086 713 2903 I ExynosCameraFrameReprocessingFactory: [CAM(0)][Back_0]-(create[43]):
12-31 15:19:32.086 713 2887 I ExynosCameraSec: [CAM(0)][Back_0]-(m_fastenAeThreadFunc[30877]):FrameFactory(previewFrameFactory) created
12-31 15:19:32.086 713 2903 I ExynosCameraFrameFactoryBase: [CAM(0)][Back_0]-(create[37]):
12-31 15:19:32.086 713 2903 I ExynosCameraFrameReprocessingFactorySec: [CAM(0)][Back_0]-(m_setupConfig[238]):
12-31 15:19:32.086 713 2903 W ExynosCameraParameters: [CAM(0)][Back_0]-(m_getReprocessing3aaIspOtf[5965]):Processed bayer must using 3AA-ISP M2M. but, Current mode(1)
12-31 15:19:32.086 713 2887 I ExynosCameraBufferSupplier: [CAM(0)][BufferSupplier]-(createBufferManager[181]):[SKIP_BUF]Created. P 5,-1,-1,-1,-1, T 1
12-31 15:19:32.087 713 2903 I ExynosCameraFrameReprocessingFactorySec: [CAM(0)][Back_0]-(m_constructPipes[735]):
12-31 15:19:32.087 713 2887 I ExynosCameraBufferManager: [CAM(0)][SKIP_BUF]-(m_defaultAlloc[934]):duration time ( 0 msec) alloc count=6, total count=6, type=0, size=4096, batchSize=1, reserved count=0, non-cache => 0 0 0 0 0 0
12-31 15:19:32.087 713 2887 I ExynosCameraBufferManager: DEBUG:duration time( 1 msec):(alloc)
12-31 15:19:32.087 713 2887 I ExynosCameraFrameFactoryPreview: [CAM(0)][Back_0]-(fastenAeStable[115]): Start
12-31 15:19:32.087 713 2887 I ExynosCameraFrameFactoryPreview: [CAM(0)][Back_0]-(fastenAeStable[180]):numFrames = 6 hwSensorW = 1024 hwSensorH = 768 sensorFrameRate = 120
12-31 15:19:32.087 713 2887 I ExynosCameraFrameFactoryPreview: [CAM(0)][Back_0]-(m_initPipesFastenAeStable[2093]):Set framerate (denominator=120)
12-31 15:19:32.087 713 2887 W ExynosCameraNode: [CAM(0)][FLITE]-(setFormat[750]):name(FLITE) fd 15, bytesperline(0) < width(32), height(64)
12-31 15:19:32.087 713 2887 W ExynosCameraNode: [CAM(0)][3AA_CAPTURE]-(setFormat[750]):name(3AA_CAPTURE) fd 140, bytesperline(0) < width(1024), height(768)
12-31 15:19:32.087 713 2887 W ExynosCameraNode: [CAM(0)][3AA_PREVIEW]-(setFormat[750]):name(3AA_PREVIEW) fd 141, bytesperline(0) < width(1024), height(768)
12-31 15:19:32.087 713 2887 I ExynosCameraMCPipe: [CAM(0)][PIPE_3AA]-(setupPipe[241]):setupPipe() is succeed, Pipe(5), prepare(2)
12-31 15:19:32.087 713 2903 I ExynosCameraFrameReprocessingFactorySec: [CAM(0)][Back_0]-(m_constructPipes[877]):pipe ids for reprocessing
12-31 15:19:32.087 713 2887 W ExynosCameraNode: [CAM(0)][ISP_OUTPUT]-(setFormat[750]):name(ISP_OUTPUT) fd 143, bytesperline(0) < width(1024), height(768)
12-31 15:19:32.088 713 2903 I ExynosCameraFrameReprocessingFactorySec: [CAM(0)][Back_0]-(m_constructPipes[880]):m_pipes[2] : PipeId(202)
12-31 15:19:32.088 713 2903 I ExynosCameraFrameReprocessingFactorySec: [CAM(0)][Back_0]-(m_constructPipes[880]):m_pipes[7] : PipeId(207)
12-31 15:19:32.088 713 2887 W ExynosCameraNode: [CAM(0)][ISP_CAPTURE]-(setFormat[750]):name(ISP_CAPTURE) fd 144, bytesperline(0) < width(1024), height(768)
12-31 15:19:32.088 713 2903 I ExynosCameraFrameReprocessingFactorySec: [CAM(0)][Back_0]-(m_constructPipes[880]):m_pipes[12] : PipeId(212)
12-31 15:19:32.088 713 2903 I ExynosCameraFrameReprocessingFactorySec: [CAM(0)][Back_0]-(m_constructPipes[880]):m_pipes[19] : PipeId(219)
12-31 15:19:32.088 713 2903 I ExynosCameraFrameReprocessingFactorySec: [CAM(0)][Back_0]-(m_constructPipes[880]):m_pipes[22] : PipeId(222)
12-31 15:19:32.088 713 2903 I ExynosCameraFrameReprocessingFactorySec: [CAM(0)][Back_0]-(m_constructPipes[880]):m_pipes[23] : PipeId(223)
12-31 15:19:32.088 713 2887 W ExynosCameraNode: [CAM(0)][MCSC_PREVIEW]-(setFormat[750]):name(MCSC_PREVIEW) fd 145, bytesperline(0) < width(1024), height(768)
12-31 15:19:32.088 713 2903 I ExynosCameraFrameReprocessingFactorySec: [CAM(0)][Back_0]-(m_constructPipes[880]):m_pipes[24] : PipeId(224)
12-31 15:19:32.088 713 2903 I ExynosCameraFrameReprocessingFactorySec: [CAM(0)][Back_0]-(m_constructPipes[880]):m_pipes[25] : PipeId(225)
12-31 15:19:32.088 713 2903 I ExynosCameraFrameReprocessingFactorySec: [CAM(0)][Back_0]-(m_constructPipes[880]):m_pipes[34] : PipeId(234)
12-31 15:19:32.088 713 2887 W ExynosCameraNode: [CAM(0)][MCSC_PREVIEW_CALLBACK]-(setFormat[750]):name(MCSC_PREVIEW_CALLBACK) fd 146, bytesperline(0) < width(1024), height(768)
12-31 15:19:32.088 713 2903 I ExynosCameraFrameReprocessingFactorySec: [CAM(0)][Back_0]-(m_constructPipes[880]):m_pipes[35] : PipeId(235)
12-31 15:19:32.088 713 2903 I ExynosCameraFrameReprocessingFactorySec: [CAM(0)][Back_0]-(m_constructPipes[880]):m_pipes[36] : PipeId(236)
12-31 15:19:32.088 713 2887 W ExynosCameraNode: [CAM(0)][MCSC_RECORDING]-(setFormat[750]):name(MCSC_RECORDING) fd 147, bytesperline(0) < width(1024), height(768)
12-31 15:19:32.088 713 2887 W ExynosCameraNode: [CAM(0)][MCSC_DS]-(setFormat[750]):name(MCSC_DS) fd 148, bytesperline(0) < width(640), height(480)
12-31 15:19:32.088 713 2887 I ExynosCameraMCPipe: [CAM(0)][PIPE_ISP]-(setupPipe[241]):setupPipe() is succeed, Pipe(10), prepare(0)
12-31 15:19:32.088 713 2903 I ExynosCameraMCPipe: [CAM(0)][PIPE_3AA_REPROCESSING]-(m_preCreate[1446]):m_preCreate() is succeed, Pipe(202), prepare(0)
12-31 15:19:32.088 713 2903 I ExynosCameraMCPipe: [CAM(0)][PIPE_3AA_REPROCESSING]-(m_postCreate[1471]):m_postCreate() is succeed, Pipe(202)
12-31 15:19:32.089 713 2903 I ExynosCameraNodeJpegHAL: [CAM(0)][REPROCESSING_HWFC_JPEG_DST]-(open[173]):JpegEncoder created
12-31 15:19:32.090 713 2903 I ExynosCameraMCPipe: [CAM(0)][PIPE_ISP_REPROCESSING]-(m_preCreate[1446]):m_preCreate() is succeed, Pipe(207), prepare(0)
12-31 15:19:32.090 713 2903 I ExynosCameraMCPipe: [CAM(0)][PIPE_ISP_REPROCESSING]-(m_postCreate[1471]):m_postCreate() is succeed, Pipe(207)
12-31 15:19:32.090 713 2903 I ExynosCameraMCPipe: [CAM(0)][PIPE_MCSC_REPROCESSING]-(m_preCreate[1446]):m_preCreate() is succeed, Pipe(212), prepare(0)
12-31 15:19:32.090 713 2903 I ExynosCameraMCPipe: [CAM(0)][PIPE_MCSC_REPROCESSING]-(m_postCreate[1471]):m_postCreate() is succeed, Pipe(212)
12-31 15:19:32.090 713 2903 I ExynosCameraPipeVRA: [CAM(0)][PIPE_VRA_REPROCESSING]-(create[79]):create() is succeed (219) prepare (0)
12-31 15:19:32.090 713 2903 I ExynosCameraSWPipe: [CAM(0)][PIPE_GSC_REPROCESSING]-(create[35]):create() is succeed (222)
12-31 15:19:32.090 713 2903 I ExynosCameraSWPipe: [CAM(0)][PIPE_GSC_REPROCESSING2]-(create[35]):create() is succeed (223)
12-31 15:19:32.090 713 2903 I ExynosCameraSWPipe: [CAM(0)][PIPE_GSC_REPROCESSING3]-(create[35]):create() is succeed (224)
12-31 15:19:32.090 713 2903 I ExynosCameraSWPipe: [CAM(0)][PIPE_JPEG_REPROCESSING]-(create[35]):create() is succeed (225)
