12-31 15:19:32.193 1087 6854 V WifiDisplayAdapter: SessionId: 0, connectedState=-1}
12-31 15:19:32.193 1087 6854 V WifiDisplayAdapter: getWifiDisplayStatusLocked: result=WifiDisplayStatus{featureState=2, scanState=0, activeDisplayState=0, activeDisplay=null, displays=[], sessionInfo=WifiDisplaySessionInfo:
12-31 15:19:32.193 1087 6854 V WifiDisplayAdapter: Client/Owner: Client
12-31 15:19:32.193 1087 6854 V WifiDisplayAdapter: GroupId:
12-31 15:19:32.193 1087 6854 V WifiDisplayAdapter: SessionId: 0, connectedState=-1}
12-31 15:19:32.194 1087 6854 V WifiDisplayAdapter: getWifiDisplayStatusLocked: result=WifiDisplayStatus{featureState=2, scanState=0, activeDisplayState=0, activeDisplay=null, displays=[], sessionInfo=WifiDisplaySessionInfo:
12-31 15:19:32.194 1087 6854 V WifiDisplayAdapter: Client/Owner: Client
12-31 15:19:32.194 1087 6854 V WifiDisplayAdapter: GroupId:
12-31 15:19:32.194 1087 6854 V WifiDisplayAdapter: SessionId: 0, connectedState=-1}
12-31 15:19:32.195 1087 6854 V WifiDisplayAdapter: getWifiDisplayStatusLocked: result=WifiDisplayStatus{featureState=2, scanState=0, activeDisplayState=0, activeDisplay=null, displays=[], sessionInfo=WifiDisplaySessionInfo:
12-31 15:19:32.195 1087 6854 V WifiDisplayAdapter: Client/Owner: Client
12-31 15:19:32.195 1087 6854 V WifiDisplayAdapter: GroupId:
12-31 15:19:32.195 1087 6854 V WifiDisplayAdapter: SessionId: 0, connectedState=-1}
12-31 15:19:32.196 28370 28370 I CameraPerformance: ShootingMode - InitializeView : End[1640960372196] [26]
12-31 15:19:32.197 28370 28370 I Camera11: updateThumbnail
12-31 15:19:32.197 28370 2866 I CameraPerformance: Update - UpdateLatestMedia : Start[1640960372197]
12-31 15:19:32.197 28370 2866 W StorageUtils: isExternalSdStorageMounted : mSdStorageVolumeInternalPath is null
12-31 15:19:32.197 28370 2866 W StorageUtils: isExternalSdStorageMounted : mSdStorageVolumeInternalPath is null
12-31 15:19:32.197 1087 6886 I ActivityManager: byname cpr=ContentProviderRecord{efd8831 u0 com.samsung.android.providers.media/.MediaProvider},0,true
12-31 15:19:32.199 28370 28370 I RequestQueue: addRequest : SET_PRIVATE_SETTING, enable_beauty_str : false
12-31 15:19:32.199 28370 28370 I RequestQueue: addRequest : SET_PRIVATE_SETTING, beauty_effect_ignore : true
12-31 15:19:32.199 28370 28370 I RequestQueue: addRequest : SET_PRIVATE_SETTING, beauty_smoothness_level : 2
12-31 15:19:32.200 28370 28370 I RequestQueue: addRequest : SET_PRIVATE_SETTING, beauty_brighten_level : 0
12-31 15:19:32.200 28370 28370 I RequestQueue: addRequest : SET_PRIVATE_SETTING, beauty_slim_face_level : 0
12-31 15:19:32.200 28370 28370 I RequestQueue: addRequest : SET_PRIVATE_SETTING, beauty_eye_enlarge_level : 0
12-31 15:19:32.200 28370 28370 I RequestQueue: addRequest : SET_PRIVATE_SETTING, beauty_face_color_level : 0
12-31 15:19:32.203 28370 28370 I StorageUtils: setStorageStatus storage : 0, status : 1
12-31 15:19:32.203 28370 28370 I RequestQueue: notifyRequest : NOTIFY_CHANGE_SHOOTING_MODE_COMPLETED
12-31 15:19:32.203 28370 2869 I RequestQueue: Signaled : NOTIFY_CHANGE_SHOOTING_MODE_COMPLETED
12-31 15:19:32.203 28370 2869 I RequestQueue: afterExecute : NOTIFY_CHANGE_SHOOTING_MODE_COMPLETED(5900)
12-31 15:19:32.203 28370 2869 I RequestQueue: [ ] [5604 5600 5600 5600 5600 5600 5600 5600 ]
12-31 15:19:32.203 28370 2869 I RequestQueue: beforeExecute : SET_ORIENTATION(5604)
12-31 15:19:32.203 28370 2869 I RequestQueue: [5604] [5600 5600 5600 5600 5600 5600 5600 ]
12-31 15:19:32.204 28370 2869 I Request : SetOrientationRequest - Start
12-31 15:19:32.204 28370 2869 I Request : execute key = MakerPrivateKey(device_orientation) value = 0
12-31 15:19:32.204 28370 2869 I Request : SetOrientationRequest - End
12-31 15:19:32.204 28370 2869 I RequestQueue: afterExecute : SET_ORIENTATION(5604)
12-31 15:19:32.204 28370 2869 I RequestQueue: [ ] [5600 5600 5600 5600 5600 5600 5600 ]
12-31 15:19:32.204 28370 2869 I RequestQueue: beforeExecute : SET_PRIVATE_SETTING(5600)
12-31 15:19:32.204 28370 2869 I RequestQueue: [5600] [5600 5600 5600 5600 5600 5600 ]
12-31 15:19:32.204 28370 2869 I Request : SetPrivateSettingRequest - Start
12-31 15:19:32.204 28370 2869 I Request : execute key = MakerPrivateKey(enable_beauty_str) value = false
12-31 15:19:32.204 28370 2869 I V4/SecBeautyNode: setBeautyStrEnable false
12-31 15:19:32.204 28370 2869 I Request : SetPrivateSettingRequest - End
12-31 15:19:32.204 28370 2869 I RequestQueue: afterExecute : SET_PRIVATE_SETTING(5600)
12-31 15:19:32.204 28370 2869 I RequestQueue: [ ] [5600 5600 5600 5600 5600 5600 ]
12-31 15:19:32.204 28370 2869 I RequestQueue: beforeExecute : SET_PRIVATE_SETTING(5600)
12-31 15:19:32.204 28370 2869 I RequestQueue: [5600] [5600 5600 5600 5600 5600 ]
12-31 15:19:32.204 28370 2869 I Request : SetPrivateSettingRequest - Start
12-31 15:19:32.204 28370 2869 I Request : execute key = MakerPrivateKey(beauty_effect_ignore) value = true
12-31 15:19:32.204 28370 2869 I V4/SecBeautyNode: setBeautyEffectIgnore true
12-31 15:19:32.204 28370 2869 I Request : SetPrivateSettingRequest - End
12-31 15:19:32.204 28370 2869 I RequestQueue: afterExecute : SET_PRIVATE_SETTING(5600)
12-31 15:19:32.204 28370 2869 I RequestQueue: [ ] [5600 5600 5600 5600 5600 ]
12-31 15:19:32.204 28370 2869 I RequestQueue: beforeExecute : SET_PRIVATE_SETTING(5600)
12-31 15:19:32.204 28370 2869 I RequestQueue: [5600] [5600 5600 5600 5600 ]
12-31 15:19:32.204 28370 2869 I Request : SetPrivateSettingRequest - Start
12-31 15:19:32.204 28370 2869 I Request : execute key = MakerPrivateKey(beauty_smoothness_level) value = 2
12-31 15:19:32.204 28370 2869 I V4/SecBeautyNode: setBeautySmoothnessLevel 2
12-31 15:19:32.204 28370 2869 I Request : SetPrivateSettingRequest - End
12-31 15:19:32.204 28370 2869 I RequestQueue: afterExecute : SET_PRIVATE_SETTING(5600)
12-31 15:19:32.204 28370 2869 I RequestQueue: [ ] [5600 5600 5600 5600 ]
12-31 15:19:32.204 28370 2869 I RequestQueue: beforeExecute : SET_PRIVATE_SETTING(5600)
12-31 15:19:32.204 28370 2869 I RequestQueue: [5600] [5600 5600 5600 ]
12-31 15:19:32.204 28370 2869 I Request : SetPrivateSettingRequest - Start
12-31 15:19:32.204 28370 2869 I Request : execute key = MakerPrivateKey(beauty_brighten_level) value = 0
12-31 15:19:32.204 28370 2869 I V4/SecBeautyNode: setSkinBrightLevel 0
12-31 15:19:32.204 28370 2869 I Request : SetPrivateSettingRequest - End
12-31 15:19:32.204 28370 2869 I RequestQueue: afterExecute : SET_PRIVATE_SETTING(5600)
12-31 15:19:32.204 28370 2869 I RequestQueue: [ ] [5600 5600 5600 ]
12-31 15:19:32.204 28370 2869 I RequestQueue: beforeExecute : SET_PRIVATE_SETTING(5600)
12-31 15:19:32.204 28370 2869 I RequestQueue: [5600] [5600 5600 ]
12-31 15:19:32.204 28370 2869 I Request : SetPrivateSettingRequest - Start
12-31 15:19:32.204 28370 2869 I Request : execute key = MakerPrivateKey(beauty_slim_face_level) value = 0
12-31 15:19:32.204 28370 2869 I Request : SetPrivateSettingRequest - End
12-31 15:19:32.205 28370 2869 I RequestQueue: afterExecute : SET_PRIVATE_SETTING(5600)
12-31 15:19:32.205 28370 2869 I RequestQueue: [ ] [5600 5600 ]
12-31 15:19:32.205 28370 2869 I RequestQueue: beforeExecute : SET_PRIVATE_SETTING(5600)
12-31 15:19:32.205 28370 2869 I RequestQueue: [5600] [5600 ]
12-31 15:19:32.205 28370 2869 I Request : SetPrivateSettingRequest - Start
12-31 15:19:32.205 28370 2869 I Request : execute key = MakerPrivateKey(beauty_eye_enlarge_level) value = 0
12-31 15:19:32.205 28370 2869 I Request : SetPrivateSettingRequest - End
12-31 15:19:32.205 28370 2869 I RequestQueue: afterExecute : SET_PRIVATE_SETTING(5600)
12-31 15:19:32.205 28370 2869 I RequestQueue: [ ] [5600 ]
12-31 15:19:32.205 28370 2869 I RequestQueue: beforeExecute : SET_PRIVATE_SETTING(5600)
12-31 15:19:32.205 28370 2869 I RequestQueue: [5600] []
12-31 15:19:32.205 28370 2869 I Request : SetPrivateSettingRequest - Start
12-31 15:19:32.205 28370 2869 I Request : execute key = MakerPrivateKey(beauty_face_color_level) value = 0
12-31 15:19:32.205 28370 2869 I Request : SetPrivateSettingRequest - End
12-31 15:19:32.205 28370 2869 I RequestQueue: afterExecute : SET_PRIVATE_SETTING(5600)
12-31 15:19:32.205 28370 2869 I RequestQueue: [ ] []
12-31 15:19:32.208 708 708 I SehLight: lcd : 53+
12-31 15:19:32.208 708 708 I SehLight: lcd : 53-
12-31 15:19:32.210 28370 2866 I CameraPerformance: Update - UpdateLatestMedia : End[1640960372210] [13]
12-31 15:19:32.212 28370 28370 W View : requestLayout() improperly called by androidx.constraintlayout.widget.ConstraintLayout{f3bc875 V.E...... ......ID 0,0-1200,1920 #7f0a0353 app:id/smart_scan_layout} during layout: running second layout pass
12-31 15:19:32.212 28370 28370 W View : requestLayout() improperly called by androidx.appcompat.widget.AppCompatTextView{306300a VFED..C.. ......ID 200,1566-425,1639 #7f0a0352 app:id/smart_scan_button} during layout: running second layout pass
12-31 15:19:32.212 28370 28370 W View : requestLayout() improperly called by com.sec.android.app.camera.shootingmode.photo.intelligentui.CompositionGuide{e01b07b I.E...... ......ID 0,160-1200,1760 #7f0a00ce app:id/composition_guide} during layout: running second layout pass
12-31 15:19:32.212 28370 28370 W View : requestLayout() improperly called by android.widget.RelativeLayout{49fce98 V.E...... ......ID 0,0-1200,1600 #7f0a00cf app:id/composition_guide_wrapper_layout} during layout: running second layout pass
12-31 15:19:32.212 28370 28370 W View : requestLayout() improperly called by androidx.constraintlayout.widget.ConstraintLayout{a8d76f1 V.E...... ......ID 0,0-1200,1920 #7f0a018f app:id/intelligent_ui} during layout: running second layout pass
12-31 15:19:32.212 28370 28370 W View : requestLayout() improperly called by com.sec.android.app.camera.shootingmode.photo.intelligentui.SceneDetectButton{7df42d6 I.E...... ......ID 73,1571-145,1643 #7f0a02dd app:id/scene_detect_button} during layout: running second layout pass
12-31 15:19:32.222 1087 1910 D BatteryService: Sending ACTION_BATTERY_CHANGED. scale:100, info:{.chargerAcOnline = false, .chargerUsbOnline = true, .chargerWirelessOnline = false, .maxChargingCurrent = 0, .maxChargingVoltage = 0, .batteryStatus = CHARGING, .batteryHealth = GOOD, .batteryPresent = true, .batteryLevel = 66, .batteryVoltage = 3786, .batteryTemperature = 283, .batteryCurrent = -1140, .batteryCycleCount = 0, .batteryFullCharge = 5000000, .batteryChargeCounter = 2888570, .batteryTechnology = Li-ion}
12-31 15:19:32.222 1087 1910 D BatteryService: online:4, current avg:-677, charge type:2, POGO powered:false, power sharing:false, high voltage charger:false, charger_type:0, capacity:280000, misc_event:0x0, current_event:0x8100, current_now:-1140
12-31 15:19:32.222 28370 2481 I CameraPerformance: Update - QuickViewThumbnail : Start[1640960372222]
12-31 15:19:32.222 28370 2481 I QuickViewThumbnailLoader: doInBackground : processing bitmap
12-31 15:19:32.222 695 901 D gralloc : [mali_gralloc_allocate] begin
12-31 15:19:32.222 28370 2481 I LatestMediaContent: getImageThumbnail : uri = content://media/external/file/281, orientation = 90
12-31 15:19:32.222 695 901 D gralloc : buffer_descriptor: wh(1200 1920) usage_pc(0x40000000000b00 0x40000000000b00) hal_format(0x1) layer_count(1) sizes(0 0 0) strde(0) byte_stride(0) alloc_wh(0 0) internal_format(0x0) alloc_format(0x0) fd_count(1) plane_count(0)
12-31 15:19:32.223 1087 1372 D MotionRecognitionService: onReceive : ACTION_BATTERY_CHANGED, Plugged: 2
12-31 15:19:32.223 1087 1087 D PhoneWindowManagerExt: ACTION_BATTERY_CHANGED - Level=66, status=2
12-31 15:19:32.223 1087 1087 D SemWifiApBroadcastReceiver: Received : android.intent.action.BATTERY_CHANGED
12-31 15:19:32.223 1087 1372 I MotionRecognitionService: [TA] In/out: true, curr state: 1
12-31 15:19:32.223 28370 28370 W View : requestLayout() improperly called by androidx.constraintlayout.widget.ConstraintLayout{f3bc875 V.E...... ......ID 0,0-1200,1920 #7f0a0353 app:id/smart_scan_layout} during second layout pass: posting in next frame
12-31 15:19:32.223 28370 28370 W View : requestLayout() improperly called by androidx.appcompat.widget.AppCompatTextView{306300a VFED..C.. ......ID 200,1566-425,1639 #7f0a0352 app:id/smart_scan_button} during second layout pass: posting in next frame
12-31 15:19:32.225 708 708 I SehLight: lcd : 56+
12-31 15:19:32.225 708 708 I SehLight: lcd : 56-
12-31 15:19:32.225 5618 5618 D KeyguardUpdateMonitor: received broadcast android.intent.action.BATTERY_CHANGED
12-31 15:19:32.225 5618 5618 I PowerUI : BATTERY_HEALTH_CHECK extraHealth=2 mBatteryMiscEvent=0
12-31 15:19:32.226 5618 5618 D PowerUI : priorPlugType = 2 mPlugType = 2 priorBatteryStatus = 2 mBatteryStatus = 2
12-31 15:19:32.226 695 901 D gralloc : [mali_gralloc_allocate] allocation successful
12-31 15:19:32.226 1087 1174 I WindowManager: Reparenting to original parent: Surface(name=DefaultTaskDisplayArea)/@0x6eda49e, destroy=true, surface=Surface(name=Task=1)/@0xef55fff
12-31 15:19:32.226 1087 1174 I SurfaceControl: nativeRelease nativeObject s[517796949376]
12-31 15:19:32.226 1087 1174 I SurfaceControl: nativeRelease nativeObject e[517796949376]
12-31 15:19:32.226 5618 5618 D PowerUI.Notification: showChargingNotice oldChargingType : 7 currentChargingType : 7 oldChargingTime : 43382000 mChargingTime : 43382000
12-31 15:19:32.227 5618 5618 D PowerUI.Notification: There is no change about charging status, so return!
12-31 15:19:32.227 5618 5618 D PowerUI : Battery swelling mode - priorBatterySwellingMode = 0 mBatterySwellingMode = 0 mBatteryStatus = 2
12-31 15:19:32.227 5618 5618 I PowerUI : mBatteryMiscEvent = 0
12-31 15:19:32.227 5618 5618 D PowerUI : showing power sharing dialogfalse
12-31 15:19:32.227 713 2887 I ExynosCameraFrameFactoryPreview: [CAM(0)][Back_0]-(fastenAeStable[386]): End S_STREAM
12-31 15:19:32.227 713 2887 I ExynosCameraMCPipe: [CAM(0)][PIPE_3AA]-(forceDone[579]):forceDone() is succeed, Pipe(5)
12-31 15:19:32.227 6056 6056 D SemBigDataInfoController: Intent : android.intent.action.BATTERY_CHANGED
12-31 15:19:32.228 1087 1174 V WindowManager: Setting visibility of Window{3599617 u0 com.samsung.android.app.spage}: false, caller=com.android.server.wm.WindowContainer.sendAppVisibilityToClients:1044 com.android.server.wm.WindowState.sendAppVisibilityToClients:3854 com.android.server.wm.WindowContainer.sendAppVisibilityToClients:1044 com.android.server.wm.ActivityRecord.setClientVisible:6922 com.android.server.wm.ActivityRecord.onAnimationFinished:7683 com.android.server.wm.WindowContainer.doAnimationFinished:2704 com.android.server.wm.WindowContainer.onAnimationFinished:2713 com.android.server.wm.Task.onAnimationFinished:2744 com.android.server.wm.-$$Lambda$dwJG8BAnLlvKNGuDY9U3-haNY4M.onAnimationFinished:2 com.android.server.wm.SurfaceAnimator.lambda$getFinishedCallback$0$SurfaceAnimator:112 com.android.server.wm.-$$Lambda$SurfaceAnimator$qxm0Z0Ve0b3lKnyQQMgWVQfTP3Q.run:8 com.android.server.wm.SurfaceAnimator.lambda$getFinishedCallback$1$SurfaceAnimator:127 com.android.server.wm.-$$Lambda$SurfaceAnimator$Y4hCTFZUnyoMqrbq2rxOWj68ccg.onAnimationFinished:4 com.android.server.wm.LocalAnimationAdapter.lambda$startAnimation$0$LocalAnimationAdapter:56
12-31 15:19:32.228 713 2887 I ExynosCameraMCPipe: [CAM(0)][PIPE_3AA]-(instantOff[876]):instantOff() is succeed, Pipe(5)
12-31 15:19:32.228 1087 1174 V WindowManager: Setting visibility of Window{3fb5849 u0 com.sec.android.app.launcher/com.sec.android.app.launcher.activities.LauncherActivity}: false, caller=com.android.server.wm.WindowContainer.sendAppVisibilityToClients:1044 com.android.server.wm.ActivityRecord.setClientVisible:6922 com.android.server.wm.ActivityRecord.onAnimationFinished:7683 com.android.server.wm.WindowContainer.doAnimationFinished:2704 com.android.server.wm.WindowContainer.onAnimationFinished:2713 com.android.server.wm.Task.onAnimationFinished:2744 com.android.server.wm.-$$Lambda$dwJG8BAnLlvKNGuDY9U3-haNY4M.onAnimationFinished:2 com.android.server.wm.SurfaceAnimator.lambda$getFinishedCallback$0$SurfaceAnimator:112 com.android.server.wm.-$$Lambda$SurfaceAnimator$qxm0Z0Ve0b3lKnyQQMgWVQfTP3Q.run:8 com.android.server.wm.SurfaceAnimator.lambda$getFinishedCallback$1$SurfaceAnimator:127 com.android.server.wm.-$$Lambda$SurfaceAnimator$Y4hCTFZUnyoMqrbq2rxOWj68ccg.onAnimationFinished:4 com.android.server.wm.LocalAnimationAdapter.lambda$startAnimation$0$LocalAnimationAdapter:56 com.android.server.wm.-$$Lambda$LocalAnimationAdapter$zbLki1x5Fhwh-g7q-dA43aw6Y4M.run:6 android.os.Handler.handleCallback:938
12-31 15:19:32.228 713 2887 I ExynosCameraMCPipe: [CAM(0)][PIPE_ISP]-(stop[351]):stop() is succeed, Pipe(10)
12-31 15:19:32.228 713 2887 I ExynosCameraFrameFactoryPreview: [CAM(0)][Back_0]-(fastenAeStable[442]):set framerate (denominator=30)
12-31 15:19:32.228 1087 1174 D ActivityTaskManager: finishFixedRotationTransform, r=ActivityRecord{40d61d4 u0 com.sec.android.app.launcher/.activities.LauncherActivity t123}, caller=com.android.server.wm.WindowToken.finishFixedRotationTransform:669 com.android.server.wm.DisplayContent$FixedRotationTransitionListener.onAppTransitionFinishedLocked:7222 com.android.server.wm.AppTransition.notifyAppTransitionFinishedLocked:553 com.android.server.wm.ActivityRecord.onAnimationFinished:7704 com.android.server.wm.WindowContainer.doAnimationFinished:2704
12-31 15:19:32.228 713 2887 I ExynosCameraFrameFactoryPreview: [CAM(0)][Back_0]-(fastenAeStable[470]):Done
12-31 15:19:32.228 1087 1174 V WindowManager: Updating vis of wallpaper Window{76545c4 u0 com.android.systemui.ImageWallpaper}: false from:
12-31 15:19:32.228 1087 1174 V WindowManager: com.android.server.wm.WallpaperWindowToken.updateWallpaperWindows:170
12-31 15:19:32.228 1087 1174 V WindowManager: com.android.server.wm.WallpaperController.updateWallpaperTokens:691
12-31 15:19:32.228 1087 1174 V WindowManager: com.android.server.wm.WallpaperController.adjustWallpaperWindows:730
12-31 15:19:32.228 1087 1174 V WindowManager: com.android.server.wm.DisplayContent.applySurfaceChangesTransaction:5000
12-31 15:19:32.228 713 2887 I ExynosCameraBufferManager: DEBUG:duration time( 0 msec):(m_free)
12-31 15:19:32.228 713 2887 I ExynosCameraSec: DEBUG:duration time( 326 msec):(m_fastenAeThreadFunc)
12-31 15:19:32.229 5618 6492 D WallpaperService: dispatchAppVisibility onVisibilityChanged(): false
12-31 15:19:32.229 713 1136 I SehCamDevSession@5.0-impl: [CAMKPI] camera3->process_capture_request : X
12-31 15:19:32.229 713 2932 I ExynosCameraSec: [CAM(0)][Back_0]-(m_sensorListenerThreadFunc[30567]):
12-31 15:19:32.229 713 2932 I SensorListener: enableSensor : numSensors=35/35, sen_list = 0xee0a33c0/0xee0a33c0
12-31 15:19:32.229 713 2931 I ExynosCameraSec: [CAM(0)][Back_0]-(m_frameFactoryStartThreadFunc[579]):
12-31 15:19:32.229 713 2931 I ExynosCameraSec: [CAM(0)][Back_0]-(m_frameFactoryStartThreadFunc[703]):opening hint(1)
12-31 15:19:32.229 713 2931 I ExynosCameraSec: [CAM(0)][Back_0]-(m_setSetfile_Flagship[1558]):configMode(0), PIPMode(0)
12-31 15:19:32.229 713 2931 I ExynosCameraFrameFactoryPreview: [CAM(0)][Back_0]-(initPipes[478]):
12-31 15:19:32.229 713 2931 I ExynosCameraFrameFactoryPreviewSec: [CAM(0)][Back_0]-(m_setupConfig[256]):
12-31 15:19:32.229 766 803 I Layer : id=6392 removeFromCurrentState Surface(name=Task=1)/@0xef55fff - animation-leash#0 (68)
12-31 15:19:32.230 713 2931 I ExynosCameraFrameFactoryPreview: [CAM(0)][Back_0]-(m_setDeviceInfo[731]):
12-31 15:19:32.230 766 803 I SurfaceFlinger: id=6392 Removed Surface(name=Task=1)/@0xef55fff - animation-leash#0 (68)
12-31 15:19:32.230 1087 1174 I WindowManager: Reparenting to original parent: Surface(name=DefaultTaskDisplayArea)/@0x6eda49e, destroy=true, surface=Surface(name=Task=277)/@0x40c8a23
12-31 15:19:32.230 1087 1174 I SurfaceControl: nativeRelease nativeObject s[517796949088]
12-31 15:19:32.230 1087 1174 I SurfaceControl: nativeRelease nativeObject e[517796949088]
12-31 15:19:32.230 695 901 D gralloc : [mali_gralloc_allocate] begin
12-31 15:19:32.230 695 901 D gralloc : buffer_descriptor: wh(1920 1440) usage_pc(0x20006 0x20006) hal_format(0x23) layer_count(1) sizes(0 0 0) strde(0) byte_stride(0) alloc_wh(0 0) internal_format(0x0) alloc_format(0x0) fd_count(1) plane_count(0)
12-31 15:19:32.230 1087 1174 I SemDvfsHyPerManager: acquire hyper - AMS_RESUME_TAIL/1087@22, type = -999
12-31 15:19:32.230 1087 1174 I SemDvfsHyPerManager: acquire hyper - AMS_ACT_LAZY/1087@23, type = -999
12-31 15:19:32.230 695 901 D gralloc : [mali_gralloc_allocate] allocation successful
12-31 15:19:32.230 1087 1174 D ActivityManagerPerformance: AMP_acquire() TAIL
12-31 15:19:32.230 713 2931 I ExynosCameraFrameFactoryPreview: [CAM(0)][Back_0]-(m_initPipes[1057]):
12-31 15:19:32.231 707 732 I HYPER-HAL: [RequestManager.cpp]acquire(): Acquired ID : 615517 [1087 / 22] HINT : AMS_RESUME_TAIL list :
12-31 15:19:32.231 713 2931 I ExynosCameraFrameFactoryPreview: [CAM(0)][Back_0]-(m_initPipes[1136]):MaxSensorSize 4128x3096 bayerFormat BG12
12-31 15:19:32.231 713 2931 I ExynosCameraFrameFactoryPreview: [CAM(0)][Back_0]-(m_initPipes[1138]):BnsSize 4128x3096 BcropSize 4128x3096 BdsSize 2752x2064
12-31 15:19:32.231 713 2931 I ExynosCameraFrameFactoryPreview: [CAM(0)][Back_0]-(m_initPipes[1140]):DS Size 640x480 Format NV16 Buffer count 10
12-31 15:19:32.231 713 2931 I ExynosCameraFrameFactoryPreview: [CAM(0)][Back_0]-(m_initPipes[1142]):HwPictureSize(4128x3096)
12-31 15:19:32.231 713 2931 I ExynosCameraFrameFactoryPreview: [CAM(0)][Back_0]-(m_initPipes[1143]):MaxThumbnailSize(512x384)
12-31 15:19:32.231 713 2931 I ExynosCameraFrameFactoryPreview: [CAM(0)][Back_0]-(m_initPipes[1173]):YUV[0] Size 1920x1440 Format NM21 PixelSizeNum 0 Buffer count 32
12-31 15:19:32.231 713 2931 I ExynosCameraFrameFactoryPreview: [CAM(0)][Back_0]-(m_initPipes[1173]):YUV[1] Size 0x0 Format NV21 PixelSizeNum 0 Buffer count 1
12-31 15:19:32.231 713 2931 I ExynosCameraFrameFactoryPreview: [CAM(0)][Back_0]-(m_initPipes[1173]):YUV[2] Size 1920x1440 Format NV21 PixelSizeNum 0 Buffer count 32
12-31 15:19:32.231 713 2931 I ExynosCameraFrameFactoryPreview: [CAM(0)][Back_0]-(m_initPipes[1192]):Set framerate (denominator=30)
12-31 15:19:32.231 28370 28370 I CameraBroadcastReceiver: onReceive [android.intent.action.BATTERY_CHANGED]
12-31 15:19:32.231 713 2931 W ExynosCameraNode: [CAM(0)][FLITE]-(setFormat[750]):name(FLITE) fd 15, bytesperline(0) < width(32), height(64)
12-31 15:19:32.231 28370 28370 I CameraTemperatureMgr: onReceive [android.intent.action.BATTERY_CHANGED]
12-31 15:19:32.231 1087 1910 D SensorService: Calling batch handle==1 flags=0 rate=100000000 timeout== 0
12-31 15:19:32.231 707 732 E HYPER-HAL: [HandlerSysfs.cpp]doResourceHandling(): Couldn't Open Sysfs - /sys/power/cstate_control
12-31 15:19:32.231 713 2932 I SensorListener: enableSensor : numSensors=35/35, sen_list = 0xee0a33c0/0xee0a33c0
12-31 15:19:32.231 707 732 I HYPER-HAL: [ResourceManager.cpp]updateResource(): [CPUMinFreq] UpdateResource Request ID : 615517 Value : 1794000
12-31 15:19:32.231 1087 1174 D ActivityManagerPerformance: AMP_release() APP_SWITCH
12-31 15:19:32.231 713 2931 I ExynosCameraMCPipe: [CAM(0)][PIPE_3AA]-(setupPipe[241]):setupPipe() is succeed, Pipe(5), prepare(2)
12-31 15:19:32.231 707 732 I HYPER-HAL: [RequestManager.cpp]acquire(): Acquired ID : 616628 [1087 / 23] HINT : list :
12-31 15:19:32.231 1087 1174 D ActivityTaskManager: finishFixedRotationTransform, r=ActivityRecord{16760b5 u0 com.sec.android.app.camera/.Camera t277}, caller=com.android.server.wm.WindowToken.finishFixedRotationTransform:669 com.android.server.wm.DisplayContent$FixedRotationTransitionListener.onAppTransitionFinishedLocked:7222 com.android.server.wm.AppTransition.notifyAppTransitionFinishedLocked:553 com.android.server.wm.ActivityRecord.onAnimationFinished:7704 com.android.server.wm.WindowContainer.doAnimationFinished:2704
12-31 15:19:32.231 713 2931 W ExynosCameraNode: [CAM(0)][MCSC_DS]-(setFormat[750]):name(MCSC_DS) fd 148, bytesperline(0) < width(640), height(480)
12-31 15:19:32.232 713 2931 I ExynosCameraMCPipe: [CAM(0)][PIPE_ISP]-(setupPipe[241]):setupPipe() is succeed, Pipe(10), prepare(0)
12-31 15:19:32.232 713 2931 W ExynosCameraNode: [CAM(0)][PIPE_VRA]-(setFormat[750]):name(PIPE_VRA) fd 151, bytesperline(0) < width(640), height(480)
12-31 15:19:32.232 713 2931 I ExynosCameraPipe: [CAM(0)][PIPE_VRA]-(setupPipe[165]):setupPipe() is succeed (23) prepare (0)
12-31 15:19:32.232 713 2931 I ExynosCameraFrameFactory: [CAM(0)][Back_0]-(m_initFlitePipe[241]):
12-31 15:19:32.232 713 2931 I ExynosCameraFrameFactory: [CAM(0)][Back_0]-(m_initFlitePipe[254]):SensorSize(4128x3096)
12-31 15:19:32.232 713 2931 I ExynosCameraFrameFactory: [CAM(0)][Back_0]-(m_initFlitePipe[271]):BNS scale down ratio(1.0), size (4128x3096)
12-31 15:19:32.232 713 2931 I ExynosCameraParameters: [CAM(0)][Back_0]-(updateHwSensorSize[820]):curHwSensor size(4128x3096) newHwSensor size(4128x3096)
12-31 15:19:32.232 707 732 E HYPER-HAL: [Request.cpp]acquire(): Request:: id : 616628, No Resource to set, but wrong args existed
12-31 15:19:32.232 713 2931 I ExynosCameraFrameFactoryPreview: [CAM(0)][Back_0]-(mapBuffers[563]):Map buffer Success!
12-31 15:19:32.232 713 2931 I ExynosCameraSec: [CAM(0)][Back_0]-(m_initUniPP[33192]):IN
12-31 15:19:32.232 713 2931 I ExynosCameraSec: [CAM(0)][Back_0]-(m_initUniPP[33242]):OUT
12-31 15:19:32.232 707 732 E HYPER-HAL: [HandlerSysfs.cpp]doResourceHandling(): Couldn't Open Sysfs - /sys/power/cstate_control
12-31 15:19:32.232 707 732 I HYPER-HAL: [ResourceManager.cpp]removeResource(): [CPUMinFreq] RemoveResource Request ID : 631162
12-31 15:19:32.232 707 732 I HYPER-HAL: [RequestManager.cpp]releaseLocked(): Released ID : 631162
12-31 15:19:32.232 766 1472 I Layer : id=6393 removeFromCurrentState Surface(name=Task=277)/@0x40c8a23 - animation-leash#0 (68)
12-31 15:19:32.233 1087 1910 D SensorService: Calling batch handle==2 flags=0 rate=100000000 timeout== 0
12-31 15:19:32.233 766 1472 I SurfaceFlinger: id=6393 Removed Surface(name=Task=277)/@0x40c8a23 - animation-leash#0 (68)
12-31 15:19:32.233 713 1136 W ExynosCameraParameters: [CAM(0)][Back_0]-(getPreviewBayerCropSize[3685]):Invalid scaleRatio 1.000000x1.000000, cropRegion' 0,0 0x0.
12-31 15:19:32.233 713 1136 W ExynosCameraParameters: [CAM(0)][Back_0]-(getPreviewBayerCropSize[3685]):Invalid scaleRatio 1.000000x1.000000, cropRegion' 0,0 0x0.
12-31 15:19:32.233 713 1136 W ExynosCameraParameters: [CAM(0)][Back_0]-(getPreviewBayerCropSize[3685]):Invalid scaleRatio 1.000000x1.000000, cropRegion' 0,0 0x0.
12-31 15:19:32.233 702 702 I Sensors : batch(2) - gyro_sensor try to batching with 100000000
12-31 15:19:32.233 695 901 D gralloc : [mali_gralloc_allocate] begin
12-31 15:19:32.233 695 901 D gralloc : buffer_descriptor: wh(1920 1440) usage_pc(0x20006 0x20006) hal_format(0x23) layer_count(1) sizes(0 0 0) strde(0) byte_stride(0) alloc_wh(0 0) internal_format(0x0) alloc_format(0x0) fd_count(1) plane_count(0)
12-31 15:19:32.234 702 702 I Sensors : GyroSensor old sensor_state 641, new sensor_state : 643 en : 1
12-31 15:19:32.234 713 2931 E SensorListener: Sensor(2) is not enabled yet!
12-31 15:19:32.235 713 2931 E SensorListener: Sensor(2) is not enabled yet!
12-31 15:19:32.235 695 901 D gralloc : [mali_gralloc_allocate] allocation successful
12-31 15:19:32.235 713 2931 E SensorListener: Sensor(2) is not enabled yet!
12-31 15:19:32.235 713 2931 I ExynosCameraMCPipe: [CAM(0)][PIPE_ISP]-(start[296]):start() is succeed, Pipe(10)
12-31 15:19:32.235 713 2931 I ExynosCameraMCPipe: [CAM(0)][PIPE_3AA]-(start[296]):start() is succeed, Pipe(5)
12-31 15:19:32.237 713 2931 I ExynosCameraMCPipe: [CAM(0)][PIPE_3AA]-(prepare[268]):prepare() is succeed, Pipe(5), prepare(2/2)
12-31 15:19:32.237 713 2931 I ExynosCameraMCPipe: [CAM(0)][PIPE_3AA]-(sensorStream[446]):
12-31 15:19:32.238 695 901 D gralloc : [mali_gralloc_allocate] begin
12-31 15:19:32.238 695 901 D gralloc : buffer_descriptor: wh(1920 1440) usage_pc(0x20006 0x20006) hal_format(0x23) layer_count(1) sizes(0 0 0) strde(0) byte_stride(0) alloc_wh(0 0) internal_format(0x0) alloc_format(0x0) fd_count(1) plane_count(0)
12-31 15:19:32.238 702 702 I Sensors : enable:: gyro_sensor(2)
12-31 15:19:32.238 5618 5618 I AODBatteryManager: updateBatteryData: ACTION_BATTERY_CHANGED
12-31 15:19:32.238 713 2932 I SensorListener: enableSensor : numSensors=35/35, sen_list = 0xee0a33c0/0xee0a33c0
12-31 15:19:32.239 5618 5618 I AODBatteryManager: saveBatteryData : AOD BatteryData [mBatteryLevel=66, mBatteryStatus=CHARGING, mBatteryPlugType=USB, mBatteryPlugged=true, mRemainingChargeTime=43382000, mBatteryChargingType=1, mBatteryChargerType=NORMAL, mBatteryOnline=USB, mBatterySwellingMode=NONE, mBatteryProtectMode=false]
12-31 15:19:32.239 5618 5618 D KeyguardUpdateMonitor: handleBatteryUpdate
12-31 15:19:32.239 1087 1910 D SensorService: Calling batch handle==1600221811 flags=0 rate=100000000 timeout== 0
12-31 15:19:32.239 695 901 D gralloc : [mali_gralloc_allocate] allocation successful
12-31 15:19:32.239 1087 1910 D SensorService: [SO] handle [1600221811] setDelay [100000000]
12-31 15:19:32.239 1087 1910 D SensorService: [SO] activate (ident=0x789f080580, enabled=1)
12-31 15:19:32.239 5618 5618 D WallpaperService: reportVisibility onVisibilityChanged visible: false
12-31 15:19:32.239 5618 5772 I ImageWallpaper: onVisibilityChanged false , 0
12-31 15:19:32.241 708 708 I SehLight: lcd : 59+
12-31 15:19:32.241 766 766 I Layer : id=6392[1] Destroyed Surface(name=Task=1)/@0xef55fff - animation-leash#0
12-31 15:19:32.241 766 766 I Layer : id=6393[1] Destroyed Surface(name=Task=277)/@0x40c8a23 - animation-leash#0
12-31 15:19:32.241 708 708 I SehLight: lcd : 59-
12-31 15:19:32.242 695 901 D gralloc : [mali_gralloc_allocate] begin
12-31 15:19:32.242 695 901 D gralloc : buffer_descriptor: wh(1920 1440) usage_pc(0x20006 0x20006) hal_format(0x23) layer_count(1) sizes(0 0 0) strde(0) byte_stride(0) alloc_wh(0 0) internal_format(0x0) alloc_format(0x0) fd_count(1) plane_count(0)
12-31 15:19:32.243 766 1470 E BufferQueueProducer: [com.sec.android.app.launcher/com.sec.android.app.launcher.activities.LauncherActivity$_9202#0](id:2fe0000058c,api:0,p:-1,c:766) disconnect: not connected (req=1)
12-31 15:19:32.243 9202 9345 W libEGL : EGLNativeWindowType 0x78b0c42010 disconnect failed
12-31 15:19:32.243 1087 6886 V WindowManager: Relayout Window{3599617 u0 com.samsung.android.app.spage}: viewVisibility=8 req=0x1872 d0
12-31 15:19:32.244 695 901 D gralloc : [mali_gralloc_allocate] allocation successful
12-31 15:19:32.245 1087 6886 V WindowManager: Relayout hash=3599617, pid=22439: mAttrs={(0,0)(0xfill) sim={adjust=pan} ty=APPLICATION_PANEL fmt=RGBA_8888
12-31 15:19:32.245 1087 6886 V WindowManager: fl=1000018
12-31 15:19:32.245 1087 6886 V WindowManager: pfl=2000040
12-31 15:19:32.245 1087 6886 V WindowManager: fitTypes=STATUS_BARS NAVIGATION_BARS CAPTION_BAR IME naviIconColor=0}
12-31 15:19:32.246 766 766 D SurfaceFlinger: Display 0 HWC layers:
12-31 15:19:32.246 766 766 D SurfaceFlinger: SOLID_COLOR | | 0002 | Unknown | 0.0 0.0 0.0 0.0 | 0 160 1200 1760 | Background for -SurfaceView - com.se[...]ndroid.app.camera.Camera@93a27c1@0#0
12-31 15:19:32.246 766 766 D SurfaceFlinger: DEVICE | 0x7b5401d000 | 0000 | RGBA_8888 | 0.0 0.0 1200.0 1920.0 | 0 0 1200 1920 | com.sec.android.app.camera/com.sec.android.app.camera.Camera$_28370#0
12-31 15:19:32.246 766 766 D SurfaceFlinger: DEVICE | 0x7b5401f1c0 | 0000 | RGBA_8888 | 0.0 0.0 67.0 270.0 | 1133 360 1200 630 | com.samsung.android.app.cocktailbars[...]arservice.CocktailBarService$_9326#0
12-31 15:19:32.246 766 766 D SurfaceFlinger:
12-31 15:19:32.246 22439 22439 I SurfaceControl: assignNativeObject: nativeObject = 0 Surface(name=null)/@0xb21aaa8 / android.view.SurfaceControl.readFromParcel:1117 android.view.IWindowSession$Stub$Proxy.relayout:1810 android.view.ViewRootImpl.relayoutWindow:9130 android.view.ViewRootImpl.performTraversals:3420 android.view.ViewRootImpl.doTraversal:2669 android.view.ViewRootImpl$TraversalRunnable.run:10092 android.view.Choreographer$CallbackRecord.run:1010 android.view.Choreographer.doCallbacks:809 android.view.Choreographer.doFrame:744 android.view.Choreographer$FrameDisplayEventReceiver.run:995
12-31 15:19:32.246 1087 8160 V WindowManager: Relayout Window{3fb5849 u0 com.sec.android.app.launcher/com.sec.android.app.launcher.activities.LauncherActivity}: viewVisibility=8 req=1200x1920 d0
12-31 15:19:32.246 22439 22439 I SurfaceControl: assignNativeObject: nativeObject = 0 Surface(name=null)/@0x54509c1 / android.view.SurfaceControl.readFromParcel:1117 android.view.IWindowSession$Stub$Proxy.relayout:1820 android.view.ViewRootImpl.relayoutWindow:9130 android.view.ViewRootImpl.performTraversals:3420 android.view.ViewRootImpl.doTraversal:2669 android.view.ViewRootImpl$TraversalRunnable.run:10092 android.view.Choreographer$CallbackRecord.run:1010 android.view.Choreographer.doCallbacks:809 android.view.Choreographer.doFrame:744 android.view.Choreographer$FrameDisplayEventReceiver.run:995
12-31 15:19:32.247 22439 22439 I ViewRootImpl@47c528e[]: Relayout returned: old=(600,48,600,1920) new=(600,48,600,1920) req=(0,1872)8 dur=4 res=0x1 s={false 0} ch=false fn=-1
12-31 15:19:32.248 1087 8160 V WindowManager: Relayout hash=3fb5849, pid=9202: mAttrs={(0,0)(fillxfill) sim={adjust=nothing} layoutInDisplayCutoutMode=shortEdges ty=BASE_APPLICATION fmt=TRANSPARENT wanim=0x10302f2
12-31 15:19:32.248 1087 8160 V WindowManager: fl=81910102
12-31 15:19:32.248 1087 8160 V WindowManager: pfl=16020000
12-31 15:19:32.248 1087 8160 V WindowManager: vsysui=1700
12-31 15:19:32.248 1087 8160 V WindowManager: bhv=SHOW_TRANSIENT_BARS_BY_SWIPE
12-31 15:19:32.248 1087 8160 V WindowManager: fitSides= dimAmount=0.125 dimDuration=1 naviIconColor=0
12-31 15:19:32.248 1087 8160 V WindowManager: sfl=40}
12-31 15:19:32.249 9202 9202 I SurfaceControl: nativeRelease nativeObject s[518090475648]
12-31 15:19:32.249 9202 9202 I SurfaceControl: nativeRelease nativeObject e[518090475648]
12-31 15:19:32.249 9202 9202 I SurfaceControl: assignNativeObject: nativeObject = 0 Surface(name=null)/@0x1594063 / android.view.SurfaceControl.readFromParcel:1117 android.view.IWindowSession$Stub$Proxy.relayout:1810 android.view.ViewRootImpl.relayoutWindow:9130 android.view.ViewRootImpl.performTraversals:3420 android.view.ViewRootImpl.doTraversal:2669 android.view.ViewRootImpl$TraversalRunnable.run:10092 android.view.Choreographer$CallbackRecord.run:1010 android.view.Choreographer.doCallbacks:809 android.view.Choreographer.doFrame:744 android.view.Choreographer$FrameDisplayEventReceiver.run:995
12-31 15:19:32.249 9202 9202 I SurfaceControl: assignNativeObject: nativeObject = 0 Surface(name=null)/@0x85bb01d / android.view.SurfaceControl.readFromParcel:1117 android.view.IWindowSession$Stub$Proxy.relayout:1820 android.view.ViewRootImpl.relayoutWindow:9130 android.view.ViewRootImpl.performTraversals:3420 android.view.ViewRootImpl.doTraversal:2669 android.view.ViewRootImpl$TraversalRunnable.run:10092 android.view.Choreographer$CallbackRecord.run:1010 android.view.Choreographer.doCallbacks:809 android.view.Choreographer.doFrame:744 android.view.Choreographer$FrameDisplayEventReceiver.run:995
12-31 15:19:32.249 9202 9202 I ViewRootImpl@7c8c68a[LauncherActivity]: Relayout returned: old=(0,0,1200,1920) new=(0,0,1200,1920) req=(1200,1920)8 dur=3 res=0x5 s={false 0} ch=true fn=6
12-31 15:19:32.250 9202 9202 I ViewRootImpl@7c8c68a[LauncherActivity]: stopped(true) old=false
12-31 15:19:32.253 9202 9202 W LauncherAppWidgetHost: setListenIfResumed, mFlags = 4
12-31 15:19:32.253 1087 8160 I AppWidgetServiceImpl: stopListening callbacks : null
12-31 15:19:32.253 9202 9202 W Launcher.NotificationListener: removeNotificationsChangedListener
12-31 15:19:32.253 9202 9202 I BadgeCountUpdaterImpl: onNotificationsChangedDisConnected
12-31 15:19:32.253 9202 9202 I Launcher.NotificationListener: unregisterObserver, this is not notificationService!!
12-31 15:19:32.253 9202 9202 W PageOverlayMover: updateActivityLifecycleState : 4
12-31 15:19:32.253 22439 22462 I PageOverlayServiceImpl: [FROM HOME] updateActivityLifecycleState : 4
12-31 15:19:32.254 9202 9202 I LiveIconUpdateEventHandler: cancelMinuteChangeAlarm
12-31 15:19:32.254 1087 8160 D SamsungAlarmManager: Cancel Alarm calling from uid:10125 pid :9202 / OP:PendingIntent{57e62f8: PendingIntentRecord{4a736f5 com.sec.android.app.launcher broadcastIntent}}
12-31 15:19:32.254 1087 8160 I SamsungAlarmManager: setLocked to kernel - T:2 / 20211231T152100, set=824321399, now=824233082
12-31 15:19:32.255 1087 8160 I SamsungAlarmManager: setLocked to kernel - T:3 / 20211231T152000, set=824260828, now=824233083
12-31 15:19:32.255 9202 9202 I LiveIconUpdateEventHandler: cancelDateChangeAlarm
12-31 15:19:32.255 1087 8160 D SamsungAlarmManager: Cancel Alarm calling from uid:10125 pid :9202 / OP:PendingIntent{cc7e3d1: PendingIntentRecord{9ffdbfc com.sec.android.app.launcher broadcastIntent}}
12-31 15:19:32.256 1087 8160 I SamsungAlarmManager: setLocked to kernel - T:2 / 20211231T152100, set=824321399, now=824233084
12-31 15:19:32.256 1087 8160 I SamsungAlarmManager: setLocked to kernel - T:3 / 20211231T152000, set=824260828, now=824233084
12-31 15:19:32.256 9202 9202 I LiveIconUpdateEventHandler: unregisterReceiver
12-31 15:19:32.257 22439 22439 I PageOverlayCoordinator: onUiStopped
12-31 15:19:32.257 22439 22439 I PageOverlayRootLayout: onUiStopped
12-31 15:19:32.257 708 708 I SehLight: lcd : 62+
12-31 15:19:32.257 708 708 I SehLight: lcd : 62-
12-31 15:19:32.257 28370 28370 I QuickViewThumbnailLoader: onPostExecute : process bitmap complete
12-31 15:19:32.274 708 708 I SehLight: lcd : 65+
12-31 15:19:32.274 708 708 I SehLight: lcd : 65-
12-31 15:19:32.275 1087 6886 E WindowManager: win=Window{3fb5849 u0 com.sec.android.app.launcher/com.sec.android.app.launcher.activities.LauncherActivity} destroySurfaces: appStopped=true win.mWindowRemovalAllowed=false win.mRemoveOnExit=false win.mViewVisibility=8 caller=com.android.server.wm.ActivityRecord.destroySurfaces:5701 com.android.server.wm.ActivityRecord.destroySurfaces:5682 com.android.server.wm.ActivityRecord.notifyAppStopped:5741 com.android.server.wm.ActivityRecord.activityStopped:6444 com.android.server.wm.ActivityTaskManagerService.activityStopped:2621 android.app.IActivityTaskManager$Stub.onTransact:2295 android.os.Binder.execTransactInternal:1190
12-31 15:19:32.275 1087 6886 I WindowManager: Destroying surface Surface(name=com.sec.android.app.launcher/com.sec.android.app.launcher.activities.LauncherActivity$_9202)/@0xa0e1f46 called by com.android.server.wm.WindowStateAnimator.destroySurface:1804 com.android.server.wm.WindowStateAnimator.destroySurfaceLocked:771 com.android.server.wm.WindowState.destroySurfaceUnchecked:3980 com.android.server.wm.WindowState.destroySurface:3954 com.android.server.wm.ActivityRecord.destroySurfaces:5701 com.android.server.wm.ActivityRecord.destroySurfaces:5682 com.android.server.wm.ActivityRecord.notifyAppStopped:5741 com.android.server.wm.ActivityRecord.activityStopped:6444
12-31 15:19:32.275 1087 6886 I SurfaceControl: nativeRelease nativeObject s[517796950336]
12-31 15:19:32.275 1087 6886 I SurfaceControl: nativeRelease nativeObject e[517796950336]
12-31 15:19:32.275 766 1470 I Layer : id=6384 removeFromCurrentState com.sec.android.app.launcher/com.sec.android.app.launcher.activities.LauncherActivity$_9202#0 (66)
12-31 15:19:32.277 766 1470 I SurfaceFlinger: id=6384 Removed com.sec.android.app.launcher/com.sec.android.app.launcher.activities.LauncherActivity$_9202#0 (66)
12-31 15:19:32.278 1087 6886 I AppOps : updateUidProcState uid: 10217 procState: 5 capability:7
12-31 15:19:32.278 1087 6886 I ActivityManager: Changes in 10125 2 to 5, 7 to 0 Caller=com.android.server.am.OomAdjuster.updateOomAdjLockedInner:672 com.android.server.am.OomAdjuster.updateOomAdjLocked:416 com.android.server.am.ActivityManagerService.updateOomAdjLocked:21629 com.android.server.am.ActivityManagerService.trimApplicationsLocked:21900 com.android.server.am.ActivityManagerService.trimApplications:21850 com.android.server.am.ActivityManagerService$LocalService.trimApplications:22754 com.android.server.wm.ActivityTaskManagerService.activityStopped:2655
12-31 15:19:32.278 1087 1171 D SehCodecSolutionService: Update top [com.sec.android.app.camera]
12-31 15:19:32.290 766 766 I Layer : id=6384[1] Destroyed com.sec.android.app.launcher/com.sec.android.app.launcher.activities.LauncherActivity$_9202#0
12-31 15:19:32.290 708 708 I SehLight: lcd : 68+
12-31 15:19:32.291 708 708 I SehLight: lcd : 68-
12-31 15:19:32.306 708 708 I SehLight: lcd : 71+
12-31 15:19:32.307 708 708 I SehLight: lcd : 71-
12-31 15:19:32.316 713 2931 I ExynosCameraFrameFactoryPreviewSec: [CAM(0)][Back_0]-(startPipes[870]):Starting Success!
12-31 15:19:32.316 713 2931 E libexynosv4l2: failed to ioctl: VIDIOC_S_CTRL (22)
12-31 15:19:32.316 713 2931 E ExynosCameraNode: [CAM(0)][FLITE]-(m_setControl[1361]):exynos_v4l2_s_ctrl(fd:15) fail (-1) [id 10096666, value 0]
12-31 15:19:32.316 713 2931 E ExynosCameraNode: [CAM(0)][FLITE]-(setControl[583]):m_setControl fail
12-31 15:19:32.316 713 2931 E ExynosCameraMCPipe: [CAM(0)][PIPE_3AA]-(setControl[594]):m_node(FLITE)->setControl failed, ret(-38)
12-31 15:19:32.316 713 2931 E ExynosCameraQoSManager: [CAM(0)][]-(m_setQoSControl[131]):V4L2_CID_IS_DVFS_CLUSTER2 setControl fail ret(-38)
12-31 15:19:32.316 713 2931 I ExynosCameraFrameFactoryPreview: [CAM(0)][Back_0]-(startInitialThreads[581]):start pre-ordered initial pipe thread
12-31 15:19:32.316 713 2931 I ExynosCameraFrameFactoryBase: [CAM(0)][Back_0]-(startThread[231]):pipeId=5
12-31 15:19:32.316 713 2931 I ExynosCameraMCPipe: [CAM(0)][PIPE_3AA]-(startThread[383]):startThread is succeed, Pipe(5), standby(0)
12-31 15:19:32.316 713 2931 I ExynosCameraFrameFactoryBase: [CAM(0)][Back_0]-(startThread[231]):pipeId=10
12-31 15:19:32.317 713 2936 I ExynosCameraMCPipe: [CAM(0)][PIPE_3AA]-(m_putBuffer[1639]):Internal Frame(7), frameCount(3), (1)
12-31 15:19:32.317 713 2931 I ExynosCameraMCPipe: [CAM(0)][PIPE_ISP]-(startThread[383]):startThread is succeed, Pipe(10), standby(0)
12-31 15:19:32.317 713 2931 I ExynosCameraFrameFactoryBase: [CAM(0)][Back_0]-(startThread[231]):pipeId=23
12-31 15:19:32.317 713 2931 I ExynosCameraPipe: [CAM(0)][PIPE_VRA]-(startThread[319]):IN
12-31 15:19:32.317 713 2931 I ExynosCameraPipe: [CAM(0)][PIPE_VRA]-(startThread[328]):startThread is succeed Pipe(23)
12-31 15:19:32.317 713 2931 I ExynosCameraSec: [CAM(0)][Back_0]-(m_frameFactoryStartThreadFunc[882]):Threads run start
12-31 15:19:32.318 713 2941 W ExynosCameraParameters: [CAM(0)][Back_0]-(m_getReprocessing3aaIspOtf[5965]):Processed bayer must using 3AA-ISP M2M. but, Current mode(1)
12-31 15:19:32.318 713 2941 I ExynosCameraFrameReprocessingFactory: [CAM(0)][Back_0]-(initPipes[69]):
12-31 15:19:32.318 713 2941 I ExynosCameraFrameReprocessingFactory: [CAM(0)][Back_0]-(initPipes[173]):MaxPreviewSize(4128x3096), HwPreviewSize(0x0)
12-31 15:19:32.318 713 2941 I ExynosCameraFrameReprocessingFactory: [CAM(0)][Back_0]-(initPipes[175]):MaxPictureSize(4128x3096), HwPictureSize(4128x3096), MaxTetraPictureSize(0x0)
12-31 15:19:32.318 713 2941 I ExynosCameraFrameReprocessingFactory: [CAM(0)][Back_0]-(initPipes[176]):MaxThumbnailSize(512x384)
12-31 15:19:32.318 713 2941 I ExynosCameraFrameReprocessingFactory: [CAM(0)][Back_0]-(initPipes[177]):PreviewBayerCropSize(4128x3096)
12-31 15:19:32.318 713 2941 I ExynosCameraFrameReprocessingFactory: [CAM(0)][Back_0]-(initPipes[179]):DS Size 640x480 Format NV16 Buffer count 10
12-31 15:19:32.318 713 2941 I ExynosCameraFrameReprocessingFactory: [CAM(0)][Back_0]-(initPipes[212]):YUV_STALL[3] Size 0x0 Format NV21 PixelSizeNum 0
12-31 15:19:32.318 713 2941 I ExynosCameraFrameReprocessingFactory: [CAM(0)][Back_0]-(initPipes[212]):YUV_STALL[4] Size 4128x3096 Format NV21 PixelSizeNum 0
12-31 15:19:32.318 713 2941 I ExynosCameraFrameReprocessingFactory: [CAM(0)][Back_0]-(initPipes[212]):YUV_STALL[5] Size 1920x1440 Format NV21 PixelSizeNum 0
12-31 15:19:32.318 713 2941 I ExynosCameraMCPipe: [CAM(0)][PIPE_3AA_REPROCESSING]-(setupPipe[241]):setupPipe() is succeed, Pipe(202), prepare(0)
12-31 15:19:32.318 713 2941 I ExynosCameraMCPipe: [CAM(0)][PIPE_ISP_REPROCESSING]-(needSerialization[1270]):PIPE_ISP_REPROCESSING serialized operation enabled
12-31 15:19:32.318 713 2941 W ExynosCameraNode: [CAM(0)][REPROCESSING_ISP_CAPTURE_M2M]-(setFormat[750]):name(REPROCESSING_ISP_CAPTURE_M2M) fd 172, bytesperline(0) < width(4128), height(3096)
12-31 15:19:32.318 713 2931 I ExynosCameraSec: DEBUG:duration time( 89 msec):(m_frameFactoryStartThreadFunc)
12-31 15:19:32.318 713 2941 W ExynosCameraNode: [CAM(0)][REPROCESSING_MCSC_CAPTURE_YUV_1]-(setFormat[750]):name(REPROCESSING_MCSC_CAPTURE_YUV_1) fd 178, bytesperline(0) < width(4128), height(3096)
12-31 15:19:32.318 713 2941 W ExynosCameraNode: [CAM(0)][REPROCESSING_MCSC_CAPTURE_YUV_2]-(setFormat[750]):name(REPROCESSING_MCSC_CAPTURE_YUV_2) fd 179, bytesperline(0) < width(1920), height(1440)
12-31 15:19:32.318 713 2941 W ExynosCameraNode: [CAM(0)][REPROCESSING_MCSC_CAPTURE_MAIN]-(setFormat[750]):name(REPROCESSING_MCSC_CAPTURE_MAIN) fd 180, bytesperline(0) < width(4128), height(3096)
12-31 15:19:32.318 713 2941 W ExynosCameraNode: [CAM(0)][REPROCESSING_MCSC_CAPTURE_THUMBNAIL]-(setFormat[750]):name(REPROCESSING_MCSC_CAPTURE_THUMBNAIL) fd 181, bytesperline(0) < width(512), height(384)
12-31 15:19:32.318 713 2941 W ExynosCameraNode: [CAM(0)][MCSC_DS_REPROCESSING]-(setFormat[750]):name(MCSC_DS_REPROCESSING) fd 182, bytesperline(0) < width(640), height(480)
12-31 15:19:32.318 713 2941 I ExynosCameraMCPipe: [CAM(0)][PIPE_ISP_REPROCESSING]-(setupPipe[241]):setupPipe() is succeed, Pipe(207), prepare(0)
12-31 15:19:32.320 30776 32596 I PBSessionCacheImpl: Deleted sessionId[135355920364712639] from persistence.
12-31 15:19:32.323 30776 30848 W SearchServiceCore: Abort, client detached.
12-31 15:19:32.323 708 708 I SehLight: lcd : 74+
12-31 15:19:32.323 708 708 I SehLight: lcd : 74-
12-31 15:19:32.323 713 2941 W ExynosCameraNode: [CAM(0)][PIPE_VRA_REPROCESSING]-(setFormat[750]):name(PIPE_VRA_REPROCESSING) fd 185, bytesperline(0) < width(640), height(480)
12-31 15:19:32.323 713 2941 I ExynosCameraPipe: [CAM(0)][PIPE_VRA_REPROCESSING]-(setupPipe[165]):setupPipe() is succeed (219) prepare (0)
12-31 15:19:32.323 713 2941 I ExynosCameraFrameReprocessingFactory: [CAM(0)][Back_0]-(startPipes[842]):
12-31 15:19:32.324 713 2941 I ExynosCameraMCPipe: [CAM(0)][PIPE_ISP_REPROCESSING]-(start[296]):start() is succeed, Pipe(207)
12-31 15:19:32.324 713 2941 I ExynosCameraFrameReprocessingFactory: [CAM(0)][Back_0]-(startPipes[892]):Starting Reprocessing [SCC>ISP] Success!
12-31 15:19:32.324 713 2941 I ExynosCamera: DEBUG:duration time( 1 msec):(m_startReprocessingFrameFactory)
12-31 15:19:32.324 30776 30848 I MicroDetectionState: Should stop hotword detection immediately - true
12-31 15:19:32.340 708 708 I SehLight: lcd : 77+
12-31 15:19:32.340 708 708 I SehLight: lcd : 77-
12-31 15:19:32.347 713 2942 I ExynosCameraSec: [CAM(0)][Back_0]-(m_handlePreviewFrame[13042]):first frame(F1(7) T2) 3AA DONE
12-31 15:19:32.348 821 27757 I CameraService: updateProxyDeviceState: notifyCameraState for Camera ID 0, newState 1, facing 0, clientName com.sec.android.app.camera, apiLevel 2
12-31 15:19:32.348 1087 6886 I CameraService_proxy: updateActivityCount: addNonHighRefreshRatePackage for client(com.sec.android.app.camera)
12-31 15:19:32.348 5618 5654 I CameraManagerGlobal: Camera 0 facing CAMERA_FACING_BACK state now CAMERA_STATE_ACTIVE for client com.sec.android.app.camera API Level 2
12-31 15:19:32.348 28370 31667 I CameraManagerGlobal: Camera 0 facing CAMERA_FACING_BACK state now CAMERA_STATE_ACTIVE for client com.sec.android.app.camera API Level 2
12-31 15:19:32.348 6983 8195 I CameraManagerGlobal: Camera 0 facing CAMERA_FACING_BACK state now CAMERA_STATE_ACTIVE for client com.sec.android.app.camera API Level 2
12-31 15:19:32.348 6983 8195 I CameraManagerGlobal: onCameraDeviceStateChangedLocked: post device state update
12-31 15:19:32.348 1087 8160 I CameraManagerGlobal: Camera 0 facing CAMERA_FACING_BACK state now CAMERA_STATE_ACTIVE for client com.sec.android.app.camera API Level 2
12-31 15:19:32.348 6983 8195 I CameraManagerGlobal: onCameraDeviceStateChangedLocked: post device state update
12-31 15:19:32.349 28370 2868 I AeAfManagerImpl: onAeInfoChanged : aeMode=ON(1) aeState=SEARCHING(1)
12-31 15:19:32.350 766 766 D RefreshRateConfigs: primary refresh rates: 1200_60fps
12-31 15:19:32.350 766 766 D RefreshRateConfigs: app request refresh rates: 1200_60fps
12-31 15:19:32.350 766 766 D SurfaceFlinger: Setting desired display config specs: defaultConfig: 0 primaryRange: [60 60] expandedRange: [60 60]
12-31 15:19:32.350 766 766 D Scheduler: onPrimaryDisplayConfigChanged to 0
12-31 15:19:32.356 708 708 I SehLight: lcd : 80+
12-31 15:19:32.356 708 708 I SehLight: lcd : 80-
12-31 15:19:32.356 28370 28370 I CameraPerformance: Update - QuickViewThumbnail : End[1640960372356]
12-31 15:19:32.368 713 2943 I ExynosCameraSec: [CAM(0)][Back_0]-(m_handlePreviewFrame[13126]):first frame(F1(7)), type(2) ISP DONE
12-31 15:19:32.368 713 2943 I ExynosCameraSec: [CAM(0)][Back_0]-(m_handlePreviewFrame[13318]):============= First Preview time ==================
12-31 15:19:32.368 713 2943 I ExynosCameraSec: [CAM(0)][Back_0]-(m_handlePreviewFrame[13319]):= configureStream ~ first frame : 411 msec
12-31 15:19:32.368 713 2943 I ExynosCameraSec: [CAM(0)][Back_0]-(m_handlePreviewFrame[13320]):===================================================
12-31 15:19:32.368 713 2943 E ExynosCamera: [CAM(0)][Back_0]-(m_sendNotifyError[2840]):[R0 F1] RESULT ERROR
12-31 15:19:32.369 713 2929 W ExynosCameraRequestManager: [CAM(0)][]-(m_callbackOpsNotify[2952]):msg frame(0) type(1) errorCode(3)
12-31 15:19:32.369 821 27757 E CameraDeviceClient: notifyError: pid=28370, errorCode=4, errorStreamId=0, frameNumber=0
12-31 15:19:32.369 821 27757 E CameraDeviceClient: notifyError: pid=28370, skipClientNotification=false
