12-31 15:19:26.799 1087 1381 I InputDispatcher: Delivering touch to (30468): action: 0x1, f=0x0, d=0, '256846a', t=1
12-31 15:19:26.800 1087 1087 D SemGameManager: getGMSBinder(), begin
12-31 15:19:26.800 30468 30468 I ViewRootImpl@962c832[QtActivity]: ViewPostIme pointer 1
12-31 15:19:26.801 1087 1087 D SemGameManager: getGMSBinder(), successful: true
12-31 15:19:26.801 1087 1087 D GameManagerService: identifyGamePackage. org.qtproject.example.minimal_map, mCurrentUserId: 0, callerUserId: 0
12-31 15:19:26.801 1087 1087 D PkgDataHelper: getGamePkgData(). org.qtproject.example.minimal_map
12-31 15:19:26.801 1087 1087 I SemDvfsHyPerManager: acquire hyper - GESTURE_DETECTED/1087@33, type = -999
12-31 15:19:26.801 1087 1087 D SemGameManager: getGMSBinder(), begin
12-31 15:19:26.802 707 732 I HYPER-HAL: [RequestManager.cpp]acquire(): Acquired ID : 627793 [1087 / 33] HINT : GESTURE_DETECTED list : [TIMEOUT / 2474]
12-31 15:19:26.802 707 732 I HYPER-HAL: [ResourceManager.cpp]updateResource(): [CPUMinFreq] UpdateResource Request ID : 627793 Value : 858000
12-31 15:19:26.802 1087 1087 D SemGameManager: getGMSBinder(), successful: true
12-31 15:19:26.802 1087 1087 D GameManagerService: identifyGamePackage. org.qtproject.example.minimal_map, mCurrentUserId: 0, callerUserId: 0
12-31 15:19:26.802 1087 1087 D PkgDataHelper: getGamePkgData(). org.qtproject.example.minimal_map
12-31 15:19:26.802 1087 1087 I SemDvfsHyPerManager: acquire hyper - GESTURE_DETECTED/1087@33, type = -999
12-31 15:19:26.802 707 732 I HYPER-HAL: [RequestManager.cpp]acquire(): Acquired ID : 627793 [1087 / 33] HINT : GESTURE_DETECTED list : [TIMEOUT / 2474]
12-31 15:19:26.802 707 732 I HYPER-HAL: [ResourceManager.cpp]updateResource(): [CPUMinFreq] UpdateResource Request ID : 627793 Value : 858000
12-31 15:19:26.872 679 779 E Netd : getNetworkForDns: getNetId from enterpriseCtrl is netid 0
12-31 15:19:26.878 679 779 E Netd : getNetworkForDns: getNetId from enterpriseCtrl is netid 0
12-31 15:19:26.879 679 779 E Netd : getNetworkForDns: getNetId from enterpriseCtrl is netid 0
12-31 15:19:26.927 679 779 E Netd : getNetworkForDns: getNetId from enterpriseCtrl is netid 0
12-31 15:19:26.967 679 779 E Netd : getNetworkForDns: getNetId from enterpriseCtrl is netid 0
12-31 15:19:26.980 679 779 E Netd : getNetworkForDns: getNetId from enterpriseCtrl is netid 0
12-31 15:19:27.072 1087 1382 D InputReader: Btn_touch(7): value=1 when=74881.247866
12-31 15:19:27.072 1087 1382 I InputReader: Touch event's action is 0x0 (id=5, t=0) [pCnt=1, s=0.8739 ] when=74881.247866
12-31 15:19:27.072 1087 1381 I InputDispatcher: Delivering touch to (30468): action: 0x0, f=0x0, d=0, '256846a', t=1
12-31 15:19:27.072 30468 30468 I ViewRootImpl@962c832[QtActivity]: ViewPostIme pointer 0
12-31 15:19:27.093 766 766 I SurfaceFlinger: SFWD update time=74881268913015
12-31 15:19:27.146 1087 1382 D InputReader: Btn_touch(7): value=0 when=74881.322173
12-31 15:19:27.146 1087 1382 I InputReader: Touch event's action is 0x1 (id=5, t=0) [pCnt=1, s=] when=74881.322173
12-31 15:19:27.146 1087 1381 I InputDispatcher: Delivering touch to (30468): action: 0x1, f=0x0, d=0, '256846a', t=1
12-31 15:19:27.147 30468 30468 I ViewRootImpl@962c832[QtActivity]: ViewPostIme pointer 1
12-31 15:19:27.147 1087 1087 D SemGameManager: getGMSBinder(), begin
12-31 15:19:27.147 1087 1087 D SemGameManager: getGMSBinder(), successful: true
12-31 15:19:27.147 1087 1087 D GameManagerService: identifyGamePackage. org.qtproject.example.minimal_map, mCurrentUserId: 0, callerUserId: 0
12-31 15:19:27.147 1087 1087 D PkgDataHelper: getGamePkgData(). org.qtproject.example.minimal_map
12-31 15:19:27.147 1087 1087 I SemDvfsHyPerManager: acquire hyper - GESTURE_DETECTED/1087@33, type = -999
12-31 15:19:27.148 1087 1087 D SemGameManager: getGMSBinder(), begin
12-31 15:19:27.148 707 732 I HYPER-HAL: [RequestManager.cpp]acquire(): Acquired ID : 627793 [1087 / 33] HINT : GESTURE_DETECTED list : [TIMEOUT / 2191]
12-31 15:19:27.148 707 732 I HYPER-HAL: [ResourceManager.cpp]updateResource(): [CPUMinFreq] UpdateResource Request ID : 627793 Value : 858000
12-31 15:19:27.148 1087 1087 D SemGameManager: getGMSBinder(), successful: true
12-31 15:19:27.148 1087 1087 D GameManagerService: identifyGamePackage. org.qtproject.example.minimal_map, mCurrentUserId: 0, callerUserId: 0
12-31 15:19:27.148 1087 1087 D PkgDataHelper: getGamePkgData(). org.qtproject.example.minimal_map
12-31 15:19:27.148 1087 1087 I SemDvfsHyPerManager: acquire hyper - GESTURE_DETECTED/1087@33, type = -999
12-31 15:19:27.148 707 732 I HYPER-HAL: [RequestManager.cpp]acquire(): Acquired ID : 627793 [1087 / 33] HINT : GESTURE_DETECTED list : [TIMEOUT / 2191]
12-31 15:19:27.148 707 732 I HYPER-HAL: [ResourceManager.cpp]updateResource(): [CPUMinFreq] UpdateResource Request ID : 627793 Value : 858000
12-31 15:19:27.182 679 779 E Netd : getNetworkForDns: getNetId from enterpriseCtrl is netid 0
12-31 15:19:27.183 679 779 E Netd : getNetworkForDns: getNetId from enterpriseCtrl is netid 0
12-31 15:19:27.184 679 779 E Netd : getNetworkForDns: getNetId from enterpriseCtrl is netid 0
12-31 15:19:27.185 679 779 E Netd : getNetworkForDns: getNetId from enterpriseCtrl is netid 0
12-31 15:19:27.236 679 779 E Netd : getNetworkForDns: getNetId from enterpriseCtrl is netid 0
12-31 15:19:27.237 679 779 E Netd : getNetworkForDns: getNetId from enterpriseCtrl is netid 0
12-31 15:19:27.239 679 779 E Netd : getNetworkForDns: getNetId from enterpriseCtrl is netid 0
12-31 15:19:27.240 679 779 E Netd : getNetworkForDns: getNetId from enterpriseCtrl is netid 0
12-31 15:19:27.460 1087 1382 D InputReader: Btn_touch(7): value=1 when=74881.636277
12-31 15:19:27.460 1087 1382 I InputReader: Touch event's action is 0x0 (id=5, t=0) [pCnt=1, s=0.8740 ] when=74881.636277
12-31 15:19:27.461 1087 1381 I InputDispatcher: Delivering touch to (30468): action: 0x0, f=0x0, d=0, '256846a', t=1
12-31 15:19:27.461 30468 30468 I ViewRootImpl@962c832[QtActivity]: ViewPostIme pointer 0
12-31 15:19:27.576 1087 1382 D InputReader: Btn_touch(7): value=0 when=74881.751889
12-31 15:19:27.576 1087 1382 I InputReader: Touch event's action is 0x1 (id=5, t=0) [pCnt=1, s=] when=74881.751889
12-31 15:19:27.576 1087 1381 I InputDispatcher: Delivering touch to (30468): action: 0x1, f=0x0, d=0, '256846a', t=1
12-31 15:19:27.576 30468 30468 I ViewRootImpl@962c832[QtActivity]: ViewPostIme pointer 1
12-31 15:19:27.577 1087 1087 D SemGameManager: getGMSBinder(), begin
12-31 15:19:27.577 1087 1087 D SemGameManager: getGMSBinder(), successful: true
12-31 15:19:27.577 1087 1087 D GameManagerService: identifyGamePackage. org.qtproject.example.minimal_map, mCurrentUserId: 0, callerUserId: 0
12-31 15:19:27.577 1087 1087 D PkgDataHelper: getGamePkgData(). org.qtproject.example.minimal_map
12-31 15:19:27.577 1087 1087 I SemDvfsHyPerManager: acquire hyper - GESTURE_DETECTED/1087@33, type = -999
12-31 15:19:27.577 1087 1087 D SemGameManager: getGMSBinder(), begin
12-31 15:19:27.577 707 732 I HYPER-HAL: [RequestManager.cpp]acquire(): Acquired ID : 627793 [1087 / 33] HINT : GESTURE_DETECTED list : [TIMEOUT / 1622]
12-31 15:19:27.577 707 732 I HYPER-HAL: [ResourceManager.cpp]updateResource(): [CPUMinFreq] UpdateResource Request ID : 627793 Value : 858000
12-31 15:19:27.578 1087 1087 D SemGameManager: getGMSBinder(), successful: true
12-31 15:19:27.578 1087 1087 D GameManagerService: identifyGamePackage. org.qtproject.example.minimal_map, mCurrentUserId: 0, callerUserId: 0
12-31 15:19:27.578 1087 1087 D PkgDataHelper: getGamePkgData(). org.qtproject.example.minimal_map
12-31 15:19:27.578 1087 1087 I SemDvfsHyPerManager: acquire hyper - GESTURE_DETECTED/1087@33, type = -999
12-31 15:19:27.578 707 732 I HYPER-HAL: [RequestManager.cpp]acquire(): Acquired ID : 627793 [1087 / 33] HINT : GESTURE_DETECTED list : [TIMEOUT / 1622]
12-31 15:19:27.578 707 732 I HYPER-HAL: [ResourceManager.cpp]updateResource(): [CPUMinFreq] UpdateResource Request ID : 627793 Value : 858000
12-31 15:19:27.585 6983 7008 I FASProvider: makeValuesForFasUpdate contentValues = package_name=com.google.android.apps.tachyon uid=10226 level=1 resetTime=1640960367583
12-31 15:19:27.906 1087 1382 D InputReader: Btn_touch(7): value=1 when=74882.082412
12-31 15:19:27.906 1087 1382 I InputReader: Touch event's action is 0x0 (id=5, t=0) [pCnt=1, s=0.8741 ] when=74882.082412
12-31 15:19:27.907 1087 1381 I InputDispatcher: Delivering touch to (30468): action: 0x0, f=0x0, d=0, '256846a', t=1
12-31 15:19:27.907 30468 30468 I ViewRootImpl@962c832[QtActivity]: ViewPostIme pointer 0
12-31 15:19:28.095 6056 6056 D ServiceStateProvider: subId=-1
12-31 15:19:28.095 5618 5618 D KeyguardUpdateMonitor: received broadcast android.intent.action.SERVICE_STATE
12-31 15:19:28.097 5618 5688 D NetworkController.SecMobileSignalController(0/2147483647): onServiceStateChanged voiceState=1 dataState=1
12-31 15:19:28.097 5618 5688 D CscParser: OMC path : /optics/configs/carriers/single/NEE/conf/customer.xml
12-31 15:19:28.097 5618 5688 I CscParser: getCustomerPath : omc customer file can read
12-31 15:19:28.097 5618 5688 E CscParser: update(): xml file exist
12-31 15:19:28.097 5618 5618 V KeyguardUpdateMonitor: action android.intent.action.SERVICE_STATE serviceState={mVoiceRegState=1(OUT_OF_SERVICE), mDataRegState=1(OUT_OF_SERVICE), mChannelNumber=2147483647, duplexMode()=0, mCellBandwidths=[], isManualNetworkSelection=false(automatic), getRilVoiceRadioTechnology=16(GSM), getRilDataRadioTechnology=0(Unknown), mCssIndicator=unsupported, mCdmaRoamingIndicator=-1, mCdmaDefaultRoamingIndicator=-1, VoiceRegType=0, ImsVoiceAvail=1, Snap=0, MobileVoice=OUT_OF_SERVICE, MobileData=OUT_OF_SERVICE, MobileDataRoamingType=home, MobileDataRat=Unknown, PsOnly=false, FemtocellInd=0, SprDisplayRoam=false, NrBearerStatus=0, 5gStatus=0, mIsEmergencyOnly=true, isUsingCarrierAggregation=false, mLteEarfcnRsrpBoost=0, mNetworkRegistrationInfos=[NetworkRegistrationInfo{ domain=CS transportType=WWAN registrationState=DENIED roamingType=NOT_ROAMING accessNetworkTechnology=GSM rejectCause=0 emergencyEnabled=true availableServices=[EMERGENCY] cellIdentity=CellIdentityGsm:{ mLac=54403 mCid=7182 mArfcn=2147483647 mBsic=0x7fffffff mMcc=260 mMnc=03 mAlphaLong=Orange mAlphaShort=Orange mAdditionalPlmns={}} voiceSpecificInfo=VoiceSpecificRegistrationInfo { mCssSupported=false mRoamingIndicator=0 mSystemIsInPrl=0 mDefaultRoamingIndicator=0} dataSpecificInfo=null nrState=NONE rRplmn=26003}, NetworkRegistrationInfo{ domain=PS transportType=WWAN registrationState=NOT_REG_OR_SEARCHING roamingType=NOT_ROAMING accessNetworkTechnology=UNKNOWN rejectCause=0 emergencyEnabled=false availableServices=[] cellIdentity=CellIdentityGsm:{ mLac=54403 mCid=7182 mArfcn=2147483647 mBsic=0x7fffffff mMcc=260 mMnc=03 mAlphaLong=Orange mAlphaShort=Orange mAdditionalPlmns={}} voiceSpecificInfo=null dataSpecificInfo=android.telephony.DataSpecificRegistrationInfo :{ maxDataCalls = 4 isDcNrRestricted = false isNrAvailable = false isEnDcAvailable = false LteVopsSupportInfo : mVopsSupport = 1 mEmcBearerSupport = 1 mIsUsingCarrierAggregation = false } nrState=NONE rRplmn=26003}], mNrFrequencyRange=0, mIsDataRoamingFromRegistration=false, mIsIwlanPreferred=false} subId=-1 slotId=0
12-31 15:19:28.098 5618 5618 D KeyguardUpdateMonitor: handleServiceStateChange(subId=-1, slotId=0, serviceState={mVoiceRegState=1(OUT_OF_SERVICE), mDataRegState=1(OUT_OF_SERVICE), mChannelNumber=2147483647, duplexMode()=0, mCellBandwidths=[], isManualNetworkSelection=false(automatic), getRilVoiceRadioTechnology=16(GSM), getRilDataRadioTechnology=0(Unknown), mCssIndicator=unsupported, mCdmaRoamingIndicator=-1, mCdmaDefaultRoamingIndicator=-1, VoiceRegType=0, ImsVoiceAvail=1, Snap=0, MobileVoice=OUT_OF_SERVICE, MobileData=OUT_OF_SERVICE, MobileDataRoamingType=home, MobileDataRat=Unknown, PsOnly=false, FemtocellInd=0, SprDisplayRoam=false, NrBearerStatus=0, 5gStatus=0, mIsEmergencyOnly=true, isUsingCarrierAggregation=false, mLteEarfcnRsrpBoost=0, mNetworkRegistrationInfos=[NetworkRegistrationInfo{ domain=CS transportType=WWAN registrationState=DENIED roamingType=NOT_ROAMING accessNetworkTechnology=GSM rejectCause=0 emergencyEnabled=true availableServices=[EMERGENCY] cellIdentity=CellIdentityGsm:{ mLac=54403 mCid=7182 mArfcn=2147483647 mBsic=0x7fffffff mMcc=260 mMnc=03 mAlphaLong=Orange mAlphaShort=Orange mAdditionalPlmns={}} voiceSpecificInfo=VoiceSpecificRegistrationInfo { mCssSupported=false mRoamingIndicator=0 mSystemIsInPrl=0 mDefaultRoamingIndicator=0} dataSpecificInfo=null nrState=NONE rRplmn=26003}, NetworkRegistrationInfo{ domain=PS transportType=WWAN registrationState=NOT_REG_OR_SEARCHING roamingType=NOT_ROAMING accessNetworkTechnology=UNKNOWN rejectCause=0 emergencyEnabled=false availableServices=[] cellIdentity=CellIdentityGsm:{ mLac=54403 mCid=7182 mArfcn=2147483647 mBsic=0x7fffffff mMcc=260 mMnc=03 mAlphaLong=Orange mAlphaShort=Orange mAdditionalPlmns={}} voiceSpecificInfo=null dataSpecificInfo=android.telephony.DataSpecificRegistrationInfo :{ maxDataCalls = 4 isDcNrRestricted = false isNrAvailable = false isEnDcAvailable = false LteVopsSupportInfo : mVopsSupport = 1 mEmcBearerSupport = 1 mIsUsingCarrierAggregation = false } nrState=NONE rRplmn=26003}], mNrFrequencyRange=0, mIsDataRoamingFromRegistration=false, mIsIwlanPreferred=false}
12-31 15:19:28.098 5618 5618 W KeyguardUpdateMonitor: invalid subId in handleServiceStateChange()
12-31 15:19:28.103 6056 6056 V PhoneGlobals: handleServiceStateChanged
12-31 15:19:28.103 6056 6056 D NotificationMgr: updateNetworkSelection, Use Samsung codes instead of AOSP codes
12-31 15:19:28.103 6056 6056 V PhoneGlobals: subId=-1,mDefaultDataSubId=-1,ss roaming=false
12-31 15:19:28.103 6056 6056 V PhoneGlobals: updateDataRoamingStatus
12-31 15:19:28.103 6056 6056 W PhoneGlobals: Can't get phone with sub id = -1
12-31 15:19:28.104 2134 2134 D CellBroadcastReceiver: onReceive Intent { act=android.intent.action.SERVICE_STATE flg=0x1000010 cmp=com.google.android.cellbroadcastreceiver/com.android.cellbroadcastreceiver.CellBroadcastReceiver (has extras) }
12-31 15:19:28.110 2158 2158 I [IPSA-E] ServiceStateChangedReceiver: onReceive
12-31 15:19:28.111 5618 5688 D NetworkController: sendPanelCarrierLabel() carrierText:Emergency calls only, slotId:0, mNumberOfActiveSim:0, airplane:false, activeSimCount:0, mCarrierTextBySimSlot[0]:Emergency calls only
12-31 15:19:28.111 5618 5688 D KeyguardUpdateMonitor: updateCarrierTextInfo
12-31 15:19:28.111 5618 5688 D NetworkController.SecMobileSignalController(0/2147483647): Display signal bar by emergency only[true][true]
12-31 15:19:28.111 5618 5618 D KeyguardBottomAreaShortcutView: mIndicationArea margin start : 164, end : 164, bottom : 164
12-31 15:19:28.112 5618 5688 D MobileSignalIconsSelector: getDataIconGroup(): 0
12-31 15:19:28.112 5618 5618 D CarrierTextController: onRefreshCarrierInfo(), mTelephonyCapable: true
12-31 15:19:28.112 5618 5618 D CarrierTextController: updateCarrierText(): 0
12-31 15:19:28.112 5618 5618 D CarrierTextController: plmn Of NetworkController Impl : Emergency calls only
12-31 15:19:28.113 5618 5618 D CarrierTextController: setText : No SIM | Emergency calls only
12-31 15:19:28.113 5618 5618 D FaceWidgetPagesController: onRefreshCarrierInfo()
12-31 15:19:28.113 2158 2158 I [IPSA-E] EmergencySharedPref: getEmergencyAlertEnabled: true
12-31 15:19:28.114 5618 5618 D FaceWidgetClockRoamManager: isNetworkRoamingState id=-1
12-31 15:19:28.114 5618 5618 D FaceWidgetClockRoamManager: isNetworkRoamingState false
12-31 15:19:28.114 5618 5618 D FaceWidgetClockRoamManager: onRefreshCarrierInfo(pre, now): false, false
12-31 15:19:28.115 2158 2562 I [IPSA-C] IpsUtilityFunction: getMcc : 0
12-31 15:19:28.115 2158 2562 I [IPSA-E] EmergencyService: isCountryChanged : currentMcc=0, return
12-31 15:19:28.115 2158 2562 I [IPSA-E] EmergencyService: isCountryChangeTimeRemained: lastCountryChangeTime=0, activeDuration=10800000, now=1640960368115result=false
12-31 15:19:28.116 2158 2562 I [IPSA-E] EmergencyService: countryCheck - done
12-31 15:19:28.229 1087 1381 D PowerManagerService: [api] userActivityFromNative : 670 (event: 2 flags: 0) eventTime = 74882404
12-31 15:19:28.353 679 779 E Netd : getNetworkForDns: getNetId from enterpriseCtrl is netid 0
12-31 15:19:28.422 679 779 E Netd : getNetworkForDns: getNetId from enterpriseCtrl is netid 0
12-31 15:19:28.622 679 779 E Netd : getNetworkForDns: getNetId from enterpriseCtrl is netid 0
12-31 15:19:28.687 679 779 E Netd : getNetworkForDns: getNetId from enterpriseCtrl is netid 0
12-31 15:19:28.719 679 779 E Netd : getNetworkForDns: getNetId from enterpriseCtrl is netid 0
12-31 15:19:28.849 679 779 E Netd : getNetworkForDns: getNetId from enterpriseCtrl is netid 0
12-31 15:19:29.065 1087 1341 D SensorService: [SO] 0.184 4.276 12.036
12-31 15:19:29.097 30468 2701 F libc : Fatal signal 11 (SIGSEGV), code 1 (SEGV_MAPERR), fault addr 0x6cec425c in tid 2701 (QtThread), pid 30468 (ple.minimal_map)
12-31 15:19:29.187 2809 2809 I crash_dump32: obtaining output fd from tombstoned, type: kDebuggerdTombstone
12-31 15:19:29.192 659 659 I tombstoned: received crash request for pid 2701
12-31 15:19:29.194 2809 2809 I crash_dump32: performing dump of process 30468 (target tid = 2701)
12-31 15:19:29.200 707 2805 I HYPER-HAL: [ResourceManager.cpp]removeResource(): [CPUMinFreq] RemoveResource Request ID : 627793
12-31 15:19:29.200 707 2805 I HYPER-HAL: [RequestManager.cpp]releaseLocked(): Released ID : 627793
12-31 15:19:29.209 2809 2809 F DEBUG : *** *** *** *** *** *** *** *** *** *** *** *** *** *** *** ***
12-31 15:19:29.209 2809 2809 F DEBUG : Build fingerprint: 'samsung/gtactive3eea/gtactive3:11/RP1A.200720.012/T575XXU3BUL2:user/release-keys'
12-31 15:19:29.209 2809 2809 F DEBUG : Revision: '4'
12-31 15:19:29.209 2809 2809 F DEBUG : ABI: 'arm'
12-31 15:19:29.209 2809 2809 F DEBUG : Processor: '6'
12-31 15:19:29.210 2809 2809 F DEBUG : Timestamp: 2021-12-31 15:19:29+0100
12-31 15:19:29.210 2809 2809 F DEBUG : pid: 30468, tid: 2701, name: QtThread >>> org.qtproject.example.minimal_map <<<
12-31 15:19:29.210 2809 2809 F DEBUG : uid: 10105
12-31 15:19:29.210 2809 2809 F DEBUG : signal 11 (SIGSEGV), code 1 (SEGV_MAPERR), fault addr 0x6cec425c
12-31 15:19:29.210 2809 2809 F DEBUG : r0 00000001 r1 00000001 r2 00000001 r3 00000000
12-31 15:19:29.210 2809 2809 F DEBUG : r4 b6e51000 r5 00000001 r6 b6e513f0 r7 b7984100
12-31 15:19:29.210 2809 2809 F DEBUG : r8 6cec425c r9 00000000 r10 b6ab5500 r11 00000000
12-31 15:19:29.210 2809 2809 F DEBUG : ip 00000001 sp b79840a8 lr caf07ed3 pc caf08152
12-31 15:19:29.215 2809 2809 F DEBUG : backtrace:
12-31 15:19:29.215 2809 2809 F DEBUG : #00 pc 005a2152 /vendor/lib/egl/libGLES_mali.so (BuildId: 5e525382ca012e587aec9d4f6faba38b)
12-31 15:19:29.216 2809 2809 F DEBUG : #01 pc 005a3473 /vendor/lib/egl/libGLES_mali.so (BuildId: 5e525382ca012e587aec9d4f6faba38b)
12-31 15:19:29.216 2809 2809 F DEBUG : #02 pc 00572e47 /vendor/lib/egl/libGLES_mali.so (BuildId: 5e525382ca012e587aec9d4f6faba38b)
12-31 15:19:29.216 2809 2809 F DEBUG : #03 pc 0059d7e1 /vendor/lib/egl/libGLES_mali.so (BuildId: 5e525382ca012e587aec9d4f6faba38b)
12-31 15:19:29.216 2809 2809 F DEBUG : #04 pc 0059bedd /vendor/lib/egl/libGLES_mali.so (BuildId: 5e525382ca012e587aec9d4f6faba38b)
12-31 15:19:29.216 2809 2809 F DEBUG : #05 pc 005670f3 /vendor/lib/egl/libGLES_mali.so (glBindTexture+24) (BuildId: 5e525382ca012e587aec9d4f6faba38b)
12-31 15:19:29.216 2809 2809 F DEBUG : #06 pc 0051b8c8 /data/app/~~uWueXajbOO33PXpRkgS6uQ==/org.qtproject.example.minimal_map-f69qhuybNHpeo0vRFbWatQ==/lib/arm/libQt5Gui_armeabi-v7a.so (BuildId: 075be111ef2c009e3dcf2c54ed7013cfa4dce06b)
12-31 15:19:29.303 1087 1381 D PowerManagerService: [api] userActivityFromNative : 680 (event: 2 flags: 0) eventTime = 74883478
12-31 15:19:29.412 1087 1087 D ServiceManager: ServiceManager Stats TOP 3 : (phone, 39), (sdhms, 39), (gamemanager, 18)
12-31 15:19:29.873 1087 1382 D InputReader: Btn_touch(7): value=0 when=74884.048936
12-31 15:19:29.873 1087 1382 I InputReader: Touch event's action is 0x1 (id=5, t=0) [pCnt=1, s=] when=74884.048936
12-31 15:19:29.873 1087 1381 I InputDispatcher: Delivering touch to (30468): action: 0x1, f=0x0, d=0, '256846a', t=1
12-31 15:19:29.874 5618 5688 D NetworkController.SecMobileSignalController(0/2147483647): onSignalStrengthsChanged level=4
12-31 15:19:29.874 5618 5688 D NetworkController.SecMobileSignalController(0/2147483647): Display signal bar by emergency only[true][true]
12-31 15:19:29.874 30468 30468 I ViewRootImpl@962c832[QtActivity]: ViewPostIme pointer 1
12-31 15:19:29.874 5618 5688 D MobileSignalIconsSelector: getDataIconGroup(): 0
12-31 15:19:29.874 1087 1087 D SemGameManager: getGMSBinder(), begin
12-31 15:19:29.875 1087 1087 D SemGameManager: getGMSBinder(), successful: true
12-31 15:19:29.875 1087 1087 D GameManagerService: identifyGamePackage. org.qtproject.example.minimal_map, mCurrentUserId: 0, callerUserId: 0
12-31 15:19:29.875 1087 1087 D PkgDataHelper: getGamePkgData(). org.qtproject.example.minimal_map
12-31 15:19:29.875 1087 1087 I SemDvfsHyPerManager: acquire hyper - GESTURE_DETECTED/1087@33, type = -999
12-31 15:19:29.875 1087 1087 D SemGameManager: getGMSBinder(), begin
12-31 15:19:29.876 707 732 I HYPER-HAL: [RequestManager.cpp]acquire(): Acquired ID : 627793 [1087 / 33] HINT : GESTURE_DETECTED list : [TIMEOUT / 1641]
12-31 15:19:29.876 707 732 I HYPER-HAL: [ResourceManager.cpp]updateResource(): [CPUMinFreq] UpdateResource Request ID : 627793 Value : 858000
12-31 15:19:29.876 1087 1087 D SemGameManager: getGMSBinder(), successful: true
12-31 15:19:29.876 1087 1087 D GameManagerService: identifyGamePackage. org.qtproject.example.minimal_map, mCurrentUserId: 0, callerUserId: 0
12-31 15:19:29.876 1087 1087 D PkgDataHelper: getGamePkgData(). org.qtproject.example.minimal_map
12-31 15:19:29.877 1087 1087 I SemDvfsHyPerManager: acquire hyper - GESTURE_DETECTED/1087@33, type = -999
12-31 15:19:29.877 707 732 I HYPER-HAL: [RequestManager.cpp]acquire(): Acquired ID : 627793 [1087 / 33] HINT : GESTURE_DETECTED list : [TIMEOUT / 1641]
12-31 15:19:29.877 707 732 I HYPER-HAL: [ResourceManager.cpp]updateResource(): [CPUMinFreq] UpdateResource Request ID : 627793 Value : 858000
12-31 15:19:29.892 659 659 E tombstoned: Tombstone written to: /data/tombstones/tombstone_05
12-31 15:19:29.896 549 549 D io_stats: !@ 8,0 r 2331311 84677364 w 729355 23558036 d 300016 68824112 f 269841 354089 iot 1081108 864649 th 102400 0 0 pt 0 inp 1 0 74884.070
12-31 15:19:29.898 1087 1189 I BootReceiver: Copying /data/tombstones/tombstone_05 to DropBox (SYSTEM_TOMBSTONE)
12-31 15:19:29.899 1087 2816 I DropBoxManagerService: add tag=data_app_native_crash isTagEnabled=true flags=0x2
12-31 15:19:29.899 1087 1189 I DropBoxManagerService: add tag=SYSTEM_TOMBSTONE isTagEnabled=true flags=0x2
12-31 15:19:29.901 1087 2815 W ActivityManager: crash : org.qtproject.example.minimal_map,10105
12-31 15:19:29.904 1087 2815 W ContextImpl: Calling a method in the system process without a qualified user: android.app.ContextImpl.sendBroadcast:1162 com.android.server.am.AppErrors.crashApplicationInner:579 com.android.server.am.AppErrors.crashApplication:443 com.android.server.am.ActivityManagerService.handleApplicationCrashInner:12419 com.android.server.am.NativeCrashListener$NativeCrashReporter.run:124
12-31 15:19:29.905 1087 2815 W ActivityTaskManager: Force finishing activity org.qtproject.example.minimal_map/org.qtproject.qt5.android.bindings.QtActivity
12-31 15:19:29.906 1087 2815 V WindowManager: Prepare app transition: transit=TRANSIT_CRASHING_ACTIVITY_CLOSE mNextAppTransition=TRANSIT_UNSET alwaysKeepCurrent=false displayId=0 Callers=com.android.server.wm.DisplayContent.prepareAppTransition:5990 com.android.server.wm.DisplayContent.prepareAppTransition:5984 com.android.server.wm.ActivityStack.finishTopCrashedActivityLocked:2912 com.android.server.wm.RootWindowContainer.finishTopCrashedActivities:2701 com.android.server.wm.ActivityTaskManagerService$LocalService.finishTopCrashedActivities:9012
12-31 15:19:29.908 1087 2815 D InputDispatcher: Focused application set to (0): 40d61d4
12-31 15:19:29.909 1087 2815 V WindowManager: Changing focus from Window{256846a u0 org.qtproject.example.minimal_map/org.qtproject.qt5.android.bindings.QtActivity} to null displayId=0 Callers=com.android.server.wm.RootWindowContainer.updateFocusedWindowLocked:575 com.android.server.wm.WindowManagerService.updateFocusedWindowLocked:6338 com.android.server.wm.DisplayContent.setFocusedApp:6972 com.android.server.wm.ActivityTaskManagerService.setResumedActivityUncheckLocked:6786
12-31 15:19:29.909 1087 2815 D StatusBarManagerService: notifyRequestedSystemKey recent=false home=false
12-31 15:19:29.910 1087 2815 D GameManagerService: TaskStackListener.onTaskFocusChanged(), taskId=123, focused=true
12-31 15:19:29.910 1087 1389 D GameManagerService: onLooperPrepared(), msg: MSG_TASK_FOCUSED, focusedComponent: ComponentInfo{com.sec.android.app.launcher/com.sec.android.app.launcher.activities.LauncherActivity}
12-31 15:19:29.910 1087 1389 D GameManagerService: handleTaskFocused().
12-31 15:19:29.910 1087 1389 D GameManagerService: sendFocusOutConditionally() - mPrevNotiPackage: (unknown)
12-31 15:19:29.910 1087 1389 D GameManagerService: handleTaskFocused(), pkgName: com.sec.android.app.launcher, clsName: com.sec.android.app.launcher.activities.LauncherActivity, userID:0
12-31 15:19:29.911 1087 2815 V WindowManager: Prepare app transition: transit=TRANSIT_TASK_CLOSE mNextAppTransition=TRANSIT_CRASHING_ACTIVITY_CLOSE alwaysKeepCurrent=false displayId=0 Callers=com.android.server.wm.DisplayContent.prepareAppTransition:5990 com.android.server.wm.DisplayContent.prepareAppTransition:5984 com.android.server.wm.ActivityRecord.finishIfPossible:3560 com.android.server.wm.ActivityRecord.finishIfPossible:3373 com.android.server.wm.ActivityStack.finishTopCrashedActivityLocked:2914
12-31 15:19:29.911 1087 2815 D WindowManager: isScreenshotDisabledLocked - win: Window{ba5e20b u0 InputMethod}
12-31 15:19:29.911 1087 2815 D WindowManager: isScreenshotDisabledLocked: userId = 0, disabled =false
12-31 15:19:29.911 1087 2815 D WindowManager: isScreenshotDisabledLocked - win: Window{256846a u0 org.qtproject.example.minimal_map/org.qtproject.qt5.android.bindings.QtActivity}
12-31 15:19:29.911 1087 2815 D WindowManager: isScreenshotDisabledLocked: userId = 0, disabled =false
12-31 15:19:29.913 695 901 D gralloc : [mali_gralloc_allocate] begin
12-31 15:19:29.913 695 901 D gralloc : buffer_descriptor: wh(1200 1920) usage_pc(0x366 0x306) hal_format(0x1) layer_count(1) sizes(0 0 0) strde(0) byte_stride(0) alloc_wh(0 0) internal_format(0x0) alloc_format(0x0) fd_count(1) plane_count(0)
12-31 15:19:29.916 695 901 D gralloc : [mali_gralloc_allocate] allocation successful
12-31 15:19:29.924 656 656 E audit : type=1701 audit(1640960369.917:80519): auid=4294967295 uid=10105 gid=10105 ses=4294967295 subj=u:r:untrusted_app_27:s0:c105,c256,c512,c768 pid=30468 comm="QtThread" exe="/system/bin/app_process32" sig=11
12-31 15:19:29.924 766 766 I Layer : id=6383[0] Destroyed Screenshot Parent
12-31 15:19:29.930 1087 2815 V WindowManager: Setting visibility of Window{3599617 u0 com.samsung.android.app.spage}: true, caller=com.android.server.wm.WindowContainer.sendAppVisibilityToClients:1044 com.android.server.wm.WindowState.sendAppVisibilityToClients:3854 com.android.server.wm.WindowContainer.sendAppVisibilityToClients:1044 com.android.server.wm.ActivityRecord.setClientVisible:6922 com.android.server.wm.ActivityRecord.setVisibility:5291 com.android.server.wm.ActivityRecord.setVisibility:5189 com.android.server.wm.ActivityRecord.makeVisibleIfNeeded:5855 com.android.server.wm.EnsureActivitiesVisibleHelper.setActivityVisibilityState:213 com.android.server.wm.EnsureActivitiesVisibleHelper.lambda$Bbb3nMFa3F8er_OBuKA7-SpeSKo:0 com.android.server.wm.-$$Lambda$EnsureActivitiesVisibleHelper$Bbb3nMFa3F8er_OBuKA7-SpeSKo.accept:12 com.android.internal.util.function.pooled.PooledLambdaImpl.doInvoke:307 com.android.internal.util.function.pooled.PooledLambdaImpl.invoke:201 com.android.internal.util.function.pooled.OmniFunction.accept:92 com.android.server.wm.ActivityRecord.forAllActivities:4706
12-31 15:19:29.930 1087 2815 V WindowManager: Setting visibility of Window{3fb5849 u0 com.sec.android.app.launcher/com.sec.android.app.launcher.activities.LauncherActivity}: true, caller=com.android.server.wm.WindowContainer.sendAppVisibilityToClients:1044 com.android.server.wm.ActivityRecord.setClientVisible:6922 com.android.server.wm.ActivityRecord.setVisibility:5291 com.android.server.wm.ActivityRecord.setVisibility:5189 com.android.server.wm.ActivityRecord.makeVisibleIfNeeded:5855 com.android.server.wm.EnsureActivitiesVisibleHelper.setActivityVisibilityState:213 com.android.server.wm.EnsureActivitiesVisibleHelper.lambda$Bbb3nMFa3F8er_OBuKA7-SpeSKo:0 com.android.server.wm.-$$Lambda$EnsureActivitiesVisibleHelper$Bbb3nMFa3F8er_OBuKA7-SpeSKo.accept:12 com.android.internal.util.function.pooled.PooledLambdaImpl.doInvoke:307 com.android.internal.util.function.pooled.PooledLambdaImpl.invoke:201 com.android.internal.util.function.pooled.OmniFunction.accept:92 com.android.server.wm.ActivityRecord.forAllActivities:4706 com.android.server.wm.WindowContainer.forAllActivities:1477 com.android.server.wm.WindowContainer.forAllActivities:1477
12-31 15:19:29.930 1087 2815 D ActivityTaskManager: resumeTopActivityInnerLocked, prev=null next=ActivityRecord{40d61d4 u0 com.sec.android.app.launcher/.activities.LauncherActivity t123} shouldSleepActivities()=false mLastPausedActivity=ActivityRecord{40d61d4 u0 com.sec.android.app.launcher/.activities.LauncherActivity t123} caller=com.android.server.wm.ActivityStack.resumeTopActivityInnerLocked:2084 com.android.server.wm.ActivityStack.resumeTopActivityUncheckedLocked:1979 com.android.server.wm.ActivityRecord.makeActiveIfNeeded:5968 com.android.server.wm.ActivityRecord.makeVisibleIfNeeded:5860 com.android.server.wm.EnsureActivitiesVisibleHelper.setActivityVisibilityState:213 com.android.server.wm.EnsureActivitiesVisibleHelper.lambda$Bbb3nMFa3F8er_OBuKA7-SpeSKo:0 com.android.server.wm.-$$Lambda$EnsureActivitiesVisibleHelper$Bbb3nMFa3F8er_OBuKA7-SpeSKo.accept:12 com.android.internal.util.function.pooled.PooledLambdaImpl.doInvoke:307 com.android.internal.util.function.pooled.PooledLambdaImpl.invoke:201 com.android.internal.util.function.pooled.OmniFunction.accept:92 com.android.server.wm.ActivityRecord.forAllActivities:4706 com.android.server.wm.WindowContainer.forAllActivities:1477 com.android.server.wm.WindowContainer.forAllActivities:1477 com.android.server.wm.WindowContainer.forAllActivities:1470 com.android.server.wm.EnsureActivitiesVisibleHelper.process:135 com.android.server.wm.ActivityStack.ensureActivitiesVisible:1753 com.android.server.wm.TaskDisplayArea.ensureActivitiesVisible:2434 com.android.server.wm.DisplayContent.ensureActivitiesVisible:6993 com.android.server.wm.RootWindowContainer.ensureActivitiesVisible:2412 com.android.server.wm.RootWindowContainer.ensureActivitiesVisible:2394
12-31 15:19:29.931 1087 2815 D MARsPolicyManager: onPackageResumedFG pkgName = com.sec.android.app.launcher, userId = 0
12-31 15:19:29.931 1087 2815 V MARsPolicyManager: Current Home Package com.sec.android.app.launcher Resumed
12-31 15:19:29.931 1087 2815 I SemDvfsHyPerManager: acquire hyper - AMS_APP_HOME/1087@35, type = -999
12-31 15:19:29.931 1087 2815 D ActivityManagerPerformance: AMP_acquire() HOME
12-31 15:19:29.931 707 732 I HYPER-HAL: [RequestManager.cpp]acquire(): Acquired ID : 630038 [1087 / 35] HINT : AMS_APP_HOME list :
12-31 15:19:29.931 1087 2815 V WindowManager: Prepare app transition: transit=TRANSIT_ACTIVITY_OPEN mNextAppTransition=TRANSIT_CRASHING_ACTIVITY_CLOSE alwaysKeepCurrent=false displayId=0 Callers=com.android.server.wm.DisplayContent.prepareAppTransition:5990 com.android.server.wm.DisplayContent.prepareAppTransition:5984 com.android.server.wm.ActivityStack.resumeTopActivityInnerLocked:2433 com.android.server.wm.ActivityStack.resumeTopActivityInnerLocked:2084 com.android.server.wm.ActivityStack.resumeTopActivityUncheckedLocked:1979
12-31 15:19:29.932 707 732 E HYPER-HAL: [HandlerSysfs.cpp]doResourceHandling(): Couldn't Open Sysfs - /sys/power/cstate_control
12-31 15:19:29.932 1087 2815 V WindowManager: rotationForOrientation(orient=SCREEN_ORIENTATION_UNSPECIFIED (-1), last=ROTATION_0 (0)); user=ROTATION_0 (0) USER_ROTATION_LOCKED
12-31 15:19:29.932 1087 2815 D WindowManager: rotationForOrientation, orientationSource=ActivityRecord{40d61d4 u0 com.sec.android.app.launcher/.activities.LauncherActivity t123}
12-31 15:19:29.932 1087 2815 V WindowOrientationListener: getProposedRotation: -1
12-31 15:19:29.932 1087 2815 V WindowManager: rotationForOrientation(orient=SCREEN_ORIENTATION_UNSPECIFIED (-1), last=ROTATION_0 (0)); user=ROTATION_0 (0) USER_ROTATION_LOCKED
12-31 15:19:29.932 1087 2815 D WindowManager: rotationForOrientation, orientationSource=ActivityRecord{40d61d4 u0 com.sec.android.app.launcher/.activities.LauncherActivity t123}
12-31 15:19:29.932 1087 2815 V WindowOrientationListener: getProposedRotation: -1
12-31 15:19:29.932 1087 2815 V WindowManager: Computed rotation=ROTATION_0 (0) for display id=0 based on lastOrientation=SCREEN_ORIENTATION_UNSPECIFIED (-1) and oldRotation=ROTATION_0 (0), caller=com.android.server.wm.DisplayRotation.updateOrientation:394 com.android.server.wm.DisplayContent.updateOrientation:1739 com.android.server.wm.DisplayContent.updateOrientation:1660 com.android.server.wm.RootWindowContainer.ensureVisibilityAndConfig:2195 com.android.server.wm.ActivityStack.resumeTopActivityInnerLocked:2514 com.android.server.wm.ActivityStack.resumeTopActivityInnerLocked:2084
12-31 15:19:29.932 707 732 I HYPER-HAL: [ResourceManager.cpp]updateResource(): [CPUMinFreq] UpdateResource Request ID : 630038 Value : 1794000
12-31 15:19:29.932 1087 2815 D TspStateManager: updateCustomValue customSetting=
12-31 15:19:29.932 1087 2815 V WindowManager: rotationForOrientation(orient=SCREEN_ORIENTATION_UNSPECIFIED (-1), last=ROTATION_0 (0)); user=ROTATION_0 (0) USER_ROTATION_LOCKED
12-31 15:19:29.932 1087 2815 D WindowManager: rotationForOrientation, orientationSource=ActivityRecord{40d61d4 u0 com.sec.android.app.launcher/.activities.LauncherActivity t123}
12-31 15:19:29.932 1087 2815 V WindowOrientationListener: getProposedRotation: -1
12-31 15:19:29.932 1087 2815 D TspStateManager: updateCustomValue customSetting=
12-31 15:19:29.933 6983 6983 I SemDvfsHyPerManager: acquire hyper - com.sec.android.sdhms/6983@13, type = -999
12-31 15:19:29.933 1087 2815 D MARsPolicyManager: onPackageResumedFG pkgName = com.sec.android.app.launcher, userId = 0
12-31 15:19:29.933 1087 2815 V MARsPolicyManager: Current Home Package com.sec.android.app.launcher Resumed
12-31 15:19:29.933 1087 2815 W WindowManager: Execute app transition: mNextAppTransition=TRANSIT_CRASHING_ACTIVITY_CLOSE, displayId: 0 Callers=com.android.server.wm.RootWindowContainer.executeAppTransitionForAllDisplay:2646 com.android.server.wm.ActivityStackSupervisor.reportResumedActivityLocked:2300 com.android.server.wm.ActivityRecord.completeResumeLocked:6184 com.android.server.wm.ActivityStack.resumeTopActivityInnerLocked:2608 com.android.server.wm.ActivityStack.resumeTopActivityInnerLocked:2084
12-31 15:19:29.933 707 732 I HYPER-HAL: [RequestManager.cpp]acquire(): Acquired ID : 24475519 [6983 / 13] HINT : APP_START list :
12-31 15:19:29.934 1087 2815 D MARsPolicyManager: onPackageResumedFG pkgName = com.sec.android.app.launcher, userId = 0
12-31 15:19:29.934 1087 2815 V MARsPolicyManager: Current Home Package com.sec.android.app.launcher Resumed
12-31 15:19:29.934 707 732 I HYPER-HAL: [ResourceManager.cpp]updateResource(): [CPUMaxFreq] UpdateResource Request ID : 24475519 Value : 1794000
12-31 15:19:29.939 5618 5656 E TaskStackListenerAbstract: onTaskSnapshotChanged called by Binder.getCallingPid() 0 android.app.ITaskStackListener$Stub.onTransact:587 android.os.Binder.execTransactInternal:1195 android.os.Binder.execTransact:1159
12-31 15:19:29.940 1087 1391 V ActivityManager: Changed top to 10125,ProcessRecord{42f70a2 9202:com.sec.android.app.launcher/u0a125}
12-31 15:19:29.942 1087 1179 W BroadcastQueue: Background execution not allowed: receiving Intent { act=android.intent.action.DROPBOX_ENTRY_ADDED flg=0x10 (has extras) } to com.google.android.gms/.stats.service.DropBoxEntryAddedReceiver
12-31 15:19:29.943 1087 1179 W BroadcastQueue: Background execution not allowed: receiving Intent { act=android.intent.action.DROPBOX_ENTRY_ADDED flg=0x10 (has extras) } to com.google.android.gms/.chimera.GmsIntentOperationService$PersistentTrustedReceiver
12-31 15:19:29.951 1087 5564 V WindowManager: Relayout Window{3fb5849 u0 com.sec.android.app.launcher/com.sec.android.app.launcher.activities.LauncherActivity}: viewVisibility=4 req=1200x1920 d0
12-31 15:19:29.953 1087 7414 V WindowManager: Relayout Window{3599617 u0 com.samsung.android.app.spage}: viewVisibility=8 req=0x1872 d0
12-31 15:19:29.954 1087 5564 V WindowManager: Relayout hash=3fb5849, pid=9202: mAttrs={(0,0)(fillxfill) sim={adjust=nothing} layoutInDisplayCutoutMode=shortEdges ty=BASE_APPLICATION fmt=TRANSPARENT wanim=0x10302f2
12-31 15:19:29.954 1087 5564 V WindowManager: fl=81910102
12-31 15:19:29.954 1087 5564 V WindowManager: pfl=16020000
12-31 15:19:29.954 1087 5564 V WindowManager: vsysui=1700
12-31 15:19:29.954 1087 5564 V WindowManager: bhv=SHOW_TRANSIENT_BARS_BY_SWIPE
12-31 15:19:29.954 1087 5564 V WindowManager: fitSides= dimAmount=0.125 dimDuration=1 naviIconColor=0
12-31 15:19:29.954 1087 5564 V WindowManager: sfl=40}
12-31 15:19:29.954 1087 7414 V WindowManager: Relayout hash=3599617, pid=22439: mAttrs={(0,0)(0xfill) sim={adjust=pan} ty=APPLICATION_PANEL fmt=RGBA_8888
12-31 15:19:29.954 1087 7414 V WindowManager: fl=1000018
12-31 15:19:29.954 1087 7414 V WindowManager: pfl=2000040
12-31 15:19:29.954 1087 7414 V WindowManager: fitTypes=STATUS_BARS NAVIGATION_BARS CAPTION_BAR IME naviIconColor=0}
12-31 15:19:29.955 22439 22439 I SurfaceControl: assignNativeObject: nativeObject = 0 Surface(name=null)/@0xb21aaa8 / android.view.SurfaceControl.readFromParcel:1117 android.view.IWindowSession$Stub$Proxy.relayout:1810 android.view.ViewRootImpl.relayoutWindow:9130 android.view.ViewRootImpl.performTraversals:3420 android.view.ViewRootImpl.doTraversal:2669 android.view.ViewRootImpl$TraversalRunnable.run:10092 android.view.Choreographer$CallbackRecord.run:1010 android.view.Choreographer.doCallbacks:809 android.view.Choreographer.doFrame:744 android.view.Choreographer$FrameDisplayEventReceiver.run:995
12-31 15:19:29.955 9202 9202 I SurfaceControl: assignNativeObject: nativeObject = 0 Surface(name=null)/@0x1594063 / android.view.SurfaceControl.readFromParcel:1117 android.view.IWindowSession$Stub$Proxy.relayout:1810 android.view.ViewRootImpl.relayoutWindow:9130 android.view.ViewRootImpl.performTraversals:3420 android.view.ViewRootImpl.doTraversal:2669 android.view.ViewRootImpl$TraversalRunnable.run:10092 android.view.Choreographer$CallbackRecord.run:1010 android.view.Choreographer.doCallbacks:809 android.view.Choreographer.doFrame:744 android.view.Choreographer$FrameDisplayEventReceiver.run:995
12-31 15:19:29.955 22439 22439 I SurfaceControl: assignNativeObject: nativeObject = 0 Surface(name=null)/@0x54509c1 / android.view.SurfaceControl.readFromParcel:1117 android.view.IWindowSession$Stub$Proxy.relayout:1820 android.view.ViewRootImpl.relayoutWindow:9130 android.view.ViewRootImpl.performTraversals:3420 android.view.ViewRootImpl.doTraversal:2669 android.view.ViewRootImpl$TraversalRunnable.run:10092 android.view.Choreographer$CallbackRecord.run:1010 android.view.Choreographer.doCallbacks:809 android.view.Choreographer.doFrame:744 android.view.Choreographer$FrameDisplayEventReceiver.run:995
12-31 15:19:29.955 9202 9202 I SurfaceControl: assignNativeObject: nativeObject = 0 Surface(name=null)/@0x85bb01d / android.view.SurfaceControl.readFromParcel:1117 android.view.IWindowSession$Stub$Proxy.relayout:1820 android.view.ViewRootImpl.relayoutWindow:9130 android.view.ViewRootImpl.performTraversals:3420 android.view.ViewRootImpl.doTraversal:2669 android.view.ViewRootImpl$TraversalRunnable.run:10092 android.view.Choreographer$CallbackRecord.run:1010 android.view.Choreographer.doCallbacks:809 android.view.Choreographer.doFrame:744 android.view.Choreographer$FrameDisplayEventReceiver.run:995
12-31 15:19:29.956 9202 9202 I ViewRootImpl@7c8c68a[LauncherActivity]: Relayout returned: old=(0,0,1200,1920) new=(0,0,1200,1920) req=(1200,1920)4 dur=5 res=0x1 s={false 0} ch=false fn=-1
12-31 15:19:29.956 22439 22439 I ViewRootImpl@47c528e[]: Relayout returned: old=(600,48,600,1920) new=(600,48,600,1920) req=(0,1872)8 dur=6 res=0x1 s={false 0} ch=false fn=-1
12-31 15:19:29.956 9202 9202 I ViewRootImpl@7c8c68a[LauncherActivity]: stopped(false) old=true
12-31 15:19:29.956 9202 9202 W LauncherAppWidgetHost: setListenIfResumed, mFlags = 0
12-31 15:19:29.957 9202 9202 W PageOverlayMover: updateActivityLifecycleState : 1
12-31 15:19:29.957 22439 22462 I PageOverlayServiceImpl: [FROM HOME] updateActivityLifecycleState : 1
12-31 15:19:29.958 1087 1179 I ActivityManager: Changes in 10125 5 to 2, 0 to 7 Caller=com.android.server.am.OomAdjuster.updateOomAdjLockedInner:672 com.android.server.am.OomAdjuster.updateOomAdjLocked:416 com.android.server.am.ActivityManagerService.updateOomAdjLocked:21629 com.android.server.am.BroadcastQueue.processNextBroadcastLocked:1374 com.android.server.am.BroadcastQueue.processNextBroadcast:1267 com.android.server.am.BroadcastQueue$BroadcastHandler.handleMessage:267 android.os.Handler.dispatchMessage:106
12-31 15:19:29.958 1087 1179 I AppOps : updateUidProcState uid: 10125 procState: 2 capability:7
12-31 15:19:29.958 1087 1179 I AppOps : commitUidPendingStateLocked() :: UID - 10125, 500 > 200, 0 > 7
12-31 15:19:29.958 1087 1179 I ActivityManager: Changes in 10105 2 to 18, 7 to 0 Caller=com.android.server.am.OomAdjuster.updateOomAdjLockedInner:672 com.android.server.am.OomAdjuster.updateOomAdjLocked:416 com.android.server.am.ActivityManagerService.updateOomAdjLocked:21629 com.android.server.am.BroadcastQueue.processNextBroadcastLocked:1374 com.android.server.am.BroadcastQueue.processNextBroadcast:1267 com.android.server.am.BroadcastQueue$BroadcastHandler.handleMessage:267 android.os.Handler.dispatchMessage:106
12-31 15:19:29.960 1087 5564 I InputDispatcher: Focus left window (30468): 256846a in display 0 0
12-31 15:19:29.963 1087 5531 W PkgPredictorService: background app without no launcher icon com.sec.android.app.launcher for.uid: 10125 userId: 0
12-31 15:19:29.964 1087 1179 W BroadcastQueue: Background execution not allowed: receiving Intent { act=android.intent.action.DROPBOX_ENTRY_ADDED flg=0x10 (has extras) } to com.google.android.gms/.stats.service.DropBoxEntryAddedReceiver
12-31 15:19:29.965 1087 1171 D SehCodecSolutionService: Update top [com.sec.android.app.launcher]
12-31 15:19:29.965 1087 1171 D SSRM:LoadDetectMonitor: PID = 9202, UID = 10125
12-31 15:19:29.966 1087 6857 I AppOps : updateUidProcState uid: 10217 procState: 3 capability:7
12-31 15:19:29.969 1087 1179 W BroadcastQueue: Background execution not allowed: receiving Intent { act=android.intent.action.DROPBOX_ENTRY_ADDED flg=0x10 (has extras) } to com.google.android.gms/.chimera.GmsIntentOperationService$PersistentTrustedReceiver
12-31 15:19:29.970 9202 9202 I LiveIconViewUpdater: onUpdateLiveIcon 28
12-31 15:19:29.970 9202 9202 E libprocessgroup: set_timerslack_ns write failed: Operation not permitted
12-31 15:19:29.971 9202 9202 I WallpapersButton: updateVisibility - mWallpaperType : 0
12-31 15:19:29.971 9202 9202 I ThemesButton: updateVisibility - sThemeStoreType : -1
12-31 15:19:29.971 9202 9202 I LiveIconViewUpdater: onUpdateLiveIcon 61
12-31 15:19:29.971 9202 9202 I LiveIconViewUpdater: onUpdateLiveIcon 63
12-31 15:19:29.971 9202 9202 I LiveIconViewUpdater: onUpdateLiveIcon -1
12-31 15:19:29.972 9202 9202 I MultiSelectPanel: changeColorForBg - isDarkMode : false, isDarkFont : false
12-31 15:19:29.973 9202 9202 I ViewRootImpl@7c8c68a[LauncherActivity]: stopped(false) old=false
12-31 15:19:29.973 9202 9202 I Launcher: !@Boot_DEBUG: Launcher.onResume()
12-31 15:19:29.973 9202 9202 I Launcher: !@Boot_EBS_D: Launcher.onResume()
12-31 15:19:29.973 9202 9202 I FastBitmapDrawable: animatePress : false immediate : true invalidate : true
12-31 15:19:29.973 9202 9202 W PageOverlayMover: updateActivityLifecycleState : 2
12-31 15:19:29.974 9202 9202 W PageOverlayMover: isMoving : false
12-31 15:19:29.974 22439 22462 I PageOverlayServiceImpl: [FROM HOME] updateActivityLifecycleState : 2
12-31 15:19:29.974 9202 16950 I Launcher: DisplayMetrics from Resources : DisplayMetrics{density=2.0, width=1200, height=1920, scaledDensity=2.0, xdpi=282.222, ydpi=283.534}
12-31 15:19:29.974 9202 16950 I Launcher: realMetrics from Wm : DisplayMetrics{density=2.0, width=1200, height=1920, scaledDensity=2.0, xdpi=282.222, ydpi=283.534}
12-31 15:19:29.974 9202 16950 I Launcher: DeviceProfile, isLand : false, isMultiWin :false, availableWidthPx : 1200, availableHeightPx : 1920
12-31 15:19:29.977 1087 1173 D GameManagerService: notePauseComponent(), received paused-component: org.qtproject.example.minimal_map
12-31 15:19:29.979 9202 9202 I Launcher: setWallpaperOffsets
12-31 15:19:29.981 1087 1179 D StorageManagerService: getExternalStorageMountMode: uid=1000 packageName=com.samsung.android.dqagent
12-31 15:19:29.981 6983 6983 I SDHMS:PowerAnomaly:GATHERERAPPERROR: update AppError : uid=10105, pkg=org.qtproject.example.minimal_map, errorType=crash
12-31 15:19:29.981 1087 1179 D CompatibilityChangeReporter: Compat change id reported: 135634846; UID 1000; state: DISABLED
12-31 15:19:29.982 1087 1087 I CocktailBarManagerServiceContainer: handleMessage: entry what = 6
12-31 15:19:29.982 9202 9273 I SPayUpdater: updateSpayHandler, show = false, defaultPage = false
12-31 15:19:29.983 1087 1087 I ActivityManager: Changes in 10274 19 to 5, 0 to 7 Caller=com.android.server.am.OomAdjuster.updateOomAdjLocked:402 com.android.server.am.OomAdjuster.updateOomAdjLocked:449 com.android.server.am.ActivityManagerService.updateOomAdjLocked:21639 com.android.server.am.ActiveServices.realStartServiceLocked:3352 com.android.server.am.ActiveServices.bringUpServiceLocked:3247 com.android.server.am.ActiveServices.bindServiceLocked:2299 com.android.server.am.ActivityManagerService.bindIsolatedService:18212
12-31 15:19:29.983 1087 1087 I AppOps : updateUidProcState uid: 10274 procState: 5 capability:7
12-31 15:19:29.983 1087 1087 I AppOps : commitUidPendingStateLocked() :: UID - 10274, 700 > 500, 0 > 7
12-31 15:19:29.983 1087 6857 V WindowManager: Relayout Window{3fb5849 u0 com.sec.android.app.launcher/com.sec.android.app.launcher.activities.LauncherActivity}: viewVisibility=0 req=1200x1920 d0
12-31 15:19:29.985 1087 6857 D WindowManager: isScreenshotDisabledLocked - win: Window{3fb5849 u0 com.sec.android.app.launcher/com.sec.android.app.launcher.activities.LauncherActivity}
12-31 15:19:29.985 1087 6857 D WindowManager: isScreenshotDisabledLocked: userId = 0, disabled =false
12-31 15:19:29.985 766 1472 I SurfaceFlinger: id=6384 createSurf (1200x1920),1 flag=4, com.sec.android.app.launcher/com.sec.android.app.launcher.activities.LauncherActivity$_9202#0
12-31 15:19:29.985 1087 6857 D WindowManager: makeSurface duration=1 name=com.sec.android.app.launcher/com.sec.android.app.launcher.activities.LauncherActivity$_9202
12-31 15:19:29.987 1087 6857 V WindowManager: Changing focus from null to Window{3fb5849 u0 com.sec.android.app.launcher/com.sec.android.app.launcher.activities.LauncherActivity} displayId=0 Callers=com.android.server.wm.RootWindowContainer.updateFocusedWindowLocked:575 com.android.server.wm.WindowManagerService.updateFocusedWindowLocked:6338 com.android.server.wm.WindowManagerService.relayoutWindow:2726 com.android.server.wm.Session.relayout:240
12-31 15:19:29.994 1087 2821 I SystemUiVisibilityPolicyController: handleMessage: entry what = 1
12-31 15:19:29.994 6983 6983 I SDHMS:PowerAnomaly:ANALYZERAPPERROR: analyze app error : uid=10105, pkg=org.qtproject.example.minimal_map, appErrorCount=7
12-31 15:19:29.994 1087 6857 I WindowManager: Cancelling animation restarting=true, leash=Surface(name=Surface(name=23da38 StatusBar)/@0xa496cee - animation-leash)/@0xf2f9ed1
12-31 15:19:29.994 1087 6857 I WindowManager: Reparenting to original parent: Surface(name=WindowToken{8382aaa android.os.BinderProxy@c5ab54c})/@0xe88158f, destroy=false, surface=Surface(name=23da38 StatusBar)/@0xa496cee
12-31 15:19:29.994 9326 9326 I TrayStateController: systemUiVisibilityChanged : 0 0
12-31 15:19:29.994 1087 6857 I SurfaceControl: nativeRelease nativeObject s[520060352704]
12-31 15:19:29.994 1087 6857 I SurfaceControl: nativeRelease nativeObject e[520060352704]
12-31 15:19:29.994 1087 6857 I WindowManager: Reparenting to leash, surface=Surface(name=23da38 StatusBar)/@0xa496cee, leashParent=Surface(name=WindowToken{8382aaa android.os.BinderProxy@c5ab54c})/@0xe88158f
12-31 15:19:29.995 766 1472 I SurfaceFlinger: id=6385 createSurf (0x0),-1 flag=24000, Surface(name=23da38 StatusBar)/@0xa496cee - animation-leash#0
12-31 15:19:29.995 680 2527 W zygote64: Reducing the number of considered missed Gc histogram windows from 2726 to 100
12-31 15:19:29.995 1087 6857 D WindowManager: makeSurface duration=1 leash=Surface(name=Surface(name=23da38 StatusBar)/@0xa496cee - animation-leash)/@0x3e5d988
12-31 15:19:29.996 1087 6857 D MARsPolicyManager: onPackageResumedFG pkgName = com.sec.android.app.launcher, userId = 0
12-31 15:19:29.996 1087 6857 D StatusBarManagerService: notifyRequestedSystemKey recent=false home=false
