12-31 15:19:31.882 713 1136 I SecCameraUtil: INFO(checkFpsProperty[72]): set cam_fps property (0).
12-31 15:19:31.882 713 1136 I SecCameraUtil: color info(ZK) / 0
12-31 15:19:31.882 713 1136 I ExynosCameraConfigurationsSec: [CAM(0)][Back_0]-(checkCountryCodeProperty[1336]):countryCode Property - (SE)
12-31 15:19:31.882 713 1136 I ExynosCameraConfigurations: [CAM(0)][Back_0]-(setDefaultCameraInfo[148]):
12-31 15:19:31.882 713 1136 I ExynosCameraSensorInfo: (getCameraIdInfo[422]:serviceCameraId (0)
12-31 15:19:31.882 713 1136 I ExynosCameraSensorInfo: INFO(createExynosCameraSensorInfo[233]):sensor ID 59 name S5K3L6
12-31 15:19:31.882 713 1136 I SecCameraUtil: INFO(checkBinningProperty[89]): set cam_binning property 0
12-31 15:19:31.882 713 1136 I ExynosCameraParameters: [CAM(0)][Back_0]-(setDefaultCameraInfo[139]):
12-31 15:19:31.882 5618 2544 D IndicatorGardenInputProperty: updateRotation() prv:-1 >> new:0
12-31 15:19:31.882 1087 6886 I AudioManager: setParameters keyValuePairs = cameraFacing=back
12-31 15:19:31.882 5618 2544 D DeviceState: getDeviceResolutionPixelSize - currentDensity = 320 deviceDensity = 320 initialDisplaySizeFactor = 1200 currentDisplaySizeFactor = 1200 initialDisplayDensity = 320 proportionalDensity = 320 proportionalPixel = 0
12-31 15:19:31.882 5618 2544 D DeviceState: getDeviceResolutionPixelSize - currentDensity = 320 deviceDensity = 320 initialDisplaySizeFactor = 1200 currentDisplaySizeFactor = 1200 initialDisplayDensity = 320 proportionalDensity = 320 proportionalPixel = 0
12-31 15:19:31.882 5618 2544 D DeviceState: getDeviceResolutionPixelSize - currentDensity = 320 deviceDensity = 320 initialDisplaySizeFactor = 1200 currentDisplaySizeFactor = 1200 initialDisplayDensity = 320 proportionalDensity = 320 proportionalPixel = 0
12-31 15:19:31.882 5618 6492 I CameraManagerGlobal: postSingleTorchUpdate device: camera id 0 status 0
12-31 15:19:31.883 5618 6492 I CameraManagerGlobal: Camera 0 facing CAMERA_FACING_BACK state now CAMERA_STATE_OPEN for client com.sec.android.app.camera API Level 2
12-31 15:19:31.883 5618 5942 I CameraManagerGlobal: onTorchModeUnavailable
12-31 15:19:31.883 5618 5942 D Tile.FlashlightTile: cancelNotification!!!
12-31 15:19:31.883 687 742 D audio_hw_primary: device-adev_set_parameters: enter with key(cameraFacing=back)
12-31 15:19:31.883 1087 8160 D SettingsProvider: isChangeAllowed() : name = flashlight_available
12-31 15:19:31.883 1087 8160 D SettingsProvider: edmUri: content://com.sec.knox.provider/RestrictionPolicy3
12-31 15:19:31.883 1087 8160 D SettingsProvider: projectionArgs: isSettingsChangesAllowed
12-31 15:19:31.883 1087 8160 D SettingsProvider: selectionArgs: false
12-31 15:19:31.883 1087 8160 D SettingsProvider: selectionArgs: 10062
12-31 15:19:31.884 1087 6886 I CameraService_proxy: Notify nfc service : camera open was(true) -> now(false) = polling(false)
12-31 15:19:31.884 28370 2879 I PostProcessDBHelper: clearExpiredData - delete count: 0
12-31 15:19:31.884 28370 2879 I PostProcessor: PostProcessThread - changeThreadState(nextState IDLE)
12-31 15:19:31.885 1087 8160 D SecContentProvider: query(), uri = 17 selection = isSettingsChangesAllowed
12-31 15:19:31.885 1087 8160 D SecContentProvider: called from android.uid.systemui:10062
12-31 15:19:31.885 713 1136 I ExynosCamera: [CAM(0)][Back_0]-(m_createIonAllocator[4760]):try(1) to create IonAllocator
12-31 15:19:31.885 28370 2879 W PostProcessor: PostProcessThread - waitAndGetRequest(checkThreadExitState true) await
12-31 15:19:31.885 1087 8160 D RestrictionPolicy: isSettingsChangesAllowedAsUser, userId 0 : true
12-31 15:19:31.885 1087 8160 D SettingsProvider: ret = 1
12-31 15:19:31.885 1087 8160 I GenerationRegistry: mBackingStore.isClosed() : false
12-31 15:19:31.886 713 1136 I ExynosCameraSec: [CAM(0)][Back_0]-(m_vendorSpecificConstructor[67]):-IN-
12-31 15:19:31.886 713 1136 I ExynosCameraSec: [CAM(0)][Back_0]-(m_vendorSpecificConstructor[127]):-OUT-
12-31 15:19:31.886 713 1136 I ExynosCameraInterface: INFO(HAL3_camera_device_open[134]):camera(0) out from new g_cam_device3[0]->priv()
12-31 15:19:31.889 821 5878 I CameraProviderManager: Camera device device@3.5/legacy/0 torch status is now NOT_AVAILABLE
12-31 15:19:31.889 821 5878 I CameraService: onTorchStatusChangedLocked: Torch status changed for cameraId=0, newStatus=0
12-31 15:19:31.889 713 1136 I ExynosCameraInterface: INFO(HAL3_camera_device_open[237]):camera(0) out =====
12-31 15:19:31.889 713 1136 I ExynosCameraInterface: DEBUG:duration time( 8 msec):(HAL3_camera_device_open)
12-31 15:19:31.890 713 1136 I SehCamDev@5.0-impl: [CAMKPI] camera3->open : X
12-31 15:19:31.890 28370 28370 I NormalKeyScreenView: inflate : End[1640960371890]
12-31 15:19:31.892 713 1136 I ExynosCameraInterface: INFO(HAL3_camera_device_initialize[384]):in =====
12-31 15:19:31.892 713 1136 E ExynosCameraInterface: INFO(HAL3_camera_device_initialize[390]): dual cam_state[0](1)
12-31 15:19:31.892 713 1136 I ExynosCameraInterface: INFO(HAL3_camera_device_initialize[400]):out =====
12-31 15:19:31.892 713 1136 I ExynosCameraInterface: DEBUG:duration time( 0 msec):(HAL3_camera_device_initialize)
12-31 15:19:31.893 713 1136 E FMQ : grantorIdx must be less than 3
12-31 15:19:31.893 713 1136 E FMQ : grantorIdx must be less than 3
12-31 15:19:31.894 821 5878 D CameraProviderManager: CameraPerf: openSession X
12-31 15:19:31.895 1087 1174 V WindowManager: Relayout Window{ca73769 u0 Splash Screen com.sec.android.app.camera}: viewVisibility=0 req=1200x1920 d0
12-31 15:19:31.895 821 5878 E FMQ : grantorIdx must be less than 3
12-31 15:19:31.895 28370 28370 W CommandIdMap: getSettingKey : Can't find FOOD_COLOR_TUNE_MENU at depot
12-31 15:19:31.895 28370 28370 W CommandIdMap: getSettingKey : Can't find FOOD_COLOR_TUNE_MENU at depot
12-31 15:19:31.895 28370 28370 W CommandIdMap: getSettingKey : Can't find BACK_CAMCORDER_RATIO_TOGGLE_MENU at depot
12-31 15:19:31.895 28370 28370 W CommandIdMap: getSettingKey : Can't find BACK_CAMCORDER_RATIO_TOGGLE_MENU at depot
12-31 15:19:31.895 28370 28370 W CommandIdMap: getSettingKey : Can't find FRONT_CAMCORDER_RATIO_TOGGLE_MENU at depot
12-31 15:19:31.895 28370 28370 W CommandIdMap: getSettingKey : Can't find FRONT_CAMCORDER_RATIO_TOGGLE_MENU at depot
12-31 15:19:31.895 28370 28370 W CommandIdMap: getSettingKey : Can't find BACK_FUN_CAMCORDER_RATIO_TOGGLE_MENU at depot
12-31 15:19:31.895 28370 28370 W CommandIdMap: getSettingKey : Can't find BACK_FUN_CAMCORDER_RATIO_TOGGLE_MENU at depot
12-31 15:19:31.895 28370 28370 W CommandIdMap: getSettingKey : Can't find FRONT_FUN_CAMCORDER_RATIO_TOGGLE_MENU at depot
12-31 15:19:31.895 28370 28370 W CommandIdMap: getSettingKey : Can't find FRONT_FUN_CAMCORDER_RATIO_TOGGLE_MENU at depot
12-31 15:19:31.895 28370 28370 W CommandIdMap: getSettingKey : Can't find BACK_PRO_CAMCORDER_RATIO_TOGGLE_MENU at depot
12-31 15:19:31.895 28370 28370 W CommandIdMap: getSettingKey : Can't find BACK_PRO_CAMCORDER_RATIO_TOGGLE_MENU at depot
12-31 15:19:31.895 28370 28370 W CommandIdMap: getSettingKey : Can't find BACK_PHOTO_EFFECTS_MENU at depot
12-31 15:19:31.895 28370 28370 W CommandIdMap: getSettingKey : Can't find BACK_PHOTO_EFFECTS_MENU at depot
12-31 15:19:31.895 28370 28370 W CommandIdMap: getSettingKey : Can't find BACK_VIDEO_EFFECTS_MENU at depot
12-31 15:19:31.895 28370 28370 W CommandIdMap: getSettingKey : Can't find BACK_VIDEO_EFFECTS_MENU at depot
12-31 15:19:31.895 28370 28370 W CommandIdMap: getSettingKey : Can't find FRONT_PHOTO_EFFECTS_MENU at depot
12-31 15:19:31.895 28370 28370 W CommandIdMap: getSettingKey : Can't find FRONT_PHOTO_EFFECTS_MENU at depot
12-31 15:19:31.895 28370 28370 W CommandIdMap: getSettingKey : Can't find FRONT_VIDEO_EFFECTS_MENU at depot
12-31 15:19:31.895 28370 28370 W CommandIdMap: getSettingKey : Can't find FRONT_VIDEO_EFFECTS_MENU at depot
12-31 15:19:31.895 28370 28370 E CameraShootingMode: getCaptureSize : There is no a predefined capture size in shooting mode feature.
12-31 15:19:31.895 28370 28370 E CameraShootingMode: getCaptureSize : There is no a predefined capture size in shooting mode feature.
12-31 15:19:31.896 28370 28370 W CommandIdMap: getSettingKey : Can't find BACK_LIVE_FOCUS_BEAUTY_MENU at depot
12-31 15:19:31.896 28370 28370 W CommandIdMap: getSettingKey : Can't find BACK_LIVE_FOCUS_BEAUTY_MENU at depot
12-31 15:19:31.896 28370 28370 W CommandIdMap: getSettingKey : Can't find FRONT_LIVE_FOCUS_BEAUTY_MENU at depot
12-31 15:19:31.896 28370 28370 W CommandIdMap: getSettingKey : Can't find FRONT_LIVE_FOCUS_BEAUTY_MENU at depot
12-31 15:19:31.896 821 5878 E FMQ : grantorIdx must be less than 3
12-31 15:19:31.896 28370 28370 W CommandIdMap: getSettingKey : Can't find BACK_LIVE_FOCUS_VIDEO_BEAUTY_MENU at depot
12-31 15:19:31.896 28370 28370 W CommandIdMap: getSettingKey : Can't find BACK_LIVE_FOCUS_VIDEO_BEAUTY_MENU at depot
12-31 15:19:31.896 28370 28370 W CommandIdMap: getSettingKey : Can't find FRONT_LIVE_FOCUS_VIDEO_BEAUTY_MENU at depot
12-31 15:19:31.896 28370 28370 W CommandIdMap: getSettingKey : Can't find FRONT_LIVE_FOCUS_VIDEO_BEAUTY_MENU at depot
12-31 15:19:31.896 28370 28370 W CommandIdMap: getSettingKey : Can't find BACK_LIVE_FOCUS_LITE_BEAUTY_MENU at depot
12-31 15:19:31.896 28370 28370 W CommandIdMap: getSettingKey : Can't find BACK_LIVE_FOCUS_LITE_BEAUTY_MENU at depot
12-31 15:19:31.896 28370 28370 W CommandIdMap: getSettingKey : Can't find SELFIE_FOCUS_BEAUTY_MENU at depot
12-31 15:19:31.896 1087 1174 I SurfaceControl: nativeRelease nativeObject s[517730530432]
12-31 15:19:31.896 28370 28370 W CommandIdMap: getSettingKey : Can't find SELFIE_FOCUS_BEAUTY_MENU at depot
12-31 15:19:31.896 1087 1174 I SurfaceControl: nativeRelease nativeObject e[517730530432]
12-31 15:19:31.896 28370 28370 W CommandIdMap: getSettingKey : Can't find LAUNCH_SETTING_ACTIVITY at depot
12-31 15:19:31.896 28370 28370 W CommandIdMap: getSettingKey : Can't find LAUNCH_SETTING_ACTIVITY at depot
12-31 15:19:31.896 28370 28370 W CommandIdMap: getSettingKey : Can't find BACK_BUTTON at depot
12-31 15:19:31.896 28370 28370 W CommandIdMap: getSettingKey : Can't find BACK_BUTTON at depot
12-31 15:19:31.897 1087 1174 V WindowManager: Relayout hash=ca73769, pid=1087: mAttrs={(0,0)(fillxfill) sim={adjust=pan} layoutInDisplayCutoutMode=shortEdges ty=APPLICATION_STARTING wanim=0x10302f2
12-31 15:19:31.897 1087 1174 V WindowManager: fl=818b0518
12-31 15:19:31.897 1087 1174 V WindowManager: pfl=12020011
12-31 15:19:31.897 1087 1174 V WindowManager: bhv=SHOW_TRANSIENT_BARS_BY_SWIPE
12-31 15:19:31.897 1087 1174 V WindowManager: fitSides= naviIconColor=0}
12-31 15:19:31.897 1087 1174 I SurfaceControl: nativeRelease nativeObject s[518062949120]
12-31 15:19:31.897 1087 1174 I SurfaceControl: nativeRelease nativeObject e[518062949120]
12-31 15:19:31.897 1087 1174 I ViewRootImpl@32ee5f0[camera]: Relayout returned: old=(0,0,1200,1920) new=(0,0,1200,1920) req=(1200,1920)0 dur=2 res=0x1 s={true 514234691584} ch=false fn=2
12-31 15:19:31.898 695 901 D gralloc : [mali_gralloc_allocate] begin
12-31 15:19:31.898 695 901 D gralloc : buffer_descriptor: wh(1200 1920) usage_pc(0x966 0x906) hal_format(0x1) layer_count(1) sizes(0 0 0) strde(0) byte_stride(0) alloc_wh(0 0) internal_format(0x0) alloc_format(0x0) fd_count(1) plane_count(0)
12-31 15:19:31.898 821 5878 D Camera3-Device: CameraPerf: initialize X
12-31 15:19:31.898 821 5878 D Camera3-Device: CameraPerf: initializeCommonLocked: E
12-31 15:19:31.899 549 549 D io_stats: !@ 8,0 r 2331874 84688288 w 729408 23559324 d 300127 68827296 f 269921 354180 iot 1081248 864793 th 102400 0 0 pt 0 inp 0 0 74886.073
12-31 15:19:31.899 821 5878 I Camera3-Status: addComponent: Adding new component 0 - InFlightStatus
12-31 15:19:31.899 821 5878 I Camera3-Status: addComponent: Adding new component 1 - RequestThread
12-31 15:19:31.899 821 5878 D Camera3-Device: CameraPerf: initializeCommonLocked: X
12-31 15:19:31.899 821 2885 I Camera3-Device: Watchdog...
12-31 15:19:31.899 821 5878 E Camera2-FrameProcessorBase: FrameProcessorBase: created
12-31 15:19:31.899 821 5878 E Camera2-FrameProcessorBase: registerListener: Registering listener for frame id range 0 - 2147483647
12-31 15:19:31.899 821 5878 I CameraService: CameraService::finishConnectLocked E
12-31 15:19:31.899 821 5878 I CameraService: wouldEvictLocked: [incoming client] owner = 28370, priority-score=0, cost=51, returnIncompatibleClients=false
12-31 15:19:31.899 821 5878 I CameraService: wouldEvictLocked: [cost info] current cost=0, adding cost=51, total cost=51, max cost=100
12-31 15:19:31.899 821 5878 I CameraService: wouldEvictLocked: [highestPriority] owner=28370, score=0
12-31 15:19:31.900 821 5878 I CameraService: addAndEvict: push the client(owner 28370, priorityScore 0, state 2) to mClients
12-31 15:19:31.900 821 5878 I CameraService: CameraService::finishConnectLocked X
12-31 15:19:31.900 821 5878 I CameraDeviceClient: notifyAppPackageName
12-31 15:19:31.900 821 5878 I CameraDeviceClient: Skip package name notify for samsung camera.
12-31 15:19:31.900 821 5878 I CameraService: Notified package name to HAL.
12-31 15:19:31.901 28370 2869 I CamDeviceManager: [CAMFWKPI] OpenCamera X
12-31 15:19:31.901 28370 2869 I CamDeviceManager: [CAMFWKPI] openCamDevice X
12-31 15:19:31.901 28370 2869 I Request : OpenCameraRequest - End
12-31 15:19:31.901 28370 2869 I RequestQueue: Waiting for a signal : OPEN_CAMERA
12-31 15:19:31.901 28370 2868 I CamDeviceImpl-0: [CAMFWKPI] CameraDeviceStateCallbacks onOpened E - cameraDevice(4eb16cf)
12-31 15:19:31.901 28370 2868 I CamDeviceImpl-0: onOpened - rawParam first-entrance=true;samsungcamera=true;factorytest=false;shootingmode=0;recording-fps=0;sw-vdis=false;video-beautyface=false;vtmode=0;operation_mode=none;ssm_shot_mode=0;recording_dr_mode=sdr;sw-super_vdis=false;stream_type=0;
12-31 15:19:31.901 766 766 D SurfaceFlinger: Display 0 HWC layers:
12-31 15:19:31.901 766 766 D SurfaceFlinger: CLIENT | 0x7b5401ecc0 | 0002 | RGBx_8888 | 360.0 0.0 1560.0 1920.0 | 0 0 1200 1920 | com.android.systemui.ImageWallpaper$_5618#0
12-31 15:19:31.901 766 766 D SurfaceFlinger: CLIENT | 0x7b540200c0 | 0000 | RGBA_8888 | 0.0 0.0 1200.0 1920.0 | 0 0 1200 1920 | com.sec.android.app.launcher/com.sec[...]ties.LauncherActivity$_9202#0 (Blur)
12-31 15:19:31.901 766 766 D SurfaceFlinger: DEVICE | 0x7b5401fd00 | 0002 | RGBA_8888 | 0.0 0.0 1200.0 1920.0 | 84 134 1116 1786 | Splash Screen com.sec.android.app.camera#0
12-31 15:19:31.901 766 766 D SurfaceFlinger: DEVICE | 0x7b5401f300 | 0000 | RGBA_8888 | 0.0 0.0 1200.0 48.0 | 0 0 1200 48 | StatusBar$_5618#0
12-31 15:19:31.901 766 766 D SurfaceFlinger: DEVICE | 0x7b5401f1c0 | 0000 | RGBA_8888 | 0.0 0.0 67.0 270.0 | 1133 360 1200 630 | com.samsung.android.app.cocktailbars[...]arservice.CocktailBarService$_9326#0
12-31 15:19:31.901 766 766 D SurfaceFlinger:
12-31 15:19:31.902 821 5878 D Camera3-Device: CameraPerf: setParameters E
12-31 15:19:31.902 695 901 D gralloc : [mali_gralloc_allocate] allocation successful
12-31 15:19:31.902 713 1136 I ExynosCameraInterface: DEBUG(HAL3_camera_device_set_parameters[516]):
12-31 15:19:31.902 713 1136 I ExynosCameraSec: [CAM(0)][Back_0]-(setParameters[1481]):
12-31 15:19:31.902 713 1136 I ExynosCameraConfigurationsSec: [CAM(0)][Back_0]-(m_checkFastEntrance[1372]):Fast Entrance Enabled !!!
12-31 15:19:31.902 713 1136 I ExynosCameraConfigurationsSec: [CAM(0)][Back_0]-(m_checkSamsungCamera[1390]):Samsung Camera Enabled !!!
12-31 15:19:31.902 713 1136 I ExynosCameraConfigurationsSec: [CAM(0)][Back_0]-(m_checkDeviceSwitching[1519]):device-switching is NULL
12-31 15:19:31.902 713 1136 I ExynosCameraConfigurationsSec: [CAM(0)][Back_0]-(m_checkShootingMode[1765]):shootingmode 0
12-31 15:19:31.902 713 1136 I ExynosCameraConfigurationsSec: [CAM(0)][Back_0]-(m_checkFactorytest[1561]):factory test (0) !!!
12-31 15:19:31.902 713 1136 I ExynosCameraConfigurationsSec: [CAM(0)][Back_0]-(m_checkOperationMode[1609]):operation_mode : 0
12-31 15:19:31.902 713 1136 I ExynosCameraConfigurationsSec: [CAM(0)][Back_0]-(m_checkVtMode[1729]):newVTMode (0)
12-31 15:19:31.902 713 1136 I ExynosCameraSec: [CAM(0)][Back_0]-(m_waitReadRomThreadEnd[31088]):
12-31 15:19:31.902 713 1136 I SecCameraUtil: INFO(isEEprom[219]): SAMSUNG_EEPROM_REAR is not defined
12-31 15:19:31.902 713 1136 I ExynosCameraSec: [CAM(0)][Back_0]-(m_waitReadRomThreadEnd[31100]):m_readRomThread waiting time : duration time( 0 msec)
12-31 15:19:31.902 713 1136 I ExynosCameraSec: [CAM(0)][Back_0]-(m_waitReadRomThreadEnd[31102]):m_readRomThread join
12-31 15:19:31.902 713 1136 I ExynosCameraInterface: DEBUG:duration time( 0 msec):(HAL3_camera_device_set_parameters)
12-31 15:19:31.902 821 5878 D Camera3-Device: CameraPerf: setParameters X
12-31 15:19:31.902 713 2887 I ExynosCameraSec: [CAM(0)][Back_0]-(m_fastenAeThreadFunc[30838]):
12-31 15:19:31.902 28370 2868 I CamDeviceImpl-0: [CAMFWKPI] CameraDeviceStateCallbacks onOpened X - cameraDevice(4eb16cf)
12-31 15:19:31.902 28370 2868 I CameraHolder: onCameraDeviceOpened : id=0
12-31 15:19:31.903 28370 2868 I CameraPerformance: Device - OpenCameraRequest : End[1640960371903]
12-31 15:19:31.903 28370 2868 I RequestQueue: notifyRequest : OPEN_CAMERA
12-31 15:19:31.903 28370 2869 I RequestQueue: Signaled : OPEN_CAMERA
12-31 15:19:31.903 28370 2869 I CommonEngine: changeState : OPENING -> OPENED
12-31 15:19:31.903 28370 2869 I RequestQueue: afterExecute : OPEN_CAMERA(1000)
12-31 15:19:31.903 28370 2869 I RequestQueue: [ ] [5000 2000 3100 3201 3300 3000 3200 3304 4100 4000 5900 ]
12-31 15:19:31.903 28370 2869 I RequestQueue: beforeExecute : STOP_PREVIEW(5000)
12-31 15:19:31.903 28370 2869 W RequestQueue: Invalid request for current state(OPENED)
12-31 15:19:31.903 28370 2869 I RequestQueue: [5000] [2000 3100 3201 3300 3000 3200 3304 4100 4000 5900 ]
12-31 15:19:31.903 28370 2869 I RequestQueue: afterExecute : STOP_PREVIEW(5000)
12-31 15:19:31.903 28370 2869 I RequestQueue: [ ] [2000 3100 3201 3300 3000 3200 3304 4100 4000 5900 ]
12-31 15:19:31.903 28370 2869 I RequestQueue: beforeExecute : START_CONNECTING_MAKER(2000)
12-31 15:19:31.903 28370 2869 I RequestQueue: [2000] [3100 3201 3300 3000 3200 3304 4100 4000 5900 ]
12-31 15:19:31.903 28370 2869 I Request : StartConnectingMakerRequest - Start
12-31 15:19:31.903 28370 2869 I Request : StartConnectingMakerRequest - End
12-31 15:19:31.903 28370 2869 I CommonEngine: changeState : OPENED -> CONNECTING
12-31 15:19:31.903 28370 2869 I RequestQueue: afterExecute : START_CONNECTING_MAKER(2000)
12-31 15:19:31.903 28370 2869 I RequestQueue: [ ] [3100 3201 3300 3000 3200 3304 4100 4000 5900 ]
12-31 15:19:31.903 28370 2869 I RequestQueue: beforeExecute : INITIALIZE_MAKER(3100)
12-31 15:19:31.903 28370 2869 I RequestQueue: [3100] [3201 3300 3000 3200 3304 4100 4000 5900 ]
12-31 15:19:31.903 28370 2869 I Request : InitializeMakerRequest - Start
12-31 15:19:31.903 28370 2869 I CameraPerformance: Maker - InitializeMakerRequest : Start[1640960371903]
12-31 15:19:31.903 28370 2869 I MakerHolder: initializeMaker : Created maker - cameraId=0, maker=com.samsung.android.camera.core2.maker.AutoBeautyPhotoMaker@c25f85c
12-31 15:19:31.903 28370 2869 I CameraPerformance: Maker - InitializeMakerRequest : End[1640960371903] [0]
12-31 15:19:31.903 28370 2869 I Request : InitializeMakerRequest - End
12-31 15:19:31.903 28370 2869 I RequestQueue: afterExecute : INITIALIZE_MAKER(3100)
12-31 15:19:31.903 28370 2869 I RequestQueue: [ ] [3201 3300 3000 3200 3304 4100 4000 5900 ]
12-31 15:19:31.903 28370 2869 I RequestQueue: beforeExecute : CHANGE_PREVIEW_SURFACE_SIZE(3201)
12-31 15:19:31.903 28370 2869 I RequestQueue: [3201] [3300 3000 3200 3304 4100 4000 5900 ]
12-31 15:19:31.903 28370 2869 I Request : ChangePreviewSurfaceSizeRequest - Start
12-31 15:19:31.903 28370 2869 I CameraPerformance: Surface - ChangePreviewSurfaceSizeRequest : Point[1640960371903]
12-31 15:19:31.903 28370 2869 I PreviewManager: calculatePreviewLayoutRect, x=0, y=160, w=1200, h=1600, window w=1200, h=1920, windowRatio=1.6, aspectRatio=1.3333333333333333, getDisplayRotation=0
12-31 15:19:31.903 713 2887 I ExynosCameraFrameFactoryPreview: [CAM(0)][Back_0]-(create[43]):
12-31 15:19:31.904 713 2887 I ExynosCameraFrameFactoryBase: [CAM(0)][Back_0]-(create[37]):
12-31 15:19:31.904 713 2887 I ExynosCameraFrameFactoryPreviewSec: [CAM(0)][Back_0]-(m_setupConfig[256]):
12-31 15:19:31.904 28370 2869 I CameraHolder: getCapability : add capability(0) - Start
12-31 15:19:31.904 713 2887 I ExynosCameraFrameFactoryPreview: [CAM(0)][Back_0]-(m_setDeviceInfo[731]):
12-31 15:19:31.904 28370 2869 I CameraHolder: getCapability : add capability(0) - End [0]
12-31 15:19:31.904 713 2887 I ExynosCameraFrameFactoryPreviewSec: [CAM(0)][Back_0]-(m_constructPipes[340]):
12-31 15:19:31.904 28370 2869 W Request : onChangeSurfaceSizeRequested : ignore this case because preview rect and size are the same with previous one.
12-31 15:19:31.904 28370 2869 I CameraPerformance: Surface - ChangePreviewSurfaceSize : End[1640960371904]
12-31 15:19:31.904 28370 2869 I RequestQueue: notifyRequest : CHANGE_PREVIEW_SURFACE_SIZE
12-31 15:19:31.904 28370 2869 I Request : ChangePreviewSurfaceSizeRequest - End
12-31 15:19:31.904 28370 2869 I RequestQueue: afterExecute : CHANGE_PREVIEW_SURFACE_SIZE(3201)
12-31 15:19:31.904 28370 2869 I RequestQueue: [ ] [3300 3000 3200 3304 4100 4000 5900 ]
12-31 15:19:31.904 28370 2869 I RequestQueue: beforeExecute : PREPARE_MAKER(3300)
12-31 15:19:31.904 28370 2869 I RequestQueue: [3300] [3000 3200 3304 4100 4000 5900 ]
12-31 15:19:31.904 28370 2869 I Request : PrepareMakerRequest - Start
12-31 15:19:31.904 28370 2869 I Request : PrepareMakerRequest - End
12-31 15:19:31.904 28370 2869 I RequestQueue: afterExecute : PREPARE_MAKER(3300)
12-31 15:19:31.904 28370 2869 I RequestQueue: [ ] [3000 3200 3304 4100 4000 5900 ]
12-31 15:19:31.904 28370 2869 I RequestQueue: beforeExecute : CONNECT_MAKER(3000)
12-31 15:19:31.904 28370 2869 I RequestQueue: [3000] [3200 3304 4100 4000 5900 ]
12-31 15:19:31.904 28370 2869 I Request : ConnectMakerRequest - Start
12-31 15:19:31.904 28370 28370 I LayerManagerView: inflate KEY_SCREEN_LAYER : End[1640960371904] [34]
12-31 15:19:31.904 28370 28370 I CameraPerformance: Launch - InflatePreLoadingLayer : End[1640960371904] [34]
12-31 15:19:31.904 28370 2869 I CameraPerformance: Maker - ConnectMakerRequest : Start[1640960371904]
12-31 15:19:31.905 28370 2869 I AutoBeautyPhotoMaker: [CAMFWKPI] connectCamDevice E - CamDeviceImpl(5483e48) - id(0) - CameraDevice(4eb16cf), , mainPreviewSurfaceSize = 1920x1440, pictureEncodeFormat = 256, firstPicCbImgSizeConfig = PicCbImgSizeConfig{size=4128x3096, physicalId='null', scaleType=null}, parameters = 66ca4e1, 52c50eb
12-31 15:19:31.905 28370 2869 I CamDeviceImpl-0: createRequestBuilder Template 1 IdSet null
12-31 15:19:31.905 821 5878 D Camera3-Device: CameraPerf: constructDefaultRequestSettings templateId: 1 E
12-31 15:19:31.905 713 1136 I ExynosCameraInterface: INFO(HAL3_camera_device_construct_default_request_settings[446]):in =====
12-31 15:19:31.905 713 1136 I ExynosCameraMetadataConverter: [CAM(0)][]-(constructDefaultRequestSettings[95]):Type(1)
12-31 15:19:31.905 713 1136 I ExynosCameraMetadataConverter: [CAM(0)][]-(constructDefaultRequestSettings[124]):type is ANDROID_CONTROL_CAPTURE_INTENT_PREVIEW
12-31 15:19:31.905 713 1136 I ExynosCameraMetadataConverter: [CAM(0)][]-(constructDefaultRequestSettings[478]):Registered default request template(1)
12-31 15:19:31.905 713 1136 I ExynosCamera: [CAM(0)][Back_0]-(construct_default_request_settings[1172]):out
12-31 15:19:31.905 713 1136 I ExynosCameraInterface: INFO(HAL3_camera_device_construct_default_request_settings[455]):out =====
12-31 15:19:31.905 713 1136 I ExynosCameraInterface: DEBUG:duration time( 0 msec):(HAL3_camera_device_construct_default_request_settings)
12-31 15:19:31.906 821 5878 D Camera3-Device: CameraPerf: constructDefaultRequestSettings X
12-31 15:19:31.906 28370 2869 I CamDeviceImpl-0: createRequestBuilder Template 2 IdSet null
12-31 15:19:31.906 821 5878 D Camera3-Device: CameraPerf: constructDefaultRequestSettings templateId: 2 E
12-31 15:19:31.907 713 1136 I ExynosCameraInterface: INFO(HAL3_camera_device_construct_default_request_settings[446]):in =====
12-31 15:19:31.907 713 1136 I ExynosCameraMetadataConverter: [CAM(0)][]-(constructDefaultRequestSettings[95]):Type(2)
12-31 15:19:31.907 713 1136 I ExynosCameraMetadataConverter: [CAM(0)][]-(constructDefaultRequestSettings[128]):type is CAMERA3_TEMPLATE_STILL_CAPTURE
12-31 15:19:31.907 713 1136 I ExynosCameraMetadataConverter: [CAM(0)][]-(constructDefaultRequestSettings[478]):Registered default request template(2)
12-31 15:19:31.907 713 1136 I ExynosCamera: [CAM(0)][Back_0]-(construct_default_request_settings[1172]):out
12-31 15:19:31.907 713 1136 I ExynosCameraInterface: INFO(HAL3_camera_device_construct_default_request_settings[455]):out =====
12-31 15:19:31.907 713 1136 I ExynosCameraInterface: DEBUG:duration time( 0 msec):(HAL3_camera_device_construct_default_request_settings)
12-31 15:19:31.907 713 2887 I ExynosCameraFrameFactoryPreviewSec: [CAM(0)][Back_0]-(m_constructPipes[564]):pipe ids for preview
12-31 15:19:31.907 713 2887 I ExynosCameraFrameFactoryPreviewSec: [CAM(0)][Back_0]-(m_constructPipes[567]):m_pipes[0] : PipeId(0)
12-31 15:19:31.907 713 2887 I ExynosCameraFrameFactoryPreviewSec: [CAM(0)][Back_0]-(m_constructPipes[567]):m_pipes[5] : PipeId(5)
12-31 15:19:31.907 713 2887 I ExynosCameraFrameFactoryPreviewSec: [CAM(0)][Back_0]-(m_constructPipes[567]):m_pipes[10] : PipeId(10)
12-31 15:19:31.907 713 2887 I ExynosCameraFrameFactoryPreviewSec: [CAM(0)][Back_0]-(m_constructPipes[567]):m_pipes[16] : PipeId(16)
12-31 15:19:31.907 713 2887 I ExynosCameraFrameFactoryPreviewSec: [CAM(0)][Back_0]-(m_constructPipes[567]):m_pipes[23] : PipeId(23)
12-31 15:19:31.907 713 2887 I ExynosCameraFrameFactoryPreviewSec: [CAM(0)][Back_0]-(m_constructPipes[567]):m_pipes[31] : PipeId(31)
12-31 15:19:31.907 713 2887 I ExynosCameraFrameFactoryPreviewSec: [CAM(0)][Back_0]-(m_constructPipes[567]):m_pipes[32] : PipeId(32)
12-31 15:19:31.907 1087 1174 I ViewRootImpl@32ee5f0[camera]: [DP] pdf(0) 1 android.view.ViewRootImpl.performDraw:4885 android.view.ViewRootImpl.performTraversals:3936 android.view.ViewRootImpl.doTraversal:2669
12-31 15:19:31.907 713 2887 I ExynosCameraFrameFactoryPreviewSec: [CAM(0)][Back_0]-(m_constructPipes[567]):m_pipes[33] : PipeId(33)
12-31 15:19:31.907 713 2887 I ExynosCameraFrameFactoryPreviewSec: [CAM(0)][Back_0]-(m_constructPipes[567]):m_pipes[34] : PipeId(34)
12-31 15:19:31.907 1087 1174 I ViewRootImpl@32ee5f0[camera]: [DP] rdf()
12-31 15:19:31.907 713 2887 I ExynosCameraFrameFactoryPreviewSec: [CAM(0)][Back_0]-(m_constructPipes[567]):m_pipes[39] : PipeId(39)
12-31 15:19:31.907 713 2887 I ExynosCameraFrameFactoryPreviewSec: [CAM(0)][Back_0]-(m_constructPipes[567]):m_pipes[40] : PipeId(40)
12-31 15:19:31.907 713 2887 I ExynosCameraFrameFactoryPreviewSec: [CAM(0)][Back_0]-(m_constructPipes[567]):m_pipes[41] : PipeId(41)
12-31 15:19:31.907 713 2887 I ExynosCameraFrameFactoryPreviewSec: [CAM(0)][Back_0]-(m_constructPipes[567]):m_pipes[42] : PipeId(42)
12-31 15:19:31.907 713 2887 I ExynosCameraMCPipe: [CAM(0)][PIPE_FLITE]-(m_preCreate[1446]):m_preCreate() is succeed, Pipe(0), prepare(0)
12-31 15:19:31.907 713 2887 I ExynosCameraMCPipe: [CAM(0)][PIPE_FLITE]-(m_postCreate[1471]):m_postCreate() is succeed, Pipe(0)
12-31 15:19:31.907 1087 1174 D WindowManager: finishDrawingWindow: Window{ca73769 u0 Splash Screen com.sec.android.app.camera} mDrawState=HAS_DRAWN
12-31 15:19:31.907 821 5878 D Camera3-Device: CameraPerf: constructDefaultRequestSettings X
12-31 15:19:31.910 28370 2869 I AutoBeautyPhotoMaker: setSessionKeys - CaptureRequest.Key(samsung.android.control.recordingDrMode) : 0 is not available
12-31 15:19:31.910 28370 2869 I AutoBeautyPhotoMaker: setSessionKeys - CaptureRequest.Key(samsung.android.control.swVideoStabilization) : 0
12-31 15:19:31.912 28370 2869 I AutoBeautyPhotoMaker: setSessionKeys - CaptureRequest.Key(samsung.android.control.videoBeautyFace) : false
12-31 15:19:31.913 28370 2869 I AutoBeautyPhotoMaker: setSessionKeys - CaptureRequest.Key(samsung.android.control.ssmShotMode) : 0 is not available
12-31 15:19:31.913 28370 2869 I AutoBeautyPhotoMaker: setSessionKeys - CaptureRequest.Key(samsung.android.control.swSuperVideoStabilization) : false
12-31 15:19:31.913 28370 30738 I roid.app.camer: Waiting for a blocking GC ProfileSaver
12-31 15:19:31.913 28370 2869 I AutoBeautyPhotoMaker: setSessionKeys - CaptureRequest.Key(samsung.android.sensor.streamType) : 0
12-31 15:19:31.914 28370 2869 I AutoBeautyPhotoMaker: setSessionKeys - CaptureRequest.Key(samsung.android.control.recordingMaxFps) : 0
12-31 15:19:31.914 28370 2869 I AutoBeautyPhotoMaker: [CAMFWKPI] createCaptureSession E
12-31 15:19:31.914 28370 2890 I AutoBeautyPhotoMaker: run InitializeMakerThread
12-31 15:19:31.915 28370 2890 I P_PhotoMakerBase: initializeMaker E
12-31 15:19:31.915 28370 2890 I PictureProcessorManager: initialize E
12-31 15:19:31.915 28370 2890 I CameraPerformance: ImmediateProcessor - DeviceMemoryLevel : 3
12-31 15:19:31.915 28370 2890 I CameraPerformance: IppNodeController - createNodeChain E
12-31 15:19:31.915 28370 28370 I CameraPerformance: Launch - onCreate : End[1640960371915] [77]
12-31 15:19:31.915 28370 2869 I SessionConfig: dumpSessionConfig - mainPreviewSurfaceConfig : surface null, option 1, physicalId null size 1920x1440 source null
12-31 15:19:31.915 28370 2869 I SessionConfig: dumpSessionConfig - mainPreviewCbConfig : format YUV_420_888, size 1920x1440, option 1, physicalId null
12-31 15:19:31.915 28370 2869 I SessionConfig: dumpSessionConfig - first compPicCbConfig : format JPEG, size 4128x3096, option 2, physicalId null
12-31 15:19:31.915 28370 2869 I SessionConfig: dumpSessionConfig - first unCompPicCbConfig : format YUV_420_888, size 4128x3096, option 2, physicalId null
12-31 15:19:31.915 28370 2869 I SessionConfig: dumpSessionConfig - thumbnailCbConfig : format YUV_420_888, size 512x384, option 4, physicalId null
12-31 15:19:31.915 28370 2869 I SessionConfig: dumpSessionConfig - previewRequestBuilderMap {Pair{0 null}=android.hardware.camera2.CaptureRequest$Builder@9fc0f19}
12-31 15:19:31.915 28370 2869 I SessionConfig: dumpSessionConfig - pictureRequestBuilderMap {Pair{0 null}=android.hardware.camera2.CaptureRequest$Builder@3423bde}
12-31 15:19:31.915 28370 2869 I SessionConfig: dumpSessionConfig - recordRequestBuilderMap null
12-31 15:19:31.915 28370 2890 W NodeFactory: creating dummyNode which is instance of com.samsung.android.camera.core2.node.contentsDetector.ContDetectorDummyNode
12-31 15:19:31.915 28370 2869 I SessionConfig: dumpSessionConfig - cameraParameter first-entrance=false;samsungcamera=true;factorytest=false;shootingmode=1;recording-fps=0;sw-vdis=false;video-beautyface=false;vtmode=0;operation_mode=none;ssm_shot_mode=0;recording_dr_mode=sdr;sw-super_vdis=false;stream_type=0;
12-31 15:19:31.915 28370 2869 I SessionConfig: dumpSessionConfig - sessionStateCallback com.samsung.android.camera.core2.maker.PhotoMakerBase$8@d2551bf
12-31 15:19:31.916 28370 2869 I CamDeviceImpl-0: createCaptureSessionInternal E
12-31 15:19:31.916 28370 2869 I CamDeviceImpl-0: createMainPreviewImageReader
12-31 15:19:31.916 28370 2890 I ContDetectorDummyNode: ContDetectorDummyNode - id -1, hasNativeNode false
12-31 15:19:31.916 28370 2890 W NodeFactory: creating dummyNode which is instance of com.samsung.android.camera.core2.node.singleInFocus.samsung.SingleInFocusDummyNode
12-31 15:19:31.916 28370 2890 I SingleInFocusDummyNode: SingleInFocusDummyNode - id -1, hasNativeNode false
12-31 15:19:31.917 28370 2890 I SecLocaltmNode: SecLocaltmNode - id 2400100, hasNativeNode true
12-31 15:19:31.917 28370 2890 W NodeFactory: creating dummyNode which is instance of com.samsung.android.camera.core2.node.srDeblur.SrDeblurDummyNode
12-31 15:19:31.917 28370 2890 I SrDeblurDummyNode: SrDeblurDummyNode - id -1, hasNativeNode false
12-31 15:19:31.918 28370 2890 W NodeFactory: creating dummyNode which is instance of com.samsung.android.camera.core2.node.ultraLensDistortion.UltraLensDistortionDummyNode
12-31 15:19:31.918 28370 2890 I UltraLensDistortionDumm: UltraLensDistortionDummyNode - id -1, hasNativeNode false
12-31 15:19:31.919 28370 2890 I ExternalJpegNode: ExternalJpegNode - id 900100, hasNativeNode true
12-31 15:19:31.919 28370 2890 I ExternalJpegNode: ExternalJpegNode - id 900100, hasNativeNode true
12-31 15:19:31.920 28370 28370 I VerificationLog: onResume
12-31 15:19:31.920 28370 2890 I SecHeifNode: SecHeifNode - id 300, hasNativeNode true
12-31 15:19:31.920 28370 28370 I CameraPerformance: Launch - onResume : Start[1640960371920]
12-31 15:19:31.920 28370 2869 I CamDeviceHandlerManager: getImageReaderHandler - MAIN_PREVIEW
12-31 15:19:31.920 28370 2869 I CamDeviceHandlerManager: startImageReaderHandlerThread-MAIN_PREVIEW
12-31 15:19:31.920 28370 2890 I SecHeifNode: SecHeifNode - id 300, hasNativeNode true
12-31 15:19:31.920 28370 28370 W StorageUtils: isExternalSdStorageMounted : mSdStorageVolumeInternalPath is null
12-31 15:19:31.921 28370 2890 I SefNode : SefNode - id 170, hasNativeNode false
12-31 15:19:31.921 28370 2890 I SecEffectProcessorNode: SecEffectProcessorNode - id 310, hasNativeNode false
12-31 15:19:31.922 28370 2890 W NodeFactory: creating dummyNode which is instance of com.samsung.android.camera.core2.node.superResolution.SuperResolutionDummyNode
12-31 15:19:31.922 28370 2890 I SuperResolutionDummyNod: SuperResolutionDummyNode - id -1, hasNativeNode false
12-31 15:19:31.922 28370 2890 W NodeFactory: creating dummyNode which is instance of com.samsung.android.camera.core2.node.highRes.HighResDummyNode
12-31 15:19:31.923 28370 2869 I CamDeviceImpl-0: createPicImageReader - create(FIRST_COMP, cnt:5)
12-31 15:19:31.923 28370 2890 I HighResDummyNode: HighResDummyNode - id -1, hasNativeNode false
12-31 15:19:31.923 28370 2869 I CamDeviceHandlerManager: getImageReaderHandler - FIRST_COMPRESSED_PICTURE
12-31 15:19:31.923 28370 2869 I CamDeviceHandlerManager: startImageReaderHandlerThread-FIRST_COMPRESSED_PICTURE
12-31 15:19:31.924 28370 2890 W NodeFactory: creating dummyNode which is instance of com.samsung.android.camera.core2.node.allInFocus.arcsoft.AllInFocusDummyNode
12-31 15:19:31.924 28370 2890 I AllInFocusDummyNode: AllInFocusDummyNode - id -1, hasNativeNode false
12-31 15:19:31.924 28370 2890 W NodeFactory: creating dummyNode which is instance of com.samsung.android.camera.core2.node.uwSuperResolution.UwSuperResolutionDummyNode
12-31 15:19:31.924 28370 28370 I StorageUtils: setStorageStatus storage : 0, status : 1
12-31 15:19:31.925 28370 2869 I CamDeviceImpl-0: createPicImageReader - create(FIRST_UN_COMP, cnt:7)
12-31 15:19:31.925 28370 2890 I UwSuperResolutionDummyN: UwSuperResolutionDummyNode - id -1, hasNativeNode false
12-31 15:19:31.925 28370 2890 W NodeFactory: creating dummyNode which is instance of com.samsung.android.camera.core2.node.superResolutionRaw.SuperResolutionRawDummyNode
12-31 15:19:31.925 28370 2890 I SuperResolutionRawDummy: SuperResolutionRawDummyNode - id -1, hasNativeNode false
12-31 15:19:31.925 28370 2890 W NodeFactory: creating dummyNode which is instance of com.samsung.android.camera.core2.node.sshdr.SsHdrDummyNode
12-31 15:19:31.925 28370 2869 I CamDeviceHandlerManager: getImageReaderHandler - FIRST_UNCOMPRESSED_PICTURE
12-31 15:19:31.925 28370 2890 I SsHdrDummyNode: SsHdrDummyNode - id -1, hasNativeNode false
12-31 15:19:31.925 28370 2869 I CamDeviceHandlerManager: startImageReaderHandlerThread-FIRST_UNCOMPRESSED_PICTURE
12-31 15:19:31.926 28370 2890 I V1/ArcLlHdrNode: ArcLlHdrNode - id 1100100, hasNativeNode true
12-31 15:19:31.926 28370 2890 W NodeFactory: creating dummyNode which is instance of com.samsung.android.camera.core2.node.socialImgEnhance.SocialImgEnhanceDummyNode
12-31 15:19:31.926 28370 2890 I SocialImgEnhanceDummyNo: SocialImgEnhanceDummyNode - id -1, hasNativeNode false
12-31 15:19:31.926 28370 2890 I V1/ArcMfHdrNode: ArcMfHdrNode - id 600100, hasNativeNode true
12-31 15:19:31.926 28370 2890 I V1/MpiHifiLlsNode: MpiHifiLlsNode - id 1700100, hasNativeNode true
12-31 15:19:31.926 28370 2890 I CameraPerformance: IppNodeController - createNodeChain X
12-31 15:19:31.926 28370 2890 I PictureProcessorManager: initialize X
12-31 15:19:31.926 28370 2890 I V1/IntelligentGuideNode: IntelligentGuideNode - id 2100100, hasNativeNode true
12-31 15:19:31.927 28370 2890 I SecEffectProcessorNode: SecEffectProcessorNode - id 310, hasNativeNode false
12-31 15:19:31.927 28370 2890 I P_PhotoMakerBase: initializeMaker X
12-31 15:19:31.927 28370 2890 I AutoBeautyPhotoMaker: initializeMaker E
12-31 15:19:31.927 28370 2890 I V4/SecBeautyNode: SecBeautyNode - id 100400, hasNativeNode true
12-31 15:19:31.927 28370 2890 I V4/SecBeautyNode: created - BeautyInitParam - previewSize 1920x1440, camCapability(7578851), shootingMode 0
12-31 15:19:31.927 28370 2890 I V1/SribStarEffectNode: SribStarEffectNode - id 2200100, hasNativeNode true
12-31 15:19:31.927 28370 2890 I V2/SrcbSmartScanNode: SrcbSmartScanNode - id 2500200, hasNativeNode true
12-31 15:19:31.928 1087 6886 D ActivityTaskManager: getRecentPairTasks() maxNum :3 from 10125
12-31 15:19:31.928 28370 2869 I CamDeviceImpl-0: createThumbnailImageReader - create
12-31 15:19:31.928 1087 6886 D RecentTaskItemController: getRecentPairTasksImpl() maxNum :3 from 10125
12-31 15:19:31.928 28370 2869 I CamDeviceHandlerManager: getImageReaderHandler - THUMBNAIL
12-31 15:19:31.928 28370 2869 I CamDeviceHandlerManager: startImageReaderHandlerThread-THUMBNAIL
12-31 15:19:31.929 28370 2869 I CamDeviceImpl-0: setCameraParameter - rawParam first-entrance=false;samsungcamera=true;factorytest=false;shootingmode=1;recording-fps=0;sw-vdis=false;video-beautyface=false;vtmode=0;operation_mode=none;ssm_shot_mode=0;recording_dr_mode=sdr;sw-super_vdis=false;stream_type=0;
12-31 15:19:31.930 821 5878 D Camera3-Device: CameraPerf: setParameters E
12-31 15:19:31.930 713 1136 I ExynosCameraInterface: DEBUG(HAL3_camera_device_set_parameters[516]):
12-31 15:19:31.930 713 1136 I ExynosCameraSec: [CAM(0)][Back_0]-(setParameters[1481]):
12-31 15:19:31.930 713 1136 I ExynosCameraConfigurationsSec: [CAM(0)][Back_0]-(m_checkFastEntrance[1372]):Fast Entrance Disabled !!!
12-31 15:19:31.930 713 1136 I ExynosCameraConfigurationsSec: [CAM(0)][Back_0]-(m_checkSamsungCamera[1390]):Samsung Camera Enabled !!!
12-31 15:19:31.930 713 1136 I ExynosCameraConfigurationsSec: [CAM(0)][Back_0]-(m_checkShootingMode[1765]):shootingmode 1
12-31 15:19:31.930 713 1136 I ExynosCameraConfigurationsSec: [CAM(0)][Back_0]-(m_checkFactorytest[1561]):factory test (0) !!!
12-31 15:19:31.930 713 1136 I ExynosCameraConfigurationsSec: [CAM(0)][Back_0]-(m_checkOperationMode[1609]):operation_mode : 0
12-31 15:19:31.930 713 1136 I ExynosCameraConfigurationsSec: [CAM(0)][Back_0]-(m_checkVtMode[1729]):newVTMode (0)
12-31 15:19:31.931 28370 2890 I ExternalJpegNode: ExternalJpegNode - id 900100, hasNativeNode true
12-31 15:19:31.931 713 1136 I ExynosCameraInterface: DEBUG:duration time( 1 msec):(HAL3_camera_device_set_parameters)
12-31 15:19:31.931 821 5878 D Camera3-Device: CameraPerf: setParameters X
12-31 15:19:31.931 28370 2890 I SecHeifNode: SecHeifNode - id 300, hasNativeNode true
12-31 15:19:31.931 28370 2890 I WaterMarkNode: WaterMarkNode - id 150, hasNativeNode false
12-31 15:19:31.931 28370 2890 I AutoBeautyPhotoMaker: setRepeatingKey - RepeatingKey - id 1, name LIVE_BEAUTY, repeatingMode MAIN_PREVIEW_CALLBACK_ONLY, frameRate RATIO_MAX_PREVIEW_FPS, enable: true
12-31 15:19:31.931 28370 2890 I ImageUtils: size : 640, 480
12-31 15:19:31.931 28370 2890 I AgifNode: AgifNode - id 250, hasNativeNode false
12-31 15:19:31.931 28370 2890 I AgifNode: initialize - activate true, asyncInit false(delay 0ms)
12-31 15:19:31.931 28370 2890 I AgifNode: setActivate - activate true
12-31 15:19:31.932 28370 2890 I SaivQRCodeNode: SaivQRCodeNode - id 110, hasNativeNode false
12-31 15:19:31.932 28370 2890 I SribSceneDetectionNode: SribSceneDetectionNode - id 290, hasNativeNode false
12-31 15:19:31.932 28370 2890 W CLog : Tag(SribSceneDetectionNode/SceneStateManager)'s length(40) is longer than limit(23).
12-31 15:19:31.932 28370 2890 I PolarrCompositionGuideN: PolarrCompositionGuideNode - id 320, hasNativeNode true
12-31 15:19:31.932 28370 2890 I DmcPalmNode: DmcPalmNode - id 120, hasNativeNode true
12-31 15:19:31.932 28370 2890 I AutoBeautyPhotoMaker: initializeMaker X
12-31 15:19:31.933 821 5878 D Camera3-Device: waitUntilDrained: mInterfaceLock.unlock()
12-31 15:19:31.934 1087 8160 V SystemKeyManager: requestSystemKeyEvent() is called keyCode=26 componentName=ComponentInfo{com.sec.android.app.camera/com.sec.android.app.camera.Camera} request=false
12-31 15:19:31.934 1087 8160 D StatusBarManagerService: notifyRequestedSystemKey recent=false home=false
12-31 15:19:31.934 1087 8160 V SystemKeyManager: requestSystemKeyEvent() is called keyCode=3 componentName=ComponentInfo{com.sec.android.app.camera/com.sec.android.app.camera.Camera} request=false
12-31 15:19:31.934 1087 8160 D StatusBarManagerService: notifyRequestedSystemKey recent=false home=false
12-31 15:19:31.935 1087 8160 V SystemKeyManager: requestSystemKeyEvent() is called keyCode=187 componentName=ComponentInfo{com.sec.android.app.camera/com.sec.android.app.camera.Camera} request=false
12-31 15:19:31.935 1087 8160 D StatusBarManagerService: notifyRequestedSystemKey recent=false home=false
12-31 15:19:31.935 821 5878 D CameraDeviceClient: createStream E
12-31 15:19:31.935 821 5878 D Camera3-Device: createStream: mInterfaceLock.lock()
12-31 15:19:31.935 821 5878 D Camera3-Device: createStream: Camera 0: Creating new stream 0: 1920 x 1440, format 34, dataspace 0 rotation 0 consumer usage 2304, isShared 0, physicalCameraId
12-31 15:19:31.935 821 5878 D Camera3-Device: createStream: mInterfaceLock.unlock()
12-31 15:19:31.935 821 5878 D Camera3-Device: setStreamTransform: mInterfaceLock.lock()
12-31 15:19:31.935 821 5878 D Camera3-OutputStream: setTransformLocked: option(1) ,transform(12)
12-31 15:19:31.935 1087 8160 V SystemKeyManager: requestSystemKeyEvent() is called keyCode=4 componentName=ComponentInfo{com.sec.android.app.camera/com.sec.android.app.camera.Camera} request=false
12-31 15:19:31.936 821 5878 D CameraDeviceClient: createStream E
12-31 15:19:31.936 821 5878 D CameraDeviceClient: createSurfaceFromGbp E: cameraId=0, isStreamInfoValid=0, option=1
12-31 15:19:31.936 821 5878 D CameraDeviceClient: createSurfaceFromGbp: consumer usage flag: 3, useAsync: 0
12-31 15:19:31.936 28370 28370 I AudioUtil: isForceShutterSoundRequired owner is true : 0
12-31 15:19:31.937 1087 8160 D PowerManagerService: [api] setAutoBrightnessLimit : lowerLimit 120 upperLimit : -1 slowChange : false (uid: 10098 pid: 28370)
12-31 15:19:31.937 1087 8160 D PowerManagerService: mDisplayReady: false
12-31 15:19:31.937 1087 1196 D DisplayPowerController: animateScreenStateChange: target=2, targetInternal=2, dualScreenPolicy=-1
12-31 15:19:31.937 1087 1196 D DisplayPowerController: getFinalBrightness : [autoBrightnessLowerLimit = 5 (0.02) -> 120 (0.47)]
12-31 15:19:31.937 821 5878 D CameraDeviceClient: createSurfaceFromGbp: width=1920, height=1440, format=35, dataSpace=146931712
12-31 15:19:31.937 821 5878 D CameraDeviceClient: createSurfaceFromGbp X
12-31 15:19:31.937 1087 1196 D DisplayPowerController: getFinalBrightness : Summary is 5 (0.02) -> 120 (0.47)
12-31 15:19:31.938 28370 28370 I AudioUtil: isForcedSoundWaiverCondition : network = [pl], waiver condition = true
12-31 15:19:31.938 28370 28370 I CameraAudioManagerImpl: checkForcedShutterSound : result = false
12-31 15:19:31.938 821 5878 D Camera3-Device: createStream: mInterfaceLock.lock()
12-31 15:19:31.938 821 5878 D Camera3-Device: createStream: Camera 0: Creating new stream 1: 1920 x 1440, format 35, dataspace 146931712 rotation 0 consumer usage 0, isShared 0, physicalCameraId
12-31 15:19:31.938 821 5878 D Camera3-Device: createStream: mInterfaceLock.unlock()
12-31 15:19:31.938 821 5878 D CameraDeviceClient: createStream: Camera 0: Successfully created a new stream ID 1 for output surface (1920 x 1440) with format 0x23.
12-31 15:19:31.938 821 5878 D Camera3-Device: setStreamTransform: mInterfaceLock.lock()
12-31 15:19:31.938 821 5878 D Camera3-OutputStream: setTransformLocked: option(1) ,transform(12)
12-31 15:19:31.938 821 5878 D CameraDeviceClient: createStream X
12-31 15:19:31.939 821 5878 D CameraDeviceClient: createStream E
12-31 15:19:31.939 821 5878 D CameraDeviceClient: createSurfaceFromGbp E: cameraId=0, isStreamInfoValid=0, option=2
12-31 15:19:31.939 821 5878 D CameraDeviceClient: createSurfaceFromGbp: consumer usage flag: 3, useAsync: 0
12-31 15:19:31.939 1087 1196 D DisplayPowerController: Animating brightness: target=120 (0.47), rate=0.7058823 (PSM:, AB limit:(120 (0.47) ~ -1 (NaN)) MB Limit:( -1 (NaN) ~ -1 (NaN))
12-31 15:19:31.939 28370 28370 W CameraAudioManagerImpl: openBluetoothProxy : bluetooth is not enabled
12-31 15:19:31.939 28370 2866 I Camera11: stopInactivityTimer
12-31 15:19:31.939 28370 2866 I Camera11: startInactivityTimer
12-31 15:19:31.940 821 5878 D CameraDeviceClient: createSurfaceFromGbp: width=4128, height=3096, format=33, dataSpace=146931712
12-31 15:19:31.940 821 5878 D CameraDeviceClient: createSurfaceFromGbp X
12-31 15:19:31.941 821 5878 D Camera3-Device: createStream: mInterfaceLock.lock()
12-31 15:19:31.941 821 5878 D Camera3-Device: createStream: Camera 0: Creating new stream 2: 4128 x 3096, format 33, dataspace 146931712 rotation 0 consumer usage 0, isShared 0, physicalCameraId
12-31 15:19:31.941 821 5878 D Camera3-Device: createStream: mInterfaceLock.unlock()
12-31 15:19:31.941 1087 1196 D DisplayPowerController: putScreenBrightnessSetting: transitionTime=639
12-31 15:19:31.941 821 5878 D CameraDeviceClient: createStream: Camera 0: Successfully created a new stream ID 2 for output surface (4128 x 3096) with format 0x21.
12-31 15:19:31.941 1087 1196 D SettingsProvider: isChangeAllowed() : name = auto_brightness_transition_time
12-31 15:19:31.941 821 5878 D Camera3-Device: setStreamTransform: mInterfaceLock.lock()
12-31 15:19:31.941 28370 28370 I CameraPerformance: Launch - onResume : End[1640960371941] [21]
12-31 15:19:31.941 821 5878 D Camera3-OutputStream: setTransformLocked: option(2) ,transform(12)
12-31 15:19:31.941 821 5878 D CameraDeviceClient: createStream X
12-31 15:19:31.942 1087 1196 D DisplayPowerController: putScreenBrightnessSetting: brightness=120 (0.47)
12-31 15:19:31.942 821 5878 D CameraDeviceClient: createStream E
12-31 15:19:31.942 821 5878 D CameraDeviceClient: createSurfaceFromGbp E: cameraId=0, isStreamInfoValid=0, option=2
12-31 15:19:31.942 1087 1196 D SettingsProvider: isChangeAllowed() : name = screen_brightness_float
12-31 15:19:31.943 821 5878 D CameraDeviceClient: createSurfaceFromGbp: consumer usage flag: 3, useAsync: 0
12-31 15:19:31.943 1087 1196 I GenerationRegistry: mBackingStore.isClosed() : false
12-31 15:19:31.944 1087 1196 D PowerManagerService: DisplayPowerCallbacks : onStateChanged()
12-31 15:19:31.944 821 5878 D CameraDeviceClient: createSurfaceFromGbp: width=4128, height=3096, format=35, dataSpace=146931712
12-31 15:19:31.944 821 5878 D CameraDeviceClient: createSurfaceFromGbp X
12-31 15:19:31.944 1087 1196 D PowerManagerService: mDisplayReady: true
12-31 15:19:31.947 821 5878 D Camera3-Device: createStream: mInterfaceLock.lock()
12-31 15:19:31.947 821 5878 D Camera3-Device: createStream: Camera 0: Creating new stream 3: 4128 x 3096, format 35, dataspace 146931712 rotation 0 consumer usage 0, isShared 0, physicalCameraId
12-31 15:19:31.947 1087 1196 D DisplayPowerController: [api] SettingsObserver: onChange: content://settings/system/screen_brightness_float
12-31 15:19:31.948 5618 5618 D StatusBar.BrightnessController: BrightnessObserver.onChange() : BRIGHTNESS_FLOAT_URI
12-31 15:19:31.948 1087 1196 D DisplayPowerController: [api] handleSettingsChange: sm: 1 sb: 0.471 csb: 0.000 abAdj: 0.000 sbVr: 0.706
12-31 15:19:31.948 1087 1196 D DisplayPowerController: animateScreenStateChange: target=2, targetInternal=2, dualScreenPolicy=-1
12-31 15:19:31.948 1087 1196 D DisplayPowerController: getFinalBrightness : [autoBrightnessLowerLimit = 5 (0.02) -> 120 (0.47)]
12-31 15:19:31.948 1087 1196 D DisplayPowerController: getFinalBrightness : Summary is 5 (0.02) -> 120 (0.47)
12-31 15:19:31.949 1087 1087 D BrightnessSynchronizer: onChange: uri: content://settings/system/screen_brightness_float selfChange: false mPreferredSettingValue: 0.019607842(5) currentBrightnessInt: 5 currentBrightnessIntFromFloat: 120(0.47058824)
12-31 15:19:31.949 1087 1087 D BrightnessSynchronizer: onChange: last float changed: 0.47058824 -> 120
12-31 15:19:31.949 1087 1087 D SettingsProvider: isChangeAllowed() : name = screen_brightness
12-31 15:19:31.949 5618 5688 D StatusBar.BrightnessController: mUpdateSliderRunnable() = 0.47058824, valueAsIntBits = 1055977713
12-31 15:19:31.949 28370 30738 I roid.app.camer: WaitForGcToComplete blocked ProfileSaver on HeapTrim for 36.079ms
12-31 15:19:31.950 1087 1087 I GenerationRegistry: mBackingStore.isClosed() : false
12-31 15:19:31.950 821 5878 D Camera3-Device: createStream: mInterfaceLock.unlock()
12-31 15:19:31.950 821 5878 D CameraDeviceClient: createStream: Camera 0: Successfully created a new stream ID 3 for output surface (4128 x 3096) with format 0x23.
12-31 15:19:31.950 821 5878 D Camera3-Device: setStreamTransform: mInterfaceLock.lock()
12-31 15:19:31.950 821 5878 D Camera3-OutputStream: setTransformLocked: option(2) ,transform(12)
12-31 15:19:31.950 821 5878 D CameraDeviceClient: createStream X
12-31 15:19:31.950 1087 6854 D InputTransport: Input channel constructed: 'f474a75', fd=681
12-31 15:19:31.950 1087 6854 D InputTransport: Input channel constructed: 'f474a75', fd=692
12-31 15:19:31.950 5618 5618 D StatusBar.BrightnessController: updateSlider() = 118, brightnessValue = 0.47058824, min = 2.0
