12-31 15:19:57.387 9202 9202 I MultiThreadLoaderResults: executeCallbacksTask!
12-31 15:19:57.387 9202 9202 I MultiThreadLoaderResults: bindWorkspaceItems[remained]: executeCallbacksTask,callback id = 96924608, screen = -1010
12-31 15:19:57.390 9202 9202 I LiveIconViewUpdater: onUpdateLiveIcon 28
12-31 15:19:57.390 9202 9202 I LiveIconViewUpdater: onUpdateLiveIcon 28
12-31 15:19:57.390 9202 9202 I FolderIconView: onLoadedFromViewHolder : 20
12-31 15:19:57.391 9202 9202 I AppIconSolution: getThemeIconWithBG called with public API, pkg = null
12-31 15:19:57.391 719 772 I snap_api::V3: aic_classifier_cnn_light.caffemodel Session Close time taken : 34.924 ms
12-31 15:19:57.391 719 772 I snap_api::V3: DestroySnapSession: Destroy called on snap session 0x7e4659b550
12-31 15:19:57.391 719 772 E snap_api::V3: adapter class instance doesn't exist/Already closed
12-31 15:19:57.392 9202 9202 I AppIconSolution: start to load, pkg=null, bg=192-192, dr=198-198, forDefault=true, density=0
12-31 15:19:57.392 28370 2991 I ImageSearchJNI_AIC: NNet.cpp: 233: VZ Debug: Closing of DLInterface handle completed in ~NNet for aic_classifier
12-31 15:19:57.392 9202 9202 I AppIconSolution: getIconScale, pkg=null, size=198, iconScale=IconScale[alpha=0, scale=1.0, isCrop=true]
12-31 15:19:57.392 28370 2991 I ImageSearchJNI_AIC: NNet.cpp: 235: VZ Debug: engine-compute: Close time taken: 35.819 ms for module aic_classifier
12-31 15:19:57.392 28370 2991 I ImageSearchJNI_AIC: NNet.cpp: 215: VZ Debug: Joining init thread in ~NNet for aic_detector
12-31 15:19:57.394 9202 9202 I AppIconSolution: default container[CROP], pkg=null, bg=198-198, dr=198-198
12-31 15:19:57.397 9202 9202 W Launcher.Hotseat: updateHotseatIconSize hotseatVisibleCellCount = 5 hotseatIconSizePx = 132 hotseatCellHeightPx = 132 hotseatBarSizePx = 220
12-31 15:19:57.397 9202 9202 I MultiThreadLoaderResults: executeCallbacksTask!
12-31 15:19:57.397 9202 9202 I Launcher: !@Boot_DEBUG: Launcher - FinishFirstBind
12-31 15:19:57.397 9202 9202 I Launcher: !@Boot_EBS_D: Launcher - FinishFirstBind
12-31 15:19:57.397 9202 9202 I MultiThreadLoaderResults: executeCallbacksTask!
12-31 15:19:57.400 9202 9202 I Launcher: collectWorkspaceScreens, size : 2
12-31 15:19:57.400 9202 9202 I Launcher: collectWorkspaceScreens, 0
12-31 15:19:57.400 9202 9202 I Launcher: collectWorkspaceScreens, 1
12-31 15:19:57.400 9202 9202 I MultiThreadLoaderResults: bindWorkspaceScreen : screenId = 0, isFirstPageBind = false, synchronousBindPage = 1, FullSyncBindPageScreenId = -1
12-31 15:19:57.400 9202 9202 I MultiThreadLoaderResults: bindWorkspaceItems
12-31 15:19:57.400 9202 9202 I MultiThreadLoaderResults: executeCallbacksTask!
12-31 15:19:57.401 9202 9202 E libprocessgroup: set_timerslack_ns write failed: Operation not permitted
12-31 15:19:57.401 9202 9202 I MultiThreadLoaderResults: executeCallbacksTask!
12-31 15:19:57.401 9202 9202 I MultiThreadLoaderResults: executeCallbacksTask!
12-31 15:19:57.401 9202 9202 I MultiThreadLoaderResults: executeCallbacksTask!
12-31 15:19:57.401 1087 1087 I Pageboost: package null
12-31 15:19:57.401 9202 9202 I MultiThreadLoaderResults: executeCallbacksTask!
12-31 15:19:57.402 6251 6251 E pageboostd: Received HALT command code 2
12-31 15:19:57.403 9202 9202 I MultiThreadLoaderResults: executeCallbacksTask!
12-31 15:19:57.403 9202 9202 I DecorView: [INFO] isPopOver=false, config=true
12-31 15:19:57.404 9202 9202 I DecorView: updateCaptionType >> DecorView@85920c3[LauncherActivity], isFloating=false, isApplication=true, hasWindowDecorCaption=false, hasWindowControllerCallback=true
12-31 15:19:57.404 22439 22462 I PageOverlayServiceImpl: [FROM HOME] onConfigurationChanged : {1.0 ?mcc?mnc [en_GB] ldltr sw600dp w600dp h936dp 320dpi lrg port finger -keyb/v/h -nav/h winConfig={ mBounds=Rect(0, 0 - 1200, 1920) mAppBounds=Rect(0, 0 - 1200, 1920) mWindowingMode=fullscreen mDisplayWindowingMode=fullscreen mActivityType=home mAlwaysOnTop=undefined mRotation=ROTATION_0} s.171 desktop/d dc/d ?dcui ?dcaf enb/d bts=0 ff=0 bf=0 themeSeq=0}
12-31 15:19:57.404 9202 9202 I Launcher.AppsContainerView: onConfigurationChanged
12-31 15:19:57.404 9202 9202 I RecentsView: orientation 1 rotation 0
12-31 15:19:57.404 9202 9202 I RecentsOrientedState: setRecentsRotation 0
12-31 15:19:57.404 22439 22439 I PageOverlayServiceImpl: onConfigurationChanged PageView x : -1920
12-31 15:19:57.404 9202 9202 I RecentsOrientedState: current RecentsOrientedState: [this=RecentsOrientedState@aa1cfae mOrientationHandler=PortraitPagedViewHandler@2c0a14f mDisplayRotation=0 mTouchRotation=0 mRecentsActivityRotation=0 isRecentsActivityRotationAllowed=true mSystemRotation=false mFlags=293]
12-31 15:19:57.404 22439 22439 I PageOverlayCoordinator: onUiConfigurationChanged pending
12-31 15:19:57.404 22439 22439 I PageOverlayRootLayout: onUiConfigurationChanged pending
12-31 15:19:57.405 9202 9202 W SuggestedAppsViewImpl: onConfigurationChanged
12-31 15:19:57.405 9202 9202 W SuggestedAppsViewImpl: updateIconViews count: 6
12-31 15:19:57.405 9202 9202 I SuggestedAppsViewImpl: updateItemsInternal animate : false, alpha: 0.0, visibility: 8, overview: false, isFallbackHidingEvent: false
12-31 15:19:57.405 9202 9202 I SuggestedAppsViewImpl: calculate 181-220 layout : 1142
12-31 15:19:57.405 9202 9202 W SuggestedAppsViewImpl: setGridSize 6x1
12-31 15:19:57.405 9202 9202 W SuggestedAppsBinder: bindItems 6
12-31 15:19:57.405 9202 9202 I IconView: applyDotState itemInfo : Gmail display : 7 count : 6
12-31 15:19:57.405 9202 9202 I LiveIconViewUpdater: onUpdateLiveIcon -1
12-31 15:19:57.405 9202 9202 I LiveIconViewUpdater: onUpdateLiveIcon -1
12-31 15:19:57.406 9202 9202 I IconView: applyDotState itemInfo : YouTube display : 7 count : 520
12-31 15:19:57.406 9202 9202 I RecentsView: onConfigurationChanged 0
12-31 15:19:57.407 9202 9202 I ViewRootImpl@7c8c68a[LauncherActivity]: stopped(false) old=true
12-31 15:19:57.407 9202 9202 W LauncherAppWidgetHost: setListenIfResumed, mFlags = 0
12-31 15:19:57.407 9202 9202 W PageOverlayMover: updateActivityLifecycleState : 1
12-31 15:19:57.408 22439 22462 I PageOverlayServiceImpl: [FROM HOME] updateActivityLifecycleState : 1
12-31 15:19:57.410 1087 6854 I AppOps : updateUidProcState uid: 10217 procState: 3 capability:7
12-31 15:19:57.412 9202 9202 I LiveIconViewUpdater: onUpdateLiveIcon 28
12-31 15:19:57.415 9202 9202 I WallpapersButton: updateVisibility - mWallpaperType : 0
12-31 15:19:57.415 9202 9202 I ThemesButton: updateVisibility - sThemeStoreType : -1
12-31 15:19:57.415 9202 9202 I LiveIconViewUpdater: onUpdateLiveIcon -1
12-31 15:19:57.415 9202 9202 I MultiSelectPanel: changeColorForBg - isDarkMode : false, isDarkFont : false
12-31 15:19:57.416 9202 9202 I ViewRootImpl@7c8c68a[LauncherActivity]: stopped(false) old=false
12-31 15:19:57.416 9202 9202 I Launcher: !@Boot_DEBUG: Launcher.onResume()
12-31 15:19:57.416 9202 9202 I Launcher: !@Boot_EBS_D: Launcher.onResume()
12-31 15:19:57.417 9202 9202 W PageOverlayMover: updateActivityLifecycleState : 2
12-31 15:19:57.417 9202 9202 W PageOverlayMover: isMoving : false
12-31 15:19:57.417 22439 22462 I PageOverlayServiceImpl: [FROM HOME] updateActivityLifecycleState : 2
12-31 15:19:57.417 9202 9273 I SPayUpdater: updateSpayHandler, show = false, defaultPage = false
12-31 15:19:57.418 9202 18732 I Launcher: DisplayMetrics from Resources : DisplayMetrics{density=2.0, width=1200, height=1920, scaledDensity=2.0, xdpi=282.222, ydpi=283.534}
12-31 15:19:57.419 9202 18732 I Launcher: realMetrics from Wm : DisplayMetrics{density=2.0, width=1200, height=1920, scaledDensity=2.0, xdpi=282.222, ydpi=283.534}
12-31 15:19:57.419 9202 18732 I Launcher: DeviceProfile, isLand : false, isMultiWin :false, availableWidthPx : 1200, availableHeightPx : 1920
12-31 15:19:57.419 9202 9229 E PageBoostLogger: Not prepared page in updatePage
12-31 15:19:57.419 9202 9202 I Launcher: setWallpaperOffsets
12-31 15:19:57.420 9202 9202 W Launcher.Hotseat: updateCellDimensionsOnSizeChanged return : mLastUpdatedSize = 1200, size = 1200
12-31 15:19:57.421 1087 6264 V WindowManager: Relayout Window{3fb5849 u0 com.sec.android.app.launcher/com.sec.android.app.launcher.activities.LauncherActivity}: viewVisibility=0 req=1200x1920 d0
12-31 15:19:57.423 1087 6264 D WindowManager: isScreenshotDisabledLocked - win: Window{3fb5849 u0 com.sec.android.app.launcher/com.sec.android.app.launcher.activities.LauncherActivity}
12-31 15:19:57.423 1087 6264 D WindowManager: isScreenshotDisabledLocked: userId = 0, disabled =false
12-31 15:19:57.423 766 1472 I SurfaceFlinger: id=6410 createSurf (1200x1920),1 flag=4, com.sec.android.app.launcher/com.sec.android.app.launcher.activities.LauncherActivity$_9202#0
12-31 15:19:57.424 1087 6264 D WindowManager: makeSurface duration=1 name=com.sec.android.app.launcher/com.sec.android.app.launcher.activities.LauncherActivity$_9202
12-31 15:19:57.426 1087 6264 V WindowManager: Changing focus from null to Window{3fb5849 u0 com.sec.android.app.launcher/com.sec.android.app.launcher.activities.LauncherActivity} displayId=0 Callers=com.android.server.wm.RootWindowContainer.updateFocusedWindowLocked:575 com.android.server.wm.WindowManagerService.updateFocusedWindowLocked:6338 com.android.server.wm.WindowManagerService.relayoutWindow:2726 com.android.server.wm.Session.relayout:240
12-31 15:19:57.427 1087 2998 I SystemUiVisibilityPolicyController: handleMessage: entry what = 1
12-31 15:19:57.428 1087 6264 D MARsPolicyManager: onPackageResumedFG pkgName = com.sec.android.app.launcher, userId = 0
12-31 15:19:57.428 9326 9326 I TrayStateController: systemUiVisibilityChanged : 2 0
12-31 15:19:57.428 1087 1171 D WindowManager: setDisableFlags: displayId=0, vis=0x9708, appearance=0, transientState=Pair{[I@f521e4a [I@26da1bb}, isFullscreen=true, isImmersive=true, barType=0, win=Window{3fb5849 u0 com.sec.android.app.launcher/com.sec.android.app.launcher.activities.LauncherActivity}
12-31 15:19:57.428 1087 6264 D StatusBarManagerService: notifyRequestedSystemKey recent=false home=false
12-31 15:19:57.428 1087 2998 I SystemUiVisibilityPolicyController: handleMessage: entry what = 1
12-31 15:19:57.429 9326 9326 I TrayStateController: systemUiVisibilityChanged : 2 0
12-31 15:19:57.430 1087 6264 V WindowManager: Relayout hash=3fb5849, pid=9202: mAttrs={(0,0)(fillxfill) sim={adjust=nothing} layoutInDisplayCutoutMode=shortEdges ty=BASE_APPLICATION fmt=TRANSPARENT wanim=0x10302f2
12-31 15:19:57.430 1087 6264 V WindowManager: fl=81910102
12-31 15:19:57.430 1087 6264 V WindowManager: pfl=16020000
12-31 15:19:57.430 1087 6264 V WindowManager: vsysui=1700
12-31 15:19:57.430 1087 6264 V WindowManager: bhv=SHOW_TRANSIENT_BARS_BY_SWIPE
12-31 15:19:57.430 1087 6264 V WindowManager: fitSides= dimAmount=0.125 dimDuration=1 naviIconColor=0
12-31 15:19:57.430 1087 6264 V WindowManager: sfl=40}
12-31 15:19:57.430 1087 6264 I SurfaceControl: nativeRelease nativeObject s[519875421696]
12-31 15:19:57.430 1087 6264 I SurfaceControl: nativeRelease nativeObject e[519875421696]
12-31 15:19:57.430 30776 30848 W SessionLifecycleManager: Handover failed. Creating new session controller.
12-31 15:19:57.431 9202 9202 I SurfaceControl: assignNativeObject: nativeObject = 0 Surface(name=null)/@0x85bb01d / android.view.SurfaceControl.readFromParcel:1117 android.view.IWindowSession$Stub$Proxy.relayout:1820 android.view.ViewRootImpl.relayoutWindow:9130 android.view.ViewRootImpl.performTraversals:3420 android.view.ViewRootImpl.doTraversal:2669 android.view.ViewRootImpl$TraversalRunnable.run:10092 android.view.Choreographer$CallbackRecord.run:1010 android.view.Choreographer.doCallbacks:809 android.view.Choreographer.doFrame:744 android.view.Choreographer$FrameDisplayEventReceiver.run:995
12-31 15:19:57.432 9202 9202 I ViewRootImpl@7c8c68a[LauncherActivity]: Relayout returned: old=(0,0,1200,1920) new=(0,0,1200,1920) req=(1200,1920)0 dur=10 res=0x7 s={true 518361718784} ch=true fn=-1
12-31 15:19:57.435 9202 9202 I ViewRootImpl@7c8c68a[LauncherActivity]: [DP] dp(1) 1 android.view.ViewRootImpl.reportNextDraw:11078 android.view.ViewRootImpl.performTraversals:3915 android.view.ViewRootImpl.doTraversal:2669
12-31 15:19:57.435 9202 9202 I ViewRootImpl@7c8c68a[LauncherActivity]: [DP] pd() Asnyc report
12-31 15:19:57.435 695 901 D gralloc : [mali_gralloc_allocate] begin
12-31 15:19:57.435 9202 9202 I ViewRootImpl@7c8c68a[LauncherActivity]: mAttachInfo.mThreadedRenderer.draw, mView = DecorView@85920c3[LauncherActivity] w = 1200 h = 1920
12-31 15:19:57.435 695 901 D gralloc : buffer_descriptor: wh(1200 1920) usage_pc(0x40000000000b00 0x40000000000b00) hal_format(0x1) layer_count(1) sizes(0 0 0) strde(0) byte_stride(0) alloc_wh(0 0) internal_format(0x0) alloc_format(0x0) fd_count(1) plane_count(0)
12-31 15:19:57.435 30776 30848 W PBSessionCacheImpl: sessionId[135355920364712639] not persisted.
12-31 15:19:57.435 9202 9202 I BadgeRenderer: Invalid count : 0
12-31 15:19:57.436 30776 32596 I PBSessionCacheImpl: Deleted sessionId[135355920364712639] from persistence.
12-31 15:19:57.437 695 901 D gralloc : [mali_gralloc_allocate] allocation successful
12-31 15:19:57.438 695 901 D gralloc : [mali_gralloc_allocate] begin
12-31 15:19:57.438 695 901 D gralloc : buffer_descriptor: wh(1200 1920) usage_pc(0x40000000000b00 0x40000000000b00) hal_format(0x1) layer_count(1) sizes(0 0 0) strde(0) byte_stride(0) alloc_wh(0 0) internal_format(0x0) alloc_format(0x0) fd_count(1) plane_count(0)
12-31 15:19:57.440 695 901 D gralloc : [mali_gralloc_allocate] allocation successful
12-31 15:19:57.440 695 901 D gralloc : [mali_gralloc_allocate] begin
12-31 15:19:57.441 695 901 D gralloc : buffer_descriptor: wh(1200 1920) usage_pc(0x40000000000b00 0x40000000000b00) hal_format(0x1) layer_count(1) sizes(0 0 0) strde(0) byte_stride(0) alloc_wh(0 0) internal_format(0x0) alloc_format(0x0) fd_count(1) plane_count(0)
12-31 15:19:57.441 30776 30825 W A : Queue length for executor EventBus is now 11. Perhaps some tasks are too long, or the pool is too small.
12-31 15:19:57.442 1087 1174 E SurfaceControl: [SEC_SF_EFFECTS] SurfaceControl.startSurfaceAnimation() sc=Surface(name=com.sec.android.app.launcher/com.sec.android.app.launcher.activities.LauncherActivity$_9202)/@0x103d8f0
12-31 15:19:57.443 695 901 D gralloc : [mali_gralloc_allocate] allocation successful
12-31 15:19:57.444 766 1478 D NativeSemDvfsManager: acquire:: timeout = 2000 mIsAcquired = 1 mTagName : SurfaceFlinger
12-31 15:19:57.444 766 1478 E NativeCustomFrequencyManager: [NativeCFMS] BpCustomFrequencyManager::acquire()
12-31 15:19:57.445 707 732 I HYPER-HAL: [RequestManager.cpp]acquire(): Acquired ID : 1561261 [766 / 1000] HINT : list : [GPUMinFreq / 455000] [TIMEOUT / 2000]
12-31 15:19:57.445 9202 9202 I ViewRootImpl@7c8c68a[LauncherActivity]: [DP] pdf(0) 1 android.view.ViewRootImpl.lambda$performDraw$1$ViewRootImpl:4743 android.view.-$$Lambda$ViewRootImpl$DJd0VUYJgsebcnSohO6h8zc_ONI.run:6 android.os.Handler.handleCallback:938
12-31 15:19:57.445 9202 9202 I ViewRootImpl@7c8c68a[LauncherActivity]: [DP] rdf()
12-31 15:19:57.446 30776 30848 I A : There is a new client and it does not support opt-in. Dropping request.
12-31 15:19:57.446 1087 6264 D WindowManager: finishDrawingWindow: Window{3fb5849 u0 com.sec.android.app.launcher/com.sec.android.app.launcher.activities.LauncherActivity} mDrawState=DRAW_PENDING
12-31 15:19:57.447 1087 1174 V WindowManager: Updating vis of wallpaper Window{76545c4 u0 com.android.systemui.ImageWallpaper}: true from:
12-31 15:19:57.447 1087 1174 V WindowManager: com.android.server.wm.WallpaperWindowToken.updateWallpaperWindows:170
12-31 15:19:57.447 1087 1174 V WindowManager: com.android.server.wm.WallpaperController.updateWallpaperTokens:691
12-31 15:19:57.447 1087 1174 V WindowManager: com.android.server.wm.WallpaperController.adjustWallpaperWindows:730
12-31 15:19:57.447 1087 1174 V WindowManager: com.android.server.wm.DisplayContent.applySurfaceChangesTransaction:5000
12-31 15:19:57.447 5618 5656 D WallpaperService: dispatchAppVisibility onVisibilityChanged(): true
12-31 15:19:57.447 9202 9202 I MultiThreadLoaderResults: executeAllAppsCallbacksTask: execute! callback id = 96924608
12-31 15:19:57.448 5618 5618 D WallpaperService: updateSurface forceRelayout=true forceReport=false redrawNeeded=false myWidth=1920 myHeight=1920 fixedSize=true x = 0 y = 0 mWidth=1920 mHeight=1920 mIsSleepMode=false
12-31 15:19:57.448 9202 9202 I Launcher.AppsTabsDelegate: onRemoveWorkspacePagedView return, already removed
12-31 15:19:57.448 9202 9202 I MultiThreadLoaderResults: executeAllAppsCallbacksTask: execute! callback id = 96924608
12-31 15:19:57.448 5618 5618 D WallpaperService: mDeviceHeight : 1200, mDeviceWidth : 1920,mDeviceRotation : 1
12-31 15:19:57.448 9202 9202 I Launcher.AppsPageDelegate: createPage() null
12-31 15:19:57.449 9202 9202 I Launcher.AppsViewCellLayout: setPadding() : 0, 155, 0, 0
12-31 15:19:57.449 1087 1174 D WindowManager: createAnimationAdapter(): container=Task{979834a #277 visible=false type=standard mode=fullscreen translucent=true A=10098:android.task.camera U=0 StackId=277 sz=1}
12-31 15:19:57.449 1087 1174 I WindowManager: Reparenting to leash, surface=Surface(name=Task=277)/@0x40c8a23, leashParent=Surface(name=DefaultTaskDisplayArea)/@0x6eda49e
12-31 15:19:57.450 766 1472 I SurfaceFlinger: id=6411 createSurf (0x0),-1 flag=24000, Surface(name=Task=277)/@0x40c8a23 - animation-leash#0
12-31 15:19:57.450 1087 1174 D WindowManager: makeSurface duration=1 leash=Surface(name=Surface(name=Task=277)/@0x40c8a23 - animation-leash)/@0x6d070ee
12-31 15:19:57.450 1087 1174 D WindowManager: startAnimation
12-31 15:19:57.450 1087 1174 D WindowManager: createAnimationAdapter(): container=Task{4e32787 #1 visible=true type=home mode=fullscreen translucent=false I=com.sec.android.app.launcher/.activities.LauncherActivity U=0 StackId=1 sz=1}
12-31 15:19:57.450 1087 1174 I WindowManager: Reparenting to leash, surface=Surface(name=Task=1)/@0xef55fff, leashParent=Surface(name=DefaultTaskDisplayArea)/@0x6eda49e
12-31 15:19:57.451 766 1472 I SurfaceFlinger: id=6412 createSurf (0x0),-1 flag=24004, Surface(name=Task=1)/@0xef55fff - animation-leash#0
12-31 15:19:57.451 1087 1174 D WindowManager: makeSurface duration=1 leash=Surface(name=Surface(name=Task=1)/@0xef55fff - animation-leash)/@0xf3cc98f
12-31 15:19:57.451 1087 1174 D WindowManager: startAnimation
12-31 15:19:57.452 1087 1174 D PkgPredictorService: pkg:com.sec.android.app.launcher activity:com.sec.android.app.launcher.activities.LauncherActivity thisTime:-1
12-31 15:19:57.452 1087 1174 D WindowManager: goodToGo()
12-31 15:19:57.452 1087 1174 D WindowManager: createAppAnimations()
12-31 15:19:57.453 1087 1174 D WindowManager: Add container=Task{4e32787 #1 visible=true type=home mode=fullscreen translucent=false I=com.sec.android.app.launcher/.activities.LauncherActivity U=0 StackId=1 sz=1}
12-31 15:19:57.453 1087 1174 D WindowManager: Add container=Task{979834a #277 visible=false type=standard mode=fullscreen translucent=true A=10098:android.task.camera U=0 StackId=277 sz=1}
12-31 15:19:57.453 1087 1174 D WindowManager: createWallpaperAnimations()
12-31 15:19:57.453 1087 1174 D WindowManager: visible=WallpaperWindowToken{d507b73 token=android.os.Binder@ea5ebe2}
12-31 15:19:57.453 1087 1174 I WindowManager: Reparenting to leash, surface=Surface(name=WallpaperWindowToken{d507b73 token=android.os.Binder@ea5ebe2})/@0x6864e0d, leashParent=Surface(name=Leaf:0:1)/@0x5812eb8
12-31 15:19:57.453 766 1472 I SurfaceFlinger: id=6413 createSurf (0x0),-1 flag=24000, Surface(name=WallpaperWindowToken{d507b73 token=android.os.Binder@ea5ebe2})/@0x6864e0d - animation-leash#0
12-31 15:19:57.453 9202 9202 I MultiThreadLoaderResults: executeAllAppsCallbacksTask: execute! callback id = 96924608
12-31 15:19:57.454 9202 9202 I MultiThreadLoaderResults: divideCurrentAndRemainedApps current screen id : 0 plus one screen id : -1
12-31 15:19:57.454 9202 9202 I MultiThreadLoaderResults: bindCurrentAppsScreen() size = 23
12-31 15:19:57.454 9202 9202 I Launcher.AppsContainerView: bindChunkItems() => normal: 23, work: 0, hasWorkApps: false
12-31 15:19:57.454 9202 9202 I FolderIconView: onLoadedFromViewHolder : 29
12-31 15:19:57.455 9202 9202 I AppIconSolution: getThemeIconWithBG called with public API, pkg = null
12-31 15:19:57.455 1087 1174 D WindowManager: makeSurface duration=2 leash=Surface(name=Surface(name=WallpaperWindowToken{d507b73 token=android.os.Binder@ea5ebe2})/@0x6864e0d - animation-leash)/@0x5e5941c
12-31 15:19:57.455 1087 1174 D WindowManager: startAnimation
12-31 15:19:57.455 9202 9202 I AppIconSolution: start to load, pkg=null, bg=192-192, dr=198-198, forDefault=true, density=0
12-31 15:19:57.456 9202 9202 I AppIconSolution: getIconScale, pkg=null, size=198, iconScale=IconScale[alpha=0, scale=1.0, isCrop=true]
12-31 15:19:57.457 5618 5656 I WallpaperService: BaseIWindow resized : false
12-31 15:19:57.458 1087 1174 D WindowManager: RemoteAnimationController::onAnimationStart, animations=[Landroid.view.RemoteAnimationTarget;@f88c825
12-31 15:19:57.458 1087 1174 D WindowManager: startAnimation(): Notify animation start:
12-31 15:19:57.458 1087 1174 I WindowManager: Starting remote animation
12-31 15:19:57.458 766 766 D Layer : [SEC_SF_EFFECTS] applyEffect ## com.sec.android.app.launcher/com.sec.android.app.launcher.activities.LauncherActivity$_9202#0
12-31 15:19:57.458 766 766 D Layer : [SEC_SF_EFFECTS] applyEffect ## animMode=3, target=2, pixType=1
12-31 15:19:57.458 766 766 D Layer : [SEC_SF_EFFECTS] applyEffect ## pixAnim anim=13, timeMs=0, value=0.00, interp=0
12-31 15:19:57.458 1087 1174 I WindowManager: container=Task{4e32787 #1 visible=true type=home mode=fullscreen translucent=false I=com.sec.android.app.launcher/.activities.LauncherActivity U=0 StackId=1 sz=1}
12-31 15:19:57.458 1087 1174 I WindowManager: Target:
12-31 15:19:57.458 1087 1174 I WindowManager: mode=0 taskId=123 isTranslucent=false clipRect=[0,0][1200,1920] contentInsets=[0,0][0,0] prefixOrderIndex=19 position=[0,0] sourceContainerBounds=[0,0][1920,1200] screenSpaceBounds=[0,0][1920,1200] localBounds=[0,0][1920,1200]
12-31 15:19:57.458 1087 1174 I WindowManager: windowConfiguration={ mBounds=Rect(0, 0 - 1920, 1200) mAppBounds=Rect(0, 0 - 1920, 1200) mWindowingMode=fullscreen mDisplayWindowingMode=fullscreen mActivityType=home mAlwaysOnTop=undefined mRotation=ROTATION_90}
12-31 15:19:57.458 1087 1174 I WindowManager: leash=Surface(name=Surface(name=Task=1)/@0xef55fff - animation-leash)/@0xf3cc98f
12-31 15:19:57.458 1087 1174 I WindowManager: container=Task{979834a #277 visible=false type=standard mode=fullscreen translucent=true A=10098:android.task.camera U=0 StackId=277 sz=1}
12-31 15:19:57.458 1087 1174 I WindowManager: Target:
12-31 15:19:57.458 1087 1174 I WindowManager: mode=1 taskId=277 isTranslucent=false clipRect=[0,0][1920,1200] contentInsets=[0,0][0,0] prefixOrderIndex=15 position=[0,0] sourceContainerBounds=[0,0][1920,1200] screenSpaceBounds=[0,0][1920,1200] localBounds=[0,0][1920,1200]
12-31 15:19:57.458 1087 1174 I WindowManager: windowConfiguration={ mBounds=Rect(0, 0 - 1920, 1200) mAppBounds=Rect(0, 0 - 1920, 1200) mWindowingMode=fullscreen mDisplayWindowingMode=fullscreen mActivityType=standard mAlwaysOnTop=undefined mRotation=ROTATION_90}
12-31 15:19:57.458 1087 1174 I WindowManager: leash=Surface(name=Surface(name=Task=277)/@0x40c8a23 - animation-leash)/@0x6d070ee
12-31 15:19:57.458 766 766 D Layer : [SEC_SF_EFFECTS] applyEffect ## pixAnim anim=13, timeMs=1, value=110.00, interp=3
12-31 15:19:57.458 766 766 D Layer : [SEC_SF_EFFECTS] applyEffect ## pixAnim anim=14, timeMs=0, value=0.00, interp=0
12-31 15:19:57.458 766 766 D Layer : [SEC_SF_EFFECTS] applyEffect ## pixAnim anim=14, timeMs=1, value=-6.00, interp=3
12-31 15:19:57.459 9202 9556 I LauncherAnimationRunner: onAnimationStart, appTargets : [Lcom.android.systemui.shared.system.RemoteAnimationTargetCompat;@9f82c64 mStartAtFrontOfQueue : false
12-31 15:19:57.459 1087 5668 I InputDispatcher: Focus entered window (9202): 3fb5849 in display 0 0
12-31 15:19:57.459 719 772 I snap_api::V3: aic_detector_cnn_light.caffemodel Session Close time taken : 66.539 ms
12-31 15:19:57.459 9202 9202 I AppIconSolution: default container[CROP], pkg=null, bg=198-198, dr=198-198
12-31 15:19:57.460 719 772 I snap_api::V3: DestroySnapSession: Destroy called on snap session 0x7e5d51fcd0
12-31 15:19:57.460 719 772 E snap_api::V3: adapter class instance doesn't exist/Already closed
12-31 15:19:57.460 1087 8160 V WindowManager: Relayout Window{76545c4 u0 com.android.systemui.ImageWallpaper}: viewVisibility=0 req=1920x1920 d0
12-31 15:19:57.461 28370 2991 I ImageSearchJNI_AIC: NNet.cpp: 233: VZ Debug: Closing of DLInterface handle completed in ~NNet for aic_detector
12-31 15:19:57.461 28370 2991 I ImageSearchJNI_AIC: NNet.cpp: 235: VZ Debug: engine-compute: Close time taken: 67.906 ms for module aic_detector
12-31 15:19:57.462 1087 8160 V WindowManager: Relayout hash=76545c4, pid=5618: mAttrs={(0,0)(1920x1920) gr=TOP START CENTER layoutInDisplayCutoutMode=always ty=WALLPAPER fmt=RGBX_8888 wanim=0x1030315
12-31 15:19:57.462 1087 8160 V WindowManager: fl=14318
12-31 15:19:57.462 1087 8160 V WindowManager: pfl=4 naviIconColor=0}
12-31 15:19:57.462 1087 8160 I SurfaceControl: nativeRelease nativeObject s[517796949376]
12-31 15:19:57.462 1087 8160 I SurfaceControl: nativeRelease nativeObject e[517796949376]
12-31 15:19:57.463 9202 9273 I SPayUpdater: updateSpayHandler, show = false, defaultPage = false
12-31 15:19:57.464 6548 6633 I Icing : IndexChimeraService.getServiceInterface callingPackage=com.google.android.googlequicksearchbox componentName=null serviceId=36
12-31 15:19:57.464 695 901 D gralloc : [mali_gralloc_allocate] begin
12-31 15:19:57.464 695 901 D gralloc : buffer_descriptor: wh(1200 1920) usage_pc(0x400000000000b00 0x400000000000b00) hal_format(0x123) layer_count(1) sizes(0 0 0) strde(0) byte_stride(0) alloc_wh(0 0) internal_format(0x0) alloc_format(0x0) fd_count(1) plane_count(0)
12-31 15:19:57.465 5618 5618 I SurfaceControl: assignNativeObject: nativeObject = 0 Surface(name=null)/@0xda134a1 / android.view.SurfaceControl.readFromParcel:1117 android.view.IWindowSession$Stub$Proxy.relayout:1820 android.service.wallpaper.WallpaperService$Engine.updateSurface:1187 android.service.wallpaper.WallpaperService$Engine.reportVisibility:1514 android.service.wallpaper.WallpaperService$Engine.doVisibilityChanged:1491 android.service.wallpaper.WallpaperService$IWallpaperEngineWrapper.executeMessage:1877 com.android.internal.os.HandlerCaller$MyHandler.handleMessage:44 android.os.Handler.dispatchMessage:106 android.os.Looper.loop:247 android.app.ActivityThread.main:8676
12-31 15:19:57.465 5618 5618 I SurfaceControl: nativeRelease nativeObject s[517714334432]
12-31 15:19:57.465 5618 5618 I SurfaceControl: nativeRelease nativeObject e[517714334432]
12-31 15:19:57.465 5618 5618 D WallpaperService: updateSurface redrawNeeded=false didSurface=false
12-31 15:19:57.465 5618 5618 D WallpaperService: reportVisibility onVisibilityChanged visible: true
12-31 15:19:57.465 695 901 D gralloc : [mali_gralloc_allocate] allocation successful
12-31 15:19:57.465 5618 5772 I ImageWallpaper: onVisibilityChanged true , 0
12-31 15:19:57.466 5618 5618 D WallpaperService: updateSurface forceRelayout=true forceReport=false redrawNeeded=false myWidth=1920 myHeight=1920 fixedSize=true x = 0 y = 0 mWidth=1920 mHeight=1920 mIsSleepMode=false
12-31 15:19:57.466 5618 5618 D WallpaperService: mDeviceHeight : 1200, mDeviceWidth : 1920,mDeviceRotation : 1
12-31 15:19:57.466 1087 6873 D WALLPAPER_SVC:WallpaperManagerService: getWallpaperSafeLocked, userId = 0, which = 1, caller = com.android.server.wallpaper.WallpaperManagerService.semGetWallpaperType:5637
12-31 15:19:57.466 1087 6873 D WallpaperManagerService: which : 1, return type : 0 (called by userId= 0)
12-31 15:19:57.466 5618 5772 I ImageWallpaperRenderer: updateWallpaperOffset 0, lastCropOffset 0 wp Type , 0 , rotation == 0 Wallpaper do not change Display offset 0
12-31 15:19:57.466 1087 6264 V WindowManager: Relayout Window{76545c4 u0 com.android.systemui.ImageWallpaper}: viewVisibility=0 req=1920x1920 d0
12-31 15:19:57.466 9202 9202 I FolderIconView: onLoadedFromViewHolder : 41
12-31 15:19:57.467 9202 9202 I AppIconSolution: getThemeIconWithBG called with public API, pkg = null
12-31 15:19:57.468 9202 9202 I AppIconSolution: start to load, pkg=null, bg=192-192, dr=198-198, forDefault=true, density=0
12-31 15:19:57.468 1087 6264 V WindowManager: Relayout hash=76545c4, pid=5618: mAttrs={(0,0)(1920x1920) gr=TOP START CENTER layoutInDisplayCutoutMode=always ty=WALLPAPER fmt=RGBX_8888 wanim=0x1030315
12-31 15:19:57.468 1087 6264 V WindowManager: fl=14318
12-31 15:19:57.468 1087 6264 V WindowManager: pfl=4 naviIconColor=0}
12-31 15:19:57.468 9202 9202 I AppIconSolution: getIconScale, pkg=null, size=198, iconScale=IconScale[alpha=0, scale=1.0, isCrop=true]
12-31 15:19:57.468 1087 6264 I SurfaceControl: nativeRelease nativeObject s[519875428608]
12-31 15:19:57.469 1087 6264 I SurfaceControl: nativeRelease nativeObject e[519875428608]
12-31 15:19:57.469 5618 5618 I SurfaceControl: assignNativeObject: nativeObject = 0 Surface(name=null)/@0xda134a1 / android.view.SurfaceControl.readFromParcel:1117 android.view.IWindowSession$Stub$Proxy.relayout:1820 android.service.wallpaper.WallpaperService$Engine.updateSurface:1187 android.service.wallpaper.WallpaperService$IWallpaperEngineWrapper.executeMessage:1888 com.android.internal.os.HandlerCaller$MyHandler.handleMessage:44 android.os.Handler.dispatchMessage:106 android.os.Looper.loop:247 android.app.ActivityThread.main:8676 java.lang.reflect.Method.invoke:-2 com.android.internal.os.RuntimeInit$MethodAndArgsCaller.run:602
12-31 15:19:57.469 5618 5618 I SurfaceControl: nativeRelease nativeObject s[517714334432]
12-31 15:19:57.469 5618 5618 I SurfaceControl: nativeRelease nativeObject e[517714334432]
12-31 15:19:57.469 5618 5618 D WallpaperService: updateSurface redrawNeeded=false didSurface=false
12-31 15:19:57.470 766 766 D SurfaceFlinger: Display 0 HWC layers:
12-31 15:19:57.470 766 766 D SurfaceFlinger: DEVICE | 0x7b5401ecc0 | 0002 | RGBx_8888 | 360.0 0.0 1560.0 1920.0 | 0 0 1200 1920 | com.android.systemui.ImageWallpaper$_5618#0
12-31 15:19:57.470 766 766 D SurfaceFlinger: DEVICE | 0x7b34e22380 | 0002 | 0x000011d | 0.0 0.0 1920.0 1440.0 | 0 160 1200 1760 | SurfaceView - com.sec.android.app.ca[...]ndroid.app.camera.Camera@93a27c1@0#0
12-31 15:19:57.470 766 766 D SurfaceFlinger: DEVICE | 0x7b34e21840 | 0000 | RGBA_8888 | 0.0 0.0 1200.0 1920.0 | 0 0 1200 1920 | com.sec.android.app.camera/com.sec.android.app.camera.Camera$_28370#0
12-31 15:19:57.470 766 766 D SurfaceFlinger: DEVICE | 0x7b5401eb80 | 0000 | RGBA_8888 | 0.0 0.0 151.0 67.0 | 779 1853 930 1920 | com.samsung.android.app.cocktailbars[...]arservice.CocktailBarService$_9326#0
12-31 15:19:57.470 766 766 D SurfaceFlinger:
12-31 15:19:57.471 9202 9202 I AppIconSolution: default container[CROP], pkg=null, bg=198-198, dr=198-198
12-31 15:19:57.474 6548 15602 I GmsCoreXrpcWrapper: Returning a channel provider with trafficStatsTag=12803 trafficStatsUid=-1
12-31 15:19:57.474 9202 9202 I FolderIconView: onLoadedFromViewHolder : 51
12-31 15:19:57.475 9202 9202 I AppIconSolution: getThemeIconWithBG called with public API, pkg = null
12-31 15:19:57.476 9202 9202 I AppIconSolution: start to load, pkg=null, bg=192-192, dr=198-198, forDefault=true, density=0
12-31 15:19:57.476 695 901 D gralloc : [mali_gralloc_allocate] begin
12-31 15:19:57.476 695 901 D gralloc : buffer_descriptor: wh(1200 1920) usage_pc(0x400000000000b00 0x400000000000b00) hal_format(0x123) layer_count(1) sizes(0 0 0) strde(0) byte_stride(0) alloc_wh(0 0) internal_format(0x0) alloc_format(0x0) fd_count(1) plane_count(0)
12-31 15:19:57.476 9202 9202 I AppIconSolution: getIconScale, pkg=null, size=198, iconScale=IconScale[alpha=0, scale=1.0, isCrop=true]
12-31 15:19:57.477 695 901 D gralloc : [mali_gralloc_allocate] allocation successful
12-31 15:19:57.478 9202 9202 I AppIconSolution: default container[CROP], pkg=null, bg=198-198, dr=198-198
12-31 15:19:57.484 9202 9202 I LiveIconViewUpdater: onUpdateLiveIcon 61
12-31 15:19:57.484 9202 9202 I LiveIconViewUpdater: onUpdateLiveIcon 61
12-31 15:19:57.485 9202 9202 I LiveIconViewUpdater: onUpdateLiveIcon 63
12-31 15:19:57.485 9202 9202 I LiveIconViewUpdater: onUpdateLiveIcon 63
12-31 15:19:57.490 9202 9202 I Launcher.AppsTabsDelegate: onRemoveWorkspacePagedView return, already removed
12-31 15:19:57.490 9202 9202 I MultiThreadLoaderResults: executeAllAppsCallbacksTask: execute! callback id = 96924608
12-31 15:19:57.491 9202 9202 I MultiThreadLoaderResults: divideCurrentAndRemainedApps current screen id : 0 plus one screen id : -1
12-31 15:19:57.491 9202 9202 I MultiThreadLoaderResults: bindRemainedAppsScreen() otherApps.size = 0
12-31 15:19:57.491 9202 9202 I MultiThreadLoaderResults: executeAllAppsCallbacksTask: execute! callback id = 96924608
12-31 15:19:57.492 695 901 D gralloc : [mali_gralloc_allocate] begin
12-31 15:19:57.492 695 901 D gralloc : buffer_descriptor: wh(1200 1920) usage_pc(0x400000000000b00 0x400000000000b00) hal_format(0x123) layer_count(1) sizes(0 0 0) strde(0) byte_stride(0) alloc_wh(0 0) internal_format(0x0) alloc_format(0x0) fd_count(1) plane_count(0)
12-31 15:19:57.493 30776 30848 I MicroDetectionState: Should stop hotword detection immediately - true
12-31 15:19:57.493 30776 30848 I MicroDetectionState: Should stop hotword detection immediately - true
12-31 15:19:57.493 695 901 D gralloc : [mali_gralloc_allocate] allocation successful
12-31 15:19:57.494 9202 9202 W Launcher.NotificationListener: setNotificationsChangedListener connected : true
12-31 15:19:57.494 9202 9202 I BadgeCountUpdaterImpl: onNotificationsChangedConnected
12-31 15:19:57.494 9202 9202 I Launcher.NotificationListener: registerObserver this is not notificationService!!
12-31 15:19:57.494 9202 9202 I Launcher.NotificationListener: onNotificationFullRefresh
12-31 15:19:57.494 9202 9202 I LiveIconUpdateEventHandler: registerDateChangedReceiver
12-31 15:19:57.496 6548 15602 I Icing : Usage reports ok 1, Failed Usage reports 0, indexed 0, rejected 0
12-31 15:19:57.497 9202 9202 I LiveIconUpdateEventHandler: cancelDateChangeAlarm
12-31 15:19:57.497 1087 6264 D SamsungAlarmManager: Cancel Alarm calling from uid:10125 pid :9202 / OP:PendingIntent{7a9347f: PendingIntentRecord{a443c4c com.sec.android.app.launcher broadcastIntent}}
12-31 15:19:57.498 9202 9202 I LiveIconUpdateEventHandler: setDateChangeAlarm
12-31 15:19:57.498 1087 6264 D SamsungAlarmManager: setInexact (T:0/F:0/AC:false) 20220101T000000 now=824258326 - CU:10125/CP:9202/OP:PendingIntent{8350495: PendingIntentRecord{a443c4c com.sec.android.app.launcher broadcastIntent}}
12-31 15:19:57.498 1087 6264 I SamsungAlarmManager: setLocked to kernel - T:2 / 20211231T152100, set=824321399, now=824258326
12-31 15:19:57.499 1087 6264 I SamsungAlarmManager: setLocked to kernel - T:3 / 20211231T152000, set=824260828, now=824258327
12-31 15:19:57.499 9202 9202 I LiveIconUpdateEventHandler: cancelMinuteChangeAlarm
12-31 15:19:57.499 1087 6264 D SamsungAlarmManager: Cancel Alarm calling from uid:10125 pid :9202 / OP:PendingIntent{63689aa: PendingIntentRecord{6a6999b com.sec.android.app.launcher broadcastIntent}}
12-31 15:19:57.500 9202 9202 I LiveIconUpdateEventHandler: setMinuteChangeAlarm
12-31 15:19:57.501 1087 6264 D SamsungAlarmManager: setInexact (T:1/F:0/AC:false) 20211231T152000 now=824258329 - CU:10125/CP:9202/OP:PendingIntent{9ed138: PendingIntentRecord{6a6999b com.sec.android.app.launcher broadcastIntent}}
12-31 15:19:57.502 1087 6264 I SamsungAlarmManager: setLocked to kernel - T:2 / 20211231T152100, set=824321399, now=824258329
12-31 15:19:57.502 1087 6264 I SamsungAlarmManager: setLocked to kernel - T:3 / 20211231T152000, set=824260828, now=824258330
12-31 15:19:57.503 9202 9202 I BadgeRenderer: Invalid count : 0
12-31 15:19:57.504 9202 9202 I BadgeRenderer: Invalid count : 0
12-31 15:19:57.505 9202 9275 I Launcher.NotificationListener: notificationIsValidForUI : com.google.android.setupwizard missingTitleAndText : false isGroupHeader : false
12-31 15:19:57.505 9202 9275 I Launcher.NotificationListener: notificationIsValidForUI : com.android.bluetooth missingTitleAndText : false isGroupHeader : false
12-31 15:19:57.505 9202 9275 I Launcher.NotificationListener: notificationIsValidForUI : com.android.bluetooth missingTitleAndText : false isGroupHeader : false
12-31 15:19:57.505 9202 9275 I Launcher.NotificationListener: notificationIsValidForUI : com.google.android.gm missingTitleAndText : false isGroupHeader : true
12-31 15:19:57.505 9202 9275 I Launcher.NotificationListener: notificationIsValidForUI : com.google.android.gm missingTitleAndText : false isGroupHeader : false
12-31 15:19:57.506 9202 9275 I Launcher.NotificationListener: notificationIsValidForUI : com.google.android.gm missingTitleAndText : false isGroupHeader : false
12-31 15:19:57.506 9202 9275 I Launcher.NotificationListener: notificationIsValidForUI : com.google.android.gm missingTitleAndText : false isGroupHeader : false
12-31 15:19:57.506 9202 9275 I Launcher.NotificationListener: notificationIsValidForUI : com.google.android.gm missingTitleAndText : false isGroupHeader : false
12-31 15:19:57.506 9202 9275 I Launcher.NotificationListener: notificationIsValidForUI : com.google.android.gm missingTitleAndText : false isGroupHeader : false
12-31 15:19:57.506 9202 9275 I Launcher.NotificationListener: notificationIsValidForUI : com.google.android.gm missingTitleAndText : false isGroupHeader : false
12-31 15:19:57.506 9202 9275 I Launcher.NotificationListener: notificationIsValidForUI : com.wssyncmldm missingTitleAndText : false isGroupHeader : false
12-31 15:19:57.506 9202 9275 I Launcher.NotificationListener: notificationIsValidForUI : com.google.android.youtube missingTitleAndText : false isGroupHeader : false
12-31 15:19:57.506 9202 9275 I Launcher.NotificationListener: notificationIsValidForUI : com.samsung.android.allshare.service.fileshare missingTitleAndText : false isGroupHeader : false
12-31 15:19:57.506 9202 9275 I Launcher.NotificationListener: notificationIsValidForUI : com.samsung.android.SettingsReceiver missingTitleAndText : false isGroupHeader : false
12-31 15:19:57.506 9202 9275 I Launcher.NotificationListener: Full refresh isConnected : true active size : 13
12-31 15:19:57.506 9202 9202 I RemoteCloseAnimationListener: RemoteAnimation isRunning : false
12-31 15:19:57.507 9202 9202 I MultiThreadLoaderResults: bindWorkspaceItems[remained]: executeCallbacksTask,callback id = 96924608, screen = 0
12-31 15:19:57.509 9202 9202 I FolderIconView: onLoadedFromViewHolder : 9
12-31 15:19:57.510 9202 9202 I AppIconSolution: getThemeIconWithBG called with public API, pkg = null
12-31 15:19:57.511 1087 5676 D MdnieScenarioControlService: packageName : com.sec.android.app.launcher className : com.android.launcher3.uioverrides.QuickstepLauncher
12-31 15:19:57.511 1087 5676 V MdnieScenarioControlService: setUIMode from UI function(3)
12-31 15:19:57.511 713 22923 I ExynosCameraMCPipe: [CAM(0)][PIPE_3AA]-(destroy[174]):destroy() is succeed, Pipe(5)
12-31 15:19:57.511 713 22923 I ExynosCameraMCPipe: [CAM(0)][PIPE_3AA]-(destroy[103]):
12-31 15:19:57.511 713 22923 I ExynosCameraMCPipe: [CAM(0)][PIPE_3AA]-(destroy[174]):destroy() is succeed, Pipe(5)
12-31 15:19:57.511 713 22923 I ExynosCameraPipeFlite: [CAM(0)][PIPE_3AA]-(destroy[138]):destroy() is succeed (5)
12-31 15:19:57.511 713 22923 I ExynosCameraMCPipe: [CAM(0)][PIPE_ISP]-(destroy[103]):
12-31 15:19:57.511 9202 9202 I AppIconSolution: start to load, pkg=null, bg=192-192, dr=198-198, forDefault=true, density=0
12-31 15:19:57.512 713 22923 I ExynosCameraMCPipe: [CAM(0)][PIPE_ISP]-(destroy[174]):destroy() is succeed, Pipe(10)
12-31 15:19:57.512 713 22923 I ExynosCameraMCPipe: [CAM(0)][PIPE_ISP]-(destroy[103]):
12-31 15:19:57.512 713 22923 I ExynosCameraMCPipe: [CAM(0)][PIPE_ISP]-(destroy[174]):destroy() is succeed, Pipe(10)
12-31 15:19:57.512 713 22923 I ExynosCameraPipeFlite: [CAM(0)][PIPE_ISP]-(destroy[138]):destroy() is succeed (10)
12-31 15:19:57.512 9202 9202 I AppIconSolution: getIconScale, pkg=null, size=198, iconScale=IconScale[alpha=0, scale=1.0, isCrop=true]
12-31 15:19:57.512 713 22923 I ExynosCameraMCPipe: [CAM(0)][PIPE_MCSC]-(destroy[103]):
12-31 15:19:57.512 713 22923 I ExynosCameraMCPipe: [CAM(0)][PIPE_MCSC]-(destroy[174]):destroy() is succeed, Pipe(16)
12-31 15:19:57.512 713 22923 I ExynosCameraMCPipe: [CAM(0)][PIPE_MCSC]-(destroy[103]):
12-31 15:19:57.512 713 22923 I ExynosCameraMCPipe: [CAM(0)][PIPE_MCSC]-(destroy[174]):destroy() is succeed, Pipe(16)
12-31 15:19:57.512 713 22923 I ExynosCameraPipeFlite: [CAM(0)][PIPE_MCSC]-(destroy[138]):destroy() is succeed (16)
12-31 15:19:57.513 9202 9202 I AppIconSolution: default container[CROP], pkg=null, bg=198-198, dr=198-198
12-31 15:19:57.516 9202 9202 I MultiThreadLoaderResults: bindAppWidgets: [remained] executeCallbacksTask,callback id = 96924608
12-31 15:19:57.522 713 2995 I SensorListener: disableSensor : numSensors=35/35, sen_list = 0xee0a33c0/0xee0a33c0
12-31 15:19:57.522 1087 5570 D SensorService: removeConnection, index : 1, size : 2
12-31 15:19:57.522 1087 5570 D SensorService: # removeConnection, index : 1, size : 1
12-31 15:19:57.522 1087 5570 D SensorService: Calling activate off 1600221811
12-31 15:19:57.522 1087 5570 D SensorService: [SO] activate (ident=0x789f080580, enabled=0)
12-31 15:19:57.523 713 2995 W RefBase : CallStack::getCurrentInternal not linked, returning null
12-31 15:19:57.523 713 2995 W RefBase : CallStack::logStackInternal not linked
12-31 15:19:57.523 713 2995 I ExynosCameraSec: [CAM(0)][Back_0]-(m_sensorListenerUnloadThreadFunc[27478]):-OUT-
12-31 15:19:57.525 9202 9202 W LauncherAppWidgetHost: setWidgetForceOrientation() isFullSyncedScreen is false
12-31 15:19:57.528 9202 9202 I AppWidgetResizeFrame: extraInfo : calculateWidgetSizeRange(), dp.availableWidthPx : 1200, dp.availableHeightPx : 1920, targetSize : Point(679, 291), result.width : 679, result.height : 291, width : 331, height : 137, getConfiguration : {1.0 ?mcc?mnc [en_GB] ldltr sw600dp w600dp h936dp 320dpi lrg port finger -keyb/v/h -nav/h winConfig={ mBounds=Rect(0, 0 - 1200, 1920) mAppBounds=Rect(0, 0 - 1200, 1920) mWindowingMode=fullscreen mDisplayWindowingMode=fullscreen mActivityType=home mAlwaysOnTop=undefined mRotation=ROTATION_0} s.166 desktop/d dc/d ?dcui ?dcaf enb/d bts=0 ff=0 bf=0 themeSeq=0}
12-31 15:19:57.528 9202 9202 I AppWidgetResizeFrame: extraInfo : updateAppWidgetSize, spanX: 3, spanY: 1, widgetId: 2, Rect(331, 137 - 331, 137), density : 2.0
12-31 15:19:57.529 9202 9202 W LauncherAppWidgetHostView: updateDarkModeOption() => old: 16, current: 16, widgetId: 2
12-31 15:19:57.529 9202 9202 I MultiThreadLoaderResults: bindAppWidgets: [remained] executeCallbacksTask,callback id = 96924608
12-31 15:19:57.532 713 22923 I ExynosCameraPipe: [CAM(0)][PIPE_VRA]-(destroy[121]):destroy() is succeed (23)
12-31 15:19:57.533 713 22923 I ExynosCameraPipe: [CAM(0)][PIPE_VRA]-(destroy[121]):destroy() is succeed (23)
12-31 15:19:57.533 713 22923 E libcsc : csc_deinit:: unsupported csc_hw_type
12-31 15:19:57.533 713 22923 I ExynosCameraSWPipe: [CAM(0)][PIPE_GSC]-(m_destroy[119]):destroy() is succeed (31)
12-31 15:19:57.533 713 22923 E libcsc : csc_deinit:: unsupported csc_hw_type
12-31 15:19:57.533 713 22923 I ExynosCameraSWPipe: [CAM(0)][PIPE_GSC_VIDEO]-(m_destroy[119]):destroy() is succeed (32)
12-31 15:19:57.533 713 22923 E libcsc : csc_deinit:: unsupported csc_hw_type
12-31 15:19:57.533 713 22923 I ExynosCameraSWPipe: [CAM(0)][PIPE_GSC_PICTURE]-(m_destroy[119]):destroy() is succeed (33)
12-31 15:19:57.533 713 22923 I ExynosCameraSWPipe: [CAM(0)][PIPE_JPEG]-(m_destroy[119]):destroy() is succeed (34)
12-31 15:19:57.533 713 22923 I ExynosCameraPipe: [CAM(0)][PIPE_PP_UNI0]-(destroy[121]):destroy() is succeed (39)
12-31 15:19:57.533 713 22923 I ExynosCameraPipePPSec: [CAM(0)][PIPE_PP_UNI0]-(m_destroy[112]):destroy() is succeed (39)
12-31 15:19:57.533 713 22923 I ExynosCameraPipe: [CAM(0)][PIPE_PP_UNI1]-(destroy[121]):destroy() is succeed (40)
12-31 15:19:57.533 713 22923 I ExynosCameraPipePPSec: [CAM(0)][PIPE_PP_UNI1]-(m_destroy[112]):destroy() is succeed (40)
12-31 15:19:57.533 713 22923 I ExynosCameraPipe: [CAM(0)][PIPE_PP_UNI2]-(destroy[121]):destroy() is succeed (41)
12-31 15:19:57.533 713 22923 I ExynosCameraPipePPSec: [CAM(0)][PIPE_PP_UNI2]-(m_destroy[112]):destroy() is succeed (41)
12-31 15:19:57.533 713 22923 I ExynosCameraPipe: [CAM(0)][PIPE_PP_SINGLE0]-(destroy[121]):destroy() is succeed (42)
12-31 15:19:57.533 713 22923 I ExynosCameraPipePPSec: [CAM(0)][PIPE_PP_SINGLE0]-(m_destroy[112]):destroy() is succeed (42)
12-31 15:19:57.533 713 22923 I ExynosCameraFrameFactoryBase: [CAM(0)][Back_0]-(destroy[139]):
12-31 15:19:57.533 713 22923 I ExynosCameraFrameFactoryBase: [CAM(0)][Back_0]-(m_transitState[767]):Skip state transition. curState 0
12-31 15:19:57.533 713 22923 I ExynosCameraFrameFactoryBase: [CAM(0)][Back_0]-(destroy[139]):
12-31 15:19:57.533 713 22923 I ExynosCameraFrameFactoryBase: [CAM(0)][Back_0]-(m_transitState[767]):Skip state transition. curState 0
12-31 15:19:57.533 713 22923 I ExynosCamera: [CAM(0)][Back_0]-(m_deinitFrameFactory[3527]):-OUT-
12-31 15:19:57.533 713 22923 I ExynosCamera: DEBUG:duration time( 167 msec):(m_deinitFrameFactory)
12-31 15:19:57.533 713 22923 W RefBase : CallStack::getCurrentInternal not linked, returning null
12-31 15:19:57.533 713 22923 W RefBase : CallStack::logStackInternal not linked
12-31 15:19:57.533 713 22923 W RefBase : CallStack::getCurrentInternal not linked, returning null
12-31 15:19:57.533 713 22923 W RefBase : CallStack::logStackInternal not linked
12-31 15:19:57.533 713 22923 W RefBase : CallStack::getCurrentInternal not linked, returning null
12-31 15:19:57.533 713 22923 W RefBase : CallStack::logStackInternal not linked
12-31 15:19:57.533 713 22923 W RefBase : CallStack::getCurrentInternal not linked, returning null
12-31 15:19:57.533 713 22923 W RefBase : CallStack::logStackInternal not linked
12-31 15:19:57.533 713 22923 W RefBase : CallStack::getCurrentInternal not linked, returning null
12-31 15:19:57.533 713 22923 W RefBase : CallStack::logStackInternal not linked
12-31 15:19:57.533 713 22923 W RefBase : CallStack::getCurrentInternal not linked, returning null
12-31 15:19:57.533 713 22923 W RefBase : CallStack::logStackInternal not linked
12-31 15:19:57.533 713 22923 W RefBase : CallStack::getCurrentInternal not linked, returning null
12-31 15:19:57.533 713 22923 W RefBase : CallStack::logStackInternal not linked
12-31 15:19:57.533 713 22923 W RefBase : CallStack::getCurrentInternal not linked, returning null
12-31 15:19:57.533 713 22923 W RefBase : CallStack::logStackInternal not linked
12-31 15:19:57.533 713 22923 I ExynosCameraSec: [CAM(0)][Back_0]-(m_vendorSpecificDestructor[145]):-IN-
12-31 15:19:57.534 713 22923 I ExynosCameraSec: [CAM(0)][Back_0]-(m_vendorSpecificDestructor[173]):-OUT-
12-31 15:19:57.534 713 22923 I ExynosCamera: [CAM(0)][Back_0]-(m_deinit[1072]):-OUT-
12-31 15:19:57.535 713 22923 I ExynosCameraInterface: INFO(HAL3_camera_device_close[358]):close camera(0)
12-31 15:19:57.535 713 22923 I ExynosCameraInterface: INFO(HAL3_camera_device_close[373]):out =====
12-31 15:19:57.535 713 22923 I ExynosCameraInterface: DEBUG:duration time( 188 msec):(HAL3_camera_device_close)
12-31 15:19:57.535 821 1335 D Camera3-Device: CameraPerf: close X
12-31 15:19:57.536 821 1335 D Camera3-OutputStream: disconnectLocked: disconnecting stream 0 from native window
12-31 15:19:57.536 821 1335 D Camera3-OutputStream: disconnectLocked: disconnecting stream 1 from native window
12-31 15:19:57.539 821 1335 I CameraLatencyHistogram: Stream 1 dequeueBuffer latency histogram (253) samples:
12-31 15:19:57.539 821 1335 I CameraLatencyHistogram: 5 10 15 20 25 30 35 40 45 inf (max ms)
12-31 15:19:57.539 821 1335 I CameraLatencyHistogram: 99.60 0.40 0.00 0.00 0.00 0.00 0.00 0.00 0.00 0.00 (%)
12-31 15:19:57.539 821 1335 I CameraLatencyHistogram: Stream 1 enqueueBuffer latency histogram (246) samples:
12-31 15:19:57.539 821 1335 I CameraLatencyHistogram: 5 10 15 20 25 30 35 40 45 inf (max ms)
12-31 15:19:57.539 821 1335 I CameraLatencyHistogram: 99.19 0.81 0.00 0.00 0.00 0.00 0.00 0.00 0.00 0.00 (%)
12-31 15:19:57.539 821 1335 D Camera3-OutputStream: disconnectLocked: disconnecting stream 2 from native window
12-31 15:19:57.540 821 1335 D Camera3-OutputStream: disconnectLocked: disconnecting stream 3 from native window
12-31 15:19:57.540 821 1335 D Camera3-OutputStream: disconnectLocked: disconnecting stream 4 from native window
12-31 15:19:57.540 821 1335 I Camera3-Device: disconnectImpl: X
12-31 15:19:57.540 821 1335 D CameraService: BasicClient::disconnect E
12-31 15:19:57.542 821 1335 I CameraService: finishCameraOps: Finish camera ops, package name = com.sec.android.app.camera, client UID = 10098
12-31 15:19:57.542 821 1335 I CameraService: decreaseCamConnRef: ref=0
12-31 15:19:57.542 821 1335 I CameraService: decreaseCamConnRef: service.camera.running set to 0
12-31 15:19:57.543 821 1335 I CameraService: onTorchStatusChangedLocked: Torch status changed for cameraId=0, newStatus=1
12-31 15:19:57.543 821 1335 I CameraService: updateProxyDeviceState: notifyCameraState for Camera ID 0, newState 3, facing 0, clientName com.sec.android.app.camera, apiLevel 2
12-31 15:19:57.543 1087 6854 I CameraManagerGlobal: postSingleTorchUpdate device: camera id 0 status 1
12-31 15:19:57.543 6983 7008 I CameraManagerGlobal: postSingleUpdate device: camera id 0 status STATUS_PRESENT
12-31 15:19:57.543 6983 7008 I CameraManagerGlobal: postSingleUpdate device: camera id 0 status STATUS_PRESENT
12-31 15:19:57.543 5618 5656 I CameraManagerGlobal: postSingleTorchUpdate device: camera id 0 status 1
12-31 15:19:57.543 1087 1171 I CameraManagerGlobal: onTorchModeChanged
