12-31 15:19:32.369 821 27757 E CameraDeviceClient: notifyError: pid=28370, errorCode=5, errorStreamId=1, frameNumber=0
12-31 15:19:32.369 821 27757 E CameraDeviceClient: notifyError: pid=28370, skipClientNotification=false
12-31 15:19:32.369 28370 2871 W AutoBeautyPhotoMaker: onPreviewRequestError - sequenceId 0
12-31 15:19:32.369 821 27757 E Camera3-OutputStream: returnBufferCheckedLocked: A frame is dropped for stream 1 frame 0 , due to buffer error.
12-31 15:19:32.372 708 708 I SehLight: lcd : 83+
12-31 15:19:32.373 708 708 I SehLight: lcd : 83-
12-31 15:19:32.390 708 708 I SehLight: lcd : 86+
12-31 15:19:32.390 708 708 I SehLight: lcd : 86-
12-31 15:19:32.406 708 708 I SehLight: lcd : 89+
12-31 15:19:32.406 708 708 I SehLight: lcd : 89-
12-31 15:19:32.407 713 2946 W ExynosCameraSec: [CAM(0)][Back_0]-(m_getSensorListenerData[31433]):skip the Gyro data. ret -11
12-31 15:19:32.408 28370 2868 I AeAfManagerImpl: onAeInfoChanged : aeMode=ON(1) aeState=CONVERGED(2)
12-31 15:19:32.408 28370 2868 I AeAfManagerImpl: onAfInfoChanged : afMode=CONTINUOUS_PICTURE(4) afState=PASSIVE_UNFOCUSED(6)
12-31 15:19:32.409 1087 5676 D MdnieScenarioControlService: packageName : com.sec.android.app.camera className : com.sec.android.app.camera.Camera
12-31 15:19:32.422 708 708 I SehLight: lcd : 92+
12-31 15:19:32.422 708 708 I SehLight: lcd : 92-
12-31 15:19:32.430 713 2943 E ExynosCamera: [CAM(0)][Back_0]-(m_sendNotifyError[2840]):[R1 F2] RESULT ERROR
12-31 15:19:32.430 713 2929 W ExynosCameraRequestManager: [CAM(0)][]-(m_callbackOpsNotify[2952]):msg frame(1) type(1) errorCode(3)
12-31 15:19:32.430 821 27757 E CameraDeviceClient: notifyError: pid=28370, errorCode=4, errorStreamId=0, frameNumber=1
12-31 15:19:32.430 821 27757 E CameraDeviceClient: notifyError: pid=28370, skipClientNotification=false
12-31 15:19:32.431 821 27757 E CameraDeviceClient: notifyError: pid=28370, errorCode=5, errorStreamId=1, frameNumber=1
12-31 15:19:32.431 821 27757 E CameraDeviceClient: notifyError: pid=28370, skipClientNotification=false
12-31 15:19:32.431 821 27757 E Camera3-OutputStream: returnBufferCheckedLocked: A frame is dropped for stream 1 frame 1 , due to buffer error.
12-31 15:19:32.431 28370 2871 W AutoBeautyPhotoMaker: onPreviewRequestError - sequenceId 0
12-31 15:19:32.439 708 708 I SehLight: lcd : 95+
12-31 15:19:32.440 708 708 I SehLight: lcd : 95-
12-31 15:19:32.453 702 1338 I Sensors : ProximitySensor - 0(cm)
12-31 15:19:32.454 1087 1196 D SensorManager: TYPE_PROXIMITY (8): 0.000000
12-31 15:19:32.454 1087 1196 D AutomaticBrightnessController: [api] onSensorChanged: proximity: true
12-31 15:19:32.455 708 708 I SehLight: lcd : 98+
12-31 15:19:32.456 708 708 I SehLight: lcd : 98-
12-31 15:19:32.472 708 708 I SehLight: lcd : 101+
12-31 15:19:32.472 708 708 I SehLight: lcd : 101-
12-31 15:19:32.489 708 708 I SehLight: lcd : 104+
12-31 15:19:32.489 708 708 I SehLight: lcd : 104-
12-31 15:19:32.505 708 708 I SehLight: lcd : 107+
12-31 15:19:32.506 708 708 I SehLight: lcd : 107-
12-31 15:19:32.520 713 2947 I ExynosCamera: [CAM(0)][Back_0]-(m_monitorThreadFunc[7386]):@FIMC_IS_SYNC 14
12-31 15:19:32.522 708 708 I SehLight: lcd : 110+
12-31 15:19:32.522 708 708 I SehLight: lcd : 110-
12-31 15:19:32.532 707 2934 E HYPER-HAL: [HandlerSysfs.cpp]doResourceHandling(): Couldn't Open Sysfs - /sys/power/cstate_control
12-31 15:19:32.532 707 2934 I HYPER-HAL: [ResourceManager.cpp]removeResource(): [CPUMinFreq] RemoveResource Request ID : 615517
12-31 15:19:32.532 707 2934 I HYPER-HAL: [RequestManager.cpp]releaseLocked(): Released ID : 615517
12-31 15:19:32.538 708 708 I SehLight: lcd : 113+
12-31 15:19:32.539 708 708 I SehLight: lcd : 113-
12-31 15:19:32.555 708 708 I SehLight: lcd : 116+
12-31 15:19:32.555 708 708 I SehLight: lcd : 116-
12-31 15:19:32.571 708 708 I SehLight: lcd : 119+
12-31 15:19:32.572 708 708 I SehLight: lcd : 119-
12-31 15:19:32.587 1087 1196 D DisplayPowerController: animateScreenStateChange: target=2, targetInternal=2, dualScreenPolicy=-1
12-31 15:19:32.587 1087 1196 D DisplayPowerController: getFinalBrightness : [autoBrightnessLowerLimit = 5 (0.02) -> 120 (0.47)]
12-31 15:19:32.587 1087 1196 D DisplayPowerController: getFinalBrightness : Summary is 5 (0.02) -> 120 (0.47)
12-31 15:19:32.588 708 708 I SehLight: lcd : 120+
12-31 15:19:32.588 708 708 I SehLight: lcd : 120-
12-31 15:19:32.608 695 901 D gralloc : [mali_gralloc_allocate] begin
12-31 15:19:32.608 695 901 D gralloc : buffer_descriptor: wh(1920 1440) usage_pc(0x20006 0x20006) hal_format(0x23) layer_count(1) sizes(0 0 0) strde(0) byte_stride(0) alloc_wh(0 0) internal_format(0x0) alloc_format(0x0) fd_count(1) plane_count(0)
12-31 15:19:32.610 695 901 D gralloc : [mali_gralloc_allocate] allocation successful
12-31 15:19:32.621 713 2940 W ExynosCameraPipeVRA: [CAM(0)][PIPE_VRA]-(m_putBuffer[148]):wait timeout
12-31 15:19:32.621 713 2940 I ExynosCameraNode: [CAM(0)][PIPE_VRA]-(dumpState[1057]):Node state(5)
12-31 15:19:32.621 713 2944 W ExynosCamera: [CAM(0)][Back_0]-(m_previewStreamVRAPipeThreadFunc[5103]):wait timeout
12-31 15:19:32.630 713 2943 I ExynosCameraFrameFactoryBase: [CAM(0)][Back_0]-(startThread[231]):pipeId=23
12-31 15:19:32.630 713 2943 I ExynosCameraPipe: [CAM(0)][PIPE_VRA]-(startThread[319]):IN
12-31 15:19:32.630 821 27757 D Camera3-OutputStream: returnBufferCheckedLocked: First frame for stream 1, width 1920, height 1440, format 35
12-31 15:19:32.630 713 2943 I ExynosCameraPipe: [CAM(0)][PIPE_VRA]-(startThread[328]):startThread is succeed Pipe(23)
12-31 15:19:32.631 28370 2891 I AutoBeautyPhotoMaker: [CAMFWKPI] first producePreviewFrame E - SurfaceImage - size 1920x1440, format 35, timestamp 824233306280300
12-31 15:19:32.631 695 901 D gralloc : [mali_gralloc_allocate] begin
12-31 15:19:32.631 695 901 D gralloc : buffer_descriptor: wh(1920 1440) usage_pc(0x900 0x900) hal_format(0x11d) layer_count(1) sizes(0 0 0) strde(0) byte_stride(0) alloc_wh(0 0) internal_format(0x0) alloc_format(0x0) fd_count(1) plane_count(0)
12-31 15:19:32.631 28370 2871 I CamDeviceImpl-0: PreviewStateCallback onPreviewRequestApplied - sequenceId 0
12-31 15:19:32.631 28370 2871 I AutoBeautyPhotoMaker: onPreviewRequestApplied - sequenceId 0
12-31 15:19:32.631 28370 2868 I CameraPerformance: Device - StartPreviewRequest : End[1640960372631]
12-31 15:19:32.632 28370 2871 I AutoBeautyPhotoMaker: onPreviewCaptureResult runningPhysicalId 0
12-31 15:19:32.632 695 901 D gralloc : [mali_gralloc_allocate] allocation successful
12-31 15:19:32.632 28370 2871 I AutoBeautyPhotoMaker: sendDynamicShotInfoCallback - TimeStamp(824233306280300) dynamicShotInfo(processingMode = 0xC, dsCondition = 0xC0005, dsMode = HIFI_MERGE_OIS, dsExtraInfo = 0x0, dsDeviceInfo = 0x0) camDevice: CamDeviceImpl(5483e48) - id(0) - CameraDevice(4eb16cf)
12-31 15:19:32.632 28370 2871 I AutoBeautyPhotoMaker: sendLightConditionCallback - TimeStamp(824233306280300) LightCondition(0x12) camDevice: CamDeviceImpl(5483e48) - id(0) - CameraDevice(4eb16cf)
12-31 15:19:32.632 28370 2868 I CallbackManager: onLightConditionChanged : lightCondition=LLS_LOW(18)
12-31 15:19:32.632 28370 2868 I BurstCaptureController: onBurstShotFpsChanged : burstShotFps=10
12-31 15:19:32.632 28370 2871 I AutoBeautyPhotoMaker: sendBurstShotFpsCallback - TimeStamp(824233306280300) BurstShotFps(10) camDevice: CamDeviceImpl(5483e48) - id(0) - CameraDevice(4eb16cf)
12-31 15:19:32.635 28370 2891 I AutoBeautyPhotoMaker: [CAMFWKPI] first producePreviewFrame X
12-31 15:19:32.635 28370 2891 I V4/SecBeautyNode: initialize - activate true, asyncInit true(delay 200ms)
12-31 15:19:32.638 28370 28370 I Camera11: onStartPreviewCompleted
12-31 15:19:32.638 28370 28370 I VerificationLog: Executed
12-31 15:19:32.638 28370 28370 I CameraPerformance: Launch - LazyLoading : Start[1640960372638]
12-31 15:19:32.639 28370 28370 I CameraPerformance: ShootingMode - onActivate(Photo) : Start[1640960372639]
12-31 15:19:32.639 28370 28370 I ZoomPresenter: refreshProperty zoomCategory: LEVEL, supportUiSet: [BUTTON, SLIDER, SHORTCUT, TEXT], zoomPositionType:NORMAL, buttonList: [Pair{BACK_CAMERA_ZOOM_NORMAL 1000}, Pair{BACK_CAMERA_ZOOM_TELE 2000}], defaultButtonValue: 1000
12-31 15:19:32.640 1087 8160 V WifiDisplayAdapter: getWifiDisplayStatusLocked: result=WifiDisplayStatus{featureState=2, scanState=0, activeDisplayState=0, activeDisplay=null, displays=[], sessionInfo=WifiDisplaySessionInfo:
12-31 15:19:32.640 1087 8160 V WifiDisplayAdapter: Client/Owner: Client
12-31 15:19:32.640 1087 8160 V WifiDisplayAdapter: GroupId:
12-31 15:19:32.640 1087 8160 V WifiDisplayAdapter: SessionId: 0, connectedState=-1}
12-31 15:19:32.640 766 766 D SurfaceFlinger: Display 0 HWC layers:
12-31 15:19:32.640 766 766 D SurfaceFlinger: DEVICE | 0x7b34e21e80 | 0002 | 0x000011d | 0.0 0.0 1920.0 1440.0 | 0 160 1200 1760 | SurfaceView - com.sec.android.app.ca[...]ndroid.app.camera.Camera@93a27c1@0#0
12-31 15:19:32.640 766 766 D SurfaceFlinger: DEVICE | 0x7b5401d000 | 0000 | RGBA_8888 | 0.0 0.0 1200.0 1920.0 | 0 0 1200 1920 | com.sec.android.app.camera/com.sec.android.app.camera.Camera$_28370#0
12-31 15:19:32.640 766 766 D SurfaceFlinger: DEVICE | 0x7b5401f1c0 | 0000 | RGBA_8888 | 0.0 0.0 67.0 270.0 | 1133 360 1200 630 | com.samsung.android.app.cocktailbars[...]arservice.CocktailBarService$_9326#0
12-31 15:19:32.640 766 766 D SurfaceFlinger:
12-31 15:19:32.640 1087 8160 V WifiDisplayAdapter: getWifiDisplayStatusLocked: result=WifiDisplayStatus{featureState=2, scanState=0, activeDisplayState=0, activeDisplay=null, displays=[], sessionInfo=WifiDisplaySessionInfo:
12-31 15:19:32.640 1087 8160 V WifiDisplayAdapter: Client/Owner: Client
12-31 15:19:32.640 1087 8160 V WifiDisplayAdapter: GroupId:
12-31 15:19:32.640 1087 8160 V WifiDisplayAdapter: SessionId: 0, connectedState=-1}
12-31 15:19:32.656 28370 28370 I KeyScreenLayerPresenter: onShowViewRequested mBitMarker ffffffff mBitMarkerForViewVisibility ffffffff
12-31 15:19:32.656 28370 28370 I RequestQueue: addRequest : APPLY_SETTINGS, com.sec.android.app.camera.engine.-$$Lambda$CommonEngine$eas8Va76i82khxop48y_27uUO7w@5d67b6a
12-31 15:19:32.656 28370 2869 I RequestQueue: beforeExecute : APPLY_SETTINGS(5601)
12-31 15:19:32.656 28370 28370 I RequestQueue: addRequest : SET_PRIVATE_SETTING, qr_code_detection_mode : 3
12-31 15:19:32.656 28370 2869 I RequestQueue: [5601] []
12-31 15:19:32.656 28370 28370 I RequestQueue: addRequest : SET_PRIVATE_SETTING, qr_code_detection_interval : 1000
12-31 15:19:32.656 28370 2869 I Request : ApplySettingsRequest - Start
12-31 15:19:32.656 28370 28370 I RequestQueue: addRequest : SET_PRIVATE_SETTING, enable_cropped_qr_img_cb : false
12-31 15:19:32.656 28370 28370 I RequestQueue: addRequest : SET_PRIVATE_SETTING, enable_qr_code_detection : true
12-31 15:19:32.657 28370 28370 I RequestQueue: addRequest : APPLY_SETTINGS, com.sec.android.app.camera.engine.-$$Lambda$CommonEngine$BFOhyHc3pFR3i5NQnW-Mb3hrQv4@d0d41d1
12-31 15:19:32.657 28370 28370 I RequestQueue: addRequest : APPLY_SETTINGS, com.sec.android.app.camera.engine.-$$Lambda$CommonEngine$BFOhyHc3pFR3i5NQnW-Mb3hrQv4@158e436
12-31 15:19:32.657 28370 2869 I MakerPublicSettings: set : key = CaptureRequest.Key(samsung.android.control.adaptiveLensMode), value = 1
12-31 15:19:32.657 28370 28370 I RequestQueue: addRequest : SET_PRIVATE_SETTING, scene_detection_mode : 1
12-31 15:19:32.657 28370 2869 I RepeatingPreview: applySettings
12-31 15:19:32.657 28370 2869 I CamDeviceImpl-0: restartPreviewRepeatingInternal
12-31 15:19:32.657 28370 28370 I AutoBeautyPhotoMaker: setSceneDetectionInfoCallback - com.sec.android.app.camera.engine.CallbackManagerImpl$SceneDetectionInfoCallbackManager@c62ca4
12-31 15:19:32.657 28370 2869 I CamDeviceImpl-0: startPreviewRepeatingInternal E - mainPreviewCb 1, subPreviewCb 0, mainPreview 0, previewDepth 0, arCore 0, extra 0, Cb 277991, isHighSpeedRequests false
12-31 15:19:32.657 28370 28370 I LayerManagerView: setKeyScreenLayerVisibility: true
12-31 15:19:32.658 821 7209 D Camera3-Device: setStreamingRequestList: Enter: calling submitRequestsHelper: repeating = true
12-31 15:19:32.658 821 7209 D Camera3-Device: submitRequestsHelper: mInterfaceLock.lock()
12-31 15:19:32.658 821 7209 D Camera3-Device: setRepeatingRequests: lastFrameNumber 8.
12-31 15:19:32.658 821 7209 D Camera3-Device: submitRequestsHelper: mInterfaceLock.unlock()
12-31 15:19:32.658 28370 2869 I CamDeviceImpl-0: setRepeatingState - repeatingState REPEATING_PREVIEW
12-31 15:19:32.658 28370 2869 I CamDeviceImpl-0: startPreviewRepeatingInternal X - sequenceId 1
12-31 15:19:32.658 28370 2869 I CamDeviceImpl-0: applySettings - sequenceId 1
12-31 15:19:32.658 28370 2869 I Request : ApplySettingsRequest - End
12-31 15:19:32.658 28370 28370 I CameraPerformance: ShootingMode - onActivate(Photo) : End[1640960372658] [19]
12-31 15:19:32.658 28370 2869 I RequestQueue: afterExecute : APPLY_SETTINGS(5601)
12-31 15:19:32.658 28370 28370 I CameraDialogManager: showLocationTagDialog
12-31 15:19:32.658 28370 2869 I RequestQueue: [ ] [5600 5600 5600 5600 5601 5601 5600 ]
12-31 15:19:32.658 28370 2869 I RequestQueue: beforeExecute : SET_PRIVATE_SETTING(5600)
12-31 15:19:32.658 28370 2869 I RequestQueue: [5600] [5600 5600 5600 5601 5601 5600 ]
12-31 15:19:32.659 28370 2869 I Request : SetPrivateSettingRequest - Start
12-31 15:19:32.659 1087 8160 I EDMNativeHelperService: isCameraEnabled
12-31 15:19:32.659 28370 2869 I Request : execute key = MakerPrivateKey(qr_code_detection_mode) value = 3
12-31 15:19:32.659 1087 8160 D EDMNativeHelper: isCameraEnabled
12-31 15:19:32.659 28370 2869 I Request : SetPrivateSettingRequest - End
12-31 15:19:32.659 28370 2869 I RequestQueue: afterExecute : SET_PRIVATE_SETTING(5600)
12-31 15:19:32.659 28370 2869 I RequestQueue: [ ] [5600 5600 5600 5601 5601 5600 ]
12-31 15:19:32.659 28370 2869 I RequestQueue: beforeExecute : SET_PRIVATE_SETTING(5600)
12-31 15:19:32.659 28370 2869 I RequestQueue: [5600] [5600 5600 5601 5601 5600 ]
12-31 15:19:32.659 28370 2869 I Request : SetPrivateSettingRequest - Start
12-31 15:19:32.659 28370 2869 I Request : execute key = MakerPrivateKey(qr_code_detection_interval) value = 1000
12-31 15:19:32.659 28370 2869 I Request : SetPrivateSettingRequest - End
12-31 15:19:32.659 28370 2869 I RequestQueue: afterExecute : SET_PRIVATE_SETTING(5600)
12-31 15:19:32.659 28370 2869 I RequestQueue: [ ] [5600 5600 5601 5601 5600 ]
12-31 15:19:32.659 28370 2869 I RequestQueue: beforeExecute : SET_PRIVATE_SETTING(5600)
12-31 15:19:32.659 28370 2869 I RequestQueue: [5600] [5600 5601 5601 5600 ]
12-31 15:19:32.659 28370 2869 I Request : SetPrivateSettingRequest - Start
12-31 15:19:32.659 28370 2869 I Request : execute key = MakerPrivateKey(enable_cropped_qr_img_cb) value = false
12-31 15:19:32.659 28370 2869 I Request : SetPrivateSettingRequest - End
12-31 15:19:32.659 28370 2869 I RequestQueue: afterExecute : SET_PRIVATE_SETTING(5600)
12-31 15:19:32.659 28370 2869 I RequestQueue: [ ] [5600 5601 5601 5600 ]
12-31 15:19:32.659 28370 2869 I RequestQueue: beforeExecute : SET_PRIVATE_SETTING(5600)
12-31 15:19:32.659 28370 2869 I RequestQueue: [5600] [5601 5601 5600 ]
12-31 15:19:32.659 28370 2869 I Request : SetPrivateSettingRequest - Start
12-31 15:19:32.659 1087 8160 D EDMNativeHelper: checking for camera in EnterpriseDeviceManagerService
12-31 15:19:32.659 28370 2869 I Request : execute key = MakerPrivateKey(enable_qr_code_detection) value = true
12-31 15:19:32.659 1087 8160 D EnterpriseDeviceManagerService: isCameraEnabledNative
12-31 15:19:32.659 1087 8160 D EnterpriseDeviceManagerService: checking for camera in restriction policy
12-31 15:19:32.659 28370 2869 I SaivQRCodeNode: initialize - activate true, asyncInit false(delay 0ms)
12-31 15:19:32.659 28370 2869 I SRCB_QR : initEngine Version: 1.70, id = 1
12-31 15:19:32.659 28370 2869 I SRCB_QR : QRBarcodeDecoder.initEngine cost time 0.028320
12-31 15:19:32.659 28370 28370 I CameraOrientationEvtMgr: orientation listener enabled 0
12-31 15:19:32.659 28370 2869 I SaivQRCodeNode: setActivate - activate true
12-31 15:19:32.659 1087 8160 D RestrictionPolicy: isCameraEnabled ret(true) userId(0) cxtInfo.mCallerUid(10098) cxtInfo.mContainerId(0)
12-31 15:19:32.659 28370 2869 I AutoBeautyPhotoMaker: setRepeatingKey - RepeatingKey - id 2, name QR_CODE_DETECTION, repeatingMode MAIN_PREVIEW_CALLBACK, frameRate RATIO_MAX_PREVIEW_FPS, enable: true
12-31 15:19:32.659 28370 2869 I Request : SetPrivateSettingRequest - End
12-31 15:19:32.659 28370 2869 I RequestQueue: afterExecute : SET_PRIVATE_SETTING(5600)
12-31 15:19:32.659 28370 2869 I RequestQueue: [ ] [5601 5601 5600 ]
12-31 15:19:32.659 28370 2869 I RequestQueue: beforeExecute : APPLY_SETTINGS(5601)
12-31 15:19:32.659 28370 2869 I RequestQueue: [5601] [5601 5600 ]
12-31 15:19:32.659 28370 2869 I Request : ApplySettingsRequest - Start
12-31 15:19:32.659 28370 2869 W Request : ApplySettingsRequest : Returned, no need to set maker public settings
12-31 15:19:32.659 28370 2869 I Request : ApplySettingsRequest - End
12-31 15:19:32.659 28370 2869 I RequestQueue: afterExecute : APPLY_SETTINGS(5601)
12-31 15:19:32.659 28370 2869 I RequestQueue: [ ] [5601 5600 ]
12-31 15:19:32.659 28370 2869 I RequestQueue: beforeExecute : APPLY_SETTINGS(5601)
12-31 15:19:32.659 28370 2869 I RequestQueue: [5601] [5600 ]
12-31 15:19:32.659 28370 2869 I Request : ApplySettingsRequest - Start
12-31 15:19:32.660 28370 2869 W Request : ApplySettingsRequest : Returned, no need to set maker public settings
12-31 15:19:32.660 28370 2869 I Request : ApplySettingsRequest - End
12-31 15:19:32.660 28370 2869 I RequestQueue: afterExecute : APPLY_SETTINGS(5601)
12-31 15:19:32.660 28370 2869 I RequestQueue: [ ] [5600 ]
12-31 15:19:32.660 28370 2869 I RequestQueue: beforeExecute : SET_PRIVATE_SETTING(5600)
12-31 15:19:32.660 28370 2869 I RequestQueue: [5600] []
12-31 15:19:32.660 28370 2869 I Request : SetPrivateSettingRequest - Start
12-31 15:19:32.660 28370 2869 I Request : execute key = MakerPrivateKey(scene_detection_mode) value = 1
12-31 15:19:32.660 28370 2869 I AutoBeautyPhotoMaker: SCENE_DETECTION_MODE : mode = 1, enable = true
12-31 15:19:32.660 1087 6886 D SensorService: Calling batch handle==1 flags=0 rate=180000000 timeout== 0
12-31 15:19:32.660 28370 2869 I SribSceneDetectionNode: initialize - activate true, asyncInit true(delay 0ms)
12-31 15:19:32.660 702 702 I Sensors : flush accelerometer_sensor
12-31 15:19:32.660 28370 2869 I AutoBeautyPhotoMaker: setRepeatingKey - RepeatingKey - id 10, name SCENE_DETECTION, repeatingMode MAIN_PREVIEW_CALLBACK, frameRate RATIO_MAX_PREVIEW_FPS, enable: true
12-31 15:19:32.660 28370 2869 I Request : SetPrivateSettingRequest - End
12-31 15:19:32.660 28370 2950 I SribSceneDetectionNode: onInitialized E
12-31 15:19:32.660 28370 2869 I RequestQueue: afterExecute : SET_PRIVATE_SETTING(5600)
12-31 15:19:32.660 28370 2869 I RequestQueue: [ ] []
12-31 15:19:32.660 28370 2950 I SceneDetector: Initialization of SceneDetector started
12-31 15:19:32.661 28370 2950 I ImageSearchJNI_AIC: SceneDetectorImpl.cpp: 38: VZ Debug: Using AIC Version Built: Jun 21 2021 18:46:43 IST
12-31 15:19:32.661 28370 2950 I ImageSearchJNI_AIC: SceneDetectorImpl.cpp: 39: VZ Debug: AIC Code Version: v6.12.0, Type: 64 bit, CXX: Clang
12-31 15:19:32.661 28370 2950 I ImageSearchJNI_AIC: sys_utils.cpp: 268: VZ Debug: Base model parent path: /system/etc/saiv/image_understanding/db/ for aic_classifier
12-31 15:19:32.661 28370 2950 I ImageSearchJNI_AIC: sys_utils.cpp: 134: VZ Debug: version=v2
12-31 15:19:32.662 28370 2950 I ImageSearchJNI_AIC: sys_utils.cpp: 142: VZ Debug: tag=v2.7
12-31 15:19:32.662 28370 2950 I ImageSearchJNI_AIC: sys_utils.cpp: 165: VZ Debug: Compiler=gpu
12-31 15:19:32.662 28370 2950 I ImageSearchJNI_AIC: sys_utils.cpp: 173: VZ Debug: latency=0
12-31 15:19:32.662 28370 2950 I ImageSearchJNI_AIC: config.cpp: 79: VZ Debug: setting COMPUTE UNIT to gpu, float16
12-31 15:19:32.662 28370 2950 I ImageSearchJNI_AIC: sys_utils.cpp: 268: VZ Debug: Base model parent path: /system/etc/saiv/image_understanding/db/ for aic_detector
12-31 15:19:32.662 28370 2950 I ImageSearchJNI_AIC: sys_utils.cpp: 134: VZ Debug: version=v2
12-31 15:19:32.662 28370 2950 I ImageSearchJNI_AIC: sys_utils.cpp: 142: VZ Debug: tag=v2.7
12-31 15:19:32.662 28370 2950 I ImageSearchJNI_AIC: sys_utils.cpp: 165: VZ Debug: Compiler=gpu
12-31 15:19:32.662 28370 2950 I ImageSearchJNI_AIC: sys_utils.cpp: 173: VZ Debug: latency=0
12-31 15:19:32.662 28370 2950 I ImageSearchJNI_AIC: config.cpp: 79: VZ Debug: setting COMPUTE UNIT to gpu, float16
12-31 15:19:32.662 28370 2950 I ImageSearchJNI_AIC: sys_utils.cpp: 268: VZ Debug: Base model parent path: /system/etc/saiv/image_understanding/db/ for aic_classifier
12-31 15:19:32.662 28370 2950 I ImageSearchJNI_AIC: sys_utils.cpp: 66: VZ Debug: version=v2
12-31 15:19:32.662 28370 2950 I ImageSearchJNI_AIC: sys_utils.cpp: 74: VZ Debug: tag=v2.7
12-31 15:19:32.662 28370 2950 I ImageSearchJNI_AIC: sys_utils.cpp: 82: VZ Debug: latency=0
12-31 15:19:32.662 28370 2950 I ImageSearchJNI_AIC: sys_utils.cpp: 90: VZ Debug: Compiler=gpu
12-31 15:19:32.662 28370 2950 I ImageSearchJNI_AIC: SceneDetectorImpl.cpp: 150: AJ Debug: Creating thread for async.1 /system/saiv/image_understanding/db/
12-31 15:19:32.662 28370 2950 I ImageSearchJNI_AIC: SceneDetectorImpl.cpp: 161: VZ Debug: Creating thread for async.
12-31 15:19:32.662 28370 2950 I ImageSearchJNI_AIC: SceneDetectorImpl.cpp: 163: VZ Debug: Internal init called
12-31 15:19:32.662 28370 2950 I ImageSearchJNI_AIC: SceneDetectorImpl.cpp: 172: VZ Debug: Initializing tagger
12-31 15:19:32.663 28370 2951 I ImageSearchJNI_AIC: NNet.cpp: 27: VZ Debug: NNet Constructor called for /vendor/etc/saiv/image_understanding/db/aic_classifier/aic_classifier_cnn_light.caffemodel, aic_classifier
12-31 15:19:32.663 28370 2952 I ImageSearchJNI_AIC: NNet.cpp: 110: VZ Debug: init_time_fuse_start for aic_classifier
12-31 15:19:32.663 28370 2952 I ImageSearchJNI_AIC: NNet.cpp: 111: VZ Debug: maximum_allowed_burn_time_for aic_classifier=60000
12-31 15:19:32.663 28370 2953 I ImageSearchJNI_AIC: NNet.cpp: 27: VZ Debug: NNet Constructor called for /vendor/etc/saiv/image_understanding/db/aic_detector/aic_detector_cnn_light.caffemodel, aic_detector
12-31 15:19:32.663 28370 2954 I ImageSearchJNI_AIC: NNet.cpp: 110: VZ Debug: init_time_fuse_start for aic_detector
12-31 15:19:32.663 28370 2954 I ImageSearchJNI_AIC: NNet.cpp: 111: VZ Debug: maximum_allowed_burn_time_for aic_detector=60000
12-31 15:19:32.664 28370 28370 I CameraExecutorManager: initialize
12-31 15:19:32.665 28370 2955 I CameraExecutorManager: onShootingModeChanged : 0, 1, false
12-31 15:19:32.665 28370 2951 I ImageSearchJNI_AIC: dl_loader.cpp: 20: VZ Debug: Dynamic loading of libDLInterface successfull from /system/lib64/libDLInterface_hidl.camera.samsung.so
12-31 15:19:32.667 28370 2953 I ImageSearchJNI_AIC: dl_loader.cpp: 20: VZ Debug: Dynamic loading of libDLInterface successfull from /system/lib64/libDLInterface_hidl.camera.samsung.so
12-31 15:19:32.667 28370 2866 I SemDvfsHyPerManager: acquire hyper - com.sec.android.app.camera/28370@12, type = 18
12-31 15:19:32.667 707 707 I HYPER-HAL: [ResourceManager.cpp]getResourceManager(): Resouce not supported on this device - resourceID : 0x12
12-31 15:19:32.667 707 707 E HYPER-HAL: [HyPerManager.cpp]getSupportedFrequency(): mRscManager is NULL
12-31 15:19:32.667 707 707 E HYPER-HAL: [HyPer.cpp]getSupportedFrequency(): AIDL getTable is NULL
12-31 15:19:32.669 719 26634 I snap_api::V3: CreateSnapSession Create called on snap session 0x7e4659b550
12-31 15:19:32.669 719 26634 I snap_api::V3: SNAP v2020.09.02 (64-bit)
12-31 15:19:32.669 719 26634 I snap_api::V3: Model_file_ name is (aic_classifier_cnn_light.caffemodel)
12-31 15:19:32.670 719 772 I snap_api::V3: CreateSnapSession Create called on snap session 0x7e5d51fcd0
12-31 15:19:32.670 719 772 I snap_api::V3: SNAP v2020.09.02 (64-bit)
12-31 15:19:32.670 719 772 I snap_api::V3: Model_file_ name is (aic_detector_cnn_light.caffemodel)
12-31 15:19:32.673 1087 8160 D SensorService: Calling batch handle==41 flags=0 rate=200000000 timeout== 0
12-31 15:19:32.673 702 702 I Sensors : batch(5) - uncal_light_sensor try to batching with 200000000
12-31 15:19:32.673 702 702 I Sensors : UncalLightSensor old sensor_state 643, new sensor_state : 1099511628419 en : 1
12-31 15:19:32.676 702 702 I Sensors : enable:: uncal_light_sensor(5)
12-31 15:19:32.677 28370 28370 I Camera11: loadHeavyResources : Start[1640960372677]
12-31 15:19:32.678 28370 2950 I SceneDetector: JK Debug aar version: 1.16, SceneDetector version: 2 , mode : 0
12-31 15:19:32.678 28370 2950 I VZClassifierV2: JK Debug aar v2 mode
12-31 15:19:32.678 28370 2950 I SensorAnalyzer: JK Debug sensor analyzer init
12-31 15:19:32.678 28370 28370 I Camera11: loadHeavyResources : End[1640960372678] [1]
12-31 15:19:32.678 28370 28370 I CameraPerformance: Launch - LazyLoading : End[1640960372678] [40]
12-31 15:19:32.678 28370 28370 I RequestQueue: addRequest : SET_PRIVATE_SETTING, qr_code_detection_mode : 3
12-31 15:19:32.679 28370 28370 I RequestQueue: addRequest : SET_PRIVATE_SETTING, qr_code_detection_interval : 1000
12-31 15:19:32.679 28370 28370 I RequestQueue: addRequest : SET_PRIVATE_SETTING, enable_cropped_qr_img_cb : false
12-31 15:19:32.679 28370 2869 I RequestQueue: beforeExecute : SET_PRIVATE_SETTING(5600)
12-31 15:19:32.679 28370 28370 I RequestQueue: addRequest : SET_PRIVATE_SETTING, enable_qr_code_detection : true
12-31 15:19:32.679 28370 2869 I RequestQueue: [5600] [5600 5600 ]
12-31 15:19:32.679 28370 2869 I Request : SetPrivateSettingRequest - Start
12-31 15:19:32.679 28370 28370 I RequestQueue: addRequest : APPLY_SETTINGS, com.sec.android.app.camera.engine.-$$Lambda$CommonEngine$BFOhyHc3pFR3i5NQnW-Mb3hrQv4@2914141
12-31 15:19:32.679 28370 28370 I RequestQueue: addRequest : SET_PRIVATE_SETTING, labs_capture_mode : MODE_NONE
12-31 15:19:32.679 28370 2869 I Request : execute key = MakerPrivateKey(qr_code_detection_mode) value = 3
12-31 15:19:32.679 28370 28370 I RequestQueue: addRequest : APPLY_SETTINGS, com.sec.android.app.camera.engine.-$$Lambda$CommonEngine$BFOhyHc3pFR3i5NQnW-Mb3hrQv4@300c6e6
12-31 15:19:32.679 28370 2869 I Request : SetPrivateSettingRequest - End
12-31 15:19:32.679 28370 2869 I RequestQueue: afterExecute : SET_PRIVATE_SETTING(5600)
12-31 15:19:32.679 28370 28370 I RequestQueue: addRequest : SET_PRIVATE_SETTING, scene_detection_mode : 1
12-31 15:19:32.679 28370 2869 I RequestQueue: [ ] [5600 5600 5600 5601 5600 5601 ]
12-31 15:19:32.679 28370 2869 I RequestQueue: beforeExecute : SET_PRIVATE_SETTING(5600)
12-31 15:19:32.679 28370 2869 I RequestQueue: [5600] [5600 5600 5601 5600 5601 5600 ]
12-31 15:19:32.679 28370 28370 I AutoBeautyPhotoMaker: setSceneDetectionInfoCallback - com.sec.android.app.camera.engine.CallbackManagerImpl$SceneDetectionInfoCallbackManager@c62ca4
12-31 15:19:32.679 28370 2869 I Request : SetPrivateSettingRequest - Start
12-31 15:19:32.679 28370 2869 I Request : execute key = MakerPrivateKey(qr_code_detection_interval) value = 1000
12-31 15:19:32.679 28370 2869 I Request : SetPrivateSettingRequest - End
12-31 15:19:32.679 28370 2869 I RequestQueue: afterExecute : SET_PRIVATE_SETTING(5600)
12-31 15:19:32.679 28370 2869 I RequestQueue: [ ] [5600 5600 5601 5600 5601 5600 ]
12-31 15:19:32.679 28370 2869 I RequestQueue: beforeExecute : SET_PRIVATE_SETTING(5600)
12-31 15:19:32.679 28370 2869 I RequestQueue: [5600] [5600 5601 5600 5601 5600 ]
12-31 15:19:32.679 28370 2869 I Request : SetPrivateSettingRequest - Start
12-31 15:19:32.679 1087 6880 D SensorService: Calling batch handle==1936484718 flags=0 rate=66667000 timeout== 0
12-31 15:19:32.679 28370 2869 I Request : execute key = MakerPrivateKey(enable_cropped_qr_img_cb) value = false
12-31 15:19:32.679 1087 6880 I SensorService: LinearAccelerationSensor2 setDelay = 66667000
12-31 15:19:32.679 1087 6880 D SensorService: GravitySensor2 setDelay ns =66667000 handle = 1936484718 mindelay = 66667000
12-31 15:19:32.679 28370 2869 I Request : SetPrivateSettingRequest - End
12-31 15:19:32.679 28370 2869 I RequestQueue: afterExecute : SET_PRIVATE_SETTING(5600)
12-31 15:19:32.679 28370 2869 I RequestQueue: [ ] [5600 5601 5600 5601 5600 ]
12-31 15:19:32.679 28370 2869 I RequestQueue: beforeExecute : SET_PRIVATE_SETTING(5600)
12-31 15:19:32.679 28370 2869 I RequestQueue: [5600] [5601 5600 5601 5600 ]
12-31 15:19:32.679 28370 2869 I Request : SetPrivateSettingRequest - Start
12-31 15:19:32.679 28370 2869 I Request : execute key = MakerPrivateKey(enable_qr_code_detection) value = true
12-31 15:19:32.680 28370 2869 I SaivQRCodeNode: initialize - activate true, asyncInit false(delay 0ms)
12-31 15:19:32.679 702 702 I Sensors : batch(11) - rotation_vector_sensor try to batching with 66667000
12-31 15:19:32.680 28370 2869 W SaivQRCodeNode: initialize - already node is initialized, ignore
12-31 15:19:32.680 28370 2869 W AutoBeautyPhotoMaker: enableRepeatingKey - this repeatingKey(RepeatingKey - id 2, name QR_CODE_DETECTION, repeatingMode MAIN_PREVIEW_CALLBACK, frameRate RATIO_MAX_PREVIEW_FPS) is in the same condition. (enable: true)
12-31 15:19:32.680 28370 2869 I Request : SetPrivateSettingRequest - End
12-31 15:19:32.680 28370 2869 I RequestQueue: afterExecute : SET_PRIVATE_SETTING(5600)
12-31 15:19:32.680 28370 2869 I RequestQueue: [ ] [5601 5600 5601 5600 ]
12-31 15:19:32.680 28370 2869 I RequestQueue: beforeExecute : APPLY_SETTINGS(5601)
12-31 15:19:32.680 28370 2869 I RequestQueue: [5601] [5600 5601 5600 ]
12-31 15:19:32.680 28370 2869 I Request : ApplySettingsRequest - Start
12-31 15:19:32.680 28370 2869 W Request : ApplySettingsRequest : Returned, no need to set maker public settings
12-31 15:19:32.680 28370 2869 I Request : ApplySettingsRequest - End
12-31 15:19:32.680 28370 2869 I RequestQueue: afterExecute : APPLY_SETTINGS(5601)
12-31 15:19:32.680 28370 2869 I RequestQueue: [ ] [5600 5601 5600 ]
12-31 15:19:32.680 28370 2869 I RequestQueue: beforeExecute : SET_PRIVATE_SETTING(5600)
12-31 15:19:32.680 28370 2869 I RequestQueue: [5600] [5601 5600 ]
12-31 15:19:32.680 28370 2869 I Request : SetPrivateSettingRequest - Start
12-31 15:19:32.680 702 702 I Sensors : RotationVector old sensor_state 643, new sensor_state : 1099511759491 en : 1
12-31 15:19:32.680 28370 2869 I Request : execute key = MakerPrivateKey(labs_capture_mode) value = MODE_NONE
12-31 15:19:32.680 28370 2869 I Request : SetPrivateSettingRequest - End
12-31 15:19:32.680 28370 2869 I RequestQueue: afterExecute : SET_PRIVATE_SETTING(5600)
12-31 15:19:32.680 28370 2869 I RequestQueue: [ ] [5601 5600 ]
12-31 15:19:32.680 28370 2869 I RequestQueue: beforeExecute : APPLY_SETTINGS(5601)
12-31 15:19:32.680 28370 2869 I RequestQueue: [5601] [5600 ]
12-31 15:19:32.680 28370 2869 I Request : ApplySettingsRequest - Start
12-31 15:19:32.680 28370 2869 W Request : ApplySettingsRequest : Returned, no need to set maker public settings
12-31 15:19:32.680 28370 2869 I Request : ApplySettingsRequest - End
12-31 15:19:32.680 28370 2869 I RequestQueue: afterExecute : APPLY_SETTINGS(5601)
12-31 15:19:32.680 28370 2869 I RequestQueue: [ ] [5600 ]
12-31 15:19:32.680 28370 2869 I RequestQueue: beforeExecute : SET_PRIVATE_SETTING(5600)
12-31 15:19:32.680 28370 2869 I RequestQueue: [5600] []
12-31 15:19:32.680 28370 2869 I Request : SetPrivateSettingRequest - Start
12-31 15:19:32.680 28370 2869 I Request : execute key = MakerPrivateKey(scene_detection_mode) value = 1
12-31 15:19:32.680 28370 2869 I AutoBeautyPhotoMaker: SCENE_DETECTION_MODE : mode = 1, enable = true
12-31 15:19:32.680 28370 2869 I SribSceneDetectionNode: initialize - activate true, asyncInit true(delay 0ms)
12-31 15:19:32.680 28370 2869 W SribSceneDetectionNode: initialize - already node is initializing, ignore
12-31 15:19:32.680 28370 2869 W AutoBeautyPhotoMaker: enableRepeatingKey - this repeatingKey(RepeatingKey - id 10, name SCENE_DETECTION, repeatingMode MAIN_PREVIEW_CALLBACK, frameRate RATIO_MAX_PREVIEW_FPS) is in the same condition. (enable: true)
12-31 15:19:32.681 28370 2869 I Request : SetPrivateSettingRequest - End
12-31 15:19:32.681 28370 2869 I RequestQueue: afterExecute : SET_PRIVATE_SETTING(5600)
12-31 15:19:32.681 28370 2869 I RequestQueue: [ ] []
12-31 15:19:32.682 702 702 I Sensors : enable:: rotation_vector_sensor(11)
12-31 15:19:32.683 28370 2950 I SribSceneDetectionNode: onInitialized X
12-31 15:19:32.683 28370 2950 I SribSceneDetectionNode: setActivate - activate true
12-31 15:19:32.689 702 1338 E Sensors : Sensor : Meta event
12-31 15:19:32.709 713 1136 I ExynosCameraMetadataConverter: [CAM(0)][]-(translateRequestControlData[2171]):ANDROID_REQUEST_ID(1)
12-31 15:19:32.728 28370 28370 I CommonEngine: onCameraOrientationChanged : newOrientation=270
12-31 15:19:32.728 28370 28370 I RequestQueue: addRequest : SET_ORIENTATION, 270
12-31 15:19:32.728 28370 2869 I RequestQueue: beforeExecute : SET_ORIENTATION(5604)
12-31 15:19:32.728 28370 2869 I RequestQueue: [5604] []
12-31 15:19:32.729 28370 2869 I Request : SetOrientationRequest - Start
12-31 15:19:32.729 28370 2869 I Request : execute key = MakerPrivateKey(device_orientation) value = 270
12-31 15:19:32.733 695 901 D gralloc : [mali_gralloc_allocate] begin
12-31 15:19:32.733 695 901 D gralloc : buffer_descriptor: wh(1920 1440) usage_pc(0x900 0x900) hal_format(0x11d) layer_count(1) sizes(0 0 0) strde(0) byte_stride(0) alloc_wh(0 0) internal_format(0x0) alloc_format(0x0) fd_count(1) plane_count(0)
12-31 15:19:32.734 695 901 D gralloc : [mali_gralloc_allocate] allocation successful
12-31 15:19:32.736 28370 2871 I AutoBeautyPhotoMaker: sendSceneDetectionInfoCallback - TimeStamp(824233406504916) SceneDetectionInfo([0, 10003, 0, 0, 0, 0, 0]) camDevice: CamDeviceImpl(5483e48) - id(0) - CameraDevice(4eb16cf)
12-31 15:19:32.750 28370 28370 I IntelligentManager: handleSceneDetectionInfo : sceneEvent=0, sceneInfo = 43, detectedScene=43
12-31 15:19:32.750 28370 28370 I SettingNotifier: onSettingValueChanged : key=DETECTED_SCENE_EVENT, value=43
12-31 15:19:32.750 28370 28370 I RequestQueue: addRequest : SET_PRIVATE_SETTING, labs_capture_mode : MODE_NONE
12-31 15:19:32.752 28370 28370 I PopupLayerView: showPopup : BACK_NIGHT_MODE_SUGGESTION_TIPS
12-31 15:19:32.765 702 1338 I Sensors : Uncalibrated lux = 0, CCT = 5616, r = 1, g = 1, b = 2, c = 2, atime = 17, again = 3, time = 824233589542518
12-31 15:19:32.766 702 1338 I Sensors : luminance 0
12-31 15:19:32.766 28370 28370 E SensorManager: sensor is null
12-31 15:19:32.766 28370 28370 W PocketChecker: Failed to register HRM sensor listener
12-31 15:19:32.767 1087 6854 D SensorService: removeConnection, index : 0, size : 1
12-31 15:19:32.767 1087 6854 D SensorService: # removeConnection, index : 0, size : 0
12-31 15:19:32.767 1087 6854 D SensorService: Calling activate off 41
12-31 15:19:32.767 702 702 I Sensors : UncalLightSensor old sensor_state 131715, new sensor_state : 131715 en : 0
12-31 15:19:32.770 702 702 I Sensors : disable:: uncal_light_sensor(5)
12-31 15:19:32.788 28370 30733 I PostProcessor: PostProcessThread - finalize
12-31 15:19:32.788 28370 30733 I PostProcessor: PostProcessThread - endThread
12-31 15:19:32.835 28370 2949 I V4/SecBeautyNativeNode: SecBeautyNode E
12-31 15:19:32.835 28370 2949 I V4/SecBeautyNativeNode: SecBeautyNode X
12-31 15:19:32.835 28370 2949 I V4/SecBeautyNode: onInitialized
12-31 15:19:32.836 28370 2949 I V4/SecBeautyNativeNode: initBeauty-mode(100), IsLite(0) E
12-31 15:19:32.836 28370 2949 I BeautySolution: initialize E (4.2.10) [0][0]
12-31 15:19:32.836 28370 2949 I BeautySolution: FaceManager create
12-31 15:19:32.836 28370 2949 I BeautySolution: ArcBeautyEngine create E
12-31 15:19:32.836 28370 2949 I BeautySolution: disable log
12-31 15:19:32.836 28370 2949 I BeautySolution: disable log
12-31 15:19:32.836 28370 2949 I BeautySolution: ArcBeautyEngine::Init E
12-31 15:19:32.836 28370 2949 I BeautySolution: readSettings::fail [0]
12-31 15:19:32.836 28370 2949 I ArcSoft_C: BeautyShot_Video_Algorithm_Imp::GetVersion() : ArcSoft_BeautyShot_Wrapper_5.6.125231001.21350301_#21410-3-B7166,03/24/2021
12-31 15:19:32.836 28370 2949 I ArcSoft_C: BeautyShot_Video_Algorithm_Imp::GetVersion() : Major=5,Minor=6,Build=21350301
12-31 15:19:32.836 28370 2949 I ArcSoft_C: BeautyShot_Video_Algorithm_Imp::GetVersion() : ArcSoft_BeautyShot_Wrapper_5.6.125231001.21350301_#21410-3-B7166,03/24/2021
12-31 15:19:32.836 28370 2949 I ArcSoft_C: BeautyShot_Video_Algorithm_Imp::GetVersion() : Major=5,Minor=6,Build=21350301
12-31 15:19:32.836 28370 2949 I BeautySolution: Arc_Preview_Init[2] : [ret 0] 03/24/2021 [0x79160d0280]
12-31 15:19:32.836 28370 2949 I ArcSoft_C: BeautyShot_Image_Algorithm_Imp::GetVersion() : ArcSoft_BeautyShot_Wrapper_5.6.125231001.21350301_#21410-3-B7166,03/24/2021
12-31 15:19:32.836 28370 2949 I ArcSoft_C: BeautyShot_Image_Algorithm_Imp::GetVersion() : Major=5,Minor=6,Build=21350301
12-31 15:19:32.836 28370 2949 I ArcSoft_C: BeautyShot_Image_Algorithm_Imp_Ex::GetVersion() : ArcSoft_BeautyShot_Wrapper_5.6.125231001.21350301_#21410-3-B7166,03/24/2021
12-31 15:19:32.836 28370 2949 I ArcSoft_C: BeautyShot_Image_Algorithm_Imp_Ex::GetVersion() : Major=5,Minor=6,Build=21350301
12-31 15:19:32.836 28370 2949 I ArcSoft_C: BeautyShot_Image_Algorithm_Imp::GetVersion() : ArcSoft_BeautyShot_Wrapper_5.6.125231001.21350301_#21410-3-B7166,03/24/2021
12-31 15:19:32.836 28370 2949 I ArcSoft_C: BeautyShot_Image_Algorithm_Imp::GetVersion() : Major=5,Minor=6,Build=21350301
12-31 15:19:32.836 28370 2949 I BeautySolution: Arc_Capture_Init[2] : 03/24/2021
12-31 15:19:32.836 28370 2949 I BeautySolution: ArcBeautyEngine::Init X
12-31 15:19:32.836 28370 2949 I BeautySolution: STR data - Disabled
12-31 15:19:32.836 28370 2949 I SAIV_FACE: set [SE][4]
12-31 15:19:32.836 28370 2949 I SAIV_FACE: set [SE][4]
12-31 15:19:32.836 28370 2949 I BeautySolution: initialize X [0]
12-31 15:19:32.836 28370 2949 I BeautySolution: Camera setProperty [4] [0]
12-31 15:19:32.836 28370 2949 I V4/SecBeautyNativeNode: initBeauty X
12-31 15:19:32.836 28370 2949 I BeautySolution: Camera setProperty [3] [0]
12-31 15:19:32.836 28370 2949 I BeautySolution: CAMERA_STR_ENABLE [0]
12-31 15:19:32.836 28370 2949 I BeautySolution: Camera setProperty [6] [270]
12-31 15:19:32.836 28370 2949 I BeautySolution: Beauty setProperty [0] [2]
12-31 15:19:32.836 28370 2949 I BeautySolution: Beauty setProperty [1] [0]
12-31 15:19:32.836 28370 2949 I BeautySolution: Beauty setProperty [8] [1]
12-31 15:19:32.836 28370 2949 I BeautySolution: Beauty setProperty [10] [1]
12-31 15:19:32.837 28370 2949 I V4/SecBeautyNode: setActivate - activate true
12-31 15:19:32.837 28370 2869 I BeautySolution: Camera setProperty [6] [0]
12-31 15:19:32.837 28370 2869 I Request : SetOrientationRequest - End
12-31 15:19:32.837 28370 2869 I RequestQueue: afterExecute : SET_ORIENTATION(5604)
12-31 15:19:32.837 28370 2869 I RequestQueue: [ ] [5600 ]
12-31 15:19:32.837 28370 2869 I RequestQueue: beforeExecute : SET_PRIVATE_SETTING(5600)
12-31 15:19:32.837 28370 2869 I RequestQueue: [5600] []
12-31 15:19:32.837 28370 2869 I Request : SetPrivateSettingRequest - Start
12-31 15:19:32.837 28370 2869 I Request : execute key = MakerPrivateKey(labs_capture_mode) value = MODE_NONE
12-31 15:19:32.837 28370 2869 I Request : SetPrivateSettingRequest - End
12-31 15:19:32.837 28370 2869 I RequestQueue: afterExecute : SET_PRIVATE_SETTING(5600)
12-31 15:19:32.837 28370 2869 I RequestQueue: [ ] []
12-31 15:19:32.841 1087 1196 D PowerManagerService: UserActivityStateListenerState: 0
12-31 15:19:32.846 1087 1341 D SensorService: [SO] 4.942 -0.831 8.349
12-31 15:19:32.846 1087 1341 D SensorService: [SO] [255 -> 1]
12-31 15:19:32.846 1087 1171 D WindowOrientationListener: OrientationSensorJudge.onSensorChanged, Rotation: 1
12-31 15:19:32.846 1087 1171 V WindowManager: rotationForOrientation(orient=SCREEN_ORIENTATION_SENSOR (4), last=ROTATION_0 (0)); user=ROTATION_0 (0) USER_ROTATION_LOCKED
12-31 15:19:32.846 1087 1171 D WindowManager: rotationForOrientation, orientationSource=ActivityRecord{16760b5 u0 com.sec.android.app.camera/.Camera t277}
12-31 15:19:32.846 1087 1171 V WindowOrientationListener: getProposedRotation: 1
12-31 15:19:32.847 1087 1171 V WindowManager: Computed rotation=ROTATION_90 (1) for display id=0 based on lastOrientation=SCREEN_ORIENTATION_SENSOR (4) and oldRotation=ROTATION_0 (0), caller=com.android.server.wm.DisplayContent.updateRotationUnchecked:2059 com.android.server.wm.WindowManagerService.updateRotationUnchecked:4405 com.android.server.wm.WindowManagerService.updateRotation:4386 com.android.server.wm.DisplayRotation$OrientationListener$UpdateRunnable.run:1782 android.os.Handler.handleCallback:938 android.os.Handler.dispatchMessage:99
12-31 15:19:32.847 1087 1171 D PhoneWindowManagerExt: setRotation: rotation=1
12-31 15:19:32.847 1087 1171 D PhoneWindowManagerExt: sRotationBooster.acquire()
12-31 15:19:32.847 1087 1171 I SemDvfsHyPerManager: acquire hyper - PWM_ROTATION/1087@38, type = -999
12-31 15:19:32.847 707 732 I HYPER-HAL: [RequestManager.cpp]acquire(): Acquired ID : 633413 [1087 / 38] HINT : PWM_ROTATION list :
12-31 15:19:32.847 707 732 I HYPER-HAL: [ResourceManager.cpp]updateResource(): [CPUMinFreq] UpdateResource Request ID : 633413 Value : 1794000
12-31 15:19:32.847 1087 2960 D TspStateManager: update cmd=set_grip_data,2,1,0,0,4,4,25,25
12-31 15:19:32.848 1087 24828 I AudioManager: setParameters keyValuePairs = g_hw_display_rotation=1
12-31 15:19:32.848 687 742 V sec_audio_hw: sec_dev_set_parameters : g_hw_display_rotation=1
12-31 15:19:32.848 687 742 D audio_hw_primary: device-adev_set_parameters: enter with key(g_hw_display_rotation=1)
12-31 15:19:32.853 1087 1173 D TspStateManager: updateCustomValue customSetting=
12-31 15:19:32.855 28370 28370 I SettingNotifier: notifyPendingSettingChanges : key size = 1
12-31 15:19:32.861 1087 1173 D TspStateManager: updateCustomValue customSetting=
12-31 15:19:32.861 1087 1173 D TspStateManager: updateCustomValue customSetting=
12-31 15:19:32.862 1087 1173 D TspStateManager: updateCustomValue customSetting=
12-31 15:19:32.863 1087 1173 I ActivityTaskManager: Config changes=20000480 {1.0 ?mcc?mnc [en_GB] ldltr sw600dp w960dp h576dp 320dpi lrg land finger -keyb/v/h -nav/h winConfig={ mBounds=Rect(0, 0 - 1920, 1200) mAppBounds=Rect(0, 0 - 1920, 1200) mWindowingMode=fullscreen mDisplayWindowingMode=fullscreen mActivityType=undefined mAlwaysOnTop=undefined mRotation=ROTATION_90} s.4772 desktop/d ?dc ?dcui ?dcaf enb/d bts=0 ff=0 bf=0 themeSeq=0}
12-31 15:19:32.874 9326 9326 I CocktailBarUiController: onConfigurationChanged : orientation = true densityDpi = false sw = false darkMode = false navigation = false h = true w = true
12-31 15:19:32.875 1087 8160 D SettingsProvider: isChangeAllowed() : name = edge_panel_height
12-31 15:19:32.875 1087 8160 D SettingsProvider: edmUri: content://com.sec.knox.provider/RestrictionPolicy3
12-31 15:19:32.875 1087 8160 D SettingsProvider: projectionArgs: isSettingsChangesAllowed
12-31 15:19:32.875 1087 8160 D SettingsProvider: selectionArgs: false
12-31 15:19:32.875 1087 8160 D SettingsProvider: selectionArgs: 10061
12-31 15:19:32.875 1087 8160 D SecContentProvider: query(), uri = 17 selection = isSettingsChangesAllowed
12-31 15:19:32.875 1087 8160 D SecContentProvider: called from com.samsung.android.app.cocktailbarservice
12-31 15:19:32.875 1087 8160 D RestrictionPolicy: isSettingsChangesAllowedAsUser, userId 0 : true
12-31 15:19:32.876 1087 8160 D SettingsProvider: ret = 1
12-31 15:19:32.876 1087 8160 I GenerationRegistry: mBackingStore.isClosed() : false
12-31 15:19:32.878 1087 8160 D SettingsProvider: isChangeAllowed() : name = edge_panel_scaled_height
12-31 15:19:32.878 1087 8160 D SettingsProvider: edmUri: content://com.sec.knox.provider/RestrictionPolicy3
12-31 15:19:32.878 1087 8160 D SettingsProvider: projectionArgs: isSettingsChangesAllowed
12-31 15:19:32.878 1087 8160 D SettingsProvider: selectionArgs: false
12-31 15:19:32.878 1087 8160 D SettingsProvider: selectionArgs: 10061
12-31 15:19:32.878 1087 8160 D SecContentProvider: query(), uri = 17 selection = isSettingsChangesAllowed
12-31 15:19:32.878 1087 8160 D SecContentProvider: called from com.samsung.android.app.cocktailbarservice
12-31 15:19:32.878 1087 8160 D RestrictionPolicy: isSettingsChangesAllowedAsUser, userId 0 : true
12-31 15:19:32.878 1087 8160 D SettingsProvider: ret = 1
12-31 15:19:32.878 1087 8160 I GenerationRegistry: mBackingStore.isClosed() : false
12-31 15:19:32.879 1087 8160 D SettingsProvider: isChangeAllowed() : name = edge_panel_width
12-31 15:19:32.879 1087 8160 D SettingsProvider: edmUri: content://com.sec.knox.provider/RestrictionPolicy3
12-31 15:19:32.879 1087 8160 D SettingsProvider: projectionArgs: isSettingsChangesAllowed
12-31 15:19:32.879 1087 8160 D SettingsProvider: selectionArgs: false
12-31 15:19:32.879 1087 8160 D SettingsProvider: selectionArgs: 10061
12-31 15:19:32.879 1087 8160 D SecContentProvider: query(), uri = 17 selection = isSettingsChangesAllowed
12-31 15:19:32.880 1087 8160 D SecContentProvider: called from com.samsung.android.app.cocktailbarservice
12-31 15:19:32.880 1087 8160 D RestrictionPolicy: isSettingsChangesAllowedAsUser, userId 0 : true
12-31 15:19:32.880 1087 8160 D SettingsProvider: ret = 1
12-31 15:19:32.880 1087 6854 D SettingsProvider: isChangeAllowed() : name = edge_panel_scaled_width
12-31 15:19:32.880 1087 6854 D SettingsProvider: edmUri: content://com.sec.knox.provider/RestrictionPolicy3
12-31 15:19:32.880 1087 6854 D SettingsProvider: projectionArgs: isSettingsChangesAllowed
12-31 15:19:32.880 1087 6854 D SettingsProvider: selectionArgs: false
12-31 15:19:32.880 1087 6854 D SettingsProvider: selectionArgs: 10061
12-31 15:19:32.881 1087 6854 D SecContentProvider: query(), uri = 17 selection = isSettingsChangesAllowed
12-31 15:19:32.881 1087 6854 D SecContentProvider: called from com.samsung.android.app.cocktailbarservice
12-31 15:19:32.881 1087 6854 D RestrictionPolicy: isSettingsChangesAllowedAsUser, userId 0 : true
12-31 15:19:32.881 1087 6854 D SettingsProvider: ret = 1
12-31 15:19:32.882 9326 9326 I CocktailContextUtils: Device SW - 600, Cover SW - 360, SW - 533
12-31 15:19:32.882 1087 1173 I WindowManager: Override config changes=20000480 {1.0 ?mcc?mnc [en_GB] ldltr sw600dp w960dp h576dp 320dpi lrg land finger -keyb/v/h -nav/h winConfig={ mBounds=Rect(0, 0 - 1920, 1200) mAppBounds=Rect(0, 0 - 1920, 1200) mWindowingMode=fullscreen mDisplayWindowingMode=fullscreen mActivityType=undefined mAlwaysOnTop=undefined mRotation=ROTATION_90} s.4772 desktop/d ?dc ?dcui ?dcaf enb/d bts=0 ff=0 bf=0 themeSeq=0} for displayId=0
12-31 15:19:32.882 9326 9326 I CocktailBarSettingsManagerUtils: Handler size scale 15.804212 28.489172 16.649897 15.804212 28.489172 16.649897
12-31 15:19:32.883 1087 8160 D SettingsProvider: isChangeAllowed() : name = edge_handle_size_percent
12-31 15:19:32.883 1087 8160 D SettingsProvider: edmUri: content://com.sec.knox.provider/RestrictionPolicy3
12-31 15:19:32.883 1087 8160 D SettingsProvider: projectionArgs: isSettingsChangesAllowed
12-31 15:19:32.883 1087 8160 D SettingsProvider: selectionArgs: false
12-31 15:19:32.883 1087 8160 D SettingsProvider: selectionArgs: 10061
12-31 15:19:32.883 1087 8160 D SecContentProvider: query(), uri = 17 selection = isSettingsChangesAllowed
12-31 15:19:32.883 1087 8160 D SecContentProvider: called from com.samsung.android.app.cocktailbarservice
12-31 15:19:32.883 1087 8160 D RestrictionPolicy: isSettingsChangesAllowedAsUser, userId 0 : true
12-31 15:19:32.883 1087 8160 D SettingsProvider: ret = 1
12-31 15:19:32.883 9326 9326 I CocktailBarSettingsObserver: dispatchChange : same value
12-31 15:19:32.883 1087 1173 D WindowManager: markForSeamlessRotation, seamlesslyRotated=true, w=Window{ad570ad u0 com.samsung.android.app.cocktailbarservice/com.samsung.android.app.cocktailbarservice.CocktailBarService}, caller=com.android.server.wm.WindowState.seamlesslyRotateIfAllowed:875 com.android.server.wm.DisplayContent.lambda$applyRotation$10:2089 com.android.server.wm.-$$Lambda$DisplayContent$BwkPz5vfdR8n4a_JGMK8C4zITZE.accept:10
12-31 15:19:32.884 1087 1173 D WindowManager: markForSeamlessRotation, seamlesslyRotated=true, w=Window{f474a75 u0 com.sec.android.app.camera/com.sec.android.app.camera.Camera}, caller=com.android.server.wm.WindowState.seamlesslyRotateIfAllowed:875 com.android.server.wm.DisplayContent.lambda$applyRotation$10:2089 com.android.server.wm.-$$Lambda$DisplayContent$BwkPz5vfdR8n4a_JGMK8C4zITZE.accept:10
12-31 15:19:32.884 1087 1173 D SurfaceControl: setDisplayProjection, orientation=1, layerStackRect=Rect(0, 0 - 1920, 1200), displayRect=Rect(0, 0 - 1920, 1200)
12-31 15:19:32.884 9326 9326 I AbstractCocktailPanelView: setPanelVisible: CocktailPortraitRemotePanelView2 will be hidden: 1
12-31 15:19:32.884 9326 9326 I CocktailBarPanelVisibilityManager: updateActivePanelView: vis=false onTransit=false -hide: 1 current Active: 1
12-31 15:19:32.884 9326 9326 E CocktailBarContainerView: updateContainerVisibility:
12-31 15:19:32.884 9326 9326 I Utils : isCurrentUser current = 0, ownerId = 0
12-31 15:19:32.885 9326 9326 I TrayVisibilityController: getComputedTrayVisible : keyguardState = 1
12-31 15:19:32.885 9326 9326 I TrayVisibilityController: updateRotationTrayVisible: State=1 visible=1 mCurrentVisible=1 specificMode=0
12-31 15:19:32.885 9326 9326 I TrayStateController: onNotifyUpdateTray: state=0
12-31 15:19:32.885 9326 9326 I TrayStateTrigger: requestShowTriggerView
12-31 15:19:32.885 9326 9326 I TrayStateController: setUiState 0 : already 0
12-31 15:19:32.886 1087 1173 D TspStateManager: updateCustomValue customSetting=
12-31 15:19:32.887 1087 1173 I MultiTaskingController: onConfigurationChangedLocked: display#0, configChanges=0x20000480, scaleW=1.0, scaleH=1.0
12-31 15:19:32.887 1087 1173 I SemDvfsHyPerManager: acquire hyper - AMS_RELAUNCH_RESUME/1087@19, type = -999
12-31 15:19:32.887 1087 1173 D ActivityManagerPerformance: AMP_acquire() RELAUNCH_RESUME
