12-31 15:19:31.757 1087 1381 I InputDispatcher: Delivering key to (9202): U action: 0x1 (0), f=0x8, m=0x0, d=0, '3fb5849'
12-31 15:19:31.759 9733 9733 I HBD : HoneyBoardService onKeyUp consumed:false
12-31 15:19:31.760 9202 9202 I ViewRootImpl@7c8c68a[LauncherActivity]: ViewPostIme key 1
12-31 15:19:31.766 1087 6857 D SdpManagerService: Not an enterprise user : 0
12-31 15:19:31.773 1087 6880 I ActivityTaskManager: START u0 {act=android.intent.action.MAIN cat=[android.intent.category.LAUNCHER] flg=0x10200000 cmp=com.sec.android.app.camera/.Camera (has extras)} from uid 10125
12-31 15:19:31.799 1087 6880 D ActivityTaskManager: TaskLaunchParamsModifier:task=null activity=ActivityRecord{16760b5 u0 com.sec.android.app.camera/.Camera display-from-dex-policy0 task-display-area=DefaultTaskDisplayArea@75371213 display-area-windowing-mode=1
12-31 15:19:31.800 1087 6880 D ActivityTaskManager: TaskLaunchParamsModifier:task=null activity=ActivityRecord{16760b5 u0 com.sec.android.app.camera/.Camera t-1} task-display-area=DefaultTaskDisplayArea@75371213 display-area-windowing-mode=1 non-freeform-display maximized-bounds
12-31 15:19:31.801 1087 6204 I SemDvfsHyPerManager: acquire hyper - AMS_APP_SWITCH/1087@36, type = -999
12-31 15:19:31.802 707 732 I HYPER-HAL: [RequestManager.cpp]acquire(): Acquired ID : 631162 [1087 / 36] HINT : AMS_APP_SWITCH list :
12-31 15:19:31.803 707 732 E HYPER-HAL: [HandlerSysfs.cpp]doResourceHandling(): Couldn't Open Sysfs - /sys/power/cstate_control
12-31 15:19:31.803 1087 6204 D ActivityManagerPerformance: AMP_acquire() APP_SWITCH
12-31 15:19:31.803 766 803 I SurfaceFlinger: id=6388 createSurf (0x0),-1 flag=24004, Task=277#0
12-31 15:19:31.804 707 732 I HYPER-HAL: [ResourceManager.cpp]updateResource(): [CPUMinFreq] UpdateResource Request ID : 631162 Value : 1794000
12-31 15:19:31.808 6983 6983 I SemDvfsHyPerManager: acquire hyper - com.sec.android.sdhms/6983@13, type = -999
12-31 15:19:31.808 707 732 I HYPER-HAL: [RequestManager.cpp]acquire(): Acquired ID : 24475519 [6983 / 13] HINT : APP_START list :
12-31 15:19:31.808 707 732 I HYPER-HAL: [ResourceManager.cpp]updateResource(): [CPUMaxFreq] UpdateResource Request ID : 24475519 Value : 1794000
12-31 15:19:31.808 1087 6880 D ActivityTaskManager: TaskLaunchParamsModifier:task=Task{979834a #277 visible=false type=standard mode=fullscreen translucent=true A=10098:android.task.camera U=0 StackId=277 sz=0} activity=ActivityRecord{16760b5 u0 com.sec.android.app.camera/.Camera t-1} display-from-task=0 task-display-area=DefaultTaskDisplayArea@75371213 display-area-windowing-mode=1 non-freeform-display maximized-bounds
12-31 15:19:31.809 766 1388 I SurfaceFlinger: id=6389 createSurf (0x0),-1 flag=80004, ActivityRecord{16760b5 u0 com.sec.android.app.camera/.Camera t277}#0
12-31 15:19:31.811 1087 6880 V WindowManager: Prepare app transition: transit=TRANSIT_TASK_OPEN mNextAppTransition=TRANSIT_UNSET alwaysKeepCurrent=false displayId=0 Callers=com.android.server.wm.DisplayContent.prepareAppTransition:5990 com.android.server.wm.DisplayContent.prepareAppTransition:5984 com.android.server.wm.ActivityStack.startActivityLocked:2769 com.android.server.wm.ActivityStarter.startActivityInner:2826 com.android.server.wm.ActivityStarter.startActivityUnchecked:2275
12-31 15:19:31.811 1087 6880 V WindowManager: rotationForOrientation(orient=SCREEN_ORIENTATION_SENSOR (4), last=ROTATION_0 (0)); user=ROTATION_0 (0) USER_ROTATION_LOCKED
12-31 15:19:31.811 1087 6880 D WindowManager: rotationForOrientation, orientationSource=ActivityRecord{40d61d4 u0 com.sec.android.app.launcher/.activities.LauncherActivity t123}
12-31 15:19:31.811 1087 6880 V WindowOrientationListener: getProposedRotation: -1
12-31 15:19:31.812 1087 6880 D ActivityTaskManager: resumeTopActivityInnerLocked, prev=ActivityRecord{16760b5 u0 com.sec.android.app.camera/.Camera t277} next=ActivityRecord{16760b5 u0 com.sec.android.app.camera/.Camera t277} shouldSleepActivities()=false mLastPausedActivity=null caller=com.android.server.wm.ActivityStack.resumeTopActivityInnerLocked:2084 com.android.server.wm.ActivityStack.resumeTopActivityUncheckedLocked:1979 com.android.server.wm.RootWindowContainer.resumeFocusedStacksTopActivities:2725 com.android.server.wm.ActivityStarter.startActivityInner:2857 com.android.server.wm.ActivityStarter.startActivityUnchecked:2275 com.android.server.wm.ActivityStarter.executeRequest:1691 com.android.server.wm.ActivityStarter.execute:914 com.android.server.wm.ActivityTaskManagerService.startActivityAsUser:1738 com.android.server.wm.ActivityTaskManagerService.startActivityAsUser:1588 com.android.server.wm.ActivityTaskManagerService.startActivity:1540 android.app.IActivityTaskManager$Stub.onTransact:1743 android.os.Binder.execTransactInternal:1190 android.os.Binder.execTransact:1159
12-31 15:19:31.812 1087 6880 D MARsPolicyManager: onPackageResumedFG pkgName = com.sec.android.app.camera, userId = 0
12-31 15:19:31.814 1087 6880 I SemDvfsHyPerManager: acquire hyper - AMS_APP_LAUNCH/1087@21, type = -999
12-31 15:19:31.814 707 732 I HYPER-HAL: [RequestManager.cpp]acquire(): Acquired ID : 614407 [1087 / 21] HINT : AMS_APP_LAUNCH_M list :
12-31 15:19:31.814 1087 6880 V InputMethodManagerService: Client requesting input be hidden
12-31 15:19:31.814 1087 6880 V InputMethodManagerService: hideCurrentInputLocked : shouldHideSoftInput is false
12-31 15:19:31.815 707 732 E HYPER-HAL: [HandlerSysfs.cpp]doResourceHandling(): Couldn't Open Sysfs - /sys/power/cstate_control
12-31 15:19:31.815 707 732 I HYPER-HAL: [ResourceManager.cpp]updateResource(): [CPUMinFreq] UpdateResource Request ID : 614407 Value : 1794000
12-31 15:19:31.816 9202 9202 I DragController: endDrag
12-31 15:19:31.816 9202 9202 W PageOverlayMover: updateActivityLifecycleState : 3
12-31 15:19:31.816 22439 22462 I PageOverlayServiceImpl: [FROM HOME] updateActivityLifecycleState : 3
12-31 15:19:31.817 9202 9202 I SPayUpdater: updateSpayHandler launcher activity is paused false
12-31 15:19:31.817 9202 9202 I BlurOperator: progress = 1.0, mBlurProgress = 1.0, forced = true, mForced = false
12-31 15:19:31.817 9202 9202 I BlurOperator: mSetTime = 1640960227134, currentTimeMs = 1640960371817
12-31 15:19:31.817 9202 9202 I BlurOperator: blurAmount = 0.125, mBgBlurAmount = 0.125, show = true, mPreBlur = 0.125, mDuration = 1
12-31 15:19:31.818 1087 6880 D ActivityTaskManager: resumeTopActivityInnerLocked, prev=ActivityRecord{40d61d4 u0 com.sec.android.app.launcher/.activities.LauncherActivity t123} next=ActivityRecord{16760b5 u0 com.sec.android.app.camera/.Camera t277} shouldSleepActivities()=false mLastPausedActivity=null caller=com.android.server.wm.ActivityStack.resumeTopActivityInnerLocked:2084 com.android.server.wm.ActivityStack.resumeTopActivityUncheckedLocked:1979 com.android.server.wm.RootWindowContainer.resumeFocusedStacksTopActivities:2725 com.android.server.wm.ActivityStack.completePauseLocked:1656 com.android.server.wm.ActivityRecord.activityPaused:6253 com.android.server.wm.ActivityTaskManagerService.activityPaused:2588 android.app.IActivityTaskManager$Stub.onTransact:2265 android.os.Binder.execTransactInternal:1190 android.os.Binder.execTransact:1159
12-31 15:19:31.818 1087 6880 D MARsPolicyManager: onPackageResumedFG pkgName = com.sec.android.app.camera, userId = 0
12-31 15:19:31.818 1087 1087 I CocktailBarManagerServiceContainer: handleMessage: entry what = 6
12-31 15:19:31.818 1087 6880 V WindowManager: Prepare app transition: transit=TRANSIT_TASK_OPEN mNextAppTransition=TRANSIT_TASK_OPEN alwaysKeepCurrent=false displayId=0 Callers=com.android.server.wm.DisplayContent.prepareAppTransition:5990 com.android.server.wm.DisplayContent.prepareAppTransition:5984 com.android.server.wm.ActivityStack.resumeTopActivityInnerLocked:2420 com.android.server.wm.ActivityStack.resumeTopActivityInnerLocked:2084 com.android.server.wm.ActivityStack.resumeTopActivityUncheckedLocked:1979
12-31 15:19:31.818 1087 6880 W ActivityTaskManager: Tried to set launchTime (0) < mLastActivityLaunchTime (74640648)
12-31 15:19:31.818 1087 6880 D WindowManager: setKeyguardOccluded occluded=true
12-31 15:19:31.818 1087 6880 V KeyguardServiceDelegate: setOccluded(true) animate=false
12-31 15:19:31.819 5618 5654 D KeyguardViewMediator: setOccluded true
12-31 15:19:31.819 1087 6880 V WindowManager: rotationForOrientation(orient=SCREEN_ORIENTATION_SENSOR (4), last=ROTATION_0 (0)); user=ROTATION_0 (0) USER_ROTATION_LOCKED
12-31 15:19:31.819 1087 6880 D WindowManager: rotationForOrientation, orientationSource=ActivityRecord{16760b5 u0 com.sec.android.app.camera/.Camera t277}
12-31 15:19:31.819 5618 5618 D KeyguardViewMediator: handleMessage 9
12-31 15:19:31.819 1087 6880 V WindowOrientationListener: getProposedRotation: -1
12-31 15:19:31.819 1087 6880 V WindowManager: rotationForOrientation(orient=SCREEN_ORIENTATION_SENSOR (4), last=ROTATION_0 (0)); user=ROTATION_0 (0) USER_ROTATION_LOCKED
12-31 15:19:31.819 1087 6880 D WindowManager: rotationForOrientation, orientationSource=ActivityRecord{16760b5 u0 com.sec.android.app.camera/.Camera t277}
12-31 15:19:31.819 1087 6880 V WindowOrientationListener: getProposedRotation: -1
12-31 15:19:31.819 5618 5618 D KeyguardWallpaperController: onOccluded() true
12-31 15:19:31.819 5618 5618 D KeyguardWallpaperController: mIsKeyguardShowing=false, mOccluded=true, match_parent=true
12-31 15:19:31.819 5618 5618 D ScrimController: setScrimAlphaForKeyguard mIsWhiteKeyguardWallpaper = false mScrimAlphaForKeyguard = 0.75 mScrimBouncerColor = #ff000000
12-31 15:19:31.819 5618 5618 D NotificationShadeWindowController: shade Blurred dim Amount : 0
12-31 15:19:31.820 1087 6880 V WindowManager: Computed rotation=ROTATION_0 (0) for display id=0 based on lastOrientation=SCREEN_ORIENTATION_SENSOR (4) and oldRotation=ROTATION_0 (0), caller=com.android.server.wm.DisplayRotation.updateOrientation:394 com.android.server.wm.DisplayContent.updateOrientation:1739 com.android.server.wm.DisplayContent.updateOrientation:1660 com.android.server.wm.RootWindowContainer.ensureVisibilityAndConfig:2195 com.android.server.wm.ActivityStackSupervisor.realStartActivityLocked:958 com.android.server.wm.ActivityStackSupervisor.startSpecificActivity:1273
12-31 15:19:31.820 1087 6880 D TspStateManager: updateCustomValue customSetting=
12-31 15:19:31.820 5618 5618 D KeyguardViewMediator: adjustStatusBarLocked: no need to update flags=0x0 / showHomeOverLock=true
12-31 15:19:31.820 1087 6880 V WindowManager: rotationForOrientation(orient=SCREEN_ORIENTATION_SENSOR (4), last=ROTATION_0 (0)); user=ROTATION_0 (0) USER_ROTATION_LOCKED
12-31 15:19:31.820 1087 6880 D WindowManager: rotationForOrientation, orientationSource=ActivityRecord{16760b5 u0 com.sec.android.app.camera/.Camera t277}
12-31 15:19:31.820 1087 6880 V WindowOrientationListener: getProposedRotation: -1
12-31 15:19:31.820 1087 6857 D PowerManagerService: [api] userActivity : event: 0 flags: 0 (uid: 10062 pid: 5618) eventTime = 74885996
12-31 15:19:31.820 1087 6880 D TspStateManager: updateCustomValue customSetting=
12-31 15:19:31.821 1087 6880 D PkgDataHelper: notifyAppCreate(), pkgName: com.sec.android.app.camera, sendRet: true
12-31 15:19:31.821 1087 1389 D GameManagerService: onLooperPrepared(), msg: MSG_APP_CREATE, pkgName: com.sec.android.app.camera
12-31 15:19:31.821 1087 6880 D InputDispatcher: Focused application set to (0): 16760b5
12-31 15:19:31.822 1087 6880 V WindowManager: Changing focus from Window{3fb5849 u0 com.sec.android.app.launcher/com.sec.android.app.launcher.activities.LauncherActivity} to null displayId=0 Callers=com.android.server.wm.RootWindowContainer.updateFocusedWindowLocked:575 com.android.server.wm.WindowManagerService.updateFocusedWindowLocked:6338 com.android.server.wm.DisplayContent.setFocusedApp:6972 com.android.server.wm.ActivityTaskManagerService.setResumedActivityUncheckLocked:6786
12-31 15:19:31.822 1087 6880 D StatusBarManagerService: notifyRequestedSystemKey recent=false home=false
12-31 15:19:31.822 1087 6880 D GameManagerService: TaskStackListener.onTaskFocusChanged(), taskId=277, focused=true
12-31 15:19:31.822 1087 1389 D GameManagerService: onLooperPrepared(), msg: MSG_TASK_FOCUSED, focusedComponent: ComponentInfo{com.sec.android.app.camera/com.sec.android.app.camera.Camera}
12-31 15:19:31.822 1087 1389 D GameManagerService: handleTaskFocused().
12-31 15:19:31.822 1087 1389 D GameManagerService: sendFocusOutConditionally() - mPrevNotiPackage: (unknown)
12-31 15:19:31.822 1087 1389 D GameManagerService: handleTaskFocused(), pkgName: com.sec.android.app.camera, clsName: com.sec.android.app.camera.Camera, userID:0
12-31 15:19:31.822 1087 1389 D GameManagerService: handleResume().
12-31 15:19:31.823 1087 1389 D GameManagerService: handleResume() - secureFolderID: -1301
12-31 15:19:31.823 1087 6880 D MARsPolicyManager: onPackageResumedFG pkgName = com.sec.android.app.camera, userId = 0
12-31 15:19:31.823 1087 1389 D GameManagerService: sendFocusOutConditionally() - mPrevNotiPackage: (unknown)
12-31 15:19:31.823 1087 1389 D GameManagerService: handleResume(). pkgName: com.sec.android.app.camera, isTunableApp: null
12-31 15:19:31.823 1087 1389 D GameManagerService: notifyFocusInOut(). of pkg: com.sec.android.app.camera, type: 4, isMinimized: false, isTunableApp: false
12-31 15:19:31.823 1087 1389 D GameManagerService: notifyFocusInOut(). unexpected mPrevNotiType: -1
12-31 15:19:31.823 1087 1389 D GameManagerService:NetworkLimit: callRelease
12-31 15:19:31.823 1087 1389 D GM:SystemHelper: callReleaseBlock needReleaseBlock:false
12-31 15:19:31.823 1087 6880 W WindowManager: Execute app transition: mNextAppTransition=TRANSIT_TASK_OPEN, displayId: 0 Callers=com.android.server.wm.RootWindowContainer.executeAppTransitionForAllDisplay:2646 com.android.server.wm.ActivityStackSupervisor.reportResumedActivityLocked:2300 com.android.server.wm.ActivityRecord.completeResumeLocked:6184 com.android.server.wm.ActivityStack.minimalResumeActivityLocked:1292 com.android.server.wm.ActivityStackSupervisor.realStartActivityLocked:1186
12-31 15:19:31.824 1087 6880 D MARsPolicyManager: onPackageResumedFG pkgName = com.sec.android.app.camera, userId = 0
12-31 15:19:31.826 1087 1173 V ActivityManager: Changed top to 10098,ProcessRecord{6e0dfa9 28370:com.sec.android.app.camera/u0a98}
12-31 15:19:31.827 1087 1173 D GameManagerService: notePauseComponent(), received paused-component: com.sec.android.app.launcher
12-31 15:19:31.828 1087 6854 V WindowManager: Relayout Window{3fb5849 u0 com.sec.android.app.launcher/com.sec.android.app.launcher.activities.LauncherActivity}: viewVisibility=0 req=1200x1920 d0
12-31 15:19:31.829 1087 1173 I ActivityManager: Changes in 10098 18 to 2, 0 to 7 Caller=com.android.server.am.OomAdjuster.updateOomAdjLocked:402 com.android.server.am.OomAdjuster.updateOomAdjLocked:449 com.android.server.am.ActivityManagerService.updateOomAdjLocked:21639 com.android.server.am.ProcessRecord.updateProcessInfo:1636 com.android.server.am.ProcessRecord.onStartActivity:1673 com.android.server.wm.-$$Lambda$VY87MmFWaCLMkNa2qHGaPrThyrI.accept:27 com.android.internal.util.function.pooled.PooledLambdaImpl.doInvoke:324
12-31 15:19:31.829 1087 1173 I AppOps : updateUidProcState uid: 10098 procState: 2 capability:7
12-31 15:19:31.829 1087 1173 I AppOps : commitUidPendingStateLocked() :: UID - 10098, 700 > 200, 0 > 7
12-31 15:19:31.830 1087 1174 D InputTransport: Input channel constructed: 'ca73769', fd=562
12-31 15:19:31.830 1087 1174 D InputTransport: Input channel constructed: 'ca73769', fd=564
12-31 15:19:31.831 1087 6854 V WindowManager: Relayout hash=3fb5849, pid=9202: mAttrs={(0,0)(fillxfill) sim={adjust=nothing} layoutInDisplayCutoutMode=shortEdges ty=BASE_APPLICATION fmt=TRANSPARENT wanim=0x10302f2
12-31 15:19:31.831 1087 6854 V WindowManager: fl=81910102
12-31 15:19:31.831 1087 6854 V WindowManager: pfl=16020000
12-31 15:19:31.831 1087 6854 V WindowManager: vsysui=1700
12-31 15:19:31.831 1087 6854 V WindowManager: bhv=SHOW_TRANSIENT_BARS_BY_SWIPE
12-31 15:19:31.831 1087 6854 V WindowManager: fitSides= dimAmount=0.125 dimDuration=1 naviIconColor=0
12-31 15:19:31.831 1087 6854 V WindowManager: sfl=40}
12-31 15:19:31.831 1087 6854 I SurfaceControl: nativeRelease nativeObject s[517796950720]
12-31 15:19:31.831 1087 6854 I SurfaceControl: nativeRelease nativeObject e[517796950720]
12-31 15:19:31.831 766 1388 I SurfaceFlinger: id=6390 createSurf (0x0),-1 flag=80004, ca73769 Splash Screen com.sec.android.app.camera#0
12-31 15:19:31.831 9202 9202 I SurfaceControl: nativeRelease nativeObject s[520060354912]
12-31 15:19:31.832 9202 9202 I SurfaceControl: nativeRelease nativeObject e[520060354912]
12-31 15:19:31.832 9202 9202 I SurfaceControl: assignNativeObject: nativeObject = 0 Surface(name=null)/@0x85bb01d / android.view.SurfaceControl.readFromParcel:1117 android.view.IWindowSession$Stub$Proxy.relayout:1820 android.view.ViewRootImpl.relayoutWindow:9130 android.view.ViewRootImpl.performTraversals:3420 android.view.ViewRootImpl.doTraversal:2669 android.view.ViewRootImpl$TraversalRunnable.run:10092 android.view.Choreographer$CallbackRecord.run:1010 android.view.Choreographer.doCallbacks:809 android.view.Choreographer.doFrame:744 android.view.Choreographer$FrameDisplayEventReceiver.run:995
12-31 15:19:31.833 9202 9202 I SurfaceControl: nativeRelease nativeObject s[518090475744]
12-31 15:19:31.833 9202 9202 I SurfaceControl: nativeRelease nativeObject e[518090475744]
12-31 15:19:31.833 9202 9202 I SurfaceControl: nativeRelease nativeObject s[518090475648]
12-31 15:19:31.833 9202 9202 I SurfaceControl: nativeRelease nativeObject e[518090475648]
12-31 15:19:31.833 1087 1174 I ViewRootImpl@32ee5f0[camera]: setView = com.android.internal.policy.DecorView@e38fa8f TM=true
12-31 15:19:31.833 9202 9202 I ViewRootImpl@7c8c68a[LauncherActivity]: Relayout returned: old=(0,0,1200,1920) new=(0,0,1200,1920) req=(1200,1920)0 dur=4 res=0x1 s={true 518361718784} ch=false fn=5
12-31 15:19:31.833 9202 9202 I BlurUtils: blurByWindowManager with show = true, dest = com.android.internal.policy.PhoneWindow@612477f, amount = 0.125, duration = 1, sBlur=true
12-31 15:19:31.835 1087 5531 D PkgPredictorService: com.sec.android.app.camera go to foreground!
12-31 15:19:31.836 1087 5531 E PkgPredictorService-Collector: record changed bt=0 wifi=1 screen=0
12-31 15:19:31.836 1087 5531 D PkgPredictorService: previous pkgs: com.sec.android.app.camera,org.qtproject.example.minimal_map,com.sec.android.app.camera running pkg: com.sec.android.app.camera, uid: 0 is system: true
12-31 15:19:31.836 1087 1171 D SehCodecSolutionService: Update top [com.sec.android.app.camera]
12-31 15:19:31.836 1087 5531 D PkgPredictorService-Collector: save record...
12-31 15:19:31.836 1087 5531 D PkgPredictorService-Collector: (hour:15 day:6 previous:[com.sec.android.app.camera, org.qtproject.example.minimal_map, com.sec.android.app.camera] activityName:unknown running:com.sec.android.app.camera userId:0 screenOrientation:0 wifi:1 bt:0 predictTime:2 apkVersion:11.0.16.1 consumeTime:-1 preloaded:false>)
12-31 15:19:31.836 1087 5531 D PkgPredictorService-NapPreloadController: User using: com.sec.android.app.camera
12-31 15:19:31.836 1087 5531 I PkgPredictorService-NapClassifier: RF predict version:1640913041144
12-31 15:19:31.836 1087 1171 D SSRM:LoadDetectMonitor: PID = 28370, UID = 10098
12-31 15:19:31.836 1087 5531 D PkgPredictorService-NapClassifier: Predict result: 20.0,15.0,21.0, - [0_&_org.qtproject.example.minimal_map, 0_&_com.brakefield.painter, 0_&_com.google.android.youtube]
12-31 15:19:31.837 1087 1173 D SemGameManager: getGMSBinder(), begin
12-31 15:19:31.838 28370 28370 I VerificationLog: onCreate
12-31 15:19:31.838 1087 1173 D SemGameManager: getGMSBinder(), successful: true
12-31 15:19:31.838 1087 1173 D SemGameManager: isAvailable(), ret=true
12-31 15:19:31.838 1087 1173 D SemGameManager: isGamePackage(), pkgName=com.sec.android.app.camera
12-31 15:19:31.838 1087 1173 D SemGameManager: getGMSBinder(), begin
12-31 15:19:31.838 28370 28370 I CameraPerformance: Launch - onCreate : Start[1640960371838]
12-31 15:19:31.838 1087 1173 D SemGameManager: getGMSBinder(), successful: true
12-31 15:19:31.838 1087 1173 D GameManagerService: identifyGamePackage. com.sec.android.app.camera, mCurrentUserId: 0, callerUserId: 0
12-31 15:19:31.838 1087 1173 D PkgDataHelper: getGamePkgData(). com.sec.android.app.camera
12-31 15:19:31.838 1087 1173 D SemGameManager: isGamePackage(), ret=false
12-31 15:19:31.838 1087 1087 I CocktailBarManagerServiceContainer: handleMessage: entry what = 5
12-31 15:19:31.840 28370 28370 I AbstractCameraSettings: AbstractCameraSettings : Start[1640960371840]
12-31 15:19:31.840 1087 1173 I GameSDK@LifeCycle: noteResumeComponent(): package name : com.sec.android.app.camera
12-31 15:19:31.840 28370 28370 I AbstractCameraSettings: AbstractCameraSettings : End[1640960371840] [0]
12-31 15:19:31.840 1087 1173 D SemGameManager: getGMSBinder(), begin
12-31 15:19:31.840 9326 9326 I Utils : HomePackage : com.sec.android.app.launcher, resumePackageName : com.sec.android.app.camera
12-31 15:19:31.840 28370 2867 I CameraPerformance: Launch - ValidatePreferences : Start[1640960371840]
12-31 15:19:31.840 28370 28370 I CameraPerformance: Launch - InflateMainLayer : Start[1640960371840]
12-31 15:19:31.840 28370 2867 I CameraPerformance: Launch - ValidatePreferences : End[1640960371840] [0]
12-31 15:19:31.842 1087 1173 D SemGameManager: getGMSBinder(), successful: true
12-31 15:19:31.842 1087 1173 D GameManagerService: identifyGamePackage. com.sec.android.app.camera, mCurrentUserId: 0, callerUserId: 0
12-31 15:19:31.842 1087 1173 D PkgDataHelper: getGamePkgData(). com.sec.android.app.camera
12-31 15:19:31.842 1087 1173 D GameManagerService: noteResumeComponent(), received resumed-component: com.sec.android.app.camera
12-31 15:19:31.842 1087 1389 D GameManagerService: onLooperPrepared(), msg: MSG_APP_RESUME, resumeComponent: ComponentInfo{com.sec.android.app.camera/com.sec.android.app.camera.Camera}
12-31 15:19:31.842 1087 1389 D GameManagerService: handleResume().
12-31 15:19:31.842 1087 1389 D GameManagerService: handleResume() - secureFolderID: -1301
12-31 15:19:31.842 1087 1389 D GameManagerService: sendFocusOutConditionally() - mPrevNotiPackage: (unknown)
12-31 15:19:31.842 1087 1389 D GameManagerService: handleResume(). pkgName: com.sec.android.app.camera, isTunableApp: null
12-31 15:19:31.842 1087 1389 D GameManagerService: notifyFocusInOut(). of pkg: com.sec.android.app.camera, type: 4, isMinimized: false, isTunableApp: false
12-31 15:19:31.842 1087 1389 D GameManagerService: notifyFocusInOut(). unexpected mPrevNotiType: -1
12-31 15:19:31.842 1087 1389 D GameManagerService:NetworkLimit: callRelease
12-31 15:19:31.842 1087 1389 D GM:SystemHelper: callReleaseBlock needReleaseBlock:false
12-31 15:19:31.842 821 5878 I CameraService: notifyMonitoredUids
12-31 15:19:31.844 28370 2867 E CameraShootingMode: getCaptureSize : There is no a predefined capture size in shooting mode feature.
12-31 15:19:31.844 28370 2867 E CameraShootingMode: getCaptureSize : There is no a predefined capture size in shooting mode feature.
12-31 15:19:31.844 1087 1174 D ViewRootImpl@32ee5f0[camera]: controlInsetsForCompatibility: hideByFlags=0x1, showByFlags=0x0, flags=0x818b0518, sysUiVis=0x0, matchParent=true, nonAttachedAppWindow=true
12-31 15:19:31.845 1087 1174 D InsetsSourceConsumer: setRequestedVisible: visible=false, type=0, host=Splash Screen com.sec.android.app.camera, from=android.view.InsetsSourceConsumer.hide:233 android.view.InsetsController.collectSourceControls:1180 android.view.InsetsController.controlAnimationUnchecked:1057 android.view.InsetsController.applyAnimation:1431 android.view.InsetsController.hide:992 android.view.InsetsController.hide:975 android.view.ViewRootImpl.controlInsetsForCompatibility:2903 android.view.ViewRootImpl.performTraversals:3369 android.view.ViewRootImpl.doTraversal:2669 android.view.ViewRootImpl$TraversalRunnable.run:10092
12-31 15:19:31.845 1087 6854 V WindowManager: Relayout Window{3fb5849 u0 com.sec.android.app.launcher/com.sec.android.app.launcher.activities.LauncherActivity}: viewVisibility=0 req=1200x1920 d0
12-31 15:19:31.845 28370 28370 I CameraPerformance: Launch - InflateMainLayer : End[1640960371845] [5]
12-31 15:19:31.846 1087 1174 V WindowManager: Relayout Window{ca73769 u0 Splash Screen com.sec.android.app.camera}: viewVisibility=0 req=1200x1920 d0
12-31 15:19:31.847 1087 6854 V WindowManager: Relayout hash=3fb5849, pid=9202: mAttrs={(0,0)(fillxfill) sim={adjust=nothing} layoutInDisplayCutoutMode=shortEdges ty=BASE_APPLICATION fmt=TRANSPARENT wanim=0x10302f2
12-31 15:19:31.847 1087 6854 V WindowManager: fl=81910102
12-31 15:19:31.847 1087 6854 V WindowManager: pfl=16020000
12-31 15:19:31.847 1087 6854 V WindowManager: vsysui=1700
12-31 15:19:31.847 1087 6854 V WindowManager: bhv=SHOW_TRANSIENT_BARS_BY_SWIPE
12-31 15:19:31.847 1087 6854 V WindowManager: fitSides= dimAmount=0.125 dimDuration=1 naviIconColor=0
12-31 15:19:31.847 1087 6854 V WindowManager: sfl=40}
12-31 15:19:31.847 1087 6854 I SurfaceControl: nativeRelease nativeObject s[517796948512]
12-31 15:19:31.847 1087 6854 I SurfaceControl: nativeRelease nativeObject e[517796948512]
12-31 15:19:31.847 1087 1174 D WindowManager: isScreenshotDisabledLocked - win: Window{ca73769 u0 Splash Screen com.sec.android.app.camera}
12-31 15:19:31.847 1087 1174 D WindowManager: isScreenshotDisabledLocked: userId = 0, disabled =false
12-31 15:19:31.847 766 803 I SurfaceFlinger: id=6391 createSurf (1200x1920),1 flag=404, Splash Screen com.sec.android.app.camera#0
12-31 15:19:31.848 28370 28370 I DecorView: [INFO] isPopOver=false, config=true
12-31 15:19:31.848 28370 28370 I DecorView: updateCaptionType >> DecorView@9209da5[], isFloating=false, isApplication=true, hasWindowDecorCaption=false, hasWindowControllerCallback=true
12-31 15:19:31.848 9202 9202 I SurfaceControl: nativeRelease nativeObject s[520060354048]
12-31 15:19:31.848 9202 9202 I SurfaceControl: nativeRelease nativeObject e[520060354048]
12-31 15:19:31.848 1087 1174 D WindowManager: makeSurface duration=1 name=Splash Screen com.sec.android.app.camera
12-31 15:19:31.848 9202 9202 I SurfaceControl: assignNativeObject: nativeObject = 0 Surface(name=null)/@0x85bb01d / android.view.SurfaceControl.readFromParcel:1117 android.view.IWindowSession$Stub$Proxy.relayout:1820 android.view.ViewRootImpl.relayoutWindow:9130 android.view.ViewRootImpl.performTraversals:3420 android.view.ViewRootImpl.doTraversal:2669 android.view.ViewRootImpl$TraversalRunnable.run:10092 android.view.Choreographer$CallbackRecord.run:1010 android.view.Choreographer.doCallbacks:809 android.view.Choreographer.doFrame:744 android.view.Choreographer$FrameDisplayEventReceiver.run:995
12-31 15:19:31.848 9202 9202 I SurfaceControl: nativeRelease nativeObject s[520060356736]
12-31 15:19:31.848 9202 9202 I SurfaceControl: nativeRelease nativeObject e[520060356736]
12-31 15:19:31.849 9202 9202 I SurfaceControl: nativeRelease nativeObject s[520060354912]
12-31 15:19:31.849 9202 9202 I SurfaceControl: nativeRelease nativeObject e[520060354912]
12-31 15:19:31.849 9202 9202 I ViewRootImpl@7c8c68a[LauncherActivity]: Relayout returned: old=(0,0,1200,1920) new=(0,0,1200,1920) req=(1200,1920)0 dur=4 res=0x1 s={true 518361718784} ch=false fn=5
12-31 15:19:31.849 1087 1174 V WindowManager: Relayout hash=ca73769, pid=1087: mAttrs={(0,0)(fillxfill) sim={adjust=pan} layoutInDisplayCutoutMode=shortEdges ty=APPLICATION_STARTING wanim=0x10302f2
12-31 15:19:31.849 1087 1174 V WindowManager: fl=818b0518
12-31 15:19:31.849 1087 1174 V WindowManager: pfl=12020011
12-31 15:19:31.849 1087 1174 V WindowManager: bhv=SHOW_TRANSIENT_BARS_BY_SWIPE
12-31 15:19:31.849 1087 1174 V WindowManager: fitSides= naviIconColor=0}
12-31 15:19:31.849 1087 1174 I ViewRootImpl@32ee5f0[camera]: Relayout returned: old=(0,0,1200,1920) new=(0,0,1200,1920) req=(1200,1920)0 dur=4 res=0x7 s={true 514234691584} ch=true fn=-1
12-31 15:19:31.850 1087 1174 I ViewRootImpl@32ee5f0[camera]: [DP] dp(1) 1 android.view.ViewRootImpl.reportNextDraw:11078 android.view.ViewRootImpl.performTraversals:3915 android.view.ViewRootImpl.doTraversal:2669
12-31 15:19:31.850 695 901 D gralloc : [mali_gralloc_allocate] begin
12-31 15:19:31.850 695 901 D gralloc : buffer_descriptor: wh(1200 1920) usage_pc(0x966 0x906) hal_format(0x1) layer_count(1) sizes(0 0 0) strde(0) byte_stride(0) alloc_wh(0 0) internal_format(0x0) alloc_format(0x0) fd_count(1) plane_count(0)
12-31 15:19:31.851 28370 28370 I CameraPerformance: Launch - InitializeEngine : Start[1640960371851]
12-31 15:19:31.851 695 901 D gralloc : [mali_gralloc_allocate] allocation successful
12-31 15:19:31.852 28370 28370 I CameraPerformance: Launch - InitializeEngine : End[1640960371852] [1]
12-31 15:19:31.853 28370 28370 I Camera11: initializeCameraMode : QuickLaunch = true, Secure = false, Knox = false, MultiWindow mode = 0
12-31 15:19:31.854 1087 6854 I ActivityTaskManager: Activity requesting to dismiss Keyguard: ActivityRecord{16760b5 u0 com.sec.android.app.camera/.Camera t277}
12-31 15:19:31.854 28370 28370 I Camera11: getInitialShootingMode - shootingMode : 0, facing : 1, getCameraLensType : 0
12-31 15:19:31.854 28370 28370 I CameraSettings: setCameraId : 0
12-31 15:19:31.854 28370 28370 I Camera11: setShootingMode : 0
12-31 15:19:31.854 28370 28370 I CameraPerformance: ShootingMode - CreateShootingMode : Start[1640960371854]
12-31 15:19:31.854 28370 28370 I CameraPerformance: ShootingMode - CreateShootingMode : End[1640960371854] [0]
12-31 15:19:31.854 28370 28370 I CameraSettings: setShootingMode : 0, false
12-31 15:19:31.854 28370 28370 I CameraSettings: handleShootingModeNotifications : 0, 1
12-31 15:19:31.855 28370 28370 I SettingNotifier: notifySettingChange : key = MODE_CUSTOM_SETTING, value = 0
12-31 15:19:31.856 1087 6854 D SecContentProvider: query(), uri = 18 selection = isSDCardWriteAllowed
12-31 15:19:31.856 1087 6854 D SecContentProvider: called from com.sec.android.app.camera
12-31 15:19:31.856 1087 1174 I ViewRootImpl@32ee5f0[camera]: [DP] pdf(0) 1 android.view.ViewRootImpl.performDraw:4885 android.view.ViewRootImpl.performTraversals:3936 android.view.ViewRootImpl.doTraversal:2669
12-31 15:19:31.856 1087 1174 I ViewRootImpl@32ee5f0[camera]: [DP] rdf()
12-31 15:19:31.856 1087 1174 D WindowManager: finishDrawingWindow: Window{ca73769 u0 Splash Screen com.sec.android.app.camera} mDrawState=DRAW_PENDING
12-31 15:19:31.857 1087 6854 D RestrictionPolicy: isSDCardWriteAllowed : true
12-31 15:19:31.858 28370 28370 I SettingNotifier: notifySettingChange : key = BACK_HYPERLAPSE_MOTION_SPEED, value = 10
12-31 15:19:31.858 28370 28370 I CommonEngine: getNextCameraId : nextId=0
12-31 15:19:31.858 28370 2866 I StorageUtils: setExternalSDStorageVolume : Start
12-31 15:19:31.858 28370 28370 I PreviewManager: calculatePreviewLayoutRect, x=0, y=160, w=1200, h=1600, window w=1200, h=1920, windowRatio=1.6, aspectRatio=1.3333333333333333, getDisplayRotation=0
12-31 15:19:31.858 28370 28370 I PreviewManager: resizePreviewSurfaceSize : fixed preview size - 1920x1440
12-31 15:19:31.858 28370 2866 I StorageUtils: setExternalSDStorageVolume : End
12-31 15:19:31.858 28370 2866 I CameraOrientationEvtMgr: using OrientationEventListener of android
12-31 15:19:31.859 1087 6857 D SecContentProvider: query(), uri = 15 selection = isCameraEnabled
12-31 15:19:31.859 1087 6857 D SecContentProvider: called from com.sec.android.app.camera
12-31 15:19:31.859 1087 6857 D RestrictionPolicy: isCameraEnabled ret(true) userId(0) cxtInfo.mCallerUid(10098) cxtInfo.mContainerId(0)
12-31 15:19:31.861 1087 1174 D WindowManager: performShow logReadyForDisplay mToken.waitingToShow : true isTransitionSet : true
12-31 15:19:31.861 28370 28370 I CallStateManager: isVTCallOngoing = false
12-31 15:19:31.861 1087 6857 I InputDispatcher: Focus left window (9202): 3fb5849 in display 0 0
12-31 15:19:31.861 28370 28370 I CameraPerformance: Launch - StartEngine : Start[1640960371861]
12-31 15:19:31.862 28370 28370 I CameraPerformance: Surface - CreateSurface : Start[1640960371862]
12-31 15:19:31.862 28370 28370 I RequestQueue: addRequest : OPEN_CAMERA, 0
12-31 15:19:31.862 28370 2869 I RequestQueue: beforeExecute : OPEN_CAMERA(1000)
12-31 15:19:31.862 28370 2869 I CommonEngine: changeState : IDLE -> OPENING
12-31 15:19:31.862 28370 2869 I RequestQueue: [1000] []
12-31 15:19:31.862 28370 2869 I Request : OpenCameraRequest - Start
12-31 15:19:31.862 28370 2869 I CameraPerformance: Device - OpenCameraRequest(ID:0) : Start[1640960371862]
12-31 15:19:31.862 28370 2869 I CameraHolder: openCamera
12-31 15:19:31.862 28370 2869 E CameraId: getDeviceId : wrong id(-1)
12-31 15:19:31.862 28370 2869 I CameraHolder: openCamera : cameraId = 0(-1), deviceIdString = 0(null)
12-31 15:19:31.863 28370 2869 I CamDeviceManager: [CAMFWKPI] openCamDevice E - cameraId 0 lastCameraId null
12-31 15:19:31.863 28370 2869 I CamCapability-0: [CAMFWKPI] CamCapability E - 0
12-31 15:19:31.863 28370 28370 I CommonEngine: onCameraOrientationChanged : newOrientation=0
12-31 15:19:31.863 28370 28370 I CameraPerformance: Launch - StartEngine : End[1640960371863]
12-31 15:19:31.863 28370 28370 I CommonEngine: changeShootingMode : shootingModeId=0 isFacingSwitch=false
12-31 15:19:31.863 28370 28370 I CommonEngine: getNextCameraId : nextId=0
12-31 15:19:31.863 28370 28370 I RequestQueue: addRequest : STOP_PREVIEW, true
12-31 15:19:31.863 28370 28370 I RequestQueue: addRequest : START_CONNECTING_MAKER
12-31 15:19:31.863 28370 28370 I RequestQueue: addRequest : INITIALIZE_MAKER, 0
12-31 15:19:31.863 28370 28370 I RequestQueue: addRequest : CHANGE_PREVIEW_SURFACE_SIZE, RESOLUTION_4128X3096
12-31 15:19:31.863 28370 28370 I RequestQueue: addRequest : PREPARE_MAKER
12-31 15:19:31.863 28370 28370 I RequestQueue: addRequest : CONNECT_MAKER
12-31 15:19:31.863 28370 28370 I RequestQueue: addRequest : WAIT_PREVIEW_SURFACE
12-31 15:19:31.863 28370 28370 I RequestQueue: addRequest : ADD_PREVIEW_SURFACE
12-31 15:19:31.863 28370 28370 I RequestQueue: addRequest : PREPARE_START_PREVIEW
12-31 15:19:31.863 28370 28370 I RequestQueue: addRequest : START_PREVIEW
12-31 15:19:31.863 28370 28370 I RequestQueue: addRequest : NOTIFY_CHANGE_SHOOTING_MODE_COMPLETED, false
12-31 15:19:31.863 1087 1174 I WindowManager: Reparenting to leash, surface=Surface(name=Task=1)/@0xef55fff, leashParent=Surface(name=DefaultTaskDisplayArea)/@0x6eda49e
12-31 15:19:31.864 28370 28370 I PreviewLayerView: inflate : Start[1640960371864]
12-31 15:19:31.864 766 803 I SurfaceFlinger: id=6392 createSurf (0x0),-1 flag=24000, Surface(name=Task=1)/@0xef55fff - animation-leash#0
12-31 15:19:31.864 28370 2869 I CamCapability-0: CamCapability - getCameraCharacteristics is done
12-31 15:19:31.864 1087 1174 D WindowManager: makeSurface duration=1 leash=Surface(name=Surface(name=Task=1)/@0xef55fff - animation-leash)/@0x4956aa1
12-31 15:19:31.864 28370 2869 I CamCapability-0: [CAMFWKPI] CamCapability X - 0
12-31 15:19:31.864 28370 2869 I CamDeviceHandlerManager: [CAMFWKPI] startBackgroundHandlerThread E
12-31 15:19:31.864 28370 2869 I CamDeviceHandlerManager: startBackgroundHandlerThread for backgroundHandlerThread
12-31 15:19:31.865 28370 28370 I PreviewLayerView: inflate : End[1640960371865]
12-31 15:19:31.865 28370 2869 I CamDeviceHandlerManager: startBackgroundHandlerThread for captureCallbackHandlerThread
12-31 15:19:31.865 707 707 E HYPER-HAL: [SysfsControlManager.cpp]writeSysfs(): Couldn't Open Sysfs - /sys/kernel/ert/boost_frt_threshold
12-31 15:19:31.865 1087 1174 I WindowManager: Reparenting to leash, surface=Surface(name=Task=277)/@0x40c8a23, leashParent=Surface(name=DefaultTaskDisplayArea)/@0x6eda49e
12-31 15:19:31.865 28370 2869 I CamDeviceHandlerManager: startBackgroundHandlerThread for sendPictureHandlerThread
12-31 15:19:31.866 2268 2301 I SystemBroadcastReceiver: [#CMH#] onReceive completed : 0
12-31 15:19:31.866 766 803 I SurfaceFlinger: id=6393 createSurf (0x0),-1 flag=24004, Surface(name=Task=277)/@0x40c8a23 - animation-leash#0
12-31 15:19:31.866 2268 2268 I PolicyManager: [#CMH#] onReceive action = EVENT_CAMERA_ON
12-31 15:19:31.866 28370 2866 I PictureProcessorManager: initializePPP
12-31 15:19:31.866 1087 1174 D WindowManager: makeSurface duration=1 leash=Surface(name=Surface(name=Task=277)/@0x40c8a23 - animation-leash)/@0x57fab20
12-31 15:19:31.867 707 707 E HYPER-HAL: [SysfsControlManager.cpp]writeSysfs(): Couldn't Open Sysfs - /sys/kernel/ert/boost_frt_threshold
12-31 15:19:31.867 28370 2866 I PostProcessor: PostProcessThread - cancelExitRequest threadState EXIT
12-31 15:19:31.867 28370 2866 I PostProcessor: tryRecycle - false
12-31 15:19:31.868 28370 2866 I PostProcessor: PostProcess(context com.sec.android.app.camera.CameraApplication@51edcb0)
12-31 15:19:31.868 1087 1174 I WindowManager: Cancelling animation restarting=true, leash=Surface(name=Surface(name=23da38 StatusBar)/@0xa496cee - animation-leash)/@0x3e5d988
12-31 15:19:31.868 28370 2866 I PostProcessor: bindService
12-31 15:19:31.868 1087 1174 I WindowManager: Reparenting to original parent: Surface(name=WindowToken{8382aaa android.os.BinderProxy@c5ab54c})/@0xe88158f, destroy=false, surface=Surface(name=23da38 StatusBar)/@0xa496cee
12-31 15:19:31.868 1087 1174 I SurfaceControl: nativeRelease nativeObject s[518062949120]
12-31 15:19:31.868 1087 2821 I SystemUiVisibilityPolicyController: handleMessage: entry what = 1
12-31 15:19:31.868 1087 1174 I SurfaceControl: nativeRelease nativeObject e[518062949120]
12-31 15:19:31.868 1087 1174 I WindowManager: Reparenting to leash, surface=Surface(name=23da38 StatusBar)/@0xa496cee, leashParent=Surface(name=WindowToken{8382aaa android.os.BinderProxy@c5ab54c})/@0xe88158f
12-31 15:19:31.868 766 803 I SurfaceFlinger: id=6394 createSurf (0x0),-1 flag=24000, Surface(name=23da38 StatusBar)/@0xa496cee - animation-leash#1
12-31 15:19:31.869 9326 9326 I TrayStateController: systemUiVisibilityChanged : 2 0
12-31 15:19:31.869 1087 1174 D WindowManager: makeSurface duration=0 leash=Surface(name=Surface(name=23da38 StatusBar)/@0xa496cee - animation-leash)/@0xc84594c
12-31 15:19:31.869 28370 2869 I CamDeviceHandlerManager: startBackgroundHandlerThread for sendThumbnailHandlerThread
12-31 15:19:31.869 1087 1171 D WindowManager: setDisableFlags: displayId=0, vis=0x8008, appearance=0, transientState=Pair{[I@df46eaa [I@c471a9b}, isFullscreen=true, isImmersive=true, barType=0, win=Window{ca73769 u0 Splash Screen com.sec.android.app.camera}
12-31 15:19:31.869 28370 2869 I CamDeviceHandlerManager: startBackgroundHandlerThread for sendShutterHandlerThread
12-31 15:19:31.870 28370 2869 I CamDeviceHandlerManager: startBackgroundHandlerThread for sendSessionCallbackHandlerThread
12-31 15:19:31.870 766 803 I Layer : id=6385 removeFromCurrentState Surface(name=23da38 StatusBar)/@0xa496cee - animation-leash#0 (64)
12-31 15:19:31.870 28370 28370 I CameraPerformance: Launch - InflatePreLoadingLayer : Start[1640960371870]
12-31 15:19:31.870 28370 28370 I LayerManagerView: inflate PREVIEW_LAYER : Start[1640960371870]
12-31 15:19:31.870 28370 28370 I LayerManagerView: inflate PREVIEW_LAYER : End[1640960371870] [0]
12-31 15:19:31.870 28370 28370 I LayerManagerView: inflate KEY_SCREEN_LAYER : Start[1640960371870]
12-31 15:19:31.870 1087 2821 I SystemUiVisibilityPolicyController: handleMessage: entry what = 1
12-31 15:19:31.870 28370 28370 I NormalKeyScreenView: inflate : Start[1640960371870]
12-31 15:19:31.870 9326 9326 I TrayStateController: systemUiVisibilityChanged : 2 0
12-31 15:19:31.870 28370 2869 I CamDeviceHandlerManager: [CAMFWKPI] startBackgroundHandlerThread X
12-31 15:19:31.870 28370 2869 I CamDeviceImpl-0: CamDeviceImpl is created : Id 0, LastId null, IsSupportArCore false
12-31 15:19:31.870 28370 2869 I CamDeviceManager: [CAMFWKPI] OpenCamera E
12-31 15:19:31.871 9202 9202 I SurfaceControl: nativeRelease nativeObject s[518090475744]
12-31 15:19:31.871 9202 9202 I SurfaceControl: nativeRelease nativeObject e[518090475744]
12-31 15:19:31.871 9202 9202 I SurfaceControl: nativeRelease nativeObject s[520060354048]
12-31 15:19:31.871 9202 9202 I SurfaceControl: nativeRelease nativeObject e[520060354048]
12-31 15:19:31.871 9202 9202 I ViewRootImpl@7c8c68a[LauncherActivity]: MSG_WINDOW_FOCUS_CHANGED 0 1
12-31 15:19:31.872 28370 2866 I MotionPhotoManager: onCreate
12-31 15:19:31.873 28370 2866 I MotionPhotoManager: init
12-31 15:19:31.873 821 5878 I CameraService: CameraService::connect call (PID -1 "com.sec.android.app.camera", camera ID 0) for HAL version default and Camera API version 2
12-31 15:19:31.873 28370 2866 I DirectBufferPool: bufferPool(hash 111381275), created : bufferPoolSize core 5 max 15
12-31 15:19:31.873 28370 2866 I DirectBufferPool: bufferPool(hash 196371089), created : bufferPoolSize core 1 max 2
12-31 15:19:31.873 1087 1174 D InsetsSourceProvider: updateVisibility: serverVisible=true, clientVisible=false, source=InsetsSource: {mType=ITYPE_STATUS_BAR, mFrame=[0,0][1200,48], mVisible=false}, controlTarget=Window{ca73769 u0 Splash Screen com.sec.android.app.camera}, from=com.android.server.wm.InsetsSourceProvider.setClientVisible:390 com.android.server.wm.InsetsSourceProvider.onInsetsModified:375 com.android.server.wm.InsetsStateController.onInsetsModified:465 com.android.server.wm.InsetsPolicy.onInsetsModified:324 com.android.server.wm.Session.insetsModified:663 android.view.ViewRootInsetsControllerHost.onInsetsModified:152 android.view.InsetsController.updateRequestedState:1413 android.view.InsetsController.notifyVisibilityChanged:1323 android.view.InsetsSourceConsumer.setRequestedVisible:397 android.view.InsetsSourceConsumer.hide:233
12-31 15:19:31.873 821 5878 E CameraService: this package does not have to check uid active status.
12-31 15:19:31.873 5618 5618 D StatusBar: disable disable2
12-31 15:19:31.874 1087 6857 I EDMNativeHelperService: isCameraEnabled
12-31 15:19:31.874 1087 6857 D EDMNativeHelper: isCameraEnabled
12-31 15:19:31.874 1087 6857 D EDMNativeHelper: checking for camera in EnterpriseDeviceManagerService
12-31 15:19:31.874 1087 6857 D EnterpriseDeviceManagerService: isCameraEnabledNative
12-31 15:19:31.874 1087 6857 D EnterpriseDeviceManagerService: checking for camera in restriction policy
12-31 15:19:31.874 1087 6857 D RestrictionPolicy: isCameraEnabled ret(true) userId(0) cxtInfo.mCallerUid(10098) cxtInfo.mContainerId(0)
12-31 15:19:31.874 28370 2879 W PostProcessor: PostProcessThread - run thread
12-31 15:19:31.875 821 5878 I CameraService: CameraService::validateClientPermissionsLocked is ok : calling pid 28370, calling uid 10098, client com.sec.android.app.camera , cameraservice pid=821, device user 0, currently allowed device users: 0
12-31 15:19:31.875 821 5878 I CameraService: CameraService::handleEvictionsLocked
12-31 15:19:31.875 821 5878 I CameraService: wouldEvictLocked: [incoming client] owner = 28370, priority-score=0, cost=51, returnIncompatibleClients=false
12-31 15:19:31.875 821 5878 I CameraService: wouldEvictLocked: [cost info] current cost=0, adding cost=51, total cost=51, max cost=100
12-31 15:19:31.875 821 5878 I CameraService: wouldEvictLocked: [highestPriority] owner=28370, score=0
12-31 15:19:31.875 821 5878 I CameraFlashlight: prepareDeviceOpen: prepare for device open(cameraId=0)
12-31 15:19:31.875 821 5878 D Camera3-RequestInjector: RequestInjector[0] Mapper created
12-31 15:19:31.875 821 5878 I Camera2ClientBase: Camera 0: Opened. Client: com.sec.android.app.camera (PID 28370, UID 10098)
12-31 15:19:31.875 821 5878 I CameraDeviceClient: CameraDeviceClient 0: Opened
12-31 15:19:31.876 5618 6492 I WallpaperService: BaseIWindow resized : false
12-31 15:19:31.876 5618 5618 D WallpaperService: updateSurface forceRelayout=true forceReport=false redrawNeeded=false myWidth=1920 myHeight=1920 fixedSize=true x = 0 y = 0 mWidth=1920 mHeight=1920 mIsSleepMode=false
12-31 15:19:31.876 5618 5618 D WallpaperService: mDeviceHeight : 1920, mDeviceWidth : 1200,mDeviceRotation : 0
12-31 15:19:31.876 1087 6857 V WindowManager: Relayout Window{76545c4 u0 com.android.systemui.ImageWallpaper}: viewVisibility=0 req=1920x1920 d0
12-31 15:19:31.876 821 5878 I CameraService: service.camera.client set to com.sec.android.app.camera
12-31 15:19:31.876 821 5878 I CameraService: startCameraOps: Start camera ops, package name = com.sec.android.app.camera, client UID = 10098
12-31 15:19:31.877 28370 2879 I Core2Provider: delete - uri: content://com.samsung.android.camera.core2/files selection: sef_file_type != 2928 AND datetaken < ? selArgs[1633184371877]
12-31 15:19:31.878 1087 6857 V WindowManager: Relayout hash=76545c4, pid=5618: mAttrs={(0,0)(1920x1920) gr=TOP START CENTER layoutInDisplayCutoutMode=always ty=WALLPAPER fmt=RGBX_8888 wanim=0x1030315
12-31 15:19:31.878 1087 6857 V WindowManager: fl=14318
12-31 15:19:31.878 1087 6857 V WindowManager: pfl=4 naviIconColor=0}
12-31 15:19:31.878 9202 9202 I ViewRootImpl@7c8c68a[LauncherActivity]: mAttachInfo.mThreadedRenderer.draw, mView = DecorView@85920c3[LauncherActivity] w = 1200 h = 1920
12-31 15:19:31.878 1087 1174 I ViewRootImpl@32ee5f0[camera]: MSG_RESIZED_REPORT: frame=(0,0,1200,1920) ci=(0,0,0,0) vi=(0,0,0,0) or=1
12-31 15:19:31.878 1087 1174 I ViewRootImpl@32ee5f0[camera]: [DP] dp(1) 1 android.view.ViewRootImpl.reportNextDraw:11078 android.view.ViewRootImpl.access$1300:255 android.view.ViewRootImpl$ViewRootHandler.handleMessage:6207
12-31 15:19:31.878 1087 6857 I SurfaceControl: nativeRelease nativeObject s[520060352704]
12-31 15:19:31.878 1087 6857 I SurfaceControl: nativeRelease nativeObject e[520060352704]
12-31 15:19:31.879 9202 9202 I BadgeRenderer: Invalid count : 0
12-31 15:19:31.879 9202 9202 I BadgeRenderer: Invalid count : 0
12-31 15:19:31.879 821 5878 I CameraService: increaseCamConnRef: ref=1
12-31 15:19:31.879 9202 9202 I BadgeRenderer: Invalid count : 0
12-31 15:19:31.880 5618 5618 I SurfaceControl: assignNativeObject: nativeObject = 0 Surface(name=null)/@0xda134a1 / android.view.SurfaceControl.readFromParcel:1117 android.view.IWindowSession$Stub$Proxy.relayout:1820 android.service.wallpaper.WallpaperService$Engine.updateSurface:1187 android.service.wallpaper.WallpaperService$IWallpaperEngineWrapper.executeMessage:1888 com.android.internal.os.HandlerCaller$MyHandler.handleMessage:44 android.os.Handler.dispatchMessage:106 android.os.Looper.loop:247 android.app.ActivityThread.main:8676 java.lang.reflect.Method.invoke:-2 com.android.internal.os.RuntimeInit$MethodAndArgsCaller.run:602
12-31 15:19:31.880 5618 5618 I SurfaceControl: nativeRelease nativeObject s[517714128416]
12-31 15:19:31.880 5618 5618 I SurfaceControl: nativeRelease nativeObject e[517714128416]
12-31 15:19:31.880 5618 5618 D WallpaperService: updateSurface redrawNeeded=false didSurface=false
12-31 15:19:31.880 821 5878 I CameraService: increaseCamConnRef: service.camera.running set to 1
12-31 15:19:31.880 821 5878 I CameraService: onTorchStatusChangedLocked: Torch status changed for cameraId=0, newStatus=0
12-31 15:19:31.880 821 5878 I CameraService: updateProxyDeviceState: notifyCameraState for Camera ID 0, newState 0, facing 0, clientName com.sec.android.app.camera, apiLevel 2
12-31 15:19:31.881 821 5878 D Camera3-Device: CameraPerf: initialize E
12-31 15:19:31.881 821 5878 D Camera3-Device: initialize: mInterfaceLock.lock()
12-31 15:19:31.881 6983 7008 I CameraManagerGlobal: postSingleUpdate device: camera id 0 status STATUS_NOT_AVAILABLE
12-31 15:19:31.881 821 5878 D CameraProviderManager: CameraPerf: openSession E
12-31 15:19:31.881 6983 7008 I CameraManagerGlobal: postSingleUpdate device: camera id 0 status STATUS_NOT_AVAILABLE
12-31 15:19:31.881 6983 7008 I CameraManagerGlobal: Camera 0 facing CAMERA_FACING_BACK state now CAMERA_STATE_OPEN for client com.sec.android.app.camera API Level 2
12-31 15:19:31.881 1087 6854 I CameraManagerGlobal: postSingleTorchUpdate device: camera id 0 status 0
12-31 15:19:31.881 6983 7008 I CameraManagerGlobal: onCameraDeviceStateChangedLocked: post device state update
12-31 15:19:31.881 28370 2686 I CameraManagerGlobal: Camera 0 facing CAMERA_FACING_BACK state now CAMERA_STATE_OPEN for client com.sec.android.app.camera API Level 2
12-31 15:19:31.881 1087 1171 I CameraManagerGlobal: onTorchModeUnavailable
12-31 15:19:31.881 1087 1171 D PhoneWindowManagerExt: onTorchModeUnavailable mCameraId=0 cameraId=0
12-31 15:19:31.881 6983 7008 I CameraManagerGlobal: onCameraDeviceStateChangedLocked: post device state update
12-31 15:19:31.881 1087 6854 I CameraManagerGlobal: Camera 0 facing CAMERA_FACING_BACK state now CAMERA_STATE_OPEN for client com.sec.android.app.camera API Level 2
12-31 15:19:31.881 713 1136 I SehCamDev@5.0-impl: [CAMKPI] camera3->open : E
12-31 15:19:31.881 713 1136 I ExynosCameraSensorInfo: (getCameraIdInfo[422]:serviceCameraId (0)
12-31 15:19:31.881 713 1136 I ExynosCameraInterface: INFO(HAL3_camera_device_open[67]):camera(0) master(0), slave(-1) camInfoIndex(0) in ======
12-31 15:19:31.882 713 1136 I ExynosCameraInterface: [m_checkAndSetMultiDeviceCamId : 763] camera (0) is opened at idx (0, 0)
12-31 15:19:31.882 713 1136 E ExynosCamera: Build Date is (Aug 26 2021) (18:10:18)
12-31 15:19:31.882 713 1136 I ExynosCamera: [CAM(0)][Back_0]-(m_init[97]):CameraId_0 (0)
12-31 15:19:31.882 713 1136 I ExynosCameraSensorInfo: (getCameraIdInfo[422]:serviceCameraId (0)
12-31 15:19:31.882 713 1136 I ExynosCamera: [CAM(0)][Back_0]-(m_init[110]):Single cameara enabled! CameraId (0) m_scenario(0) sensorType(2)
12-31 15:19:31.882 713 1136 I ExynosCameraSec: [CAM(0)][Back_0]-(m_vendorSpecificPreConstructor[56]):-IN-
12-31 15:19:31.882 713 1136 I SecCameraUtil: INFO(isEEprom[219]): SAMSUNG_EEPROM_REAR is not defined
12-31 15:19:31.882 713 1136 I ExynosCameraSec: [CAM(0)][Back_0]-(m_vendorSpecificPreConstructor[60]):-OUT-
12-31 15:19:31.882 713 1136 I ExynosCameraSensorInfo: (getCameraIdInfo[422]:serviceCameraId (0)
12-31 15:19:31.882 713 1136 I ExynosCameraSensorInfo: INFO(createExynosCameraSensorInfo[233]):sensor ID 59 name S5K3L6
