12-31 15:19:57.894 1087 5668 V WindowManager: Setting visibility of Window{f474a75 u0 com.sec.android.app.camera/com.sec.android.app.camera.Camera}: false, caller=com.android.server.wm.WindowContainer.sendAppVisibilityToClients:1044 com.android.server.wm.ActivityRecord.setClientVisible:6922 com.android.server.wm.ActivityRecord.onAnimationFinished:7683 com.android.server.wm.WindowContainer.doAnimationFinished:2704 com.android.server.wm.WindowContainer.onAnimationFinished:2713 com.android.server.wm.Task.onAnimationFinished:2744 com.android.server.wm.-$$Lambda$dwJG8BAnLlvKNGuDY9U3-haNY4M.onAnimationFinished:2 com.android.server.wm.SurfaceAnimator.lambda$getFinishedCallback$0$SurfaceAnimator:112 com.android.server.wm.-$$Lambda$SurfaceAnimator$qxm0Z0Ve0b3lKnyQQMgWVQfTP3Q.run:8 com.android.server.wm.SurfaceAnimator.lambda$getFinishedCallback$1$SurfaceAnimator:127 com.android.server.wm.-$$Lambda$SurfaceAnimator$Y4hCTFZUnyoMqrbq2rxOWj68ccg.onAnimationFinished:4 com.android.server.wm.RemoteAnimationController.onAnimationFinished:379 com.android.server.wm.RemoteAnimationController.access$200:71 com.android.server.wm.RemoteAnimationController$FinishedCallback.onAnimationFinished:493
12-31 15:19:57.894 1087 5668 D WindowManager: container=Task{979834a #277 visible=false type=standard mode=fullscreen translucent=true A=10098:android.task.camera U=0 StackId=277 sz=1}
12-31 15:19:57.894 1087 5668 I WindowManager: Reparenting to original parent: Surface(name=Leaf:0:1)/@0x5812eb8, destroy=true, surface=Surface(name=WallpaperWindowToken{d507b73 token=android.os.Binder@ea5ebe2})/@0x6864e0d
12-31 15:19:57.894 1087 5668 I SurfaceControl: nativeRelease nativeObject s[518062949120]
12-31 15:19:57.894 1087 5668 I SurfaceControl: nativeRelease nativeObject e[518062949120]
12-31 15:19:57.895 1087 5668 D WindowManager: wallpaper=WallpaperWindowToken{d507b73 token=android.os.Binder@ea5ebe2}
12-31 15:19:57.895 1087 5668 I WindowManager: Finishing remote animation
12-31 15:19:57.895 1087 24828 I AudioManager: setParameters keyValuePairs = g_hw_display_rotation=0
12-31 15:19:57.896 9202 9202 W Launcher: onEnterAnimationComplete
12-31 15:19:57.897 687 742 V sec_audio_hw: sec_dev_set_parameters : g_hw_display_rotation=0
12-31 15:19:57.897 687 742 D audio_hw_primary: device-adev_set_parameters: enter with key(g_hw_display_rotation=0)
12-31 15:19:57.898 1087 1171 D SehCodecSolutionService: Update top [com.sec.android.app.launcher]
12-31 15:19:57.901 1087 1173 D TspStateManager: updateCustomValue customSetting=
12-31 15:19:57.905 28370 28370 I SurfaceView: onWindowVisibilityChanged(8) false android.view.SurfaceView{93a27c1 V.E...... ........ 0,160-1200,1760 #7f0a00ab app:id/camera_preview} of ViewRootImpl@b6080a8[Camera]
12-31 15:19:57.906 708 708 I SehLight: lcd : 67+
12-31 15:19:57.906 708 708 I SehLight: lcd : 67-
12-31 15:19:57.906 28370 28370 I SurfaceView: surfaceDestroyed callback.size 1 #2 android.view.SurfaceView{93a27c1 V.E...... ........ 0,160-1200,1760 #7f0a00ab app:id/camera_preview}
12-31 15:19:57.907 28370 28370 I PreviewSurfaceManager: surfaceDestroyed
12-31 15:19:57.907 28370 28370 I SurfaceView: updateSurface: visible = false mSurface.isValid() = true
12-31 15:19:57.908 28370 28370 I SurfaceView: updateSurface: releaseSurfaces() #2
12-31 15:19:57.908 28370 28370 I SurfaceView: releaseSurfaces: set mRtReleaseSurfaces = true
12-31 15:19:57.909 28370 31479 I SurfaceView: 4770333 wPL, frameNr = 0
12-31 15:19:57.909 28370 31479 I SurfaceView: remove() from RT android.view.SurfaceView$3@48ca1d Surface(name=SurfaceView - com.sec.android.app.camera/com.sec.android.app.camera.Camera@93a27c1@0)/@0x3e24db3
12-31 15:19:57.909 28370 31479 I SurfaceControl: nativeRelease nativeObject s[519936439872]
12-31 15:19:57.909 28370 31479 I SurfaceControl: nativeRelease nativeObject e[519936439872]
12-31 15:19:57.909 28370 31479 I SurfaceControl: nativeRelease nativeObject s[519936439776]
12-31 15:19:57.909 28370 31479 I SurfaceControl: nativeRelease nativeObject e[519936439776]
12-31 15:19:57.909 766 1470 I Layer : id=6400 removeFromCurrentState Background for -SurfaceView - com.sec.android.app.camera/com.sec.android.app.camera.Camera@93a27c1@0#0 (70)
12-31 15:19:57.910 1087 1173 D TspStateManager: updateCustomValue customSetting=
12-31 15:19:57.910 766 1470 I SurfaceFlinger: id=6400 Removed Background for -SurfaceView - com.sec.android.app.camera/com.sec.android.app.camera.Camera@93a27c1@0#0 (70)
12-31 15:19:57.910 766 803 I SurfaceFlinger: id=6399 Removed SurfaceView - com.sec.android.app.camera/com.sec.android.app.camera.Camera@93a27c1@0#0 (70)
12-31 15:19:57.910 1087 1173 D TspStateManager: updateCustomValue customSetting=
12-31 15:19:57.912 1087 1173 D TspStateManager: updateCustomValue customSetting=
12-31 15:19:57.912 766 803 E BufferQueueProducer: [com.sec.android.app.camera/com.sec.android.app.camera.Camera$_28370#0](id:2fe0000058e,api:0,p:-1,c:766) disconnect: not connected (req=1)
12-31 15:19:57.912 1087 1173 I ActivityTaskManager: Config changes=20000480 {1.0 ?mcc?mnc [en_GB] ldltr sw600dp w600dp h936dp 320dpi lrg port finger -keyb/v/h -nav/h winConfig={ mBounds=Rect(0, 0 - 1200, 1920) mAppBounds=Rect(0, 0 - 1200, 1920) mWindowingMode=fullscreen mDisplayWindowingMode=fullscreen mActivityType=undefined mAlwaysOnTop=undefined mRotation=ROTATION_0} s.4839 desktop/d ?dc ?dcui ?dcaf enb/d bts=0 ff=0 bf=0 themeSeq=0}
12-31 15:19:57.912 28370 31479 W libEGL : EGLNativeWindowType 0x790ecc2010 disconnect failed
12-31 15:19:57.920 1087 1173 I WindowManager: Override config changes=20000480 {1.0 ?mcc?mnc [en_GB] ldltr sw600dp w600dp h936dp 320dpi lrg port finger -keyb/v/h -nav/h winConfig={ mBounds=Rect(0, 0 - 1200, 1920) mAppBounds=Rect(0, 0 - 1200, 1920) mWindowingMode=fullscreen mDisplayWindowingMode=fullscreen mActivityType=undefined mAlwaysOnTop=undefined mRotation=ROTATION_0} s.4839 desktop/d ?dc ?dcui ?dcaf enb/d bts=0 ff=0 bf=0 themeSeq=0} for displayId=0
12-31 15:19:57.920 1087 1173 D ActivityTaskManager: finishFixedRotationTransform, r=ActivityRecord{40d61d4 u0 com.sec.android.app.launcher/.activities.LauncherActivity t123}, caller=com.android.server.wm.DisplayContent.applyRotationAndFinishFixedRotation:6800 com.android.server.wm.DisplayContent.onRequestedOverrideConfigurationChanged:6777 com.android.server.wm.DisplayContent.performDisplayOverrideConfigUpdate:6665 com.android.server.wm.ActivityTaskManagerService.updateGlobalConfigurationLocked:6561 com.android.server.wm.DisplayContent.updateDisplayOverrideConfigurationLocked:6615
12-31 15:19:57.921 1087 1173 D WindowManager: markForSeamlessRotation, seamlesslyRotated=true, w=Window{ad570ad u0 com.samsung.android.app.cocktailbarservice/com.samsung.android.app.cocktailbarservice.CocktailBarService}, caller=com.android.server.wm.WindowState.seamlesslyRotateIfAllowed:875 com.android.server.wm.DisplayContent.lambda$applyRotation$10:2089 com.android.server.wm.-$$Lambda$DisplayContent$BwkPz5vfdR8n4a_JGMK8C4zITZE.accept:10
12-31 15:19:57.923 9326 9326 I CocktailBarUiController: onConfigurationChanged : orientation = true densityDpi = false sw = false darkMode = false navigation = false h = true w = true
12-31 15:19:57.921 1087 1173 D SurfaceControl: setDisplayProjection, orientation=0, layerStackRect=Rect(0, 0 - 1200, 1920), displayRect=Rect(0, 0 - 1200, 1920)
12-31 15:19:57.924 1087 1173 I WindowManager: Cancelling animation restarting=true, leash=Surface(name=Surface(name=ba5e20b InputMethod)/@0x5d66b01 - animation-leash)/@0xc9977c8
12-31 15:19:57.924 1087 1173 I WindowManager: Reparenting to original parent: Surface(name=WindowToken{7831efe android.os.Binder@a340ab9})/@0x4ac0da6, destroy=false, surface=Surface(name=ba5e20b InputMethod)/@0x5d66b01
12-31 15:19:57.924 1087 1173 I SurfaceControl: nativeRelease nativeObject s[517796949280]
12-31 15:19:57.924 1087 1173 I SurfaceControl: nativeRelease nativeObject e[517796949280]
12-31 15:19:57.924 1087 1173 I WindowManager: Reparenting to leash, surface=Surface(name=ba5e20b InputMethod)/@0x5d66b01, leashParent=Surface(name=WindowToken{7831efe android.os.Binder@a340ab9})/@0x4ac0da6
12-31 15:19:57.925 766 1472 I SurfaceFlinger: id=6414 createSurf (0x0),-1 flag=24004, Surface(name=ba5e20b InputMethod)/@0x5d66b01 - animation-leash#0
12-31 15:19:57.925 708 708 I SehLight: lcd : 64+
12-31 15:19:57.925 708 708 I SehLight: lcd : 64-
12-31 15:19:57.926 766 766 I Layer : id=6400[1] Destroyed Background for -SurfaceView - com.sec.android.app.camera/com.sec.android.app.camera.Camera@93a27c1@0#0
12-31 15:19:57.928 1087 1173 D WindowManager: makeSurface duration=3 leash=Surface(name=Surface(name=ba5e20b InputMethod)/@0x5d66b01 - animation-leash)/@0x5613d05
12-31 15:19:57.928 1087 1173 D WindowManager: setFixedRotationLaunchingAppUnchecked, rotation=-1, r=null, caller=com.android.server.wm.DisplayContent.setFixedRotationLaunchingAppUnchecked:1913 com.android.server.wm.DisplayContent.applyRotationAndFinishFixedRotation:6802 com.android.server.wm.DisplayContent.onRequestedOverrideConfigurationChanged:6777 com.android.server.wm.DisplayContent.performDisplayOverrideConfigUpdate:6665 com.android.server.wm.ActivityTaskManagerService.updateGlobalConfigurationLocked:6561
12-31 15:19:57.932 1087 1173 D TspStateManager: updateCustomValue customSetting=
12-31 15:19:57.932 1087 1173 I MultiTaskingController: onConfigurationChangedLocked: display#0, configChanges=0x20000480, scaleW=1.0, scaleH=1.0
12-31 15:19:57.933 1087 1173 I SemDvfsHyPerManager: acquire hyper - AMS_RELAUNCH_RESUME/1087@19, type = -999
12-31 15:19:57.933 1087 1173 D ActivityManagerPerformance: AMP_acquire() RELAUNCH_RESUME
12-31 15:19:57.933 707 732 I HYPER-HAL: [RequestManager.cpp]acquire(): Acquired ID : 612190 [1087 / 19] HINT : AMS_RELAUNCH_RESUME list :
12-31 15:19:57.934 707 732 E HYPER-HAL: [HandlerSysfs.cpp]doResourceHandling(): Couldn't Open Sysfs - /sys/power/cstate_control
12-31 15:19:57.934 707 732 I HYPER-HAL: [ResourceManager.cpp]updateResource(): [CPUMinFreq] UpdateResource Request ID : 612190 Value : 1794000
12-31 15:19:57.934 1087 1173 I WindowManager: Cancelling animation restarting=true, leash=Surface(name=Surface(name=23da38 StatusBar)/@0xa496cee - animation-leash)/@0x92d3cd6
12-31 15:19:57.934 1087 1173 I WindowManager: Reparenting to original parent: Surface(name=WindowToken{8382aaa android.os.BinderProxy@c5ab54c})/@0xe88158f, destroy=false, surface=Surface(name=23da38 StatusBar)/@0xa496cee
12-31 15:19:57.934 1087 5668 D SettingsProvider: isChangeAllowed() : name = edge_panel_height
12-31 15:19:57.934 1087 5668 D SettingsProvider: edmUri: content://com.sec.knox.provider/RestrictionPolicy3
12-31 15:19:57.934 1087 5668 D SettingsProvider: projectionArgs: isSettingsChangesAllowed
12-31 15:19:57.934 1087 5668 D SettingsProvider: selectionArgs: false
12-31 15:19:57.934 1087 5668 D SettingsProvider: selectionArgs: 10061
12-31 15:19:57.934 1087 1173 I SurfaceControl: nativeRelease nativeObject s[520061159232]
12-31 15:19:57.934 1087 1173 I SurfaceControl: nativeRelease nativeObject e[520061159232]
12-31 15:19:57.934 1087 1173 I WindowManager: Reparenting to leash, surface=Surface(name=23da38 StatusBar)/@0xa496cee, leashParent=Surface(name=WindowToken{8382aaa android.os.BinderProxy@c5ab54c})/@0xe88158f
12-31 15:19:57.934 1087 5668 D SecContentProvider: query(), uri = 17 selection = isSettingsChangesAllowed
12-31 15:19:57.934 1087 5668 D SecContentProvider: called from com.samsung.android.app.cocktailbarservice
12-31 15:19:57.934 1087 5668 D RestrictionPolicy: isSettingsChangesAllowedAsUser, userId 0 : true
12-31 15:19:57.934 1087 5668 D SettingsProvider: ret = 1
12-31 15:19:57.934 766 1470 I SurfaceFlinger: id=6415 createSurf (0x0),-1 flag=24004, Surface(name=23da38 StatusBar)/@0xa496cee - animation-leash#1
12-31 15:19:57.935 1087 5668 I GenerationRegistry: mBackingStore.isClosed() : false
12-31 15:19:57.935 1087 1173 D WindowManager: makeSurface duration=0 leash=Surface(name=Surface(name=23da38 StatusBar)/@0xa496cee - animation-leash)/@0x904f868
12-31 15:19:57.935 1087 1171 D WindowManager: setDisableFlags: displayId=0, vis=0x9708, appearance=0, transientState=Pair{[I@33da481 [I@6248926}, isFullscreen=true, isImmersive=true, barType=0, win=Window{3fb5849 u0 com.sec.android.app.launcher/com.sec.android.app.launcher.activities.LauncherActivity}
12-31 15:19:57.935 1087 2998 I SystemUiVisibilityPolicyController: handleMessage: entry what = 1
12-31 15:19:57.936 1087 5668 D SettingsProvider: isChangeAllowed() : name = edge_panel_scaled_height
12-31 15:19:57.936 1087 5668 D SettingsProvider: edmUri: content://com.sec.knox.provider/RestrictionPolicy3
12-31 15:19:57.936 1087 5668 D SettingsProvider: projectionArgs: isSettingsChangesAllowed
12-31 15:19:57.936 1087 5668 D SettingsProvider: selectionArgs: false
12-31 15:19:57.936 1087 5668 D SettingsProvider: selectionArgs: 10061
12-31 15:19:57.936 1087 5668 D SecContentProvider: query(), uri = 17 selection = isSettingsChangesAllowed
12-31 15:19:57.936 1087 5668 D SecContentProvider: called from com.samsung.android.app.cocktailbarservice
12-31 15:19:57.936 1087 5668 D RestrictionPolicy: isSettingsChangesAllowedAsUser, userId 0 : true
12-31 15:19:57.936 1087 5668 D SettingsProvider: ret = 1
12-31 15:19:57.937 1087 5668 I GenerationRegistry: mBackingStore.isClosed() : false
12-31 15:19:57.937 766 1470 I Layer : id=6412 removeFromCurrentState Surface(name=Task=1)/@0xef55fff - animation-leash#0 (71)
12-31 15:19:57.937 766 1470 I Layer : id=6411 removeFromCurrentState Surface(name=Task=277)/@0x40c8a23 - animation-leash#0 (71)
12-31 15:19:57.937 766 1470 I Layer : id=6413 removeFromCurrentState Surface(name=WallpaperWindowToken{d507b73 token=android.os.Binder@ea5ebe2})/@0x6864e0d - animation-leash#0 (71)
12-31 15:19:57.937 766 1470 I Layer : id=6402 removeFromCurrentState Surface(name=ba5e20b InputMethod)/@0x5d66b01 - animation-leash#1 (71)
12-31 15:19:57.937 766 1470 I Layer : id=6397 removeFromCurrentState Surface(name=23da38 StatusBar)/@0xa496cee - animation-leash#0 (71)
12-31 15:19:57.937 1087 5668 D SettingsProvider: isChangeAllowed() : name = edge_panel_width
12-31 15:19:57.937 1087 5668 D SettingsProvider: edmUri: content://com.sec.knox.provider/RestrictionPolicy3
12-31 15:19:57.937 1087 5668 D SettingsProvider: projectionArgs: isSettingsChangesAllowed
12-31 15:19:57.937 1087 5668 D SettingsProvider: selectionArgs: false
12-31 15:19:57.937 1087 5668 D SettingsProvider: selectionArgs: 10061
12-31 15:19:57.937 1087 5668 D SecContentProvider: query(), uri = 17 selection = isSettingsChangesAllowed
12-31 15:19:57.937 1087 5668 D SecContentProvider: called from com.samsung.android.app.cocktailbarservice
12-31 15:19:57.937 1087 5668 D RestrictionPolicy: isSettingsChangesAllowedAsUser, userId 0 : true
12-31 15:19:57.937 1087 5668 D SettingsProvider: ret = 1
12-31 15:19:57.938 1087 5668 D SettingsProvider: isChangeAllowed() : name = edge_panel_scaled_width
12-31 15:19:57.938 1087 5668 D SettingsProvider: edmUri: content://com.sec.knox.provider/RestrictionPolicy3
12-31 15:19:57.938 1087 5668 D SettingsProvider: projectionArgs: isSettingsChangesAllowed
12-31 15:19:57.938 1087 5668 D SettingsProvider: selectionArgs: false
12-31 15:19:57.938 1087 5668 D SettingsProvider: selectionArgs: 10061
12-31 15:19:57.938 5618 5654 I WallpaperService: BaseIWindow resized : false
12-31 15:19:57.938 1087 5668 D SecContentProvider: query(), uri = 17 selection = isSettingsChangesAllowed
12-31 15:19:57.938 1087 5668 D SecContentProvider: called from com.samsung.android.app.cocktailbarservice
12-31 15:19:57.938 1087 5668 D RestrictionPolicy: isSettingsChangesAllowedAsUser, userId 0 : true
12-31 15:19:57.938 1087 5668 D SettingsProvider: ret = 1
12-31 15:19:57.938 9326 9326 I CocktailContextUtils: Device SW - 600, Cover SW - 360, SW - 533
12-31 15:19:57.939 708 708 I SehLight: lcd : 61+
12-31 15:19:57.939 708 708 I SehLight: lcd : 61-
12-31 15:19:57.939 1087 6873 D SamsungIMMSHWKeyboard: isConnectedDexOnPC false
12-31 15:19:57.939 9326 9326 I CocktailBarSettingsManagerUtils: Handler size scale 15.804212 28.489172 16.649897 15.804212 28.489172 16.649897
12-31 15:19:57.939 1087 5564 D SettingsProvider: isChangeAllowed() : name = edge_handle_size_percent
12-31 15:19:57.939 1087 5564 D SettingsProvider: edmUri: content://com.sec.knox.provider/RestrictionPolicy3
12-31 15:19:57.940 1087 5564 D SettingsProvider: projectionArgs: isSettingsChangesAllowed
12-31 15:19:57.940 1087 5564 D SettingsProvider: selectionArgs: false
12-31 15:19:57.940 1087 5564 D SettingsProvider: selectionArgs: 10061
12-31 15:19:57.940 1087 5564 D SecContentProvider: query(), uri = 17 selection = isSettingsChangesAllowed
12-31 15:19:57.940 1087 5564 D SecContentProvider: called from com.samsung.android.app.cocktailbarservice
12-31 15:19:57.940 1087 5564 D RestrictionPolicy: isSettingsChangesAllowedAsUser, userId 0 : true
12-31 15:19:57.940 1087 5564 D SettingsProvider: ret = 1
12-31 15:19:57.940 9326 9326 I CocktailBarSettingsObserver: dispatchChange : same value
12-31 15:19:57.941 9326 9326 I AbstractCocktailPanelView: setPanelVisible: CocktailPortraitRemotePanelView2 will be hidden: 1
12-31 15:19:57.941 9326 9326 I CocktailBarPanelVisibilityManager: updateActivePanelView: vis=false onTransit=false -hide: 1 current Active: 1
12-31 15:19:57.941 9326 9326 E CocktailBarContainerView: updateContainerVisibility:
12-31 15:19:57.942 1087 6854 V WindowManager: Relayout Window{f474a75 u0 com.sec.android.app.camera/com.sec.android.app.camera.Camera}: viewVisibility=8 req=1920x1200 d0
12-31 15:19:57.942 9202 9202 I ViewRootImpl@7c8c68a[LauncherActivity]: MSG_RESIZED: frame=(0,0,1200,1920) ci=(0,0,0,0) vi=(0,0,0,0) or=1
12-31 15:19:57.942 9326 9326 I Utils : isCurrentUser current = 0, ownerId = 0
12-31 15:19:57.943 9326 9326 I TrayVisibilityController: getComputedTrayVisible : keyguardState = 1
12-31 15:19:57.943 9326 9326 I TrayVisibilityController: updateRotationTrayVisible: State=1 visible=1 mCurrentVisible=1 specificMode=0
12-31 15:19:57.943 9326 9326 I TrayStateController: onNotifyUpdateTray: state=0
12-31 15:19:57.943 9326 9326 I TrayStateTrigger: requestShowTriggerView
12-31 15:19:57.943 9326 9326 I TrayStateController: setUiState 0 : already 0
12-31 15:19:57.943 1087 6873 D InputMethodManagerService: isImeSwitcherDisabledPackage : false
12-31 15:19:57.944 1087 6854 V WindowManager: Relayout hash=f474a75, pid=28370: mAttrs={(0,0)(fillxfill) sim={adjust=nothing} layoutInDisplayCutoutMode=shortEdges ty=BASE_APPLICATION fmt=TRANSLUCENT wanim=0x10302f2 rotAnim=SEAMLESS
12-31 15:19:57.944 1087 6854 V WindowManager: fl=81810500
12-31 15:19:57.944 1087 6854 V WindowManager: pfl=12020000
12-31 15:19:57.944 1087 6854 V WindowManager: vsysui=200
12-31 15:19:57.944 1087 6854 V WindowManager: bhv=SHOW_TRANSIENT_BARS_BY_SWIPE
12-31 15:19:57.944 1087 6854 V WindowManager: fitSides= naviIconColor=0}
12-31 15:19:57.944 9326 9326 I TrayStateController: systemUiVisibilityChanged : 2 0
12-31 15:19:57.944 28370 28370 I SurfaceControl: nativeRelease nativeObject s[519875431680]
12-31 15:19:57.944 28370 28370 I SurfaceControl: nativeRelease nativeObject e[519875431680]
12-31 15:19:57.945 9326 9326 I ViewRootImpl@e0c278e[CocktailBarService]: MSG_RESIZED_REPORT: frame=(1133,270,1200,421) ci=(0,0,0,0) vi=(0,0,0,0) or=1
12-31 15:19:57.945 28370 28370 I SurfaceControl: assignNativeObject: nativeObject = 0 Surface(name=null)/@0xba66e63 / android.view.SurfaceControl.readFromParcel:1117 android.view.IWindowSession$Stub$Proxy.relayout:1810 android.view.ViewRootImpl.relayoutWindow:9130 android.view.ViewRootImpl.performTraversals:3420 android.view.ViewRootImpl.doTraversal:2669 android.view.ViewRootImpl$TraversalRunnable.run:10092 android.view.Choreographer$CallbackRecord.run:1010 android.view.Choreographer.doCallbacks:809 android.view.Choreographer.doFrame:744 android.view.Choreographer$FrameDisplayEventReceiver.run:995
12-31 15:19:57.945 9326 9326 I DecorView: [INFO] isPopOver=false, config=true
12-31 15:19:57.945 9326 9326 I DecorView: updateCaptionType >> DecorView@3e98b3a[CocktailBarService], isFloating=false, isApplication=false, hasWindowDecorCaption=false, hasWindowControllerCallback=false
12-31 15:19:57.945 28370 28370 I SurfaceControl: assignNativeObject: nativeObject = 0 Surface(name=null)/@0x7eb220c / android.view.SurfaceControl.readFromParcel:1117 android.view.IWindowSession$Stub$Proxy.relayout:1820 android.view.ViewRootImpl.relayoutWindow:9130 android.view.ViewRootImpl.performTraversals:3420 android.view.ViewRootImpl.doTraversal:2669 android.view.ViewRootImpl$TraversalRunnable.run:10092 android.view.Choreographer$CallbackRecord.run:1010 android.view.Choreographer.doCallbacks:809 android.view.Choreographer.doFrame:744 android.view.Choreographer$FrameDisplayEventReceiver.run:995
12-31 15:19:57.945 28370 28370 I SurfaceControl: nativeRelease nativeObject s[519936439584]
12-31 15:19:57.945 28370 28370 I SurfaceControl: nativeRelease nativeObject e[519936439584]
12-31 15:19:57.945 766 1472 I SurfaceFlinger: id=6398 Removed Bounds for - com.sec.android.app.camera/com.sec.android.app.camera.Camera@0#0 (71)
12-31 15:19:57.945 9326 9326 I ViewRootImpl@e0c278e[CocktailBarService]: [DP] dp(1) 1 android.view.ViewRootImpl.reportNextDraw:11078 android.view.ViewRootImpl.access$1300:255 android.view.ViewRootImpl$ViewRootHandler.handleMessage:6207
12-31 15:19:57.946 1087 5564 D InsetsSourceProvider: updateVisibility: serverVisible=true, clientVisible=true, source=InsetsSource: {mType=ITYPE_STATUS_BAR, mFrame=[0,0][1200,48], mVisible=true}, controlTarget=Window{3fb5849 u0 com.sec.android.app.launcher/com.sec.android.app.launcher.activities.LauncherActivity}, from=com.android.server.wm.InsetsSourceProvider.setClientVisible:390 com.android.server.wm.InsetsSourceProvider.onInsetsModified:375 com.android.server.wm.InsetsStateController.onInsetsModified:465 com.android.server.wm.InsetsPolicy.onInsetsModified:324 com.android.server.wm.Session.insetsModified:663 android.view.IWindowSession$Stub.onTransact:1398 com.android.server.wm.Session.onTransact:166 android.os.Binder.execTransactInternal:1195 android.os.Binder.execTransact:1159
12-31 15:19:57.946 28370 28370 I SurfaceControl: nativeRelease nativeObject s[522604833856]
12-31 15:19:57.946 28370 28370 I SurfaceControl: nativeRelease nativeObject e[522604833856]
12-31 15:19:57.946 1087 1171 D WindowManager: setDisableFlags: displayId=0, vis=0x9708, appearance=0, transientState=Pair{[I@8bc2967 [I@9653314}, isFullscreen=false, isImmersive=true, barType=0, win=Window{3fb5849 u0 com.sec.android.app.launcher/com.sec.android.app.launcher.activities.LauncherActivity}
12-31 15:19:57.947 1087 2998 I SystemUiVisibilityPolicyController: handleMessage: entry what = 1
12-31 15:19:57.947 28370 28370 I SurfaceControl: nativeRelease nativeObject s[522604830304]
12-31 15:19:57.947 28370 28370 I SurfaceControl: nativeRelease nativeObject e[522604830304]
12-31 15:19:57.947 28370 28370 I ViewRootImpl@b6080a8[Camera]: Relayout returned: old=(0,0,1920,1200) new=(0,0,1920,1200) req=(1920,1200)8 dur=33 res=0x5 s={false 0} ch=true fn=274
12-31 15:19:57.947 9326 9326 I CocktailBarTriggerContainerView: setContainerGravityState: 1 --> 1
12-31 15:19:57.950 9326 9326 I TrayStateTrigger: getTriggerMarginOnTop retY=360 halfHandleSize=135 getTriggerPosition=20.628078
12-31 15:19:57.950 9326 9326 I BlurredCaptureStorage: updateBlurBackground: false false
12-31 15:19:57.951 9326 9326 I Utils : getResumeComponentName : ComponentInfo{com.sec.android.app.launcher/com.android.launcher3.uioverrides.QuickstepLauncher}
12-31 15:19:57.953 9326 9326 I TrayStateController: updateDescriptionLayout labelHide
12-31 15:19:57.953 9326 9326 I AbstractCocktailPanelView: setPanelVisible: CocktailPortraitRemotePanelView2 will be hidden: 1
12-31 15:19:57.953 9326 9326 I CocktailBarPanelVisibilityManager: updateActivePanelView: vis=false onTransit=false -hide: 1 current Active: 1
12-31 15:19:57.953 9326 9326 E CocktailBarContainerView: updateContainerVisibility:
12-31 15:19:57.954 1087 1369 I CAE : handleMessage(CaPowerManager.java:208) - AP_WAKEUP_Already_Delivered
12-31 15:19:57.954 1087 1369 I CAE : handleMessage(CaPowerManager.java:218) - SCREEN_ON_Already_Delivered
12-31 15:19:57.954 1087 1372 D LiftUpHandler: already ended..
12-31 15:19:57.954 1087 1087 D GameManagerService: onDisplayChanged. displyId: 0, state: 2
12-31 15:19:57.955 1087 1087 D AODManagerService: requestReCalToTSP IsSingleTouchMode = false / previousDisplayState = ON
12-31 15:19:57.955 1087 1389 D GameManagerService: onLooperPrepared(), msg: MSG_LCD_ON
12-31 15:19:57.956 708 708 I SehLight: lcd : 58+
12-31 15:19:57.956 708 708 I SehLight: lcd : 58-
12-31 15:19:57.957 549 549 D io_stats: !@ 8,0 r 2332558 84727488 w 729581 23562272 d 300264 68828480 f 270022 354307 iot 1081600 865048 th 102400 0 0 pt 0 inp 0 0 74912.130
12-31 15:19:57.958 1087 1173 D InputManager-JNI: Viewport [0] type:1, displayId=0, uniqueId=local:0, orientation=0, logicalFrame=[0, 0][1200, 1920], physicalFrame=[0, 0][1200, 1920], deviceSize=[1200, 1920]
12-31 15:19:57.958 1087 1372 D MotionRecognitionService: mReceiver.onReceive : CONFIGURATION_CHANGED
12-31 15:19:57.958 1087 1372 D MotionRecognitionService: [AUTO_ROTATION] inject auto rotation : 0
12-31 15:19:57.958 1087 1372 D SensorService: Motion injection
12-31 15:19:57.959 1087 1372 E SensorService: setSContextDataLocked
12-31 15:19:57.959 1087 1087 D WALLPAPER_SVC:SemWallpaperManagerService: onReceive: android.intent.action.CONFIGURATION_CHANGED, densityDpi=320, orientation [old=2, new=1]
12-31 15:19:57.959 1087 1087 D WALLPAPER_SVC:WallpaperManagerService: orientation is changed, notifySemColorListeners
12-31 15:19:57.959 5618 5887 D QSClockBellTower: onReceive(android.intent.action.CONFIGURATION_CHANGED) mTimeZoneString:null
12-31 15:19:57.959 5618 5837 D vol.VolumeDialogControl: onReceive ACTION_CONFIGURATION_CHANGED
12-31 15:19:57.959 5618 21513 D vol.VolumeDialogControl.VC: setLayoutDirection
12-31 15:19:57.960 1087 5564 V WindowManager: Relayout Window{3fb5849 u0 com.sec.android.app.launcher/com.sec.android.app.launcher.activities.LauncherActivity}: viewVisibility=0 req=1200x1920 d0
12-31 15:19:57.961 5618 21513 I WallpaperService: BaseIWindow resized : false
12-31 15:19:57.962 9202 9273 I DefaultDisplay: Global displayType : -1
12-31 15:19:57.962 9202 9273 I DefaultDisplay: onDisplayChanged - realSize : Point(1200, 1920) smallestSize : Point(1200, 1152) largestSize : Point(1920, 1872)
12-31 15:19:57.962 1087 1166 D WindowManager: markForSeamlessRotation, seamlesslyRotated=false, w=Window{ad570ad u0 com.samsung.android.app.cocktailbarservice/com.samsung.android.app.cocktailbarservice.CocktailBarService}, caller=com.android.server.wm.WindowState.finishSeamlessRotation:885 com.android.server.wm.WindowManagerService.relayoutWindow:2458 com.android.server.wm.Session.relayout:240
12-31 15:19:57.962 1087 5564 V WindowManager: Relayout hash=3fb5849, pid=9202: mAttrs={(0,0)(fillxfill) sim={adjust=nothing} layoutInDisplayCutoutMode=shortEdges ty=BASE_APPLICATION fmt=TRANSPARENT wanim=0x10302f2
12-31 15:19:57.962 1087 5564 V WindowManager: fl=81910102
12-31 15:19:57.962 1087 5564 V WindowManager: pfl=16020000
12-31 15:19:57.962 1087 5564 V WindowManager: vsysui=1700
12-31 15:19:57.962 1087 5564 V WindowManager: bhv=SHOW_TRANSIENT_BARS_BY_SWIPE
12-31 15:19:57.962 1087 5564 V WindowManager: fitSides= dimAmount=0.125 dimDuration=1 naviIconColor=0
12-31 15:19:57.962 1087 5564 V WindowManager: sfl=40}
12-31 15:19:57.962 1087 5564 I SurfaceControl: nativeRelease nativeObject s[517785650752]
12-31 15:19:57.962 1087 5564 I SurfaceControl: nativeRelease nativeObject e[517785650752]
12-31 15:19:57.963 9202 9202 I SurfaceControl: nativeRelease nativeObject s[518090471904]
12-31 15:19:57.963 9202 9202 I SurfaceControl: nativeRelease nativeObject e[518090471904]
12-31 15:19:57.963 1087 1166 I WindowManager: Cancelling animation restarting=true, leash=Surface(name=Surface(name=WindowToken{8382aaa android.os.BinderProxy@c5ab54c})/@0xe88158f - animation-leash)/@0xfef63a8
12-31 15:19:57.963 1087 1166 I WindowManager: Reparenting to original parent: Surface(name=Leaf:17:34)/@0xd7062b6, destroy=false, surface=Surface(name=WindowToken{8382aaa android.os.BinderProxy@c5ab54c})/@0xe88158f
12-31 15:19:57.963 1087 1166 I SurfaceControl: nativeRelease nativeObject s[520060358560]
12-31 15:19:57.963 1087 1166 I SurfaceControl: nativeRelease nativeObject e[520060358560]
12-31 15:19:57.963 1087 1166 I WindowManager: Reparenting to leash, surface=Surface(name=WindowToken{8382aaa android.os.BinderProxy@c5ab54c})/@0xe88158f, leashParent=Surface(name=Leaf:17:34)/@0xd7062b6
12-31 15:19:57.963 1087 1382 I InputReader: Reconfiguring input devices, changes=DISPLAY_INFO |
12-31 15:19:57.963 1087 1382 D InputManager: notifyDisplayIdChangedByUser: 0
12-31 15:19:57.963 1087 1382 I InputReader: Device reconfigured: id=7, name='sec_touchpad', size 1200x1920, orientation 0, mode 4, display id 0
12-31 15:19:57.963 9202 9202 I SurfaceControl: assignNativeObject: nativeObject = 0 Surface(name=null)/@0x85bb01d / android.view.SurfaceControl.readFromParcel:1117 android.view.IWindowSession$Stub$Proxy.relayout:1820 android.view.ViewRootImpl.relayoutWindow:9130 android.view.ViewRootImpl.performTraversals:3420 android.view.ViewRootImpl.doTraversal:2669 android.view.ViewRootImpl$TraversalRunnable.run:10092 android.view.Choreographer$CallbackRecord.run:1010 android.view.Choreographer.doCallbacks:809 android.view.Choreographer.doFrame:744 android.view.Choreographer$FrameDisplayEventReceiver.run:995
12-31 15:19:57.963 766 1470 I SurfaceFlinger: id=6416 createSurf (0x0),-1 flag=24004, Surface(name=WindowToken{8382aaa android.os.BinderProxy@c5ab54c})/@0xe88158f - animation-leash#1
12-31 15:19:57.964 1087 1382 I InputReader: support feature by TSP : 0x1
12-31 15:19:57.964 1087 1382 I InputReader: Device reconfigured: id=5, name='sec_touchscreen', size 1200x1920, orientation 0, mode 1, display id 0
12-31 15:19:57.964 1087 1382 D InputReader: Wrote command set_rotation_status,0
12-31 15:19:57.964 1087 1382 I InputReader: Device reconfigured: id=4, name='sec_e-pen', size 1200x1920, orientation 0, mode 4, display id 0
12-31 15:19:57.964 1087 1166 D WindowManager: makeSurface duration=1 leash=Surface(name=Surface(name=WindowToken{8382aaa android.os.BinderProxy@c5ab54c})/@0xe88158f - animation-leash)/@0xdd7f503
12-31 15:19:57.964 1087 1166 V WindowManager: rotationForOrientation(orient=SCREEN_ORIENTATION_UNSPECIFIED (-1), last=ROTATION_0 (0)); user=ROTATION_0 (0) USER_ROTATION_LOCKED
12-31 15:19:57.964 1087 1166 D WindowManager: rotationForOrientation, orientationSource=ActivityRecord{40d61d4 u0 com.sec.android.app.launcher/.activities.LauncherActivity t123}
12-31 15:19:57.964 1087 1166 V WindowOrientationListener: getProposedRotation: -1
12-31 15:19:57.964 1087 1166 V WindowManager: Computed rotation=ROTATION_0 (0) for display id=0 based on lastOrientation=SCREEN_ORIENTATION_UNSPECIFIED (-1) and oldRotation=ROTATION_0 (0), caller=com.android.server.wm.DisplayRotation.updateRotationAndSendNewConfigIfChanged:403 com.android.server.wm.DisplayRotation.markForSeamlessRotation:809 com.android.server.wm.WindowState.finishSeamlessRotation:885 com.android.server.wm.WindowManagerService.relayoutWindow:2458 com.android.server.wm.Session.relayout:240 android.view.IWindowSession$Stub.onTransact:871
12-31 15:19:57.964 1087 1166 V WindowManager: Relayout Window{ad570ad u0 com.samsung.android.app.cocktailbarservice/com.samsung.android.app.cocktailbarservice.CocktailBarService}: viewVisibility=0 req=67x151 d0
12-31 15:19:57.965 766 1472 I Layer : id=6409 removeFromCurrentState Surface(name=WindowToken{8382aaa android.os.BinderProxy@c5ab54c})/@0xe88158f - animation-leash#0 (72)
12-31 15:19:57.965 9202 9202 I SurfaceControl: nativeRelease nativeObject s[520060346944]
12-31 15:19:57.965 9202 9202 I SurfaceControl: nativeRelease nativeObject e[520060346944]
12-31 15:19:57.965 9202 9202 I SurfaceControl: nativeRelease nativeObject s[520060347040]
12-31 15:19:57.966 9202 9202 I SurfaceControl: nativeRelease nativeObject e[520060347040]
12-31 15:19:57.966 9202 9202 I ViewRootImpl@7c8c68a[LauncherActivity]: Relayout returned: old=(0,0,1200,1920) new=(0,0,1200,1920) req=(1200,1920)0 dur=9 res=0x1 s={true 518361718784} ch=false fn=24
12-31 15:19:57.966 9202 9202 I ViewRootImpl@7c8c68a[LauncherActivity]: mAttachInfo.mThreadedRenderer.draw, mView = DecorView@85920c3[LauncherActivity] w = 1200 h = 1920
12-31 15:19:57.967 5618 5618 D LockscreenNotificationManager: Orientation updated : 1
12-31 15:19:57.967 1087 1166 V WindowManager: Relayout hash=ad570ad, pid=9326: mAttrs={(0,270)(67x151) gr=TOP RIGHT CENTER sim={adjust=nothing} layoutInDisplayCutoutMode=shortEdges ty=2226 fmt=TRANSPARENT
12-31 15:19:57.967 1087 1166 V WindowManager: fl=81800748
12-31 15:19:57.967 1087 1166 V WindowManager: pfl=2000050
12-31 15:19:57.967 1087 1166 V WindowManager: vsysui=2000
12-31 15:19:57.967 1087 1166 V WindowManager: apr=LIGHT_STATUS_BARS
12-31 15:19:57.967 1087 1166 V WindowManager: bhv=SHOW_TRANSIENT_BARS_BY_SWIPE
12-31 15:19:57.967 1087 1166 V WindowManager: fitTypes=NAVIGATION_BARS CAPTION_BAR dimAmount=0.0 dimDuration=0 naviIconColor=0
12-31 15:19:57.967 1087 1166 V WindowManager: sfl=200000}
12-31 15:19:57.967 1087 1166 I SurfaceControl: nativeRelease nativeObject s[520060358560]
12-31 15:19:57.967 1087 1166 I SurfaceControl: nativeRelease nativeObject e[520060358560]
12-31 15:19:57.967 766 1470 I SurfaceFlinger: id=6409 Removed Surface(name=WindowToken{8382aaa android.os.BinderProxy@c5ab54c})/@0xe88158f - animation-leash#0 (72)
12-31 15:19:57.967 766 1470 E BufferQueueProducer: [com.sec.android.app.launcher/com.sec.android.app.launcher.activities.LauncherActivity$_9202#0](id:2fe00000590,api:0,p:-1,c:766) disconnect: not connected (req=1)
12-31 15:19:57.968 9202 9345 W libEGL : EGLNativeWindowType 0x78b0c42010 disconnect failed
12-31 15:19:57.968 9326 9326 I SurfaceControl: nativeRelease nativeObject s[518169055712]
12-31 15:19:57.968 9326 9326 I SurfaceControl: nativeRelease nativeObject e[518169055712]
12-31 15:19:57.968 9326 9326 I SurfaceControl: assignNativeObject: nativeObject = 0 Surface(name=null)/@0x2b4f6f2 / android.view.SurfaceControl.readFromParcel:1117 android.view.IWindowSession$Stub$Proxy.relayout:1820 android.view.ViewRootImpl.relayoutWindow:9130 android.view.ViewRootImpl.performTraversals:3420 android.view.ViewRootImpl.doTraversal:2669 android.view.ViewRootImpl$TraversalRunnable.run:10092 android.view.Choreographer$CallbackRecord.run:1010 android.view.Choreographer.doCallbacks:809 android.view.Choreographer.doFrame:744 android.view.Choreographer$FrameDisplayEventReceiver.run:995
12-31 15:19:57.970 9202 9202 I Launcher.Model: onReceive intent=Intent { act=android.intent.action.CONFIGURATION_CHANGED flg=0x70200010 }
12-31 15:19:57.970 9202 9202 W SGestureOverlayWindow: removeGestureOverlayWindow return by mOverlayWindow == null
12-31 15:19:57.971 695 901 D gralloc : [mali_gralloc_allocate] begin
12-31 15:19:57.971 695 901 D gralloc : buffer_descriptor: wh(1200 1920) usage_pc(0x40000000000b00 0x40000000000b00) hal_format(0x1) layer_count(1) sizes(0 0 0) strde(0) byte_stride(0) alloc_wh(0 0) internal_format(0x0) alloc_format(0x0) fd_count(1) plane_count(0)
12-31 15:19:57.971 766 766 I Layer : id=6409[1] Destroyed Surface(name=WindowToken{8382aaa android.os.BinderProxy@c5ab54c})/@0xe88158f - animation-leash#0
12-31 15:19:57.972 695 901 D gralloc : [mali_gralloc_allocate] allocation successful
12-31 15:19:57.973 5618 5618 D DeviceState: getPanelWidth portrait? true panelWidth= 882
12-31 15:19:57.974 708 708 I SehLight: lcd : 55+
12-31 15:19:57.974 708 708 I SehLight: lcd : 55-
12-31 15:19:57.974 9326 9326 I ViewRootImpl@e0c278e[CocktailBarService]: Relayout returned: old=(1133,270,1200,421) new=(1133,270,1200,421) req=(67,151)0 dur=8 res=0x1 s={true 518402002944} ch=false fn=9
12-31 15:19:57.974 5618 5618 I MediaDevicesBar: showBar : true
12-31 15:19:57.974 5618 5618 V QSBarController: onBarVisibilityChanged
12-31 15:19:57.974 9326 9326 I ViewRootImpl@e0c278e[CocktailBarService]: [DP] pd() Asnyc report
12-31 15:19:57.977 766 1472 E BufferQueueProducer: [com.samsung.android.app.cocktailbarservice/com.samsung.android.app.cocktailbarservice.CocktailBarService$_9326#0](id:2fe00000583,api:0,p:-1,c:766) disconnect: not connected (req=1)
12-31 15:19:57.977 9326 9605 W libEGL : EGLNativeWindowType 0x78b32ad010 disconnect failed
12-31 15:19:57.979 9326 9326 I ViewRootImpl@e0c278e[CocktailBarService]: mAttachInfo.mThreadedRenderer.draw, mView = DecorView@3e98b3a[CocktailBarService] w = 67 h = 151
12-31 15:19:57.980 695 901 D gralloc : [mali_gralloc_allocate] begin
12-31 15:19:57.980 695 901 D gralloc : buffer_descriptor: wh(67 151) usage_pc(0x40000000000b00 0x40000000000b00) hal_format(0x1) layer_count(1) sizes(0 0 0) strde(0) byte_stride(0) alloc_wh(0 0) internal_format(0x0) alloc_format(0x0) fd_count(1) plane_count(0)
12-31 15:19:57.980 695 901 D gralloc : [mali_gralloc_allocate] allocation successful
12-31 15:19:57.982 5618 5618 I HeaderMediaDevicesBar: showBar : true
12-31 15:19:57.983 5618 5618 V QSBarController: onBarVisibilityChanged
12-31 15:19:57.984 5618 5618 I QSSecurityFooterBar: showBar : false
12-31 15:19:57.984 5618 5618 V QSBarController: onBarVisibilityChanged
12-31 15:19:57.984 9326 9326 I ViewRootImpl@e0c278e[CocktailBarService]: [DP] pdf(0) 1 android.view.ViewRootImpl.lambda$performDraw$1$ViewRootImpl:4743 android.view.-$$Lambda$ViewRootImpl$DJd0VUYJgsebcnSohO6h8zc_ONI.run:6 android.os.Handler.handleCallback:938
12-31 15:19:57.984 9326 9326 I ViewRootImpl@e0c278e[CocktailBarService]: [DP] rdf()
12-31 15:19:57.984 1087 5564 D WindowManager: finishDrawingWindow: Window{ad570ad u0 com.samsung.android.app.cocktailbarservice/com.samsung.android.app.cocktailbarservice.CocktailBarService} mDrawState=HAS_DRAWN
12-31 15:19:57.984 9326 9326 I TrayStateController: systemUiVisibilityChanged : 2 0
12-31 15:19:57.985 9326 9326 I TrayStateController: putInputRect mDynamicInputRegion=192352579@LastEvent=t=1640960397974Rect(42, 0 - 67, 151),Rect=Rect(42, 0 - 67, 270)
12-31 15:19:57.986 1087 3011 D TspStateManager: update cmd=set_grip_data,0,2,360,630
12-31 15:19:57.986 5618 5618 D DeviceState: getPanelWidth portrait? true panelWidth= 882
12-31 15:19:57.986 5618 5618 D DeviceState: getPanelWidth portrait? true panelWidth= 882
12-31 15:19:57.986 5618 5618 D DeviceState: getDisplayWidth portrait? true displayWidth= 1200
12-31 15:19:57.986 5618 5618 D DeviceState: getPanelWidth portrait? true panelWidth= 882
12-31 15:19:57.987 9326 9326 I AbstractCocktailPanelView: notifyPanelVisibilityChanged: visibility not changed 2 id: 1
12-31 15:19:57.988 708 708 I SehLight: lcd : 53+
12-31 15:19:57.988 708 708 I SehLight: lcd : 53-
12-31 15:19:57.989 1087 6854 V WindowManager: Relayout Window{ad570ad u0 com.samsung.android.app.cocktailbarservice/com.samsung.android.app.cocktailbarservice.CocktailBarService}: viewVisibility=0 req=67x270 d0
12-31 15:19:57.993 1087 6854 V WindowManager: Relayout hash=ad570ad, pid=9326: mAttrs={(0,360)(67x270) gr=TOP RIGHT CENTER sim={adjust=nothing} layoutInDisplayCutoutMode=shortEdges ty=2226 fmt=TRANSPARENT
12-31 15:19:57.993 1087 6854 V WindowManager: fl=81800748
12-31 15:19:57.993 1087 6854 V WindowManager: pfl=2000050
12-31 15:19:57.993 1087 6854 V WindowManager: vsysui=2000
12-31 15:19:57.993 1087 6854 V WindowManager: apr=LIGHT_STATUS_BARS
12-31 15:19:57.993 1087 6854 V WindowManager: bhv=SHOW_TRANSIENT_BARS_BY_SWIPE
12-31 15:19:57.993 1087 6854 V WindowManager: fitTypes=NAVIGATION_BARS CAPTION_BAR dimAmount=0.0 dimDuration=0 naviIconColor=0
12-31 15:19:57.993 1087 6854 V WindowManager: sfl=200000}
12-31 15:19:57.993 1087 6854 I SurfaceControl: nativeRelease nativeObject s[517796954368]
12-31 15:19:57.993 1087 6854 I SurfaceControl: nativeRelease nativeObject e[517796954368]
12-31 15:19:57.993 9326 9326 I SurfaceControl: nativeRelease nativeObject s[518169057248]
12-31 15:19:57.993 9326 9326 I SurfaceControl: nativeRelease nativeObject e[518169057248]
12-31 15:19:57.994 9326 9326 I SurfaceControl: assignNativeObject: nativeObject = 0 Surface(name=null)/@0x2b4f6f2 / android.view.SurfaceControl.readFromParcel:1117 android.view.IWindowSession$Stub$Proxy.relayout:1820 android.view.ViewRootImpl.relayoutWindow:9130 android.view.ViewRootImpl.performTraversals:3420 android.view.ViewRootImpl.doTraversal:2669 android.view.ViewRootImpl$TraversalRunnable.run:10092 android.view.Choreographer$CallbackRecord.run:1010 android.view.Choreographer.doCallbacks:809 android.view.Choreographer.doFrame:744 android.view.Choreographer$FrameDisplayEventReceiver.run:995
12-31 15:19:57.994 9326 9326 I ViewRootImpl@e0c278e[CocktailBarService]: Relayout returned: old=(1133,270,1200,421) new=(1133,360,1200,630) req=(67,270)0 dur=5 res=0x21 s={true 518402002944} ch=false fn=10
12-31 15:19:57.995 766 1388 E BufferQueueProducer: [com.samsung.android.app.cocktailbarservice/com.samsung.android.app.cocktailbarservice.CocktailBarService$_9326#0](id:2fe00000583,api:0,p:-1,c:766) disconnect: not connected (req=1)
12-31 15:19:57.996 9326 9605 W libEGL : EGLNativeWindowType 0x78b32ad010 disconnect failed
12-31 15:19:57.997 9326 9326 I ViewRootImpl@e0c278e[CocktailBarService]: mAttachInfo.mThreadedRenderer.draw, mView = DecorView@3e98b3a[CocktailBarService] w = 67 h = 270
12-31 15:19:57.997 695 901 D gralloc : [mali_gralloc_allocate] begin
12-31 15:19:57.997 695 901 D gralloc : buffer_descriptor: wh(67 270) usage_pc(0x40000000000b00 0x40000000000b00) hal_format(0x1) layer_count(1) sizes(0 0 0) strde(0) byte_stride(0) alloc_wh(0 0) internal_format(0x0) alloc_format(0x0) fd_count(1) plane_count(0)
12-31 15:19:57.998 695 901 D gralloc : [mali_gralloc_allocate] allocation successful
12-31 15:19:57.998 9326 9326 I ViewRootImpl@e0c278e[CocktailBarService]: MSG_RESIZED: frame=(1133,360,1200,630) ci=(0,0,0,0) vi=(0,0,0,0) or=1
12-31 15:19:57.998 766 1388 I SurfaceFlinger: id=6417 createSurf (0x0),-1 flag=80004, WindowToken{eebd0ac android.os.BinderProxy@b1996fe}#0
12-31 15:19:57.998 1087 6854 D InputTransport: Input channel constructed: '5047175', fd=562
12-31 15:19:57.998 1087 6854 D InputTransport: Input channel constructed: '5047175', fd=676
12-31 15:19:57.999 766 1388 I SurfaceFlinger: id=6418 createSurf (0x0),-1 flag=80004, 5047175 AssistPreviewPanel#0
12-31 15:19:57.999 1087 6854 D InputTransport: Input channel destroyed: '5047175', fd=676
12-31 15:19:57.999 5618 5618 D InputTransport: Input channel constructed: '5047175', fd=167
12-31 15:19:58.000 5618 5618 I ViewRootImpl@bf351ef[AssistPreviewPanel]: setView = com.android.systemui.assist.AssistOrbContainer@76ae4fc TM=true
12-31 15:19:58.000 5618 5618 D PipTouchHandler: setMinimizedState mIsMinimized=false isMinimized=false fromController=false callers=com.android.systemui.pip.phone.PipTouchHandler.setMinimizedStateInternal:1049 com.android.systemui.pip.phone.PipTouchHandler.onConfigurationChanged:529 com.android.systemui.pip.phone.PipManager.onConfigurationChanged:453 com.android.systemui.pip.PipUI.onConfigurationChanged:91 com.android.systemui.SystemUIApplication.onConfigurationChanged:322
12-31 15:19:58.001 1087 6854 D WALLPAPER_SVC:WallpaperManagerService: getWallpaperSafeLocked, userId = 0, which = 1, caller = com.android.server.wallpaper.WallpaperManagerService.semGetWallpaperType:5637
12-31 15:19:58.001 1087 6854 D WallpaperManagerService: which : 1, return type : 0 (called by userId= 0)
12-31 15:19:58.002 5618 5772 I ImageWallpaperRenderer: updateWallpaperOffset 0, lastCropOffset 0 wp Type , 0 , rotation == 0 Wallpaper do not change Display offset 0
12-31 15:19:58.002 5618 5772 I ImageWallpaperRenderer: onConfigurationChanged : , orientation 2 -> 1 isNeedReDraw false newConfig {1.0 ?mcc?mnc [en_GB] ldltr sw600dp w600dp h936dp 320dpi lrg port finger -keyb/v/h -nav/h winConfig={ mBounds=Rect(0, 0 - 1200, 1920) mAppBounds=Rect(0, 0 - 1200, 1920) mWindowingMode=fullscreen mDisplayWindowingMode=fullscreen mActivityType=undefined mAlwaysOnTop=undefined mRotation=ROTATION_0} s.4840 desktop/d ?dc ?dcui ?dcaf enb/d bts=0 ff=0 bf=0 themeSeq=0}
12-31 15:19:58.002 5618 5618 D ScrollView: onsize change changed
12-31 15:19:58.004 708 708 I SehLight: lcd : 50+
12-31 15:19:58.004 708 708 I SehLight: lcd : 50-
12-31 15:19:58.008 1087 6854 V WindowManager: Relayout Window{5047175 u0 AssistPreviewPanel}: viewVisibility=8 req=1200x500 d0
12-31 15:19:58.009 766 766 D SurfaceFlinger: Display 0 HWC layers:
12-31 15:19:58.009 766 766 D SurfaceFlinger: CLIENT | 0x7b5401ecc0 | 0002 | RGBx_8888 | 360.0 0.0 1560.0 1920.0 | 0 0 1200 1920 | com.android.systemui.ImageWallpaper$_5618#0
12-31 15:19:58.009 766 766 D SurfaceFlinger: CLIENT | 0x7b5401f080 | 0000 | RGBA_8888 | 0.0 0.0 1200.0 1920.0 | 0 0 1200 1920 | com.sec.android.app.launcher/com.sec[...]ties.LauncherActivity$_9202#0 (Blur)
12-31 15:19:58.009 766 766 D SurfaceFlinger: DEVICE | 0x7b5401f6c0 | 0000 | RGBA_8888 | 0.0 0.0 1.0 1200.0 | 0 0 1200 1 | StatusBar$_5618#0
12-31 15:19:58.009 766 766 D SurfaceFlinger: DEVICE | 0x7b5401ea40 | 0000 | RGBA_8888 | 0.0 0.0 67.0 270.0 | 1133 360 1200 630 | com.samsung.android.app.cocktailbars[...]arservice.CocktailBarService$_9326#0
12-31 15:19:58.009 766 766 D SurfaceFlinger:
12-31 15:19:58.010 1087 6854 V WindowManager: Relayout hash=5047175, pid=5618: mAttrs={(0,0)(fillx500) gr=BOTTOM START CENTER sim={state=unchanged adjust=nothing} ty=VOICE_INTERACTION_STARTING fmt=TRANSLUCENT
12-31 15:19:58.010 1087 6854 V WindowManager: fl=1000118
12-31 15:19:58.010 1087 6854 V WindowManager: pfl=2000000
12-31 15:19:58.010 1087 6854 V WindowManager: vsysui=700 naviIconColor=0}
12-31 15:19:58.010 5618 5618 I SurfaceControl: assignNativeObject: nativeObject = 0 Surface(name=null)/@0x1307785 / android.view.SurfaceControl.readFromParcel:1117 android.view.IWindowSession$Stub$Proxy.relayout:1810 android.view.ViewRootImpl.relayoutWindow:9130 android.view.ViewRootImpl.performTraversals:3420 android.view.ViewRootImpl.doTraversal:2669 android.view.ViewRootImpl$TraversalRunnable.run:10092 android.view.Choreographer$CallbackRecord.run:1010 android.view.Choreographer.doCallbacks:809 android.view.Choreographer.doFrame:744 android.view.Choreographer$FrameDisplayEventReceiver.run:995
12-31 15:19:58.010 5618 5618 I SurfaceControl: assignNativeObject: nativeObject = 0 Surface(name=null)/@0xbeb99da / android.view.SurfaceControl.readFromParcel:1117 android.view.IWindowSession$Stub$Proxy.relayout:1820 android.view.ViewRootImpl.relayoutWindow:9130 android.view.ViewRootImpl.performTraversals:3420 android.view.ViewRootImpl.doTraversal:2669 android.view.ViewRootImpl$TraversalRunnable.run:10092 android.view.Choreographer$CallbackRecord.run:1010 android.view.Choreographer.doCallbacks:809 android.view.Choreographer.doFrame:744 android.view.Choreographer$FrameDisplayEventReceiver.run:995
12-31 15:19:58.011 5618 5618 I ViewRootImpl@bf351ef[AssistPreviewPanel]: Relayout returned: old=(0,0,1200,1920) new=(0,1920,1200,1920) req=(1200,500)8 dur=2 res=0x1 s={false 0} ch=false fn=-1
12-31 15:19:58.011 1087 6854 V WindowManager: Relayout Window{fb1b6ef u0 removal-button-overlay}: viewVisibility=4 req=1200x1920 d0
12-31 15:19:58.013 1087 6854 V WindowManager: Relayout hash=fb1b6ef, pid=5618: mAttrs={(0,0)(1200x1920) gr=TOP START CENTER sim={adjust=pan} layoutInDisplayCutoutMode=shortEdges ty=2605 fmt=TRANSPARENT
12-31 15:19:58.013 1087 6854 V WindowManager: fl=1000328
12-31 15:19:58.013 1087 6854 V WindowManager: pfl=12000050 naviIconColor=0
12-31 15:19:58.013 1087 6854 V WindowManager: sfl=20000}
12-31 15:19:58.013 5618 5618 I SurfaceControl: assignNativeObject: nativeObject = 0 Surface(name=null)/@0x9962e41 / android.view.SurfaceControl.readFromParcel:1117 android.view.IWindowSession$Stub$Proxy.relayout:1810 android.view.ViewRootImpl.relayoutWindow:9130 android.view.ViewRootImpl.performTraversals:3420 android.view.ViewRootImpl.doTraversal:2669 android.view.ViewRootImpl$TraversalRunnable.run:10092 android.view.Choreographer$CallbackRecord.run:1010 android.view.Choreographer.doCallbacks:809 android.view.Choreographer.doFrame:744 android.view.Choreographer$FrameDisplayEventReceiver.run:995
12-31 15:19:58.013 5618 5618 I SurfaceControl: assignNativeObject: nativeObject = 0 Surface(name=null)/@0xe4fafe6 / android.view.SurfaceControl.readFromParcel:1117 android.view.IWindowSession$Stub$Proxy.relayout:1820 android.view.ViewRootImpl.relayoutWindow:9130 android.view.ViewRootImpl.performTraversals:3420 android.view.ViewRootImpl.doTraversal:2669 android.view.ViewRootImpl$TraversalRunnable.run:10092 android.view.Choreographer$CallbackRecord.run:1010 android.view.Choreographer.doCallbacks:809 android.view.Choreographer.doFrame:744 android.view.Choreographer$FrameDisplayEventReceiver.run:995
12-31 15:19:58.014 5618 5618 I ViewRootImpl@1074f74[removal-button-overlay]: Relayout returned: old=(0,0,1920,1200) new=(0,0,1200,1920) req=(1200,1920)4 dur=3 res=0x1 s={false 0} ch=false fn=-1
12-31 15:19:58.015 5618 5618 I ImageWallpaper: onFixedRotationFinished 0 , {1.0 ?mcc?mnc [en_GB] ldltr sw600dp w600dp h936dp 320dpi lrg port finger -keyb/v/h -nav/h winConfig={ mBounds=Rect(0, 0 - 1200, 1920) mAppBounds=Rect(0, 0 - 1200, 1920) mWindowingMode=fullscreen mDisplayWindowingMode=fullscreen mActivityType=undefined mAlwaysOnTop=undefined mRotation=ROTATION_0} s.4840 desktop/d ?dc ?dcui ?dcaf enb/d bts=0 ff=0 bf=0 themeSeq=0}
12-31 15:19:58.015 5618 5618 D DragAndDropController: Display changed: #0
12-31 15:19:58.015 5618 5618 D DragAndDropController: Display removed: #0
12-31 15:19:58.016 5618 5618 I ViewRootImpl@88f68d0[ShellDropTarget]: DirectWriting, detachedFromWindow, clear editTexts
12-31 15:19:58.016 5618 5618 I ViewRootImpl@88f68d0[ShellDropTarget]: dispatchDetachedFromWindow
12-31 15:19:58.016 1087 6854 D InputTransport: Input channel destroyed: '9f65704', fd=671
12-31 15:19:58.016 1087 6854 I SurfaceControl: nativeRelease nativeObject s[518062322912]
