03-13 17:49:00.105 23634 23634 D AndroidRuntime: >>>>>> START com.android.internal.os.RuntimeInit uid 2000 <<<<<<
03-13 17:49:00.109 23634 23634 D AndroidRuntime: CheckJNI is OFF
03-13 17:49:00.143 23634 23634 D ICU : No timezone override file found: /data/misc/zoneinfo/current/icu/icu_tzdata.dat
03-13 17:49:00.181 23634 23634 I Radio-JNI: register_android_hardware_Radio DONE
03-13 17:49:00.200 23634 23634 D AndroidRuntime: Calling main entry com.android.commands.pm.Pm
03-13 17:49:00.218 20333 20343 D DefContainer: Copying /data/local/tmp/android-build-debug.apk to base.apk
03-13 17:49:01.355 862 928 I PackageManager.DexOptimizer: Running dexopt (dex2oat) on: /data/app/vmdl2028170028.tmp/base.apk pkg=org.qtproject.example.coffee isa=arm vmSafeMode=false debuggable=true oatDir = /data/app/vmdl2028170028.tmp/oat bootComplete=true
03-13 17:49:01.381 23660 23660 I dex2oat : /system/bin/dex2oat --debuggable
03-13 17:49:01.666 23660 23660 I dex2oat : dex2oat took 286.322ms (threads: 4) arena alloc=792KB java alloc=305KB native alloc=2MB free=2MB
03-13 17:49:01.679 862 890 I ActivityManager: Force stopping org.qtproject.example.coffee appid=10098 user=-1: uninstall pkg
03-13 17:49:01.749 862 928 I PackageManager: Package org.qtproject.example.coffee codePath changed from /data/app/org.qtproject.example.coffee-2 to /data/app/org.qtproject.example.coffee-1; Retaining data and using new
03-13 17:49:01.750 862 890 I ActivityManager: Force stopping org.qtproject.example.coffee appid=10098 user=-1: replace pkg
03-13 17:49:01.750 862 928 W PackageManager: Code path for org.qtproject.example.coffee changing from /data/app/org.qtproject.example.coffee-2 to /data/app/org.qtproject.example.coffee-1
03-13 17:49:01.750 862 928 W PackageManager: Resource path for org.qtproject.example.coffee changing from /data/app/org.qtproject.example.coffee-2 to /data/app/org.qtproject.example.coffee-1
03-13 17:49:01.896 862 928 W Settings: Setting install_non_market_apps has moved from android.provider.Settings.Global to android.provider.Settings.Secure, returning read-only value.
03-13 17:49:01.896 862 928 I art : Starting a blocking GC Explicit
03-13 17:49:01.940 862 928 I art : Explicit concurrent mark sweep GC freed 9795(766KB) AllocSpace objects, 2(40KB) LOS objects, 33% free, 28MB/42MB, paused 808us total 44.117ms
03-13 17:49:01.968 862 928 W PackageManager: Couldn't remove dex file for package: at location /data/app/org.qtproject.example.coffee-2/base.apk, retcode=-1
03-13 17:49:01.969 862 928 I ActivityManager: Force stopping org.qtproject.example.coffee appid=10098 user=0: pkg removed
03-13 17:49:01.970 23634 23634 I art : System.exit called, status: 0
03-13 17:49:01.970 23634 23634 I AndroidRuntime: VM exiting with result code 0.
03-13 17:49:01.980 862 862 D JobSchedulerService: Receieved: android.intent.action.PACKAGE_REMOVED
03-13 17:49:01.984 862 997 I InputReader: Reconfiguring input devices. changes=0x00000010
03-13 17:49:02.032 862 997 I InputReader: Reconfiguring input devices. changes=0x00000010
03-13 17:49:02.040 23075 23142 I Bugle : BroadcastReceiverAsyncWorkTracker: Acknowledging broadcast of abkm@e226aa9
03-13 17:49:02.047 23075 23132 I Bugle : BroadcastReceiverAsyncWorkTracker: Acknowledging broadcast of abkm@e226aa9
03-13 17:49:02.064 862 997 I InputReader: Reconfiguring input devices. changes=0x00000010
03-13 17:49:02.069 1402 1402 D CarrierServiceBindHelper: Receive action: android.intent.action.PACKAGE_REMOVED
03-13 17:49:02.074 20394 20394 W ContextImpl: Calling a method in the system process without a qualified user: android.app.ContextImpl.startService:1221 android.content.ContextWrapper.startService:581 android.content.ContextWrapper.startService:581 com.android.keychain.KeyChainBroadcastReceiver.onReceive:12 android.app.ActivityThread.handleReceiver:2725
03-13 17:49:02.106 1402 1402 D CarrierServiceBindHelper: Receive action: android.intent.action.PACKAGE_ADDED
03-13 17:49:02.106 1402 1402 D CarrierServiceBindHelper: Receive action: android.intent.action.PACKAGE_REPLACED
03-13 17:49:02.107 1402 1402 D CarrierServiceBindHelper: mHandler: 3
03-13 17:49:02.107 1402 1402 D CarrierServiceBindHelper: mHandler: 3
03-13 17:49:02.107 1402 1402 D CarrierServiceBindHelper: mHandler: 3
03-13 17:49:02.107 1402 1402 D CarrierConfigLoader: mHandler: 9 phoneId: 0
03-13 17:49:02.114 5323 5323 I Finsky : [1] ogw.i(-1): PackageMonitorReceiverImpl - Received: android.intent.action.PACKAGE_REMOVED, [y8PvXzeGtzuG5tvvKK7l57zlRFRIkaFsONC1GsGEl-Y]
03-13 17:49:02.114 5323 5323 I Finsky : [1] ohm.n(-1): Invalidating cached PackageState for org.qtproject.example.coffee
03-13 17:49:02.147 1642 23712 I Fitness : FitCleanupIntentOperation received Intent android.intent.action.PACKAGE_REMOVED [CONTEXT service_id=17 ]
03-13 17:49:02.180 5323 23718 I Finsky : [540] iwn.run(17): Wrote row to frosting DB: 976
03-13 17:49:02.186 5323 5359 I Finsky : [252] exk.a(5): AIM: AppInfoManager-Perf > OnDeviceAppInfo > cacheHitCount=0, cacheMissCount=1. Missed in cache (limit 10) : [org.qtproject.example.coffee]
03-13 17:49:02.192 862 1013 D ConnectivityService: notifyType CAP_CHANGED for NetworkAgentInfo [WIFI () - 107]
03-13 17:49:02.209 5323 23718 I Finsky : [540] iwn.run(17): Wrote row to frosting DB: 977
03-13 17:49:02.213 862 888 W ResourceType: ResTable_typeSpec entry count inconsistent: given 2699, previously 2702
03-13 17:49:02.214 862 888 W ResourceType: ResTable_typeSpec entry count inconsistent: given 2804, previously 2807
03-13 17:49:02.219 862 888 W ResourceType: ResTable_typeSpec entry count inconsistent: given 352, previously 1964
03-13 17:49:02.263 1598 23699 I Auth : [SupervisedAccountIntentOperation] onHandleIntent(): android.intent.action.PACKAGE_ADDED
03-13 17:49:02.266 1598 1598 D BoundBrokerSvc: onBind: Intent { act=com.google.android.gms.common.BIND_SHARED_PREFS pkg=com.google.android.gms }
03-13 17:49:02.266 1598 1598 D BoundBrokerSvc: Loading bound service for intent: Intent { act=com.google.android.gms.common.BIND_SHARED_PREFS pkg=com.google.android.gms }
03-13 17:49:02.268 1598 1598 D BoundBrokerSvc: onUnbind: Intent { act=com.google.android.gms.common.BIND_SHARED_PREFS pkg=com.google.android.gms }
03-13 17:49:02.281 5323 5323 I Finsky : [1] ogw.i(-1): PackageMonitorReceiverImpl - Received: android.intent.action.PACKAGE_ADDED, [y8PvXzeGtzuG5tvvKK7l57zlRFRIkaFsONC1GsGEl-Y]
03-13 17:49:02.281 5323 5323 I Finsky : [1] ohm.n(-1): Invalidating cached PackageState for org.qtproject.example.coffee
03-13 17:49:02.301 5323 5359 I Finsky : [252] exg.a(11): AIM: AppInfoManager-Perf > ItemModel > CacheSize=25, cacheHitCount=0, cacheMissCount=0, total appsWithNoServerDataCount=24. Missed in cache (limit 10) : []
03-13 17:49:02.309 5323 23718 I Finsky : [540] iwn.run(17): Wrote row to frosting DB: 978
03-13 17:49:02.331 5323 5359 I Finsky : [252] evk.accept(32): AIM: AppInfoManager-Perf > getApps > data collection finished
03-13 17:49:02.345 1598 9370 I Icing : IndexChimeraService.getServiceInterface callingPackage=com.google.android.gms componentName=AppsCorpus serviceId=36
03-13 17:49:02.368 1598 1598 D BoundBrokerSvc: onBind: Intent { act=com.google.android.gms.feedback.internal.IFeedbackService dat=chimera-action:com.google.android.gms.feedback.internal.IFeedbackService cmp=com.google.android.gms/.chimera.GmsBoundBrokerService }
03-13 17:49:02.368 1598 1598 D BoundBrokerSvc: Loading bound service for intent: Intent { act=com.google.android.gms.feedback.internal.IFeedbackService dat=chimera-action:com.google.android.gms.feedback.internal.IFeedbackService cmp=com.google.android.gms/.chimera.GmsBoundBrokerService }
03-13 17:49:02.369 5323 5349 I Finsky : [242] exk.a(5): AIM: AppInfoManager-Perf > OnDeviceAppInfo > cacheHitCount=0, cacheMissCount=1. Missed in cache (limit 10) : [org.qtproject.example.coffee]
03-13 17:49:02.370 1598 1767 I GmsCoreXrpcWrapper: Returning a channel provider with trafficStatsTag=12803 trafficStatsUid=-1
03-13 17:49:02.372 5323 23718 I Finsky : [540] iwn.run(17): Wrote row to frosting DB: 979
03-13 17:49:02.376 5323 5354 I Finsky : [247] qqh.accept(68): SCH: Scheduling phonesky job Id: 12-1, CT: 1647182942197, Constraints: [{ L: 15000, D: 86400000, C: 1, I: 1, N: 1 }]
03-13 17:49:02.380 5323 5355 I Finsky : [248] exk.a(5): AIM: AppInfoManager-Perf > OnDeviceAppInfo > cacheHitCount=1, cacheMissCount=0. Missed in cache (limit 10) : []
03-13 17:49:02.403 1642 23714 I FontLog : Package org.qtproject.example.coffee has no metadata [CONTEXT service_id=132 ]
03-13 17:49:02.461 1598 9370 I Icing : IndexChimeraService.getServiceInterface callingPackage=com.google.android.gms componentName=null serviceId=30
03-13 17:49:02.466 5323 5354 I Finsky : [247] qqa.apply(78): SCH: Scheduling 1 system job(s)
03-13 17:49:02.469 5323 5354 I Finsky : [247] qqa.apply(84): SCH: Scheduling system job Id: 9332, L: 14728, D: 48534612, C: false, I: false, N: 1
03-13 17:49:02.470 1598 1767 I Icing : Usage reports ok 0, Failed Usage reports 0, indexed 0, rejected 0
03-13 17:49:02.499 5323 5349 I Finsky : [242] exg.a(11): AIM: AppInfoManager-Perf > ItemModel > CacheSize=25, cacheHitCount=0, cacheMissCount=0, total appsWithNoServerDataCount=24. Missed in cache (limit 10) : []
03-13 17:49:02.501 5323 5355 I Finsky : [248] exg.a(11): AIM: AppInfoManager-Perf > ItemModel > CacheSize=25, cacheHitCount=0, cacheMissCount=0, total appsWithNoServerDataCount=24. Missed in cache (limit 10) : []
03-13 17:49:02.505 5323 5355 I Finsky : [248] evk.accept(32): AIM: AppInfoManager-Perf > getApps > data collection finished
03-13 17:49:02.509 1598 1767 I GmsCoreXrpcWrapper: Returning a channel provider with trafficStatsTag=12803 trafficStatsUid=-1
03-13 17:49:02.523 1598 1767 I Icing : Usage reports ok 0, Failed Usage reports 0, indexed 0, rejected 0
03-13 17:49:02.531 5323 5359 I Finsky : [252] vm.invoke(35): [ContentSync] finished, scheduled=true
03-13 17:49:02.532 5323 5359 I Finsky : [252] qqh.accept(68): SCH: Scheduling phonesky job Id: 12-1, CT: 1647182942331, Constraints: [{ L: 15000, D: 86400000, C: 1, I: 1, N: 1 }]
03-13 17:49:02.540 1598 1767 I Icing : Indexing com.google.android.gms-apps from com.google.android.gms
03-13 17:49:02.553 5323 5359 I Finsky : [252] qqa.apply(78): SCH: Scheduling 0 system job(s)
03-13 17:49:02.554 5323 5359 I Finsky : [252] vm.invoke(35): [ContentSync] finished, scheduled=true
03-13 17:49:02.562 1598 1767 I Icing : Indexing done com.google.android.gms-apps
03-13 17:49:02.564 1598 1767 I Icing : Indexing com.google.android.gms-apps from com.google.android.gms
03-13 17:49:02.565 1598 1767 I Icing : Indexing done com.google.android.gms-apps
03-13 17:49:05.225 862 1013 D ConnectivityService: notifyType CAP_CHANGED for NetworkAgentInfo [WIFI () - 107]
03-13 17:49:07.006 23782 23782 D AndroidRuntime: >>>>>> START com.android.internal.os.RuntimeInit uid 2000 <<<<<<
03-13 17:49:07.010 23782 23782 D AndroidRuntime: CheckJNI is OFF
03-13 17:49:07.047 23782 23782 D ICU : No timezone override file found: /data/misc/zoneinfo/current/icu/icu_tzdata.dat
03-13 17:49:07.083 23782 23782 I Radio-JNI: register_android_hardware_Radio DONE
03-13 17:49:07.101 23782 23782 D AndroidRuntime: Calling main entry com.android.commands.am.Am
03-13 17:49:07.103 862 1091 I ActivityManager: Force stopping org.qtproject.example.coffee appid=10098 user=0: from pid 23782
03-13 17:49:07.104 23782 23782 D AndroidRuntime: Shutting down VM
03-13 17:49:08.191 23807 23807 D AndroidRuntime: >>>>>> START com.android.internal.os.RuntimeInit uid 2000 <<<<<<
03-13 17:49:08.196 23807 23807 D AndroidRuntime: CheckJNI is OFF
03-13 17:49:08.233 23807 23807 D ICU : No timezone override file found: /data/misc/zoneinfo/current/icu/icu_tzdata.dat
03-13 17:49:08.243 862 1013 D ConnectivityService: notifyType CAP_CHANGED for NetworkAgentInfo [WIFI () - 107]
03-13 17:49:08.296 23807 23807 I Radio-JNI: register_android_hardware_Radio DONE
03-13 17:49:08.321 23807 23807 D AndroidRuntime: Calling main entry com.android.commands.am.Am
03-13 17:49:08.324 862 7941 I ActivityManager: START u0 {flg=0x10000000 cmp=org.qtproject.example.coffee/org.qtproject.qt.android.bindings.QtActivity} from uid 2000 on display 0
03-13 17:49:08.338 23807 23807 D AndroidRuntime: Shutting down VM
03-13 17:49:08.349 23824 23824 I art : Late-enabling -Xcheck:jni
03-13 17:49:08.359 862 877 I ActivityManager: Start proc 23824:org.qtproject.example.coffee/u0a98 for activity org.qtproject.example.coffee/org.qtproject.qt.android.bindings.QtActivity
03-13 17:49:08.417 23824 23824 W System : ClassLoader referenced unknown path:
03-13 17:49:08.438 1846 23455 I PBSessionCacheImpl: Deleted sessionId[8120440988497537] from persistence.
03-13 17:49:08.448 1846 2024 W SearchServiceCore: Abort, client detached.
03-13 17:49:08.449 1846 2024 I MicroDetectionState: Should stop hotword detection immediately - true
03-13 17:49:08.451 1846 2024 I MicroDetectionState: Should stop hotword detection immediately - true
03-13 17:49:08.475 23824 23837 I QtCore : Start
03-13 17:49:08.569 23824 23837 I Qt : qt started
03-13 17:49:08.599 1022 1022 W Binder_4: type=1400 audit(0.0:2131): avc: denied { ioctl } for path="socket:[152071]" dev="sockfs" ino=152071 ioctlcmd=7704 scontext=u:r:surfaceflinger:s0 tcontext=u:r:surfaceflinger:s0 tclass=unix_stream_socket permissive=0
03-13 17:49:08.599 1022 1022 W Binder_4: type=1400 audit(0.0:2132): avc: denied { ioctl } for path="socket:[152071]" dev="sockfs" ino=152071 ioctlcmd=7704 scontext=u:r:surfaceflinger:s0 tcontext=u:r:surfaceflinger:s0 tclass=unix_stream_socket permissive=0
03-13 17:49:08.608 23824 23838 D OpenGLRenderer: Use EGL_SWAP_BEHAVIOR_PRESERVED: true
03-13 17:49:08.599 1022 1022 W Binder_4: type=1400 audit(0.0:2133): avc: denied { ioctl } for path="socket:[153746]" dev="sockfs" ino=153746 ioctlcmd=7704 scontext=u:r:surfaceflinger:s0 tcontext=u:r:surfaceflinger:s0 tclass=unix_stream_socket permissive=0
03-13 17:49:08.599 1022 1022 W Binder_4: type=1400 audit(0.0:2134): avc: denied { ioctl } for path="socket:[153746]" dev="sockfs" ino=153746 ioctlcmd=7704 scontext=u:r:surfaceflinger:s0 tcontext=u:r:surfaceflinger:s0 tclass=unix_stream_socket permissive=0
03-13 17:49:08.619 1449 1449 W Binder_B: type=1400 audit(0.0:2135): avc: denied { ioctl } for path="socket:[153752]" dev="sockfs" ino=153752 ioctlcmd=7704 scontext=u:r:system_server:s0 tcontext=u:r:system_server:s0 tclass=unix_stream_socket permissive=0
03-13 17:49:08.619 1449 1449 W Binder_B: type=1400 audit(0.0:2136): avc: denied { ioctl } for path="socket:[153752]" dev="sockfs" ino=153752 ioctlcmd=7704 scontext=u:r:system_server:s0 tcontext=u:r:system_server:s0 tclass=unix_stream_socket permissive=0
03-13 17:49:08.648 23824 23838 I Adreno-EGL: : QUALCOMM Build: 10/21/15, 369a2ea, I96aee987eb
03-13 17:49:08.652 23824 23838 I OpenGLRenderer: Initialized EGL, version 1.4
03-13 17:49:08.709 1354 1354 W Binder_5: type=1400 audit(0.0:2137): avc: denied { ioctl } for path="socket:[152074]" dev="sockfs" ino=152074 ioctlcmd=7704 scontext=u:r:system_server:s0 tcontext=u:r:system_server:s0 tclass=unix_stream_socket permissive=0
03-13 17:49:08.709 1354 1354 W Binder_5: type=1400 audit(0.0:2138): avc: denied { ioctl } for path="socket:[152074]" dev="sockfs" ino=152074 ioctlcmd=7704 scontext=u:r:system_server:s0 tcontext=u:r:system_server:s0 tclass=unix_stream_socket permissive=0
03-13 17:49:08.709 1435 1435 W Binder_7: type=1400 audit(0.0:2139): avc: denied { ioctl } for path="socket:[152073]" dev="sockfs" ino=152073 ioctlcmd=7704 scontext=u:r:system_server:s0 tcontext=u:r:system_server:s0 tclass=unix_stream_socket permissive=0
03-13 17:49:08.709 1435 1435 W Binder_7: type=1400 audit(0.0:2140): avc: denied { ioctl } for path="socket:[152073]" dev="sockfs" ino=152073 ioctlcmd=7704 scontext=u:r:system_server:s0 tcontext=u:r:system_server:s0 tclass=unix_stream_socket permissive=0
03-13 17:49:08.743 1331 1331 I Keyboard.Facilitator: onFinishInput()
03-13 17:49:08.786 862 904 I ActivityManager: Displayed org.qtproject.example.coffee/org.qtproject.qt.android.bindings.QtActivity: +450ms
03-13 17:49:09.420 23824 23868 W libcoffee_armeabi-v7a.so: Failed to link shader program: --From Vertex Shader:
03-13 17:49:09.420 23824 23868 W libcoffee_armeabi-v7a.so: --From Fragment Shader:
03-13 17:49:09.420 23824 23868 W libcoffee_armeabi-v7a.so:
03-13 17:49:09.420 23824 23868 W libcoffee_armeabi-v7a.so: Failed to build graphics pipeline state
03-13 17:49:09.421 23824 23868 W libcoffee_armeabi-v7a.so: Failed to link shader program: --From Vertex Shader:
03-13 17:49:09.421 23824 23868 W libcoffee_armeabi-v7a.so: --From Fragment Shader:
03-13 17:49:09.421 23824 23868 W libcoffee_armeabi-v7a.so:
03-13 17:49:09.421 23824 23868 W libcoffee_armeabi-v7a.so: Failed to build graphics pipeline state
03-13 17:49:09.422 23824 23868 W libcoffee_armeabi-v7a.so: Failed to link shader program: --From Vertex Shader:
03-13 17:49:09.422 23824 23868 W libcoffee_armeabi-v7a.so: --From Fragment Shader:
03-13 17:49:09.422 23824 23868 W libcoffee_armeabi-v7a.so:
03-13 17:49:09.422 23824 23868 W libcoffee_armeabi-v7a.so: Failed to build graphics pipeline state
03-13 17:49:09.424 23824 23868 W libcoffee_armeabi-v7a.so: Failed to link shader program: --From Vertex Shader:
03-13 17:49:09.424 23824 23868 W libcoffee_armeabi-v7a.so: --From Fragment Shader:
03-13 17:49:09.424 23824 23868 W libcoffee_armeabi-v7a.so:
03-13 17:49:09.424 23824 23868 W libcoffee_armeabi-v7a.so: Failed to build graphics pipeline state
03-13 17:49:09.426 23824 23868 W libcoffee_armeabi-v7a.so: Failed to link shader program: --From Vertex Shader:
03-13 17:49:09.426 23824 23868 W libcoffee_armeabi-v7a.so: --From Fragment Shader:
03-13 17:49:09.426 23824 23868 W libcoffee_armeabi-v7a.so:
03-13 17:49:09.426 23824 23868 W libcoffee_armeabi-v7a.so: Failed to build graphics pipeline state
03-13 17:49:09.452 23824 23868 W libcoffee_armeabi-v7a.so: Failed to link shader program: --From Vertex Shader:
03-13 17:49:09.452 23824 23868 W libcoffee_armeabi-v7a.so: --From Fragment Shader:
03-13 17:49:09.452 23824 23868 W libcoffee_armeabi-v7a.so:
03-13 17:49:09.453 23824 23868 W libcoffee_armeabi-v7a.so: Failed to build graphics pipeline state
03-13 17:49:09.455 23824 23868 W libcoffee_armeabi-v7a.so: Failed to link shader program: --From Vertex Shader:
03-13 17:49:09.455 23824 23868 W libcoffee_armeabi-v7a.so: --From Fragment Shader:
03-13 17:49:09.455 23824 23868 W libcoffee_armeabi-v7a.so:
03-13 17:49:09.455 23824 23868 W libcoffee_armeabi-v7a.so: Failed to build graphics pipeline state
03-13 17:49:09.456 23824 23868 W libcoffee_armeabi-v7a.so: Failed to link shader program: --From Vertex Shader:
03-13 17:49:09.456 23824 23868 W libcoffee_armeabi-v7a.so: --From Fragment Shader:
03-13 17:49:09.456 23824 23868 W libcoffee_armeabi-v7a.so:
03-13 17:49:09.456 23824 23868 W libcoffee_armeabi-v7a.so: Failed to build graphics pipeline state
03-13 17:49:09.458 23824 23868 W libcoffee_armeabi-v7a.so: Failed to link shader program: --From Vertex Shader:
03-13 17:49:09.458 23824 23868 W libcoffee_armeabi-v7a.so: --From Fragment Shader:
03-13 17:49:09.458 23824 23868 W libcoffee_armeabi-v7a.so:
03-13 17:49:09.458 23824 23868 W libcoffee_armeabi-v7a.so: Failed to build graphics pipeline state
03-13 17:49:09.459 23824 23868 W libcoffee_armeabi-v7a.so: Failed to link shader program: --From Vertex Shader:
03-13 17:49:09.459 23824 23868 W libcoffee_armeabi-v7a.so: --From Fragment Shader:
03-13 17:49:09.459 23824 23868 W libcoffee_armeabi-v7a.so:
03-13 17:49:09.459 23824 23868 W libcoffee_armeabi-v7a.so: Failed to build graphics pipeline state
03-13 17:49:09.460 23824 23868 W libcoffee_armeabi-v7a.so: Failed to link shader program: --From Vertex Shader:
03-13 17:49:09.460 23824 23868 W libcoffee_armeabi-v7a.so: --From Fragment Shader:
03-13 17:49:09.460 23824 23868 W libcoffee_armeabi-v7a.so:
03-13 17:49:09.460 23824 23868 W libcoffee_armeabi-v7a.so: Failed to build graphics pipeline state
03-13 17:49:09.462 23824 23868 W libcoffee_armeabi-v7a.so: Failed to link shader program: --From Vertex Shader:
03-13 17:49:09.462 23824 23868 W libcoffee_armeabi-v7a.so: --From Fragment Shader:
03-13 17:49:09.462 23824 23868 W libcoffee_armeabi-v7a.so:
03-13 17:49:09.462 23824 23868 W libcoffee_armeabi-v7a.so: Failed to build graphics pipeline state
03-13 17:49:09.464 23824 23868 W libcoffee_armeabi-v7a.so: Failed to link shader program: --From Vertex Shader:
03-13 17:49:09.464 23824 23868 W libcoffee_armeabi-v7a.so: --From Fragment Shader:
03-13 17:49:09.464 23824 23868 W libcoffee_armeabi-v7a.so:
03-13 17:49:09.464 23824 23868 W libcoffee_armeabi-v7a.so: Failed to build graphics pipeline state
03-13 17:49:09.466 23824 23868 W libcoffee_armeabi-v7a.so: Failed to link shader program: --From Vertex Shader:
03-13 17:49:09.466 23824 23868 W libcoffee_armeabi-v7a.so: --From Fragment Shader:
03-13 17:49:09.466 23824 23868 W libcoffee_armeabi-v7a.so:
03-13 17:49:09.466 23824 23868 W libcoffee_armeabi-v7a.so: Failed to build graphics pipeline state
03-13 17:49:09.467 23824 23868 W libcoffee_armeabi-v7a.so: Failed to link shader program: --From Vertex Shader:
03-13 17:49:09.467 23824 23868 W libcoffee_armeabi-v7a.so: --From Fragment Shader:
03-13 17:49:09.467 23824 23868 W libcoffee_armeabi-v7a.so:
03-13 17:49:09.467 23824 23868 W libcoffee_armeabi-v7a.so: Failed to build graphics pipeline state
03-13 17:49:09.469 23824 23868 W libcoffee_armeabi-v7a.so: Failed to link shader program: --From Vertex Shader:
03-13 17:49:09.469 23824 23868 W libcoffee_armeabi-v7a.so: --From Fragment Shader:
03-13 17:49:09.469 23824 23868 W libcoffee_armeabi-v7a.so:
03-13 17:49:09.469 23824 23868 W libcoffee_armeabi-v7a.so: Failed to build graphics pipeline state
03-13 17:49:09.470 23824 23868 W libcoffee_armeabi-v7a.so: Failed to link shader program: --From Vertex Shader:
03-13 17:49:09.470 23824 23868 W libcoffee_armeabi-v7a.so: --From Fragment Shader:
03-13 17:49:09.470 23824 23868 W libcoffee_armeabi-v7a.so:
03-13 17:49:09.470 23824 23868 W libcoffee_armeabi-v7a.so: Failed to build graphics pipeline state
03-13 17:49:09.471 23824 23868 W libcoffee_armeabi-v7a.so: Failed to link shader program: --From Vertex Shader:
03-13 17:49:09.471 23824 23868 W libcoffee_armeabi-v7a.so: --From Fragment Shader:
03-13 17:49:09.471 23824 23868 W libcoffee_armeabi-v7a.so:
03-13 17:49:09.471 23824 23868 W libcoffee_armeabi-v7a.so: Failed to build graphics pipeline state
03-13 17:49:09.473 23824 23868 W libcoffee_armeabi-v7a.so: Failed to link shader program: --From Vertex Shader:
03-13 17:49:09.473 23824 23868 W libcoffee_armeabi-v7a.so: --From Fragment Shader:
03-13 17:49:09.473 23824 23868 W libcoffee_armeabi-v7a.so:
03-13 17:49:09.473 23824 23868 W libcoffee_armeabi-v7a.so: Failed to build graphics pipeline state
03-13 17:49:09.475 23824 23868 W libcoffee_armeabi-v7a.so: Failed to link shader program: --From Vertex Shader:
03-13 17:49:09.475 23824 23868 W libcoffee_armeabi-v7a.so: --From Fragment Shader:
03-13 17:49:09.475 23824 23868 W libcoffee_armeabi-v7a.so:
03-13 17:49:09.475 23824 23868 W libcoffee_armeabi-v7a.so: Failed to build graphics pipeline state
03-13 17:49:09.525 23824 23868 W libcoffee_armeabi-v7a.so: Failed to link shader program: --From Vertex Shader:
03-13 17:49:09.525 23824 23868 W libcoffee_armeabi-v7a.so: --From Fragment Shader:
03-13 17:49:09.525 23824 23868 W libcoffee_armeabi-v7a.so:
03-13 17:49:09.525 23824 23868 W libcoffee_armeabi-v7a.so: Failed to build graphics pipeline state
03-13 17:49:09.526 23824 23868 W libcoffee_armeabi-v7a.so: Failed to link shader program: --From Vertex Shader:
03-13 17:49:09.526 23824 23868 W libcoffee_armeabi-v7a.so: --From Fragment Shader:
03-13 17:49:09.526 23824 23868 W libcoffee_armeabi-v7a.so:
03-13 17:49:09.526 23824 23868 W libcoffee_armeabi-v7a.so: Failed to build graphics pipeline state
03-13 17:49:09.527 23824 23868 W libcoffee_armeabi-v7a.so: Failed to link shader program: --From Vertex Shader:
03-13 17:49:09.527 23824 23868 W libcoffee_armeabi-v7a.so: --From Fragment Shader:
03-13 17:49:09.527 23824 23868 W libcoffee_armeabi-v7a.so:
03-13 17:49:09.527 23824 23868 W libcoffee_armeabi-v7a.so: Failed to build graphics pipeline state
03-13 17:49:09.528 23824 23868 W libcoffee_armeabi-v7a.so: Failed to link shader program: --From Vertex Shader:
03-13 17:49:09.528 23824 23868 W libcoffee_armeabi-v7a.so: --From Fragment Shader:
03-13 17:49:09.528 23824 23868 W libcoffee_armeabi-v7a.so:
03-13 17:49:09.528 23824 23868 W libcoffee_armeabi-v7a.so: Failed to build graphics pipeline state
03-13 17:49:09.530 23824 23868 W libcoffee_armeabi-v7a.so: Failed to link shader program: --From Vertex Shader:
03-13 17:49:09.530 23824 23868 W libcoffee_armeabi-v7a.so: --From Fragment Shader:
03-13 17:49:09.530 23824 23868 W libcoffee_armeabi-v7a.so:
03-13 17:49:09.530 23824 23868 W libcoffee_armeabi-v7a.so: Failed to build graphics pipeline state
03-13 17:49:09.531 23824 23868 W libcoffee_armeabi-v7a.so: Failed to link shader program: --From Vertex Shader:
03-13 17:49:09.531 23824 23868 W libcoffee_armeabi-v7a.so: --From Fragment Shader:
03-13 17:49:09.531 23824 23868 W libcoffee_armeabi-v7a.so:
03-13 17:49:09.531 23824 23868 W libcoffee_armeabi-v7a.so: Failed to build graphics pipeline state
03-13 17:49:09.532 23824 23868 W libcoffee_armeabi-v7a.so: Failed to link shader program: --From Vertex Shader:
03-13 17:49:09.532 23824 23868 W libcoffee_armeabi-v7a.so: --From Fragment Shader:
03-13 17:49:09.532 23824 23868 W libcoffee_armeabi-v7a.so:
03-13 17:49:09.532 23824 23868 W libcoffee_armeabi-v7a.so: Failed to build graphics pipeline state
03-13 17:49:09.535 23824 23868 W libcoffee_armeabi-v7a.so: Failed to link shader program: --From Vertex Shader:
03-13 17:49:09.535 23824 23868 W libcoffee_armeabi-v7a.so: --From Fragment Shader:
03-13 17:49:09.535 23824 23868 W libcoffee_armeabi-v7a.so:
03-13 17:49:09.535 23824 23868 W libcoffee_armeabi-v7a.so: Failed to build graphics pipeline state
03-13 17:49:09.540 23824 23868 W libcoffee_armeabi-v7a.so: Failed to link shader program: --From Vertex Shader:
03-13 17:49:09.540 23824 23868 W libcoffee_armeabi-v7a.so: --From Fragment Shader:
03-13 17:49:09.540 23824 23868 W libcoffee_armeabi-v7a.so:
03-13 17:49:09.540 23824 23868 W libcoffee_armeabi-v7a.so: Failed to build graphics pipeline state
03-13 17:49:09.542 23824 23868 W libcoffee_armeabi-v7a.so: Failed to link shader program: --From Vertex Shader:
03-13 17:49:09.542 23824 23868 W libcoffee_armeabi-v7a.so: --From Fragment Shader:
03-13 17:49:09.542 23824 23868 W libcoffee_armeabi-v7a.so:
03-13 17:49:09.542 23824 23868 W libcoffee_armeabi-v7a.so: Failed to build graphics pipeline state
03-13 17:49:09.543 23824 23868 W libcoffee_armeabi-v7a.so: Failed to link shader program: --From Vertex Shader:
03-13 17:49:09.543 23824 23868 W libcoffee_armeabi-v7a.so: --From Fragment Shader:
03-13 17:49:09.543 23824 23868 W libcoffee_armeabi-v7a.so:
03-13 17:49:09.543 23824 23868 W libcoffee_armeabi-v7a.so: Failed to build graphics pipeline state
03-13 17:49:09.545 23824 23868 W libcoffee_armeabi-v7a.so: Failed to link shader program: --From Vertex Shader:
03-13 17:49:09.545 23824 23868 W libcoffee_armeabi-v7a.so: --From Fragment Shader:
03-13 17:49:09.545 23824 23868 W libcoffee_armeabi-v7a.so:
03-13 17:49:09.545 23824 23868 W libcoffee_armeabi-v7a.so: Failed to build graphics pipeline state
03-13 17:49:09.546 23824 23868 W libcoffee_armeabi-v7a.so: Failed to link shader program: --From Vertex Shader:
03-13 17:49:09.546 23824 23868 W libcoffee_armeabi-v7a.so: --From Fragment Shader:
03-13 17:49:09.546 23824 23868 W libcoffee_armeabi-v7a.so:
03-13 17:49:09.546 23824 23868 W libcoffee_armeabi-v7a.so: Failed to build graphics pipeline state
03-13 17:49:09.547 23824 23868 W libcoffee_armeabi-v7a.so: Failed to link shader program: --From Vertex Shader:
03-13 17:49:09.547 23824 23868 W libcoffee_armeabi-v7a.so: --From Fragment Shader:
03-13 17:49:09.547 23824 23868 W libcoffee_armeabi-v7a.so:
03-13 17:49:09.547 23824 23868 W libcoffee_armeabi-v7a.so: Failed to build graphics pipeline state
03-13 17:49:09.549 23824 23868 W libcoffee_armeabi-v7a.so: Failed to link shader program: --From Vertex Shader:
03-13 17:49:09.549 23824 23868 W libcoffee_armeabi-v7a.so: --From Fragment Shader:
03-13 17:49:09.549 23824 23868 W libcoffee_armeabi-v7a.so:
03-13 17:49:09.549 23824 23868 W libcoffee_armeabi-v7a.so: Failed to build graphics pipeline state
03-13 17:49:09.550 23824 23868 W libcoffee_armeabi-v7a.so: Failed to link shader program: --From Vertex Shader:
03-13 17:49:09.550 23824 23868 W libcoffee_armeabi-v7a.so: --From Fragment Shader:
03-13 17:49:09.550 23824 23868 W libcoffee_armeabi-v7a.so:
03-13 17:49:09.550 23824 23868 W libcoffee_armeabi-v7a.so: Failed to build graphics pipeline state
03-13 17:49:09.552 23824 23868 W libcoffee_armeabi-v7a.so: Failed to link shader program: --From Vertex Shader:
03-13 17:49:09.552 23824 23868 W libcoffee_armeabi-v7a.so: --From Fragment Shader:
03-13 17:49:09.552 23824 23868 W libcoffee_armeabi-v7a.so:
03-13 17:49:09.552 23824 23868 W libcoffee_armeabi-v7a.so: Failed to build graphics pipeline state
03-13 17:49:09.553 23824 23868 W libcoffee_armeabi-v7a.so: Failed to link shader program: --From Vertex Shader:
03-13 17:49:09.553 23824 23868 W libcoffee_armeabi-v7a.so: --From Fragment Shader:
03-13 17:49:09.553 23824 23868 W libcoffee_armeabi-v7a.so:
03-13 17:49:09.553 23824 23868 W libcoffee_armeabi-v7a.so: Failed to build graphics pipeline state
03-13 17:49:09.554 23824 23868 W libcoffee_armeabi-v7a.so: Failed to link shader program: --From Vertex Shader:
03-13 17:49:09.554 23824 23868 W libcoffee_armeabi-v7a.so: --From Fragment Shader:
03-13 17:49:09.554 23824 23868 W libcoffee_armeabi-v7a.so:
03-13 17:49:09.554 23824 23868 W libcoffee_armeabi-v7a.so: Failed to build graphics pipeline state
03-13 17:49:09.556 23824 23868 W libcoffee_armeabi-v7a.so: Failed to link shader program: --From Vertex Shader:
03-13 17:49:09.556 23824 23868 W libcoffee_armeabi-v7a.so: --From Fragment Shader:
03-13 17:49:09.556 23824 23868 W libcoffee_armeabi-v7a.so:
03-13 17:49:09.556 23824 23868 W libcoffee_armeabi-v7a.so: Failed to build graphics pipeline state
03-13 17:49:09.563 23824 23868 W libcoffee_armeabi-v7a.so: Failed to link shader program: --From Vertex Shader:
03-13 17:49:09.563 23824 23868 W libcoffee_armeabi-v7a.so: --From Fragment Shader:
03-13 17:49:09.563 23824 23868 W libcoffee_armeabi-v7a.so:
03-13 17:49:09.563 23824 23868 W libcoffee_armeabi-v7a.so: Failed to build graphics pipeline state
03-13 17:49:09.564 23824 23868 W libcoffee_armeabi-v7a.so: Failed to link shader program: --From Vertex Shader:
03-13 17:49:09.564 23824 23868 W libcoffee_armeabi-v7a.so: --From Fragment Shader:
03-13 17:49:09.564 23824 23868 W libcoffee_armeabi-v7a.so:
03-13 17:49:09.564 23824 23868 W libcoffee_armeabi-v7a.so: Failed to build graphics pipeline state
03-13 17:49:09.566 23824 23868 W libcoffee_armeabi-v7a.so: Failed to link shader program: --From Vertex Shader:
03-13 17:49:09.566 23824 23868 W libcoffee_armeabi-v7a.so: --From Fragment Shader:
03-13 17:49:09.566 23824 23868 W libcoffee_armeabi-v7a.so:
03-13 17:49:09.566 23824 23868 W libcoffee_armeabi-v7a.so: Failed to build graphics pipeline state
03-13 17:49:09.567 23824 23868 W libcoffee_armeabi-v7a.so: Failed to link shader program: --From Vertex Shader:
03-13 17:49:09.567 23824 23868 W libcoffee_armeabi-v7a.so: --From Fragment Shader:
03-13 17:49:09.567 23824 23868 W libcoffee_armeabi-v7a.so:
03-13 17:49:09.567 23824 23868 W libcoffee_armeabi-v7a.so: Failed to build graphics pipeline state
03-13 17:49:09.569 23824 23868 W libcoffee_armeabi-v7a.so: Failed to link shader program: --From Vertex Shader:
03-13 17:49:09.569 23824 23868 W libcoffee_armeabi-v7a.so: --From Fragment Shader:
03-13 17:49:09.569 23824 23868 W libcoffee_armeabi-v7a.so:
03-13 17:49:09.569 23824 23868 W libcoffee_armeabi-v7a.so: Failed to build graphics pipeline state
03-13 17:49:09.571 23824 23868 W libcoffee_armeabi-v7a.so: Failed to link shader program: --From Vertex Shader:
03-13 17:49:09.571 23824 23868 W libcoffee_armeabi-v7a.so: --From Fragment Shader:
03-13 17:49:09.571 23824 23868 W libcoffee_armeabi-v7a.so:
03-13 17:49:09.571 23824 23868 W libcoffee_armeabi-v7a.so: Failed to build graphics pipeline state
03-13 17:49:09.572 23824 23868 W libcoffee_armeabi-v7a.so: Failed to link shader program: --From Vertex Shader:
03-13 17:49:09.572 23824 23868 W libcoffee_armeabi-v7a.so: --From Fragment Shader:
03-13 17:49:09.572 23824 23868 W libcoffee_armeabi-v7a.so:
03-13 17:49:09.572 23824 23868 W libcoffee_armeabi-v7a.so: Failed to build graphics pipeline state
03-13 17:49:09.574 23824 23868 W libcoffee_armeabi-v7a.so: Failed to link shader program: --From Vertex Shader:
03-13 17:49:09.574 23824 23868 W libcoffee_armeabi-v7a.so: --From Fragment Shader:
03-13 17:49:09.574 23824 23868 W libcoffee_armeabi-v7a.so:
03-13 17:49:09.574 23824 23868 W libcoffee_armeabi-v7a.so: Failed to build graphics pipeline state
03-13 17:49:09.575 23824 23868 W libcoffee_armeabi-v7a.so: Failed to link shader program: --From Vertex Shader:
03-13 17:49:09.575 23824 23868 W libcoffee_armeabi-v7a.so: --From Fragment Shader:
03-13 17:49:09.575 23824 23868 W libcoffee_armeabi-v7a.so:
03-13 17:49:09.575 23824 23868 W libcoffee_armeabi-v7a.so: Failed to build graphics pipeline state
03-13 17:49:09.577 23824 23868 W libcoffee_armeabi-v7a.so: Failed to link shader program: --From Vertex Shader:
03-13 17:49:09.577 23824 23868 W libcoffee_armeabi-v7a.so: --From Fragment Shader:
03-13 17:49:09.577 23824 23868 W libcoffee_armeabi-v7a.so:
03-13 17:49:09.577 23824 23868 W libcoffee_armeabi-v7a.so: Failed to build graphics pipeline state
03-13 17:49:09.578 23824 23868 W libcoffee_armeabi-v7a.so: Failed to link shader program: --From Vertex Shader:
03-13 17:49:09.578 23824 23868 W libcoffee_armeabi-v7a.so: --From Fragment Shader:
03-13 17:49:09.578 23824 23868 W libcoffee_armeabi-v7a.so:
03-13 17:49:09.578 23824 23868 W libcoffee_armeabi-v7a.so: Failed to build graphics pipeline state
03-13 17:49:09.580 23824 23868 W libcoffee_armeabi-v7a.so: Failed to link shader program: --From Vertex Shader:
03-13 17:49:09.580 23824 23868 W libcoffee_armeabi-v7a.so: --From Fragment Shader:
03-13 17:49:09.580 23824 23868 W libcoffee_armeabi-v7a.so:
03-13 17:49:09.580 23824 23868 W libcoffee_armeabi-v7a.so: Failed to build graphics pipeline state
03-13 17:49:09.581 23824 23868 W libcoffee_armeabi-v7a.so: Failed to link shader program: --From Vertex Shader:
03-13 17:49:09.581 23824 23868 W libcoffee_armeabi-v7a.so: --From Fragment Shader:
03-13 17:49:09.581 23824 23868 W libcoffee_armeabi-v7a.so:
03-13 17:49:09.581 23824 23868 W libcoffee_armeabi-v7a.so: Failed to build graphics pipeline state
03-13 17:49:09.582 23824 23868 W libcoffee_armeabi-v7a.so: Failed to link shader program: --From Vertex Shader:
03-13 17:49:09.582 23824 23868 W libcoffee_armeabi-v7a.so: --From Fragment Shader:
03-13 17:49:09.582 23824 23868 W libcoffee_armeabi-v7a.so:
03-13 17:49:09.582 23824 23868 W libcoffee_armeabi-v7a.so: Failed to build graphics pipeline state
03-13 17:49:09.584 23824 23868 W libcoffee_armeabi-v7a.so: Failed to link shader program: --From Vertex Shader:
03-13 17:49:09.584 23824 23868 W libcoffee_armeabi-v7a.so: --From Fragment Shader:
03-13 17:49:09.584 23824 23868 W libcoffee_armeabi-v7a.so:
03-13 17:49:09.584 23824 23868 W libcoffee_armeabi-v7a.so: Failed to build graphics pipeline state
03-13 17:49:09.585 23824 23868 W libcoffee_armeabi-v7a.so: Failed to link shader program: --From Vertex Shader:
03-13 17:49:09.585 23824 23868 W libcoffee_armeabi-v7a.so: --From Fragment Shader:
03-13 17:49:09.585 23824 23868 W libcoffee_armeabi-v7a.so:
03-13 17:49:09.585 23824 23868 W libcoffee_armeabi-v7a.so: Failed to build graphics pipeline state
03-13 17:49:09.587 23824 23868 W libcoffee_armeabi-v7a.so: Failed to link shader program: --From Vertex Shader:
03-13 17:49:09.587 23824 23868 W libcoffee_armeabi-v7a.so: --From Fragment Shader:
03-13 17:49:09.587 23824 23868 W libcoffee_armeabi-v7a.so:
03-13 17:49:09.587 23824 23868 W libcoffee_armeabi-v7a.so: Failed to build graphics pipeline state
03-13 17:49:09.588 23824 23868 W libcoffee_armeabi-v7a.so: Failed to link shader program: --From Vertex Shader:
03-13 17:49:09.588 23824 23868 W libcoffee_armeabi-v7a.so: --From Fragment Shader:
03-13 17:49:09.588 23824 23868 W libcoffee_armeabi-v7a.so:
03-13 17:49:09.588 23824 23868 W libcoffee_armeabi-v7a.so: Failed to build graphics pipeline state
03-13 17:49:09.590 23824 23868 W libcoffee_armeabi-v7a.so: Failed to link shader program: --From Vertex Shader:
03-13 17:49:09.590 23824 23868 W libcoffee_armeabi-v7a.so: --From Fragment Shader:
03-13 17:49:09.590 23824 23868 W libcoffee_armeabi-v7a.so:
03-13 17:49:09.590 23824 23868 W libcoffee_armeabi-v7a.so: Failed to build graphics pipeline state
03-13 17:49:09.591 23824 23868 W libcoffee_armeabi-v7a.so: Failed to link shader program: --From Vertex Shader:
03-13 17:49:09.591 23824 23868 W libcoffee_armeabi-v7a.so: --From Fragment Shader:
03-13 17:49:09.591 23824 23868 W libcoffee_armeabi-v7a.so:
03-13 17:49:09.591 23824 23868 W libcoffee_armeabi-v7a.so: Failed to build graphics pipeline state
03-13 17:49:09.597 23824 23868 W libcoffee_armeabi-v7a.so: Failed to link shader program: --From Vertex Shader:
03-13 17:49:09.597 23824 23868 W libcoffee_armeabi-v7a.so: --From Fragment Shader:
03-13 17:49:09.597 23824 23868 W libcoffee_armeabi-v7a.so:
03-13 17:49:09.597 23824 23868 W libcoffee_armeabi-v7a.so: Failed to build graphics pipeline state
03-13 17:49:09.598 23824 23868 W libcoffee_armeabi-v7a.so: Failed to link shader program: --From Vertex Shader:
03-13 17:49:09.598 23824 23868 W libcoffee_armeabi-v7a.so: --From Fragment Shader:
03-13 17:49:09.598 23824 23868 W libcoffee_armeabi-v7a.so:
03-13 17:49:09.598 23824 23868 W libcoffee_armeabi-v7a.so: Failed to build graphics pipeline state
03-13 17:49:09.600 23824 23868 W libcoffee_armeabi-v7a.so: Failed to link shader program: --From Vertex Shader:
03-13 17:49:09.600 23824 23868 W libcoffee_armeabi-v7a.so: --From Fragment Shader:
03-13 17:49:09.600 23824 23868 W libcoffee_armeabi-v7a.so:
03-13 17:49:09.600 23824 23868 W libcoffee_armeabi-v7a.so: Failed to build graphics pipeline state
03-13 17:49:09.601 23824 23868 W libcoffee_armeabi-v7a.so: Failed to link shader program: --From Vertex Shader:
03-13 17:49:09.601 23824 23868 W libcoffee_armeabi-v7a.so: --From Fragment Shader:
03-13 17:49:09.601 23824 23868 W libcoffee_armeabi-v7a.so:
03-13 17:49:09.601 23824 23868 W libcoffee_armeabi-v7a.so: Failed to build graphics pipeline state
03-13 17:49:09.603 23824 23868 W libcoffee_armeabi-v7a.so: Failed to link shader program: --From Vertex Shader:
03-13 17:49:09.603 23824 23868 W libcoffee_armeabi-v7a.so: --From Fragment Shader:
03-13 17:49:09.603 23824 23868 W libcoffee_armeabi-v7a.so:
03-13 17:49:09.603 23824 23868 W libcoffee_armeabi-v7a.so: Failed to build graphics pipeline state
03-13 17:49:09.605 23824 23868 W libcoffee_armeabi-v7a.so: Failed to link shader program: --From Vertex Shader:
03-13 17:49:09.605 23824 23868 W libcoffee_armeabi-v7a.so: --From Fragment Shader:
03-13 17:49:09.605 23824 23868 W libcoffee_armeabi-v7a.so:
03-13 17:49:09.605 23824 23868 W libcoffee_armeabi-v7a.so: Failed to build graphics pipeline state
03-13 17:49:09.606 23824 23868 W libcoffee_armeabi-v7a.so: Failed to link shader program: --From Vertex Shader:
03-13 17:49:09.606 23824 23868 W libcoffee_armeabi-v7a.so: --From Fragment Shader:
03-13 17:49:09.606 23824 23868 W libcoffee_armeabi-v7a.so:
03-13 17:49:09.606 23824 23868 W libcoffee_armeabi-v7a.so: Failed to build graphics pipeline state
03-13 17:49:09.608 23824 23868 W libcoffee_armeabi-v7a.so: Failed to link shader program: --From Vertex Shader:
03-13 17:49:09.608 23824 23868 W libcoffee_armeabi-v7a.so: --From Fragment Shader:
03-13 17:49:09.608 23824 23868 W libcoffee_armeabi-v7a.so:
03-13 17:49:09.608 23824 23868 W libcoffee_armeabi-v7a.so: Failed to build graphics pipeline state
03-13 17:49:09.609 23824 23868 W libcoffee_armeabi-v7a.so: Failed to link shader program: --From Vertex Shader:
03-13 17:49:09.609 23824 23868 W libcoffee_armeabi-v7a.so: --From Fragment Shader:
03-13 17:49:09.609 23824 23868 W libcoffee_armeabi-v7a.so:
03-13 17:49:09.609 23824 23868 W libcoffee_armeabi-v7a.so: Failed to build graphics pipeline state
03-13 17:49:09.611 23824 23868 W libcoffee_armeabi-v7a.so: Failed to link shader program: --From Vertex Shader:
03-13 17:49:09.611 23824 23868 W libcoffee_armeabi-v7a.so: --From Fragment Shader:
03-13 17:49:09.611 23824 23868 W libcoffee_armeabi-v7a.so:
03-13 17:49:09.611 23824 23868 W libcoffee_armeabi-v7a.so: Failed to build graphics pipeline state
03-13 17:49:09.612 23824 23868 W libcoffee_armeabi-v7a.so: Failed to link shader program: --From Vertex Shader:
03-13 17:49:09.612 23824 23868 W libcoffee_armeabi-v7a.so: --From Fragment Shader:
03-13 17:49:09.612 23824 23868 W libcoffee_armeabi-v7a.so:
03-13 17:49:09.612 23824 23868 W libcoffee_armeabi-v7a.so: Failed to build graphics pipeline state
03-13 17:49:09.614 23824 23868 W libcoffee_armeabi-v7a.so: Failed to link shader program: --From Vertex Shader:
03-13 17:49:09.614 23824 23868 W libcoffee_armeabi-v7a.so: --From Fragment Shader:
03-13 17:49:09.614 23824 23868 W libcoffee_armeabi-v7a.so:
03-13 17:49:09.614 23824 23868 W libcoffee_armeabi-v7a.so: Failed to build graphics pipeline state
03-13 17:49:09.615 23824 23868 W libcoffee_armeabi-v7a.so: Failed to link shader program: --From Vertex Shader:
03-13 17:49:09.615 23824 23868 W libcoffee_armeabi-v7a.so: --From Fragment Shader:
03-13 17:49:09.615 23824 23868 W libcoffee_armeabi-v7a.so:
03-13 17:49:09.615 23824 23868 W libcoffee_armeabi-v7a.so: Failed to build graphics pipeline state
03-13 17:49:09.617 23824 23868 W libcoffee_armeabi-v7a.so: Failed to link shader program: --From Vertex Shader:
03-13 17:49:09.617 23824 23868 W libcoffee_armeabi-v7a.so: --From Fragment Shader:
03-13 17:49:09.617 23824 23868 W libcoffee_armeabi-v7a.so:
03-13 17:49:09.617 23824 23868 W libcoffee_armeabi-v7a.so: Failed to build graphics pipeline state
03-13 17:49:09.618 23824 23868 W libcoffee_armeabi-v7a.so: Failed to link shader program: --From Vertex Shader:
03-13 17:49:09.618 23824 23868 W libcoffee_armeabi-v7a.so: --From Fragment Shader:
03-13 17:49:09.618 23824 23868 W libcoffee_armeabi-v7a.so:
03-13 17:49:09.618 23824 23868 W libcoffee_armeabi-v7a.so: Failed to build graphics pipeline state
03-13 17:49:09.620 23824 23868 W libcoffee_armeabi-v7a.so: Failed to link shader program: --From Vertex Shader:
03-13 17:49:09.620 23824 23868 W libcoffee_armeabi-v7a.so: --From Fragment Shader:
03-13 17:49:09.620 23824 23868 W libcoffee_armeabi-v7a.so:
03-13 17:49:09.620 23824 23868 W libcoffee_armeabi-v7a.so: Failed to build graphics pipeline state
03-13 17:49:09.621 23824 23868 W libcoffee_armeabi-v7a.so: Failed to link shader program: --From Vertex Shader:
03-13 17:49:09.621 23824 23868 W libcoffee_armeabi-v7a.so: --From Fragment Shader:
03-13 17:49:09.621 23824 23868 W libcoffee_armeabi-v7a.so:
03-13 17:49:09.621 23824 23868 W libcoffee_armeabi-v7a.so: Failed to build graphics pipeline state
03-13 17:49:09.622 23824 23868 W libcoffee_armeabi-v7a.so: Failed to link shader program: --From Vertex Shader:
03-13 17:49:09.622 23824 23868 W libcoffee_armeabi-v7a.so: --From Fragment Shader:
03-13 17:49:09.622 23824 23868 W libcoffee_armeabi-v7a.so:
03-13 17:49:09.622 23824 23868 W libcoffee_armeabi-v7a.so: Failed to build graphics pipeline state
03-13 17:49:09.623 23824 23868 W libcoffee_armeabi-v7a.so: Failed to link shader program: --From Vertex Shader:
03-13 17:49:09.623 23824 23868 W libcoffee_armeabi-v7a.so: --From Fragment Shader:
03-13 17:49:09.623 23824 23868 W libcoffee_armeabi-v7a.so:
03-13 17:49:09.623 23824 23868 W libcoffee_armeabi-v7a.so: Failed to build graphics pipeline state
03-13 17:49:09.625 23824 23868 W libcoffee_armeabi-v7a.so: Failed to link shader program: --From Vertex Shader:
03-13 17:49:09.625 23824 23868 W libcoffee_armeabi-v7a.so: --From Fragment Shader:
03-13 17:49:09.625 23824 23868 W libcoffee_armeabi-v7a.so:
03-13 17:49:09.625 23824 23868 W libcoffee_armeabi-v7a.so: Failed to build graphics pipeline state
03-13 17:49:09.629 23824 23868 W libcoffee_armeabi-v7a.so: Failed to link shader program: --From Vertex Shader:
03-13 17:49:09.629 23824 23868 W libcoffee_armeabi-v7a.so: --From Fragment Shader:
03-13 17:49:09.629 23824 23868 W libcoffee_armeabi-v7a.so:
03-13 17:49:09.629 23824 23868 W libcoffee_armeabi-v7a.so: Failed to build graphics pipeline state
03-13 17:49:09.630 23824 23868 W libcoffee_armeabi-v7a.so: Failed to link shader program: --From Vertex Shader:
03-13 17:49:09.630 23824 23868 W libcoffee_armeabi-v7a.so: --From Fragment Shader:
03-13 17:49:09.630 23824 23868 W libcoffee_armeabi-v7a.so:
03-13 17:49:09.630 23824 23868 W libcoffee_armeabi-v7a.so: Failed to build graphics pipeline state
03-13 17:49:09.631 23824 23868 W libcoffee_armeabi-v7a.so: Failed to link shader program: --From Vertex Shader:
03-13 17:49:09.631 23824 23868 W libcoffee_armeabi-v7a.so: --From Fragment Shader:
03-13 17:49:09.631 23824 23868 W libcoffee_armeabi-v7a.so:
03-13 17:49:09.631 23824 23868 W libcoffee_armeabi-v7a.so: Failed to build graphics pipeline state
03-13 17:49:09.633 23824 23868 W libcoffee_armeabi-v7a.so: Failed to link shader program: --From Vertex Shader:
03-13 17:49:09.633 23824 23868 W libcoffee_armeabi-v7a.so: --From Fragment Shader:
03-13 17:49:09.633 23824 23868 W libcoffee_armeabi-v7a.so:
03-13 17:49:09.633 23824 23868 W libcoffee_armeabi-v7a.so: Failed to build graphics pipeline state
03-13 17:49:09.634 23824 23868 W libcoffee_armeabi-v7a.so: Failed to link shader program: --From Vertex Shader:
03-13 17:49:09.634 23824 23868 W libcoffee_armeabi-v7a.so: --From Fragment Shader:
03-13 17:49:09.634 23824 23868 W libcoffee_armeabi-v7a.so:
03-13 17:49:09.634 23824 23868 W libcoffee_armeabi-v7a.so: Failed to build graphics pipeline state
03-13 17:49:09.637 23824 23868 W libcoffee_armeabi-v7a.so: Failed to link shader program: --From Vertex Shader:
03-13 17:49:09.637 23824 23868 W libcoffee_armeabi-v7a.so: --From Fragment Shader:
03-13 17:49:09.637 23824 23868 W libcoffee_armeabi-v7a.so:
03-13 17:49:09.637 23824 23868 W libcoffee_armeabi-v7a.so: Failed to build graphics pipeline state
03-13 17:49:09.638 23824 23868 W libcoffee_armeabi-v7a.so: Failed to link shader program: --From Vertex Shader:
03-13 17:49:09.638 23824 23868 W libcoffee_armeabi-v7a.so: --From Fragment Shader:
03-13 17:49:09.638 23824 23868 W libcoffee_armeabi-v7a.so:
03-13 17:49:09.638 23824 23868 W libcoffee_armeabi-v7a.so: Failed to build graphics pipeline state
03-13 17:49:09.640 23824 23868 W libcoffee_armeabi-v7a.so: Failed to link shader program: --From Vertex Shader:
03-13 17:49:09.640 23824 23868 W libcoffee_armeabi-v7a.so: --From Fragment Shader:
03-13 17:49:09.640 23824 23868 W libcoffee_armeabi-v7a.so:
03-13 17:49:09.640 23824 23868 W libcoffee_armeabi-v7a.so: Failed to build graphics pipeline state
03-13 17:49:09.641 23824 23868 W libcoffee_armeabi-v7a.so: Failed to link shader program: --From Vertex Shader:
03-13 17:49:09.641 23824 23868 W libcoffee_armeabi-v7a.so: --From Fragment Shader:
03-13 17:49:09.641 23824 23868 W libcoffee_armeabi-v7a.so:
03-13 17:49:09.641 23824 23868 W libcoffee_armeabi-v7a.so: Failed to build graphics pipeline state
03-13 17:49:09.643 23824 23868 W libcoffee_armeabi-v7a.so: Failed to link shader program: --From Vertex Shader:
03-13 17:49:09.643 23824 23868 W libcoffee_armeabi-v7a.so: --From Fragment Shader:
03-13 17:49:09.643 23824 23868 W libcoffee_armeabi-v7a.so:
03-13 17:49:09.643 23824 23868 W libcoffee_armeabi-v7a.so: Failed to build graphics pipeline state
03-13 17:49:09.645 23824 23868 W libcoffee_armeabi-v7a.so: Failed to link shader program: --From Vertex Shader:
03-13 17:49:09.645 23824 23868 W libcoffee_armeabi-v7a.so: --From Fragment Shader:
03-13 17:49:09.645 23824 23868 W libcoffee_armeabi-v7a.so:
03-13 17:49:09.645 23824 23868 W libcoffee_armeabi-v7a.so: Failed to build graphics pipeline state
03-13 17:49:09.646 23824 23868 W libcoffee_armeabi-v7a.so: Failed to link shader program: --From Vertex Shader:
03-13 17:49:09.646 23824 23868 W libcoffee_armeabi-v7a.so: --From Fragment Shader:
03-13 17:49:09.646 23824 23868 W libcoffee_armeabi-v7a.so:
03-13 17:49:09.646 23824 23868 W libcoffee_armeabi-v7a.so: Failed to build graphics pipeline state
03-13 17:49:09.648 23824 23868 W libcoffee_armeabi-v7a.so: Failed to link shader program: --From Vertex Shader:
03-13 17:49:09.648 23824 23868 W libcoffee_armeabi-v7a.so: --From Fragment Shader:
03-13 17:49:09.648 23824 23868 W libcoffee_armeabi-v7a.so:
03-13 17:49:09.648 23824 23868 W libcoffee_armeabi-v7a.so: Failed to build graphics pipeline state
03-13 17:49:09.649 23824 23868 W libcoffee_armeabi-v7a.so: Failed to link shader program: --From Vertex Shader:
03-13 17:49:09.649 23824 23868 W libcoffee_armeabi-v7a.so: --From Fragment Shader:
03-13 17:49:09.649 23824 23868 W libcoffee_armeabi-v7a.so:
03-13 17:49:09.649 23824 23868 W libcoffee_armeabi-v7a.so: Failed to build graphics pipeline state
03-13 17:49:09.651 23824 23868 W libcoffee_armeabi-v7a.so: Failed to link shader program: --From Vertex Shader:
03-13 17:49:09.651 23824 23868 W libcoffee_armeabi-v7a.so: --From Fragment Shader:
03-13 17:49:09.651 23824 23868 W libcoffee_armeabi-v7a.so:
03-13 17:49:09.651 23824 23868 W libcoffee_armeabi-v7a.so: Failed to build graphics pipeline state
03-13 17:49:09.652 23824 23868 W libcoffee_armeabi-v7a.so: Failed to link shader program: --From Vertex Shader:
03-13 17:49:09.652 23824 23868 W libcoffee_armeabi-v7a.so: --From Fragment Shader:
03-13 17:49:09.652 23824 23868 W libcoffee_armeabi-v7a.so:
03-13 17:49:09.652 23824 23868 W libcoffee_armeabi-v7a.so: Failed to build graphics pipeline state
