11-01 12:01:11.966 417 417 E APM_AudioPolicyManager: invalid volume index range
11-01 12:01:11.966 417 417 E APM_AudioPolicyManager: invalid volume index range
11-01 12:01:11.966 417 417 V APM_AudioPolicyManager: selectOutputForMusicEffects selected output 13
11-01 12:01:11.966 417 417 V APM_AudioPolicyManager: setOutputDevices device {AUDIO_DEVICE_OUT_TELEPHONY_TX, @:} delayMs 0
11-01 12:01:11.966 417 417 V APM_AudioPolicyManager: setOutputDevices() prevDevice {AUDIO_DEVICE_OUT_TELEPHONY_TX, @:}
11-01 12:01:11.967 417 417 V APM_AudioPolicyManager: setOutputDevices changing device to {AUDIO_DEVICE_OUT_TELEPHONY_TX, @:}
11-01 12:01:11.967 480 480 I CameraService: CameraService started (pid=480)
11-01 12:01:11.968 480 480 I CameraService: CameraService process starting
11-01 12:01:11.978 417 523 I AudioFlinger: AudioFlinger's thread 0x7fb9759a2930 tid=523 ready to run
11-01 12:01:11.978 417 523 W AudioFlinger: no wake lock to update, system not ready yet
11-01 12:01:11.978 417 523 D AudioFlinger: ro.audio.silent is ignored since no output device is set
11-01 12:01:11.978 417 523 D AudioFlinger: updateHalSupportedLatencyModes_l: thread(21) status -38 supported latency modes: { }
11-01 12:01:11.979 361 361 E android.hardware.audio@7.1-impl.ranchu: getPresentationPosition:510 failure: Result::INVALID_STATE
11-01 12:01:11.979 417 417 V APM_AudioPolicyManager: setOutputDevices() AF::createAudioPatch returned 0 patchHandle 20 num_sources 1 num_sinks 1
11-01 12:01:11.980 417 417 E APM_AudioPolicyManager: invalid volume index range
11-01 12:01:11.980 417 417 E APM_AudioPolicyManager: invalid volume index range
11-01 12:01:11.980 417 417 E APM_AudioPolicyManager: invalid volume index range
11-01 12:01:11.980 417 417 E APM_AudioPolicyManager: invalid volume index range
11-01 12:01:11.980 417 417 E APM_AudioPolicyManager: invalid volume index range
11-01 12:01:11.980 417 417 E APM_AudioPolicyManager: invalid volume index range
11-01 12:01:11.980 417 417 E APM_AudioPolicyManager: invalid volume index range
11-01 12:01:11.980 417 417 E APM_AudioPolicyManager: invalid volume index range
11-01 12:01:11.980 417 417 E APM_AudioPolicyManager: invalid volume index range
11-01 12:01:11.980 417 417 E APM_AudioPolicyManager: invalid volume index range
11-01 12:01:11.980 417 417 E APM_AudioPolicyManager: invalid volume index range
11-01 12:01:11.980 417 417 E APM_AudioPolicyManager: invalid volume index range
11-01 12:01:12.840 0 0 I servicemanager: Service 'android.hardware.radio.sim.IRadioSim/slot1' originally registered from PID 501 but it is being registered again from PID 501. Bad state? Late death notification? Multiple instances installed?
11-01 12:01:12.850 0 0 I init : Service 'usbd' (pid 514) exited with status 0 oneshot service took 0.187000 seconds in background
11-01 12:01:11.999 354 354 W Zygote : Class not found for preloading: android.security.GenerateRkpKey$1
11-01 12:01:11.999 354 354 W Zygote : Class not found for preloading: android.security.GenerateRkpKey
11-01 12:01:12.870 0 0 I BpBinder: onLastStrongRef automatically unlinking death recipients:
11-01 12:01:12.875 0 0 I init : Sending signal 9 to service 'usbd' (pid 514) process group...
11-01 12:01:12.017 354 354 W Zygote : Class not found for preloading: android.security.keystore2.AndroidKeyStoreKeyPairGeneratorSpi$GenerateKeyPairHelperResult
11-01 12:01:12.018 480 480 W BatteryNotifier: batterystats service unavailable!
11-01 12:01:12.887 0 0 I libprocessgroup: Successfully killed process cgroup uid 0 pid 514 in 0ms
11-01 12:01:12.891 0 0 I servicemanager: Found android.hardware.radio.config.IRadioConfig/default in device VINTF manifest.
11-01 12:01:12.894 0 0 I init : Service 'exec 18 (/system/bin/flags_health_check BOOT_FAILURE)' (pid 520) exited with status 0 waiting took 0.111000 seconds
11-01 12:01:12.031 354 354 W Zygote : Class not found for preloading: android.service.notification.ZenModeConfig$Diff
11-01 12:01:12.032 480 480 W BatteryNotifier: batterystats service unavailable!
11-01 12:01:12.908 0 0 I servicemanager: Could not find android.hardware.radio.sap.ISap/slot1 in the VINTF manifest.
11-01 12:01:12.910 0 0 I init : Sending signal 9 to service 'exec 18 (/system/bin/flags_health_check BOOT_FAILURE)' (pid 520) process group...
11-01 12:01:12.046 417 526 I AudioFlinger: AudioFlinger's thread 0x7fb975774bb0 tid=526 ready to run
11-01 12:01:12.049 417 530 I AudioFlinger: AudioFlinger's thread 0x7fb975774bb0 tid=530 ready to run
11-01 12:01:12.049 480 480 I cameraserver: Connecting to new camera provider: internal/0, isRemote? 1
11-01 12:01:12.050 480 480 W BpBinder: Linking to death on android.hardware.camera.provider.ICameraProvider but there are no threads (yet?) listening to incoming transactions. See ProcessState::startThreadPool and ProcessState::setThreadPoolMaxThreadCount. Generally you should setup the binder threadpool before other initialization steps.
11-01 12:01:12.052 417 534 I AudioFlinger: AudioFlinger's thread 0x7fb971b6bbb0 tid=534 ready to run
11-01 12:01:12.052 417 534 W AudioFlinger: no wake lock to update, system not ready yet
11-01 12:01:12.053 480 480 I CameraProviderManager: Enumerating new camera device: device@1.1/internal/1
11-01 12:01:12.054 365 365 W StreamConfigurationMap: StreamConfigurationMap: ANDROID_SCALER_AVAILABLE_STREAM_CONFIGURATIONS missing, maxResolution ? true!
11-01 12:01:12.054 365 365 W StreamConfigurationMap: StreamConfigurationMap: ANDROID_SCALER_AVAILABLE_MIN_FRAME_DURATIONS missing!, max resolution ? true
11-01 12:01:12.054 365 365 W StreamConfigurationMap: StreamConfigurationMap: ANDROID_SCALER_AVAILABLE_STALL_DURATIONS missing! maxResolution ? true
11-01 12:01:12.054 365 365 I EmulatedCameraDeviceHwlImpl: Create: Created EmulatedCameraDeviceHwlImpl for camera 1
11-01 12:01:12.054 365 365 D GCH_Utils: FindLibraryPaths: Unable to open directory /vendor/lib64/camera/capture_sessions/ (No such file or directory)
11-01 12:01:12.054 365 365 I GCH_CameraDevice: Create: Created a camera device for public(1)
11-01 12:01:12.058 480 480 W CameraProviderManager: Camera provider internal/0 says an unknown camera device@1.1/internal/1 now has torch status 1. Curious.
11-01 12:01:12.058 480 480 I CameraProviderManager: Camera provider internal/0 ready with 1 camera devices
11-01 12:01:12.059 480 480 I cameraserver: Connecting to new camera provider: internal/1, isRemote? 1
11-01 12:01:12.059 480 480 W BpBinder: Linking to death on android.hardware.camera.provider.ICameraProvider but there are no threads (yet?) listening to incoming transactions. See ProcessState::startThreadPool and ProcessState::setThreadPoolMaxThreadCount. Generally you should setup the binder threadpool before other initialization steps.
11-01 12:01:12.926 0 0 I libprocessgroup: Successfully killed process cgroup uid 1000 pid 520 in 0ms
11-01 12:01:12.062 480 480 I CameraProviderManager: Camera provider internal/1 ready with 0 camera devices
11-01 12:01:12.062 480 480 I CameraService: onDeviceStatusChanged: Status changed for cameraId=1, newStatus=1
11-01 12:01:12.062 480 480 I CameraService: onDeviceStatusChanged: Unknown camera ID 1, a new camera is added
11-01 12:01:12.069 417 534 W AudioFlinger: no wake lock to update, system not ready yet
11-01 12:01:12.072 361 386 I r_submix: adev_open(name=audio_hw_if)
11-01 12:01:12.072 417 417 D AudioFlinger::MelReporter: activateHalSoundDoseComputation: Forcing use of internal MEL computation.
11-01 12:01:12.072 417 417 W AudioFlinger: loadHwModule() sound dose reporting is not available
11-01 12:01:12.072 361 386 I r_submix: adev_init_check()
11-01 12:01:12.073 417 417 I AudioFlinger: loadHwModule() Loaded r_submix audio interface, handle 18
11-01 12:01:12.073 361 361 D r_submix: adev_open_input_stream(addr=0)
11-01 12:01:12.073 361 361 I r_submix: adev_open_input_stream(): about to create pipe at index 9, rate 48000, pipe size 4096
11-01 12:01:12.073 361 361 D r_submix: submix_audio_device_create_pipe_l(addr=0, idx=9)
11-01 12:01:12.073 361 361 D r_submix: now using address 0 for route 9
11-01 12:01:12.933 0 0 I init : processing action (load_persist_props_action) from (/system/etc/init/logcatd.rc:29)
11-01 12:01:12.940 0 0 I init : processing action (llk.enable=0) from (/system/etc/init/llkd.rc:12)
11-01 12:01:12.076 480 480 I HidlServiceManagement: Registered android.frameworks.cameraservice.service@2.2::ICameraService/default
11-01 12:01:12.079 417 536 I AudioFlinger: AudioFlinger's thread 0x7fb971b6bbb0 tid=536 ready to run
11-01 12:01:12.080 361 529 D r_submix: adev_close_input_stream()
11-01 12:01:12.080 361 529 D r_submix: submix_audio_device_release_pipe_l(idx=9) addr=0
11-01 12:01:12.080 361 529 D r_submix: submix_audio_device_destroy_pipe_l(): pipe destroyed
11-01 12:01:12.081 354 354 W zygote64: Core platform API violation: Llibcore/io/Memory;->peekLong(JZ)J from Lcom/android/framework/protobuf/UnsafeUtil; using reflection
11-01 12:01:12.081 354 354 W zygote64: Core platform API violation: Llibcore/io/Memory;->pokeLong(JJZ)V from Lcom/android/framework/protobuf/UnsafeUtil; using reflection
11-01 12:01:12.082 354 354 W zygote64: Core platform API violation: Llibcore/io/Memory;->pokeInt(JIZ)V from Lcom/android/framework/protobuf/UnsafeUtil; using reflection
11-01 12:01:12.082 354 354 W zygote64: Core platform API violation: Llibcore/io/Memory;->peekInt(JZ)I from Lcom/android/framework/protobuf/UnsafeUtil; using reflection
11-01 12:01:12.082 354 354 W zygote64: Core platform API violation: Llibcore/io/Memory;->pokeByte(JB)V from Lcom/android/framework/protobuf/UnsafeUtil; using reflection
11-01 12:01:12.082 354 354 W zygote64: Core platform API violation: Llibcore/io/Memory;->peekByte(J)B from Lcom/android/framework/protobuf/UnsafeUtil; using reflection
11-01 12:01:12.082 354 354 W zygote64: Core platform API violation: Llibcore/io/Memory;->pokeByteArray(J[BII)V from Lcom/android/framework/protobuf/UnsafeUtil; using reflection
11-01 12:01:12.082 354 354 W zygote64: Core platform API violation: Llibcore/io/Memory;->peekByteArray(J[BII)V from Lcom/android/framework/protobuf/UnsafeUtil; using reflection
11-01 12:01:12.947 0 0 I init : processing action (khungtask.enable=1) from (/system/etc/init/llkd.rc:18)
11-01 12:01:12.953 0 0 I init : processing action (llk.enable=0) from (/system/etc/init/llkd.rc:12)
11-01 12:01:12.960 0 0 I init : processing action (khungtask.enable=0) from (/system/etc/init/llkd.rc:21)
11-01 12:01:12.960 0 0 I servicemanager: Found android.frameworks.cameraservice.service.ICameraService/default in framework VINTF manifest.
11-01 12:01:12.966 0 0 I init : processing action (init.svc.media=*) from (/system/etc/init/mediaserver.rc:1)
11-01 12:01:12.104 354 354 W Zygote : Class not found for preloading: android.view.ViewRootImpl$8$1
11-01 12:01:12.976 0 0 I servicemanager: Found android.frameworks.cameraservice.service.ICameraService/default in framework VINTF manifest.
11-01 12:01:12.980 0 0 I init : processing action (khungtask.enable=true) from (/system/etc/init/llkd.rc:25)
11-01 12:01:12.117 480 480 I CameraService: CameraService pinged cameraservice proxy
11-01 12:01:12.117 480 480 I cameraserver: ServiceManager: 0x7cc4bbc5bb70 done instantiate
11-01 12:01:12.118 480 480 W CameraProviderManager: addAidlProviderLocked: Camera provider HAL with name 'android.hardware.camera.provider.ICameraProvider/internal/0' already registered
11-01 12:01:12.118 480 480 W CameraProviderManager: addAidlProviderLocked: Camera provider HAL with name 'android.hardware.camera.provider.ICameraProvider/internal/1' already registered
11-01 12:01:12.121 354 354 W Zygote : Class not found for preloading: android.view.autofill.AutofillManager$$ExternalSyntheticLambda5
11-01 12:01:12.125 417 417 D AudioFlinger::MelReporter: activateHalSoundDoseComputation: Forcing use of internal MEL computation.
11-01 12:01:12.125 417 417 W AudioFlinger: loadHwModule() sound dose reporting is not available
11-01 12:01:12.126 417 417 I AudioFlinger: loadHwModule() Loaded bluetooth audio interface, handle 26
11-01 12:01:12.128 165 165 I hwservicemanager: getTransport: Cannot find entry android.hardware.audio.effect@7.1::IEffectsFactory/default in either framework or device VINTF manifest.
11-01 12:01:12.994 0 0 I init : processing action (khungtask.enable=false) from (/system/etc/init/llkd.rc:31)
11-01 12:01:12.130 417 417 I audioserver: Waiting for activity service
11-01 12:01:12.140 354 354 W System : No Compatibility callbacks set! Querying change 247079863
11-01 12:01:12.140 354 354 W System : No Compatibility callbacks set! Querying change 247079863
11-01 12:01:12.140 354 354 W System : No Compatibility callbacks set! Querying change 247079863
11-01 12:01:12.140 354 354 W System : No Compatibility callbacks set! Querying change 247079863
11-01 12:01:12.140 354 354 W System : No Compatibility callbacks set! Querying change 247079863
11-01 12:01:12.141 354 354 W System : No Compatibility callbacks set! Querying change 247079863
11-01 12:01:12.141 354 354 W System : No Compatibility callbacks set! Querying change 247079863
11-01 12:01:12.141 354 354 W System : No Compatibility callbacks set! Querying change 247079863
11-01 12:01:12.141 354 354 W System : No Compatibility callbacks set! Querying change 247079863
11-01 12:01:12.141 354 354 W System : No Compatibility callbacks set! Querying change 247079863
11-01 12:01:12.141 354 354 W System : No Compatibility callbacks set! Querying change 247079863
11-01 12:01:12.141 354 354 W System : No Compatibility callbacks set! Querying change 247079863
11-01 12:01:12.141 354 354 W System : No Compatibility callbacks set! Querying change 247079863
11-01 12:01:12.142 354 354 W System : No Compatibility callbacks set! Querying change 247079863
11-01 12:01:12.142 354 354 W System : No Compatibility callbacks set! Querying change 247079863
11-01 12:01:12.142 354 354 W System : No Compatibility callbacks set! Querying change 247079863
11-01 12:01:12.142 354 354 W System : No Compatibility callbacks set! Querying change 247079863
11-01 12:01:12.142 354 354 W System : No Compatibility callbacks set! Querying change 247079863
11-01 12:01:12.142 354 354 W System : No Compatibility callbacks set! Querying change 247079863
11-01 12:01:12.143 354 354 W System : No Compatibility callbacks set! Querying change 247079863
11-01 12:01:12.143 354 354 W System : No Compatibility callbacks set! Querying change 247079863
11-01 12:01:12.143 354 354 W System : No Compatibility callbacks set! Querying change 247079863
11-01 12:01:12.143 354 354 W System : No Compatibility callbacks set! Querying change 247079863
11-01 12:01:12.143 354 354 W System : No Compatibility callbacks set! Querying change 247079863
11-01 12:01:12.143 354 354 W System : No Compatibility callbacks set! Querying change 247079863
11-01 12:01:12.143 354 354 W System : No Compatibility callbacks set! Querying change 247079863
11-01 12:01:12.144 354 354 W System : No Compatibility callbacks set! Querying change 247079863
11-01 12:01:12.144 354 354 W System : No Compatibility callbacks set! Querying change 247079863
11-01 12:01:12.144 354 354 W System : No Compatibility callbacks set! Querying change 247079863
11-01 12:01:12.144 354 354 W System : No Compatibility callbacks set! Querying change 247079863
11-01 12:01:12.144 354 354 W System : No Compatibility callbacks set! Querying change 247079863
11-01 12:01:12.144 354 354 W System : No Compatibility callbacks set! Querying change 247079863
11-01 12:01:12.144 354 354 W System : No Compatibility callbacks set! Querying change 247079863
11-01 12:01:12.144 354 354 W System : No Compatibility callbacks set! Querying change 247079863
11-01 12:01:12.145 354 354 W System : No Compatibility callbacks set! Querying change 247079863
11-01 12:01:12.145 354 354 W System : No Compatibility callbacks set! Querying change 247079863
11-01 12:01:12.145 354 354 W System : No Compatibility callbacks set! Querying change 247079863
11-01 12:01:12.145 354 354 W System : No Compatibility callbacks set! Querying change 247079863
11-01 12:01:12.145 354 354 W System : No Compatibility callbacks set! Querying change 247079863
11-01 12:01:12.145 354 354 W System : No Compatibility callbacks set! Querying change 247079863
11-01 12:01:12.145 354 354 W System : No Compatibility callbacks set! Querying change 247079863
11-01 12:01:12.145 354 354 W System : No Compatibility callbacks set! Querying change 247079863
11-01 12:01:12.145 354 354 W System : No Compatibility callbacks set! Querying change 247079863
11-01 12:01:12.145 354 354 W System : No Compatibility callbacks set! Querying change 247079863
11-01 12:01:12.145 354 354 W System : No Compatibility callbacks set! Querying change 247079863
11-01 12:01:12.145 354 354 W System : No Compatibility callbacks set! Querying change 247079863
11-01 12:01:12.145 354 354 W System : No Compatibility callbacks set! Querying change 247079863
11-01 12:01:12.145 354 354 W System : No Compatibility callbacks set! Querying change 247079863
11-01 12:01:12.145 354 354 W System : No Compatibility callbacks set! Querying change 247079863
11-01 12:01:12.145 354 354 W System : No Compatibility callbacks set! Querying change 247079863
11-01 12:01:12.145 354 354 W System : No Compatibility callbacks set! Querying change 247079863
11-01 12:01:12.145 354 354 W System : No Compatibility callbacks set! Querying change 247079863
11-01 12:01:12.145 354 354 W System : No Compatibility callbacks set! Querying change 247079863
11-01 12:01:12.145 354 354 W System : No Compatibility callbacks set! Querying change 247079863
11-01 12:01:12.145 354 354 W System : No Compatibility callbacks set! Querying change 247079863
11-01 12:01:12.145 354 354 W System : No Compatibility callbacks set! Querying change 247079863
11-01 12:01:12.145 354 354 W System : No Compatibility callbacks set! Querying change 247079863
11-01 12:01:12.145 354 354 W System : No Compatibility callbacks set! Querying change 247079863
11-01 12:01:12.145 354 354 W System : No Compatibility callbacks set! Querying change 247079863
11-01 12:01:12.145 354 354 W System : No Compatibility callbacks set! Querying change 247079863
11-01 12:01:12.145 354 354 W System : No Compatibility callbacks set! Querying change 247079863
11-01 12:01:12.145 354 354 W System : No Compatibility callbacks set! Querying change 247079863
11-01 12:01:12.145 354 354 W System : No Compatibility callbacks set! Querying change 247079863
11-01 12:01:12.145 354 354 W System : No Compatibility callbacks set! Querying change 247079863
11-01 12:01:12.145 354 354 W System : No Compatibility callbacks set! Querying change 247079863
11-01 12:01:12.145 354 354 W System : No Compatibility callbacks set! Querying change 247079863
11-01 12:01:12.145 354 354 W System : No Compatibility callbacks set! Querying change 247079863
11-01 12:01:12.145 354 354 W System : No Compatibility callbacks set! Querying change 247079863
11-01 12:01:12.145 354 354 W System : No Compatibility callbacks set! Querying change 247079863
11-01 12:01:12.145 354 354 W System : No Compatibility callbacks set! Querying change 247079863
11-01 12:01:12.145 354 354 W System : No Compatibility callbacks set! Querying change 247079863
11-01 12:01:12.145 354 354 W System : No Compatibility callbacks set! Querying change 247079863
11-01 12:01:12.145 354 354 W System : No Compatibility callbacks set! Querying change 247079863
11-01 12:01:12.145 354 354 W System : No Compatibility callbacks set! Querying change 247079863
11-01 12:01:12.145 354 354 W System : No Compatibility callbacks set! Querying change 247079863
11-01 12:01:12.145 354 354 W System : No Compatibility callbacks set! Querying change 247079863
11-01 12:01:12.145 354 354 W System : No Compatibility callbacks set! Querying change 247079863
11-01 12:01:12.145 354 354 W System : No Compatibility callbacks set! Querying change 247079863
11-01 12:01:12.146 354 354 W System : No Compatibility callbacks set! Querying change 247079863
11-01 12:01:12.146 354 354 W System : No Compatibility callbacks set! Querying change 247079863
11-01 12:01:12.146 354 354 W System : No Compatibility callbacks set! Querying change 247079863
11-01 12:01:12.146 354 354 W System : No Compatibility callbacks set! Querying change 247079863
11-01 12:01:12.146 354 354 W System : No Compatibility callbacks set! Querying change 247079863
11-01 12:01:12.146 354 354 W System : No Compatibility callbacks set! Querying change 247079863
11-01 12:01:12.146 354 354 W System : No Compatibility callbacks set! Querying change 247079863
11-01 12:01:12.146 354 354 W System : No Compatibility callbacks set! Querying change 247079863
11-01 12:01:12.146 354 354 W System : No Compatibility callbacks set! Querying change 247079863
11-01 12:01:12.146 354 354 W System : No Compatibility callbacks set! Querying change 247079863
11-01 12:01:12.146 354 354 W System : No Compatibility callbacks set! Querying change 247079863
11-01 12:01:12.146 354 354 W System : No Compatibility callbacks set! Querying change 247079863
11-01 12:01:12.146 354 354 W System : No Compatibility callbacks set! Querying change 247079863
11-01 12:01:12.146 354 354 W System : No Compatibility callbacks set! Querying change 247079863
11-01 12:01:12.146 354 354 W System : No Compatibility callbacks set! Querying change 247079863
11-01 12:01:12.146 354 354 W System : No Compatibility callbacks set! Querying change 247079863
11-01 12:01:12.146 354 354 W System : No Compatibility callbacks set! Querying change 247079863
11-01 12:01:12.146 354 354 W System : No Compatibility callbacks set! Querying change 247079863
11-01 12:01:12.146 354 354 W System : No Compatibility callbacks set! Querying change 247079863
11-01 12:01:12.146 354 354 W System : No Compatibility callbacks set! Querying change 247079863
11-01 12:01:12.146 354 354 W System : No Compatibility callbacks set! Querying change 247079863
11-01 12:01:12.146 354 354 W System : No Compatibility callbacks set! Querying change 247079863
11-01 12:01:12.146 354 354 W System : No Compatibility callbacks set! Querying change 247079863
11-01 12:01:12.146 354 354 W System : No Compatibility callbacks set! Querying change 247079863
11-01 12:01:12.146 354 354 W System : No Compatibility callbacks set! Querying change 247079863
11-01 12:01:12.146 354 354 W System : No Compatibility callbacks set! Querying change 247079863
11-01 12:01:12.175 354 354 W System : No Compatibility callbacks set! Querying change 263076149
11-01 12:01:12.379 354 354 W System : No Compatibility callbacks set! Querying change 263076149
11-01 12:01:12.379 354 354 W System : No Compatibility callbacks set! Querying change 263076149
11-01 12:01:12.380 479 479 I bt_vhci_forwarder: ignore 0xff packet
11-01 12:01:12.388 354 354 W Zygote : Class not found for preloading: com.android.internal.telephony.SubscriptionController$$ExternalSyntheticLambda0
11-01 12:01:12.388 354 354 W Zygote : Class not found for preloading: com.android.internal.telephony.SubscriptionController$$ExternalSyntheticLambda10
11-01 12:01:12.388 354 354 W Zygote : Class not found for preloading: com.android.internal.telephony.SubscriptionController$$ExternalSyntheticLambda11
11-01 12:01:12.388 354 354 W Zygote : Class not found for preloading: com.android.internal.telephony.SubscriptionController$$ExternalSyntheticLambda1
11-01 12:01:12.388 354 354 W Zygote : Class not found for preloading: com.android.internal.telephony.SubscriptionController$$ExternalSyntheticLambda2
11-01 12:01:12.389 354 354 W Zygote : Class not found for preloading: com.android.internal.telephony.SubscriptionController$$ExternalSyntheticLambda3
11-01 12:01:12.389 354 354 W Zygote : Class not found for preloading: com.android.internal.telephony.SubscriptionController$$ExternalSyntheticLambda4
11-01 12:01:12.389 354 354 W Zygote : Class not found for preloading: com.android.internal.telephony.SubscriptionController$$ExternalSyntheticLambda5
11-01 12:01:12.389 354 354 W Zygote : Class not found for preloading: com.android.internal.telephony.SubscriptionController$$ExternalSyntheticLambda6
11-01 12:01:12.389 354 354 W Zygote : Class not found for preloading: com.android.internal.telephony.SubscriptionController$$ExternalSyntheticLambda7
11-01 12:01:12.389 354 354 W Zygote : Class not found for preloading: com.android.internal.telephony.SubscriptionController$$ExternalSyntheticLambda8
11-01 12:01:12.389 354 354 W Zygote : Class not found for preloading: com.android.internal.telephony.SubscriptionController$$ExternalSyntheticLambda9
11-01 12:01:12.389 354 354 W Zygote : Class not found for preloading: com.android.internal.telephony.SubscriptionController$1
11-01 12:01:12.389 354 354 W Zygote : Class not found for preloading: com.android.internal.telephony.SubscriptionController$2
11-01 12:01:12.389 354 354 W Zygote : Class not found for preloading: com.android.internal.telephony.SubscriptionController$WatchedInt
11-01 12:01:12.389 354 354 W Zygote : Class not found for preloading: com.android.internal.telephony.SubscriptionController$WatchedSlotIndexToSubIds
11-01 12:01:12.389 354 354 W Zygote : Class not found for preloading: com.android.internal.telephony.SubscriptionController
11-01 12:01:12.389 354 354 W Zygote : Class not found for preloading: com.android.internal.telephony.SubscriptionInfoUpdater$$ExternalSyntheticLambda0
11-01 12:01:12.389 354 354 W Zygote : Class not found for preloading: com.android.internal.telephony.SubscriptionInfoUpdater$$ExternalSyntheticLambda1
11-01 12:01:12.389 354 354 W Zygote : Class not found for preloading: com.android.internal.telephony.SubscriptionInfoUpdater$$ExternalSyntheticLambda2
11-01 12:01:12.389 354 354 W Zygote : Class not found for preloading: com.android.internal.telephony.SubscriptionInfoUpdater$$ExternalSyntheticLambda3
11-01 12:01:12.390 354 354 W Zygote : Class not found for preloading: com.android.internal.telephony.SubscriptionInfoUpdater$$ExternalSyntheticLambda4
11-01 12:01:12.390 354 354 W Zygote : Class not found for preloading: com.android.internal.telephony.SubscriptionInfoUpdater$$ExternalSyntheticLambda5
11-01 12:01:12.390 354 354 W Zygote : Class not found for preloading: com.android.internal.telephony.SubscriptionInfoUpdater$$ExternalSyntheticLambda6
11-01 12:01:12.390 354 354 W Zygote : Class not found for preloading: com.android.internal.telephony.SubscriptionInfoUpdater$1
11-01 12:01:12.390 354 354 W Zygote : Class not found for preloading: com.android.internal.telephony.SubscriptionInfoUpdater$2
11-01 12:01:12.390 354 354 W Zygote : Class not found for preloading: com.android.internal.telephony.SubscriptionInfoUpdater$UpdateEmbeddedSubsCallback
11-01 12:01:12.390 354 354 W Zygote : Class not found for preloading: com.android.internal.telephony.SubscriptionInfoUpdater
11-01 12:01:12.400 354 354 W System : No Compatibility callbacks set! Querying change 263076149
11-01 12:01:12.404 354 354 W System : No Compatibility callbacks set! Querying change 247079863
11-01 12:01:12.405 354 354 W System : No Compatibility callbacks set! Querying change 247079863
11-01 12:01:12.405 354 354 W System : No Compatibility callbacks set! Querying change 247079863
11-01 12:01:12.405 354 354 W System : No Compatibility callbacks set! Querying change 247079863
11-01 12:01:12.405 354 354 W System : No Compatibility callbacks set! Querying change 247079863
11-01 12:01:12.405 354 354 W System : No Compatibility callbacks set! Querying change 247079863
11-01 12:01:12.405 354 354 W System : No Compatibility callbacks set! Querying change 247079863
11-01 12:01:12.405 354 354 W System : No Compatibility callbacks set! Querying change 247079863
11-01 12:01:12.405 354 354 W System : No Compatibility callbacks set! Querying change 247079863
11-01 12:01:12.405 354 354 W System : No Compatibility callbacks set! Querying change 247079863
11-01 12:01:12.405 354 354 W System : No Compatibility callbacks set! Querying change 247079863
11-01 12:01:12.406 354 354 W System : No Compatibility callbacks set! Querying change 247079863
11-01 12:01:12.406 354 354 W System : No Compatibility callbacks set! Querying change 247079863
11-01 12:01:12.406 354 354 W System : No Compatibility callbacks set! Querying change 247079863
11-01 12:01:12.406 354 354 W System : No Compatibility callbacks set! Querying change 247079863
11-01 12:01:12.406 354 354 W System : No Compatibility callbacks set! Querying change 247079863
11-01 12:01:12.406 354 354 W System : No Compatibility callbacks set! Querying change 247079863
11-01 12:01:12.406 354 354 W System : No Compatibility callbacks set! Querying change 247079863
11-01 12:01:12.406 354 354 W System : No Compatibility callbacks set! Querying change 247079863
11-01 12:01:12.407 354 354 W System : No Compatibility callbacks set! Querying change 247079863
11-01 12:01:12.407 354 354 W System : No Compatibility callbacks set! Querying change 247079863
11-01 12:01:12.407 354 354 W System : No Compatibility callbacks set! Querying change 247079863
11-01 12:01:12.407 354 354 W System : No Compatibility callbacks set! Querying change 247079863
11-01 12:01:12.407 354 354 W System : No Compatibility callbacks set! Querying change 247079863
11-01 12:01:12.407 354 354 W System : No Compatibility callbacks set! Querying change 247079863
11-01 12:01:12.407 354 354 W System : No Compatibility callbacks set! Querying change 247079863
11-01 12:01:12.407 354 354 W System : No Compatibility callbacks set! Querying change 247079863
11-01 12:01:12.408 354 354 W System : No Compatibility callbacks set! Querying change 247079863
11-01 12:01:12.408 354 354 W System : No Compatibility callbacks set! Querying change 247079863
11-01 12:01:12.408 354 354 W System : No Compatibility callbacks set! Querying change 247079863
11-01 12:01:12.408 354 354 W System : No Compatibility callbacks set! Querying change 247079863
11-01 12:01:12.408 354 354 W System : No Compatibility callbacks set! Querying change 247079863
11-01 12:01:12.408 354 354 W System : No Compatibility callbacks set! Querying change 247079863
11-01 12:01:12.408 354 354 W System : No Compatibility callbacks set! Querying change 247079863
11-01 12:01:12.408 354 354 W System : No Compatibility callbacks set! Querying change 247079863
11-01 12:01:12.408 354 354 W System : No Compatibility callbacks set! Querying change 247079863
11-01 12:01:12.408 354 354 W System : No Compatibility callbacks set! Querying change 247079863
11-01 12:01:12.409 354 354 W System : No Compatibility callbacks set! Querying change 247079863
11-01 12:01:12.409 354 354 W System : No Compatibility callbacks set! Querying change 247079863
11-01 12:01:12.409 354 354 W System : No Compatibility callbacks set! Querying change 247079863
11-01 12:01:12.409 354 354 W System : No Compatibility callbacks set! Querying change 247079863
11-01 12:01:12.409 354 354 W System : No Compatibility callbacks set! Querying change 247079863
11-01 12:01:12.409 354 354 W System : No Compatibility callbacks set! Querying change 247079863
11-01 12:01:12.409 354 354 W System : No Compatibility callbacks set! Querying change 247079863
11-01 12:01:12.409 354 354 W System : No Compatibility callbacks set! Querying change 247079863
11-01 12:01:12.410 354 354 W System : No Compatibility callbacks set! Querying change 247079863
11-01 12:01:12.410 354 354 W System : No Compatibility callbacks set! Querying change 247079863
11-01 12:01:12.410 354 354 W System : No Compatibility callbacks set! Querying change 247079863
11-01 12:01:12.410 354 354 W System : No Compatibility callbacks set! Querying change 247079863
11-01 12:01:12.410 354 354 W System : No Compatibility callbacks set! Querying change 247079863
11-01 12:01:12.410 354 354 W System : No Compatibility callbacks set! Querying change 247079863
11-01 12:01:12.410 354 354 W System : No Compatibility callbacks set! Querying change 247079863
11-01 12:01:12.411 354 354 W System : No Compatibility callbacks set! Querying change 247079863
11-01 12:01:12.411 354 354 W System : No Compatibility callbacks set! Querying change 247079863
11-01 12:01:12.411 354 354 W System : No Compatibility callbacks set! Querying change 247079863
11-01 12:01:12.411 354 354 W System : No Compatibility callbacks set! Querying change 247079863
11-01 12:01:12.411 354 354 W System : No Compatibility callbacks set! Querying change 247079863
11-01 12:01:12.411 354 354 W System : No Compatibility callbacks set! Querying change 247079863
11-01 12:01:12.411 354 354 W System : No Compatibility callbacks set! Querying change 247079863
11-01 12:01:12.412 354 354 W System : No Compatibility callbacks set! Querying change 247079863
11-01 12:01:12.412 354 354 W System : No Compatibility callbacks set! Querying change 247079863
11-01 12:01:12.412 354 354 W System : No Compatibility callbacks set! Querying change 247079863
11-01 12:01:12.412 354 354 W System : No Compatibility callbacks set! Querying change 247079863
11-01 12:01:12.412 354 354 W System : No Compatibility callbacks set! Querying change 247079863
11-01 12:01:12.412 354 354 W System : No Compatibility callbacks set! Querying change 247079863
11-01 12:01:12.412 354 354 W System : No Compatibility callbacks set! Querying change 247079863
11-01 12:01:12.413 354 354 W System : No Compatibility callbacks set! Querying change 247079863
11-01 12:01:12.413 354 354 W System : No Compatibility callbacks set! Querying change 247079863
11-01 12:01:12.413 354 354 W System : No Compatibility callbacks set! Querying change 247079863
11-01 12:01:12.413 354 354 W System : No Compatibility callbacks set! Querying change 247079863
11-01 12:01:12.413 354 354 W System : No Compatibility callbacks set! Querying change 247079863
11-01 12:01:12.413 354 354 W System : No Compatibility callbacks set! Querying change 247079863
11-01 12:01:12.413 354 354 W System : No Compatibility callbacks set! Querying change 247079863
11-01 12:01:12.413 354 354 W System : No Compatibility callbacks set! Querying change 247079863
11-01 12:01:12.413 354 354 W System : No Compatibility callbacks set! Querying change 247079863
11-01 12:01:12.414 354 354 W System : No Compatibility callbacks set! Querying change 247079863
11-01 12:01:12.414 354 354 W System : No Compatibility callbacks set! Querying change 247079863
11-01 12:01:12.414 354 354 W System : No Compatibility callbacks set! Querying change 247079863
11-01 12:01:12.414 354 354 W System : No Compatibility callbacks set! Querying change 247079863
11-01 12:01:12.414 354 354 W System : No Compatibility callbacks set! Querying change 247079863
11-01 12:01:12.414 354 354 W System : No Compatibility callbacks set! Querying change 247079863
11-01 12:01:12.414 354 354 W System : No Compatibility callbacks set! Querying change 247079863
11-01 12:01:12.414 354 354 W System : No Compatibility callbacks set! Querying change 247079863
11-01 12:01:12.414 354 354 W System : No Compatibility callbacks set! Querying change 247079863
11-01 12:01:12.414 354 354 W System : No Compatibility callbacks set! Querying change 247079863
11-01 12:01:12.414 354 354 W System : No Compatibility callbacks set! Querying change 247079863
11-01 12:01:12.414 354 354 W System : No Compatibility callbacks set! Querying change 247079863
11-01 12:01:12.415 354 354 W System : No Compatibility callbacks set! Querying change 247079863
11-01 12:01:12.415 354 354 W System : No Compatibility callbacks set! Querying change 247079863
11-01 12:01:12.415 354 354 W System : No Compatibility callbacks set! Querying change 247079863
11-01 12:01:12.415 354 354 W System : No Compatibility callbacks set! Querying change 247079863
11-01 12:01:12.415 354 354 W System : No Compatibility callbacks set! Querying change 247079863
11-01 12:01:12.415 354 354 W System : No Compatibility callbacks set! Querying change 247079863
11-01 12:01:12.415 354 354 W System : No Compatibility callbacks set! Querying change 247079863
11-01 12:01:12.415 354 354 W System : No Compatibility callbacks set! Querying change 247079863
11-01 12:01:12.415 354 354 W System : No Compatibility callbacks set! Querying change 247079863
11-01 12:01:12.415 354 354 W System : No Compatibility callbacks set! Querying change 247079863
11-01 12:01:12.415 354 354 W System : No Compatibility callbacks set! Querying change 247079863
11-01 12:01:12.415 354 354 W System : No Compatibility callbacks set! Querying change 247079863
11-01 12:01:12.415 354 354 W System : No Compatibility callbacks set! Querying change 247079863
11-01 12:01:12.415 354 354 W System : No Compatibility callbacks set! Querying change 247079863
11-01 12:01:12.415 354 354 W System : No Compatibility callbacks set! Querying change 247079863
11-01 12:01:12.415 354 354 W System : No Compatibility callbacks set! Querying change 247079863
11-01 12:01:12.416 354 354 W System : No Compatibility callbacks set! Querying change 247079863
11-01 12:01:12.455 354 354 W Zygote : Class not found for preloading: sun.misc.SharedSecrets
11-01 12:01:12.464 354 354 I Zygote : ...preloaded 17308 classes in 1230ms.
11-01 12:01:12.464 354 354 V Zygote64Timing: PreloadClasses took to complete: 1230ms
11-01 12:01:12.470 354 354 D nativeloader: InitApexLibraries:
11-01 12:01:12.470 354 354 D nativeloader: com_android_art: libnativehelper.so
11-01 12:01:12.470 354 354 D nativeloader: com_android_i18n: libicui18n.so:libicuuc.so:libicu.so
11-01 12:01:12.470 354 354 D nativeloader: com_android_neuralnetworks: libneuralnetworks.so
11-01 12:01:12.470 354 354 D nativeloader: InitDefaultPublicLibraries for_preload=0: libandroid.so:libaaudio.so:libamidi.so:libbinder_ndk.so:libc.so:libcamera2ndk.so:libclang_rt.hwasan-aarch64-android.so:libdl.so:libEGL.so:libGLESv1_CM.so:libGLESv2.so:libGLESv3.so:libjnigraphics.so:liblog.so:libmediandk.so:libm.so:libnativewindow.so:libOpenMAXAL.so:libOpenSLES.so:libRS.so:libstdc++.so:libsync.so:libvulkan.so:libwebviewchromium_plat_support.so:libz.so
11-01 12:01:12.470 354 354 D nativeloader: Configuring clns-shared-1 for other apk /system/framework/android.hidl.base-V1.0-java.jar. target_sdk_version=34, uses_libraries=, library_path=, permitted_path=/data:/mnt/expand
11-01 12:01:12.470 354 354 D nativeloader: InitExtendedPublicLibraries:
11-01 12:01:12.471 354 354 I nativeloader: InitVendorPublicLibraries skipped: No such file or directory
11-01 12:01:12.472 354 354 D nativeloader: InitProductPublicLibraries:
11-01 12:01:12.472 354 354 D ApplicationLoaders: Created zygote-cached class loader: /system/framework/android.hidl.base-V1.0-java.jar
11-01 12:01:12.476 354 354 D nativeloader: Configuring clns-shared-2 for other apk /system/framework/android.hidl.manager-V1.0-java.jar. target_sdk_version=34, uses_libraries=, library_path=, permitted_path=/data:/mnt/expand
11-01 12:01:12.476 354 354 D ApplicationLoaders: Created zygote-cached class loader: /system/framework/android.hidl.manager-V1.0-java.jar
11-01 12:01:12.479 354 354 D nativeloader: Configuring clns-shared-3 for other apk /system/framework/android.test.base.jar. target_sdk_version=34, uses_libraries=, library_path=, permitted_path=/data:/mnt/expand
11-01 12:01:12.480 354 354 D ApplicationLoaders: Created zygote-cached class loader: /system/framework/android.test.base.jar
11-01 12:01:12.483 354 354 D nativeloader: Configuring clns-shared-4 for other apk /system_ext/framework/androidx.window.extensions.jar. target_sdk_version=34, uses_libraries=, library_path=, permitted_path=/data:/mnt/expand
11-01 12:01:12.484 354 354 D ApplicationLoaders: Created zygote-cached class loader: /system_ext/framework/androidx.window.extensions.jar
11-01 12:01:12.487 354 354 D nativeloader: Configuring clns-shared-5 for other apk /system_ext/framework/androidx.window.sidecar.jar. target_sdk_version=34, uses_libraries=, library_path=, permitted_path=/data:/mnt/expand
11-01 12:01:12.487 354 354 D ApplicationLoaders: Created zygote-cached class loader: /system_ext/framework/androidx.window.sidecar.jar
11-01 12:01:12.487 354 354 V Zygote64Timing: CacheNonBootClasspathClassLoaders took to complete: 24ms
11-01 12:01:12.487 354 354 I Zygote : Preloading resources...
11-01 12:01:12.498 354 354 W Resources: Preloaded drawable resource #0x1080290 (android:drawable/dialog_background_material) that varies with configuration!!
11-01 12:01:12.509 354 354 I Zygote : ...preloaded 64 resources in 21ms.
11-01 12:01:12.512 354 354 I Zygote : ...preloaded 41 resources in 3ms.
11-01 12:01:12.512 354 354 V Zygote64Timing: PreloadResources took to complete: 24ms
11-01 12:01:12.531 354 354 I Zygote : Preloading shared libraries...
11-01 12:01:12.535 354 354 E zygote64: Unable to find pattern file or unable to map it for am
11-01 12:01:12.537 354 354 I Zygote : Called ZygoteHooks.endPreload()
11-01 12:01:12.537 354 354 I Zygote : Installed AndroidKeyStoreProvider in 0ms.
11-01 12:01:12.538 354 354 I Zygote : Warmed up JCA providers in 2ms.
11-01 12:01:12.538 354 354 D Zygote : end preload
11-01 12:01:12.538 354 354 V Zygote64Timing: ZygotePreload took to complete: 1422ms
11-01 12:01:12.581 354 354 I zygote64: Explicit concurrent copying GC freed 149826(6799KB) AllocSpace objects, 19(544KB) LOS objects, 49% free, 8483KB/16MB, paused 75us,21us total 42.910ms
11-01 12:01:12.619 354 354 I zygote64: Explicit concurrent copying GC freed 7616(293KB) AllocSpace objects, 1(28KB) LOS objects, 49% free, 8193KB/16MB, paused 122us,14us total 35.071ms
11-01 12:01:12.619 354 354 V Zygote64Timing: PostZygoteInitGC took to complete: 80ms
11-01 12:01:12.619 354 354 V Zygote64Timing: ZygoteInit took to complete: 1510ms
11-01 12:01:12.717 354 354 D Zygote : Forked child process 549
11-01 12:01:12.717 354 354 I Zygote : System server process 549 has been created
11-01 12:01:12.718 354 354 I Zygote : Accepting command socket connections
11-01 12:01:13.000 549 549 D nativeloader: Configuring clns-shared-6 for other apk /system/framework/com.android.location.provider.jar:/system/framework/services.jar:/apex/com.android.adservices/javalib/service-adservices.jar:/apex/com.android.adservices/javalib/service-sdksandbox.jar:/apex/com.android.appsearch/javalib/service-appsearch.jar:/apex/com.android.art/javalib/service-art.jar:/apex/com.android.configinfrastructure/javalib/service-configinfrastructure.jar:/apex/com.android.healthfitness/javalib/service-healthfitness.jar:/apex/com.android.media/javalib/service-media-s.jar:/apex/com.android.ondevicepersonalization/javalib/service-ondevicepersonalization.jar:/apex/com.android.permission/javalib/service-permission.jar:/apex/com.android.rkpd/javalib/service-rkp.jar. target_sdk_version=10000, uses_libraries=ALL, library_path=/system/lib64:/system_ext/lib64, permitted_path=/data:/mnt/expand:/system/lib64:/system_ext/lib64
11-01 12:01:13.002 549 549 D nativeloader: InitApexLibraries:
11-01 12:01:13.002 549 549 D nativeloader: com_android_adservices: libhpke_jni.so:libtflite_support_classifiers_native.so
11-01 12:01:13.002 549 549 D nativeloader: com_android_appsearch: libicing.so
11-01 12:01:13.002 549 549 D nativeloader: com_android_art: libartservice.so
11-01 12:01:13.002 549 549 D nativeloader: com_android_btservices: libbluetooth_jni.so
11-01 12:01:13.002 549 549 D nativeloader: com_android_conscrypt: libjavacrypto.so
11-01 12:01:13.002 549 549 D nativeloader: com_android_extservices: libtflite_support_classifiers_native.so
11-01 12:01:13.002 549 549 D nativeloader: com_android_os_statsd: libstats_jni.so
11-01 12:01:13.002 549 549 D nativeloader: com_android_tethering: libandroid_net_connectivity_com_android_net_module_util_jni.so:libcronet.114.0.5735.84.so:libframework-connectivity-jni.so:libframework-connectivity-tiramisu-jni.so:libservice-connectivity.so
11-01 12:01:13.002 549 549 D nativeloader: com_android_uwb: libuwb_uci_jni_rust.so
11-01 12:01:13.002 549 549 D nativeloader: com_android_virt: libvirtualizationservice_jni.so:libvirtualmachine_jni.so
11-01 12:01:13.010 549 549 D nativeloader: Configuring clns-shared-7 for other apk /apex/com.android.btservices/javalib/service-bluetooth.jar. target_sdk_version=34, uses_libraries=ALL, library_path=, permitted_path=/data:/mnt/expand
11-01 12:01:13.015 549 549 D nativeloader: Configuring clns-shared-8 for other apk /apex/com.android.devicelock/javalib/service-devicelock.jar. target_sdk_version=34, uses_libraries=ALL, library_path=, permitted_path=/data:/mnt/expand
11-01 12:01:13.021 549 549 D nativeloader: Configuring clns-shared-9 for other apk /apex/com.android.os.statsd/javalib/service-statsd.jar. target_sdk_version=34, uses_libraries=ALL, library_path=, permitted_path=/data:/mnt/expand
11-01 12:01:13.028 549 549 D nativeloader: Configuring clns-shared-10 for other apk /apex/com.android.scheduling/javalib/service-scheduling.jar. target_sdk_version=34, uses_libraries=ALL, library_path=, permitted_path=/data:/mnt/expand
11-01 12:01:13.044 549 549 D nativeloader: Configuring clns-shared-11 for other apk /apex/com.android.tethering/javalib/service-connectivity.jar. target_sdk_version=34, uses_libraries=ALL, library_path=, permitted_path=/data:/mnt/expand
11-01 12:01:13.067 549 549 D nativeloader: Configuring clns-shared-12 for other apk /apex/com.android.uwb/javalib/service-uwb.jar. target_sdk_version=34, uses_libraries=ALL, library_path=, permitted_path=/data:/mnt/expand
11-01 12:01:13.116 549 549 D nativeloader: Configuring clns-shared-13 for other apk /apex/com.android.wifi/javalib/service-wifi.jar. target_sdk_version=34, uses_libraries=ALL, library_path=, permitted_path=/data:/mnt/expand
11-01 12:01:13.176 549 549 I system_server: Using CollectorTypeCC GC.
11-01 12:01:13.178 549 549 W system_server: Unexpected CPU variant for x86: x86_64.
11-01 12:01:13.178 549 549 W system_server: Known variants: atom, sandybridge, silvermont, goldmont, goldmont-plus, tremont, kabylake, default
11-01 12:01:13.180 549 549 W system_server: Failed to upload odrefresh metrics: Unable to open or parse metrics file /data/misc/odrefresh/odrefresh-metrics.xml (error: Error=XML_ERROR_FILE_NOT_FOUND ErrorID=3 (0x3) Line number=0: filename=/data/misc/odrefresh/odrefresh-metrics.xml)
11-01 12:01:13.181 549 549 E system_server: Not starting debugger since process cannot load the jdwp agent.
11-01 12:01:13.189 549 549 D SystemServerTiming: InitBeforeStartServices
11-01 12:01:13.190 549 549 I SystemServer: Entered the Android system server!
11-01 12:01:13.529 549 549 I SystemServerInitThreadPool: Creating instance with 4 threads
11-01 12:01:13.530 549 549 W System : No Compatibility callbacks set! Querying change 247079863
11-01 12:01:13.530 549 549 W System : No Compatibility callbacks set! Querying change 247079863
11-01 12:01:13.531 549 549 W System : No Compatibility callbacks set! Querying change 247079863
11-01 12:01:13.531 549 549 W System : No Compatibility callbacks set! Querying change 247079863
11-01 12:01:13.531 549 549 W System : No Compatibility callbacks set! Querying change 247079863
11-01 12:01:13.531 549 549 W System : No Compatibility callbacks set! Querying change 247079863
11-01 12:01:13.531 549 549 W System : No Compatibility callbacks set! Querying change 247079863
11-01 12:01:13.531 549 549 W System : No Compatibility callbacks set! Querying change 247079863
11-01 12:01:13.531 549 549 W System : No Compatibility callbacks set! Querying change 247079863
11-01 12:01:13.531 549 549 W System : No Compatibility callbacks set! Querying change 247079863
11-01 12:01:13.532 549 549 W System : No Compatibility callbacks set! Querying change 247079863
11-01 12:01:13.532 549 549 W System : No Compatibility callbacks set! Querying change 247079863
11-01 12:01:13.532 549 549 W System : No Compatibility callbacks set! Querying change 247079863
11-01 12:01:13.532 549 549 W System : No Compatibility callbacks set! Querying change 247079863
11-01 12:01:13.532 549 549 W System : No Compatibility callbacks set! Querying change 247079863
11-01 12:01:13.532 549 549 W System : No Compatibility callbacks set! Querying change 247079863
11-01 12:01:13.532 549 549 W System : No Compatibility callbacks set! Querying change 247079863
11-01 12:01:13.532 549 549 W System : No Compatibility callbacks set! Querying change 247079863
11-01 12:01:13.533 549 549 W System : No Compatibility callbacks set! Querying change 247079863
11-01 12:01:13.533 549 549 W System : No Compatibility callbacks set! Querying change 247079863
11-01 12:01:13.533 549 549 W System : No Compatibility callbacks set! Querying change 247079863
11-01 12:01:13.533 549 549 W System : No Compatibility callbacks set! Querying change 247079863
11-01 12:01:13.533 549 549 W System : No Compatibility callbacks set! Querying change 247079863
11-01 12:01:13.533 549 549 W System : No Compatibility callbacks set! Querying change 247079863
11-01 12:01:13.533 549 549 W System : No Compatibility callbacks set! Querying change 247079863
11-01 12:01:13.533 549 549 W System : No Compatibility callbacks set! Querying change 247079863
11-01 12:01:13.533 549 549 W System : No Compatibility callbacks set! Querying change 247079863
11-01 12:01:13.533 549 549 W System : No Compatibility callbacks set! Querying change 247079863
11-01 12:01:13.533 549 549 W System : No Compatibility callbacks set! Querying change 247079863
11-01 12:01:13.533 549 549 W System : No Compatibility callbacks set! Querying change 247079863
11-01 12:01:13.534 549 549 W System : No Compatibility callbacks set! Querying change 247079863
11-01 12:01:13.534 549 549 W System : No Compatibility callbacks set! Querying change 247079863
11-01 12:01:13.534 549 549 W System : No Compatibility callbacks set! Querying change 247079863
11-01 12:01:13.534 549 549 W System : No Compatibility callbacks set! Querying change 247079863
11-01 12:01:13.534 549 549 W System : No Compatibility callbacks set! Querying change 247079863
11-01 12:01:13.534 549 549 W System : No Compatibility callbacks set! Querying change 247079863
11-01 12:01:13.534 549 549 W System : No Compatibility callbacks set! Querying change 247079863
