11-01 12:01:16.841 549 549 V SystemServerTiming: OnBootPhase_480_com.android.server.deviceconfig.DeviceConfigInit$Lifecycle took to complete: 0ms
11-01 12:01:16.841 549 549 D SystemServerTiming: OnBootPhase_480_com.android.server.DropBoxManagerService
11-01 12:01:16.841 549 549 V SystemServerTiming: OnBootPhase_480_com.android.server.DropBoxManagerService took to complete: 0ms
11-01 12:01:16.841 549 549 D SystemServerTiming: OnBootPhase_480_com.android.role.RoleService
11-01 12:01:16.841 549 549 V SystemServerTiming: OnBootPhase_480_com.android.role.RoleService took to complete: 0ms
11-01 12:01:16.841 549 549 D SystemServerTiming: OnBootPhase_480_com.android.server.vibrator.VibratorManagerService$Lifecycle
11-01 12:01:16.841 549 549 V SystemServerTiming: OnBootPhase_480_com.android.server.vibrator.VibratorManagerService$Lifecycle took to complete: 0ms
11-01 12:01:16.841 549 549 D SystemServerTiming: OnBootPhase_480_com.android.server.tare.InternalResourceService
11-01 12:01:16.841 549 549 V SystemServerTiming: OnBootPhase_480_com.android.server.tare.InternalResourceService took to complete: 0ms
11-01 12:01:16.841 549 549 D SystemServerTiming: OnBootPhase_480_com.android.server.alarm.AlarmManagerService
11-01 12:01:16.841 549 549 V SystemServerTiming: OnBootPhase_480_com.android.server.alarm.AlarmManagerService took to complete: 0ms
11-01 12:01:16.841 549 549 D SystemServerTiming: OnBootPhase_480_com.android.server.devicestate.DeviceStateManagerService
11-01 12:01:16.841 549 549 V SystemServerTiming: OnBootPhase_480_com.android.server.devicestate.DeviceStateManagerService took to complete: 0ms
11-01 12:01:16.841 549 549 D SystemServerTiming: OnBootPhase_480_com.android.server.camera.CameraServiceProxy
11-01 12:01:16.841 549 549 V SystemServerTiming: OnBootPhase_480_com.android.server.camera.CameraServiceProxy took to complete: 0ms
11-01 12:01:16.841 549 549 D SystemServerTiming: OnBootPhase_480_com.android.server.bluetooth.BluetoothService
11-01 12:01:16.841 549 549 V SystemServerTiming: OnBootPhase_480_com.android.server.bluetooth.BluetoothService took to complete: 0ms
11-01 12:01:16.841 549 549 D SystemServerTiming: OnBootPhase_480_com.android.server.connectivity.IpConnectivityMetrics
11-01 12:01:16.841 549 549 V SystemServerTiming: OnBootPhase_480_com.android.server.connectivity.IpConnectivityMetrics took to complete: 0ms
11-01 12:01:16.841 549 549 D SystemServerTiming: OnBootPhase_480_com.android.server.net.watchlist.NetworkWatchlistService$Lifecycle
11-01 12:01:16.841 549 549 V SystemServerTiming: OnBootPhase_480_com.android.server.net.watchlist.NetworkWatchlistService$Lifecycle took to complete: 0ms
11-01 12:01:16.841 549 549 D SystemServerTiming: OnBootPhase_480_com.android.server.PinnerService
11-01 12:01:16.841 549 549 V SystemServerTiming: OnBootPhase_480_com.android.server.PinnerService took to complete: 0ms
11-01 12:01:16.841 549 549 D SystemServerTiming: OnBootPhase_480_com.android.server.integrity.AppIntegrityManagerService
11-01 12:01:16.841 549 549 V SystemServerTiming: OnBootPhase_480_com.android.server.integrity.AppIntegrityManagerService took to complete: 0ms
11-01 12:01:16.841 549 549 D SystemServerTiming: OnBootPhase_480_com.android.server.logcat.LogcatManagerService
11-01 12:01:16.841 549 549 V SystemServerTiming: OnBootPhase_480_com.android.server.logcat.LogcatManagerService took to complete: 0ms
11-01 12:01:16.841 549 549 D SystemServerTiming: OnBootPhase_480_com.android.server.inputmethod.InputMethodManagerService$Lifecycle
11-01 12:01:16.841 549 549 V SystemServerTiming: OnBootPhase_480_com.android.server.inputmethod.InputMethodManagerService$Lifecycle took to complete: 0ms
11-01 12:01:16.842 549 549 D SystemServerTiming: OnBootPhase_480_com.android.server.accessibility.AccessibilityManagerService$Lifecycle
11-01 12:01:16.842 549 549 V SystemServerTiming: OnBootPhase_480_com.android.server.accessibility.AccessibilityManagerService$Lifecycle took to complete: 0ms
11-01 12:01:16.842 549 549 D SystemServerTiming: OnBootPhase_480_com.android.server.StorageManagerService$Lifecycle
11-01 12:01:16.842 549 549 V SystemServerTiming: OnBootPhase_480_com.android.server.StorageManagerService$Lifecycle took to complete: 0ms
11-01 12:01:16.842 549 549 D SystemServerTiming: OnBootPhase_480_com.android.server.usage.StorageStatsService$Lifecycle
11-01 12:01:16.842 549 549 V SystemServerTiming: OnBootPhase_480_com.android.server.usage.StorageStatsService$Lifecycle took to complete: 0ms
11-01 12:01:16.842 549 549 D SystemServerTiming: OnBootPhase_480_com.android.server.UiModeManagerService
11-01 12:01:16.842 549 549 V SystemServerTiming: OnBootPhase_480_com.android.server.UiModeManagerService took to complete: 0ms
11-01 12:01:16.842 549 549 D SystemServerTiming: OnBootPhase_480_com.android.server.locales.LocaleManagerService
11-01 12:01:16.842 549 549 V SystemServerTiming: OnBootPhase_480_com.android.server.locales.LocaleManagerService took to complete: 0ms
11-01 12:01:16.842 549 549 D SystemServerTiming: OnBootPhase_480_com.android.server.grammaticalinflection.GrammaticalInflectionService
11-01 12:01:16.842 549 549 V SystemServerTiming: OnBootPhase_480_com.android.server.grammaticalinflection.GrammaticalInflectionService took to complete: 0ms
11-01 12:01:16.842 549 549 D SystemServerTiming: OnBootPhase_480_com.android.server.apphibernation.AppHibernationService
11-01 12:01:16.842 549 549 V SystemServerTiming: OnBootPhase_480_com.android.server.apphibernation.AppHibernationService took to complete: 0ms
11-01 12:01:16.842 549 549 D SystemServerTiming: OnBootPhase_480_com.android.server.locksettings.LockSettingsService$Lifecycle
11-01 12:01:16.842 549 549 V SystemServerTiming: OnBootPhase_480_com.android.server.locksettings.LockSettingsService$Lifecycle took to complete: 0ms
11-01 12:01:16.842 549 549 D SystemServerTiming: OnBootPhase_480_com.android.server.testharness.TestHarnessModeService
11-01 12:01:16.842 549 549 V SystemServerTiming: OnBootPhase_480_com.android.server.testharness.TestHarnessModeService took to complete: 0ms
11-01 12:01:16.842 549 549 D SystemServerTiming: OnBootPhase_480_com.android.server.DeviceIdleController
11-01 12:01:16.842 549 549 V SystemServerTiming: OnBootPhase_480_com.android.server.DeviceIdleController took to complete: 0ms
11-01 12:01:16.842 549 549 D SystemServerTiming: OnBootPhase_480_com.android.server.devicepolicy.DevicePolicyManagerService$Lifecycle
11-01 12:01:16.848 549 549 I UsbPortManager: USB HAL AIDL version: USB_HAL_V2_0
11-01 12:01:16.848 549 632 D SystemServerTimingAsync: InitThreadPoolExec:DevicePolicyManager
11-01 12:01:16.848 549 632 D SystemServerInitThreadPool: Started executing DevicePolicyManager
11-01 12:01:16.848 549 549 V SystemServerTiming: OnBootPhase_480_com.android.server.devicepolicy.DevicePolicyManagerService$Lifecycle took to complete: 6ms
11-01 12:01:16.849 549 549 D SystemServerTiming: OnBootPhase_480_com.android.server.musicrecognition.MusicRecognitionManagerService
11-01 12:01:16.849 549 549 V SystemServerTiming: OnBootPhase_480_com.android.server.musicrecognition.MusicRecognitionManagerService took to complete: 0ms
11-01 12:01:16.849 549 632 D SystemServerInitThreadPool: Finished executing DevicePolicyManager
11-01 12:01:16.849 549 632 V SystemServerTimingAsync: InitThreadPoolExec:DevicePolicyManager took to complete: 0ms
11-01 12:01:16.849 549 549 D SystemServerTiming: OnBootPhase_480_com.android.server.contentcapture.ContentCaptureManagerService
11-01 12:01:16.849 549 549 V SystemServerTiming: OnBootPhase_480_com.android.server.contentcapture.ContentCaptureManagerService took to complete: 0ms
11-01 12:01:16.849 549 549 D SystemServerTiming: OnBootPhase_480_com.android.server.systemcaptions.SystemCaptionsManagerService
11-01 12:01:16.849 549 549 V SystemServerTiming: OnBootPhase_480_com.android.server.systemcaptions.SystemCaptionsManagerService took to complete: 0ms
11-01 12:01:16.849 549 549 D SystemServerTiming: OnBootPhase_480_com.android.server.texttospeech.TextToSpeechManagerService
11-01 12:01:16.850 549 549 V SystemServerTiming: OnBootPhase_480_com.android.server.texttospeech.TextToSpeechManagerService took to complete: 0ms
11-01 12:01:16.850 549 549 D SystemServerTiming: OnBootPhase_480_com.android.server.ambientcontext.AmbientContextManagerService
11-01 12:01:16.850 352 356 I ServiceManagerCppClient: Waiting for service 'statscompanion' on '/dev/binder' successful after waiting 1212ms
11-01 12:01:16.850 549 549 V SystemServerTiming: OnBootPhase_480_com.android.server.ambientcontext.AmbientContextManagerService took to complete: 0ms
11-01 12:01:16.850 549 549 D SystemServerTiming: OnBootPhase_480_com.android.server.wearable.WearableSensingManagerService
11-01 12:01:16.850 549 549 V SystemServerTiming: OnBootPhase_480_com.android.server.wearable.WearableSensingManagerService took to complete: 0ms
11-01 12:01:16.851 549 549 D SystemServerTiming: OnBootPhase_480_com.android.server.speech.SpeechRecognitionManagerService
11-01 12:01:16.851 549 549 V SystemServerTiming: OnBootPhase_480_com.android.server.speech.SpeechRecognitionManagerService took to complete: 0ms
11-01 12:01:16.851 549 549 D SystemServerTiming: OnBootPhase_480_com.android.server.appprediction.AppPredictionManagerService
11-01 12:01:16.851 549 549 V SystemServerTiming: OnBootPhase_480_com.android.server.appprediction.AppPredictionManagerService took to complete: 0ms
11-01 12:01:16.851 549 549 D SystemServerTiming: OnBootPhase_480_com.android.server.contentsuggestions.ContentSuggestionsManagerService
11-01 12:01:16.851 549 549 V SystemServerTiming: OnBootPhase_480_com.android.server.contentsuggestions.ContentSuggestionsManagerService took to complete: 0ms
11-01 12:01:16.851 549 549 D SystemServerTiming: OnBootPhase_480_com.android.server.searchui.SearchUiManagerService
11-01 12:01:16.852 549 549 V SystemServerTiming: OnBootPhase_480_com.android.server.searchui.SearchUiManagerService took to complete: 0ms
11-01 12:01:16.852 549 549 D SystemServerTiming: OnBootPhase_480_com.android.server.smartspace.SmartspaceManagerService
11-01 12:01:16.852 549 549 V SystemServerTiming: OnBootPhase_480_com.android.server.smartspace.SmartspaceManagerService took to complete: 0ms
11-01 12:01:16.852 549 549 D SystemServerTiming: OnBootPhase_480_com.android.server.graphics.fonts.FontManagerService$Lifecycle
11-01 12:01:16.852 549 549 V SystemServerTiming: OnBootPhase_480_com.android.server.graphics.fonts.FontManagerService$Lifecycle took to complete: 0ms
11-01 12:01:16.852 549 549 D SystemServerTiming: OnBootPhase_480_com.android.server.textservices.TextServicesManagerService$Lifecycle
11-01 12:01:16.852 549 549 V SystemServerTiming: OnBootPhase_480_com.android.server.textservices.TextServicesManagerService$Lifecycle took to complete: 0ms
11-01 12:01:16.852 549 549 D SystemServerTiming: OnBootPhase_480_com.android.server.textclassifier.TextClassificationManagerService$Lifecycle
11-01 12:01:16.852 549 549 V SystemServerTiming: OnBootPhase_480_com.android.server.textclassifier.TextClassificationManagerService$Lifecycle took to complete: 0ms
11-01 12:01:16.852 549 549 D SystemServerTiming: OnBootPhase_480_com.android.server.NetworkScoreService$Lifecycle
11-01 12:01:16.852 549 549 V SystemServerTiming: OnBootPhase_480_com.android.server.NetworkScoreService$Lifecycle took to complete: 0ms
11-01 12:01:16.853 549 549 D SystemServerTiming: OnBootPhase_480_com.android.server.NetworkStatsServiceInitializer
11-01 12:01:16.853 549 549 V SystemServerTiming: OnBootPhase_480_com.android.server.NetworkStatsServiceInitializer took to complete: 0ms
11-01 12:01:16.853 549 549 D SystemServerTiming: OnBootPhase_480_com.android.server.wifi.WifiService
11-01 12:01:16.853 549 549 V SystemServerTiming: OnBootPhase_480_com.android.server.wifi.WifiService took to complete: 0ms
11-01 12:01:16.853 549 549 D SystemServerTiming: OnBootPhase_480_com.android.server.wifi.scanner.WifiScanningService
11-01 12:01:16.853 549 549 V SystemServerTiming: OnBootPhase_480_com.android.server.wifi.scanner.WifiScanningService took to complete: 0ms
11-01 12:01:16.853 549 549 D SystemServerTiming: OnBootPhase_480_com.android.server.wifi.p2p.WifiP2pService
11-01 12:01:16.853 549 549 V SystemServerTiming: OnBootPhase_480_com.android.server.wifi.p2p.WifiP2pService took to complete: 0ms
11-01 12:01:16.853 549 549 D SystemServerTiming: OnBootPhase_480_com.android.server.ConnectivityServiceInitializer
11-01 12:01:16.854 549 549 V SystemServerTiming: OnBootPhase_480_com.android.server.ConnectivityServiceInitializer took to complete: 0ms
11-01 12:01:16.854 549 549 D SystemServerTiming: OnBootPhase_480_com.android.server.notification.NotificationManagerService
11-01 12:01:16.854 549 549 V SystemServerTiming: OnBootPhase_480_com.android.server.notification.NotificationManagerService took to complete: 0ms
11-01 12:01:16.854 549 549 D SystemServerTiming: OnBootPhase_480_com.android.server.storage.DeviceStorageMonitorService
11-01 12:01:16.854 549 549 V SystemServerTiming: OnBootPhase_480_com.android.server.storage.DeviceStorageMonitorService took to complete: 0ms
11-01 12:01:16.854 549 549 D SystemServerTiming: OnBootPhase_480_com.android.server.timedetector.TimeDetectorService$Lifecycle
11-01 12:01:16.854 549 549 V SystemServerTiming: OnBootPhase_480_com.android.server.timedetector.TimeDetectorService$Lifecycle took to complete: 0ms
11-01 12:01:16.854 549 549 D SystemServerTiming: OnBootPhase_480_com.android.server.location.LocationManagerService$Lifecycle
11-01 12:01:16.854 549 549 V SystemServerTiming: OnBootPhase_480_com.android.server.location.LocationManagerService$Lifecycle took to complete: 0ms
11-01 12:01:16.854 549 549 D SystemServerTiming: OnBootPhase_480_com.android.server.timezonedetector.TimeZoneDetectorService$Lifecycle
11-01 12:01:16.854 549 549 V SystemServerTiming: OnBootPhase_480_com.android.server.timezonedetector.TimeZoneDetectorService$Lifecycle took to complete: 0ms
11-01 12:01:16.855 549 549 D SystemServerTiming: OnBootPhase_480_com.android.server.location.altitude.AltitudeService$Lifecycle
11-01 12:01:16.855 549 549 V SystemServerTiming: OnBootPhase_480_com.android.server.location.altitude.AltitudeService$Lifecycle took to complete: 0ms
11-01 12:01:16.855 549 549 D SystemServerTiming: OnBootPhase_480_com.android.server.timezonedetector.location.LocationTimeZoneManagerService$Lifecycle
11-01 12:01:16.855 549 549 V SystemServerTiming: OnBootPhase_480_com.android.server.timezonedetector.location.LocationTimeZoneManagerService$Lifecycle took to complete: 0ms
11-01 12:01:16.855 549 549 D SystemServerTiming: OnBootPhase_480_com.android.server.search.SearchManagerService$Lifecycle
11-01 12:01:16.855 549 549 V SystemServerTiming: OnBootPhase_480_com.android.server.search.SearchManagerService$Lifecycle took to complete: 0ms
11-01 12:01:16.855 549 549 D SystemServerTiming: OnBootPhase_480_com.android.server.wallpaper.WallpaperManagerService$Lifecycle
11-01 12:01:16.856 549 549 V SystemServerTiming: OnBootPhase_480_com.android.server.wallpaper.WallpaperManagerService$Lifecycle took to complete: 0ms
11-01 12:01:16.856 549 549 D SystemServerTiming: OnBootPhase_480_com.android.server.wallpapereffectsgeneration.WallpaperEffectsGenerationManagerService
11-01 12:01:16.856 549 549 V SystemServerTiming: OnBootPhase_480_com.android.server.wallpapereffectsgeneration.WallpaperEffectsGenerationManagerService took to complete: 0ms
11-01 12:01:16.856 549 549 D SystemServerTiming: OnBootPhase_480_com.android.server.audio.AudioService$Lifecycle
11-01 12:01:16.856 549 549 V SystemServerTiming: OnBootPhase_480_com.android.server.audio.AudioService$Lifecycle took to complete: 0ms
11-01 12:01:16.856 549 549 D SystemServerTiming: OnBootPhase_480_com.android.server.soundtrigger_middleware.SoundTriggerMiddlewareService$Lifecycle
11-01 12:01:16.856 549 549 V SystemServerTiming: OnBootPhase_480_com.android.server.soundtrigger_middleware.SoundTriggerMiddlewareService$Lifecycle took to complete: 0ms
11-01 12:01:16.856 549 549 D SystemServerTiming: OnBootPhase_480_com.android.server.DockObserver
11-01 12:01:16.857 549 549 V SystemServerTiming: OnBootPhase_480_com.android.server.DockObserver took to complete: 0ms
11-01 12:01:16.857 549 549 D SystemServerTiming: OnBootPhase_480_com.android.server.midi.MidiService$Lifecycle
11-01 12:01:16.857 549 549 V SystemServerTiming: OnBootPhase_480_com.android.server.midi.MidiService$Lifecycle took to complete: 0ms
11-01 12:01:16.857 549 549 D SystemServerTiming: OnBootPhase_480_com.android.server.adb.AdbService$Lifecycle
11-01 12:01:16.857 549 549 V SystemServerTiming: OnBootPhase_480_com.android.server.adb.AdbService$Lifecycle took to complete: 0ms
11-01 12:01:16.857 549 549 D SystemServerTiming: OnBootPhase_480_com.android.server.usb.UsbService$Lifecycle
11-01 12:01:16.857 549 549 V SystemServerTiming: OnBootPhase_480_com.android.server.usb.UsbService$Lifecycle took to complete: 0ms
11-01 12:01:16.858 549 549 D SystemServerTiming: OnBootPhase_480_com.android.server.twilight.TwilightService
11-01 12:01:16.858 549 549 V SystemServerTiming: OnBootPhase_480_com.android.server.twilight.TwilightService took to complete: 0ms
11-01 12:01:16.858 549 549 D SystemServerTiming: OnBootPhase_480_com.android.server.display.color.ColorDisplayService
11-01 12:01:16.858 549 549 V SystemServerTiming: OnBootPhase_480_com.android.server.display.color.ColorDisplayService took to complete: 0ms
11-01 12:01:16.858 549 549 D SystemServerTiming: OnBootPhase_480_com.android.server.job.JobSchedulerService
11-01 12:01:16.858 549 549 V SystemServerTiming: OnBootPhase_480_com.android.server.job.JobSchedulerService took to complete: 0ms
11-01 12:01:16.858 549 549 D SystemServerTiming: OnBootPhase_480_com.android.server.soundtrigger.SoundTriggerService
11-01 12:01:16.858 549 549 D SoundTriggerService: onBootPhase: 480 : false
11-01 12:01:16.859 549 549 V SystemServerTiming: OnBootPhase_480_com.android.server.soundtrigger.SoundTriggerService took to complete: 0ms
11-01 12:01:16.859 549 549 D SystemServerTiming: OnBootPhase_480_com.android.server.trust.TrustManagerService
11-01 12:01:16.859 549 549 V SystemServerTiming: OnBootPhase_480_com.android.server.trust.TrustManagerService took to complete: 0ms
11-01 12:01:16.859 549 549 D SystemServerTiming: OnBootPhase_480_com.android.server.backup.BackupManagerService$Lifecycle
11-01 12:01:16.859 549 549 V SystemServerTiming: OnBootPhase_480_com.android.server.backup.BackupManagerService$Lifecycle took to complete: 0ms
11-01 12:01:16.859 549 549 D SystemServerTiming: OnBootPhase_480_com.android.server.appwidget.AppWidgetService
11-01 12:01:16.859 549 549 V SystemServerTiming: OnBootPhase_480_com.android.server.appwidget.AppWidgetService took to complete: 0ms
11-01 12:01:16.859 549 549 D SystemServerTiming: OnBootPhase_480_com.android.server.voiceinteraction.VoiceInteractionManagerService
11-01 12:01:16.859 549 549 V SystemServerTiming: OnBootPhase_480_com.android.server.voiceinteraction.VoiceInteractionManagerService took to complete: 0ms
11-01 12:01:16.860 549 549 D SystemServerTiming: OnBootPhase_480_com.android.server.GestureLauncherService
11-01 12:01:16.860 549 549 V SystemServerTiming: OnBootPhase_480_com.android.server.GestureLauncherService took to complete: 0ms
11-01 12:01:16.860 549 549 D SystemServerTiming: OnBootPhase_480_com.android.server.SensorNotificationService
11-01 12:01:16.860 549 549 V SystemServerTiming: OnBootPhase_480_com.android.server.SensorNotificationService took to complete: 0ms
11-01 12:01:16.860 549 549 D SystemServerTiming: OnBootPhase_480_com.android.server.emergency.EmergencyAffordanceService
11-01 12:01:16.860 549 549 V SystemServerTiming: OnBootPhase_480_com.android.server.emergency.EmergencyAffordanceService took to complete: 0ms
11-01 12:01:16.860 549 549 D SystemServerTiming: OnBootPhase_480_com.android.server.blob.BlobStoreManagerService
11-01 12:01:16.860 549 549 V SystemServerTiming: OnBootPhase_480_com.android.server.blob.BlobStoreManagerService took to complete: 0ms
11-01 12:01:16.860 549 549 D SystemServerTiming: OnBootPhase_480_com.android.server.dreams.DreamManagerService
11-01 12:01:16.860 549 549 V SystemServerTiming: OnBootPhase_480_com.android.server.dreams.DreamManagerService took to complete: 0ms
11-01 12:01:16.860 549 549 D SystemServerTiming: OnBootPhase_480_com.android.server.print.PrintManagerService
11-01 12:01:16.860 549 549 V SystemServerTiming: OnBootPhase_480_com.android.server.print.PrintManagerService took to complete: 0ms
11-01 12:01:16.861 549 549 D SystemServerTiming: OnBootPhase_480_com.android.server.security.AttestationVerificationManagerService
11-01 12:01:16.861 549 549 V SystemServerTiming: OnBootPhase_480_com.android.server.security.AttestationVerificationManagerService took to complete: 0ms
11-01 12:01:16.861 549 549 D SystemServerTiming: OnBootPhase_480_com.android.server.companion.CompanionDeviceManagerService
11-01 12:01:16.861 549 549 V SystemServerTiming: OnBootPhase_480_com.android.server.companion.CompanionDeviceManagerService took to complete: 0ms
11-01 12:01:16.861 549 549 D SystemServerTiming: OnBootPhase_480_com.android.server.companion.virtual.VirtualDeviceManagerService
11-01 12:01:16.861 549 549 V SystemServerTiming: OnBootPhase_480_com.android.server.companion.virtual.VirtualDeviceManagerService took to complete: 0ms
11-01 12:01:16.861 549 549 D SystemServerTiming: OnBootPhase_480_com.android.server.restrictions.RestrictionsManagerService
11-01 12:01:16.861 549 549 V SystemServerTiming: OnBootPhase_480_com.android.server.restrictions.RestrictionsManagerService took to complete: 0ms
11-01 12:01:16.861 549 549 D SystemServerTiming: OnBootPhase_480_com.android.server.media.MediaSessionService
11-01 12:01:16.861 549 549 V SystemServerTiming: OnBootPhase_480_com.android.server.media.MediaSessionService took to complete: 0ms
11-01 12:01:16.861 549 549 D SystemServerTiming: OnBootPhase_480_com.android.server.media.MediaResourceMonitorService
11-01 12:01:16.862 549 549 V SystemServerTiming: OnBootPhase_480_com.android.server.media.MediaResourceMonitorService took to complete: 0ms
11-01 12:01:16.862 549 549 D SystemServerTiming: OnBootPhase_480_com.android.server.biometrics.sensors.face.FaceService
11-01 12:01:16.862 549 549 V SystemServerTiming: OnBootPhase_480_com.android.server.biometrics.sensors.face.FaceService took to complete: 0ms
11-01 12:01:16.862 549 549 D SystemServerTiming: OnBootPhase_480_com.android.server.biometrics.sensors.fingerprint.FingerprintService
11-01 12:01:16.862 549 549 V SystemServerTiming: OnBootPhase_480_com.android.server.biometrics.sensors.fingerprint.FingerprintService took to complete: 0ms
11-01 12:01:16.862 549 549 D SystemServerTiming: OnBootPhase_480_com.android.server.biometrics.BiometricService
11-01 12:01:16.862 549 549 V SystemServerTiming: OnBootPhase_480_com.android.server.biometrics.BiometricService took to complete: 0ms
11-01 12:01:16.862 549 549 D SystemServerTiming: OnBootPhase_480_com.android.server.biometrics.AuthService
11-01 12:01:16.862 549 549 V SystemServerTiming: OnBootPhase_480_com.android.server.biometrics.AuthService took to complete: 0ms
11-01 12:01:16.862 549 549 D SystemServerTiming: OnBootPhase_480_com.android.server.pm.ShortcutService$Lifecycle
11-01 12:01:16.864 549 549 V SystemServerTiming: OnBootPhase_480_com.android.server.pm.ShortcutService$Lifecycle took to complete: 2ms
11-01 12:01:16.865 549 549 D SystemServerTiming: OnBootPhase_480_com.android.server.pm.LauncherAppsService
11-01 12:01:16.865 549 549 V SystemServerTiming: OnBootPhase_480_com.android.server.pm.LauncherAppsService took to complete: 0ms
11-01 12:01:16.865 549 549 D SystemServerTiming: OnBootPhase_480_com.android.server.pm.CrossProfileAppsService
11-01 12:01:16.865 549 549 V SystemServerTiming: OnBootPhase_480_com.android.server.pm.CrossProfileAppsService took to complete: 0ms
11-01 12:01:16.865 549 549 D SystemServerTiming: OnBootPhase_480_com.android.server.people.PeopleService
11-01 12:01:16.865 549 549 V SystemServerTiming: OnBootPhase_480_com.android.server.people.PeopleService took to complete: 0ms
11-01 12:01:16.865 549 549 D SystemServerTiming: OnBootPhase_480_com.android.server.media.metrics.MediaMetricsManagerService
11-01 12:01:16.865 549 549 V SystemServerTiming: OnBootPhase_480_com.android.server.media.metrics.MediaMetricsManagerService took to complete: 0ms
11-01 12:01:16.865 549 549 D SystemServerTiming: OnBootPhase_480_com.android.server.pm.BackgroundInstallControlService
11-01 12:01:16.865 549 549 V SystemServerTiming: OnBootPhase_480_com.android.server.pm.BackgroundInstallControlService took to complete: 0ms
11-01 12:01:16.865 549 549 D SystemServerTiming: OnBootPhase_480_com.android.server.media.projection.MediaProjectionManagerService
11-01 12:01:16.866 549 549 V SystemServerTiming: OnBootPhase_480_com.android.server.media.projection.MediaProjectionManagerService took to complete: 0ms
11-01 12:01:16.866 549 549 D SystemServerTiming: OnBootPhase_480_com.android.server.slice.SliceManagerService$Lifecycle
11-01 12:01:16.866 549 549 V SystemServerTiming: OnBootPhase_480_com.android.server.slice.SliceManagerService$Lifecycle took to complete: 0ms
11-01 12:01:16.866 549 549 D SystemServerTiming: OnBootPhase_480_com.android.server.stats.StatsCompanion$Lifecycle
11-01 12:01:16.866 549 549 V SystemServerTiming: OnBootPhase_480_com.android.server.stats.StatsCompanion$Lifecycle took to complete: 0ms
11-01 12:01:16.866 549 549 D SystemServerTiming: OnBootPhase_480_com.android.server.scheduling.RebootReadinessManagerService$Lifecycle
11-01 12:01:16.866 549 549 V SystemServerTiming: OnBootPhase_480_com.android.server.scheduling.RebootReadinessManagerService$Lifecycle took to complete: 0ms
11-01 12:01:16.866 549 549 D SystemServerTiming: OnBootPhase_480_com.android.server.stats.pull.StatsPullAtomService
11-01 12:01:16.866 549 549 V SystemServerTiming: OnBootPhase_480_com.android.server.stats.pull.StatsPullAtomService took to complete: 0ms
11-01 12:01:16.866 549 549 D SystemServerTiming: OnBootPhase_480_com.android.server.stats.bootstrap.StatsBootstrapAtomService$Lifecycle
11-01 12:01:16.866 549 549 V SystemServerTiming: OnBootPhase_480_com.android.server.stats.bootstrap.StatsBootstrapAtomService$Lifecycle took to complete: 0ms
11-01 12:01:16.867 549 549 D SystemServerTiming: OnBootPhase_480_com.android.server.incident.IncidentCompanionService
11-01 12:01:16.867 549 549 V SystemServerTiming: OnBootPhase_480_com.android.server.incident.IncidentCompanionService took to complete: 0ms
11-01 12:01:16.867 549 549 D SystemServerTiming: OnBootPhase_480_com.android.server.sdksandbox.SdkSandboxManagerService$Lifecycle
11-01 12:01:16.867 549 549 V SystemServerTiming: OnBootPhase_480_com.android.server.sdksandbox.SdkSandboxManagerService$Lifecycle took to complete: 0ms
11-01 12:01:16.867 549 549 D SystemServerTiming: OnBootPhase_480_com.android.server.adservices.AdServicesManagerService$Lifecycle
11-01 12:01:16.867 549 549 V SystemServerTiming: OnBootPhase_480_com.android.server.adservices.AdServicesManagerService$Lifecycle took to complete: 0ms
11-01 12:01:16.867 549 549 D SystemServerTiming: OnBootPhase_480_com.android.server.ondevicepersonalization.OnDevicePersonalizationSystemService$Lifecycle
11-01 12:01:16.867 549 549 V SystemServerTiming: OnBootPhase_480_com.android.server.ondevicepersonalization.OnDevicePersonalizationSystemService$Lifecycle took to complete: 0ms
11-01 12:01:16.867 549 549 D SystemServerTiming: OnBootPhase_480_com.android.server.MmsServiceBroker
11-01 12:01:16.867 549 549 V SystemServerTiming: OnBootPhase_480_com.android.server.MmsServiceBroker took to complete: 0ms
11-01 12:01:16.867 549 549 D SystemServerTiming: OnBootPhase_480_com.android.server.autofill.AutofillManagerService
11-01 12:01:16.868 549 549 V SystemServerTiming: OnBootPhase_480_com.android.server.autofill.AutofillManagerService took to complete: 0ms
11-01 12:01:16.868 549 549 D SystemServerTiming: OnBootPhase_480_com.android.server.credentials.CredentialManagerService
11-01 12:01:16.868 549 549 V SystemServerTiming: OnBootPhase_480_com.android.server.credentials.CredentialManagerService took to complete: 0ms
11-01 12:01:16.868 549 549 D SystemServerTiming: OnBootPhase_480_com.android.server.translation.TranslationManagerService
11-01 12:01:16.868 549 549 V SystemServerTiming: OnBootPhase_480_com.android.server.translation.TranslationManagerService took to complete: 0ms
11-01 12:01:16.868 549 549 D SystemServerTiming: OnBootPhase_480_com.android.server.selectiontoolbar.SelectionToolbarManagerService
11-01 12:01:16.868 549 549 V SystemServerTiming: OnBootPhase_480_com.android.server.selectiontoolbar.SelectionToolbarManagerService took to complete: 0ms
11-01 12:01:16.868 549 549 D SystemServerTiming: OnBootPhase_480_com.android.server.clipboard.ClipboardService
11-01 12:01:16.868 549 549 V SystemServerTiming: OnBootPhase_480_com.android.server.clipboard.ClipboardService took to complete: 0ms
11-01 12:01:16.868 549 549 D SystemServerTiming: OnBootPhase_480_com.android.server.appbinding.AppBindingService$Lifecycle
11-01 12:01:16.869 549 549 V SystemServerTiming: OnBootPhase_480_com.android.server.appbinding.AppBindingService$Lifecycle took to complete: 0ms
11-01 12:01:16.869 549 549 D SystemServerTiming: OnBootPhase_480_com.android.server.tracing.TracingServiceProxy
11-01 12:01:16.869 549 549 V SystemServerTiming: OnBootPhase_480_com.android.server.tracing.TracingServiceProxy took to complete: 0ms
11-01 12:01:16.869 549 549 V SystemServerTiming: OnBootPhase_480 took to complete: 31ms
11-01 12:01:16.869 549 549 V SystemServerTiming: StartBootPhaseLockSettingsReady took to complete: 31ms
11-01 12:01:16.869 549 549 D SystemServerTiming: StartBootPhaseSystemServicesReady
11-01 12:01:16.869 549 549 I SystemServiceManager: Starting phase 500
11-01 12:01:16.869 549 549 D SystemServerTiming: OnBootPhase_500
11-01 12:01:16.870 549 549 D SystemServerTiming: OnBootPhase_500_com.android.server.security.FileIntegrityService
11-01 12:01:16.870 549 549 V SystemServerTiming: OnBootPhase_500_com.android.server.security.FileIntegrityService took to complete: 0ms
11-01 12:01:16.870 549 549 D SystemServerTiming: OnBootPhase_500_com.android.server.pm.Installer
11-01 12:01:16.870 549 549 V SystemServerTiming: OnBootPhase_500_com.android.server.pm.Installer took to complete: 0ms
11-01 12:01:16.870 549 549 D SystemServerTiming: OnBootPhase_500_com.android.server.os.DeviceIdentifiersPolicyService
11-01 12:01:16.870 549 549 V SystemServerTiming: OnBootPhase_500_com.android.server.os.DeviceIdentifiersPolicyService took to complete: 0ms
11-01 12:01:16.870 549 549 D SystemServerTiming: OnBootPhase_500_com.android.server.uri.UriGrantsManagerService$Lifecycle
11-01 12:01:16.870 549 549 V SystemServerTiming: OnBootPhase_500_com.android.server.uri.UriGrantsManagerService$Lifecycle took to complete: 1ms
11-01 12:01:16.870 549 549 D SystemServerTiming: OnBootPhase_500_com.android.server.powerstats.PowerStatsService
11-01 12:01:16.871 549 549 V SystemServerTiming: OnBootPhase_500_com.android.server.powerstats.PowerStatsService took to complete: 1ms
11-01 12:01:16.871 549 549 D SystemServerTiming: OnBootPhase_500_com.android.server.permission.access.AccessCheckingService
11-01 12:01:16.872 549 549 V SystemServerTiming: OnBootPhase_500_com.android.server.permission.access.AccessCheckingService took to complete: 0ms
11-01 12:01:16.872 549 549 D SystemServerTiming: OnBootPhase_500_com.android.server.wm.ActivityTaskManagerService$Lifecycle
11-01 12:01:16.872 549 549 V SystemServerTiming: OnBootPhase_500_com.android.server.wm.ActivityTaskManagerService$Lifecycle took to complete: 0ms
11-01 12:01:16.872 549 549 D SystemServerTiming: OnBootPhase_500_com.android.server.am.ActivityManagerService$Lifecycle
11-01 12:01:16.872 549 549 W BatteryStatsImpl: Unexpected per uid modem model name ()
11-01 12:01:16.875 549 549 D ConnectivityService: requestNetwork for uid/pid:1000/549 activeRequest: null callbackRequest: 6 [NetworkRequest [ REQUEST id=7, [ Capabilities: INTERNET&NOT_RESTRICTED&TRUSTED&NOT_VCN_MANAGED Uid: 1000 RequestorUid: 1000 RequestorPkg: android UnderlyingNetworks: Null] ]] callback flags: 0 order: 2147483647
11-01 12:01:16.876 549 709 D ConnectivityService: NetReassign [no changes] [c 0] [a 0] [i 0]
11-01 12:01:16.877 549 549 V SystemServerTiming: OnBootPhase_500_com.android.server.am.ActivityManagerService$Lifecycle took to complete: 5ms
11-01 12:01:16.877 549 549 D SystemServerTiming: OnBootPhase_500_com.android.server.pm.DataLoaderManagerService
11-01 12:01:16.877 549 549 V SystemServerTiming: OnBootPhase_500_com.android.server.pm.DataLoaderManagerService took to complete: 0ms
11-01 12:01:16.877 549 549 D SystemServerTiming: OnBootPhase_500_com.android.server.power.PowerManagerService
11-01 12:01:16.878 549 549 I AttentionDetector: readValuesFromDeviceConfig():
11-01 12:01:16.878 549 549 I AttentionDetector: mMaximumExtensionMillis=900000
11-01 12:01:16.878 549 549 I AttentionDetector: mPreDimCheckDurationMillis=2000
11-01 12:01:16.878 549 549 I AttentionDetector: mRequestedPostDimTimeoutMillis=0
11-01 12:01:16.883 549 549 W BrightnessThrottler: DeviceConfig ThermalBrightnessThrottlingData is null
11-01 12:01:16.884 506 506 W ServiceManagerCppClient: Service android.hardware.gatekeeper.IGatekeeper/default didn't start. Returning NULL
11-01 12:01:16.885 549 549 E DisplayPowerController2[0]: failed to set up display white-balance: java.lang.IllegalStateException: cannot find sensor com.google.sensor.color
11-01 12:01:16.886 549 549 W DisplayPowerController2[0]: Screen brightness nits configuration is unavailable; falling back
11-01 12:01:16.888 411 411 I android.hardware.power-service.example: Power isBoostSupported: 0
11-01 12:01:16.893 549 549 E DeviceConfig: Parsing int failed for location_mode
11-01 12:01:16.894 549 601 W KeyguardServiceDelegate: onScreenTurningOn(): no keyguard service!
11-01 12:01:16.894 549 601 I DisplayBrightnessStrategySelector: Changing the DisplayBrightnessStrategy from InvalidBrightnessStrategy toOverrideBrightnessStrategy for display 0
11-01 12:01:16.895 549 601 V DisplayPowerController2[0]: Brightness [0.39763778] reason changing to: 'override', previous reason: '0'.
11-01 12:01:16.895 549 601 I DisplayPowerController2[0]: BrightnessEvent: disp=0, physDisp=local:4619827259835644672, brt=0.39763778, initBrt=NaN, rcmdBrt=NaN, preBrt=NaN, lux=0.0, preLux=0.0, hbmMax=1.0, hbmMode=off, rbcStrength=0, thrmMax=1.0, powerFactor=1.0, wasShortTermModelActive=false, flags=, reason=override, autoBrightness=false, strategy=OverrideBrightnessStrategy
11-01 12:01:16.896 549 549 I FaceDownDetector: readValuesFromDeviceConfig():
11-01 12:01:16.896 549 549 I FaceDownDetector: mAccelerationThreshold=0.2
11-01 12:01:16.896 549 549 I FaceDownDetector: mZAccelerationThreshold=-9.5
11-01 12:01:16.896 549 549 I FaceDownDetector: mTimeThreshold=PT1S
11-01 12:01:16.896 549 549 I FaceDownDetector: mIsEnabled=true
11-01 12:01:16.897 411 411 I android.hardware.power-service.example: Power isModeSupported: 9
11-01 12:01:16.897 549 575 I DisplayDeviceRepository: Display device changed state: "Built-in Screen", ON
11-01 12:01:16.899 549 575 I InputManager-JNI: Viewport [0] to add: local:4619827259835644672, isActive: true
11-01 12:01:16.899 549 549 I ScreenUndimDetector: readValuesFromDeviceConfig():
11-01 12:01:16.899 549 549 I ScreenUndimDetector: mKeepScreenOnForMillis=600000
11-01 12:01:16.899 549 549 I ScreenUndimDetector: mKeepScreenOnNotificationEnabled=true
11-01 12:01:16.899 549 549 I ScreenUndimDetector: mUndimsRequired=2
11-01 12:01:16.900 549 663 I InputReader: Reconfiguring input devices, changes=DISPLAY_INFO
11-01 12:01:16.900 549 663 I InputReader: Touch device 'virtio_input_multi_touch_11' could not query the properties of its associated display. The device will be inoperable until the display size becomes available.
11-01 12:01:16.900 549 663 I InputReader: Touch device 'virtio_input_multi_touch_10' could not query the properties of its associated display. The device will be inoperable until the display size becomes available.
11-01 12:01:16.900 549 663 I InputReader: Touch device 'virtio_input_multi_touch_9' could not query the properties of its associated display. The device will be inoperable until the display size becomes available.
11-01 12:01:16.900 549 663 I InputReader: Touch device 'virtio_input_multi_touch_7' could not query the properties of its associated display. The device will be inoperable until the display size becomes available.
11-01 12:01:16.900 549 663 I InputReader: Touch device 'virtio_input_multi_touch_6' could not query the properties of its associated display. The device will be inoperable until the display size becomes available.
11-01 12:01:16.900 549 663 I InputReader: Touch device 'virtio_input_multi_touch_5' could not query the properties of its associated display. The device will be inoperable until the display size becomes available.
11-01 12:01:16.900 549 663 I InputReader: Touch device 'virtio_input_multi_touch_4' could not query the properties of its associated display. The device will be inoperable until the display size becomes available.
11-01 12:01:16.900 549 663 I InputReader: Touch device 'virtio_input_multi_touch_3' could not query the properties of its associated display. The device will be inoperable until the display size becomes available.
11-01 12:01:16.900 549 663 I InputReader: Device reconfigured: id=4, name='virtio_input_multi_touch_1', size 320x640, orientation 0, mode 1, display id 0
11-01 12:01:16.901 549 663 I InputReader: Touch device 'virtio_input_multi_touch_2' could not query the properties of its associated display. The device will be inoperable until the display size becomes available.
11-01 12:01:16.901 549 663 I InputReader: Touch device 'virtio_input_multi_touch_8' could not query the properties of its associated display. The device will be inoperable until the display size becomes available.
11-01 12:01:16.902 420 420 D SurfaceFlinger: Setting power mode 2 on display 4619827259835644672
11-01 12:01:16.905 549 575 I DisplayDeviceRepository: Display device changed state: "Built-in Screen", ON
11-01 12:01:16.908 549 549 V SystemServerTiming: OnBootPhase_500_com.android.server.power.PowerManagerService took to complete: 30ms
11-01 12:01:16.908 549 549 D SystemServerTiming: OnBootPhase_500_com.android.server.power.ThermalManagerService
11-01 12:01:16.908 549 549 V SystemServerTiming: OnBootPhase_500_com.android.server.power.ThermalManagerService took to complete: 0ms
11-01 12:01:16.909 549 549 D SystemServerTiming: OnBootPhase_500_com.android.server.power.hint.HintManagerService
11-01 12:01:16.909 549 549 V HintManagerService: Initializing HintManager service...
11-01 12:01:16.909 549 549 V HistoricalRegistry: Interaction before persistence initialized
11-01 12:01:16.909 549 549 V SystemServerTiming: OnBootPhase_500_com.android.server.power.hint.HintManagerService took to complete: 0ms
11-01 12:01:16.909 549 549 D SystemServerTiming: OnBootPhase_500_com.android.server.recoverysystem.RecoverySystemService$Lifecycle
11-01 12:01:16.910 549 549 V SystemServerTiming: OnBootPhase_500_com.android.server.recoverysystem.RecoverySystemService$Lifecycle took to complete: 0ms
11-01 12:01:16.910 549 549 D SystemServerTiming: OnBootPhase_500_com.android.server.lights.LightsService
11-01 12:01:16.910 549 549 V SystemServerTiming: OnBootPhase_500_com.android.server.lights.LightsService took to complete: 0ms
11-01 12:01:16.910 549 549 D SystemServerTiming: OnBootPhase_500_com.android.server.display.DisplayManagerService
11-01 12:01:16.910 549 549 V SystemServerTiming: OnBootPhase_500_com.android.server.display.DisplayManagerService took to complete: 0ms
11-01 12:01:16.910 549 549 D SystemServerTiming: OnBootPhase_500_com.android.server.pm.verify.domain.DomainVerificationService
11-01 12:01:16.911 549 549 V SystemServerTiming: OnBootPhase_500_com.android.server.pm.verify.domain.DomainVerificationService took to complete: 0ms
11-01 12:01:16.911 549 549 D SystemServerTiming: OnBootPhase_500_com.android.server.pm.PackageInstallerService$Lifecycle
11-01 12:01:16.911 549 549 V SystemServerTiming: OnBootPhase_500_com.android.server.pm.PackageInstallerService$Lifecycle took to complete: 0ms
11-01 12:01:16.911 549 549 D SystemServerTiming: OnBootPhase_500_com.android.server.pm.UserManagerService$LifeCycle
11-01 12:01:16.911 549 549 V SystemServerTiming: OnBootPhase_500_com.android.server.pm.UserManagerService$LifeCycle took to complete: 0ms
11-01 12:01:16.911 549 549 D SystemServerTiming: OnBootPhase_500_com.android.server.om.OverlayManagerService
11-01 12:01:16.912 549 549 V SystemServerTiming: OnBootPhase_500_com.android.server.om.OverlayManagerService took to complete: 0ms
11-01 12:01:16.912 549 549 D SystemServerTiming: OnBootPhase_500_com.android.server.resources.ResourcesManagerService
11-01 12:01:16.912 549 549 V SystemServerTiming: OnBootPhase_500_com.android.server.resources.ResourcesManagerService took to complete: 0ms
11-01 12:01:16.912 549 549 D SystemServerTiming: OnBootPhase_500_com.android.server.sensorprivacy.SensorPrivacyService
11-01 12:01:16.914 549 549 V SystemServerTiming: OnBootPhase_500_com.android.server.sensorprivacy.SensorPrivacyService took to complete: 2ms
11-01 12:01:16.914 549 549 D SystemServerTiming: OnBootPhase_500_com.android.server.sensors.SensorService
11-01 12:01:16.914 549 549 V SystemServerTiming: OnBootPhase_500_com.android.server.sensors.SensorService took to complete: 0ms
11-01 12:01:16.914 549 549 D SystemServerTiming: OnBootPhase_500_com.android.server.SystemConfigService
11-01 12:01:16.914 549 549 V SystemServerTiming: OnBootPhase_500_com.android.server.SystemConfigService took to complete: 0ms
11-01 12:01:16.914 549 549 D SystemServerTiming: OnBootPhase_500_com.android.server.BatteryService
11-01 12:01:16.915 549 549 V SystemServerTiming: OnBootPhase_500_com.android.server.BatteryService took to complete: 0ms
11-01 12:01:16.915 549 549 D SystemServerTiming: OnBootPhase_500_com.android.server.usage.UsageStatsService
11-01 12:01:16.916 549 549 D AppStandbyController: Setting app idle enabled state
11-01 12:01:16.919 549 583 E AppWidgetManager: Nofity service of inheritance info
11-01 12:01:16.919 549 583 E AppWidgetManager: java.lang.IllegalStateException: User 0 must be unlocked for widgets to be available
11-01 12:01:16.919 549 583 E AppWidgetManager: at com.android.server.appwidget.AppWidgetServiceImpl.ensureGroupStateLoadedLocked(AppWidgetServiceImpl.java:650)
11-01 12:01:16.919 549 583 E AppWidgetManager: at com.android.server.appwidget.AppWidgetServiceImpl.ensureGroupStateLoadedLocked(AppWidgetServiceImpl.java:644)
11-01 12:01:16.919 549 583 E AppWidgetManager: at com.android.server.appwidget.AppWidgetServiceImpl.getInstalledProvidersForProfile(AppWidgetServiceImpl.java:1708)
11-01 12:01:16.919 549 583 E AppWidgetManager: at android.appwidget.AppWidgetManager.getInstalledProvidersForProfile(AppWidgetManager.java:923)
11-01 12:01:16.919 549 583 E AppWidgetManager: at android.appwidget.AppWidgetManager.getInstalledProvidersForPackage(AppWidgetManager.java:857)
11-01 12:01:16.919 549 583 E AppWidgetManager: at android.appwidget.AppWidgetManager.lambda$new$3(AppWidgetManager.java:536)
11-01 12:01:16.919 549 583 E AppWidgetManager: at android.appwidget.AppWidgetManager.$r8$lambda$MnZCUjy90wcD58stsygv3SVPbu4(Unknown Source:0)
11-01 12:01:16.919 549 583 E AppWidgetManager: at android.appwidget.AppWidgetManager$$ExternalSyntheticLambda4.run(Unknown Source:2)
11-01 12:01:16.919 549 583 E AppWidgetManager: at android.os.Handler.handleCallback(Handler.java:958)
11-01 12:01:16.919 549 583 E AppWidgetManager: at android.os.Handler.dispatchMessage(Handler.java:99)
11-01 12:01:16.919 549 583 E AppWidgetManager: at android.os.Looper.loopOnce(Looper.java:205)
11-01 12:01:16.919 549 583 E AppWidgetManager: at android.os.Looper.loop(Looper.java:294)
11-01 12:01:16.919 549 583 E AppWidgetManager: at android.os.HandlerThread.run(HandlerThread.java:67)
11-01 12:01:16.922 549 549 V HistoricalRegistry: Interaction before persistence initialized
11-01 12:01:16.922 549 549 V SystemServerTiming: OnBootPhase_500_com.android.server.usage.UsageStatsService took to complete: 7ms
11-01 12:01:16.923 549 549 D SystemServerTiming: OnBootPhase_500_com.android.server.webkit.WebViewUpdateService
11-01 12:01:16.923 549 549 V SystemServerTiming: OnBootPhase_500_com.android.server.webkit.WebViewUpdateService took to complete: 0ms
11-01 12:01:16.923 549 549 D SystemServerTiming: OnBootPhase_500_com.android.server.CachedDeviceStateService
11-01 12:01:16.923 549 549 V SystemServerTiming: OnBootPhase_500_com.android.server.CachedDeviceStateService took to complete: 0ms
11-01 12:01:16.923 549 549 D SystemServerTiming: OnBootPhase_500_com.android.server.BinderCallsStatsService$LifeCycle
11-01 12:01:16.925 549 549 V SystemServerTiming: OnBootPhase_500_com.android.server.BinderCallsStatsService$LifeCycle took to complete: 2ms
11-01 12:01:16.926 549 549 D SystemServerTiming: OnBootPhase_500_com.android.server.LooperStatsService$Lifecycle
11-01 12:01:16.926 549 549 V SystemServerTiming: OnBootPhase_500_com.android.server.LooperStatsService$Lifecycle took to complete: 0ms
11-01 12:01:16.926 549 549 D SystemServerTiming: OnBootPhase_500_com.android.server.rollback.RollbackManagerService
11-01 12:01:16.927 549 549 V SystemServerTiming: OnBootPhase_500_com.android.server.rollback.RollbackManagerService took to complete: 0ms
11-01 12:01:16.927 549 549 D SystemServerTiming: OnBootPhase_500_com.android.server.os.NativeTombstoneManagerService
11-01 12:01:16.927 549 549 V SystemServerTiming: OnBootPhase_500_com.android.server.os.NativeTombstoneManagerService took to complete: 0ms
11-01 12:01:16.927 549 549 D SystemServerTiming: OnBootPhase_500_com.android.server.os.BugreportManagerService
11-01 12:01:16.927 549 549 V SystemServerTiming: OnBootPhase_500_com.android.server.os.BugreportManagerService took to complete: 0ms
11-01 12:01:16.927 549 549 D SystemServerTiming: OnBootPhase_500_com.android.server.gpu.GpuService
11-01 12:01:16.928 549 549 V SystemServerTiming: OnBootPhase_500_com.android.server.gpu.GpuService took to complete: 0ms
11-01 12:01:16.928 549 549 D SystemServerTiming: OnBootPhase_500_com.android.server.security.rkp.RemoteProvisioningService
11-01 12:01:16.928 549 549 V SystemServerTiming: OnBootPhase_500_com.android.server.security.rkp.RemoteProvisioningService took to complete: 0ms
11-01 12:01:16.928 549 549 D SystemServerTiming: OnBootPhase_500_com.android.server.cpu.CpuMonitorService
11-01 12:01:16.928 549 549 V SystemServerTiming: OnBootPhase_500_com.android.server.cpu.CpuMonitorService took to complete: 0ms
11-01 12:01:16.929 549 549 D SystemServerTiming: OnBootPhase_500_com.android.server.security.KeyChainSystemService
11-01 12:01:16.929 549 549 V SystemServerTiming: OnBootPhase_500_com.android.server.security.KeyChainSystemService took to complete: 0ms
11-01 12:01:16.929 549 549 D SystemServerTiming: OnBootPhase_500_com.android.server.BinaryTransparencyService
11-01 12:01:16.929 549 549 V SystemServerTiming: OnBootPhase_500_com.android.server.BinaryTransparencyService took to complete: 0ms
11-01 12:01:16.929 549 549 D SystemServerTiming: OnBootPhase_500_com.android.server.telecom.TelecomLoaderService
11-01 12:01:16.929 549 549 V SystemServerTiming: OnBootPhase_500_com.android.server.telecom.TelecomLoaderService took to complete: 0ms
11-01 12:01:16.929 549 549 D SystemServerTiming: OnBootPhase_500_com.android.server.accounts.AccountManagerService$Lifecycle
11-01 12:01:16.930 549 549 V SystemServerTiming: OnBootPhase_500_com.android.server.accounts.AccountManagerService$Lifecycle took to complete: 0ms
11-01 12:01:16.930 549 549 D SystemServerTiming: OnBootPhase_500_com.android.server.content.ContentService$Lifecycle
11-01 12:01:16.930 549 549 V SystemServerTiming: OnBootPhase_500_com.android.server.content.ContentService$Lifecycle took to complete: 0ms
11-01 12:01:16.930 549 549 D SystemServerTiming: OnBootPhase_500_com.android.server.deviceconfig.DeviceConfigInit$Lifecycle
11-01 12:01:16.930 549 549 V SystemServerTiming: OnBootPhase_500_com.android.server.deviceconfig.DeviceConfigInit$Lifecycle took to complete: 0ms
11-01 12:01:16.930 549 549 D SystemServerTiming: OnBootPhase_500_com.android.server.DropBoxManagerService
11-01 12:01:16.931 549 549 V SystemServerTiming: OnBootPhase_500_com.android.server.DropBoxManagerService took to complete: 0ms
11-01 12:01:16.931 549 549 D SystemServerTiming: OnBootPhase_500_com.android.role.RoleService
11-01 12:01:16.931 549 549 V SystemServerTiming: OnBootPhase_500_com.android.role.RoleService took to complete: 0ms
11-01 12:01:16.931 549 549 D SystemServerTiming: OnBootPhase_500_com.android.server.vibrator.VibratorManagerService$Lifecycle
11-01 12:01:16.932 549 549 V VibratorManagerService: Initializing VibratorManager service...
11-01 12:01:16.932 549 549 V HistoricalRegistry: Interaction before persistence initialized
11-01 12:01:16.934 549 549 V VibratorManagerService: VibratorManager service initialized
11-01 12:01:16.934 549 549 V SystemServerTiming: OnBootPhase_500_com.android.server.vibrator.VibratorManagerService$Lifecycle took to complete: 2ms
11-01 12:01:16.934 549 549 D SystemServerTiming: OnBootPhase_500_com.android.server.tare.InternalResourceService
11-01 12:01:16.935 549 549 V SystemServerTiming: OnBootPhase_500_com.android.server.tare.InternalResourceService took to complete: 2ms
11-01 12:01:16.936 549 549 D SystemServerTiming: OnBootPhase_500_com.android.server.alarm.AlarmManagerService
11-01 12:01:16.938 549 549 V SystemServerTiming: OnBootPhase_500_com.android.server.alarm.AlarmManagerService took to complete: 2ms
11-01 12:01:16.938 549 549 D SystemServerTiming: OnBootPhase_500_com.android.server.devicestate.DeviceStateManagerService
