11-01 12:01:18.835 549 549 V UaBiometricScheduler/FingerprintProvider/default/0: Not idle, current operation: {[3] com.android.server.biometrics.sensors.fingerprint.aidl.FingerprintStartUserClient, proto=17, owner=android, cookie=0, requestId=-1, userId=0}, State: 2
11-01 12:01:18.835 549 549 D UaBiometricScheduler/FingerprintProvider/default/0: [Client finished] {[3] com.android.server.biometrics.sensors.fingerprint.aidl.FingerprintStartUserClient, proto=17, owner=android, cookie=0, requestId=-1, userId=0}, success: true
11-01 12:01:18.835 549 572 I ServiceWatcher: [network] chose new implementation null
11-01 12:01:18.835 549 638 D CompatibilityChangeReporter: Compat change id reported: 262645982; UID 10013; state: ENABLED
11-01 12:01:18.836 549 549 D UaBiometricScheduler/FingerprintProvider/default/0: [Polled] {[2] com.android.server.biometrics.sensors.fingerprint.aidl.FingerprintInternalCleanupClient, proto=7, owner=android, cookie=0, requestId=-1, userId=0}, State: 0
11-01 12:01:18.836 549 549 D UaBiometricScheduler/FingerprintProvider/default/0: [Started] {[2] com.android.server.biometrics.sensors.fingerprint.aidl.FingerprintInternalCleanupClient, proto=7, owner=android, cookie=0, requestId=-1, userId=0}
11-01 12:01:18.836 549 549 W BiometricStateCallback: Other authentication client: FingerprintInternalCleanupClient
11-01 12:01:18.836 549 575 I InputManager: Enabling motion classifier because user switched: feature enabled, long press timeout = 400
11-01 12:01:18.836 549 575 I InputProcessor: Enabling motion classifier
11-01 12:01:18.836 549 549 D BiometricStateCallback: State updated from 0 to 0, client {[2] com.android.server.biometrics.sensors.fingerprint.aidl.FingerprintInternalCleanupClient, proto=7, owner=android, cookie=0, requestId=-1, userId=0}
11-01 12:01:18.836 549 549 D Biometrics/InternalCleanupClient: Starting enumerate: {[9] com.android.server.biometrics.sensors.fingerprint.aidl.FingerprintInternalEnumerateClient, proto=6, owner=android, cookie=0, requestId=-1, userId=0} enrolledList size:0
11-01 12:01:18.836 747 757 D fingerprint-service.ranchu: 0x7a32a88310d0:enumerateEnrollments: onEnrollmentsEnumerated(enrollmentIds=empty)
11-01 12:01:18.837 549 638 D CompatibilityChangeReporter: Compat change id reported: 218533173; UID 10160; state: ENABLED
11-01 12:01:18.837 549 549 V BiometricSchedulerOperation: started: {[2] com.android.server.biometrics.sensors.fingerprint.aidl.FingerprintInternalCleanupClient, proto=7, owner=android, cookie=0, requestId=-1, userId=0}, State: 2
11-01 12:01:18.837 549 638 D CompatibilityChangeReporter: Compat change id reported: 262645982; UID 10160; state: ENABLED
11-01 12:01:18.838 549 638 D CompatibilityChangeReporter: Compat change id reported: 218533173; UID 10091; state: ENABLED
11-01 12:01:18.838 549 638 D CompatibilityChangeReporter: Compat change id reported: 262645982; UID 10091; state: ENABLED
11-01 12:01:18.839 549 638 D CompatibilityChangeReporter: Compat change id reported: 218533173; UID 10059; state: ENABLED
11-01 12:01:18.840 549 638 D CompatibilityChangeReporter: Compat change id reported: 262645982; UID 10059; state: ENABLED
11-01 12:01:18.840 549 638 D CompatibilityChangeReporter: Compat change id reported: 218533173; UID 10098; state: ENABLED
11-01 12:01:18.840 549 638 D CompatibilityChangeReporter: Compat change id reported: 262645982; UID 10098; state: ENABLED
11-01 12:01:18.840 549 638 D CompatibilityChangeReporter: Compat change id reported: 218533173; UID 10037; state: ENABLED
11-01 12:01:18.841 549 638 D CompatibilityChangeReporter: Compat change id reported: 262645982; UID 10037; state: ENABLED
11-01 12:01:18.843 549 638 D CompatibilityChangeReporter: Compat change id reported: 218533173; UID 10071; state: ENABLED
11-01 12:01:18.843 549 638 D CompatibilityChangeReporter: Compat change id reported: 262645982; UID 10071; state: ENABLED
11-01 12:01:18.843 549 638 D CompatibilityChangeReporter: Compat change id reported: 218533173; UID 10094; state: ENABLED
11-01 12:01:18.844 549 638 D CompatibilityChangeReporter: Compat change id reported: 262645982; UID 10094; state: ENABLED
11-01 12:01:18.844 549 638 D CompatibilityChangeReporter: Compat change id reported: 218533173; UID 10048; state: ENABLED
11-01 12:01:18.844 549 638 D CompatibilityChangeReporter: Compat change id reported: 262645982; UID 10048; state: ENABLED
11-01 12:01:18.845 549 1058 I InputProcessor: HAL android.hardware.input.processor.IInputProcessor/default is not declared
11-01 12:01:18.845 549 638 D CompatibilityChangeReporter: Compat change id reported: 218533173; UID 10019; state: ENABLED
11-01 12:01:19.708 0 0 I servicemanager: Could not find android.hardware.input.processor.IInputProcessor/default in the VINTF manifest.
11-01 12:01:18.846 549 638 D CompatibilityChangeReporter: Compat change id reported: 262645982; UID 10019; state: ENABLED
11-01 12:01:18.847 549 638 D CompatibilityChangeReporter: Compat change id reported: 218533173; UID 10114; state: ENABLED
11-01 12:01:18.849 549 638 D CompatibilityChangeReporter: Compat change id reported: 262645982; UID 10114; state: ENABLED
11-01 12:01:18.851 549 638 D CompatibilityChangeReporter: Compat change id reported: 218533173; UID 10065; state: ENABLED
11-01 12:01:18.852 549 638 D CompatibilityChangeReporter: Compat change id reported: 262645982; UID 10065; state: ENABLED
11-01 12:01:18.854 549 638 D CompatibilityChangeReporter: Compat change id reported: 218533173; UID 10117; state: ENABLED
11-01 12:01:18.855 549 572 I ServiceWatcher: [GeocoderProxy] chose new implementation null
11-01 12:01:18.855 549 572 I ServiceWatcher: [HardwareActivityRecognitionProxy] chose new implementation null
11-01 12:01:18.855 549 572 I ServiceWatcher: [GeofenceProxy] chose new implementation null
11-01 12:01:18.855 549 638 D CompatibilityChangeReporter: Compat change id reported: 262645982; UID 10117; state: DISABLED
11-01 12:01:18.855 549 638 D CompatibilityChangeReporter: Compat change id reported: 171306433; UID 10117; state: ENABLED
11-01 12:01:18.856 549 638 D CompatibilityChangeReporter: Compat change id reported: 226439802; UID 10117; state: ENABLED
11-01 12:01:18.856 549 563 D CompatibilityChangeReporter: Compat change id reported: 197654537; UID 1000; state: ENABLED
11-01 12:01:18.857 549 638 D CompatibilityChangeReporter: Compat change id reported: 218533173; UID 10082; state: ENABLED
11-01 12:01:18.859 549 638 D CompatibilityChangeReporter: Compat change id reported: 262645982; UID 10082; state: ENABLED
11-01 12:01:18.859 549 572 I ServiceWatcher: [RealLocationTimeZoneProviderProxy] chose new implementation null
11-01 12:01:18.860 549 638 D CompatibilityChangeReporter: Compat change id reported: 218533173; UID 10052; state: ENABLED
11-01 12:01:18.861 549 549 D BluetoothHeadset: Binding service...
11-01 12:01:18.861 549 549 D BluetoothManagerService: Trying to bind to profile: 1, while Bluetooth was disabled
11-01 12:01:18.861 549 549 D BluetoothHearingAid: Binding service...
11-01 12:01:18.862 549 549 D BluetoothManagerService: Trying to bind to profile: 21, while Bluetooth was disabled
11-01 12:01:18.862 549 549 D BluetoothLeAudio: Binding service...
11-01 12:01:18.862 549 549 D BluetoothManagerService: Trying to bind to profile: 22, while Bluetooth was disabled
11-01 12:01:18.864 549 638 D CompatibilityChangeReporter: Compat change id reported: 262645982; UID 10052; state: ENABLED
11-01 12:01:18.868 549 638 D CompatibilityChangeReporter: Compat change id reported: 218533173; UID 10058; state: ENABLED
11-01 12:01:18.869 549 638 D CompatibilityChangeReporter: Compat change id reported: 262645982; UID 10058; state: ENABLED
11-01 12:01:18.869 549 1060 I Telecom : BluetoothRouteManager: getBluetoothAudioConnectedDevice: no service available.❗
11-01 12:01:18.870 549 638 D CompatibilityChangeReporter: Compat change id reported: 218533173; UID 10005; state: ENABLED
11-01 12:01:18.871 989 989 V GraphicsEnvironment: Currently set values for:
11-01 12:01:18.871 549 549 I Telecom : SystemStateHelper: Registering broadcast receiver: android.content.IntentFilter@ca589e6: TS.init@AAA❗
11-01 12:01:18.871 989 989 V GraphicsEnvironment: angle_gl_driver_selection_pkgs=[]
11-01 12:01:18.871 989 989 V GraphicsEnvironment: angle_gl_driver_selection_values=[]
11-01 12:01:18.871 549 549 I Telecom : SystemStateHelper: Registering broadcast receiver: android.content.IntentFilter@63fb27: TS.init@AAA❗
11-01 12:01:18.871 549 638 D CompatibilityChangeReporter: Compat change id reported: 262645982; UID 10005; state: ENABLED
11-01 12:01:18.873 549 638 D CompatibilityChangeReporter: Compat change id reported: 218533173; UID 10010; state: ENABLED
11-01 12:01:18.873 549 638 D CompatibilityChangeReporter: Compat change id reported: 262645982; UID 10010; state: ENABLED
11-01 12:01:18.874 549 638 D CompatibilityChangeReporter: Compat change id reported: 218533173; UID 10057; state: ENABLED
11-01 12:01:18.874 989 989 V GraphicsEnvironment: ANGLE GameManagerService for com.android.phone: false
11-01 12:01:18.874 989 989 V GraphicsEnvironment: com.android.phone is not listed in per-application setting
11-01 12:01:18.874 549 638 D CompatibilityChangeReporter: Compat change id reported: 262645982; UID 10057; state: ENABLED
11-01 12:01:18.875 549 638 D CompatibilityChangeReporter: Compat change id reported: 218533173; UID 10108; state: ENABLED
11-01 12:01:18.875 989 989 V GraphicsEnvironment: Neither updatable production driver nor prerelease driver is supported.
11-01 12:01:18.876 1030 1030 D CompatibilityChangeReporter: Compat change id reported: 171979766; UID 10172; state: ENABLED
11-01 12:01:18.876 549 638 D CompatibilityChangeReporter: Compat change id reported: 262645982; UID 10108; state: DISABLED
11-01 12:01:18.877 549 638 D CompatibilityChangeReporter: Compat change id reported: 218533173; UID 10087; state: ENABLED
11-01 12:01:18.877 1030 1030 D CompatibilityChangeReporter: Compat change id reported: 242716250; UID 10172; state: ENABLED
11-01 12:01:18.877 549 638 D CompatibilityChangeReporter: Compat change id reported: 262645982; UID 10087; state: ENABLED
11-01 12:01:18.879 549 638 D CompatibilityChangeReporter: Compat change id reported: 218533173; UID 10127; state: ENABLED
11-01 12:01:18.879 549 638 D CompatibilityChangeReporter: Compat change id reported: 262645982; UID 10127; state: ENABLED
11-01 12:01:18.880 549 638 D CompatibilityChangeReporter: Compat change id reported: 218533173; UID 10043; state: ENABLED
11-01 12:01:18.880 549 638 D CompatibilityChangeReporter: Compat change id reported: 262645982; UID 10043; state: ENABLED
11-01 12:01:18.881 549 638 D CompatibilityChangeReporter: Compat change id reported: 218533173; UID 10136; state: ENABLED
11-01 12:01:18.881 549 638 D CompatibilityChangeReporter: Compat change id reported: 262645982; UID 10136; state: DISABLED
11-01 12:01:18.882 549 638 D CompatibilityChangeReporter: Compat change id reported: 218533173; UID 10069; state: ENABLED
11-01 12:01:18.882 549 638 D CompatibilityChangeReporter: Compat change id reported: 262645982; UID 10069; state: ENABLED
11-01 12:01:18.883 549 638 D CompatibilityChangeReporter: Compat change id reported: 218533173; UID 10086; state: ENABLED
11-01 12:01:18.883 549 638 D CompatibilityChangeReporter: Compat change id reported: 262645982; UID 10086; state: ENABLED
11-01 12:01:18.884 549 638 D CompatibilityChangeReporter: Compat change id reported: 218533173; UID 10133; state: ENABLED
11-01 12:01:18.884 549 638 D CompatibilityChangeReporter: Compat change id reported: 262645982; UID 10133; state: ENABLED
11-01 12:01:18.885 549 638 D CompatibilityChangeReporter: Compat change id reported: 218533173; UID 10174; state: ENABLED
11-01 12:01:18.885 549 638 D CompatibilityChangeReporter: Compat change id reported: 262645982; UID 10174; state: ENABLED
11-01 12:01:18.887 549 638 D CompatibilityChangeReporter: Compat change id reported: 218533173; UID 10056; state: ENABLED
11-01 12:01:18.887 549 638 D CompatibilityChangeReporter: Compat change id reported: 262645982; UID 10056; state: ENABLED
11-01 12:01:18.887 549 638 D CompatibilityChangeReporter: Compat change id reported: 218533173; UID 10068; state: ENABLED
11-01 12:01:18.888 549 638 D CompatibilityChangeReporter: Compat change id reported: 262645982; UID 10068; state: ENABLED
11-01 12:01:18.889 549 638 D CompatibilityChangeReporter: Compat change id reported: 218533173; UID 10061; state: ENABLED
11-01 12:01:18.889 549 638 D CompatibilityChangeReporter: Compat change id reported: 262645982; UID 10061; state: ENABLED
11-01 12:01:18.890 549 638 D CompatibilityChangeReporter: Compat change id reported: 218533173; UID 10080; state: ENABLED
11-01 12:01:18.890 549 638 D CompatibilityChangeReporter: Compat change id reported: 262645982; UID 10080; state: ENABLED
11-01 12:01:18.890 549 638 D CompatibilityChangeReporter: Compat change id reported: 218533173; UID 10137; state: DISABLED
11-01 12:01:18.891 549 638 D CompatibilityChangeReporter: Compat change id reported: 262645982; UID 10137; state: DISABLED
11-01 12:01:18.891 549 638 D CompatibilityChangeReporter: Compat change id reported: 218533173; UID 10124; state: ENABLED
11-01 12:01:18.892 549 638 D CompatibilityChangeReporter: Compat change id reported: 262645982; UID 10124; state: DISABLED
11-01 12:01:18.892 549 638 D CompatibilityChangeReporter: Compat change id reported: 262645982; UID 10124; state: ENABLED
11-01 12:01:18.893 549 638 D CompatibilityChangeReporter: Compat change id reported: 218533173; UID 10085; state: ENABLED
11-01 12:01:18.893 549 638 D CompatibilityChangeReporter: Compat change id reported: 262645982; UID 10085; state: ENABLED
11-01 12:01:18.894 549 638 D CompatibilityChangeReporter: Compat change id reported: 218533173; UID 10135; state: ENABLED
11-01 12:01:18.894 549 638 D CompatibilityChangeReporter: Compat change id reported: 262645982; UID 10135; state: DISABLED
11-01 12:01:18.895 549 638 D CompatibilityChangeReporter: Compat change id reported: 218533173; UID 10018; state: ENABLED
11-01 12:01:18.895 549 638 D CompatibilityChangeReporter: Compat change id reported: 262645982; UID 10018; state: ENABLED
11-01 12:01:18.896 549 638 D CompatibilityChangeReporter: Compat change id reported: 218533173; UID 10157; state: ENABLED
11-01 12:01:18.897 549 638 D CompatibilityChangeReporter: Compat change id reported: 262645982; UID 10157; state: ENABLED
11-01 12:01:18.897 549 638 D CompatibilityChangeReporter: Compat change id reported: 218533173; UID 10079; state: ENABLED
11-01 12:01:18.898 549 638 D CompatibilityChangeReporter: Compat change id reported: 262645982; UID 10079; state: ENABLED
11-01 12:01:18.898 549 638 D CompatibilityChangeReporter: Compat change id reported: 218533173; UID 10111; state: ENABLED
11-01 12:01:18.898 549 638 D CompatibilityChangeReporter: Compat change id reported: 262645982; UID 10111; state: DISABLED
11-01 12:01:18.899 549 638 D CompatibilityChangeReporter: Compat change id reported: 218533173; UID 10097; state: ENABLED
11-01 12:01:18.899 549 638 D CompatibilityChangeReporter: Compat change id reported: 262645982; UID 10097; state: ENABLED
11-01 12:01:18.900 549 638 D CompatibilityChangeReporter: Compat change id reported: 218533173; UID 10126; state: DISABLED
11-01 12:01:18.901 549 638 D CompatibilityChangeReporter: Compat change id reported: 262645982; UID 10126; state: DISABLED
11-01 12:01:18.902 549 638 D CompatibilityChangeReporter: Compat change id reported: 218533173; UID 10159; state: ENABLED
11-01 12:01:18.902 549 638 D CompatibilityChangeReporter: Compat change id reported: 262645982; UID 10159; state: DISABLED
11-01 12:01:18.902 993 993 D CompatibilityChangeReporter: Compat change id reported: 237531167; UID 1000; state: DISABLED
11-01 12:01:18.903 549 638 D CompatibilityChangeReporter: Compat change id reported: 218533173; UID 10183; state: ENABLED
11-01 12:01:18.903 549 638 D CompatibilityChangeReporter: Compat change id reported: 262645982; UID 10183; state: ENABLED
11-01 12:01:18.904 993 993 W OpenGLRenderer: Unknown dataspace 0
11-01 12:01:18.904 549 638 D CompatibilityChangeReporter: Compat change id reported: 218533173; UID 10105; state: ENABLED
11-01 12:01:18.904 549 638 D CompatibilityChangeReporter: Compat change id reported: 262645982; UID 10105; state: ENABLED
11-01 12:01:18.906 549 638 D CompatibilityChangeReporter: Compat change id reported: 218533173; UID 10077; state: ENABLED
11-01 12:01:18.906 549 638 D CompatibilityChangeReporter: Compat change id reported: 262645982; UID 10077; state: ENABLED
11-01 12:01:18.907 549 638 D CompatibilityChangeReporter: Compat change id reported: 218533173; UID 10001; state: ENABLED
11-01 12:01:18.907 549 638 D CompatibilityChangeReporter: Compat change id reported: 262645982; UID 10001; state: ENABLED
11-01 12:01:18.908 549 638 D CompatibilityChangeReporter: Compat change id reported: 218533173; UID 10089; state: ENABLED
11-01 12:01:18.908 549 638 D CompatibilityChangeReporter: Compat change id reported: 262645982; UID 10089; state: ENABLED
11-01 12:01:18.909 549 909 D CompatibilityChangeReporter: Compat change id reported: 170503758; UID 10172; state: ENABLED
11-01 12:01:18.911 549 638 D CompatibilityChangeReporter: Compat change id reported: 218533173; UID 10180; state: ENABLED
11-01 12:01:18.912 549 563 D CompatibilityChangeReporter: Compat change id reported: 168419799; UID 1000; state: DISABLED
11-01 12:01:18.912 549 638 D CompatibilityChangeReporter: Compat change id reported: 262645982; UID 10180; state: ENABLED
11-01 12:01:18.913 549 638 D CompatibilityChangeReporter: Compat change id reported: 218533173; UID 10051; state: ENABLED
11-01 12:01:18.913 549 638 D CompatibilityChangeReporter: Compat change id reported: 262645982; UID 10051; state: ENABLED
11-01 12:01:18.913 549 563 D CompatibilityChangeReporter: Compat change id reported: 273564678; UID 1000; state: DISABLED
11-01 12:01:18.914 549 638 D CompatibilityChangeReporter: Compat change id reported: 218533173; UID 10088; state: ENABLED
11-01 12:01:18.914 549 638 D CompatibilityChangeReporter: Compat change id reported: 262645982; UID 10088; state: ENABLED
11-01 12:01:18.916 549 638 D CompatibilityChangeReporter: Compat change id reported: 218533173; UID 10063; state: ENABLED
11-01 12:01:18.916 549 638 D CompatibilityChangeReporter: Compat change id reported: 262645982; UID 10063; state: ENABLED
11-01 12:01:18.918 549 1061 I Telecom : Logging.Events: Non-call EVENT: AUDIO_ROUTE, Entering state QuiescentSpeakerRoute❗
11-01 12:01:18.918 549 1061 I Telecom : BluetoothRouteManager: getBluetoothAudioConnectedDevice: no service available.❗
11-01 12:01:18.920 549 638 D CompatibilityChangeReporter: Compat change id reported: 218533173; UID 10182; state: ENABLED
11-01 12:01:18.920 549 638 D CompatibilityChangeReporter: Compat change id reported: 262645982; UID 10182; state: ENABLED
11-01 12:01:18.921 549 638 D CompatibilityChangeReporter: Compat change id reported: 218533173; UID 10049; state: ENABLED
11-01 12:01:18.922 549 638 D CompatibilityChangeReporter: Compat change id reported: 262645982; UID 10049; state: ENABLED
11-01 12:01:18.925 549 638 D CompatibilityChangeReporter: Compat change id reported: 218533173; UID 10156; state: ENABLED
11-01 12:01:18.925 549 638 D CompatibilityChangeReporter: Compat change id reported: 262645982; UID 10156; state: DISABLED
11-01 12:01:18.927 549 638 D CompatibilityChangeReporter: Compat change id reported: 218533173; UID 10100; state: ENABLED
11-01 12:01:18.927 549 638 D CompatibilityChangeReporter: Compat change id reported: 262645982; UID 10100; state: ENABLED
11-01 12:01:18.929 549 638 D CompatibilityChangeReporter: Compat change id reported: 218533173; UID 10145; state: ENABLED
11-01 12:01:18.929 549 638 D CompatibilityChangeReporter: Compat change id reported: 218533173; UID 10081; state: ENABLED
11-01 12:01:18.930 549 638 D CompatibilityChangeReporter: Compat change id reported: 262645982; UID 10081; state: ENABLED
11-01 12:01:18.932 549 638 D CompatibilityChangeReporter: Compat change id reported: 218533173; UID 10038; state: ENABLED
11-01 12:01:18.932 549 638 D CompatibilityChangeReporter: Compat change id reported: 262645982; UID 10038; state: ENABLED
11-01 12:01:18.932 549 638 D CompatibilityChangeReporter: Compat change id reported: 218533173; UID 10032; state: ENABLED
11-01 12:01:18.934 549 638 D CompatibilityChangeReporter: Compat change id reported: 262645982; UID 10032; state: ENABLED
11-01 12:01:18.934 549 638 D CompatibilityChangeReporter: Compat change id reported: 218533173; UID 10002; state: ENABLED
11-01 12:01:18.934 549 638 D CompatibilityChangeReporter: Compat change id reported: 262645982; UID 10002; state: ENABLED
11-01 12:01:18.935 549 638 D CompatibilityChangeReporter: Compat change id reported: 218533173; UID 10138; state: ENABLED
11-01 12:01:18.935 549 638 D CompatibilityChangeReporter: Compat change id reported: 262645982; UID 10138; state: ENABLED
11-01 12:01:18.935 549 638 D CompatibilityChangeReporter: Compat change id reported: 218533173; UID 10025; state: ENABLED
11-01 12:01:18.935 549 638 D CompatibilityChangeReporter: Compat change id reported: 262645982; UID 10025; state: ENABLED
11-01 12:01:18.935 549 638 D CompatibilityChangeReporter: Compat change id reported: 218533173; UID 10006; state: ENABLED
11-01 12:01:18.936 549 638 D CompatibilityChangeReporter: Compat change id reported: 262645982; UID 10006; state: ENABLED
11-01 12:01:18.936 549 638 D CompatibilityChangeReporter: Compat change id reported: 218533173; UID 10066; state: ENABLED
11-01 12:01:18.936 549 638 D CompatibilityChangeReporter: Compat change id reported: 262645982; UID 10066; state: ENABLED
11-01 12:01:18.936 549 638 D CompatibilityChangeReporter: Compat change id reported: 218533173; UID 10106; state: ENABLED
11-01 12:01:18.937 549 638 D CompatibilityChangeReporter: Compat change id reported: 262645982; UID 10106; state: ENABLED
11-01 12:01:18.937 549 638 D CompatibilityChangeReporter: Compat change id reported: 218533173; UID 10050; state: ENABLED
11-01 12:01:18.937 549 638 D CompatibilityChangeReporter: Compat change id reported: 262645982; UID 10050; state: ENABLED
11-01 12:01:18.937 549 638 D CompatibilityChangeReporter: Compat change id reported: 218533173; UID 10084; state: ENABLED
11-01 12:01:18.937 549 638 D CompatibilityChangeReporter: Compat change id reported: 262645982; UID 10084; state: ENABLED
11-01 12:01:18.938 549 638 D CompatibilityChangeReporter: Compat change id reported: 218533173; UID 10035; state: ENABLED
11-01 12:01:18.938 549 638 D CompatibilityChangeReporter: Compat change id reported: 262645982; UID 10035; state: ENABLED
11-01 12:01:18.938 549 638 D CompatibilityChangeReporter: Compat change id reported: 218533173; UID 10073; state: ENABLED
11-01 12:01:18.939 549 638 D CompatibilityChangeReporter: Compat change id reported: 262645982; UID 10073; state: ENABLED
11-01 12:01:18.939 549 638 D CompatibilityChangeReporter: Compat change id reported: 218533173; UID 10128; state: ENABLED
11-01 12:01:18.939 549 638 D CompatibilityChangeReporter: Compat change id reported: 262645982; UID 10128; state: ENABLED
11-01 12:01:18.939 549 638 D CompatibilityChangeReporter: Compat change id reported: 218533173; UID 10113; state: ENABLED
11-01 12:01:18.939 549 638 D CompatibilityChangeReporter: Compat change id reported: 262645982; UID 10113; state: ENABLED
11-01 12:01:18.940 549 638 D CompatibilityChangeReporter: Compat change id reported: 218533173; UID 10163; state: ENABLED
11-01 12:01:18.940 549 638 D CompatibilityChangeReporter: Compat change id reported: 262645982; UID 10163; state: ENABLED
11-01 12:01:18.940 549 638 D CompatibilityChangeReporter: Compat change id reported: 218533173; UID 10118; state: ENABLED
11-01 12:01:18.941 549 638 D CompatibilityChangeReporter: Compat change id reported: 262645982; UID 10118; state: DISABLED
11-01 12:01:18.941 549 638 D CompatibilityChangeReporter: Compat change id reported: 171306433; UID 10118; state: ENABLED
11-01 12:01:18.941 549 638 D CompatibilityChangeReporter: Compat change id reported: 226439802; UID 10118; state: ENABLED
11-01 12:01:18.941 549 638 D CompatibilityChangeReporter: Compat change id reported: 218533173; UID 10047; state: ENABLED
11-01 12:01:18.941 549 638 D CompatibilityChangeReporter: Compat change id reported: 262645982; UID 10047; state: ENABLED
11-01 12:01:18.942 549 638 D CompatibilityChangeReporter: Compat change id reported: 218533173; UID 10042; state: ENABLED
11-01 12:01:18.942 549 638 D CompatibilityChangeReporter: Compat change id reported: 262645982; UID 10042; state: ENABLED
11-01 12:01:18.942 549 638 D CompatibilityChangeReporter: Compat change id reported: 218533173; UID 10021; state: ENABLED
11-01 12:01:18.942 549 638 D CompatibilityChangeReporter: Compat change id reported: 262645982; UID 10021; state: ENABLED
11-01 12:01:18.943 549 630 D CoreBackPreview: Window{6f94822 u0 com.android.settings/com.android.settings.FallbackHome}: Setting back callback OnBackInvokedCallbackInfo{mCallback=android.window.IOnBackInvokedCallback$Stub$Proxy@c01b9f6, mPriority=-1, mIsAnimationCallback=false}
11-01 12:01:18.945 549 638 D CompatibilityChangeReporter: Compat change id reported: 218533173; UID 10044; state: ENABLED
11-01 12:01:18.945 549 638 D CompatibilityChangeReporter: Compat change id reported: 262645982; UID 10044; state: ENABLED
11-01 12:01:18.945 549 638 D CompatibilityChangeReporter: Compat change id reported: 218533173; UID 10155; state: ENABLED
11-01 12:01:18.946 549 638 D CompatibilityChangeReporter: Compat change id reported: 262645982; UID 10155; state: ENABLED
11-01 12:01:18.946 549 638 D CompatibilityChangeReporter: Compat change id reported: 218533173; UID 10104; state: ENABLED
11-01 12:01:18.946 549 638 D CompatibilityChangeReporter: Compat change id reported: 262645982; UID 10104; state: ENABLED
11-01 12:01:18.947 549 638 D CompatibilityChangeReporter: Compat change id reported: 218533173; UID 10033; state: ENABLED
11-01 12:01:18.947 549 638 D CompatibilityChangeReporter: Compat change id reported: 262645982; UID 10033; state: ENABLED
11-01 12:01:18.947 549 638 D CompatibilityChangeReporter: Compat change id reported: 218533173; UID 10007; state: ENABLED
11-01 12:01:18.947 549 638 D CompatibilityChangeReporter: Compat change id reported: 262645982; UID 10007; state: ENABLED
11-01 12:01:18.947 549 638 D CompatibilityChangeReporter: Compat change id reported: 218533173; UID 10004; state: ENABLED
11-01 12:01:18.948 549 638 D CompatibilityChangeReporter: Compat change id reported: 262645982; UID 10004; state: ENABLED
11-01 12:01:18.948 549 638 D CompatibilityChangeReporter: Compat change id reported: 218533173; UID 10003; state: ENABLED
11-01 12:01:18.948 549 638 D CompatibilityChangeReporter: Compat change id reported: 262645982; UID 10003; state: ENABLED
11-01 12:01:18.948 549 638 D CompatibilityChangeReporter: Compat change id reported: 218533173; UID 10017; state: ENABLED
11-01 12:01:18.949 549 638 D CompatibilityChangeReporter: Compat change id reported: 262645982; UID 10017; state: ENABLED
11-01 12:01:18.949 549 638 D CompatibilityChangeReporter: Compat change id reported: 218533173; UID 10120; state: ENABLED
11-01 12:01:18.949 549 638 D CompatibilityChangeReporter: Compat change id reported: 262645982; UID 10120; state: ENABLED
11-01 12:01:18.950 549 638 D CompatibilityChangeReporter: Compat change id reported: 218533173; UID 10171; state: ENABLED
11-01 12:01:18.950 549 638 D CompatibilityChangeReporter: Compat change id reported: 262645982; UID 10171; state: ENABLED
11-01 12:01:18.950 549 638 D CompatibilityChangeReporter: Compat change id reported: 218533173; UID 10170; state: DISABLED
11-01 12:01:18.950 549 638 D CompatibilityChangeReporter: Compat change id reported: 262645982; UID 10170; state: DISABLED
11-01 12:01:18.951 549 638 D CompatibilityChangeReporter: Compat change id reported: 218533173; UID 10165; state: ENABLED
11-01 12:01:18.951 549 1066 I Telecom : CallAudioModeStateMachine: Audio focus entering UNFOCUSED state❗
11-01 12:01:18.952 549 1066 I Telecom : CallAudioModeStateMachine: Message received: null.: TS.init->CAMSM.pM_1@AAA❗
11-01 12:01:18.953 549 638 D CompatibilityChangeReporter: Compat change id reported: 262645982; UID 10165; state: ENABLED
11-01 12:01:18.954 941 941 I bt_stack_config: packages/modules/Bluetooth/system/main/stack_config.cc:199 get_pts_broadcast_audio_config_options: Config isn't ready, use default option
11-01 12:01:18.955 993 1055 W OpenGLRenderer: Failed to initialize 101010-2 format, error = EGL_SUCCESS
11-01 12:01:18.957 549 638 D CompatibilityChangeReporter: Compat change id reported: 218533173; UID 10167; state: ENABLED
11-01 12:01:18.957 549 638 D CompatibilityChangeReporter: Compat change id reported: 262645982; UID 10167; state: ENABLED
11-01 12:01:18.959 549 638 D CompatibilityChangeReporter: Compat change id reported: 218533173; UID 10151; state: ENABLED
11-01 12:01:18.961 549 638 D CompatibilityChangeReporter: Compat change id reported: 262645982; UID 10151; state: ENABLED
11-01 12:01:18.961 353 381 I netd : interfaceSetEnableIPv6(wlan0, false) <0.15ms>
11-01 12:01:18.962 353 381 I netd : interfaceClearAddrs(wlan0) <0.46ms>
11-01 12:01:18.964 549 638 D CompatibilityChangeReporter: Compat change id reported: 218533173; UID 10076; state: ENABLED
11-01 12:01:18.965 549 638 D CompatibilityChangeReporter: Compat change id reported: 262645982; UID 10076; state: ENABLED
11-01 12:01:18.965 549 702 I WifiClientModeImpl[28228:wlan0]: disconnectedstate enter
11-01 12:01:18.965 549 702 W WifiConnectivityManager: mConnectedSingleSavedNetworkSingleScanScheduleSec is not configured! Using default scan schedule
11-01 12:01:18.965 549 702 W WifiConnectivityManager: mConnectedSingleSavedNetworkSingleScanType is not configured! Using default scan types
11-01 12:01:18.966 549 702 D WifiClientModeImpl[28228:wlan0]: setupClientMode() ifacename = wlan0
11-01 12:01:18.967 549 702 I WifiVendorHal: Driver: 1.0 Firmware: 1.0
11-01 12:01:18.968 549 638 D CompatibilityChangeReporter: Compat change id reported: 218533173; UID 10153; state: ENABLED
11-01 12:01:18.969 549 638 D CompatibilityChangeReporter: Compat change id reported: 262645982; UID 10153; state: ENABLED
11-01 12:01:18.969 549 702 D WifiDiags: startLogging() iface list is {wlan0} after adding wlan0
11-01 12:01:18.971 989 989 D nativeloader: Configuring clns-shared-8 for other apk /system/app/Stk/Stk.apk. target_sdk_version=34, uses_libraries=, library_path=/system/app/Stk/lib/x86_64:/system/lib64:/system_ext/lib64, permitted_path=/data:/mnt/expand:/data/user_de/0/com.android.stk:/system/app/Stk:/system/lib64:/system_ext/lib64
11-01 12:01:18.972 549 638 D CompatibilityChangeReporter: Compat change id reported: 218533173; UID 10110; state: ENABLED
11-01 12:01:18.974 941 941 I droid.bluetooth: [1101/120118.974707:INFO:btif_config_cache.cc(67)] BtifConfigCache, capacity: 10000
11-01 12:01:18.975 549 638 D CompatibilityChangeReporter: Compat change id reported: 262645982; UID 10110; state: DISABLED
11-01 12:01:18.976 1030 1030 D nativeloader: Configuring clns-shared-6 for other apk /apex/com.android.extservices/priv-app/GoogleExtServices@340818080/GoogleExtServices.apk. target_sdk_version=34, uses_libraries=, library_path=/apex/com.android.extservices/priv-app/GoogleExtServices@340818080/lib/x86_64:/apex/com.android.extservices/priv-app/GoogleExtServices@340818080/GoogleExtServices.apk!/lib/x86_64:/system/lib64:/system_ext/lib64, permitted_path=/data:/mnt/expand:/data/user/0/com.google.android.ext.services:/apex/com.android.extservices/priv-app/GoogleExtServices@340818080:/system/lib64:/system_ext/lib64
11-01 12:01:18.977 1030 1030 D nativeloader: InitApexLibraries:
11-01 12:01:18.977 1030 1030 D nativeloader: com_android_adservices: libhpke_jni.so:libtflite_support_classifiers_native.so
11-01 12:01:18.977 1030 1030 D nativeloader: com_android_appsearch: libicing.so
11-01 12:01:18.977 1030 1030 D nativeloader: com_android_art: libartservice.so
11-01 12:01:18.977 1030 1030 D nativeloader: com_android_btservices: libbluetooth_jni.so
11-01 12:01:18.977 1030 1030 D nativeloader: com_android_conscrypt: libjavacrypto.so
11-01 12:01:18.977 1030 1030 D nativeloader: com_android_extservices: libtflite_support_classifiers_native.so
11-01 12:01:18.977 1030 1030 D nativeloader: com_android_os_statsd: libstats_jni.so
11-01 12:01:18.977 1030 1030 D nativeloader: com_android_tethering: libandroid_net_connectivity_com_android_net_module_util_jni.so:libcronet.114.0.5735.84.so:libframework-connectivity-jni.so:libframework-connectivity-tiramisu-jni.so:libservice-connectivity.so
11-01 12:01:18.977 1030 1030 D nativeloader: com_android_uwb: libuwb_uci_jni_rust.so
11-01 12:01:18.977 1030 1030 D nativeloader: com_android_virt: libvirtualizationservice_jni.so:libvirtualmachine_jni.so
11-01 12:01:18.978 549 638 D CompatibilityChangeReporter: Compat change id reported: 218533173; UID 10029; state: ENABLED
11-01 12:01:18.978 549 638 D CompatibilityChangeReporter: Compat change id reported: 262645982; UID 10029; state: ENABLED
11-01 12:01:18.980 549 638 D CompatibilityChangeReporter: Compat change id reported: 218533173; UID 10154; state: ENABLED
11-01 12:01:18.981 549 638 D CompatibilityChangeReporter: Compat change id reported: 262645982; UID 10154; state: ENABLED
11-01 12:01:18.982 549 702 D WifiConfigStore: Writing to stores completed in 2 ms.
11-01 12:01:18.982 549 638 D CompatibilityChangeReporter: Compat change id reported: 218533173; UID 10030; state: ENABLED
11-01 12:01:18.983 549 638 D CompatibilityChangeReporter: Compat change id reported: 262645982; UID 10030; state: ENABLED
11-01 12:01:18.985 549 638 D CompatibilityChangeReporter: Compat change id reported: 218533173; UID 10161; state: ENABLED
11-01 12:01:18.986 911 937 V WifiManager: SoftApCallbackProxy on mode 1, send InfoChanged, newInfo: SoftApInfo{bandwidth= 0, frequency= 0, wifiStandard= 0, mApInstanceIdentifier= null, mIdleShutdownTimeoutMillis= 0}
11-01 12:01:18.987 549 638 D CompatibilityChangeReporter: Compat change id reported: 262645982; UID 10161; state: ENABLED
11-01 12:01:18.988 911 937 V WifiManager: SoftApCallbackProxy on mode 1, send InfoChanged, changedInfoList: []
11-01 12:01:18.988 911 937 V WifiManager: SoftApCallbackProxy on mode 1, send onConnectedClientsChanged(clients): []
11-01 12:01:18.988 549 702 D ApConfigUtil: Update Softap capability, add client control feature support
11-01 12:01:18.989 549 702 D ApConfigUtil: Update Softap capability, add MAC customization support
11-01 12:01:18.989 549 702 D ApConfigUtil: Update Softap capability, add 2.4G support
11-01 12:01:18.990 549 702 D ApConfigUtil: Update Softap capability, max client = 16
11-01 12:01:18.990 549 702 D WifiCountryCode: Reading country code from telephony
11-01 12:01:18.991 549 702 D WifiCountryCode: Set telephony country code to:
11-01 12:01:18.992 549 549 I Telecom : MissedCallNotifierImpl: reloadFromDatabase: Boot not yet complete -- call log db may not be available. Deferring loading until boot complete for user 0: TS.init@AAA❗
11-01 12:01:18.993 911 937 V WifiManager: SoftApCallbackProxy on mode 2, send InfoChanged, newInfo: SoftApInfo{bandwidth= 0, frequency= 0, wifiStandard= 0, mApInstanceIdentifier= null, mIdleShutdownTimeoutMillis= 0}
11-01 12:01:18.993 911 937 V WifiManager: SoftApCallbackProxy on mode 2, send InfoChanged, changedInfoList: []
11-01 12:01:18.994 911 937 V WifiManager: SoftApCallbackProxy on mode 2, send onConnectedClientsChanged(clients): []
11-01 12:01:18.994 549 702 D ApConfigUtil: Update Softap capability, add client control feature support
11-01 12:01:18.994 549 702 D ApConfigUtil: Update Softap capability, add MAC customization support
11-01 12:01:18.995 549 702 D ApConfigUtil: Update Softap capability, add 2.4G support
11-01 12:01:18.995 549 702 D ApConfigUtil: Update Softap capability, max client = 16
11-01 12:01:18.995 549 702 D WifiCountryCode: Reading country code from telephony
11-01 12:01:18.996 549 549 I Telecom : Class: TelecomSystem.INSTANCE being set❗
11-01 12:01:18.996 549 702 D WifiCountryCode: Set telephony country code to:
11-01 12:01:18.997 549 549 W Looper : Slow dispatch took 160ms main h=android.app.ActivityThread$H c=android.app.LoadedApk$ServiceDispatcher$RunConnection@9efc663 m=0
11-01 12:01:18.997 549 549 D CompatibilityChangeReporter: Compat change id reported: 150939131; UID 1000; state: ENABLED
11-01 12:01:18.999 353 381 I netd : interfaceGetCfg(wlan0) -> {InterfaceConfigurationParcel{ifName: wlan0, hwAddr: 02:15:b2:00:00:00, ipv4Addr: 0.0.0.0, prefixLength: 0, flags: [up, broadcast, multicast]}} <0.29ms>
11-01 12:01:19.000 549 638 D CompatibilityChangeReporter: Compat change id reported: 218533173; UID 10177; state: ENABLED
11-01 12:01:19.003 549 638 D CompatibilityChangeReporter: Compat change id reported: 262645982; UID 10177; state: ENABLED
11-01 12:01:19.004 549 638 D CompatibilityChangeReporter: Compat change id reported: 218533173; UID 10101; state: ENABLED
11-01 12:01:19.004 549 638 D CompatibilityChangeReporter: Compat change id reported: 262645982; UID 10101; state: ENABLED
11-01 12:01:19.004 549 638 D CompatibilityChangeReporter: Compat change id reported: 218533173; UID 10109; state: ENABLED
11-01 12:01:19.004 549 638 D CompatibilityChangeReporter: Compat change id reported: 262645982; UID 10109; state: DISABLED
11-01 12:01:19.005 549 638 D CompatibilityChangeReporter: Compat change id reported: 218533173; UID 10039; state: ENABLED
11-01 12:01:19.005 549 638 D CompatibilityChangeReporter: Compat change id reported: 262645982; UID 10039; state: ENABLED
11-01 12:01:19.005 549 638 D CompatibilityChangeReporter: Compat change id reported: 218533173; UID 10175; state: ENABLED
11-01 12:01:19.005 549 638 D CompatibilityChangeReporter: Compat change id reported: 262645982; UID 10175; state: ENABLED
11-01 12:01:19.006 549 638 D CompatibilityChangeReporter: Compat change id reported: 218533173; UID 10009; state: ENABLED
11-01 12:01:19.007 549 638 D CompatibilityChangeReporter: Compat change id reported: 262645982; UID 10009; state: ENABLED
11-01 12:01:19.008 549 638 D CompatibilityChangeReporter: Compat change id reported: 218533173; UID 10046; state: ENABLED
11-01 12:01:19.008 549 638 D CompatibilityChangeReporter: Compat change id reported: 262645982; UID 10046; state: ENABLED
11-01 12:01:19.009 549 638 D CompatibilityChangeReporter: Compat change id reported: 218533173; UID 10014; state: ENABLED
11-01 12:01:19.009 549 638 D CompatibilityChangeReporter: Compat change id reported: 262645982; UID 10014; state: ENABLED
11-01 12:01:19.013 549 638 D CompatibilityChangeReporter: Compat change id reported: 218533173; UID 10070; state: ENABLED
11-01 12:01:19.013 549 638 D CompatibilityChangeReporter: Compat change id reported: 262645982; UID 10070; state: ENABLED
11-01 12:01:19.014 549 549 W NotificationHistory: Attempted to add notif for locked/gone/disabled user 0
11-01 12:01:19.014 549 638 D CompatibilityChangeReporter: Compat change id reported: 218533173; UID 10123; state: ENABLED
11-01 12:01:19.014 549 549 D BluetoothA2dp: Binding service...
11-01 12:01:19.014 549 549 D BluetoothManagerService: Trying to bind to profile: 2, while Bluetooth was disabled
11-01 12:01:19.014 549 638 D CompatibilityChangeReporter: Compat change id reported: 262645982; UID 10123; state: DISABLED
11-01 12:01:19.014 549 549 D BluetoothHearingAid: Binding service...
11-01 12:01:19.014 549 549 D BluetoothManagerService: Trying to bind to profile: 21, while Bluetooth was disabled
11-01 12:01:19.014 549 549 D BluetoothLeAudio: Binding service...
11-01 12:01:19.014 549 549 D BluetoothManagerService: Trying to bind to profile: 22, while Bluetooth was disabled
11-01 12:01:19.015 549 549 I ConnectivityModuleConnector: Networking module service connected
11-01 12:01:19.020 1030 1030 W ContextImpl: Failed to ensure /data/user/0/com.google.android.ext.services/cache: mkdir failed: errno 126 (Required key not available)
11-01 12:01:19.020 1030 1030 W ContextImpl: Failed to update user.inode_cache: stat failed: ENOENT (No such file or directory)
11-01 12:01:19.021 1030 1030 V GraphicsEnvironment: Currently set values for:
11-01 12:01:19.021 1030 1030 V GraphicsEnvironment: angle_gl_driver_selection_pkgs=[]
11-01 12:01:19.021 1030 1030 V GraphicsEnvironment: angle_gl_driver_selection_values=[]
11-01 12:01:19.021 1030 1030 V GraphicsEnvironment: ANGLE GameManagerService for com.google.android.ext.services: false
11-01 12:01:19.021 1030 1030 V GraphicsEnvironment: com.google.android.ext.services is not listed in per-application setting
11-01 12:01:19.021 1030 1030 V GraphicsEnvironment: Neither updatable production driver nor prerelease driver is supported.
11-01 12:01:19.025 549 563 I ActivityManager: Flag disabled. Ignoring finishAttachApplication from uid: 10172. pid: 1030
11-01 12:01:19.026 549 638 D CompatibilityChangeReporter: Compat change id reported: 265195908; UID 1001; state: ENABLED
11-01 12:01:19.029 549 549 D AccessibilityManagerService: Ignoring non-encryption-aware service ComponentInfo{com.android.systemui.accessibility.accessibilitymenu/com.android.systemui.accessibility.accessibilitymenu.AccessibilityMenuService}
11-01 12:01:19.032 549 549 W WindowMagnificationMgr: requestConnection duplicated request: connect=false, mConnectionState=DISCONNECTED
11-01 12:01:19.033 989 989 D nativeloader: Configuring clns-shared-9 for other apk /system/priv-app/TelephonyProvider/TelephonyProvider.apk. target_sdk_version=34, uses_libraries=, library_path=/system/priv-app/TelephonyProvider/lib/x86_64:/system/lib64:/system_ext/lib64, permitted_path=/data:/mnt/expand:/data/user_de/0/com.android.providers.telephony:/system/priv-app/TelephonyProvider:/system/lib64:/system_ext/lib64
11-01 12:01:19.033 549 549 D SystemServerTiming: ManagedServices.unbindOtherUserServices_current0
11-01 12:01:19.034 549 549 V SystemServerTiming: ManagedServices.unbindOtherUserServices_current0 took to complete: 0ms
11-01 12:01:19.034 549 549 V ConditionProviders: enabling condition provider for 0: ComponentInfo{com.google.android.apps.wellbeing/com.google.android.apps.wellbeing.dnd.impl.DndConditionProviderService}
11-01 12:01:19.034 549 549 V ConditionProviders: Not registering ComponentInfo{com.google.android.apps.wellbeing/com.google.android.apps.wellbeing.dnd.impl.DndConditionProviderService} is already bound
11-01 12:01:19.034 549 549 D SystemServerTiming: ManagedServices.unbindOtherUserServices_current0
11-01 12:01:19.035 549 549 V SystemServerTiming: ManagedServices.unbindOtherUserServices_current0 took to complete: 0ms
11-01 12:01:19.035 549 549 V NotificationListeners: enabling notification listener for 0: ComponentInfo{com.google.android.apps.nexuslauncher/com.android.launcher3.notification.NotificationListener}
11-01 12:01:19.036 549 549 V NotificationListeners: binding: Intent { act=android.service.notification.NotificationListenerService cmp=com.google.android.apps.nexuslauncher/com.android.launcher3.notification.NotificationListener (has extras) }
11-01 12:01:19.036 549 549 W ActivityManager: Unable to start service Intent { act=android.service.notification.NotificationListenerService cmp=com.google.android.apps.nexuslauncher/com.android.launcher3.notification.NotificationListener } U=0: not found
11-01 12:01:19.036 549 549 W NotificationListeners: Unable to bind notification listener service: Intent { act=android.service.notification.NotificationListenerService cmp=com.google.android.apps.nexuslauncher/com.android.launcher3.notification.NotificationListener (has extras) } in user 0
11-01 12:01:19.037 549 549 V NotificationListeners: enabling notification listener for 0: ComponentInfo{com.google.android.as/com.google.android.apps.miphone.aiai.common.notification.service.AiAiNotificationListenerService}
11-01 12:01:19.037 549 549 V NotificationListeners: binding: Intent { act=android.service.notification.NotificationListenerService cmp=com.google.android.as/com.google.android.apps.miphone.aiai.common.notification.service.AiAiNotificationListenerService (has extras) }
11-01 12:01:19.037 549 549 W ActivityManager: Unable to start service Intent { act=android.service.notification.NotificationListenerService cmp=com.google.android.as/com.google.android.apps.miphone.aiai.common.notification.service.AiAiNotificationListenerService } U=0: not found
11-01 12:01:19.037 549 549 W NotificationListeners: Unable to bind notification listener service: Intent { act=android.service.notification.NotificationListenerService cmp=com.google.android.as/com.google.android.apps.miphone.aiai.common.notification.service.AiAiNotificationListenerService (has extras) } in user 0
11-01 12:01:19.037 549 549 D SystemServerTiming: ManagedServices.unbindOtherUserServices_current0
11-01 12:01:19.037 549 549 V SystemServerTiming: ManagedServices.unbindOtherUserServices_current0 took to complete: 0ms
11-01 12:01:19.037 549 549 V NotificationAssistants: enabling notification assistant for 0: ComponentInfo{com.google.android.as/com.google.android.apps.miphone.aiai.common.notification.service.AiAiNotificationAssistantService}
11-01 12:01:19.038 549 549 V NotificationAssistants: binding: Intent { act=android.service.notification.NotificationAssistantService cmp=com.google.android.as/com.google.android.apps.miphone.aiai.common.notification.service.AiAiNotificationAssistantService (has extras) }
11-01 12:01:19.038 549 549 W ActivityManager: Unable to start service Intent { act=android.service.notification.NotificationAssistantService cmp=com.google.android.as/com.google.android.apps.miphone.aiai.common.notification.service.AiAiNotificationAssistantService } U=0: not found
11-01 12:01:19.038 549 549 W NotificationAssistants: Unable to bind notification assistant service: Intent { act=android.service.notification.NotificationAssistantService cmp=com.google.android.as/com.google.android.apps.miphone.aiai.common.notification.service.AiAiNotificationAssistantService (has extras) } in user 0
11-01 12:01:19.043 549 638 D CompatibilityChangeReporter: Compat change id reported: 265195908; UID 10172; state: ENABLED
11-01 12:01:19.045 165 165 I hwservicemanager: getTransport: Cannot find entry android.hardware.graphics.mapper@4.0::IMapper/default in either framework or device VINTF manifest.
11-01 12:01:19.045 993 1055 I Gralloc4: mapper 4.x is not supported
11-01 12:01:19.908 0 0 I servicemanager: Could not find android.hardware.graphics.allocator.IAllocator/default in the VINTF manifest.
11-01 12:01:19.050 989 989 D CarrierProvider: onCreate
11-01 12:01:19.052 989 989 D CompatibilityChangeReporter: Compat change id reported: 263076149; UID 1001; state: ENABLED
11-01 12:01:19.053 989 989 D DeferredSmsMmsRestoreService: startIfFilesExist: no files to restore
11-01 12:01:19.053 989 989 D DeferredSmsMmsRestoreService: addAllSharedPrefToLocalLog
11-01 12:01:19.071 549 563 D CompatibilityChangeReporter: Compat change id reported: 161145287; UID 1001; state: ENABLED
11-01 12:01:19.075 989 989 D CarrierIdProvider: onCreate
11-01 12:01:19.075 989 989 D CarrierIdDatabaseHelper: CarrierIdDatabaseHelper: 5
11-01 12:01:19.088 989 989 D CarrierIdProvider: update database from pb file
11-01 12:01:19.135 549 549 D Biometrics/InternalCleanupClient: onEnumerated, remaining: 0
11-01 12:01:19.137 549 549 D Biometrics/InternalEnumerateClient: Null identifier
11-01 12:01:19.138 549 549 D Biometrics/InternalCleanupClient: Enumerate onClientFinished: {[6] com.android.server.biometrics.sensors.face.aidl.FaceInternalEnumerateClient, proto=6, owner=android, cookie=0, requestId=-1, userId=0}, success: true
11-01 12:01:19.138 549 549 D BiometricStateCallback: Client finished, state updated to 0, client {[0] com.android.server.biometrics.sensors.face.aidl.FaceInternalCleanupClient, proto=7, owner=android, cookie=0, requestId=-1, userId=0}
11-01 12:01:19.138 549 549 D BiometricStateCallback: Enrollment state changed: false
11-01 12:01:19.139 549 549 D BiometricSchedulerOperation: [Finished / destroy]: {[0] com.android.server.biometrics.sensors.face.aidl.FaceInternalCleanupClient, proto=7, owner=android, cookie=0, requestId=-1, userId=0}
11-01 12:01:19.144 549 549 D Biometrics/InternalCleanupClient: onEnumerated, remaining: 0
11-01 12:01:19.144 549 549 D Biometrics/InternalEnumerateClient: Null identifier
11-01 12:01:19.145 549 549 D Biometrics/InternalCleanupClient: Enumerate onClientFinished: {[9] com.android.server.biometrics.sensors.fingerprint.aidl.FingerprintInternalEnumerateClient, proto=6, owner=android, cookie=0, requestId=-1, userId=0}, success: true
11-01 12:01:19.145 549 549 D BiometricStateCallback: Client finished, state updated to 0, client {[2] com.android.server.biometrics.sensors.fingerprint.aidl.FingerprintInternalCleanupClient, proto=7, owner=android, cookie=0, requestId=-1, userId=0}
11-01 12:01:19.145 549 549 D BiometricStateCallback: Enrollment state changed: false
11-01 12:01:19.145 549 549 D BiometricSchedulerOperation: [Finished / destroy]: {[2] com.android.server.biometrics.sensors.fingerprint.aidl.FingerprintInternalCleanupClient, proto=7, owner=android, cookie=0, requestId=-1, userId=0}
11-01 12:01:19.145 549 549 I Telecom : WiredHeadsetManager: ACTION_HEADSET_PLUG event, plugged in: false, : WHC.oADA@AAM❗
11-01 12:01:19.147 549 549 I MediaSessionStack: addSession to bottom of stack | record: com.android.server.telecom/HeadsetMediaButton (userId=0)
11-01 12:01:19.147 549 549 D MediaSessionService: Global priority session is changed from null to com.android.server.telecom/HeadsetMediaButton (userId=0)
11-01 12:01:19.148 549 549 I MediaSessionStack: removeSession | record: com.android.server.telecom/HeadsetMediaButton (userId=0)
11-01 12:01:19.150 549 549 D ContentCaptureManagerService: Restriction did not change for user 0
11-01 12:01:19.150 549 549 I ContentSuggestionsManagerService: Updating for user 0: disabled=false
