11-01 12:01:25.108 549 702 D OemPaidWifiNetworkFactory: got request NetworkRequest [ REQUEST id=41, [ Capabilities: INTERNET&NOT_RESTRICTED&TRUSTED&NOT_VCN_MANAGED Uid: 10161 RequestorUid: 10161 RequestorPkg: com.android.systemui UnderlyingNetworks: Null] ]
11-01 12:01:25.108 549 702 D OemPaidWifiNetworkFactory: got request NetworkRequest [ REQUEST id=7, [ Capabilities: INTERNET&NOT_RESTRICTED&TRUSTED&NOT_VCN_MANAGED Uid: 1000 RequestorUid: 1000 RequestorPkg: android UnderlyingNetworks: Null] ]
11-01 12:01:25.108 549 702 D OemPaidWifiNetworkFactory: got request NetworkRequest [ REQUEST id=25, [ Capabilities: INTERNET&NOT_RESTRICTED&TRUSTED&NOT_VCN_MANAGED Uid: 10119 RequestorUid: 1000 RequestorPkg: android UnderlyingNetworks: Null] ]
11-01 12:01:25.108 549 702 D MultiInternetWifiNetworkFactory: got request NetworkRequest [ REQUEST id=23, [ Capabilities: INTERNET&NOT_RESTRICTED&TRUSTED&NOT_VCN_MANAGED Uid: 10121 RequestorUid: 1000 RequestorPkg: android UnderlyingNetworks: Null] ]
11-01 12:01:25.108 549 702 D MultiInternetWifiNetworkFactory: got request NetworkRequest [ REQUEST id=19, [ Capabilities: INTERNET&NOT_RESTRICTED&TRUSTED&NOT_VCN_MANAGED Uid: 10139 RequestorUid: 1000 RequestorPkg: android UnderlyingNetworks: Null] ]
11-01 12:01:25.108 549 702 D MultiInternetWifiNetworkFactory: got request NetworkRequest [ REQUEST id=34, [ Capabilities: INTERNET&NOT_RESTRICTED&TRUSTED&NOT_VCN_MANAGED Uid: 1001 RequestorUid: 1001 RequestorPkg: com.android.phone UnderlyingNetworks: Null] ]
11-01 12:01:25.108 549 702 D MultiInternetWifiNetworkFactory: got request NetworkRequest [ REQUEST id=1, [ Capabilities: INTERNET&NOT_RESTRICTED&TRUSTED&NOT_VPN&NOT_VCN_MANAGED RequestorUid: 1000 RequestorPkg: android UnderlyingNetworks: Null] ]
11-01 12:01:25.108 549 702 D MultiInternetWifiNetworkFactory: got request NetworkRequest [ REQUEST id=27, [ Capabilities: INTERNET&NOT_RESTRICTED&TRUSTED&NOT_VCN_MANAGED Uid: 1000 RequestorUid: 1000 RequestorPkg: android UnderlyingNetworks: Null] ]
11-01 12:01:25.108 549 702 D MultiInternetWifiNetworkFactory: got request NetworkRequest [ REQUEST id=36, [ Capabilities: INTERNET&NOT_RESTRICTED&TRUSTED&NOT_VCN_MANAGED Uid: 1001 RequestorUid: 1001 RequestorPkg: com.android.phone UnderlyingNetworks: Null] ]
11-01 12:01:25.108 549 702 D MultiInternetWifiNetworkFactory: got request NetworkRequest [ REQUEST id=17, [ Capabilities: INTERNET&NOT_RESTRICTED&TRUSTED&NOT_VCN_MANAGED Uid: 10147 RequestorUid: 1000 RequestorPkg: android UnderlyingNetworks: Null] ]
11-01 12:01:25.108 549 702 D MultiInternetWifiNetworkFactory: got request NetworkRequest [ REQUEST id=29, [ Capabilities: INTERNET&NOT_RESTRICTED&TRUSTED&NOT_VCN_MANAGED Uid: 1073 RequestorUid: 1073 RequestorPkg: com.google.android.networkstack UnderlyingNetworks: Null] ]
11-01 12:01:25.128 549 1261 W ActivityManager: Slow operation: 88ms so far, now at finishAttachApplicationInner: after mServices.attachApplicationLocked
11-01 12:01:25.408 0 0 I init : ... started service 'exec 21 (/system/bin/bootstat --record_boot_complete --record_boot_reason --record_time_since_factory_reset -l)' has pid 1474
11-01 12:01:25.420 0 0 I init : processing action (sys.boot_completed=1) from (/system/etc/init/dmesgd.rc:4)
11-01 12:01:25.427 0 0 I init : processing action (sys.boot_completed=1) from (/system/etc/init/flags_health_check.rc:7)
11-01 12:01:25.140 490 500 W cutils : Expected path /data/data/com.google.android.gms with mode 700 but found 711
11-01 12:01:25.140 549 1261 W ActivityManager: Slow operation: 112ms so far, now at finishAttachApplicationInner: after dispatching broadcasts
11-01 12:01:25.142 1435 1435 D CompatibilityChangeReporter: Compat change id reported: 171979766; UID 10131; state: ENABLED
11-01 12:01:25.142 549 909 D CompatibilityChangeReporter: Compat change id reported: 168419799; UID 10117; state: DISABLED
11-01 12:01:25.142 1435 1435 D CompatibilityChangeReporter: Compat change id reported: 242716250; UID 10131; state: DISABLED
11-01 12:01:25.142 549 909 D CompatibilityChangeReporter: Compat change id reported: 273564678; UID 10117; state: DISABLED
11-01 12:01:25.147 549 1261 D CompatibilityChangeReporter: Compat change id reported: 170503758; UID 10131; state: ENABLED
11-01 12:01:25.148 549 573 W Looper : Slow dispatch took 119ms android.ui h=com.android.server.am.ActivityManagerService$UiHandler c=com.android.server.am.UidObserverController$$ExternalSyntheticLambda0@5e33964 m=0
11-01 12:01:25.150 549 702 D MultiInternetWifiNetworkFactory: got request NetworkRequest [ REQUEST id=21, [ Capabilities: INTERNET&NOT_RESTRICTED&TRUSTED&NOT_VCN_MANAGED Uid: 10122 RequestorUid: 1000 RequestorPkg: android UnderlyingNetworks: Null] ]
11-01 12:01:25.150 1435 1435 D ApplicationLoaders: Returning zygote-cached class loader: /system_ext/framework/androidx.window.extensions.jar
11-01 12:01:25.150 1435 1435 D ApplicationLoaders: Returning zygote-cached class loader: /system_ext/framework/androidx.window.sidecar.jar
11-01 12:01:25.150 549 638 D CompatibilityChangeReporter: Compat change id reported: 265195908; UID 10117; state: ENABLED
11-01 12:01:25.150 549 702 D MultiInternetWifiNetworkFactory: got request NetworkRequest [ REQUEST id=15, [ Capabilities: INTERNET&NOT_RESTRICTED&TRUSTED&NOT_VCN_MANAGED Uid: 10148 RequestorUid: 1000 RequestorPkg: android UnderlyingNetworks: Null] ]
11-01 12:01:25.150 549 702 D MultiInternetWifiNetworkFactory: got request NetworkRequest [ REQUEST id=39, [ Capabilities: INTERNET&NOT_RESTRICTED&TRUSTED&NOT_VCN_MANAGED Uid: 10161 RequestorUid: 10161 RequestorPkg: com.android.systemui UnderlyingNetworks: Null] ]
11-01 12:01:25.151 549 702 D MultiInternetWifiNetworkFactory: got request NetworkRequest [ REQUEST id=41, [ Capabilities: INTERNET&NOT_RESTRICTED&TRUSTED&NOT_VCN_MANAGED Uid: 10161 RequestorUid: 10161 RequestorPkg: com.android.systemui UnderlyingNetworks: Null] ]
11-01 12:01:25.151 549 702 D MultiInternetWifiNetworkFactory: got request NetworkRequest [ REQUEST id=7, [ Capabilities: INTERNET&NOT_RESTRICTED&TRUSTED&NOT_VCN_MANAGED Uid: 1000 RequestorUid: 1000 RequestorPkg: android UnderlyingNetworks: Null] ]
11-01 12:01:25.151 549 702 D MultiInternetWifiNetworkFactory: got request NetworkRequest [ REQUEST id=25, [ Capabilities: INTERNET&NOT_RESTRICTED&TRUSTED&NOT_VCN_MANAGED Uid: 10119 RequestorUid: 1000 RequestorPkg: android UnderlyingNetworks: Null] ]
11-01 12:01:25.157 549 629 D CompatibilityChangeReporter: Compat change id reported: 161145287; UID 10159; state: DISABLED
11-01 12:01:25.159 549 702 D WifiConfigStore: Writing to stores completed in 8 ms.
11-01 12:01:25.161 1395 1395 D b/283944974: possibleMaximumWindowMetrics: [WindowMetrics:{bounds=Rect(0, 0 - 320, 640), windowInsets=WindowInsets{
11-01 12:01:25.161 1395 1395 D b/283944974: statusBars=null max=null vis=false
11-01 12:01:25.161 1395 1395 D b/283944974: navigationBars=null max=null vis=false
11-01 12:01:25.161 1395 1395 D b/283944974: captionBar=null max=null vis=false
11-01 12:01:25.161 1395 1395 D b/283944974: ime=Insets{left=0, top=0, right=0, bottom=0} max=null vis=false
11-01 12:01:25.161 1395 1395 D b/283944974: systemGestures=null max=null vis=false
11-01 12:01:25.161 1395 1395 D b/283944974: mandatorySystemGestures=null max=null vis=false
11-01 12:01:25.161 1395 1395 D b/283944974: tappableElement=null max=null vis=false
11-01 12:01:25.161 1395 1395 D b/283944974: displayCutout=null max=null vis=false
11-01 12:01:25.161 1395 1395 D b/283944974: windowDecor=null max=null vis=false
11-01 12:01:25.161 1395 1395 D b/283944974: systemOverlays=null max=null vis=false
11-01 12:01:25.161 1395 1395 D b/283944974:
11-01 12:01:25.161 1395 1395 D b/283944974: roundedCorners=RoundedCorners{[RoundedCorner{position=TopLeft, radius=0, center=Point(0, 0)}, RoundedCorner{position=TopRight, radius=0, center=Point(0, 0)}, RoundedCorner{position=BottomRight, radius=0, center=Point(0, 0)}, RoundedCorner{position=BottomLeft, radius=0, center=Point(0, 0)}]}
11-01 12:01:25.161 1395 1395 D b/283944974: privacyIndicatorBounds=PrivacyIndicatorBounds {static bounds=null rotation=0}
11-01 12:01:25.161 1395 1395 D b/283944974: displayShape=DisplayShape{ spec=-2047665221 displayWidth=320 displayHeight=640 physicalPixelDisplaySizeRatio=1.0 rotation=0 offsetX=0 offsetY=0 scale=1.0}
11-01 12:01:25.161 1395 1395 D b/283944974: suppressScrimTypes=
11-01 12:01:25.161 1395 1395 D b/283944974: compatInsetsTypes=statusBars navigationBars captionBar systemOverlays
11-01 12:01:25.161 1395 1395 D b/283944974: compatIgnoreVisibility=false
11-01 12:01:25.161 1395 1395 D b/283944974: systemWindowInsetsConsumed=false
11-01 12:01:25.161 1395 1395 D b/283944974: stableInsetsConsumed=false
11-01 12:01:25.161 1395 1395 D b/283944974: displayCutoutConsumed=false
11-01 12:01:25.161 1395 1395 D b/283944974: }, density=1.0}]
11-01 12:01:25.163 1474 1474 I bootstat: Service started: /system/bin/bootstat --record_boot_complete --record_boot_reason --record_time_since_factory_reset -l
11-01 12:01:25.165 1474 1474 W bootstat: LogBootEvents, atomInfo not defined for events:last_boot_time_utc,build_date,ro.boottime.init.cold_boot_wait,boot_reason,system_boot_reason,time_since_last_boot
11-01 12:01:25.441 0 0 I init : processing action (persist.dbg.keep_debugfs_mounted= && ro.product.debugfs_restrictions.enabled=true && sys.boot_completed=1) from (/system/etc/init/init-debug.rc:15)
11-01 12:01:25.466 0 0 I init : Service 'exec 21 (/system/bin/bootstat --record_boot_complete --record_boot_reason --record_time_since_factory_reset -l)' (pid 1474) exited with status 0 oneshot service took 0.058000 seconds in background
11-01 12:01:25.170 549 572 V PackageManager: reconcileAppsData finished 250 packages
11-01 12:01:25.170 549 572 V SystemServerTiming: reconcileAppsData-0 took to complete: 106ms
11-01 12:01:25.170 549 572 V SystemServerTiming: UM.onBeforeUnlockUser-0 took to complete: 225ms
11-01 12:01:25.170 549 572 I ActivityManager: User 0 state changed from RUNNING_LOCKED to RUNNING_UNLOCKING
11-01 12:01:25.170 549 572 D ActivityManager: Unlocking user 0 progress 20
11-01 12:01:25.171 549 572 W Looper : Slow dispatch took 225ms android.fg h=android.os.Handler c=com.android.server.am.UserController$$ExternalSyntheticLambda2@56cedef m=0
11-01 12:01:25.171 549 572 W Looper : Slow delivery took 228ms android.fg h=android.os.Handler c=com.android.server.am.UserController$$ExternalSyntheticLambda9@5ba50fc m=0
11-01 12:01:25.177 787 1457 I vol.Events: writeEvent level_changed STREAM_VOICE_CALL 3
11-01 12:01:25.179 787 1457 I vol.Events: writeEvent level_changed STREAM_SYSTEM 5
11-01 12:01:25.179 787 1457 I vol.Events: writeEvent level_changed STREAM_RING 5
11-01 12:01:25.181 787 1457 I vol.Events: writeEvent level_changed STREAM_MUSIC 5
11-01 12:01:25.182 1395 1395 I DisplayController: (CTOR) perDisplayBounds - CachedDisplayInfo{size=Point(320, 640), cutout=Rect(0, 0 - 0, 0), rotation=0}: [WindowBounds{bounds=Rect(0, 0 - 320, 640), insets=Rect(0, 24 - 0, 24), availableSize=Point(320, 592), rotationHint=0}, WindowBounds{bounds=Rect(0, 0 - 640, 320), insets=Rect(0, 24 - 0, 24), availableSize=Point(640, 272), rotationHint=1}, WindowBounds{bounds=Rect(0, 0 - 320, 640), insets=Rect(0, 24 - 0, 24), availableSize=Point(320, 592), rotationHint=2}, WindowBounds{bounds=Rect(0, 0 - 640, 320), insets=Rect(0, 24 - 0, 24), availableSize=Point(640, 272), rotationHint=3}]
11-01 12:01:25.184 549 702 D WifiConfigStore: Writing to stores completed in 24 ms.
11-01 12:01:25.184 549 584 D SystemServerTimingAsync: ssm.UnlockingUser-0
11-01 12:01:25.185 549 584 I SystemServiceManager: Calling onUnlockingUser 0
11-01 12:01:25.185 549 584 D SystemServerTimingAsync: ssm.onUnlockingUser-0_com.android.server.security.FileIntegrityService
11-01 12:01:25.185 549 584 V SystemServerTimingAsync: ssm.onUnlockingUser-0_com.android.server.security.FileIntegrityService took to complete: 0ms
11-01 12:01:25.185 549 584 D SystemServerTimingAsync: ssm.onUnlockingUser-0_com.android.server.pm.Installer
11-01 12:01:25.185 549 584 V SystemServerTimingAsync: ssm.onUnlockingUser-0_com.android.server.pm.Installer took to complete: 0ms
11-01 12:01:25.185 549 584 D SystemServerTimingAsync: ssm.onUnlockingUser-0_com.android.server.os.DeviceIdentifiersPolicyService
11-01 12:01:25.185 549 584 V SystemServerTimingAsync: ssm.onUnlockingUser-0_com.android.server.os.DeviceIdentifiersPolicyService took to complete: 0ms
11-01 12:01:25.185 549 584 D SystemServerTimingAsync: ssm.onUnlockingUser-0_com.android.server.uri.UriGrantsManagerService$Lifecycle
11-01 12:01:25.185 549 584 V SystemServerTimingAsync: ssm.onUnlockingUser-0_com.android.server.uri.UriGrantsManagerService$Lifecycle took to complete: 0ms
11-01 12:01:25.185 549 584 D SystemServerTimingAsync: ssm.onUnlockingUser-0_com.android.server.powerstats.PowerStatsService
11-01 12:01:25.185 549 584 V SystemServerTimingAsync: ssm.onUnlockingUser-0_com.android.server.powerstats.PowerStatsService took to complete: 0ms
11-01 12:01:25.185 549 584 D SystemServerTimingAsync: ssm.onUnlockingUser-0_com.android.server.permission.access.AccessCheckingService
11-01 12:01:25.185 549 584 V SystemServerTimingAsync: ssm.onUnlockingUser-0_com.android.server.permission.access.AccessCheckingService took to complete: 0ms
11-01 12:01:25.185 549 584 D SystemServerTimingAsync: ssm.onUnlockingUser-0_com.android.server.wm.ActivityTaskManagerService$Lifecycle
11-01 12:01:25.185 549 584 V SystemServerTimingAsync: ssm.onUnlockingUser-0_com.android.server.wm.ActivityTaskManagerService$Lifecycle took to complete: 0ms
11-01 12:01:25.186 549 584 D SystemServerTimingAsync: ssm.onUnlockingUser-0_com.android.server.am.ActivityManagerService$Lifecycle
11-01 12:01:25.186 549 584 V SystemServerTimingAsync: ssm.onUnlockingUser-0_com.android.server.am.ActivityManagerService$Lifecycle took to complete: 0ms
11-01 12:01:25.186 549 584 D SystemServerTimingAsync: ssm.onUnlockingUser-0_com.android.server.pm.DataLoaderManagerService
11-01 12:01:25.186 549 584 V SystemServerTimingAsync: ssm.onUnlockingUser-0_com.android.server.pm.DataLoaderManagerService took to complete: 1ms
11-01 12:01:25.186 549 584 D SystemServerTimingAsync: ssm.onUnlockingUser-0_com.android.server.power.PowerManagerService
11-01 12:01:25.186 549 584 V SystemServerTimingAsync: ssm.onUnlockingUser-0_com.android.server.power.PowerManagerService took to complete: 0ms
11-01 12:01:25.186 549 584 D SystemServerTimingAsync: ssm.onUnlockingUser-0_com.android.server.power.ThermalManagerService
11-01 12:01:25.186 549 584 V SystemServerTimingAsync: ssm.onUnlockingUser-0_com.android.server.power.ThermalManagerService took to complete: 0ms
11-01 12:01:25.186 549 584 D SystemServerTimingAsync: ssm.onUnlockingUser-0_com.android.server.power.hint.HintManagerService
11-01 12:01:25.186 549 584 V SystemServerTimingAsync: ssm.onUnlockingUser-0_com.android.server.power.hint.HintManagerService took to complete: 0ms
11-01 12:01:25.186 549 584 D SystemServerTimingAsync: ssm.onUnlockingUser-0_com.android.server.recoverysystem.RecoverySystemService$Lifecycle
11-01 12:01:25.186 549 584 V SystemServerTimingAsync: ssm.onUnlockingUser-0_com.android.server.recoverysystem.RecoverySystemService$Lifecycle took to complete: 0ms
11-01 12:01:25.186 549 584 D SystemServerTimingAsync: ssm.onUnlockingUser-0_com.android.server.lights.LightsService
11-01 12:01:25.186 549 584 V SystemServerTimingAsync: ssm.onUnlockingUser-0_com.android.server.lights.LightsService took to complete: 0ms
11-01 12:01:25.186 549 584 D SystemServerTimingAsync: ssm.onUnlockingUser-0_com.android.server.display.DisplayManagerService
11-01 12:01:25.186 549 584 V SystemServerTimingAsync: ssm.onUnlockingUser-0_com.android.server.display.DisplayManagerService took to complete: 0ms
11-01 12:01:25.186 549 584 D SystemServerTimingAsync: ssm.onUnlockingUser-0_com.android.server.pm.verify.domain.DomainVerificationService
11-01 12:01:25.186 549 584 V SystemServerTimingAsync: ssm.onUnlockingUser-0_com.android.server.pm.verify.domain.DomainVerificationService took to complete: 0ms
11-01 12:01:25.186 549 584 D SystemServerTimingAsync: ssm.onUnlockingUser-0_com.android.server.pm.PackageInstallerService$Lifecycle
11-01 12:01:25.186 549 584 V SystemServerTimingAsync: ssm.onUnlockingUser-0_com.android.server.pm.PackageInstallerService$Lifecycle took to complete: 0ms
11-01 12:01:25.186 549 584 D SystemServerTimingAsync: ssm.onUnlockingUser-0_com.android.server.pm.UserManagerService$LifeCycle
11-01 12:01:25.186 549 584 V SystemServerTimingAsync: ssm.onUnlockingUser-0_com.android.server.pm.UserManagerService$LifeCycle took to complete: 0ms
11-01 12:01:25.186 549 584 D SystemServerTimingAsync: ssm.onUnlockingUser-0_com.android.server.om.OverlayManagerService
11-01 12:01:25.186 549 584 V SystemServerTimingAsync: ssm.onUnlockingUser-0_com.android.server.om.OverlayManagerService took to complete: 0ms
11-01 12:01:25.187 549 584 D SystemServerTimingAsync: ssm.onUnlockingUser-0_com.android.server.resources.ResourcesManagerService
11-01 12:01:25.187 549 584 V SystemServerTimingAsync: ssm.onUnlockingUser-0_com.android.server.resources.ResourcesManagerService took to complete: 0ms
11-01 12:01:25.187 549 584 D SystemServerTimingAsync: ssm.onUnlockingUser-0_com.android.server.sensorprivacy.SensorPrivacyService
11-01 12:01:25.187 549 584 V SystemServerTimingAsync: ssm.onUnlockingUser-0_com.android.server.sensorprivacy.SensorPrivacyService took to complete: 0ms
11-01 12:01:25.187 549 584 D SystemServerTimingAsync: ssm.onUnlockingUser-0_com.android.server.sensors.SensorService
11-01 12:01:25.187 549 584 V SystemServerTimingAsync: ssm.onUnlockingUser-0_com.android.server.sensors.SensorService took to complete: 0ms
11-01 12:01:25.187 549 584 D SystemServerTimingAsync: ssm.onUnlockingUser-0_com.android.server.SystemConfigService
11-01 12:01:25.187 549 584 V SystemServerTimingAsync: ssm.onUnlockingUser-0_com.android.server.SystemConfigService took to complete: 0ms
11-01 12:01:25.187 549 584 D SystemServerTimingAsync: ssm.onUnlockingUser-0_com.android.server.BatteryService
11-01 12:01:25.187 549 584 V SystemServerTimingAsync: ssm.onUnlockingUser-0_com.android.server.BatteryService took to complete: 0ms
11-01 12:01:25.187 549 584 D SystemServerTimingAsync: ssm.onUnlockingUser-0_com.android.server.usage.UsageStatsService
11-01 12:01:25.187 549 584 V SystemServerTimingAsync: ssm.onUnlockingUser-0_com.android.server.usage.UsageStatsService took to complete: 0ms
11-01 12:01:25.187 549 584 D SystemServerTimingAsync: ssm.onUnlockingUser-0_com.android.server.webkit.WebViewUpdateService
11-01 12:01:25.187 549 584 V SystemServerTimingAsync: ssm.onUnlockingUser-0_com.android.server.webkit.WebViewUpdateService took to complete: 0ms
11-01 12:01:25.187 549 584 D SystemServerTimingAsync: ssm.onUnlockingUser-0_com.android.server.CachedDeviceStateService
11-01 12:01:25.187 549 584 V SystemServerTimingAsync: ssm.onUnlockingUser-0_com.android.server.CachedDeviceStateService took to complete: 0ms
11-01 12:01:25.187 549 584 D SystemServerTimingAsync: ssm.onUnlockingUser-0_com.android.server.BinderCallsStatsService$LifeCycle
11-01 12:01:25.187 549 584 V SystemServerTimingAsync: ssm.onUnlockingUser-0_com.android.server.BinderCallsStatsService$LifeCycle took to complete: 0ms
11-01 12:01:25.187 549 584 D SystemServerTimingAsync: ssm.onUnlockingUser-0_com.android.server.LooperStatsService$Lifecycle
11-01 12:01:25.187 549 584 V SystemServerTimingAsync: ssm.onUnlockingUser-0_com.android.server.LooperStatsService$Lifecycle took to complete: 0ms
11-01 12:01:25.187 549 584 D SystemServerTimingAsync: ssm.onUnlockingUser-0_com.android.server.rollback.RollbackManagerService
11-01 12:01:25.188 549 584 V SystemServerTimingAsync: ssm.onUnlockingUser-0_com.android.server.rollback.RollbackManagerService took to complete: 0ms
11-01 12:01:25.188 549 584 D SystemServerTimingAsync: ssm.onUnlockingUser-0_com.android.server.os.NativeTombstoneManagerService
11-01 12:01:25.188 549 584 V SystemServerTimingAsync: ssm.onUnlockingUser-0_com.android.server.os.NativeTombstoneManagerService took to complete: 0ms
11-01 12:01:25.188 549 584 D SystemServerTimingAsync: ssm.onUnlockingUser-0_com.android.server.os.BugreportManagerService
11-01 12:01:25.188 549 584 V SystemServerTimingAsync: ssm.onUnlockingUser-0_com.android.server.os.BugreportManagerService took to complete: 0ms
11-01 12:01:25.188 549 584 D SystemServerTimingAsync: ssm.onUnlockingUser-0_com.android.server.gpu.GpuService
11-01 12:01:25.188 549 584 V SystemServerTimingAsync: ssm.onUnlockingUser-0_com.android.server.gpu.GpuService took to complete: 0ms
11-01 12:01:25.188 549 584 D SystemServerTimingAsync: ssm.onUnlockingUser-0_com.android.server.security.rkp.RemoteProvisioningService
11-01 12:01:25.188 549 584 V SystemServerTimingAsync: ssm.onUnlockingUser-0_com.android.server.security.rkp.RemoteProvisioningService took to complete: 0ms
11-01 12:01:25.188 549 584 D SystemServerTimingAsync: ssm.onUnlockingUser-0_com.android.server.cpu.CpuMonitorService
11-01 12:01:25.188 549 584 V SystemServerTimingAsync: ssm.onUnlockingUser-0_com.android.server.cpu.CpuMonitorService took to complete: 0ms
11-01 12:01:25.188 549 584 D SystemServerTimingAsync: ssm.onUnlockingUser-0_com.android.server.security.KeyChainSystemService
11-01 12:01:25.188 549 584 V SystemServerTimingAsync: ssm.onUnlockingUser-0_com.android.server.security.KeyChainSystemService took to complete: 0ms
11-01 12:01:25.188 549 584 D SystemServerTimingAsync: ssm.onUnlockingUser-0_com.android.server.BinaryTransparencyService
11-01 12:01:25.188 549 584 V SystemServerTimingAsync: ssm.onUnlockingUser-0_com.android.server.BinaryTransparencyService took to complete: 0ms
11-01 12:01:25.188 549 584 D SystemServerTimingAsync: ssm.onUnlockingUser-0_com.android.server.telecom.TelecomLoaderService
11-01 12:01:25.188 549 584 V SystemServerTimingAsync: ssm.onUnlockingUser-0_com.android.server.telecom.TelecomLoaderService took to complete: 0ms
11-01 12:01:25.188 549 584 D SystemServerTimingAsync: ssm.onUnlockingUser-0_com.android.server.accounts.AccountManagerService$Lifecycle
11-01 12:01:25.188 549 584 V SystemServerTimingAsync: ssm.onUnlockingUser-0_com.android.server.accounts.AccountManagerService$Lifecycle took to complete: 0ms
11-01 12:01:25.188 549 584 D SystemServerTimingAsync: ssm.onUnlockingUser-0_com.android.server.content.ContentService$Lifecycle
11-01 12:01:25.189 549 584 V SystemServerTimingAsync: ssm.onUnlockingUser-0_com.android.server.content.ContentService$Lifecycle took to complete: 0ms
11-01 12:01:25.189 549 584 D SystemServerTimingAsync: ssm.onUnlockingUser-0_com.android.server.deviceconfig.DeviceConfigInit$Lifecycle
11-01 12:01:25.189 549 584 V SystemServerTimingAsync: ssm.onUnlockingUser-0_com.android.server.deviceconfig.DeviceConfigInit$Lifecycle took to complete: 0ms
11-01 12:01:25.189 549 584 D SystemServerTimingAsync: ssm.onUnlockingUser-0_com.android.server.DropBoxManagerService
11-01 12:01:25.189 549 584 V SystemServerTimingAsync: ssm.onUnlockingUser-0_com.android.server.DropBoxManagerService took to complete: 0ms
11-01 12:01:25.189 549 584 D SystemServerTimingAsync: ssm.onUnlockingUser-0_com.android.role.RoleService
11-01 12:01:25.190 549 584 V SystemServerTimingAsync: ssm.onUnlockingUser-0_com.android.role.RoleService took to complete: 0ms
11-01 12:01:25.190 549 584 D SystemServerTimingAsync: ssm.onUnlockingUser-0_com.android.server.vibrator.VibratorManagerService$Lifecycle
11-01 12:01:25.190 549 584 V SystemServerTimingAsync: ssm.onUnlockingUser-0_com.android.server.vibrator.VibratorManagerService$Lifecycle took to complete: 0ms
11-01 12:01:25.190 549 584 D SystemServerTimingAsync: ssm.onUnlockingUser-0_com.android.server.tare.InternalResourceService
11-01 12:01:25.190 549 584 V SystemServerTimingAsync: ssm.onUnlockingUser-0_com.android.server.tare.InternalResourceService took to complete: 0ms
11-01 12:01:25.190 549 584 D SystemServerTimingAsync: ssm.onUnlockingUser-0_com.android.server.alarm.AlarmManagerService
11-01 12:01:25.190 549 584 V SystemServerTimingAsync: ssm.onUnlockingUser-0_com.android.server.alarm.AlarmManagerService took to complete: 0ms
11-01 12:01:25.190 549 584 D SystemServerTimingAsync: ssm.onUnlockingUser-0_com.android.server.devicestate.DeviceStateManagerService
11-01 12:01:25.190 549 584 V SystemServerTimingAsync: ssm.onUnlockingUser-0_com.android.server.devicestate.DeviceStateManagerService took to complete: 0ms
11-01 12:01:25.191 549 584 D SystemServerTimingAsync: ssm.onUnlockingUser-0_com.android.server.camera.CameraServiceProxy
11-01 12:01:25.191 549 584 V SystemServerTimingAsync: ssm.onUnlockingUser-0_com.android.server.camera.CameraServiceProxy took to complete: 0ms
11-01 12:01:25.191 549 584 D SystemServerTimingAsync: ssm.onUnlockingUser-0_com.android.server.bluetooth.BluetoothService
11-01 12:01:25.191 549 584 D BluetoothManagerService: User UserHandle{0} unlocked
11-01 12:01:25.191 549 584 V SystemServerTimingAsync: ssm.onUnlockingUser-0_com.android.server.bluetooth.BluetoothService took to complete: 1ms
11-01 12:01:25.191 549 584 D SystemServerTimingAsync: ssm.onUnlockingUser-0_com.android.server.connectivity.IpConnectivityMetrics
11-01 12:01:25.191 549 584 V SystemServerTimingAsync: ssm.onUnlockingUser-0_com.android.server.connectivity.IpConnectivityMetrics took to complete: 0ms
11-01 12:01:25.191 549 584 D SystemServerTimingAsync: ssm.onUnlockingUser-0_com.android.server.net.watchlist.NetworkWatchlistService$Lifecycle
11-01 12:01:25.191 549 584 V SystemServerTimingAsync: ssm.onUnlockingUser-0_com.android.server.net.watchlist.NetworkWatchlistService$Lifecycle took to complete: 0ms
11-01 12:01:25.191 549 584 D SystemServerTimingAsync: ssm.onUnlockingUser-0_com.android.server.PinnerService
11-01 12:01:25.191 549 584 V SystemServerTimingAsync: ssm.onUnlockingUser-0_com.android.server.PinnerService took to complete: 0ms
11-01 12:01:25.191 549 584 D SystemServerTimingAsync: ssm.onUnlockingUser-0_com.android.server.integrity.AppIntegrityManagerService
11-01 12:01:25.191 549 584 V SystemServerTimingAsync: ssm.onUnlockingUser-0_com.android.server.integrity.AppIntegrityManagerService took to complete: 0ms
11-01 12:01:25.191 549 584 D SystemServerTimingAsync: ssm.onUnlockingUser-0_com.android.server.logcat.LogcatManagerService
11-01 12:01:25.191 549 584 V SystemServerTimingAsync: ssm.onUnlockingUser-0_com.android.server.logcat.LogcatManagerService took to complete: 0ms
11-01 12:01:25.191 549 584 D SystemServerTimingAsync: ssm.onUnlockingUser-0_com.android.server.inputmethod.InputMethodManagerService$Lifecycle
11-01 12:01:25.191 549 666 D BluetoothManagerService: MESSAGE_USER_UNLOCKED
11-01 12:01:25.195 549 584 V SystemServerTimingAsync: ssm.onUnlockingUser-0_com.android.server.inputmethod.InputMethodManagerService$Lifecycle took to complete: 4ms
11-01 12:01:25.195 549 584 D SystemServerTimingAsync: ssm.onUnlockingUser-0_com.android.server.accessibility.AccessibilityManagerService$Lifecycle
11-01 12:01:25.195 549 584 V SystemServerTimingAsync: ssm.onUnlockingUser-0_com.android.server.accessibility.AccessibilityManagerService$Lifecycle took to complete: 0ms
11-01 12:01:25.195 549 584 D SystemServerTimingAsync: ssm.onUnlockingUser-0_com.android.server.StorageManagerService$Lifecycle
11-01 12:01:25.196 549 584 D StorageManagerService: onUnlockUser 0
11-01 12:01:25.196 549 584 I StorageSessionController: On user unlock 0
11-01 12:01:25.197 549 584 I StorageSessionController: Initialialising...
11-01 12:01:25.197 172 172 I vold : onUserStarted: 0
11-01 12:01:25.201 549 1261 V StorageManagerService: Found primary storage at VolumeInfo{emulated;0}:
11-01 12:01:25.201 549 1261 V StorageManagerService: type=EMULATED diskId=null partGuid= mountFlags=0 mountUserId=0
11-01 12:01:25.201 549 1261 V StorageManagerService: state=UNMOUNTED
11-01 12:01:25.201 549 1261 V StorageManagerService: fsType=null fsUuid=null fsLabel=null
11-01 12:01:25.201 549 1261 V StorageManagerService: path=null internalPath=null
11-01 12:01:25.201 549 672 I StorageManagerService: Mounting volume VolumeInfo{emulated;0}:
11-01 12:01:25.201 549 672 I StorageManagerService: type=EMULATED diskId=null partGuid= mountFlags=PRIMARY|VISIBLE_FOR_WRITE
11-01 12:01:25.201 549 672 I StorageManagerService: mountUserId=0 state=UNMOUNTED
11-01 12:01:25.201 549 672 I StorageManagerService: fsType=null fsUuid=null fsLabel=null
11-01 12:01:25.201 549 672 I StorageManagerService: path=null internalPath=null
11-01 12:01:25.202 172 172 I vold : Mounting emulated fuse volume
11-01 12:01:25.213 787 787 I TetheringManager: registerTetheringEventCallback:com.android.systemui
11-01 12:01:25.214 787 787 I TetheringManager: registerTetheringEventCallback caller:com.android.systemui
11-01 12:01:25.216 1395 1395 D CompatibilityChangeReporter: Compat change id reported: 160794467; UID 10159; state: ENABLED
11-01 12:01:25.219 787 1457 I vol.Events: writeEvent level_changed STREAM_ALARM 6
11-01 12:01:25.220 787 1457 I vol.Events: writeEvent level_changed STREAM_BLUETOOTH_SCO 7
11-01 12:01:25.221 549 558 I system_server: Background young concurrent copying GC freed 345185(17MB) AllocSpace objects, 26(840KB) LOS objects, 42% free, 22MB/39MB, paused 18.837ms,150us total 117.283ms
11-01 12:01:25.221 549 559 W JavaBinder: BinderProxy is being destroyed but the application did not call unlinkToDeath to unlink all of its death recipients beforehand. Releasing leaked death recipient: com.android.server.am.ActivityManagerService$14
11-01 12:01:25.221 549 559 I BpBinder: onLastStrongRef automatically unlinking death recipients:
11-01 12:01:25.222 172 172 I vold : Bind mounting /data/media to /mnt/pass_through/0/emulated
11-01 12:01:25.222 787 1457 I vol.Events: writeEvent external_ringer_mode_changed unknown
11-01 12:01:25.223 787 1457 I vol.Events: writeEvent zen_mode_config_changed [disallowAlarms=false disallowMedia=false disallowSystem=true disallowRinger=false]
11-01 12:01:25.224 549 584 V SystemServerTimingAsync: ssm.onUnlockingUser-0_com.android.server.StorageManagerService$Lifecycle took to complete: 28ms
11-01 12:01:25.224 549 584 D SystemServerTimingAsync: ssm.onUnlockingUser-0_com.android.server.usage.StorageStatsService$Lifecycle
11-01 12:01:25.224 549 584 V SystemServerTimingAsync: ssm.onUnlockingUser-0_com.android.server.usage.StorageStatsService$Lifecycle took to complete: 0ms
11-01 12:01:25.224 549 584 D SystemServerTimingAsync: ssm.onUnlockingUser-0_com.android.server.UiModeManagerService
11-01 12:01:25.224 549 584 V SystemServerTimingAsync: ssm.onUnlockingUser-0_com.android.server.UiModeManagerService took to complete: 0ms
11-01 12:01:25.224 549 584 D SystemServerTimingAsync: ssm.onUnlockingUser-0_com.android.server.locales.LocaleManagerService
11-01 12:01:25.224 549 584 V SystemServerTimingAsync: ssm.onUnlockingUser-0_com.android.server.locales.LocaleManagerService took to complete: 0ms
11-01 12:01:25.224 549 584 D SystemServerTimingAsync: ssm.onUnlockingUser-0_com.android.server.grammaticalinflection.GrammaticalInflectionService
11-01 12:01:25.224 549 584 V SystemServerTimingAsync: ssm.onUnlockingUser-0_com.android.server.grammaticalinflection.GrammaticalInflectionService took to complete: 0ms
11-01 12:01:25.224 549 584 D SystemServerTimingAsync: ssm.onUnlockingUser-0_com.android.server.apphibernation.AppHibernationService
11-01 12:01:25.224 549 584 V SystemServerTimingAsync: ssm.onUnlockingUser-0_com.android.server.apphibernation.AppHibernationService took to complete: 0ms
11-01 12:01:25.224 549 584 D SystemServerTimingAsync: ssm.onUnlockingUser-0_com.android.server.locksettings.LockSettingsService$Lifecycle
11-01 12:01:25.224 549 584 V SystemServerTimingAsync: ssm.onUnlockingUser-0_com.android.server.locksettings.LockSettingsService$Lifecycle took to complete: 0ms
11-01 12:01:25.224 1448 1448 D CompatibilityChangeReporter: Compat change id reported: 171979766; UID 10117; state: ENABLED
11-01 12:01:25.225 1448 1448 D CompatibilityChangeReporter: Compat change id reported: 242716250; UID 10117; state: DISABLED
11-01 12:01:25.225 549 677 D LockSettingsService: Hiding encryption notification for user 0
11-01 12:01:25.225 549 672 I StorageSessionController: On volume mount VolumeInfo{emulated;0}:
11-01 12:01:25.225 549 672 I StorageSessionController: type=EMULATED diskId=null partGuid= mountFlags=PRIMARY|VISIBLE_FOR_WRITE
11-01 12:01:25.225 549 672 I StorageSessionController: mountUserId=0 state=CHECKING
11-01 12:01:25.225 549 672 I StorageSessionController: fsType=null fsUuid=null fsLabel=null
11-01 12:01:25.225 549 672 I StorageSessionController: path=/storage/emulated internalPath=/data/media
11-01 12:01:25.225 549 584 D SystemServerTimingAsync: ssm.onUnlockingUser-0_com.android.server.testharness.TestHarnessModeService
11-01 12:01:25.225 549 584 V SystemServerTimingAsync: ssm.onUnlockingUser-0_com.android.server.testharness.TestHarnessModeService took to complete: 0ms
11-01 12:01:25.225 549 584 D SystemServerTimingAsync: ssm.onUnlockingUser-0_com.android.server.DeviceIdleController
11-01 12:01:25.225 549 584 V SystemServerTimingAsync: ssm.onUnlockingUser-0_com.android.server.DeviceIdleController took to complete: 0ms
11-01 12:01:25.225 549 584 D SystemServerTimingAsync: ssm.onUnlockingUser-0_com.android.server.devicepolicy.DevicePolicyManagerService$Lifecycle
11-01 12:01:25.226 549 584 V SystemServerTimingAsync: ssm.onUnlockingUser-0_com.android.server.devicepolicy.DevicePolicyManagerService$Lifecycle took to complete: 1ms
11-01 12:01:25.226 549 584 D SystemServerTimingAsync: ssm.onUnlockingUser-0_com.android.server.musicrecognition.MusicRecognitionManagerService
11-01 12:01:25.232 549 672 I StorageSessionController: Creating connection for user: 0
11-01 12:01:25.232 549 672 I StorageSessionController: Creating and starting session with id: emulated;0
11-01 12:01:25.232 549 672 I StorageUserConnection: Binding to the ExternalStorageService for user 0
11-01 12:01:25.232 549 584 E MusicRecognitionManagerPerUserService: Bad service name: com.google.android.googlequicksearchbox/com.google.android.apps.search.soundsearch.service.SoundSearchService
11-01 12:01:25.232 549 584 V SystemServerTimingAsync: ssm.onUnlockingUser-0_com.android.server.musicrecognition.MusicRecognitionManagerService took to complete: 6ms
11-01 12:01:25.232 549 584 D SystemServerTimingAsync: ssm.onUnlockingUser-0_com.android.server.contentcapture.ContentCaptureManagerService
11-01 12:01:25.235 549 672 D CompatibilityChangeReporter: Compat change id reported: 135634846; UID 10162; state: DISABLED
11-01 12:01:25.235 549 585 D CompatibilityChangeReporter: Compat change id reported: 143937733; UID 10162; state: ENABLED
11-01 12:01:25.235 549 672 I StorageUserConnection: Bound to the ExternalStorageService for user 0
11-01 12:01:25.238 549 629 D CompatibilityChangeReporter: Compat change id reported: 170503758; UID 10117; state: ENABLED
11-01 12:01:25.241 1448 1448 D nativeloader: Configuring clns-6 for other apk /system/framework/org.apache.http.legacy.jar. target_sdk_version=33, uses_libraries=ALL, library_path=/product/priv-app/WellbeingPrebuilt/lib/x86_64, permitted_path=/data:/mnt/expand:/data/user/0/com.google.android.apps.wellbeing
11-01 12:01:25.241 1448 1448 D ApplicationLoaders: Returning zygote-cached class loader: /system_ext/framework/androidx.window.extensions.jar
11-01 12:01:25.241 1448 1448 D ApplicationLoaders: Returning zygote-cached class loader: /system_ext/framework/androidx.window.sidecar.jar
11-01 12:01:25.241 549 629 W Binder : Caught a RuntimeException from the binder stub implementation.
11-01 12:01:25.241 549 629 W Binder : java.lang.IllegalArgumentException: Unable to get package org.qtproject.example.tst_qrhi
11-01 12:01:25.241 549 629 W Binder : at com.android.server.art.Utils.getPackageOrThrow(Utils.java:271)
11-01 12:01:25.241 549 629 W Binder : at com.android.server.art.DexUseManagerLocal.isOwningPackageForPrimaryDex(DexUseManagerLocal.java:443)
11-01 12:01:25.241 549 629 W Binder : at com.android.server.art.DexUseManagerLocal.lambda$notifyDexContainersLoaded$9(DexUseManagerLocal.java:396)
11-01 12:01:25.241 549 629 W Binder : at com.android.server.art.DexUseManagerLocal.$r8$lambda$hXjaMQ6JLgVjiJmhGgjNj0X7opA(DexUseManagerLocal.java:0)
11-01 12:01:25.241 549 629 W Binder : at com.android.server.art.DexUseManagerLocal$$ExternalSyntheticLambda9.apply(R8$$SyntheticClass:0)
11-01 12:01:25.241 549 629 W Binder : at com.android.server.art.DexUseManagerLocal.findOwningPackage(DexUseManagerLocal.java:433)
11-01 12:01:25.241 549 629 W Binder : at com.android.server.art.DexUseManagerLocal.notifyDexContainersLoaded(DexUseManagerLocal.java:395)
11-01 12:01:25.241 549 629 W Binder : at com.android.server.pm.PackageManagerService$IPackageManagerImpl.notifyDexLoad(PackageManagerService.java:5539)
11-01 12:01:25.241 549 629 W Binder : at android.content.pm.IPackageManager$Stub.onTransact(IPackageManager.java:3257)
11-01 12:01:25.241 549 629 W Binder : at com.android.server.pm.PackageManagerService$IPackageManagerImpl.onTransact(PackageManagerService.java:6334)
11-01 12:01:25.241 549 629 W Binder : at android.os.Binder.execTransactInternal(Binder.java:1344)
11-01 12:01:25.241 549 629 W Binder : at android.os.Binder.execTransact(Binder.java:1275)
11-01 12:01:25.248 549 572 W Looper : Drained
11-01 12:01:25.249 787 787 V SystemUIBootTiming: StartServices com.android.systemui.accessibility.SystemActions took to complete: 537ms
11-01 12:01:25.249 787 787 V SystemUIBootTiming: StartServices com.android.systemui.accessibility.WindowMagnification took to complete: 0ms
11-01 12:01:25.483 0 0 I init : Sending signal 9 to service 'exec 21 (/system/bin/bootstat --record_boot_complete --record_boot_reason --record_time_since_factory_reset -l)' (pid 1474) process group...
11-01 12:01:25.490 0 0 I apexd : destroyCeSnapshotsNotSpecified() received by ApexService user_id : 0 retain_rollback_ids : []
11-01 12:01:25.497 0 0 I libprocessgroup: Successfully killed process cgroup uid 1000 pid 1474 in 0ms
11-01 12:01:25.510 0 0 I init : processing action (lmkd.reinit=0 && sys.boot_completed=1) from (/system/etc/init/lmkd.rc:14)
11-01 12:01:25.524 0 0 I init : processing action (sys.boot_completed=1) from (/system/etc/init/logd.rc:34)
11-01 12:01:25.543 0 0 I init : starting service 'logd-auditctl'...
11-01 12:01:25.253 1395 1395 D b/254119092: TaskbarManager created
11-01 12:01:25.253 1395 1395 D b/254119092: mActivity and mContext agree taskbarIsPresent=false
11-01 12:01:25.253 1395 1395 D b/254119092: destroyExistingTaskbar: null
11-01 12:01:25.253 1395 1395 D b/254119092: mActivity and mContext agree taskbarIsPresent=false
11-01 12:01:25.253 1395 1395 D b/254119092: recreateTaskbar: isTaskbarEnabled=false [dp != null (i.e. mUserUnlocked)]=false FLAG_HIDE_NAVBAR_WINDOW=false dp.isTaskbarPresent=null
11-01 12:01:25.253 1395 1395 D b/254119092: mActivity and mContext agree taskbarIsPresent=false
11-01 12:01:25.256 1395 1395 D TouchInteractionService: disposeEventHandlers: Reason: Initializing input monitor due to: onNavigationModeChanged()
11-01 12:01:25.257 787 787 V SystemUIBootTiming: StartServices com.android.systemui.biometrics.AuthController took to complete: 8ms
11-01 12:01:25.257 787 787 V SystemUIBootTiming: StartServices com.android.systemui.biometrics.AuthRippleController took to complete: 0ms
11-01 12:01:25.260 1395 1395 D TouchInteractionService: Touch service connected: user=0
11-01 12:01:25.260 787 787 V SystemUIBootTiming: StartServices com.android.systemui.biometrics.BiometricNotificationService took to complete: 2ms
11-01 12:01:25.260 787 787 V SystemUIBootTiming: StartServices com.android.systemui.broadcast.BroadcastDispatcherStartable took to complete: 0ms
11-01 12:01:25.261 787 787 V SystemUIBootTiming: StartServices com.android.systemui.clipboardoverlay.ClipboardListener took to complete: 1ms
11-01 12:01:25.261 787 787 V SystemUIBootTiming: StartServices com.android.systemui.controls.start.ControlsStartable took to complete: 0ms
11-01 12:01:25.262 787 787 V SystemUIBootTiming: StartServices com.android.systemui.dreams.AssistantAttentionMonitor took to complete: 0ms
11-01 12:01:25.264 787 787 V SystemUIBootTiming: StartServices com.android.systemui.dreams.DreamMonitor took to complete: 0ms
11-01 12:01:25.265 787 787 V SystemUIBootTiming: StartServices com.android.systemui.flags.FeatureFlagsDebugStartable took to complete: 1ms
11-01 12:01:25.268 787 787 V SystemUIBootTiming: StartServices com.android.systemui.globalactions.GlobalActionsComponent took to complete: 1ms
11-01 12:01:25.274 787 787 V SystemUIBootTiming: StartServices com.android.systemui.keyboard.KeyboardUI took to complete: 6ms
11-01 12:01:25.275 787 787 V SystemUIBootTiming: StartServices com.android.systemui.keyboard.PhysicalKeyboardCoreStartable took to complete: 1ms
11-01 12:01:25.570 0 0 I init : ... started service 'logd-auditctl' has pid 1487
11-01 12:01:25.574 0 0 I init : processing action (sys.boot_completed=1) from (/system/etc/init/perfetto.rc:130)
11-01 12:01:25.285 354 354 D Zygote : Forked child process 1493
11-01 12:01:25.285 787 787 V SystemUIBootTiming: StartServices com.android.systemui.keyguard.KeyguardViewMediator took to complete: 9ms
11-01 12:01:25.285 549 585 W ActivityManager: Slow operation: 51ms so far, now at startProcess: returned from zygote!
11-01 12:01:25.285 549 585 W ActivityManager: Slow operation: 51ms so far, now at startProcess: done updating battery stats
11-01 12:01:25.285 549 585 I Watchdog: Interesting Java process com.google.android.providers.media.module started. Pid 1493
11-01 12:01:25.285 549 585 W ActivityManager: Slow operation: 51ms so far, now at startProcess: building log message
11-01 12:01:25.285 549 585 I ActivityManager: Start proc 1493:com.google.android.providers.media.module/u0a162 for service {com.google.android.providers.media.module/com.android.providers.media.fuse.ExternalStorageServiceImpl}
11-01 12:01:25.285 549 585 W ActivityManager: Slow operation: 51ms so far, now at startProcess: starting to update pids map
11-01 12:01:25.285 549 585 W ActivityManager: Slow operation: 51ms so far, now at startProcess: done updating pids map
11-01 12:01:25.285 549 1427 I HibernationStateDiskStore: No hibernation file on disk for file /data/system_ce/0/hibernation/states
11-01 12:01:25.296 787 787 D ResourceTrimmer: Resource trimmer registered.
11-01 12:01:25.588 0 0 I init : starting service 'exec 22 (/system/bin/perfetto -c /data/misc/perfetto-configs/stopboottracetrigger.pbtxt --txt)'...
11-01 12:01:25.305 1493 1493 I rs.media.module: Using CollectorTypeCC GC.
11-01 12:01:25.306 1493 1493 W rs.media.module: Unexpected CPU variant for x86: x86_64.
11-01 12:01:25.306 1493 1493 W rs.media.module: Known variants: atom, sandybridge, silvermont, goldmont, goldmont-plus, tremont, kabylake, default
11-01 12:01:25.308 1493 1493 E rs.media.module: Not starting debugger since process cannot load the jdwp agent.
11-01 12:01:25.310 787 787 V SystemUIBootTiming: StartServices com.android.systemui.keyguard.ResourceTrimmer took to complete: 14ms
11-01 12:01:25.601 0 0 I init : ... started service 'exec 22 (/system/bin/perfetto -c /data/misc/perfetto-configs/stopboottracetrigger.pbtxt --txt)' has pid 1495
11-01 12:01:25.313 787 1491 D MediaCodecList: codecHandlesFormat: no format, so no extra checks
11-01 12:01:25.318 787 1500 D CCodec : allocate(c2.android.vorbis.decoder)
11-01 12:01:25.321 549 1486 D CompatibilityChangeReporter: Compat change id reported: 168419799; UID 10162; state: DISABLED
11-01 12:01:25.321 549 1486 D CompatibilityChangeReporter: Compat change id reported: 273564678; UID 10162; state: DISABLED
11-01 12:01:25.321 787 787 D BouncerMessageAuditLogger: biometricMessage: null
11-01 12:01:25.322 787 787 D BouncerMessageAuditLogger: primaryAuthMessage: null
11-01 12:01:25.323 787 787 D BouncerMessageAuditLogger: customMessage: null
11-01 12:01:25.323 787 787 D BouncerMessageAuditLogger: faceAcquisitionMessage: null
11-01 12:01:25.323 787 787 D BouncerMessageAuditLogger: fingerprintAcquisitionMessage: null
11-01 12:01:25.323 787 787 D BouncerMessageAuditLogger: authFlagsMessage: null
11-01 12:01:25.324 787 787 D BiometricsRepositoryImpl: currentUser authFlags changed, new value: AuthenticationFlags(userId=0, flag=1)
11-01 12:01:25.612 0 0 I init : SVC_EXEC service 'exec 22 (/system/bin/perfetto -c /data/misc/perfetto-configs/stopboottracetrigger.pbtxt --txt)' pid 1495 (uid 0 gid 0+0 context default) started; waiting...
11-01 12:01:25.327 787 1500 I Codec2Client: Available Codec2 services: "default" "software"
11-01 12:01:25.625 0 0 I init : Service 'logd-auditctl' (pid 1487) exited with status 0 oneshot service took 0.074000 seconds in background
11-01 12:01:25.335 1495 1495 E perfetto: perfetto_cmd.cc:385 Could not open /data/misc/perfetto-configs/stopboottracetrigger.pbtxt (errno: 2, No such file or directory)
11-01 12:01:25.337 787 1500 I CCodec : setting up 'default' as default (vendor) store
11-01 12:01:25.634 0 0 I init : Sending signal 9 to service 'logd-auditctl' (pid 1487) process group...
11-01 12:01:25.341 549 638 D CompatibilityChangeReporter: Compat change id reported: 265195908; UID 10162; state: ENABLED
11-01 12:01:25.342 787 787 D BouncerMessageAuditLogger: interactor.bouncerMessage: BouncerMessageModel(message=Message(message=, messageResId=null, colorState=null, formatterArgs=null, animate=true), secondaryMessage=Message(message=, messageResId=null, colorState=null, formatterArgs=null, animate=true))
11-01 12:01:25.342 787 787 V SystemUIBootTiming: StartServices com.android.systemui.keyguard.bouncer.domain.interactor.BouncerMessageAuditLogger took to complete: 30ms
11-01 12:01:25.641 0 0 I libprocessgroup: Successfully killed process cgroup uid 1036 pid 1487 in 0ms
11-01 12:01:25.351 787 1500 I CCodec : Created component [c2.android.vorbis.decoder]
11-01 12:01:25.351 549 584 D ContentCapturePerUserService: Set component for user 0 as ComponentInfo{com.google.android.as/com.google.android.apps.miphone.aiai.app.AiAiContentCaptureService} and info as ServiceInfo{ef4fad0 com.google.android.apps.miphone.aiai.app.AiAiContentCaptureService}
11-01 12:01:25.351 549 584 D ContentCapturePerUserService: updateRemoteService(): creating new remote service for ComponentInfo{com.google.android.as/com.google.android.apps.miphone.aiai.app.AiAiContentCaptureService}
11-01 12:01:25.352 549 584 D ContentCapturePerUserService: Set component for user 0 as ComponentInfo{com.google.android.as/com.google.android.apps.miphone.aiai.app.AiAiContentCaptureService} and info as ServiceInfo{9fa3cef com.google.android.apps.miphone.aiai.app.AiAiContentCaptureService}
11-01 12:01:25.352 549 584 D ContentCapturePerUserService: destroyLocked()
11-01 12:01:25.352 549 584 D ContentCapturePerUserService: updateRemoteService(): destroying old remote service
11-01 12:01:25.352 549 584 D ContentCapturePerUserService: Set component for user 0 as ComponentInfo{com.google.android.as/com.google.android.apps.miphone.aiai.app.AiAiContentCaptureService} and info as ServiceInfo{3d7b90b com.google.android.apps.miphone.aiai.app.AiAiContentCaptureService}
11-01 12:01:25.352 549 584 D ContentCapturePerUserService: updateRemoteService(): creating new remote service for ComponentInfo{com.google.android.as/com.google.android.apps.miphone.aiai.app.AiAiContentCaptureService}
11-01 12:01:25.352 549 584 W SystemServiceManager: Service com.android.server.contentcapture.ContentCaptureManagerService took 120 ms in onUnlockingUser-0
11-01 12:01:25.352 549 584 V SystemServerTimingAsync: ssm.onUnlockingUser-0_com.android.server.contentcapture.ContentCaptureManagerService took to complete: 120ms
11-01 12:01:25.352 549 584 D SystemServerTimingAsync: ssm.onUnlockingUser-0_com.android.server.systemcaptions.SystemCaptionsManagerService
11-01 12:01:25.353 549 584 V SystemServerTimingAsync: ssm.onUnlockingUser-0_com.android.server.systemcaptions.SystemCaptionsManagerService took to complete: 1ms
11-01 12:01:25.353 549 584 D SystemServerTimingAsync: ssm.onUnlockingUser-0_com.android.server.texttospeech.TextToSpeechManagerService
11-01 12:01:25.353 549 584 V SystemServerTimingAsync: ssm.onUnlockingUser-0_com.android.server.texttospeech.TextToSpeechManagerService took to complete: 0ms
11-01 12:01:25.353 549 584 D SystemServerTimingAsync: ssm.onUnlockingUser-0_com.android.server.ambientcontext.AmbientContextManagerService
11-01 12:01:25.353 549 584 I AmbientContextManagerService: Incorrect number of services provided for testing.
11-01 12:01:25.353 549 584 D AmbientContextManagerService: newServicesListLocked with service name: com.google.android.as/com.google.android.apps.miphone.aiai.app.AiAiAmbientContextDetectionService
11-01 12:01:25.353 549 584 D DefaultAmbientContextManagerPerUserService: Created DefaultAmbientContextManagerPerUserServiceand service type: DEFAULT and service name: com.google.android.as/com.google.android.apps.miphone.aiai.app.AiAiAmbientContextDetectionService
11-01 12:01:25.353 549 584 V SystemServerTimingAsync: ssm.onUnlockingUser-0_com.android.server.ambientcontext.AmbientContextManagerService took to complete: 0ms
11-01 12:01:25.353 549 584 D SystemServerTimingAsync: ssm.onUnlockingUser-0_com.android.server.wearable.WearableSensingManagerService
11-01 12:01:25.353 549 584 D WearableSensingManagerService: onServiceRemoved
11-01 12:01:25.354 549 584 D WearableSensingManagerPerUserService: Trying to cancel the remote request. Reason: Service destroyed.
11-01 12:01:25.354 549 584 V SystemServerTimingAsync: ssm.onUnlockingUser-0_com.android.server.wearable.WearableSensingManagerService took to complete: 0ms
11-01 12:01:25.354 549 584 D SystemServerTimingAsync: ssm.onUnlockingUser-0_com.android.server.speech.SpeechRecognitionManagerService
11-01 12:01:25.354 549 584 V SystemServerTimingAsync: ssm.onUnlockingUser-0_com.android.server.speech.SpeechRecognitionManagerService took to complete: 1ms
11-01 12:01:25.354 549 584 D SystemServerTimingAsync: ssm.onUnlockingUser-0_com.android.server.appprediction.AppPredictionManagerService
