11-01 12:01:17.698 787 787 D nativeloader: Configuring clns-shared-6 for other apk /system_ext/priv-app/SystemUIGoogle/SystemUIGoogle.apk. target_sdk_version=34, uses_libraries=, library_path=/system_ext/priv-app/SystemUIGoogle/lib/x86_64:/system_ext/priv-app/SystemUIGoogle/SystemUIGoogle.apk!/lib/x86_64:/system/lib64:/system_ext/lib64, permitted_path=/data:/mnt/expand:/data/user_de/0/com.android.systemui:/system_ext/priv-app/SystemUIGoogle:/system/lib64:/system_ext/lib64
11-01 12:01:17.698 497 521 D MediaCodecsXmlParser: parsing /apex/com.android.media.swcodec/etc/media_codecs.xml...
11-01 12:01:17.700 497 521 D MediaCodecsXmlParser: disabling c2.android.gsm.decoder
11-01 12:01:17.701 497 521 D MediaCodecsXmlParser: disabling c2.android.mpeg2.decoder
11-01 12:01:17.701 497 521 D MediaCodecsXmlParser: disabling c2.android.av1.encoder
11-01 12:01:17.701 497 521 I MediaCodecsXmlParser: codec c2.android.av1.encoder enabled, device sdk 35 >= required 34
11-01 12:01:17.702 497 521 I MediaCodecsXmlParser: Did not find media_codecs_performance.xml in search path
11-01 12:01:17.702 497 521 I MediaCodecsXmlParser: Did not find media_codecs_c2.xml in search path
11-01 12:01:17.702 497 521 D MediaCodecsXmlParser: parsing /vendor/etc/media_codecs_performance_c2.xml...
11-01 12:01:17.703 497 521 D MediaCodecsXmlParser: parsing /vendor/etc/media_codecs.xml...
11-01 12:01:17.703 497 521 D MediaCodecsXmlParser: Ignoring unrecognized tag at line 85 of /vendor/etc/media_codecs.xml
11-01 12:01:17.703 497 521 D MediaCodecsXmlParser: Ignoring unrecognized tag at line 88 of /vendor/etc/media_codecs.xml
11-01 12:01:17.703 497 521 D MediaCodecsXmlParser: Ignoring unrecognized tag at line 91 of /vendor/etc/media_codecs.xml
11-01 12:01:17.703 497 521 D MediaCodecsXmlParser: Ignoring unrecognized tag at line 95 of /vendor/etc/media_codecs.xml
11-01 12:01:17.703 497 521 D MediaCodecsXmlParser: Ignoring unrecognized tag at line 98 of /vendor/etc/media_codecs.xml
11-01 12:01:17.703 497 521 D MediaCodecsXmlParser: Ignoring unrecognized tag at line 101 of /vendor/etc/media_codecs.xml
11-01 12:01:17.703 497 521 D MediaCodecsXmlParser: Ignoring unrecognized tag at line 104 of /vendor/etc/media_codecs.xml
11-01 12:01:17.704 497 521 D MediaCodecsXmlParser: parsing /vendor/etc/media_codecs_google_tv.xml...
11-01 12:01:17.704 497 521 D MediaCodecsXmlParser: unable to open media codecs configuration xml file: /vendor/etc/media_codecs_google_tv.xml
11-01 12:01:17.704 497 521 D MediaCodecsXmlParser: parsing /vendor/etc/media_codecs_google_audio.xml...
11-01 12:01:17.704 497 521 D MediaCodecsXmlParser: parsing /vendor/etc/media_codecs_google_telephony.xml...
11-01 12:01:17.705 497 521 D MediaCodecsXmlParser: parsing /vendor/etc/media_codecs_google_video.xml...
11-01 12:01:17.705 497 521 D MediaCodecsXmlParser: parsing /vendor/etc/media_codecs_performance.xml...
11-01 12:01:17.706 497 521 I MediaCodecsXmlParser: Did not find media_codecs_shaping.xml in search path
11-01 12:01:17.707 497 521 I MediaCodecsXmlParser: Did not find media_codecs_shaping.xml in search path
11-01 12:01:17.707 787 787 V GraphicsEnvironment: Currently set values for:
11-01 12:01:17.707 787 787 V GraphicsEnvironment: angle_gl_driver_selection_pkgs=[]
11-01 12:01:17.707 384 399 I GoldfishComponentStore: in init
11-01 12:01:17.707 787 787 V GraphicsEnvironment: angle_gl_driver_selection_values=[]
11-01 12:01:17.707 384 399 I GoldfishComponentStore: loading dll of path libcodec2_goldfish_avcdec.so
11-01 12:01:17.707 787 787 V GraphicsEnvironment: ANGLE GameManagerService for com.android.systemui: false
11-01 12:01:17.707 787 787 V GraphicsEnvironment: com.android.systemui is not listed in per-application setting
11-01 12:01:17.707 787 787 V GraphicsEnvironment: Neither updatable production driver nor prerelease driver is supported.
11-01 12:01:17.707 384 399 I GoldfishComponentStore: Create()
11-01 12:01:17.708 384 399 I GoldfishComponentStore: created interface
11-01 12:01:17.708 384 399 I GoldfishComponentStore: created interface
11-01 12:01:17.708 384 399 E Codec2-FilterWrapper: plugin not OK: -19
11-01 12:01:17.709 497 521 I Codec2InfoBuilder: adding type 'video/avc'
11-01 12:01:17.710 384 399 I GoldfishComponentStore: in ~ComponentModule
11-01 12:01:17.710 384 399 I GoldfishComponentStore: unloading dll
11-01 12:01:17.710 384 399 I GoldfishComponentStore: in init
11-01 12:01:17.710 384 399 I GoldfishComponentStore: loading dll of path libcodec2_goldfish_hevcdec.so
11-01 12:01:17.711 384 399 I GoldfishComponentStore: Create()
11-01 12:01:17.711 384 399 I GoldfishComponentStore: created interface
11-01 12:01:17.711 384 399 I GoldfishComponentStore: created interface
11-01 12:01:17.711 497 521 I Codec2InfoBuilder: adding type 'video/hevc'
11-01 12:01:17.712 384 399 I GoldfishComponentStore: in ~ComponentModule
11-01 12:01:17.712 384 399 I GoldfishComponentStore: unloading dll
11-01 12:01:17.712 384 399 I GoldfishComponentStore: in init
11-01 12:01:17.712 384 399 I GoldfishComponentStore: loading dll of path libcodec2_goldfish_vp8dec.so
11-01 12:01:17.712 384 399 I GoldfishComponentStore: Create()
11-01 12:01:17.712 384 399 I C2GoldfishVpxDec: platform store is 0x7b04576940c8, reflector is 0x7b03e769d368
11-01 12:01:17.713 384 399 I GoldfishComponentStore: created interface
11-01 12:01:17.713 384 399 I GoldfishComponentStore: created interface
11-01 12:01:17.714 497 521 I Codec2InfoBuilder: adding type 'video/x-vnd.on2.vp8'
11-01 12:01:17.714 384 399 I GoldfishComponentStore: in ~ComponentModule
11-01 12:01:17.714 384 399 I GoldfishComponentStore: unloading dll
11-01 12:01:17.714 384 399 I GoldfishComponentStore: in init
11-01 12:01:17.714 384 399 I GoldfishComponentStore: loading dll of path libcodec2_goldfish_vp9dec.so
11-01 12:01:17.714 384 399 I GoldfishComponentStore: Create()
11-01 12:01:17.715 384 399 I C2GoldfishVpxDec: platform store is 0x7b0457692808, reflector is 0x7b03e769d368
11-01 12:01:17.715 384 399 I GoldfishComponentStore: created interface
11-01 12:01:17.715 384 399 I GoldfishComponentStore: created interface
11-01 12:01:17.715 497 521 I Codec2InfoBuilder: adding type 'video/x-vnd.on2.vp9'
11-01 12:01:17.716 384 399 I GoldfishComponentStore: in ~ComponentModule
11-01 12:01:17.716 384 399 I GoldfishComponentStore: unloading dll
11-01 12:01:17.717 497 521 I Codec2InfoBuilder: adding type 'audio/mp4a-latm'
11-01 12:01:17.720 497 521 I Codec2InfoBuilder: adding type 'audio/mp4a-latm'
11-01 12:01:17.721 549 629 W StorageManagerService: No primary storage defined yet; hacking together a stub
11-01 12:01:17.721 497 521 I Codec2InfoBuilder: adding type 'audio/3gpp'
11-01 12:01:17.722 497 521 I Codec2InfoBuilder: adding type 'audio/3gpp'
11-01 12:01:17.724 497 521 I Codec2InfoBuilder: adding type 'audio/amr-wb'
11-01 12:01:17.724 497 521 I Codec2InfoBuilder: adding type 'audio/amr-wb'
11-01 12:01:17.726 497 521 I Codec2InfoBuilder: adding type 'video/av01'
11-01 12:01:17.728 497 521 I Codec2InfoBuilder: adding type 'video/av01'
11-01 12:01:17.729 497 521 I Codec2InfoBuilder: adding type 'video/avc'
11-01 12:01:17.731 502 518 I mediaswcodec: missing struct descriptor #Param::CoreIndex(--004) for field values of struct #Param::CoreIndex(F-12004)
11-01 12:01:17.731 502 518 I mediaswcodec: missing struct descriptor #Param::CoreIndex(--1812) for field values of struct #Param::CoreIndex(F-11812)
11-01 12:01:17.731 502 518 I mediaswcodec: missing struct descriptor #Param::CoreIndex(--004) for field values of struct #Param::CoreIndex(F-12004)
11-01 12:01:17.731 502 518 I mediaswcodec: missing struct descriptor #Param::CoreIndex(--1812) for field values of struct #Param::CoreIndex(F-11812)
11-01 12:01:17.732 497 521 I Codec2InfoBuilder: adding type 'video/avc'
11-01 12:01:17.732 502 518 D C2SoftAvcEnc: Given level 0 does not cover current configuration: adjusting to 5000
11-01 12:01:17.734 497 521 I Codec2InfoBuilder: adding type 'audio/flac'
11-01 12:01:17.737 497 521 I Codec2InfoBuilder: adding type 'audio/flac'
11-01 12:01:17.738 787 787 V WindowManagerShell: Adding init callback for DisplayChangeController
11-01 12:01:17.739 787 787 V WindowManagerShell: Adding init callback for DisplayController
11-01 12:01:17.739 787 787 V WindowManagerShell: Adding init callback for DisplayInsetsController
11-01 12:01:17.740 787 787 V WindowManagerShell: Adding init callback for DisplayImeController
11-01 12:01:17.740 787 787 V WindowManagerShell: Adding init callback for ShellController
11-01 12:01:17.740 497 521 I Codec2InfoBuilder: adding type 'audio/g711-alaw'
11-01 12:01:17.741 787 787 V WindowManagerShell: Adding init callback for DragAndDropController
11-01 12:01:17.744 497 521 I Codec2InfoBuilder: adding type 'audio/g711-mlaw'
11-01 12:01:17.745 497 521 D Codec2InfoBuilder: codec entry for 'c2.android.gsm.decoder' is disabled
11-01 12:01:17.745 549 549 V SystemServerTiming: Permission_onInitialized-0 took to complete: 98ms
11-01 12:01:17.745 549 549 W SystemServiceManager: Service com.android.server.policy.PermissionPolicyService took 138 ms in onBootPhase
11-01 12:01:17.745 549 549 V SystemServerTiming: OnBootPhase_550_com.android.server.policy.PermissionPolicyService took to complete: 138ms
11-01 12:01:17.745 549 549 D SystemServerTiming: OnBootPhase_550_com.android.server.pm.StagingManager$Lifecycle
11-01 12:01:17.745 549 549 V SystemServerTiming: OnBootPhase_550_com.android.server.pm.StagingManager$Lifecycle took to complete: 0ms
11-01 12:01:17.746 549 549 D SystemServerTiming: OnBootPhase_550_com.android.server.app.GameManagerService$Lifecycle
11-01 12:01:17.746 549 549 V SystemServerTiming: OnBootPhase_550_com.android.server.app.GameManagerService$Lifecycle took to complete: 0ms
11-01 12:01:17.746 549 549 D SystemServerTiming: OnBootPhase_550_com.android.safetycenter.SafetyCenterService
11-01 12:01:17.747 549 549 V SystemServerTiming: OnBootPhase_550_com.android.safetycenter.SafetyCenterService took to complete: 0ms
11-01 12:01:17.747 549 549 D SystemServerTiming: OnBootPhase_550_com.android.server.appsearch.AppSearchModule$Lifecycle
11-01 12:01:17.747 549 549 V SystemServerTiming: OnBootPhase_550_com.android.server.appsearch.AppSearchModule$Lifecycle took to complete: 0ms
11-01 12:01:17.747 549 549 D SystemServerTiming: OnBootPhase_550_com.android.server.media.MediaCommunicationService
11-01 12:01:17.747 549 549 V SystemServerTiming: OnBootPhase_550_com.android.server.media.MediaCommunicationService took to complete: 0ms
11-01 12:01:17.747 549 549 D SystemServerTiming: OnBootPhase_550_com.android.server.compat.overrides.AppCompatOverridesService$Lifecycle
11-01 12:01:17.747 549 549 V SystemServerTiming: OnBootPhase_550_com.android.server.compat.overrides.AppCompatOverridesService$Lifecycle took to complete: 0ms
11-01 12:01:17.747 549 549 D SystemServerTiming: OnBootPhase_550_com.android.server.healthconnect.HealthConnectManagerService
11-01 12:01:17.747 549 549 V SystemServerTiming: OnBootPhase_550_com.android.server.healthconnect.HealthConnectManagerService took to complete: 0ms
11-01 12:01:17.747 549 549 V SystemServerTiming: OnBootPhase_550 took to complete: 343ms
11-01 12:01:17.747 549 549 V SystemServerTiming: StartActivityManagerReadyPhase took to complete: 344ms
11-01 12:01:17.747 549 549 D SystemServerTiming: StartObservingNativeCrashes
11-01 12:01:17.747 549 549 V SystemServerTiming: StartObservingNativeCrashes took to complete: 0ms
11-01 12:01:17.747 549 549 D SystemServerTiming: RegisterAppOpsPolicy
11-01 12:01:17.748 549 549 V SystemServerTiming: RegisterAppOpsPolicy took to complete: 1ms
11-01 12:01:17.749 549 643 D SystemServerTimingAsync: InitThreadPoolExec:WebViewFactoryPreparation
11-01 12:01:17.749 549 643 D SystemServerInitThreadPool: Started executing WebViewFactoryPreparation
11-01 12:01:17.749 549 643 I SystemServer: WebViewFactoryPreparation
11-01 12:01:17.749 549 643 D SystemServerTimingAsync: WebViewFactoryPreparation
11-01 12:01:17.749 549 549 D SystemServerTiming: MakeNetworkManagementServiceReady
11-01 12:01:17.750 549 549 W NetworkManagement: setDataSaverMode(): already false
11-01 12:01:17.750 353 381 I netd : firewallSetFirewallType(1) <0.01ms>
11-01 12:01:17.751 549 549 V SystemServerTiming: MakeNetworkManagementServiceReady took to complete: 2ms
11-01 12:01:17.752 549 549 D SystemServerTiming: MakeConnectivityServiceReady
11-01 12:01:17.753 549 709 D PermissionMonitor: Monitoring
11-01 12:01:17.753 353 381 I netd : registerUnsolicitedEventListener() <0.70ms>
11-01 12:01:17.755 549 591 W BatteryExternalStatsWorker: error reading modem stats:ERROR_PHONE_NOT_AVAILABLE
11-01 12:01:17.757 549 643 E AppOps : Bad call made by uid 1000. Package "android" does not belong to uid 1037.
11-01 12:01:17.757 497 521 I Codec2InfoBuilder: adding type 'video/3gpp'
11-01 12:01:17.759 502 502 D C2SoftH263Enc: Given level 3004 does not cover current configuration: adjusting to 3003
11-01 12:01:17.759 502 502 D C2SoftH263Enc: Given level 3004 does not cover current configuration: adjusting to 3003
11-01 12:01:17.759 497 521 I Codec2InfoBuilder: adding type 'video/3gpp'
11-01 12:01:17.759 502 502 D C2SoftH263Enc: Given level 0 does not cover current configuration: adjusting to 3003
11-01 12:01:17.760 549 643 E AppOps : Cannot checkOperation
11-01 12:01:17.760 549 643 E AppOps : java.lang.SecurityException: Specified package "android" under uid 1037 but it is not
11-01 12:01:17.760 549 643 E AppOps : at com.android.server.appop.AppOpsService.verifyAndGetBypass(AppOpsService.java:3886)
11-01 12:01:17.760 549 643 E AppOps : at com.android.server.appop.AppOpsService.verifyAndGetBypass(AppOpsService.java:3746)
11-01 12:01:17.760 549 643 E AppOps : at com.android.server.appop.AppOpsService.verifyAndGetBypass(AppOpsService.java:3738)
11-01 12:01:17.760 549 643 E AppOps : at com.android.server.appop.AppOpsService.checkOperationUnchecked(AppOpsService.java:2417)
11-01 12:01:17.760 549 643 E AppOps : at com.android.server.appop.AppOpsService.checkOperationImpl(AppOpsService.java:2400)
11-01 12:01:17.760 549 643 E AppOps : at com.android.server.appop.AppOpsService.-$$Nest$mcheckOperationImpl(AppOpsService.java:0)
11-01 12:01:17.760 549 643 E AppOps : at com.android.server.appop.AppOpsService$CheckOpsDelegateDispatcher.$r8$lambda$fx57Sum-uA3sXo7NCFwrI3iq4WM(AppOpsService.java:0)
11-01 12:01:17.760 549 643 E AppOps : at com.android.server.appop.AppOpsService$CheckOpsDelegateDispatcher$$ExternalSyntheticLambda9.apply(R8$$SyntheticClass:0)
11-01 12:01:17.760 549 643 E AppOps : at com.android.server.policy.AppOpsPolicy.checkOperation(AppOpsPolicy.java:221)
11-01 12:01:17.760 549 643 E AppOps : at com.android.server.appop.AppOpsService$CheckOpsDelegateDispatcher.checkOperation(AppOpsService.java:6389)
11-01 12:01:17.760 549 643 E AppOps : at com.android.server.appop.AppOpsService.checkOperation(AppOpsService.java:2385)
11-01 12:01:17.760 549 643 E AppOps : at com.android.server.StorageManagerService$StorageManagerInternalImpl.hasExternalStorageAccess(StorageManagerService.java:4717)
11-01 12:01:17.760 549 643 E AppOps : at com.android.server.am.ProcessList.startProcessLocked(ProcessList.java:1778)
11-01 12:01:17.760 549 643 E AppOps : at com.android.server.am.ProcessList.startProcessLocked(ProcessList.java:2483)
11-01 12:01:17.760 549 643 E AppOps : at com.android.server.am.ProcessList.startProcessLocked(ProcessList.java:2628)
11-01 12:01:17.760 549 643 E AppOps : at com.android.server.am.ActivityManagerService.startIsolatedProcess(ActivityManagerService.java:2894)
11-01 12:01:17.760 549 643 E AppOps : at com.android.server.am.ActivityManagerService$LocalService.startIsolatedProcess(ActivityManagerService.java:17372)
11-01 12:01:17.760 549 643 E AppOps : at android.webkit.WebViewLibraryLoader.createRelroFile(WebViewLibraryLoader.java:126)
11-01 12:01:17.760 549 643 E AppOps : at android.webkit.WebViewLibraryLoader.createRelros(WebViewLibraryLoader.java:170)
11-01 12:01:17.760 549 643 E AppOps : at android.webkit.WebViewLibraryLoader.prepareNativeLibraries(WebViewLibraryLoader.java:152)
11-01 12:01:17.760 549 643 E AppOps : at android.webkit.WebViewFactory.onWebViewProviderChanged(WebViewFactory.java:555)
11-01 12:01:17.760 549 643 E AppOps : at com.android.server.webkit.SystemImpl.onWebViewProviderChanged(SystemImpl.java:174)
11-01 12:01:17.760 549 643 E AppOps : at com.android.server.webkit.WebViewUpdateServiceImpl.onWebViewProviderChanged(WebViewUpdateServiceImpl.java:351)
11-01 12:01:17.760 549 643 E AppOps : at com.android.server.webkit.WebViewUpdateServiceImpl.prepareWebViewInSystemServer(WebViewUpdateServiceImpl.java:182)
11-01 12:01:17.760 549 643 E AppOps : at com.android.server.webkit.WebViewUpdateService.prepareWebViewInSystemServer(WebViewUpdateService.java:129)
11-01 12:01:17.760 549 643 E AppOps : at com.android.server.SystemServer.lambda$startOtherServices$4(SystemServer.java:2919)
11-01 12:01:17.760 549 643 E AppOps : at com.android.server.SystemServer.$r8$lambda$t1R-mpe1gQ3l_T3UqaEuPqwZT88(SystemServer.java:0)
11-01 12:01:17.760 549 643 E AppOps : at com.android.server.SystemServer$$ExternalSyntheticLambda7.run(R8$$SyntheticClass:0)
11-01 12:01:17.760 549 643 E AppOps : at com.android.server.SystemServerInitThreadPool.lambda$submitTask$0(SystemServerInitThreadPool.java:107)
11-01 12:01:17.760 549 643 E AppOps : at com.android.server.SystemServerInitThreadPool.$r8$lambda$iar571g8isa6ZrPZMHj1USmyX48(SystemServerInitThreadPool.java:0)
11-01 12:01:17.760 549 643 E AppOps : at com.android.server.SystemServerInitThreadPool$$ExternalSyntheticLambda1.run(R8$$SyntheticClass:0)
11-01 12:01:17.760 549 643 E AppOps : at java.util.concurrent.Executors$RunnableAdapter.call(Executors.java:487)
11-01 12:01:17.760 549 643 E AppOps : at java.util.concurrent.FutureTask.run(FutureTask.java:264)
11-01 12:01:17.760 549 643 E AppOps : at java.util.concurrent.ThreadPoolExecutor.runWorker(ThreadPoolExecutor.java:1145)
11-01 12:01:17.760 549 643 E AppOps : at java.util.concurrent.ThreadPoolExecutor$Worker.run(ThreadPoolExecutor.java:644)
11-01 12:01:17.760 549 643 E AppOps : at com.android.internal.util.ConcurrentUtils$1$1.run(ConcurrentUtils.java:65)
11-01 12:01:17.761 549 643 D CompatibilityChangeReporter: Compat change id reported: 135634846; UID 1000; state: DISABLED
11-01 12:01:17.761 497 521 I Codec2InfoBuilder: adding type 'video/hevc'
11-01 12:01:17.761 549 643 D CompatibilityChangeReporter: Compat change id reported: 177438394; UID 1000; state: DISABLED
11-01 12:01:17.762 549 643 D CompatibilityChangeReporter: Compat change id reported: 135772972; UID 1000; state: DISABLED
11-01 12:01:17.762 502 502 I mediaswcodec: missing struct descriptor #Param::CoreIndex(--004) for field values of struct #Param::CoreIndex(F-12004)
11-01 12:01:17.762 549 643 D CompatibilityChangeReporter: Compat change id reported: 178038272; UID 1000; state: DISABLED
11-01 12:01:17.762 502 502 I mediaswcodec: missing struct descriptor #Param::CoreIndex(--1812) for field values of struct #Param::CoreIndex(F-11812)
11-01 12:01:17.762 502 502 I mediaswcodec: missing struct descriptor #Param::CoreIndex(--004) for field values of struct #Param::CoreIndex(F-12004)
11-01 12:01:17.763 502 502 I mediaswcodec: missing struct descriptor #Param::CoreIndex(--1812) for field values of struct #Param::CoreIndex(F-11812)
11-01 12:01:17.763 497 521 I Codec2InfoBuilder: adding type 'video/hevc'
11-01 12:01:17.763 502 502 D C2SoftHevcEnc: Given level 0 does not cover current configuration: adjusting to 6000
11-01 12:01:17.764 497 521 I Codec2InfoBuilder: adding type 'audio/mpeg'
11-01 12:01:17.766 497 521 D Codec2InfoBuilder: codec entry for 'c2.android.mpeg2.decoder' is disabled
11-01 12:01:17.767 497 521 I Codec2InfoBuilder: adding type 'video/mp4v-es'
11-01 12:01:17.768 497 521 I Codec2InfoBuilder: adding type 'video/mp4v-es'
11-01 12:01:17.769 502 502 D C2SoftMpeg4Enc: Given level 0 does not cover current configuration: adjusting to 4003
11-01 12:01:17.770 354 354 D Zygote : Forked child process 815
11-01 12:01:17.771 549 585 I ActivityManager: Start proc 815:WebViewLoader-x86_64/1037 [android.webkit.WebViewLibraryLoader$RelroFileCreator] for
11-01 12:01:17.773 497 521 I Codec2InfoBuilder: adding type 'audio/opus'
11-01 12:01:17.774 497 521 I Codec2InfoBuilder: adding type 'audio/opus'
11-01 12:01:17.774 549 643 V SystemServerTimingAsync: WebViewFactoryPreparation took to complete: 25ms
11-01 12:01:17.774 549 643 D SystemServerInitThreadPool: Finished executing WebViewFactoryPreparation
11-01 12:01:17.774 549 643 V SystemServerTimingAsync: InitThreadPoolExec:WebViewFactoryPreparation took to complete: 26ms
11-01 12:01:17.775 497 521 I Codec2InfoBuilder: adding type 'audio/raw'
11-01 12:01:17.776 497 521 I Codec2InfoBuilder: adding type 'audio/vorbis'
11-01 12:01:17.777 497 521 I Codec2InfoBuilder: adding type 'video/x-vnd.on2.vp8'
11-01 12:01:17.778 502 502 I C2SoftVpxEnc: setting temporal layering 0 + 0
11-01 12:01:17.778 502 502 I C2SoftVpxEnc: setting temporal layering 0 + 0
11-01 12:01:17.779 497 521 I Codec2InfoBuilder: adding type 'video/x-vnd.on2.vp8'
11-01 12:01:17.780 497 521 I Codec2InfoBuilder: adding type 'video/x-vnd.on2.vp9'
11-01 12:01:17.782 502 812 I C2SoftVpxEnc: setting temporal layering 0 + 0
11-01 12:01:17.782 502 812 I C2SoftVpxEnc: setting temporal layering 0 + 0
11-01 12:01:17.783 497 521 I Codec2InfoBuilder: adding type 'video/x-vnd.on2.vp9'
11-01 12:01:17.783 549 700 W NetworkPolicy: setRestrictBackgroundUL: already false
11-01 12:01:17.783 502 812 D C2SoftVpxEnc: Given level 0 does not cover current configuration: adjusting to 7000
11-01 12:01:17.785 549 789 D MediaCodecList: codecHandlesFormat: no format, so no extra checks
11-01 12:01:17.786 549 788 D MediaCodecList: codecHandlesFormat: no format, so no extra checks
11-01 12:01:17.789 787 787 V WindowManagerShell: Adding init callback for CompatUIController
11-01 12:01:17.791 787 787 V WindowManagerShell: Adding init callback for RecentTasksController
11-01 12:01:17.793 549 792 D CCodec : allocate(c2.android.vorbis.decoder)
11-01 12:01:17.793 549 793 D CCodec : allocate(c2.android.vorbis.decoder)
11-01 12:01:17.794 787 787 V WindowManagerShell: Adding init callback for ShellTaskOrganizer
11-01 12:01:17.795 549 700 D CompatibilityChangeReporter: Compat change id reported: 218533173; UID 10131; state: ENABLED
11-01 12:01:17.795 815 815 I WebViewLoader-x: Using CollectorTypeCC GC.
11-01 12:01:17.797 815 815 W WebViewLoader-x: Unexpected CPU variant for x86: x86_64.
11-01 12:01:17.797 815 815 W WebViewLoader-x: Known variants: atom, sandybridge, silvermont, goldmont, goldmont-plus, tremont, kabylake, default
11-01 12:01:17.801 549 792 I Codec2Client: Available Codec2 services: "default" "software"
11-01 12:01:17.803 815 815 E WebViewLoader-x: Not starting debugger since process cannot load the jdwp agent.
11-01 12:01:17.805 549 793 I CCodec : setting up 'default' as default (vendor) store
11-01 12:01:17.806 549 792 I CCodec : setting up 'default' as default (vendor) store
11-01 12:01:17.812 549 793 I CCodec : Created component [c2.android.vorbis.decoder]
11-01 12:01:17.813 549 792 I CCodec : Created component [c2.android.vorbis.decoder]
11-01 12:01:17.814 549 792 D CCodecConfig: read media type: audio/vorbis
11-01 12:01:17.815 549 793 D CCodecConfig: read media type: audio/vorbis
11-01 12:01:17.815 353 381 I netd : networkSetPermissionForUser(1, [1002, 10112, 10113, 10122, 10139, 10141, 10147, 10161, 20112, 20113, 20122, 20139, 20141, 20147, 20161]) <0.01ms>
11-01 12:01:17.816 353 381 I netd : networkSetPermissionForUser(2, [1000, 1001, 1073, 2000, 10078, 10105, 10108, 10121, 10124, 10125, 10126, 20078, 20105, 20108, 20121, 20124, 20125, 20126]) <0.01ms>
11-01 12:01:17.816 549 700 D CompatibilityChangeReporter: Compat change id reported: 262645982; UID 10131; state: DISABLED
11-01 12:01:17.818 549 700 D CompatibilityChangeReporter: Compat change id reported: 218533173; UID 10146; state: ENABLED
11-01 12:01:17.818 549 700 D CompatibilityChangeReporter: Compat change id reported: 262645982; UID 10146; state: DISABLED
11-01 12:01:17.818 549 700 D CompatibilityChangeReporter: Compat change id reported: 218533173; UID 10112; state: ENABLED
11-01 12:01:17.819 549 700 D CompatibilityChangeReporter: Compat change id reported: 262645982; UID 10112; state: ENABLED
11-01 12:01:17.819 549 700 D CompatibilityChangeReporter: Compat change id reported: 218533173; UID 10092; state: ENABLED
11-01 12:01:17.820 549 700 D CompatibilityChangeReporter: Compat change id reported: 262645982; UID 10092; state: ENABLED
11-01 12:01:17.820 549 700 D CompatibilityChangeReporter: Compat change id reported: 218533173; UID 10147; state: ENABLED
11-01 12:01:17.820 549 700 D CompatibilityChangeReporter: Compat change id reported: 262645982; UID 10147; state: DISABLED
11-01 12:01:17.821 549 793 D ReflectedParamUpdater: extent() != 1 for single value type: algo.buffers.max-count.values
11-01 12:01:17.821 549 700 D CompatibilityChangeReporter: Compat change id reported: 218533173; UID 10129; state: ENABLED
11-01 12:01:17.821 549 700 D CompatibilityChangeReporter: Compat change id reported: 262645982; UID 10129; state: ENABLED
11-01 12:01:17.822 549 793 D ReflectedParamUpdater: extent() != 1 for single value type: output.subscribed-indices.values
11-01 12:01:17.822 549 793 D ReflectedParamUpdater: extent() != 1 for single value type: input.buffers.allocator-ids.values
11-01 12:01:17.823 549 793 D ReflectedParamUpdater: extent() != 1 for single value type: output.buffers.allocator-ids.values
11-01 12:01:17.823 549 700 D CompatibilityChangeReporter: Compat change id reported: 218533173; UID 10148; state: ENABLED
11-01 12:01:17.823 549 792 D ReflectedParamUpdater: extent() != 1 for single value type: algo.buffers.max-count.values
11-01 12:01:17.824 549 793 D ReflectedParamUpdater: extent() != 1 for single value type: algo.buffers.allocator-ids.values
11-01 12:01:17.824 549 793 D ReflectedParamUpdater: extent() != 1 for single value type: output.buffers.pool-ids.values
11-01 12:01:17.825 549 793 D ReflectedParamUpdater: extent() != 1 for single value type: algo.buffers.pool-ids.values
11-01 12:01:17.825 549 792 D ReflectedParamUpdater: extent() != 1 for single value type: output.subscribed-indices.values
11-01 12:01:17.825 549 792 D ReflectedParamUpdater: extent() != 1 for single value type: input.buffers.allocator-ids.values
11-01 12:01:17.826 549 792 D ReflectedParamUpdater: extent() != 1 for single value type: output.buffers.allocator-ids.values
11-01 12:01:17.826 549 792 D ReflectedParamUpdater: extent() != 1 for single value type: algo.buffers.allocator-ids.values
11-01 12:01:17.828 549 792 D ReflectedParamUpdater: extent() != 1 for single value type: output.buffers.pool-ids.values
11-01 12:01:17.828 549 793 I CCodecConfig: query failed after returning 7 values (BAD_INDEX)
11-01 12:01:17.829 549 792 D ReflectedParamUpdater: extent() != 1 for single value type: algo.buffers.pool-ids.values
11-01 12:01:17.830 549 793 D CCodecConfig: c2 config diff is Dict {
11-01 12:01:17.830 549 793 D CCodecConfig: c2::u32 coded.bitrate.value = 64000
11-01 12:01:17.830 549 793 D CCodecConfig: c2::u32 input.buffers.max-size.value = 32768
11-01 12:01:17.830 549 793 D CCodecConfig: c2::u32 input.delay.value = 0
11-01 12:01:17.830 549 793 D CCodecConfig: string input.media-type.value = "audio/vorbis"
11-01 12:01:17.830 549 793 D CCodecConfig: string output.media-type.value = "audio/raw"
11-01 12:01:17.830 549 793 D CCodecConfig: c2::u32 raw.channel-count.value = 1
11-01 12:01:17.830 549 793 D CCodecConfig: c2::u32 raw.sample-rate.value = 48000
11-01 12:01:17.830 549 793 D CCodecConfig: }
11-01 12:01:17.830 549 709 D PermissionMonitor: Users: 1, UidToNetworkPerm: 33
11-01 12:01:17.830 549 549 V SystemServerTiming: MakeConnectivityServiceReady took to complete: 78ms
11-01 12:01:17.830 549 549 D SystemServerTiming: MakeVpnManagerServiceReady
11-01 12:01:17.831 549 709 D ConnectivityService: NetReassign [no changes] [c 0] [a 0] [i 0]
11-01 12:01:17.833 549 549 V SystemServerTiming: MakeVpnManagerServiceReady took to complete: 3ms
11-01 12:01:17.833 549 549 D SystemServerTiming: MakeVcnManagementServiceReady
11-01 12:01:17.834 549 792 I CCodecConfig: query failed after returning 7 values (BAD_INDEX)
11-01 12:01:17.834 549 792 D CCodecConfig: c2 config diff is Dict {
11-01 12:01:17.834 549 792 D CCodecConfig: c2::u32 coded.bitrate.value = 64000
11-01 12:01:17.834 549 792 D CCodecConfig: c2::u32 input.buffers.max-size.value = 32768
11-01 12:01:17.834 549 792 D CCodecConfig: c2::u32 input.delay.value = 0
11-01 12:01:17.834 549 792 D CCodecConfig: string input.media-type.value = "audio/vorbis"
11-01 12:01:17.834 549 792 D CCodecConfig: string output.media-type.value = "audio/raw"
11-01 12:01:17.834 549 792 D CCodecConfig: c2::u32 raw.channel-count.value = 1
11-01 12:01:17.834 549 792 D CCodecConfig: c2::u32 raw.sample-rate.value = 48000
11-01 12:01:17.834 549 792 D CCodecConfig: }
11-01 12:01:17.836 549 792 D MediaCodec: flushMediametrics
11-01 12:01:17.837 549 792 D CCodec : [c2.android.vorbis.decoder] buffers are bound to CCodec for this session
11-01 12:01:17.837 549 792 D CCodecConfig: no c2 equivalents for durationUs
11-01 12:01:17.837 549 792 D CCodecConfig: no c2 equivalents for track-id
11-01 12:01:17.838 549 792 D CCodecConfig: no c2 equivalents for csd-1
11-01 12:01:17.838 549 792 D CCodecConfig: no c2 equivalents for flags
11-01 12:01:17.839 549 793 D MediaCodec: flushMediametrics
11-01 12:01:17.839 549 715 I VcnManagementService: new snapshot: TelephonySubscriptionSnapshot{ mActiveDataSubId=-1, mSubIdToInfoMap={}, mSubIdToCarrierConfigMap={}, mPrivilegedPackages={} }
11-01 12:01:17.839 549 793 D CCodec : [c2.android.vorbis.decoder] buffers are bound to CCodec for this session
11-01 12:01:17.839 549 793 D CCodecConfig: no c2 equivalents for durationUs
11-01 12:01:17.839 549 793 D CCodecConfig: no c2 equivalents for track-id
11-01 12:01:17.839 549 793 D CCodecConfig: no c2 equivalents for csd-1
11-01 12:01:17.839 549 793 D CCodecConfig: no c2 equivalents for flags
11-01 12:01:17.841 549 793 D CCodecConfig: c2 config diff is c2::u32 coded.bitrate.value = 96000
11-01 12:01:17.841 549 793 D CCodecConfig: c2::u32 raw.channel-count.value = 2
11-01 12:01:17.841 549 792 D CCodecConfig: c2 config diff is c2::u32 coded.bitrate.value = 140000
11-01 12:01:17.842 549 793 W Codec2Client: query -- param skipped: index = 1107298332.
11-01 12:01:17.842 787 787 V WindowManagerShell: Adding init callback for OneHandedController
11-01 12:01:17.843 549 793 D CCodec : encoding statistics level = 0
11-01 12:01:17.843 549 793 D CCodec : setup formats input: AMessage(what = 0x00000000) = {
11-01 12:01:17.843 549 793 D CCodec : int32_t bitrate = 96000
11-01 12:01:17.843 549 793 D CCodec : int32_t channel-count = 2
11-01 12:01:17.843 549 793 D CCodec : int32_t max-input-size = 32768
11-01 12:01:17.843 549 793 D CCodec : string mime = "audio/vorbis"
11-01 12:01:17.843 549 793 D CCodec : int32_t sample-rate = 48000
11-01 12:01:17.843 549 793 D CCodec : }
11-01 12:01:17.843 549 793 D CCodec : setup formats output: AMessage(what = 0x00000000) = {
11-01 12:01:17.843 549 793 D CCodec : int32_t channel-count = 2
11-01 12:01:17.843 549 793 D CCodec : string mime = "audio/raw"
11-01 12:01:17.843 549 793 D CCodec : int32_t sample-rate = 48000
11-01 12:01:17.843 549 793 D CCodec : int32_t channel-mask = 3
11-01 12:01:17.843 549 793 D CCodec : int32_t android._config-pcm-encoding = 2
11-01 12:01:17.843 549 793 D CCodec : }
11-01 12:01:17.843 549 792 W Codec2Client: query -- param skipped: index = 1107298332.
11-01 12:01:17.843 549 792 D CCodec : encoding statistics level = 0
11-01 12:01:17.844 549 792 D CCodec : setup formats input: AMessage(what = 0x00000000) = {
11-01 12:01:17.844 549 792 D CCodec : int32_t bitrate = 140000
11-01 12:01:17.844 549 792 D CCodec : int32_t channel-count = 1
11-01 12:01:17.844 549 792 D CCodec : int32_t max-input-size = 32768
11-01 12:01:17.844 549 792 D CCodec : string mime = "audio/vorbis"
11-01 12:01:17.844 549 792 D CCodec : int32_t sample-rate = 48000
11-01 12:01:17.844 549 792 D CCodec : }
11-01 12:01:17.844 549 792 D CCodec : setup formats output: AMessage(what = 0x00000000) = {
11-01 12:01:17.844 549 792 D CCodec : int32_t channel-count = 1
11-01 12:01:17.844 549 792 D CCodec : string mime = "audio/raw"
11-01 12:01:17.844 549 792 D CCodec : int32_t sample-rate = 48000
11-01 12:01:17.844 549 792 D CCodec : int32_t channel-mask = 1
11-01 12:01:17.844 549 792 D CCodec : int32_t android._config-pcm-encoding = 2
11-01 12:01:17.844 549 792 D CCodec : }
11-01 12:01:17.844 549 792 I CCodecConfig: query failed after returning 7 values (BAD_INDEX)
11-01 12:01:17.844 549 793 I CCodecConfig: query failed after returning 7 values (BAD_INDEX)
11-01 12:01:17.845 549 793 W Codec2Client: query -- param skipped: index = 1342179345.
11-01 12:01:17.845 549 793 W Codec2Client: query -- param skipped: index = 2415921170.
11-01 12:01:17.846 549 792 W Codec2Client: query -- param skipped: index = 1342179345.
11-01 12:01:17.846 549 792 W Codec2Client: query -- param skipped: index = 2415921170.
11-01 12:01:17.847 549 793 D C2Store : Using DMABUF Heaps
11-01 12:01:17.848 549 793 D CCodecBufferChannel: [c2.android.vorbis.decoder#975] Created input block pool with allocatorID 16 => poolID 17 - OK (0)
11-01 12:01:17.848 549 792 D CCodecBufferChannel: [c2.android.vorbis.decoder#727] Created input block pool with allocatorID 16 => poolID 18 - OK (0)
11-01 12:01:17.849 787 787 V WindowManagerShell: Adding init callback for DefaultTransitionHandler
11-01 12:01:17.849 787 787 V WindowManagerShell: addHandler: Default
11-01 12:01:17.849 502 810 D C2Store : Using DMABUF Heaps
11-01 12:01:17.849 787 787 V WindowManagerShell: addHandler: Remote
11-01 12:01:17.849 787 787 V WindowManagerShell: Adding init callback for Transitions
11-01 12:01:17.850 787 787 V WindowManagerShell: Adding init callback for BubbleController
11-01 12:01:17.851 787 787 V WindowManagerShell: Adding init callback for SplitScreenController
11-01 12:01:17.851 549 792 I CCodecBufferChannel: [c2.android.vorbis.decoder#727] Created output block pool with allocatorID 16 => poolID 18 - OK
11-01 12:01:17.851 549 792 D CCodecBufferChannel: [c2.android.vorbis.decoder#727] Configured output block pool ids 18 => OK
11-01 12:01:17.852 549 630 D CompatibilityChangeReporter: Compat change id reported: 161145287; UID 10161; state: ENABLED
11-01 12:01:17.852 787 787 D CompatibilityChangeReporter: Compat change id reported: 160794467; UID 10161; state: ENABLED
11-01 12:01:17.852 549 793 I CCodecBufferChannel: [c2.android.vorbis.decoder#975] Created output block pool with allocatorID 16 => poolID 17 - OK
11-01 12:01:17.853 549 792 I DMABUFHEAPS: Using DMA-BUF heap named: system
11-01 12:01:17.853 549 793 D CCodecBufferChannel: [c2.android.vorbis.decoder#975] Configured output block pool ids 17 => OK
11-01 12:01:17.854 549 700 D CompatibilityChangeReporter: Compat change id reported: 262645982; UID 10148; state: ENABLED
11-01 12:01:17.854 549 700 D CompatibilityChangeReporter: Compat change id reported: 218533173; UID 10141; state: ENABLED
11-01 12:01:17.855 549 700 D CompatibilityChangeReporter: Compat change id reported: 262645982; UID 10141; state: DISABLED
11-01 12:01:17.855 549 700 D CompatibilityChangeReporter: Compat change id reported: 171306433; UID 10141; state: ENABLED
11-01 12:01:17.855 549 700 D CompatibilityChangeReporter: Compat change id reported: 226439802; UID 10141; state: ENABLED
11-01 12:01:17.856 549 700 D CompatibilityChangeReporter: Compat change id reported: 218533173; UID 10143; state: ENABLED
11-01 12:01:17.856 549 700 D CompatibilityChangeReporter: Compat change id reported: 262645982; UID 10143; state: DISABLED
11-01 12:01:17.856 502 831 D SimpleC2Component: Using output block pool with poolID 17 => got 17 - 0
11-01 12:01:17.856 549 700 D CompatibilityChangeReporter: Compat change id reported: 218533173; UID 10121; state: ENABLED
11-01 12:01:17.857 549 700 D CompatibilityChangeReporter: Compat change id reported: 262645982; UID 10121; state: DISABLED
11-01 12:01:17.857 549 700 D CompatibilityChangeReporter: Compat change id reported: 218533173; UID 10139; state: ENABLED
11-01 12:01:17.858 549 700 D CompatibilityChangeReporter: Compat change id reported: 262645982; UID 10139; state: DISABLED
11-01 12:01:17.858 549 700 D CompatibilityChangeReporter: Compat change id reported: 218533173; UID 10142; state: ENABLED
11-01 12:01:17.858 549 700 D CompatibilityChangeReporter: Compat change id reported: 262645982; UID 10142; state: ENABLED
11-01 12:01:17.859 549 700 D CompatibilityChangeReporter: Compat change id reported: 218533173; UID 10125; state: ENABLED
11-01 12:01:17.859 549 700 D CompatibilityChangeReporter: Compat change id reported: 262645982; UID 10125; state: ENABLED
11-01 12:01:17.860 549 700 D CompatibilityChangeReporter: Compat change id reported: 218533173; UID 10134; state: ENABLED
11-01 12:01:17.860 549 700 D CompatibilityChangeReporter: Compat change id reported: 262645982; UID 10134; state: DISABLED
11-01 12:01:17.861 502 832 D SimpleC2Component: Using output block pool with poolID 18 => got 18 - 0
11-01 12:01:17.864 549 549 V SystemServerTiming: MakeVcnManagementServiceReady took to complete: 5ms
11-01 12:01:17.864 549 549 D SystemServerTiming: MakeNetworkPolicyServiceReady
11-01 12:01:17.868 549 563 D GameManagerService: User ID '0' does not have a Game Mode selected for package: 'android'
11-01 12:01:17.868 549 709 D ConnectivityService: Got NetworkProvider Messenger for VcnNetworkProvider
11-01 12:01:17.868 549 709 D ConnectivityService: register offer from providerId 1 : NetworkOffer [ Provider Id (1) Score(Policies : TRANSPORT_PRIMARY&EVER_EVALUATED&IS_UNMETERED&EVER_VALIDATED&IS_VALIDATED ; KeepConnected : 0) Caps [ Transports: CELLULAR Capabilities: MMS&SUPL&DUN&FOTA&IMS&CBS&IA&RCS&XCAP&EIMS&INTERNET&NOT_RESTRICTED&TRUSTED&NOT_VPN&MCX&NOT_VCN_MANAGED UnderlyingNetworks: Null] Needed by []]
11-01 12:01:17.869 549 709 D ConnectivityService: NetReassign [no changes] [c 0] [a 0] [i 0]
11-01 12:01:17.869 549 563 D CompatibilityChangeReporter: Compat change id reported: 168419799; UID 1000; state: DISABLED
11-01 12:01:17.869 549 563 D CompatibilityChangeReporter: Compat change id reported: 273564678; UID 1000; state: DISABLED
11-01 12:01:17.870 502 831 I DMABUFHEAPS: Using DMA-BUF heap named: system
11-01 12:01:17.873 549 700 W BestClock: java.time.DateTimeException: Missing network time fix
11-01 12:01:17.874 787 787 V WindowManagerShell: Adding init callback for PipTransition
11-01 12:01:17.876 787 787 V WindowManagerShell: Adding init callback for PipTouchHandler
11-01 12:01:17.876 787 787 V WindowManagerShell: Adding init callback for DevicePostureController
11-01 12:01:17.876 787 787 V WindowManagerShell: Adding init callback for TabletopModeController
11-01 12:01:17.876 787 787 V WindowManagerShell: Adding init callback for PipController
11-01 12:01:17.877 549 700 D NetworkStatsObservers: Registering observer for RequestInfo from pid/uid:549/1000(android) for DataUsageRequest [ requestId=1, networkTemplate=NetworkTemplate: matchRule=MOBILE, matchSubscriberIds=[], matchWifiNetworkKeys=[], thresholdInBytes=0 ] accessLevel:3
11-01 12:01:17.877 815 815 V WebViewLibraryLoader: RelroFileCreator (64bit = true), package: com.google.android.webview library: libmonochrome_64.so
11-01 12:01:17.880 815 815 W ziparchive: Unable to open '/data/app/~~hHyFcOq87r9B1aFc7bwzXw==/com.google.android.trichromelibrary_567263637-9-Z6JXRTWd8NjpTizHDNPw==/TrichromeLibrary.dm': No such file or directory
11-01 12:01:17.880 815 815 W ziparchive: Unable to open '/data/app/~~hHyFcOq87r9B1aFc7bwzXw==/com.google.android.trichromelibrary_567263637-9-Z6JXRTWd8NjpTizHDNPw==/TrichromeLibrary.dm': No such file or directory
11-01 12:01:17.881 815 815 W WebViewLoader-x: Entry not found
11-01 12:01:17.882 815 815 D nativeloader: Configuring clns-6 for other apk /data/app/~~hHyFcOq87r9B1aFc7bwzXw==/com.google.android.trichromelibrary_567263637-9-Z6JXRTWd8NjpTizHDNPw==/TrichromeLibrary.apk. target_sdk_version=34, uses_libraries=ALL, library_path=/data/app/~~MvYu6RDR-OQz0VWSWtxbsQ==/com.google.android.webview-ew6J0pS_xP-lrrf8rhpiDg==/lib/x86_64:/data/app/~~MvYu6RDR-OQz0VWSWtxbsQ==/com.google.android.webview-ew6J0pS_xP-lrrf8rhpiDg==/WebViewGoogle.apk!/lib/x86_64:/data/app/~~hHyFcOq87r9B1aFc7bwzXw==/com.google.android.trichromelibrary_567263637-9-Z6JXRTWd8NjpTizHDNPw==/TrichromeLibrary.apk!/lib/x86_64, permitted_path=/data:/mnt/expand
11-01 12:01:17.883 787 787 V WindowManagerShell: Adding init callback for FullscreenTaskListener
11-01 12:01:17.885 549 698 W BestClock: java.time.DateTimeException: Missing network time fix
11-01 12:01:17.885 549 700 D NetworkStatsObservers: Registering observer for RequestInfo from pid/uid:549/1000(android) for DataUsageRequest [ requestId=2, networkTemplate=NetworkTemplate: matchRule=WIFI, matchSubscriberIds=[], matchWifiNetworkKeys=[], thresholdInBytes=0 ] accessLevel:3
11-01 12:01:17.886 549 709 D ConnectivityService: NetReassign [no changes] [c 0] [a 0] [i 0]
11-01 12:01:17.891 787 787 V WindowManagerShell: Adding init callback for FreeformTaskTransitionHandler
11-01 12:01:17.892 787 787 V WindowManagerShell: Adding init callback for RecentsTransitionHandler
11-01 12:01:17.894 787 787 V WindowManagerShell: Adding init callback for ActivityEmbeddingController
11-01 12:01:17.894 549 563 W PackageManager: Invalid dex load report. loadingPackageName=null, uid=1037
11-01 12:01:17.894 815 815 D nativeloader: Configuring clns-7 for other apk /data/app/~~MvYu6RDR-OQz0VWSWtxbsQ==/com.google.android.webview-ew6J0pS_xP-lrrf8rhpiDg==/WebViewGoogle.apk. target_sdk_version=34, uses_libraries=, library_path=/data/app/~~MvYu6RDR-OQz0VWSWtxbsQ==/com.google.android.webview-ew6J0pS_xP-lrrf8rhpiDg==/lib/x86_64:/data/app/~~MvYu6RDR-OQz0VWSWtxbsQ==/com.google.android.webview-ew6J0pS_xP-lrrf8rhpiDg==/WebViewGoogle.apk!/lib/x86_64:/data/app/~~hHyFcOq87r9B1aFc7bwzXw==/com.google.android.trichromelibrary_567263637-9-Z6JXRTWd8NjpTizHDNPw==/TrichromeLibrary.apk!/lib/x86_64, permitted_path=/data:/mnt/expand
11-01 12:01:17.896 549 793 D CCodecBufferChannel: [c2.android.vorbis.decoder#975] MediaCodec discarded an unknown buffer
11-01 12:01:17.896 549 793 D CCodecBufferChannel: [c2.android.vorbis.decoder#975] MediaCodec discarded an unknown buffer
11-01 12:01:17.896 549 793 D CCodecBufferChannel: [c2.android.vorbis.decoder#975] MediaCodec discarded an unknown buffer
11-01 12:01:17.896 549 700 D InetDiagMessage: Destroyed 0 sockets, proto=IPPROTO_TCP, family=AF_INET, states=14
11-01 12:01:17.898 549 700 D InetDiagMessage: Destroyed 0 sockets, proto=IPPROTO_TCP, family=AF_INET6, states=14
11-01 12:01:17.898 787 787 V WindowManagerShell: Adding init callback for StartingWindowController
11-01 12:01:17.898 787 787 V WindowManagerShell: Adding init callback for ProtoLogController
11-01 12:01:17.899 549 700 D InetDiagMessage: Destroyed live tcp sockets for uids={10112, 10121, 10125, 10129, 10131, 10134, 10139, 10141, 10142, 10143, 10146, 10147, 10148, 20112, 20121, 20125, 20129, 20131, 20134, 20139, 20141, 20142, 20143, 20146, 20147, 20148} in 5ms
11-01 12:01:17.899 787 787 V WindowManagerShell: Adding init callback for KeyguardTransitionHandler
11-01 12:01:17.899 787 787 V WindowManagerShell: Adding init callback for DefaultMixedHandler
11-01 12:01:17.901 787 787 V WindowManagerShell: Adding init callback for BackAnimationController
11-01 12:01:17.902 787 811 V WindowManagerShell: Initializing Shell Components: 28
11-01 12:01:17.902 787 811 V WindowManagerShell: DisplayChangeController init took 1ms
11-01 12:01:17.903 549 793 I hw-BpHwBinder: onLastStrongRef automatically unlinking death recipients
11-01 12:01:17.903 787 811 V WindowManagerShell: DisplayController init took 0ms
11-01 12:01:17.904 502 810 I hw-BpHwBinder: onLastStrongRef automatically unlinking death recipients
11-01 12:01:17.905 787 811 V WindowManagerShell: DisplayInsetsController init took 2ms
11-01 12:01:17.905 787 811 V WindowManagerShell: DisplayImeController init took 0ms
11-01 12:01:17.905 787 811 V WindowManagerShell: Adding dump callback for ShellController
11-01 12:01:17.905 787 811 V WindowManagerShell: ShellController init took 0ms
11-01 12:01:17.905 787 811 V WindowManagerShell: Adding external interface from DragAndDropController with key extra_shell_drag_and_drop
11-01 12:01:17.905 787 811 V WindowManagerShell: Adding dump callback for DragAndDropController
11-01 12:01:17.905 787 811 V WindowManagerShell: DragAndDropController init took 0ms
11-01 12:01:17.905 787 811 V WindowManagerShell: Adding command class compatui for CompatUIShellCommandHandler
11-01 12:01:17.905 787 811 V WindowManagerShell: CompatUIController init took 0ms
11-01 12:01:17.905 787 811 V WindowManagerShell: Adding external interface from RecentTasksController with key extra_shell_recent_tasks
11-01 12:01:17.905 787 811 V WindowManagerShell: Adding dump callback for RecentTasksController
11-01 12:01:17.905 787 811 V WindowManagerShell: RecentTasksController init took 1ms
11-01 12:01:17.906 787 811 V WindowManagerShell: Adding dump callback for ShellTaskOrganizer
11-01 12:01:17.907 353 381 I netd : tetherGetStats() -> {[]} <0.76ms>
11-01 12:01:17.907 787 811 V WindowManagerShell: ShellTaskOrganizer init took 1ms
11-01 12:01:17.907 787 811 V WindowManagerShell: Adding dump callback for OneHandedController
11-01 12:01:17.908 549 709 D ConnectivityService: NetReassign [no changes] [c 0] [a 0] [i 0]
11-01 12:01:17.908 549 698 W BestClock: java.time.DateTimeException: Missing network time fix
11-01 12:01:17.910 549 549 V SystemServerTiming: MakeNetworkPolicyServiceReady took to complete: 45ms
11-01 12:01:17.911 420 437 D PermissionCache: checking android.permission.ROTATE_SURFACE_FLINGER for uid=10161 => granted (906 us)
11-01 12:01:17.912 420 437 D PermissionCache: checking android.permission.INTERNAL_SYSTEM_WINDOW for uid=10161 => granted (476 us)
11-01 12:01:17.912 420 437 D PermissionCache: checking android.permission.ACCESS_SURFACE_FLINGER for uid=10161 => granted (175 us)
11-01 12:01:17.912 549 549 D SystemServerTiming: PhaseThirdPartyAppsCanStart
11-01 12:01:17.913 549 549 I SystemServiceManager: Starting phase 600
11-01 12:01:17.913 549 549 D SystemServerTiming: OnBootPhase_600
11-01 12:01:17.913 549 549 D SystemServerTiming: OnBootPhase_600_com.android.server.security.FileIntegrityService
11-01 12:01:17.913 549 549 V SystemServerTiming: OnBootPhase_600_com.android.server.security.FileIntegrityService took to complete: 0ms
11-01 12:01:17.913 549 549 D SystemServerTiming: OnBootPhase_600_com.android.server.pm.Installer
11-01 12:01:17.913 549 549 V SystemServerTiming: OnBootPhase_600_com.android.server.pm.Installer took to complete: 0ms
11-01 12:01:17.913 549 549 D SystemServerTiming: OnBootPhase_600_com.android.server.os.DeviceIdentifiersPolicyService
11-01 12:01:17.913 549 549 V SystemServerTiming: OnBootPhase_600_com.android.server.os.DeviceIdentifiersPolicyService took to complete: 0ms
11-01 12:01:17.913 549 549 D SystemServerTiming: OnBootPhase_600_com.android.server.uri.UriGrantsManagerService$Lifecycle
11-01 12:01:17.913 549 549 V SystemServerTiming: OnBootPhase_600_com.android.server.uri.UriGrantsManagerService$Lifecycle took to complete: 0ms
11-01 12:01:17.913 549 549 D SystemServerTiming: OnBootPhase_600_com.android.server.powerstats.PowerStatsService
11-01 12:01:17.913 549 549 V SystemServerTiming: OnBootPhase_600_com.android.server.powerstats.PowerStatsService took to complete: 0ms
11-01 12:01:17.913 549 549 D SystemServerTiming: OnBootPhase_600_com.android.server.permission.access.AccessCheckingService
11-01 12:01:17.913 549 549 V SystemServerTiming: OnBootPhase_600_com.android.server.permission.access.AccessCheckingService took to complete: 0ms
11-01 12:01:17.914 549 549 D SystemServerTiming: OnBootPhase_600_com.android.server.wm.ActivityTaskManagerService$Lifecycle
11-01 12:01:17.914 549 549 V SystemServerTiming: OnBootPhase_600_com.android.server.wm.ActivityTaskManagerService$Lifecycle took to complete: 0ms
11-01 12:01:17.914 549 549 D SystemServerTiming: OnBootPhase_600_com.android.server.am.ActivityManagerService$Lifecycle
11-01 12:01:17.914 549 698 W BestClock: java.time.DateTimeException: Missing network time fix
11-01 12:01:17.915 549 789 D MediaCodec: flushMediametrics
11-01 12:01:17.920 549 549 I ExplicitHealthCheckController: Explicit health checks enabled.
11-01 12:01:17.920 549 549 I PackageWatchdog: Syncing state, reason: health check state enabled
11-01 12:01:17.920 549 583 I PackageWatchdog: Saving observer state to file
11-01 12:01:17.921 549 549 V SystemServerTiming: OnBootPhase_600_com.android.server.am.ActivityManagerService$Lifecycle took to complete: 7ms
11-01 12:01:17.921 549 549 D SystemServerTiming: OnBootPhase_600_com.android.server.pm.DataLoaderManagerService
11-01 12:01:17.921 549 549 V SystemServerTiming: OnBootPhase_600_com.android.server.pm.DataLoaderManagerService took to complete: 0ms
11-01 12:01:17.921 549 549 D SystemServerTiming: OnBootPhase_600_com.android.server.power.PowerManagerService
11-01 12:01:17.922 549 549 V SystemServerTiming: OnBootPhase_600_com.android.server.power.PowerManagerService took to complete: 1ms
11-01 12:01:17.922 549 549 D SystemServerTiming: OnBootPhase_600_com.android.server.power.ThermalManagerService
11-01 12:01:17.922 549 549 V SystemServerTiming: OnBootPhase_600_com.android.server.power.ThermalManagerService took to complete: 0ms
11-01 12:01:17.923 549 549 D SystemServerTiming: OnBootPhase_600_com.android.server.power.hint.HintManagerService
11-01 12:01:17.923 549 549 V SystemServerTiming: OnBootPhase_600_com.android.server.power.hint.HintManagerService took to complete: 0ms
11-01 12:01:17.923 549 549 D SystemServerTiming: OnBootPhase_600_com.android.server.recoverysystem.RecoverySystemService$Lifecycle
