11-01 12:01:24.847 549 575 V ActivityManagerTiming: OnBootPhase_1000_com.android.server.incident.IncidentCompanionService took to complete: 0ms
11-01 12:01:24.847 549 575 D ActivityManagerTiming: OnBootPhase_1000_com.android.server.sdksandbox.SdkSandboxManagerService$Lifecycle
11-01 12:01:24.847 549 575 V ActivityManagerTiming: OnBootPhase_1000_com.android.server.sdksandbox.SdkSandboxManagerService$Lifecycle took to complete: 0ms
11-01 12:01:24.847 549 575 D ActivityManagerTiming: OnBootPhase_1000_com.android.server.adservices.AdServicesManagerService$Lifecycle
11-01 12:01:24.847 549 575 V ActivityManagerTiming: OnBootPhase_1000_com.android.server.adservices.AdServicesManagerService$Lifecycle took to complete: 0ms
11-01 12:01:24.847 549 575 D ActivityManagerTiming: OnBootPhase_1000_com.android.server.ondevicepersonalization.OnDevicePersonalizationSystemService$Lifecycle
11-01 12:01:24.848 549 575 V ActivityManagerTiming: OnBootPhase_1000_com.android.server.ondevicepersonalization.OnDevicePersonalizationSystemService$Lifecycle took to complete: 0ms
11-01 12:01:24.848 549 575 D ActivityManagerTiming: OnBootPhase_1000_com.android.server.MmsServiceBroker
11-01 12:01:24.848 549 575 V ActivityManagerTiming: OnBootPhase_1000_com.android.server.MmsServiceBroker took to complete: 0ms
11-01 12:01:24.848 549 575 D ActivityManagerTiming: OnBootPhase_1000_com.android.server.autofill.AutofillManagerService
11-01 12:01:24.848 549 575 V ActivityManagerTiming: OnBootPhase_1000_com.android.server.autofill.AutofillManagerService took to complete: 0ms
11-01 12:01:24.848 549 575 D ActivityManagerTiming: OnBootPhase_1000_com.android.server.credentials.CredentialManagerService
11-01 12:01:24.848 549 575 V ActivityManagerTiming: OnBootPhase_1000_com.android.server.credentials.CredentialManagerService took to complete: 0ms
11-01 12:01:24.848 549 575 D ActivityManagerTiming: OnBootPhase_1000_com.android.server.translation.TranslationManagerService
11-01 12:01:24.848 549 575 V ActivityManagerTiming: OnBootPhase_1000_com.android.server.translation.TranslationManagerService took to complete: 0ms
11-01 12:01:24.848 549 575 D ActivityManagerTiming: OnBootPhase_1000_com.android.server.selectiontoolbar.SelectionToolbarManagerService
11-01 12:01:24.848 549 575 V ActivityManagerTiming: OnBootPhase_1000_com.android.server.selectiontoolbar.SelectionToolbarManagerService took to complete: 0ms
11-01 12:01:24.848 549 575 D ActivityManagerTiming: OnBootPhase_1000_com.android.server.clipboard.ClipboardService
11-01 12:01:24.848 549 575 V ActivityManagerTiming: OnBootPhase_1000_com.android.server.clipboard.ClipboardService took to complete: 0ms
11-01 12:01:24.848 549 575 D ActivityManagerTiming: OnBootPhase_1000_com.android.server.appbinding.AppBindingService$Lifecycle
11-01 12:01:24.848 549 575 V ActivityManagerTiming: OnBootPhase_1000_com.android.server.appbinding.AppBindingService$Lifecycle took to complete: 0ms
11-01 12:01:24.848 549 575 D ActivityManagerTiming: OnBootPhase_1000_com.android.server.tracing.TracingServiceProxy
11-01 12:01:24.848 549 575 V ActivityManagerTiming: OnBootPhase_1000_com.android.server.tracing.TracingServiceProxy took to complete: 0ms
11-01 12:01:24.848 549 575 D ActivityManagerTiming: OnBootPhase_1000_com.android.server.policy.PermissionPolicyService
11-01 12:01:24.848 549 575 V ActivityManagerTiming: OnBootPhase_1000_com.android.server.policy.PermissionPolicyService took to complete: 0ms
11-01 12:01:24.848 549 575 D ActivityManagerTiming: OnBootPhase_1000_com.android.server.pm.StagingManager$Lifecycle
11-01 12:01:24.848 787 787 D NavigationModeController: getCurrentInteractionMode: mode=2 contextUser=0
11-01 12:01:24.851 440 445 I adbd : adbd_auth: received a new framework connection
11-01 12:01:24.852 440 445 I adbd : adbd_auth: received new framework fd 25 (current = -1)
11-01 12:01:25.147 0 0 I servicemanager: Notifying apexservice they do (previously: don't) have clients when service is guaranteed to be in use
11-01 12:01:25.157 0 0 I AidlLazyServiceRegistrar: Process has 1 (of 1 available) client(s) in use after notification apexservice has clients: 1
11-01 12:01:25.157 0 0 I apexd : markBootCompleted() received by ApexService
11-01 12:01:25.166 0 0 I AidlLazyServiceRegistrar: Shutdown prevented by forcePersist override flag.
11-01 12:01:24.861 549 585 D CompatibilityChangeReporter: Compat change id reported: 143937733; UID 10131; state: ENABLED
11-01 12:01:24.861 549 672 D StorageManagerService: Thinking about reset, mBootCompleted=true, mDaemonConnected=true
11-01 12:01:24.861 549 672 I StorageSessionController: Started resetting external storage service...
11-01 12:01:24.861 549 672 I StorageSessionController: Finished resetting external storage service
11-01 12:01:24.861 549 672 I StorageManagerService: Resetting vold...
11-01 12:01:24.861 549 672 I StorageManagerService: Reset vold
11-01 12:01:24.862 172 172 I vold : onUserAdded: 0
11-01 12:01:24.862 1395 1395 D CompatibilityChangeReporter: Compat change id reported: 242716250; UID 10159; state: DISABLED
11-01 12:01:24.864 549 893 D CompatibilityChangeReporter: Compat change id reported: 170503758; UID 10159; state: ENABLED
11-01 12:01:24.872 549 575 V ActivityManagerTiming: OnBootPhase_1000_com.android.server.pm.StagingManager$Lifecycle took to complete: 24ms
11-01 12:01:24.872 549 575 D ActivityManagerTiming: OnBootPhase_1000_com.android.server.app.GameManagerService$Lifecycle
11-01 12:01:24.872 549 575 D GameManagerService: onBootCompleted
11-01 12:01:24.873 549 575 V ActivityManagerTiming: OnBootPhase_1000_com.android.server.app.GameManagerService$Lifecycle took to complete: 1ms
11-01 12:01:24.873 549 575 D ActivityManagerTiming: OnBootPhase_1000_com.android.safetycenter.SafetyCenterService
11-01 12:01:24.874 549 575 V ActivityManagerTiming: OnBootPhase_1000_com.android.safetycenter.SafetyCenterService took to complete: 1ms
11-01 12:01:24.875 549 575 D ActivityManagerTiming: OnBootPhase_1000_com.android.server.appsearch.AppSearchModule$Lifecycle
11-01 12:01:24.875 549 575 V ActivityManagerTiming: OnBootPhase_1000_com.android.server.appsearch.AppSearchModule$Lifecycle took to complete: 0ms
11-01 12:01:24.875 549 575 D ActivityManagerTiming: OnBootPhase_1000_com.android.server.media.MediaCommunicationService
11-01 12:01:24.875 549 575 V ActivityManagerTiming: OnBootPhase_1000_com.android.server.media.MediaCommunicationService took to complete: 0ms
11-01 12:01:24.875 549 575 D ActivityManagerTiming: OnBootPhase_1000_com.android.server.compat.overrides.AppCompatOverridesService$Lifecycle
11-01 12:01:24.875 549 575 V ActivityManagerTiming: OnBootPhase_1000_com.android.server.compat.overrides.AppCompatOverridesService$Lifecycle took to complete: 0ms
11-01 12:01:24.875 549 575 D ActivityManagerTiming: OnBootPhase_1000_com.android.server.healthconnect.HealthConnectManagerService
11-01 12:01:24.875 549 575 V ActivityManagerTiming: OnBootPhase_1000_com.android.server.healthconnect.HealthConnectManagerService took to complete: 0ms
11-01 12:01:24.876 549 575 D ActivityManagerTiming: OnBootPhase_1000_com.android.server.devicelock.DeviceLockService
11-01 12:01:24.876 549 575 D DeviceLockService: onBootPhase: 1000
11-01 12:01:24.876 549 575 V ActivityManagerTiming: OnBootPhase_1000_com.android.server.devicelock.DeviceLockService took to complete: 0ms
11-01 12:01:24.876 549 575 V ActivityManagerTiming: OnBootPhase_1000 took to complete: 75ms
11-01 12:01:24.876 549 575 V ActivityManagerTiming: TotalBootTime took to complete: 11115ms
11-01 12:01:24.876 549 702 D WifiNetworkFactory: Registering NetworkFactory
11-01 12:01:24.877 549 575 D SystemServerInitThreadPool: Shutdown requested
11-01 12:01:24.877 549 575 D SystemServerTiming: WaitInitThreadPoolShutdown
11-01 12:01:24.877 549 702 D UntrustedWifiNetworkFactory: Registering NetworkFactory
11-01 12:01:24.877 549 702 D RestrictedWifiNetworkFactory: Registering NetworkFactory
11-01 12:01:24.877 549 702 D OemPaidWifiNetworkFactory: Registering NetworkFactory
11-01 12:01:24.877 549 709 D ConnectivityService: Got NetworkProvider Messenger for WifiNetworkFactory
11-01 12:01:24.877 549 709 D ConnectivityService: Got NetworkProvider Messenger for UntrustedWifiNetworkFactory
11-01 12:01:24.877 549 709 D ConnectivityService: Got NetworkProvider Messenger for RestrictedWifiNetworkFactory
11-01 12:01:24.877 549 702 D MultiInternetWifiNetworkFactory: Registering NetworkFactory
11-01 12:01:24.877 549 709 D ConnectivityService: Got NetworkProvider Messenger for OemPaidWifiNetworkFactory
11-01 12:01:24.877 549 709 D ConnectivityService: Got NetworkProvider Messenger for MultiInternetWifiNetworkFactory
11-01 12:01:24.878 549 647 W SafetyCenterService: SafetyCenter is enabled.
11-01 12:01:24.879 354 354 I Zygote : Entering forkRepeatedly native zygote loop
11-01 12:01:24.880 787 787 D CompatibilityChangeReporter: Compat change id reported: 210923482; UID 10161; state: ENABLED
11-01 12:01:24.882 549 575 D SystemServerInitThreadPool: Shutdown successful
11-01 12:01:24.882 549 575 V SystemServerTiming: WaitInitThreadPoolShutdown took to complete: 5ms
11-01 12:01:24.882 549 575 D CompatibilityChangeReporter: Compat change id reported: 135634846; UID 10117; state: DISABLED
11-01 12:01:24.883 549 575 D CompatibilityChangeReporter: Compat change id reported: 177438394; UID 10117; state: DISABLED
11-01 12:01:24.883 549 575 D CompatibilityChangeReporter: Compat change id reported: 135772972; UID 10117; state: DISABLED
11-01 12:01:24.883 549 575 D CompatibilityChangeReporter: Compat change id reported: 135754954; UID 10117; state: ENABLED
11-01 12:01:24.885 354 354 D Zygote : Forked child process 1435
11-01 12:01:25.182 0 0 I init : processing action (sys.boot_completed=1) from (/system/etc/init/hw/init.rc:1224)
11-01 12:01:25.183 0 0 I servicemanager: Found android.hardware.wifi.IWifi/default in device VINTF manifest.
11-01 12:01:25.188 0 0 I init : starting service 'exec 20 (/bin/rm -rf /data/per_boot)'...
11-01 12:01:24.897 549 702 E WifiChipAidlImpl: getUsableChannels failed with service-specific exception: android.os.ServiceSpecificException: (code 4)
11-01 12:01:24.903 549 575 I ActivityManager: User 0 state changed from BOOTING to RUNNING_LOCKED
11-01 12:01:25.198 0 0 I servicemanager: Found android.hardware.wifi.IWifi/default in device VINTF manifest.
11-01 12:01:24.913 549 575 I LockSettingsService: Unwrapping synthetic password for unsecured user 0
11-01 12:01:24.914 549 702 E WifiChipAidlImpl: getUsableChannels failed with service-specific exception: android.os.ServiceSpecificException: (code 4)
11-01 12:01:24.920 549 638 D CompatibilityChangeReporter: Compat change id reported: 218533173; UID 10130; state: ENABLED
11-01 12:01:24.931 549 575 I LockSettingsService: Sending vendor auth secret to IAuthSecret HAL as user: 0
11-01 12:01:24.932 172 172 D vold : fscrypt_unlock_user_key 0 serial=0
11-01 12:01:24.932 172 172 D vold : Trying user CE key /data/misc/vold/user_keys/ce/0/current
11-01 12:01:24.936 1395 1395 D nativeloader: Configuring clns-shared-6 for other apk /system_ext/priv-app/NexusLauncherRelease/NexusLauncherRelease.apk. target_sdk_version=33, uses_libraries=, library_path=/system_ext/priv-app/NexusLauncherRelease/lib/x86_64:/system/lib64:/system_ext/lib64, permitted_path=/data:/mnt/expand:/data/user/0/com.google.android.apps.nexuslauncher:/system_ext/priv-app/NexusLauncherRelease:/system/lib64:/system_ext/lib64
11-01 12:01:25.218 0 0 I init : ... started service 'exec 20 (/bin/rm -rf /data/per_boot)' has pid 1436
11-01 12:01:25.230 0 0 I init : SVC_EXEC service 'exec 20 (/bin/rm -rf /data/per_boot)' pid 1436 (uid 1000 gid 1000+0 context default) started; waiting...
11-01 12:01:24.941 172 172 D vold : Successfully retrieved key
11-01 12:01:24.941 172 172 D vold : Installed fscrypt key with ref d0d392d73936898147102013072d8fe1 to /data
11-01 12:01:24.941 172 172 D vold : Added fscrypt-provisioning key for d0d392d73936898147102013072d8fe1 to session keyring
11-01 12:01:24.941 172 172 D vold : Installed ce key for user 0
11-01 12:01:24.942 549 575 I LockSettingsService: Unlocked CE storage for unsecured user 0
11-01 12:01:24.942 549 575 D SystemServerTiming: finishUserUnlocking-0
11-01 12:01:24.942 549 575 D ActivityManager: Started unlocking user 0
11-01 12:01:24.942 549 575 D ActivityManager: Unlocking user 0 progress 0
11-01 12:01:24.942 549 575 D ActivityManager: Unlocking user 0 progress 5
11-01 12:01:24.942 549 575 V SystemServerTiming: finishUserUnlocking-0 took to complete: 0ms
11-01 12:01:24.944 549 575 V ActivityManagerTiming: FinishBooting took to complete: 147ms
11-01 12:01:24.946 549 572 D SystemServerTiming: UM.onBeforeUnlockUser-0
11-01 12:01:24.946 549 572 D SystemServerTiming: prepareUserData-0
11-01 12:01:24.946 172 172 D vold : fscrypt_prepare_user_storage for volume null, user 0, serial 0, flags 2
11-01 12:01:24.946 172 172 D vold : Preparing: /data/system_ce/0
11-01 12:01:24.946 549 585 W ActivityManager: Slow operation: 106ms so far, now at startProcess: done updating battery stats
11-01 12:01:24.946 549 585 W ActivityManager: Slow operation: 106ms so far, now at startProcess: building log message
11-01 12:01:24.946 549 585 I ActivityManager: Start proc 1435:com.google.android.inputmethod.latin/u0a131 for service {com.google.android.inputmethod.latin/com.android.inputmethod.latin.LatinIME}
11-01 12:01:24.946 549 585 W ActivityManager: Slow operation: 106ms so far, now at startProcess: starting to update pids map
11-01 12:01:24.946 549 585 W ActivityManager: Slow operation: 106ms so far, now at startProcess: done updating pids map
11-01 12:01:24.946 549 585 W ActivityManager: Slow operation: 64ms so far, now at startProcess: asking zygote to start proc
11-01 12:01:24.946 549 585 D CompatibilityChangeReporter: Compat change id reported: 143937733; UID 10117; state: ENABLED
11-01 12:01:24.947 549 549 W NotificationHistory: Attempted to add notif for locked/gone/disabled user 0
11-01 12:01:24.947 172 172 I vold : Verified that /data/system_ce/0 has the encryption policy d0d392d73936898147102013072d8fe1 v2 modes 1/4 flags 0x2
11-01 12:01:24.947 172 172 D vold : Preparing: /data/vendor_ce/0
11-01 12:01:24.947 172 172 I vold : Verified that /data/vendor_ce/0 has the encryption policy d0d392d73936898147102013072d8fe1 v2 modes 1/4 flags 0x2
11-01 12:01:24.947 172 172 D vold : Preparing: /data/media/0
11-01 12:01:24.948 172 172 I vold : Verified that /data/media/0 has the encryption policy d0d392d73936898147102013072d8fe1 v2 modes 1/4 flags 0x2
11-01 12:01:24.948 172 172 D vold : Preparing: /data/misc_ce/0
11-01 12:01:24.949 172 172 I vold : Verified that /data/misc_ce/0 has the encryption policy d0d392d73936898147102013072d8fe1 v2 modes 1/4 flags 0x2
11-01 12:01:24.949 172 172 D vold : Preparing: /data/user/0
11-01 12:01:24.949 549 575 D ColorDisplayService: setUp: currentUser=0
11-01 12:01:24.949 172 172 I vold : Verified that /data/user/0 has the encryption policy d0d392d73936898147102013072d8fe1 v2 modes 1/4 flags 0x2
11-01 12:01:24.949 172 172 D vold : Starting restorecon of /data/system_ce/0
11-01 12:01:24.950 549 574 I DropBoxManagerService: add tag=system_server_strictmode isTagEnabled=true flags=0x2
11-01 12:01:24.951 549 574 I DropBoxManagerService: add tag=system_server_strictmode isTagEnabled=true flags=0x2
11-01 12:01:24.952 549 574 I DropBoxManagerService: add tag=system_server_strictmode isTagEnabled=true flags=0x2
11-01 12:01:24.952 549 574 I DropBoxManagerService: add tag=system_server_strictmode isTagEnabled=true flags=0x2
11-01 12:01:24.953 549 574 I DropBoxManagerService: add tag=system_server_strictmode isTagEnabled=true flags=0x2
11-01 12:01:24.953 549 574 I DropBoxManagerService: add tag=system_server_strictmode isTagEnabled=true flags=0x2
11-01 12:01:24.953 549 574 I DropBoxManagerService: add tag=system_server_strictmode isTagEnabled=true flags=0x2
11-01 12:01:24.953 1435 1435 I putmethod.latin: Using CollectorTypeCC GC.
11-01 12:01:24.954 549 702 I SsidTranslator: Locale language changed to en, alternate charset is now null
11-01 12:01:24.954 1435 1435 W putmethod.latin: Unexpected CPU variant for x86: x86_64.
11-01 12:01:24.954 1435 1435 W putmethod.latin: Known variants: atom, sandybridge, silvermont, goldmont, goldmont-plus, tremont, kabylake, default
11-01 12:01:24.955 549 574 I DropBoxManagerService: add tag=system_server_strictmode isTagEnabled=true flags=0x2
11-01 12:01:24.955 549 574 I DropBoxManagerService: add tag=system_server_strictmode isTagEnabled=true flags=0x2
11-01 12:01:24.956 549 574 I DropBoxManagerService: add tag=system_server_strictmode isTagEnabled=true flags=0x2
11-01 12:01:24.957 549 638 D CompatibilityChangeReporter: Compat change id reported: 218533173; UID 10124; state: ENABLED
11-01 12:01:24.957 1435 1435 E putmethod.latin: Not starting debugger since process cannot load the jdwp agent.
11-01 12:01:24.957 549 638 D CompatibilityChangeReporter: Compat change id reported: 262645982; UID 10124; state: ENABLED
11-01 12:01:24.957 549 702 I WifiService: Receive onDriverCountryCodeChanged to US, update available channel list
11-01 12:01:24.958 172 172 D vold : Finished restorecon of /data/system_ce/0
11-01 12:01:24.958 172 172 D vold : Starting restorecon of /data/vendor_ce/0
11-01 12:01:24.960 549 638 D CompatibilityChangeReporter: Compat change id reported: 218533173; UID 10079; state: ENABLED
11-01 12:01:24.961 549 638 D CompatibilityChangeReporter: Compat change id reported: 262645982; UID 10079; state: ENABLED
11-01 12:01:24.967 787 787 D NavigationModeController: getCurrentInteractionMode: mode=2 contextUser=0
11-01 12:01:25.250 0 0 I selinux : SELinux: Skipping restorecon on directory(/data/system_ce/0)
11-01 12:01:25.256 0 0 I init : Command 'exec - system system -- /bin/rm -rf /data/per_boot' action=sys.boot_completed=1 (/system/etc/init/hw/init.rc:1227) took 67ms and succeeded
11-01 12:01:25.259 0 0 I servicemanager: Found android.hardware.wifi.IWifi/default in device VINTF manifest.
11-01 12:01:24.968 549 638 D CompatibilityChangeReporter: Compat change id reported: 218533173; UID 10159; state: ENABLED
11-01 12:01:24.968 549 638 D CompatibilityChangeReporter: Compat change id reported: 262645982; UID 10159; state: DISABLED
11-01 12:01:24.972 354 354 D Zygote : Forked child process 1448
11-01 12:01:24.977 549 709 D ConnectivityService: register offer from providerId 5 : NetworkOffer [ Provider Id (5) Score(Policies : EVER_EVALUATED&IS_UNMETERED&EVER_VALIDATED&IS_VALIDATED ; KeepConnected : 0) Caps [ Transports: WIFI Capabilities: NOT_METERED&INTERNET&NOT_RESTRICTED&TRUSTED&NOT_VPN&NOT_ROAMING&NOT_CONGESTED&NOT_SUSPENDED&NOT_VCN_MANAGED LinkUpBandwidth>=1048576Kbps LinkDnBandwidth>=1048576Kbps Specifier: UnderlyingNetworks: Null] Needed by []]
11-01 12:01:24.977 549 709 D ConnectivityService: register offer from providerId 6 : NetworkOffer [ Provider Id (6) Score(Policies : EVER_EVALUATED&IS_INVINCIBLE&IS_UNMETERED&EVER_VALIDATED&IS_VALIDATED ; KeepConnected : 0) Caps [ Transports: WIFI Capabilities: NOT_METERED&INTERNET&NOT_RESTRICTED&TRUSTED&NOT_VPN&NOT_ROAMING&NOT_CONGESTED&NOT_SUSPENDED&NOT_VCN_MANAGED LinkUpBandwidth>=1048576Kbps LinkDnBandwidth>=1048576Kbps Specifier: UnderlyingNetworks: Null] Needed by []]
11-01 12:01:25.270 0 0 I selinux : SELinux: Skipping restorecon on directory(/data/vendor_ce/0)
11-01 12:01:24.978 549 709 D ConnectivityService: register offer from providerId 7 : NetworkOffer [ Provider Id (7) Score(Policies : EVER_EVALUATED&IS_INVINCIBLE&IS_UNMETERED&EVER_VALIDATED&IS_VALIDATED ; KeepConnected : 0) Caps [ Transports: WIFI Capabilities: NOT_METERED&INTERNET&TRUSTED&NOT_VPN&NOT_ROAMING&NOT_CONGESTED&NOT_SUSPENDED&NOT_VCN_MANAGED LinkUpBandwidth>=1048576Kbps LinkDnBandwidth>=1048576Kbps Specifier: UnderlyingNetworks: Null] Needed by []]
11-01 12:01:24.979 549 709 D ConnectivityService: register offer from providerId 8 : NetworkOffer [ Provider Id (8) Score(Policies : EVER_EVALUATED&IS_INVINCIBLE&IS_UNMETERED&EVER_VALIDATED&IS_VALIDATED ; KeepConnected : 0) Caps [ Transports: WIFI Capabilities: NOT_METERED&INTERNET&NOT_RESTRICTED&TRUSTED&NOT_VPN&NOT_ROAMING&NOT_CONGESTED&NOT_SUSPENDED&OEM_PAID&OEM_PRIVATE&NOT_VCN_MANAGED LinkUpBandwidth>=1048576Kbps LinkDnBandwidth>=1048576Kbps Specifier: UnderlyingNetworks: Null] Needed by []]
11-01 12:01:24.979 549 709 D ConnectivityService: register offer from providerId 9 : NetworkOffer [ Provider Id (9) Score(Policies : EVER_EVALUATED&IS_INVINCIBLE&IS_UNMETERED&EVER_VALIDATED&IS_VALIDATED ; KeepConnected : 0) Caps [ Transports: WIFI Capabilities: NOT_METERED&INTERNET&NOT_RESTRICTED&TRUSTED&NOT_VPN&NOT_ROAMING&NOT_CONGESTED&NOT_SUSPENDED&NOT_VCN_MANAGED LinkUpBandwidth>=1048576Kbps LinkDnBandwidth>=1048576Kbps Specifier: UnderlyingNetworks: Null] Needed by []]
11-01 12:01:24.979 549 585 W ActivityManager: Slow operation: 97ms so far, now at startProcess: returned from zygote!
11-01 12:01:24.979 549 585 W ActivityManager: Slow operation: 97ms so far, now at startProcess: done updating battery stats
11-01 12:01:24.979 549 585 W ActivityManager: Slow operation: 97ms so far, now at startProcess: building log message
11-01 12:01:24.980 549 585 I ActivityManager: Start proc 1448:com.google.android.apps.wellbeing/u0a117 for on-hold
11-01 12:01:24.980 549 585 W ActivityManager: Slow operation: 97ms so far, now at startProcess: starting to update pids map
11-01 12:01:24.980 549 585 W ActivityManager: Slow operation: 97ms so far, now at startProcess: done updating pids map
11-01 12:01:24.980 549 702 E WifiChipAidlImpl: getUsableChannels failed with service-specific exception: android.os.ServiceSpecificException: (code 4)
11-01 12:01:24.981 172 172 D vold : Finished restorecon of /data/vendor_ce/0
11-01 12:01:24.981 172 172 D vold : Starting restorecon of /data/misc_ce/0
11-01 12:01:25.281 0 0 I servicemanager: Found android.hardware.wifi.IWifi/default in device VINTF manifest.
11-01 12:01:25.282 0 0 I init : Service 'exec 20 (/bin/rm -rf /data/per_boot)' (pid 1436) exited with status 0 waiting took 0.081000 seconds
11-01 12:01:25.285 0 0 I selinux : SELinux: Skipping restorecon on directory(/data/misc_ce/0)
11-01 12:01:24.989 172 172 D vold : Finished restorecon of /data/misc_ce/0
11-01 12:01:24.989 172 172 D vold : /system/bin/vold_prepare_subdirs
11-01 12:01:24.989 172 172 D vold : prepare
11-01 12:01:24.989 172 172 D vold :
11-01 12:01:24.989 172 172 D vold : 0
11-01 12:01:24.989 172 172 D vold : 2
11-01 12:01:24.991 1448 1448 I .apps.wellbeing: Using CollectorTypeCC GC.
11-01 12:01:24.991 787 787 I vol.Events: writeEvent collection_started
11-01 12:01:24.992 1448 1448 W .apps.wellbeing: Unexpected CPU variant for x86: x86_64.
11-01 12:01:24.992 1448 1448 W .apps.wellbeing: Known variants: atom, sandybridge, silvermont, goldmont, goldmont-plus, tremont, kabylake, default
11-01 12:01:24.995 1448 1448 E .apps.wellbeing: Not starting debugger since process cannot load the jdwp agent.
11-01 12:01:25.294 0 0 I servicemanager: Could not find android.hardware.graphics.allocator.IAllocator/default in the VINTF manifest.
11-01 12:01:25.007 549 702 E WifiChipAidlImpl: getUsableChannels failed with service-specific exception: android.os.ServiceSpecificException: (code 4)
11-01 12:01:25.013 1456 1456 D vold_prepare_subdirs: Setting up mode 771 uid 1000 gid 1000 context u:object_r:system_data_file:s0:c512,c768 on path: /data/user/0
11-01 12:01:25.014 1456 1456 D vold_prepare_subdirs: Setting up mode 771 uid 1000 gid 1000 context u:object_r:sdk_sandbox_system_data_file:s0:c512,c768 on path: /data/misc_ce/0/sdksandbox
11-01 12:01:25.307 0 0 I init : Sending signal 9 to service 'exec 20 (/bin/rm -rf /data/per_boot)' (pid 1436) process group...
11-01 12:01:25.016 165 165 I hwservicemanager: getTransport: Cannot find entry android.hardware.graphics.mapper@4.0::IMapper/default in either framework or device VINTF manifest.
11-01 12:01:25.016 787 882 I Gralloc4: mapper 4.x is not supported
11-01 12:01:25.027 549 1261 D CompatibilityChangeReporter: Compat change id reported: 168419799; UID 10131; state: DISABLED
11-01 12:01:25.027 549 1261 D CompatibilityChangeReporter: Compat change id reported: 273564678; UID 10131; state: DISABLED
11-01 12:01:25.321 0 0 I servicemanager: Found android.hardware.wifi.IWifi/default in device VINTF manifest.
11-01 12:01:25.324 0 0 I libprocessgroup: Successfully killed process cgroup uid 1000 pid 1436 in 0ms
11-01 12:01:25.031 549 702 E WifiChipAidlImpl: getUsableChannels failed with service-specific exception: android.os.ServiceSpecificException: (code 4)
11-01 12:01:25.035 1395 1395 V GraphicsEnvironment: Currently set values for:
11-01 12:01:25.035 1395 1395 V GraphicsEnvironment: angle_gl_driver_selection_pkgs=[]
11-01 12:01:25.036 1395 1395 V GraphicsEnvironment: angle_gl_driver_selection_values=[]
11-01 12:01:25.036 1395 1395 V GraphicsEnvironment: ANGLE GameManagerService for com.google.android.apps.nexuslauncher: false
11-01 12:01:25.036 1395 1395 V GraphicsEnvironment: com.google.android.apps.nexuslauncher is not listed in per-application setting
11-01 12:01:25.036 1395 1395 V GraphicsEnvironment: Neither updatable production driver nor prerelease driver is supported.
11-01 12:01:25.332 0 0 I servicemanager: Found android.hardware.wifi.IWifi/default in device VINTF manifest.
11-01 12:01:25.037 1456 1456 D vold_prepare_subdirs: Setting up mode 700 uid 0 gid 0 context u:object_r:vold_data_file:s0 on path: /data/misc_ce/0/vold
11-01 12:01:25.039 1456 1456 D vold_prepare_subdirs: Setting up mode 700 uid 0 gid 0 context u:object_r:storaged_data_file:s0 on path: /data/misc_ce/0/storaged
11-01 12:01:25.042 1456 1456 D vold_prepare_subdirs: Setting up mode 700 uid 0 gid 0 context u:object_r:rollback_data_file:s0 on path: /data/misc_ce/0/rollback
11-01 12:01:25.043 1456 1456 D vold_prepare_subdirs: Setting up mode 700 uid 0 gid 0 context u:object_r:apex_rollback_data_file:s0 on path: /data/misc_ce/0/apexrollback
11-01 12:01:25.047 1456 1456 D vold_prepare_subdirs: Setting up mode 711 uid 0 gid 0 context u:object_r:apex_module_data_file:s0 on path: /data/misc_ce/0/apexdata
11-01 12:01:25.048 1456 1456 D vold_prepare_subdirs: Setting up mode 771 uid 0 gid 1000 context u:object_r:apex_module_data_file:s0 on path: /data/misc_ce/0/apexdata/com.android.tethering
11-01 12:01:25.048 1456 1456 D vold_prepare_subdirs: Setting up mode 771 uid 0 gid 1000 context u:object_r:apex_module_data_file:s0 on path: /data/misc_ce/0/apexdata/com.android.virt
11-01 12:01:25.049 1456 1456 D vold_prepare_subdirs: Setting up mode 771 uid 0 gid 1000 context u:object_r:apex_module_data_file:s0 on path: /data/misc_ce/0/apexdata/com.android.scheduling
11-01 12:01:25.049 1456 1456 D vold_prepare_subdirs: Setting up mode 771 uid 0 gid 1000 context u:object_r:apex_module_data_file:s0 on path: /data/misc_ce/0/apexdata/com.android.mediaprovider
11-01 12:01:25.049 1456 1456 D vold_prepare_subdirs: Setting up mode 771 uid 0 gid 1000 context u:object_r:apex_module_data_file:s0 on path: /data/misc_ce/0/apexdata/com.android.sdkext
11-01 12:01:25.049 1456 1456 D vold_prepare_subdirs: Setting up mode 771 uid 0 gid 1000 context u:object_r:apex_system_server_data_file:s0 on path: /data/misc_ce/0/apexdata/com.android.wifi
11-01 12:01:25.050 1456 1456 D vold_prepare_subdirs: Setting up mode 771 uid 0 gid 1000 context u:object_r:apex_module_data_file:s0 on path: /data/misc_ce/0/apexdata/com.android.adbd
11-01 12:01:25.050 1456 1456 D vold_prepare_subdirs: Setting up mode 771 uid 0 gid 1000 context u:object_r:apex_module_data_file:s0 on path: /data/misc_ce/0/apexdata/com.android.media.swcodec
11-01 12:01:25.050 1456 1456 D vold_prepare_subdirs: Setting up mode 771 uid 0 gid 1000 context u:object_r:apex_module_data_file:s0 on path: /data/misc_ce/0/apexdata/com.android.cellbroadcast
11-01 12:01:25.050 1456 1456 D vold_prepare_subdirs: Setting up mode 771 uid 0 gid 1000 context u:object_r:apex_module_data_file:s0 on path: /data/misc_ce/0/apexdata/com.android.neuralnetworks
11-01 12:01:25.051 1456 1456 D vold_prepare_subdirs: Setting up mode 771 uid 0 gid 1000 context u:object_r:apex_module_data_file:s0 on path: /data/misc_ce/0/apexdata/com.android.configinfrastructure
11-01 12:01:25.051 1456 1456 D vold_prepare_subdirs: Setting up mode 771 uid 0 gid 1000 context u:object_r:apex_module_data_file:s0 on path: /data/misc_ce/0/apexdata/com.android.adservices
11-01 12:01:25.051 1456 1456 D vold_prepare_subdirs: Setting up mode 771 uid 0 gid 1000 context u:object_r:apex_module_data_file:s0 on path: /data/misc_ce/0/apexdata/com.android.media
11-01 12:01:25.051 1456 1456 D vold_prepare_subdirs: Setting up mode 771 uid 0 gid 1000 context u:object_r:apex_module_data_file:s0 on path: /data/misc_ce/0/apexdata/com.android.resolv
11-01 12:01:25.051 1456 1456 D vold_prepare_subdirs: Setting up mode 771 uid 0 gid 1000 context u:object_r:apex_module_data_file:s0 on path: /data/misc_ce/0/apexdata/com.android.os.statsd
11-01 12:01:25.051 1456 1456 D vold_prepare_subdirs: Setting up mode 771 uid 0 gid 1000 context u:object_r:apex_module_data_file:s0 on path: /data/misc_ce/0/apexdata/com.android.rkpd
11-01 12:01:25.051 1456 1456 D vold_prepare_subdirs: Setting up mode 771 uid 0 gid 1000 context u:object_r:apex_system_server_data_file:s0 on path: /data/misc_ce/0/apexdata/com.android.permission
11-01 12:01:25.051 549 702 E WifiChipAidlImpl: getUsableChannels failed with service-specific exception: android.os.ServiceSpecificException: (code 4)
11-01 12:01:25.052 1456 1456 D vold_prepare_subdirs: Setting up mode 771 uid 0 gid 1000 context u:object_r:apex_module_data_file:s0 on path: /data/misc_ce/0/apexdata/com.android.extservices
11-01 12:01:25.052 1456 1456 D vold_prepare_subdirs: Setting up mode 771 uid 0 gid 1000 context u:object_r:apex_system_server_data_file:s0 on path: /data/misc_ce/0/apexdata/com.android.uwb
11-01 12:01:25.052 1456 1456 D vold_prepare_subdirs: Setting up mode 771 uid 0 gid 1000 context u:object_r:apex_module_data_file:s0 on path: /data/misc_ce/0/apexdata/com.android.conscrypt
11-01 12:01:25.052 1456 1456 D vold_prepare_subdirs: Setting up mode 771 uid 0 gid 1000 context u:object_r:apex_module_data_file:s0 on path: /data/misc_ce/0/apexdata/com.android.art
11-01 12:01:25.052 1456 1456 D vold_prepare_subdirs: Setting up mode 771 uid 0 gid 1000 context u:object_r:apex_module_data_file:s0 on path: /data/misc_ce/0/apexdata/com.android.healthfitness
11-01 12:01:25.052 1456 1456 D vold_prepare_subdirs: Setting up mode 771 uid 0 gid 1000 context u:object_r:apex_system_server_data_file:s0 on path: /data/misc_ce/0/apexdata/com.android.appsearch
11-01 12:01:25.052 1456 1456 D vold_prepare_subdirs: Setting up mode 771 uid 0 gid 1000 context u:object_r:apex_module_data_file:s0 on path: /data/misc_ce/0/apexdata/com.android.ondevicepersonalization
11-01 12:01:25.053 1456 1456 D vold_prepare_subdirs: Setting up mode 771 uid 0 gid 1000 context u:object_r:apex_module_data_file:s0 on path: /data/misc_ce/0/apexdata/com.android.btservices
11-01 12:01:25.053 1456 1456 D vold_prepare_subdirs: Setting up mode 771 uid 0 gid 1000 context u:object_r:apex_module_data_file:s0 on path: /data/misc_ce/0/apexdata/com.android.apex.cts.shim
11-01 12:01:25.053 1456 1456 D vold_prepare_subdirs: Setting up mode 771 uid 0 gid 1000 context u:object_r:apex_module_data_file:s0 on path: /data/misc_ce/0/apexdata/com.android.ipsec
11-01 12:01:25.053 1456 1456 D vold_prepare_subdirs: Setting up mode 771 uid 0 gid 1000 context u:object_r:apex_module_data_file:s0 on path: /data/misc_ce/0/apexdata/com.google.android.widevine
11-01 12:01:25.053 1456 1456 D vold_prepare_subdirs: Setting up mode 771 uid 0 gid 1000 context u:object_r:apex_module_data_file:s0 on path: /data/misc_ce/0/apexdata/com.android.devicelock
11-01 12:01:25.053 1456 1456 D vold_prepare_subdirs: Setting up mode 771 uid 0 gid 1000 context u:object_r:apex_module_data_file:s0 on path: /data/misc_ce/0/apexdata/com.android.vndk.v34
11-01 12:01:25.054 1456 1456 D vold_prepare_subdirs: Setting up mode 771 uid 0 gid 1000 context u:object_r:apex_module_data_file:s0 on path: /data/misc_ce/0/apexdata/com.android.i18n
11-01 12:01:25.054 549 702 E ApConfigUtil: Malformed channel value detected: java.lang.NumberFormatException: For input string: ""
11-01 12:01:25.054 1456 1456 D vold_prepare_subdirs: Setting up mode 771 uid 0 gid 1000 context u:object_r:apex_module_data_file:s0 on path: /data/misc_ce/0/apexdata/com.android.tzdata
11-01 12:01:25.054 1456 1456 D vold_prepare_subdirs: Setting up mode 771 uid 0 gid 1000 context u:object_r:apex_module_data_file:s0 on path: /data/misc_ce/0/apexdata/com.android.runtime
11-01 12:01:25.054 1456 1456 D vold_prepare_subdirs: Setting up mode 771 uid 0 gid 1000 context u:object_r:apex_module_data_file:s0 on path: /data/misc_ce/0/apexdata/sharedlibs
11-01 12:01:25.054 1456 1456 D vold_prepare_subdirs: Setting up mode 770 uid 1000 gid 2001 context u:object_r:checkin_data_file:s0:c512,c768 on path: /data/misc_ce/0/checkin
11-01 12:01:25.056 1456 1456 D vold_prepare_subdirs: Setting up mode 700 uid 1000 gid 1000 context u:object_r:backup_data_file:s0 on path: /data/system_ce/0/backup
11-01 12:01:25.057 1456 1456 D vold_prepare_subdirs: Setting up mode 700 uid 1000 gid 1000 context u:object_r:backup_data_file:s0 on path: /data/system_ce/0/backup_stage
11-01 12:01:25.057 1456 1456 D vold_prepare_subdirs: Setting up mode 700 uid 1000 gid 1000 context u:object_r:face_vendor_data_file:s0 on path: /data/vendor_ce/0/facedata
11-01 12:01:25.063 549 572 V UserDataPreparer: Found /data/user/0 with serial number 0
11-01 12:01:25.063 549 572 V UserDataPreparer: Found /data/system_ce/0 with serial number 0
11-01 12:01:25.063 549 572 D UserDataPreparer: Setting property: sys.user.0.ce_available=true
11-01 12:01:25.064 549 572 V SystemServerTiming: prepareUserData-0 took to complete: 118ms
11-01 12:01:25.064 549 572 D SystemServerTiming: reconcileAppsData-0
11-01 12:01:25.064 549 572 V PackageManager: reconcileAppsData for null u0 0x2 migrateAppData=false
11-01 12:01:25.065 549 702 E WifiChipAidlImpl: getUsableChannels failed with service-specific exception: android.os.ServiceSpecificException: (code 4)
11-01 12:01:25.065 549 702 E ApConfigUtil: Malformed channel value detected: java.lang.NumberFormatException: For input string: ""
11-01 12:01:25.073 787 882 E OpenGLRenderer: Unable to match the desired swap behavior.
11-01 12:01:25.353 0 0 I servicemanager: Found android.hardware.wifi.IWifi/default in device VINTF manifest.
11-01 12:01:25.357 0 0 I init : Encryption policy of /data/per_boot set to 07f61f1e010677805def9dea293456fb v2 modes 1/4 flags 0x2
11-01 12:01:25.364 0 0 I servicemanager: Found android.hardware.wifi.IWifi/default in device VINTF manifest.
11-01 12:01:25.074 787 1389 D WallpaperService: reportEngineShown: shouldWait=false
11-01 12:01:25.077 549 609 W PackageSettings: Skipping PackageSetting{7cd576d org.qtproject.example.tst_qrhi/10494} due to missing metadata
11-01 12:01:25.080 787 1391 D WallpaperService: Wallpaper has updated the surface:null
11-01 12:01:25.083 549 702 E WifiChipAidlImpl: getUsableChannels failed with service-specific exception: android.os.ServiceSpecificException: (code 4)
11-01 12:01:25.083 549 702 E ApConfigUtil: Malformed channel value detected: java.lang.NumberFormatException: For input string: ""
11-01 12:01:25.084 549 702 D WifiNetworkFactory: got request NetworkRequest [ REQUEST id=23, [ Capabilities: INTERNET&NOT_RESTRICTED&TRUSTED&NOT_VCN_MANAGED Uid: 10121 RequestorUid: 1000 RequestorPkg: android UnderlyingNetworks: Null] ]
11-01 12:01:25.084 549 702 D WifiConnectivityHelper: Firmware supported feature set: 19d81c8b8000019
11-01 12:01:25.084 549 702 D WifiConnectivityHelper: Firmware roaming is not supported
11-01 12:01:25.086 549 702 E WifiScoringParams: Invalid frequency(-1), using 5G as default rssi array
11-01 12:01:25.087 549 702 D WifiNetworkFactory: got request NetworkRequest [ REQUEST id=19, [ Capabilities: INTERNET&NOT_RESTRICTED&TRUSTED&NOT_VCN_MANAGED Uid: 10139 RequestorUid: 1000 RequestorPkg: android UnderlyingNetworks: Null] ]
11-01 12:01:25.087 549 702 D WifiNetworkFactory: got request NetworkRequest [ REQUEST id=34, [ Capabilities: INTERNET&NOT_RESTRICTED&TRUSTED&NOT_VCN_MANAGED Uid: 1001 RequestorUid: 1001 RequestorPkg: com.android.phone UnderlyingNetworks: Null] ]
11-01 12:01:25.088 787 787 D vol.VolumeDialogImpl: initDialog: called!
11-01 12:01:25.376 0 0 I init : processing action (sys.boot_completed=1) from (/vendor/etc/init/hw/init.ranchu.rc:195)
11-01 12:01:25.387 0 0 I init : processing action (sys.boot_completed=1 && sys.bootstat.first_boot_completed=0) from (/system/etc/init/bootstat.rc:67)
11-01 12:01:25.096 549 572 W PackageManager: Skipping preparing app data for com.google.android.devicelock
11-01 12:01:25.096 549 572 W PackageManager: Skipping preparing app data for com.google.android.tzdata5
11-01 12:01:25.096 549 572 W PackageManager: Skipping preparing app data for com.google.android.ondevicepersonalization
11-01 12:01:25.096 549 572 W PackageManager: Skipping preparing app data for com.google.android.media.swcodec
11-01 12:01:25.096 549 572 W PackageManager: Skipping preparing app data for com.google.android.os.statsd
11-01 12:01:25.096 549 572 W PackageManager: Skipping preparing app data for com.google.android.widevine.nonupdatable
11-01 12:01:25.096 549 572 W PackageManager: Skipping preparing app data for com.google.mainline.primary.libs
11-01 12:01:25.096 549 572 W PackageManager: Skipping preparing app data for com.google.android.extservices
11-01 12:01:25.096 549 572 W PackageManager: Skipping preparing app data for com.google.android.sdksandbox
11-01 12:01:25.096 549 572 W PackageManager: Skipping preparing app data for com.google.android.healthfitness
11-01 12:01:25.097 549 572 W PackageManager: Skipping preparing app data for com.google.android.ipsec
11-01 12:01:25.097 549 572 W PackageManager: Skipping preparing app data for com.google.android.media
11-01 12:01:25.097 549 572 W PackageManager: Skipping preparing app data for com.android.i18n
11-01 12:01:25.097 549 572 W PackageManager: Skipping preparing app data for com.android.virt
11-01 12:01:25.097 549 572 W PackageManager: Odd, missing scanned package org.qtproject.example.tst_qrhi
11-01 12:01:25.097 549 572 W PackageManager: Skipping preparing app data for com.google.android.appsearch
11-01 12:01:25.097 549 572 W PackageManager: Skipping preparing app data for com.google.android.configinfrastructure
11-01 12:01:25.097 549 572 W PackageManager: Skipping preparing app data for com.google.android.cellbroadcast
11-01 12:01:25.097 549 572 W PackageManager: Skipping preparing app data for com.android.apex.cts.shim
11-01 12:01:25.097 549 572 W PackageManager: Skipping preparing app data for com.google.android.resolv
11-01 12:01:25.097 549 572 W PackageManager: Skipping preparing app data for com.google.android.sdkext
11-01 12:01:25.097 549 572 W PackageManager: Skipping preparing app data for com.google.android.art
11-01 12:01:25.097 549 572 W PackageManager: Skipping preparing app data for com.google.android.uwb
11-01 12:01:25.097 549 572 W PackageManager: Skipping preparing app data for com.google.android.runtime
11-01 12:01:25.103 549 572 W PackageManager: Skipping preparing app data for com.google.android.adservices
11-01 12:01:25.103 549 572 W PackageManager: Skipping preparing app data for com.google.android.scheduling
11-01 12:01:25.103 549 572 W PackageManager: Skipping preparing app data for com.google.android.mediaprovider
11-01 12:01:25.103 549 572 W PackageManager: Skipping preparing app data for com.google.android.permission
11-01 12:01:25.103 549 572 W PackageManager: Skipping preparing app data for com.google.android.neuralnetworks
11-01 12:01:25.103 549 572 W PackageManager: Skipping preparing app data for com.google.android.tethering
11-01 12:01:25.103 549 572 W PackageManager: Skipping preparing app data for com.google.android.btservices
11-01 12:01:25.103 549 572 W PackageManager: Skipping preparing app data for com.google.android.adbd
11-01 12:01:25.103 549 572 W PackageManager: Skipping preparing app data for com.google.android.rkpd
11-01 12:01:25.103 549 572 W PackageManager: Skipping preparing app data for com.google.android.wifi
11-01 12:01:25.103 549 572 W PackageManager: Skipping preparing app data for com.google.android.conscrypt
11-01 12:01:25.103 549 572 W PackageManager: Skipping preparing app data for com.google.android.vndk.v34
11-01 12:01:25.104 549 638 D CompatibilityChangeReporter: Compat change id reported: 265195908; UID 10131; state: ENABLED
11-01 12:01:25.104 549 905 I ActivityManager: Flag disabled. Ignoring finishAttachApplication from uid: 10159. pid: 1395
11-01 12:01:25.396 0 0 I init : starting service 'exec 21 (/system/bin/bootstat --record_boot_complete --record_boot_reason --record_time_since_factory_reset -l)'...
11-01 12:01:25.106 549 702 D WifiNetworkFactory: got request NetworkRequest [ REQUEST id=1, [ Capabilities: INTERNET&NOT_RESTRICTED&TRUSTED&NOT_VPN&NOT_VCN_MANAGED RequestorUid: 1000 RequestorPkg: android UnderlyingNetworks: Null] ]
11-01 12:01:25.106 549 702 D WifiNetworkFactory: got request NetworkRequest [ REQUEST id=27, [ Capabilities: INTERNET&NOT_RESTRICTED&TRUSTED&NOT_VCN_MANAGED Uid: 1000 RequestorUid: 1000 RequestorPkg: android UnderlyingNetworks: Null] ]
11-01 12:01:25.106 549 702 D WifiNetworkFactory: got request NetworkRequest [ REQUEST id=36, [ Capabilities: INTERNET&NOT_RESTRICTED&TRUSTED&NOT_VCN_MANAGED Uid: 1001 RequestorUid: 1001 RequestorPkg: com.android.phone UnderlyingNetworks: Null] ]
11-01 12:01:25.106 549 702 D WifiNetworkFactory: got request NetworkRequest [ REQUEST id=17, [ Capabilities: INTERNET&NOT_RESTRICTED&TRUSTED&NOT_VCN_MANAGED Uid: 10147 RequestorUid: 1000 RequestorPkg: android UnderlyingNetworks: Null] ]
11-01 12:01:25.106 549 702 D WifiNetworkFactory: got request NetworkRequest [ REQUEST id=29, [ Capabilities: INTERNET&NOT_RESTRICTED&TRUSTED&NOT_VCN_MANAGED Uid: 1073 RequestorUid: 1073 RequestorPkg: com.google.android.networkstack UnderlyingNetworks: Null] ]
11-01 12:01:25.106 549 702 D WifiNetworkFactory: got request NetworkRequest [ REQUEST id=21, [ Capabilities: INTERNET&NOT_RESTRICTED&TRUSTED&NOT_VCN_MANAGED Uid: 10122 RequestorUid: 1000 RequestorPkg: android UnderlyingNetworks: Null] ]
11-01 12:01:25.106 549 702 D WifiNetworkFactory: got request NetworkRequest [ REQUEST id=15, [ Capabilities: INTERNET&NOT_RESTRICTED&TRUSTED&NOT_VCN_MANAGED Uid: 10148 RequestorUid: 1000 RequestorPkg: android UnderlyingNetworks: Null] ]
11-01 12:01:25.107 549 702 D WifiNetworkFactory: got request NetworkRequest [ REQUEST id=39, [ Capabilities: INTERNET&NOT_RESTRICTED&TRUSTED&NOT_VCN_MANAGED Uid: 10161 RequestorUid: 10161 RequestorPkg: com.android.systemui UnderlyingNetworks: Null] ]
11-01 12:01:25.107 549 702 D WifiNetworkFactory: got request NetworkRequest [ REQUEST id=41, [ Capabilities: INTERNET&NOT_RESTRICTED&TRUSTED&NOT_VCN_MANAGED Uid: 10161 RequestorUid: 10161 RequestorPkg: com.android.systemui UnderlyingNetworks: Null] ]
11-01 12:01:25.107 549 702 D WifiNetworkFactory: got request NetworkRequest [ REQUEST id=7, [ Capabilities: INTERNET&NOT_RESTRICTED&TRUSTED&NOT_VCN_MANAGED Uid: 1000 RequestorUid: 1000 RequestorPkg: android UnderlyingNetworks: Null] ]
11-01 12:01:25.107 549 702 D WifiNetworkFactory: got request NetworkRequest [ REQUEST id=25, [ Capabilities: INTERNET&NOT_RESTRICTED&TRUSTED&NOT_VCN_MANAGED Uid: 10119 RequestorUid: 1000 RequestorPkg: android UnderlyingNetworks: Null] ]
11-01 12:01:25.107 549 702 D UntrustedWifiNetworkFactory: got request NetworkRequest [ REQUEST id=23, [ Capabilities: INTERNET&NOT_RESTRICTED&TRUSTED&NOT_VCN_MANAGED Uid: 10121 RequestorUid: 1000 RequestorPkg: android UnderlyingNetworks: Null] ]
11-01 12:01:25.107 549 702 D UntrustedWifiNetworkFactory: got request NetworkRequest [ REQUEST id=19, [ Capabilities: INTERNET&NOT_RESTRICTED&TRUSTED&NOT_VCN_MANAGED Uid: 10139 RequestorUid: 1000 RequestorPkg: android UnderlyingNetworks: Null] ]
11-01 12:01:25.107 549 702 D UntrustedWifiNetworkFactory: got request NetworkRequest [ REQUEST id=34, [ Capabilities: INTERNET&NOT_RESTRICTED&TRUSTED&NOT_VCN_MANAGED Uid: 1001 RequestorUid: 1001 RequestorPkg: com.android.phone UnderlyingNetworks: Null] ]
11-01 12:01:25.107 549 702 D UntrustedWifiNetworkFactory: got request NetworkRequest [ REQUEST id=1, [ Capabilities: INTERNET&NOT_RESTRICTED&TRUSTED&NOT_VPN&NOT_VCN_MANAGED RequestorUid: 1000 RequestorPkg: android UnderlyingNetworks: Null] ]
11-01 12:01:25.107 549 702 D UntrustedWifiNetworkFactory: got request NetworkRequest [ REQUEST id=27, [ Capabilities: INTERNET&NOT_RESTRICTED&TRUSTED&NOT_VCN_MANAGED Uid: 1000 RequestorUid: 1000 RequestorPkg: android UnderlyingNetworks: Null] ]
11-01 12:01:25.107 549 702 D UntrustedWifiNetworkFactory: got request NetworkRequest [ REQUEST id=36, [ Capabilities: INTERNET&NOT_RESTRICTED&TRUSTED&NOT_VCN_MANAGED Uid: 1001 RequestorUid: 1001 RequestorPkg: com.android.phone UnderlyingNetworks: Null] ]
11-01 12:01:25.107 549 702 D UntrustedWifiNetworkFactory: got request NetworkRequest [ REQUEST id=17, [ Capabilities: INTERNET&NOT_RESTRICTED&TRUSTED&NOT_VCN_MANAGED Uid: 10147 RequestorUid: 1000 RequestorPkg: android UnderlyingNetworks: Null] ]
11-01 12:01:25.107 549 702 D UntrustedWifiNetworkFactory: got request NetworkRequest [ REQUEST id=29, [ Capabilities: INTERNET&NOT_RESTRICTED&TRUSTED&NOT_VCN_MANAGED Uid: 1073 RequestorUid: 1073 RequestorPkg: com.google.android.networkstack UnderlyingNetworks: Null] ]
11-01 12:01:25.107 549 702 D UntrustedWifiNetworkFactory: got request NetworkRequest [ REQUEST id=21, [ Capabilities: INTERNET&NOT_RESTRICTED&TRUSTED&NOT_VCN_MANAGED Uid: 10122 RequestorUid: 1000 RequestorPkg: android UnderlyingNetworks: Null] ]
11-01 12:01:25.107 549 702 D UntrustedWifiNetworkFactory: got request NetworkRequest [ REQUEST id=15, [ Capabilities: INTERNET&NOT_RESTRICTED&TRUSTED&NOT_VCN_MANAGED Uid: 10148 RequestorUid: 1000 RequestorPkg: android UnderlyingNetworks: Null] ]
11-01 12:01:25.107 549 702 D UntrustedWifiNetworkFactory: got request NetworkRequest [ REQUEST id=39, [ Capabilities: INTERNET&NOT_RESTRICTED&TRUSTED&NOT_VCN_MANAGED Uid: 10161 RequestorUid: 10161 RequestorPkg: com.android.systemui UnderlyingNetworks: Null] ]
11-01 12:01:25.107 549 702 D UntrustedWifiNetworkFactory: got request NetworkRequest [ REQUEST id=41, [ Capabilities: INTERNET&NOT_RESTRICTED&TRUSTED&NOT_VCN_MANAGED Uid: 10161 RequestorUid: 10161 RequestorPkg: com.android.systemui UnderlyingNetworks: Null] ]
11-01 12:01:25.107 549 702 D UntrustedWifiNetworkFactory: got request NetworkRequest [ REQUEST id=7, [ Capabilities: INTERNET&NOT_RESTRICTED&TRUSTED&NOT_VCN_MANAGED Uid: 1000 RequestorUid: 1000 RequestorPkg: android UnderlyingNetworks: Null] ]
11-01 12:01:25.107 549 702 D UntrustedWifiNetworkFactory: got request NetworkRequest [ REQUEST id=25, [ Capabilities: INTERNET&NOT_RESTRICTED&TRUSTED&NOT_VCN_MANAGED Uid: 10119 RequestorUid: 1000 RequestorPkg: android UnderlyingNetworks: Null] ]
11-01 12:01:25.107 549 702 D OemPaidWifiNetworkFactory: got request NetworkRequest [ REQUEST id=23, [ Capabilities: INTERNET&NOT_RESTRICTED&TRUSTED&NOT_VCN_MANAGED Uid: 10121 RequestorUid: 1000 RequestorPkg: android UnderlyingNetworks: Null] ]
11-01 12:01:25.107 549 702 D OemPaidWifiNetworkFactory: got request NetworkRequest [ REQUEST id=19, [ Capabilities: INTERNET&NOT_RESTRICTED&TRUSTED&NOT_VCN_MANAGED Uid: 10139 RequestorUid: 1000 RequestorPkg: android UnderlyingNetworks: Null] ]
11-01 12:01:25.107 549 702 D OemPaidWifiNetworkFactory: got request NetworkRequest [ REQUEST id=34, [ Capabilities: INTERNET&NOT_RESTRICTED&TRUSTED&NOT_VCN_MANAGED Uid: 1001 RequestorUid: 1001 RequestorPkg: com.android.phone UnderlyingNetworks: Null] ]
11-01 12:01:25.107 549 702 D OemPaidWifiNetworkFactory: got request NetworkRequest [ REQUEST id=1, [ Capabilities: INTERNET&NOT_RESTRICTED&TRUSTED&NOT_VPN&NOT_VCN_MANAGED RequestorUid: 1000 RequestorPkg: android UnderlyingNetworks: Null] ]
11-01 12:01:25.107 549 702 D OemPaidWifiNetworkFactory: got request NetworkRequest [ REQUEST id=27, [ Capabilities: INTERNET&NOT_RESTRICTED&TRUSTED&NOT_VCN_MANAGED Uid: 1000 RequestorUid: 1000 RequestorPkg: android UnderlyingNetworks: Null] ]
11-01 12:01:25.107 549 702 D OemPaidWifiNetworkFactory: got request NetworkRequest [ REQUEST id=36, [ Capabilities: INTERNET&NOT_RESTRICTED&TRUSTED&NOT_VCN_MANAGED Uid: 1001 RequestorUid: 1001 RequestorPkg: com.android.phone UnderlyingNetworks: Null] ]
11-01 12:01:25.107 549 702 D OemPaidWifiNetworkFactory: got request NetworkRequest [ REQUEST id=17, [ Capabilities: INTERNET&NOT_RESTRICTED&TRUSTED&NOT_VCN_MANAGED Uid: 10147 RequestorUid: 1000 RequestorPkg: android UnderlyingNetworks: Null] ]
11-01 12:01:25.107 549 702 D OemPaidWifiNetworkFactory: got request NetworkRequest [ REQUEST id=29, [ Capabilities: INTERNET&NOT_RESTRICTED&TRUSTED&NOT_VCN_MANAGED Uid: 1073 RequestorUid: 1073 RequestorPkg: com.google.android.networkstack UnderlyingNetworks: Null] ]
11-01 12:01:25.107 549 702 D OemPaidWifiNetworkFactory: got request NetworkRequest [ REQUEST id=21, [ Capabilities: INTERNET&NOT_RESTRICTED&TRUSTED&NOT_VCN_MANAGED Uid: 10122 RequestorUid: 1000 RequestorPkg: android UnderlyingNetworks: Null] ]
11-01 12:01:25.107 549 702 D OemPaidWifiNetworkFactory: got request NetworkRequest [ REQUEST id=15, [ Capabilities: INTERNET&NOT_RESTRICTED&TRUSTED&NOT_VCN_MANAGED Uid: 10148 RequestorUid: 1000 RequestorPkg: android UnderlyingNetworks: Null] ]
11-01 12:01:25.107 549 702 D OemPaidWifiNetworkFactory: got request NetworkRequest [ REQUEST id=39, [ Capabilities: INTERNET&NOT_RESTRICTED&TRUSTED&NOT_VCN_MANAGED Uid: 10161 RequestorUid: 10161 RequestorPkg: com.android.systemui UnderlyingNetworks: Null] ]
