11-01 12:01:19.150 549 549 E ContentSuggestionsPerUserService: Bad service name: com.google.android.as/com.google.android.apps.miphone.aiai.app.AiAiContentSuggestionsService
11-01 12:01:19.150 549 549 D AutofillManagerService: Restriction did not change for user 0
11-01 12:01:19.152 941 941 D DataMigration: Legacy migration skiped: already completed
11-01 12:01:19.153 941 941 I BluetoothAvrcpControllerJni: classInitNative: succeeds
11-01 12:01:19.153 941 941 D CompatibilityChangeReporter: Compat change id reported: 263076149; UID 1002; state: ENABLED
11-01 12:01:19.154 941 941 I BluetoothHidHostServiceJni: classInitNative: succeeds
11-01 12:01:19.155 941 941 I BluetoothPanServiceJni: classInitNative(L108): succeeds
11-01 12:01:19.155 549 549 I ExplicitHealthCheckController: Explicit health check service is connected ComponentInfo{com.google.android.ext.services/android.ext.services.watchdog.ExplicitHealthCheckServiceImpl}
11-01 12:01:19.155 549 549 I ExplicitHealthCheckController: Service initialized, syncing requests
11-01 12:01:19.159 941 941 I AdapterServiceConfig: init: profile=A2dpService, enabled=true
11-01 12:01:19.159 941 941 I AdapterServiceConfig: init: profile=A2dpSinkService, enabled=false
11-01 12:01:19.159 941 941 I AdapterServiceConfig: init: profile=AvrcpTargetService, enabled=true
11-01 12:01:19.159 941 941 I AdapterServiceConfig: init: profile=AvrcpControllerService, enabled=false
11-01 12:01:19.159 941 941 I AdapterServiceConfig: init: profile=BassClientService, enabled=false
11-01 12:01:19.159 941 941 I AdapterServiceConfig: init: profile=BatteryService, enabled=false
11-01 12:01:19.159 941 941 I AdapterServiceConfig: init: profile=CsipSetCoordinatorService, enabled=false
11-01 12:01:19.159 941 941 I AdapterServiceConfig: init: profile=HapClientService, enabled=false
11-01 12:01:19.159 941 941 I AdapterServiceConfig: init: profile=HeadsetService, enabled=true
11-01 12:01:19.159 941 941 I AdapterServiceConfig: init: profile=HeadsetClientService, enabled=false
11-01 12:01:19.159 941 941 I AdapterServiceConfig: init: profile=HearingAidService, enabled=true
11-01 12:01:19.159 941 941 I AdapterServiceConfig: init: profile=HidDeviceService, enabled=true
11-01 12:01:19.159 941 941 I AdapterServiceConfig: init: profile=HidHostService, enabled=true
11-01 12:01:19.159 941 941 I AdapterServiceConfig: init: profile=GattService, enabled=true
11-01 12:01:19.160 941 941 I AdapterServiceConfig: init: profile=LeAudioService, enabled=false
11-01 12:01:19.160 941 941 I AdapterServiceConfig: init: profile=TbsService, enabled=false
11-01 12:01:19.160 941 941 I AdapterServiceConfig: init: profile=BluetoothMapService, enabled=true
11-01 12:01:19.160 941 941 I AdapterServiceConfig: init: profile=MapClientService, enabled=false
11-01 12:01:19.160 941 941 I AdapterServiceConfig: init: profile=McpService, enabled=true
11-01 12:01:19.160 941 941 I AdapterServiceConfig: init: profile=BluetoothOppService, enabled=true
11-01 12:01:19.160 941 941 I AdapterServiceConfig: init: profile=PanService, enabled=true
11-01 12:01:19.160 941 941 I AdapterServiceConfig: init: profile=BluetoothPbapService, enabled=true
11-01 12:01:19.160 941 941 I AdapterServiceConfig: init: profile=PbapClientService, enabled=false
11-01 12:01:19.160 941 941 I AdapterServiceConfig: init: profile=SapService, enabled=false
11-01 12:01:19.160 941 941 I AdapterServiceConfig: init: profile=VolumeControlService, enabled=false
11-01 12:01:19.160 549 563 I ActivityManager: Flag disabled. Ignoring finishAttachApplication from uid: 1002. pid: 941
11-01 12:01:19.166 549 702 D WifiService: user restrictions changed
11-01 12:01:19.178 549 549 D UaBiometricScheduler/FaceProvider/default/4: [Finishing] {[0] com.android.server.biometrics.sensors.face.aidl.FaceInternalCleanupClient, proto=7, owner=android, cookie=0, requestId=-1, userId=0}, success: true
11-01 12:01:19.179 549 549 D UaBiometricScheduler/FaceProvider/default/4: [Polled] {[4] com.android.server.biometrics.sensors.face.aidl.FaceGetAuthenticatorIdClient, proto=5, owner=android, cookie=0, requestId=-1, userId=0}, State: 0
11-01 12:01:19.179 549 549 D UaBiometricScheduler/FaceProvider/default/4: [Started] {[4] com.android.server.biometrics.sensors.face.aidl.FaceGetAuthenticatorIdClient, proto=5, owner=android, cookie=0, requestId=-1, userId=0}
11-01 12:01:19.179 407 407 I android.hardware.biometrics.face-service.example: getAuthenticatorId
11-01 12:01:19.179 549 549 V BiometricSchedulerOperation: started: {[4] com.android.server.biometrics.sensors.face.aidl.FaceGetAuthenticatorIdClient, proto=5, owner=android, cookie=0, requestId=-1, userId=0}, State: 2
11-01 12:01:19.180 407 1013 I android.hardware.biometrics.face-service.example: getAuthenticatorIdImpl
11-01 12:01:19.181 549 549 D UaBiometricScheduler/FingerprintProvider/default/0: [Finishing] {[2] com.android.server.biometrics.sensors.fingerprint.aidl.FingerprintInternalCleanupClient, proto=7, owner=android, cookie=0, requestId=-1, userId=0}, success: true
11-01 12:01:19.182 549 549 D UaBiometricScheduler/FingerprintProvider/default/0: [Polled] {[7] com.android.server.biometrics.sensors.fingerprint.aidl.FingerprintGetAuthenticatorIdClient, proto=5, owner=android, cookie=0, requestId=-1, userId=0}, State: 0
11-01 12:01:19.182 549 549 D UaBiometricScheduler/FingerprintProvider/default/0: [Started] {[7] com.android.server.biometrics.sensors.fingerprint.aidl.FingerprintGetAuthenticatorIdClient, proto=5, owner=android, cookie=0, requestId=-1, userId=0}
11-01 12:01:19.183 747 757 D fingerprint-service.ranchu: 0x7a32a88310d0:getAuthenticatorId: onAuthenticatorIdRetrieved(authId=0)
11-01 12:01:19.185 941 941 I BluetoothMetricsLogger: setCounterMetricsAlarm()
11-01 12:01:19.186 549 549 V BiometricSchedulerOperation: started: {[7] com.android.server.biometrics.sensors.fingerprint.aidl.FingerprintGetAuthenticatorIdClient, proto=5, owner=android, cookie=0, requestId=-1, userId=0}, State: 2
11-01 12:01:19.187 549 549 I PackageWatchdog: Syncing health check requests for packages: {}
11-01 12:01:19.190 549 549 D ExplicitHealthCheckController: Getting health check supported packages
11-01 12:01:19.191 941 941 D BluetoothAdapterService: onCreate()
11-01 12:01:19.192 989 989 E CarrierIdProvider: read carrier list from ota pb failure: java.io.FileNotFoundException: /data/misc/carrierid/carrier_list.pb: open failed: ENOENT (No such file or directory)
11-01 12:01:19.192 989 989 D CarrierIdProvider: latest version: 117440538 need update: false
11-01 12:01:19.194 549 549 V BluetoothManagerService: Searching package com.google.android.bluetooth
11-01 12:01:19.195 549 549 V BluetoothManagerService: Checking activity com.android.bluetooth.BluetoothPrefs
11-01 12:01:19.195 549 549 V BluetoothManagerService: Checking activity com.android.bluetooth.map.BluetoothMapSettings
11-01 12:01:19.195 549 549 V BluetoothManagerService: Checking activity com.android.bluetooth.opp.BluetoothOppLauncherActivity
11-01 12:01:19.196 549 549 D WifiP2pService: user restrictions changed
11-01 12:01:19.196 549 549 D BiometricSchedulerOperation: [Finished / destroy]: {[7] com.android.server.biometrics.sensors.fingerprint.aidl.FingerprintGetAuthenticatorIdClient, proto=5, owner=android, cookie=0, requestId=-1, userId=0}
11-01 12:01:19.197 549 549 D BiometricSchedulerOperation: [Finished / destroy]: {[4] com.android.server.biometrics.sensors.face.aidl.FaceGetAuthenticatorIdClient, proto=5, owner=android, cookie=0, requestId=-1, userId=0}
11-01 12:01:19.197 549 549 W Looper : Drained
11-01 12:01:19.197 549 549 D UaBiometricScheduler/FingerprintProvider/default/0: [Finishing] {[7] com.android.server.biometrics.sensors.fingerprint.aidl.FingerprintGetAuthenticatorIdClient, proto=5, owner=android, cookie=0, requestId=-1, userId=0}, success: true
11-01 12:01:19.198 549 549 D UaBiometricScheduler/FingerprintProvider/default/0: [Polled] {[8] com.android.server.biometrics.sensors.fingerprint.aidl.FingerprintInternalCleanupClient, proto=7, owner=android, cookie=0, requestId=-1, userId=0}, State: 0
11-01 12:01:19.198 549 549 D UaBiometricScheduler/FingerprintProvider/default/0: [Started] {[8] com.android.server.biometrics.sensors.fingerprint.aidl.FingerprintInternalCleanupClient, proto=7, owner=android, cookie=0, requestId=-1, userId=0}
11-01 12:01:19.198 549 549 W BiometricStateCallback: Other authentication client: FingerprintInternalCleanupClient
11-01 12:01:19.198 549 549 D BiometricStateCallback: State updated from 0 to 0, client {[8] com.android.server.biometrics.sensors.fingerprint.aidl.FingerprintInternalCleanupClient, proto=7, owner=android, cookie=0, requestId=-1, userId=0}
11-01 12:01:19.198 549 549 D Biometrics/InternalCleanupClient: Starting enumerate: {[10] com.android.server.biometrics.sensors.fingerprint.aidl.FingerprintInternalEnumerateClient, proto=6, owner=android, cookie=0, requestId=-1, userId=0} enrolledList size:0
11-01 12:01:19.199 747 757 D fingerprint-service.ranchu: 0x7a32a88310d0:enumerateEnrollments: onEnrollmentsEnumerated(enrollmentIds=empty)
11-01 12:01:19.199 549 549 V BiometricSchedulerOperation: started: {[8] com.android.server.biometrics.sensors.fingerprint.aidl.FingerprintInternalCleanupClient, proto=7, owner=android, cookie=0, requestId=-1, userId=0}, State: 2
11-01 12:01:19.199 549 549 D UaBiometricScheduler/FaceProvider/default/4: [Finishing] {[4] com.android.server.biometrics.sensors.face.aidl.FaceGetAuthenticatorIdClient, proto=5, owner=android, cookie=0, requestId=-1, userId=0}, success: true
11-01 12:01:19.199 549 549 D UaBiometricScheduler/FaceProvider/default/4: [Polled] {[5] com.android.server.biometrics.sensors.face.aidl.FaceInternalCleanupClient, proto=7, owner=android, cookie=0, requestId=-1, userId=0}, State: 0
11-01 12:01:19.199 549 549 D UaBiometricScheduler/FaceProvider/default/4: [Started] {[5] com.android.server.biometrics.sensors.face.aidl.FaceInternalCleanupClient, proto=7, owner=android, cookie=0, requestId=-1, userId=0}
11-01 12:01:19.199 549 549 W BiometricStateCallback: Other authentication client: FaceInternalCleanupClient
11-01 12:01:19.199 549 549 D BiometricStateCallback: State updated from 0 to 0, client {[5] com.android.server.biometrics.sensors.face.aidl.FaceInternalCleanupClient, proto=7, owner=android, cookie=0, requestId=-1, userId=0}
11-01 12:01:19.199 549 549 D Biometrics/InternalCleanupClient: Starting enumerate: {[11] com.android.server.biometrics.sensors.face.aidl.FaceInternalEnumerateClient, proto=6, owner=android, cookie=0, requestId=-1, userId=0} enrolledList size:0
11-01 12:01:19.199 407 407 I android.hardware.biometrics.face-service.example: enumerateEnrollments
11-01 12:01:19.200 407 1013 I android.hardware.biometrics.face-service.example: enumerateEnrollmentsImpl
11-01 12:01:19.200 549 549 V BiometricSchedulerOperation: started: {[5] com.android.server.biometrics.sensors.face.aidl.FaceInternalCleanupClient, proto=7, owner=android, cookie=0, requestId=-1, userId=0}, State: 2
11-01 12:01:19.200 549 549 D Biometrics/InternalCleanupClient: onEnumerated, remaining: 0
11-01 12:01:19.200 549 549 D Biometrics/InternalEnumerateClient: Null identifier
11-01 12:01:19.200 549 549 D Biometrics/InternalCleanupClient: Enumerate onClientFinished: {[10] com.android.server.biometrics.sensors.fingerprint.aidl.FingerprintInternalEnumerateClient, proto=6, owner=android, cookie=0, requestId=-1, userId=0}, success: true
11-01 12:01:19.200 549 549 D BiometricStateCallback: Client finished, state updated to 0, client {[8] com.android.server.biometrics.sensors.fingerprint.aidl.FingerprintInternalCleanupClient, proto=7, owner=android, cookie=0, requestId=-1, userId=0}
11-01 12:01:19.200 549 549 D BiometricStateCallback: Enrollment state changed: false
11-01 12:01:19.200 549 549 D BiometricSchedulerOperation: [Finished / destroy]: {[8] com.android.server.biometrics.sensors.fingerprint.aidl.FingerprintInternalCleanupClient, proto=7, owner=android, cookie=0, requestId=-1, userId=0}
11-01 12:01:19.200 549 549 D Biometrics/InternalCleanupClient: onEnumerated, remaining: 0
11-01 12:01:19.200 549 549 D Biometrics/InternalEnumerateClient: Null identifier
11-01 12:01:19.200 549 549 D Biometrics/InternalCleanupClient: Enumerate onClientFinished: {[11] com.android.server.biometrics.sensors.face.aidl.FaceInternalEnumerateClient, proto=6, owner=android, cookie=0, requestId=-1, userId=0}, success: true
11-01 12:01:19.200 549 549 D BiometricStateCallback: Client finished, state updated to 0, client {[5] com.android.server.biometrics.sensors.face.aidl.FaceInternalCleanupClient, proto=7, owner=android, cookie=0, requestId=-1, userId=0}
11-01 12:01:19.200 549 549 D BiometricStateCallback: Enrollment state changed: false
11-01 12:01:19.200 549 549 D BiometricSchedulerOperation: [Finished / destroy]: {[5] com.android.server.biometrics.sensors.face.aidl.FaceInternalCleanupClient, proto=7, owner=android, cookie=0, requestId=-1, userId=0}
11-01 12:01:19.200 549 549 D UaBiometricScheduler/FingerprintProvider/default/0: [Finishing] {[8] com.android.server.biometrics.sensors.fingerprint.aidl.FingerprintInternalCleanupClient, proto=7, owner=android, cookie=0, requestId=-1, userId=0}, success: true
11-01 12:01:19.200 549 549 D UaBiometricScheduler/FingerprintProvider/default/0: No operations, returning to idle
11-01 12:01:19.200 549 549 D UaBiometricScheduler/FaceProvider/default/4: [Finishing] {[5] com.android.server.biometrics.sensors.face.aidl.FaceInternalCleanupClient, proto=7, owner=android, cookie=0, requestId=-1, userId=0}, success: true
11-01 12:01:19.200 549 549 D UaBiometricScheduler/FaceProvider/default/4: No operations, returning to idle
11-01 12:01:19.204 420 420 I SurfaceFlinger: Enter boot animation
11-01 12:01:19.208 549 563 I ExplicitHealthCheckController: Explicit health check supported packages [PackageConfig{com.google.android.networkstack, 86400000}]
11-01 12:01:19.208 549 563 D PackageWatchdog: Received supported packages [PackageConfig{com.google.android.networkstack, 86400000}]
11-01 12:01:19.208 549 563 D ExplicitHealthCheckController: Getting health check requested packages
11-01 12:01:19.209 549 563 I ExplicitHealthCheckController: Explicit health check requested packages []
11-01 12:01:19.209 989 989 D SatelliteProvider: onCreate
11-01 12:01:19.210 549 563 I ExplicitHealthCheckController: No more health check requests, unbinding...
11-01 12:01:19.211 549 575 D ActivityManagerTiming: FinishBooting
11-01 12:01:19.211 549 563 I ExplicitHealthCheckController: Explicit health check service is unbound
11-01 12:01:19.212 549 575 W KeyguardServiceDelegate: onScreenTurningOn(): no keyguard service!
11-01 12:01:19.214 549 572 I ActivityTaskManager: Displayed com.android.settings/.FallbackHome for user 0: +774ms
11-01 12:01:19.214 549 572 V WindowManager: Sent Transition #1 createdAt=11-01 12:01:18.507
11-01 12:01:19.215 549 572 V WindowManager: startWCT=WindowContainerTransaction { changes = {} hops = [] errorCallbackToken=null taskFragmentOrganizer=null }
11-01 12:01:19.215 549 572 V WindowManager: info=null
11-01 12:01:19.215 549 572 V WindowManager: Finish Transition #1: created at
11-01 12:01:18.507 collect-started=0.093ms request-sent=7.969ms started=75.595ms ready=175.262ms sent=693.432ms finished=702.555ms
11-01 12:01:19.216 989 989 D DeferredSmsMmsRestoreService: startIfFilesExist: no files to restore
11-01 12:01:19.216 989 989 D DeferredSmsMmsRestoreService: addAllSharedPrefToLocalLog
11-01 12:01:19.219 549 563 D CompatibilityChangeReporter: Compat change id reported: 161145287; UID 1002; state: ENABLED
11-01 12:01:19.219 549 698 W BestClock: java.time.DateTimeException: Missing network time fix
11-01 12:01:19.220 989 989 D DeferredSmsMmsRestoreService: startIfFilesExist: no files to restore
11-01 12:01:19.220 989 989 D DeferredSmsMmsRestoreService: addAllSharedPrefToLocalLog
11-01 12:01:19.223 941 941 D AdapterState: make() - Creating AdapterState
11-01 12:01:19.224 941 1094 I AdapterState: OFF : entered
11-01 12:01:19.224 941 1094 D AdapterProperties: Setting state to OFF
11-01 12:01:19.225 989 989 I DomainSelectionResolver: DomainSelectionResolver created: device-config=false
11-01 12:01:19.225 941 941 D BluetoothKeystoreService: new BluetoothKeystoreService isCommonCriteriaMode: false
11-01 12:01:19.226 941 941 D BluetoothKeystoreService: start
11-01 12:01:19.226 941 941 I droid.bluetooth: [1101/120119.226560:INFO:com_android_bluetooth_btservice_BluetoothKeystore.cpp(97)] classInitNative: succeeds
11-01 12:01:19.226 941 941 D BluetoothKeystoreService: setBluetoothKeystoreService(): set to: com.android.bluetooth.btservice.bluetoothkeystore.BluetoothKeystoreService@54207ff
11-01 12:01:19.228 941 941 D BluetoothKeystoreService: loadConfigData
11-01 12:01:19.229 941 941 D BluetoothKeystoreService: getCompareResult: 0
11-01 12:01:19.231 941 941 D CompatibilityChangeReporter: Compat change id reported: 183155436; UID 1002; state: ENABLED
11-01 12:01:19.232 941 941 I bt_btif : packages/modules/Bluetooth/system/btif/src/bluetooth.cc:386 init: init: start restricted = 0 ; common criteria mode = 0, config compare result = 0
11-01 12:01:19.232 941 941 I bt : bt_common::init_flags: Flags loaded: asha_packet_drop_frequency_threshold=60asha_phy_update_retry_limit=5always_send_services_if_gatt_disc_done=truealways_use_private_gatt_for_debugging=falseasynchronously_start_l2cap_coc=truebtaa_hci=truebta_dm_clear_conn_id_on_client_close=truebtm_dm_flush_discovery_queue_on_search_cancel=falseclassic_discovery_only=falseclear_hidd_interrupt_cid_on_disconnect=truedelay_hidh_cleanup_until_hidh_ready_start=truedevice_iot_config_logging=falsedynamic_avrcp_version_enhancement=truefinite_att_timeout=truegatt_robust_caching_client=truegatt_robust_caching_server=falsegd_core=falsegd_hal_snoop_logger_socket=truegd_hal_snoop_logger_filtering=truegd_l2cap=falsegd_link_policy=falsegd_remote_name_request=falsegd_rust=falsehci_adapter=0hfp_dynamic_version=trueirk_rotation=falseleaudio_targeted_announcement_reconnection_mode=truepass_phy_update_callback=truepbap_pse_dynamic_version_upgrade=falseperiodic_advertising_adi=trueprivate_gatt=truequeue_l2cap_coc_while_encrypting=trueread_encryption_key_size=trueredact_log=truerust_event_loop=truesco_codec_select_lc3=falsesco_codec_timeout_clear=falsesdp_serialization=truesdp_skip_rnr_if_known=truebluetooth_quality_report_callback=trueset_min_encryption=truesubrating=truetrigger_advertising_callbacks_on_first_resume_after_pause=trueuse_unified_connection_manager=falsesdp_return_classic_services_when_le_discovery_fails=truedefault_log_level=4logging_explicit_tag_settings={}
11-01 12:01:19.233 941 1104 I droid.bluetooth: [1101/120119.233246:INFO:message_loop_thread.cc(184)] Run: message loop starting for thread bt_stack_manager_thread
11-01 12:01:19.235 353 381 I netd : tetherGetStats() -> {[]} <0.80ms>
11-01 12:01:19.236 941 1104 I bt_stack_manager: packages/modules/Bluetooth/system/btif/src/stack_manager.cc:277 event_init_stack: is initializing the stack
11-01 12:01:19.237 549 698 W BestClock: java.time.DateTimeException: Missing network time fix
11-01 12:01:19.237 941 1107 I droid.bluetooth: [1101/120119.237318:INFO:message_loop_thread.cc(184)] Run: message loop starting for thread bt_main_thread
11-01 12:01:19.237 941 1104 I device_iot_config: packages/modules/Bluetooth/system/device/src/device_iot_config_int.cc:68 device_iot_config_module_init:
11-01 12:01:19.238 941 1104 E droid.bluetooth: [1101/120119.238171:ERROR:config.cc(106)] config_new: unable to open file '/data/misc/bluedroid/bt_remote_dev_info.conf': No such file or directory
11-01 12:01:19.238 941 1104 W device_iot_config: packages/modules/Bluetooth/system/device/src/device_iot_config_int.cc:83 device_iot_config_module_init: Unable to load config file: /data/misc/bluedroid/bt_remote_dev_info.conf; using backup.
11-01 12:01:19.238 941 1104 E droid.bluetooth: [1101/120119.238607:ERROR:config.cc(106)] config_new: unable to open file '/data/misc/bluedroid/bt_remote_dev_info.bak': No such file or directory
11-01 12:01:19.238 941 1104 E device_iot_config: packages/modules/Bluetooth/system/device/src/device_iot_config_int.cc:89 device_iot_config_module_init: Unable to load bak file; creating empty config.
11-01 12:01:19.238 941 1104 I device_iot_config: packages/modules/Bluetooth/system/device/src/device_iot_config_int.cc:130 device_iot_config_module_init: Devices loaded 0
11-01 12:01:19.240 941 1110 I bt_osi_thread: packages/modules/Bluetooth/system/osi/src/thread.cc:210 run_thread: run_thread: thread id 1110, thread name alarm_default_ca started
11-01 12:01:19.240 941 1111 I bt_osi_thread: packages/modules/Bluetooth/system/osi/src/thread.cc:210 run_thread: run_thread: thread id 1111, thread name alarm_dispatcher started
11-01 12:01:19.240 941 1104 I bt_core_module: packages/modules/Bluetooth/system/btcore/src/module.cc:86 module_start_up: module_start_up Starting module "gd_shim_module"
11-01 12:01:19.240 941 1104 I bt_gd_shim: packages/modules/Bluetooth/system/main/shim/stack.cc:81 StartEverything: StartEverything Starting Gd stack
11-01 12:01:19.240 941 1104 I bt_gd_shim: packages/modules/Bluetooth/system/main/shim/stack.cc:160 Start: Start Starting Gd stack
11-01 12:01:19.241 941 1104 I BtGdWakelockNative: packages/modules/Bluetooth/system/gd/os/android/wakelock_native.cc:79 Initialize: Initializing native wake locks
11-01 12:01:19.242 941 1113 I BtGdModule: packages/modules/Bluetooth/system/gd/module.cc:85 Start: Constructing next module
11-01 12:01:19.242 941 1113 I BtGdModule: packages/modules/Bluetooth/system/gd/module.cc:89 Start: Starting dependencies of BluetoothCounterMetrics
11-01 12:01:19.242 941 1113 I BtGdModule: packages/modules/Bluetooth/system/gd/module.cc:93 Start: Finished starting dependencies and calling Start() of BluetoothCounterMetrics
11-01 12:01:19.242 941 1113 I BluetoothCounterMetrics: packages/modules/Bluetooth/system/gd/metrics/counter_metrics.cc:40 Start: Counter metrics initialized
11-01 12:01:19.243 941 1113 I BtGdModule: packages/modules/Bluetooth/system/gd/module.cc:99 Start: Started BluetoothCounterMetrics
11-01 12:01:19.243 941 1113 I BtGdModule: packages/modules/Bluetooth/system/gd/module.cc:85 Start: Constructing next module
11-01 12:01:19.243 941 1113 I BtGdModule: packages/modules/Bluetooth/system/gd/module.cc:89 Start: Starting dependencies of HciHalHidl
11-01 12:01:19.243 941 1113 I BtGdModule: packages/modules/Bluetooth/system/gd/module.cc:85 Start: Constructing next module
11-01 12:01:19.243 941 1113 I bluetooth: packages/modules/Bluetooth/system/gd/hal/snoop_logger.cc:1432 GetBtSnoopMode: btsnoop_mode_empty: 1
11-01 12:01:19.243 487 487 D incidentd: WorkDirectory::getReports
11-01 12:01:19.244 941 1113 I bluetooth: packages/modules/Bluetooth/system/gd/hal/snoop_logger.cc:520 SnoopLogger: Snoop Logs disabled
11-01 12:01:19.244 941 1113 I bluetooth: packages/modules/Bluetooth/system/gd/hal/snoop_logger.cc:334 delete_btsnoop_files: Deleting logs if they exist
11-01 12:01:19.244 941 1113 I bluetooth: packages/modules/Bluetooth/system/gd/hal/snoop_logger.cc:340 delete_btsnoop_files: Main log file does not exist at "/data/misc/bluetooth/logs/btsnoop_hci.log.filtered"
11-01 12:01:19.245 941 1113 I bluetooth: packages/modules/Bluetooth/system/gd/hal/snoop_logger.cc:348 delete_btsnoop_files: Last log file does not exist at "/data/misc/bluetooth/logs/btsnoop_hci.log.filtered"
11-01 12:01:19.246 941 1113 I bluetooth: packages/modules/Bluetooth/system/gd/hal/snoop_logger.cc:334 delete_btsnoop_files: Deleting logs if they exist
11-01 12:01:19.246 941 1113 I bluetooth: packages/modules/Bluetooth/system/gd/hal/snoop_logger.cc:340 delete_btsnoop_files: Main log file does not exist at "/data/misc/bluetooth/logs/btsnoop_hci.log"
11-01 12:01:19.246 941 1113 I bluetooth: packages/modules/Bluetooth/system/gd/hal/snoop_logger.cc:348 delete_btsnoop_files: Last log file does not exist at "/data/misc/bluetooth/logs/btsnoop_hci.log"
11-01 12:01:19.246 941 1113 I BtGdModule: packages/modules/Bluetooth/system/gd/module.cc:89 Start: Starting dependencies of SnoopLogger
11-01 12:01:19.246 941 1113 I BtGdModule: packages/modules/Bluetooth/system/gd/module.cc:93 Start: Finished starting dependencies and calling Start() of SnoopLogger
11-01 12:01:19.246 941 1113 I BtGdModule: packages/modules/Bluetooth/system/gd/module.cc:99 Start: Started SnoopLogger
11-01 12:01:19.246 941 1113 I BtGdModule: packages/modules/Bluetooth/system/gd/module.cc:85 Start: Constructing next module
11-01 12:01:19.247 941 1113 I BtGdModule: packages/modules/Bluetooth/system/gd/module.cc:89 Start: Starting dependencies of Btaa Module
11-01 12:01:19.247 941 1113 I BtGdModule: packages/modules/Bluetooth/system/gd/module.cc:93 Start: Finished starting dependencies and calling Start() of Btaa Module
11-01 12:01:20.115 0 0 I servicemanager: Found android.hardware.radio.data.IRadioData/slot1 in device VINTF manifest.
11-01 12:01:20.123 0 0 E servicemanager: VINTF HALs require names in the format type/instance (e.g. some.package.foo.IFoo/default) but got: suspend_control
11-01 12:01:19.262 941 1113 E btaa : packages/modules/Bluetooth/system/gd/btaa/android/activity_attribution.cc:107 impl: No suspend control service available.
11-01 12:01:19.262 941 1113 I BtGdModule: packages/modules/Bluetooth/system/gd/module.cc:99 Start: Started Btaa Module
11-01 12:01:19.262 941 1113 I BtGdModule: packages/modules/Bluetooth/system/gd/module.cc:93 Start: Finished starting dependencies and calling Start() of HciHalHidl
11-01 12:01:20.133 0 0 I servicemanager: Found android.hardware.radio.data.IRadioData/slot1 in device VINTF manifest.
11-01 12:01:20.141 0 0 I servicemanager: Found android.hardware.bluetooth.IBluetoothHci/default in device VINTF manifest.
11-01 12:01:20.149 0 0 I servicemanager: Found android.hardware.radio.messaging.IRadioMessaging/slot1 in device VINTF manifest.
11-01 12:01:19.288 941 1113 I bluetooth: packages/modules/Bluetooth/system/gd/hal/hci_hal_android_hidl.cc:417 start_aidl: Using the AIDL interface
11-01 12:01:19.288 401 401 I android.hardware.bluetooth.service.default: initialize
11-01 12:01:19.288 401 401 I android.hardware.bluetooth.service.default: opening hci interface 0
11-01 12:01:19.288 401 401 E android.hardware.bluetooth.service.default: unable to open /dev/rfkill: Permission denied
11-01 12:01:19.288 401 401 E android.hardware.bluetooth.service.default: rfkill unavailable
11-01 12:01:19.288 401 401 I android.hardware.bluetooth.service.default: waiting for hci interface 0
11-01 12:01:19.288 401 401 I android.hardware.bluetooth.service.default: hci interface 0 found
11-01 12:01:19.289 401 401 I android.hardware.bluetooth.service.default: hci interface 0 ready
11-01 12:01:20.159 0 0 I servicemanager: Found android.hardware.radio.modem.IRadioModem/slot1 in device VINTF manifest.
11-01 12:01:19.298 401 401 I android.hardware.bluetooth.service.default: HCI Reset successful
11-01 12:01:19.298 401 401 I android.hardware.bluetooth.service.default: initialization complete
11-01 12:01:19.298 941 1113 I BtGdModule: packages/modules/Bluetooth/system/gd/module.cc:99 Start: Started HciHalHidl
11-01 12:01:19.299 941 1113 I BtGdModule: packages/modules/Bluetooth/system/gd/module.cc:85 Start: Constructing next module
11-01 12:01:19.299 941 1113 I BtGdModule: packages/modules/Bluetooth/system/gd/module.cc:89 Start: Starting dependencies of Hci Layer
11-01 12:01:19.300 941 1113 I BtGdModule: packages/modules/Bluetooth/system/gd/module.cc:85 Start: Constructing next module
11-01 12:01:19.300 941 1113 I BtGdModule: packages/modules/Bluetooth/system/gd/module.cc:89 Start: Starting dependencies of Storage Module
11-01 12:01:19.300 941 1113 I BtGdModule: packages/modules/Bluetooth/system/gd/module.cc:93 Start: Finished starting dependencies and calling Start() of Storage Module
11-01 12:01:19.301 941 1113 I droid.bluetooth: [1101/120119.301441:INFO:btif_keystore.cc(61)] ConvertEncryptOrDecryptKeyIfNeeded callback isn't ready.
11-01 12:01:19.301 941 1113 I BtGdModule: packages/modules/Bluetooth/system/gd/module.cc:99 Start: Started Storage Module
11-01 12:01:19.301 941 1113 I BtGdModule: packages/modules/Bluetooth/system/gd/module.cc:93 Start: Finished starting dependencies and calling Start() of Hci Layer
11-01 12:01:19.305 941 1113 I BtGdModule: packages/modules/Bluetooth/system/gd/module.cc:99 Start: Started Hci Layer
11-01 12:01:19.305 941 1113 I BtGdModule: packages/modules/Bluetooth/system/gd/module.cc:85 Start: Constructing next module
11-01 12:01:19.305 941 1113 I BtGdModule: packages/modules/Bluetooth/system/gd/module.cc:89 Start: Starting dependencies of shim::Dumpsys
11-01 12:01:19.305 941 1113 I BtGdModule: packages/modules/Bluetooth/system/gd/module.cc:93 Start: Finished starting dependencies and calling Start() of shim::Dumpsys
11-01 12:01:19.305 941 1113 I BtGdModule: packages/modules/Bluetooth/system/gd/module.cc:99 Start: Started shim::Dumpsys
11-01 12:01:19.305 941 1113 I BtGdModule: packages/modules/Bluetooth/system/gd/module.cc:85 Start: Constructing next module
11-01 12:01:19.305 941 1113 I BtGdModule: packages/modules/Bluetooth/system/gd/module.cc:89 Start: Starting dependencies of Vendor Specific Event Manager
11-01 12:01:19.305 941 1113 I BtGdModule: packages/modules/Bluetooth/system/gd/module.cc:85 Start: Constructing next module
11-01 12:01:19.307 941 1113 I BtGdModule: packages/modules/Bluetooth/system/gd/module.cc:89 Start: Starting dependencies of Controller
11-01 12:01:19.307 941 1113 I BtGdModule: packages/modules/Bluetooth/system/gd/module.cc:85 Start: Constructing next module
11-01 12:01:19.308 941 1113 I BtGdModule: packages/modules/Bluetooth/system/gd/module.cc:89 Start: Starting dependencies of Sysprops Module
11-01 12:01:19.308 941 1113 I BtGdModule: packages/modules/Bluetooth/system/gd/module.cc:93 Start: Finished starting dependencies and calling Start() of Sysprops Module
11-01 12:01:19.308 941 1113 I BtGdModule: packages/modules/Bluetooth/system/gd/module.cc:99 Start: Started Sysprops Module
11-01 12:01:19.308 941 1113 I BtGdModule: packages/modules/Bluetooth/system/gd/module.cc:93 Start: Finished starting dependencies and calling Start() of Controller
11-01 12:01:20.169 0 0 I servicemanager: Found android.hardware.radio.network.IRadioNetwork/slot1 in device VINTF manifest.
11-01 12:01:20.182 0 0 I servicemanager: Found android.hardware.radio.sim.IRadioSim/slot1 in device VINTF manifest.
11-01 12:01:20.192 0 0 I servicemanager: Found android.hardware.radio.voice.IRadioVoice/slot1 in device VINTF manifest.
11-01 12:01:20.205 0 0 I servicemanager: Found android.hardware.radio.ims.IRadioIms/slot1 in device VINTF manifest.
11-01 12:01:20.213 0 0 I servicemanager: Found android.hardware.radio.modem.IRadioModem/slot1 in device VINTF manifest.
11-01 12:01:20.225 0 0 I servicemanager: Found android.hardware.radio.data.IRadioData/slot1 in device VINTF manifest.
11-01 12:01:20.237 0 0 I servicemanager: Found android.hardware.radio.messaging.IRadioMessaging/slot1 in device VINTF manifest.
11-01 12:01:20.246 0 0 I servicemanager: Found android.hardware.radio.network.IRadioNetwork/slot1 in device VINTF manifest.
11-01 12:01:20.254 0 0 I servicemanager: Found android.hardware.radio.sim.IRadioSim/slot1 in device VINTF manifest.
11-01 12:01:20.262 0 0 I servicemanager: Found android.hardware.radio.voice.IRadioVoice/slot1 in device VINTF manifest.
11-01 12:01:20.275 0 0 I servicemanager: Found android.hardware.radio.ims.IRadioIms/slot1 in device VINTF manifest.
11-01 12:01:20.282 0 0 I servicemanager: Found android.hardware.radio.ims.IRadioIms/slot1 in device VINTF manifest.
11-01 12:01:19.432 941 1113 I bluetooth: packages/modules/Bluetooth/system/gd/hci/controller.cc:107 Start: LE_READ_RESOLVING_LIST_SIZE not supported, defaulting to 0
11-01 12:01:19.433 941 1113 I bluetooth: packages/modules/Bluetooth/system/gd/hci/controller.cc:115 Start: LE_READ_MAXIMUM_DATA_LENGTH not supported, defaulting to 0
11-01 12:01:19.433 941 1113 I bluetooth: packages/modules/Bluetooth/system/gd/hci/controller.cc:135 Start: LE_READ_SUGGESTED_DEFAULT_DATA_LENGTH not supported, defaulting to 27 (0x1B)
11-01 12:01:19.433 941 1113 I bluetooth: packages/modules/Bluetooth/system/gd/hci/controller.cc:164 Start: LE_READ_PERIODIC_ADVERTISER_LIST_SIZE not supported, defaulting to 0
11-01 12:01:19.439 549 853 D CompatibilityChangeReporter: Compat change id reported: 124107808; UID 1001; state: ENABLED
11-01 12:01:19.442 549 584 D CompatibilityChangeReporter: Compat change id reported: 135634846; UID 10175; state: DISABLED
11-01 12:01:19.443 549 584 D CompatibilityChangeReporter: Compat change id reported: 177438394; UID 10175; state: DISABLED
11-01 12:01:19.443 549 702 D WifiService: resetting networks as default data SIM is changed
11-01 12:01:19.443 549 702 D WifiService: resetting carrier networks since SIM was changed
11-01 12:01:19.444 549 584 D CompatibilityChangeReporter: Compat change id reported: 135772972; UID 10175; state: DISABLED
11-01 12:01:19.444 549 584 D CompatibilityChangeReporter: Compat change id reported: 135754954; UID 10175; state: ENABLED
11-01 12:01:19.445 549 585 D CompatibilityChangeReporter: Compat change id reported: 143937733; UID 10175; state: ENABLED
11-01 12:01:19.446 549 702 D WifiConfigStore: Writing to stores completed in 2 ms.
11-01 12:01:19.447 989 1120 D TelephonyProvider: dbh.onOpen: ok, queried table=siminfo
11-01 12:01:19.447 989 1120 D TelephonyProvider: dbh.onOpen: ok, queried table=carriers
11-01 12:01:19.448 989 1120 D CompatibilityChangeReporter: Compat change id reported: 247079863; UID 1001; state: ENABLED
11-01 12:01:19.451 549 702 D WifiConfigStore: Writing to stores completed in 4 ms.
11-01 12:01:19.453 989 989 D CompatibilityChangeReporter: Compat change id reported: 183155436; UID 1001; state: ENABLED
11-01 12:01:19.454 354 354 D Zygote : Forked child process 1121
11-01 12:01:19.456 549 585 I ActivityManager: Start proc 1121:com.google.android.cellbroadcastreceiver/u0a175 for broadcast {com.google.android.cellbroadcastreceiver/com.android.cellbroadcastreceiver.CellBroadcastReceiver}
11-01 12:01:19.463 989 989 D CellBroadcastConfigTracker-0: init
11-01 12:01:19.469 989 989 D CellBroadcastServiceManager: CellBroadcastServiceManager created for phone 0
11-01 12:01:19.470 989 989 D CellBroadcastServiceManager: getCellBroadcastServicePackageName: com.google.android.cellbroadcastservice
11-01 12:01:19.471 549 853 D CompatibilityChangeReporter: Compat change id reported: 261072174; UID 1001; state: ENABLED
11-01 12:01:19.473 989 989 D CellBroadcastServiceManager: serviceWasBound=true
11-01 12:01:19.474 989 989 D CellBroadcastServiceManager: CellBroadcastServiceManager created for phone 0
11-01 12:01:19.475 989 989 D CellBroadcastServiceManager: getCellBroadcastServicePackageName: com.google.android.cellbroadcastservice
11-01 12:01:19.475 989 989 D CellBroadcastServiceManager: serviceWasBound=true
11-01 12:01:19.476 911 911 D GsmCellBroadcastHandler: subId[-1] is not valid
11-01 12:01:19.481 1121 1121 I oadcastreceiver: Using CollectorTypeCC GC.
11-01 12:01:19.483 1121 1121 W oadcastreceiver: Unexpected CPU variant for x86: x86_64.
11-01 12:01:19.483 1121 1121 W oadcastreceiver: Known variants: atom, sandybridge, silvermont, goldmont, goldmont-plus, tremont, kabylake, default
11-01 12:01:19.486 1121 1121 E oadcastreceiver: Not starting debugger since process cannot load the jdwp agent.
11-01 12:01:19.495 549 853 D CompatibilityChangeReporter: Compat change id reported: 168419799; UID 10175; state: DISABLED
11-01 12:01:19.495 549 853 D CompatibilityChangeReporter: Compat change id reported: 273564678; UID 10175; state: DISABLED
11-01 12:01:19.495 549 853 D OomAdjuster: Not killing cached processes
11-01 12:01:19.497 549 638 D CompatibilityChangeReporter: Compat change id reported: 265195908; UID 10175; state: ENABLED
11-01 12:01:19.515 1121 1121 D CompatibilityChangeReporter: Compat change id reported: 171979766; UID 10175; state: ENABLED
11-01 12:01:19.515 1121 1121 D CompatibilityChangeReporter: Compat change id reported: 242716250; UID 10175; state: ENABLED
11-01 12:01:19.517 549 709 D ConnectivityService: NetReassign [no changes] [c 0] [a 0] [i 0]
11-01 12:01:19.519 549 909 D CompatibilityChangeReporter: Compat change id reported: 170503758; UID 10175; state: ENABLED
11-01 12:01:19.520 549 861 I DefaultPermGrantPolicy: Revoking permissions from disabled data services for user:0
11-01 12:01:19.520 549 861 I DefaultPermGrantPolicy: Granting permissions to enabled data services for user:0
11-01 12:01:19.524 549 861 I DefaultPermGrantPolicy: Revoking permissions from disabled data services for user:0
11-01 12:01:20.399 0 0 I servicemanager: Found android.hardware.radio.config.IRadioConfig/default in device VINTF manifest.
11-01 12:01:19.541 1121 1121 D nativeloader: Configuring clns-shared-6 for other apk /apex/com.android.cellbroadcast/priv-app/GoogleCellBroadcastApp@340818080/GoogleCellBroadcastApp.apk. target_sdk_version=34, uses_libraries=, library_path=/apex/com.android.cellbroadcast/priv-app/GoogleCellBroadcastApp@340818080/lib/x86_64:/system/lib64:/system_ext/lib64, permitted_path=/data:/mnt/expand:/data/user_de/0/com.google.android.cellbroadcastreceiver:/apex/com.android.cellbroadcast/priv-app/GoogleCellBroadcastApp@340818080:/system/lib64:/system_ext/lib64
11-01 12:01:19.542 549 853 D ConnectivityService: requestNetwork for uid/pid:1001/989 activeRequest: null callbackRequest: 33 [NetworkRequest [ REQUEST id=34, [ Capabilities: INTERNET&NOT_RESTRICTED&TRUSTED&NOT_VCN_MANAGED Uid: 1001 RequestorUid: 1001 RequestorPkg: com.android.phone UnderlyingNetworks: Null] ]] callback flags: 0 order: 2147483647
11-01 12:01:19.542 549 709 D ConnectivityService: NetReassign [no changes] [c 0] [a 0] [i 0]
11-01 12:01:19.543 941 1113 I BtGdModule: packages/modules/Bluetooth/system/gd/module.cc:99 Start: Started Controller
11-01 12:01:19.543 941 1113 I BtGdModule: packages/modules/Bluetooth/system/gd/module.cc:93 Start: Finished starting dependencies and calling Start() of Vendor Specific Event Manager
11-01 12:01:19.543 941 1113 I BtGdModule: packages/modules/Bluetooth/system/gd/module.cc:99 Start: Started Vendor Specific Event Manager
11-01 12:01:19.543 549 853 D CompatibilityChangeReporter: Compat change id reported: 182478738; UID 1001; state: ENABLED
11-01 12:01:19.543 941 1113 I BtGdModule: packages/modules/Bluetooth/system/gd/module.cc:85 Start: Constructing next module
11-01 12:01:19.543 941 1113 I BtGdModule: packages/modules/Bluetooth/system/gd/module.cc:89 Start: Starting dependencies of AclSchedulerModule
11-01 12:01:19.543 941 1113 I BtGdModule: packages/modules/Bluetooth/system/gd/module.cc:93 Start: Finished starting dependencies and calling Start() of AclSchedulerModule
11-01 12:01:19.543 941 1113 I BtGdModule: packages/modules/Bluetooth/system/gd/module.cc:99 Start: Started AclSchedulerModule
11-01 12:01:19.543 941 1113 I BtGdModule: packages/modules/Bluetooth/system/gd/module.cc:85 Start: Constructing next module
11-01 12:01:19.543 941 1113 I BtGdModule: packages/modules/Bluetooth/system/gd/module.cc:89 Start: Starting dependencies of Acl Manager
11-01 12:01:19.543 941 1113 I BtGdModule: packages/modules/Bluetooth/system/gd/module.cc:93 Start: Finished starting dependencies and calling Start() of Acl Manager
11-01 12:01:19.544 1121 1121 D nativeloader: InitApexLibraries:
11-01 12:01:19.544 1121 1121 D nativeloader: com_android_adservices: libhpke_jni.so:libtflite_support_classifiers_native.so
11-01 12:01:19.544 1121 1121 D nativeloader: com_android_appsearch: libicing.so
11-01 12:01:19.544 1121 1121 D nativeloader: com_android_art: libartservice.so
11-01 12:01:19.544 1121 1121 D nativeloader: com_android_btservices: libbluetooth_jni.so
11-01 12:01:19.544 1121 1121 D nativeloader: com_android_conscrypt: libjavacrypto.so
11-01 12:01:19.544 1121 1121 D nativeloader: com_android_extservices: libtflite_support_classifiers_native.so
11-01 12:01:19.544 1121 1121 D nativeloader: com_android_os_statsd: libstats_jni.so
11-01 12:01:19.544 1121 1121 D nativeloader: com_android_tethering: libandroid_net_connectivity_com_android_net_module_util_jni.so:libcronet.114.0.5735.84.so:libframework-connectivity-jni.so:libframework-connectivity-tiramisu-jni.so:libservice-connectivity.so
11-01 12:01:19.544 1121 1121 D nativeloader: com_android_uwb: libuwb_uci_jni_rust.so
11-01 12:01:19.544 1121 1121 D nativeloader: com_android_virt: libvirtualizationservice_jni.so:libvirtualmachine_jni.so
11-01 12:01:19.557 941 1113 I BtGdModule: packages/modules/Bluetooth/system/gd/module.cc:99 Start: Started Acl Manager
11-01 12:01:19.557 941 1113 I BtGdModule: packages/modules/Bluetooth/system/gd/module.cc:85 Start: Constructing next module
11-01 12:01:19.557 941 1113 I BtGdModule: packages/modules/Bluetooth/system/gd/module.cc:89 Start: Starting dependencies of Le Advertising Manager
11-01 12:01:19.557 941 1113 I BtGdModule: packages/modules/Bluetooth/system/gd/module.cc:93 Start: Finished starting dependencies and calling Start() of Le Advertising Manager
11-01 12:01:19.559 941 1113 I bluetooth: packages/modules/Bluetooth/system/gd/hci/le_advertising_manager.cc:177 get_tx_path_loss_compensation: Tx path loss compensation: 0
11-01 12:01:19.559 941 1113 I BtGdModule: packages/modules/Bluetooth/system/gd/module.cc:99 Start: Started Le Advertising Manager
11-01 12:01:19.559 941 1113 I BtGdModule: packages/modules/Bluetooth/system/gd/module.cc:85 Start: Constructing next module
11-01 12:01:19.559 941 1113 I bluetooth: packages/modules/Bluetooth/system/gd/hci/msft.cc:305 MsftExtensionManager: MsftExtensionManager()
11-01 12:01:19.559 941 1113 I BtGdModule: packages/modules/Bluetooth/system/gd/module.cc:89 Start: Starting dependencies of Microsoft Extension Manager
11-01 12:01:19.559 941 1113 I BtGdModule: packages/modules/Bluetooth/system/gd/module.cc:93 Start: Finished starting dependencies and calling Start() of Microsoft Extension Manager
11-01 12:01:19.559 941 1113 I bluetooth: packages/modules/Bluetooth/system/gd/hci/msft.cc:51 start: MsftExtensionManager start()
11-01 12:01:19.559 941 1113 I bluetooth: packages/modules/Bluetooth/system/gd/hci/msft.cc:63 start: MSFT extension is not supported.
11-01 12:01:19.559 941 1113 I BtGdModule: packages/modules/Bluetooth/system/gd/module.cc:99 Start: Started Microsoft Extension Manager
11-01 12:01:19.559 941 1113 I BtGdModule: packages/modules/Bluetooth/system/gd/module.cc:85 Start: Constructing next module
11-01 12:01:19.559 941 1113 I BtGdModule: packages/modules/Bluetooth/system/gd/module.cc:89 Start: Starting dependencies of Le Scanning Manager
11-01 12:01:19.559 941 1113 I BtGdModule: packages/modules/Bluetooth/system/gd/module.cc:93 Start: Finished starting dependencies and calling Start() of Le Scanning Manager
11-01 12:01:19.562 941 1113 I bluetooth: packages/modules/Bluetooth/system/gd/hci/le_scanning_manager.cc:304 get_rx_path_loss_compensation: Rx path loss compensation: 0
11-01 12:01:19.562 941 1113 I BtGdModule: packages/modules/Bluetooth/system/gd/module.cc:99 Start: Started Le Scanning Manager
11-01 12:01:19.562 941 1113 I BtGdModule: packages/modules/Bluetooth/system/gd/module.cc:85 Start: Constructing next module
11-01 12:01:19.562 941 1113 I BtGdModule: packages/modules/Bluetooth/system/gd/module.cc:89 Start: Starting dependencies of Distance Measurement Manager
11-01 12:01:19.562 941 1113 I BtGdModule: packages/modules/Bluetooth/system/gd/module.cc:93 Start: Finished starting dependencies and calling Start() of Distance Measurement Manager
11-01 12:01:19.562 941 1113 I BtGdModule: packages/modules/Bluetooth/system/gd/module.cc:99 Start: Started Distance Measurement Manager
11-01 12:01:19.562 941 1104 I bluetooth: packages/modules/Bluetooth/system/gd/stack_manager.cc:52 StartUp: init_status == 0
11-01 12:01:19.562 941 1104 I bluetooth: packages/modules/Bluetooth/system/gd/stack_manager.cc:59 StartUp: init complete
11-01 12:01:19.562 941 1104 I bt_gd_shim: packages/modules/Bluetooth/system/main/shim/stack.cc:168 Start: Start Successfully toggled Gd stack
11-01 12:01:19.563 941 1104 I bt_shim_scanner: packages/modules/Bluetooth/system/main/shim/le_scanning_manager.cc:144 Init: init BleScannerInterfaceImpl
11-01 12:01:19.563 941 1104 I bt_core_module: packages/modules/Bluetooth/system/btcore/src/module.cc:91 module_start_up: module_start_up Started module "gd_shim_module"
11-01 12:01:19.563 941 1104 I bt_btif_core: packages/modules/Bluetooth/system/btif/src/btif_core.cc:228 btif_init_bluetooth: btif_init_bluetooth entered
11-01 12:01:19.585 941 1140 I droid.bluetooth: [1101/120119.585859:INFO:message_loop_thread.cc(184)] Run: message loop starting for thread bt_jni_thread
11-01 12:01:19.586 941 1104 I bt_btif_core: packages/modules/Bluetooth/system/btif/src/btif_core.cc:232 btif_init_bluetooth: btif_init_bluetooth finished
11-01 12:01:19.586 989 989 D ImsExternalCallTracker: Registering: Handler (com.android.internal.telephony.imsphone.ImsPhone) {1062768}
11-01 12:01:19.590 549 861 D NetworkStats: registerNetworkStatsProvider from ImsPhoneCallTracker uid/pid=1001/989
11-01 12:01:19.593 989 989 I ImsCallbackAM [0]: Closing connection and clearing callbacks
11-01 12:01:19.593 989 989 I ImsCallbackAM [0]: Closing connection and clearing callbacks
11-01 12:01:19.593 989 989 I ImsCallbackAM [0]: Closing connection and clearing callbacks
11-01 12:01:19.597 941 1104 W bt_device_interop: packages/modules/Bluetooth/system/device/src/interop.cc:1676 interop_database_save_allowlisted_media_players_list: found feature - INTEROP_BROWSE_PLAYER_ALLOW_LIST
11-01 12:01:19.597 941 1104 I bt_stack_config: packages/modules/Bluetooth/system/main/stack_config.cc:72 init: init attempt to load stack conf from /apex/com.android.btservices/etc/bluetooth/bt_stack.conf
11-01 12:01:19.600 941 1104 I bt_stack_manager: packages/modules/Bluetooth/system/btif/src/stack_manager.cc:285 event_init_stack: finished
11-01 12:01:19.600 941 941 I bt_osi_wakelock: packages/modules/Bluetooth/system/osi/src/wakelock.cc:99 wakelock_set_os_callouts: wakelock_set_os_callouts set to non-native
11-01 12:01:19.600 941 941 I bt_btif : packages/modules/Bluetooth/system/btif/src/bluetooth.cc:829 get_profile_interface: get_profile_interface: id = socket
11-01 12:01:19.600 941 1107 E bt_btif_storage: packages/modules/Bluetooth/system/btif/src/btif_storage.cc:622 btif_storage_get_adapter_property: btif_storage_get_adapter_property: Controller not ready! Unable to return Bluetooth Address
11-01 12:01:19.602 941 941 D BluetoothKeystoreService: initJni()
11-01 12:01:19.602 941 941 I bt_btif : packages/modules/Bluetooth/system/btif/src/bluetooth.cc:829 get_profile_interface: get_profile_interface: id = bluetooth_keystore
11-01 12:01:19.602 941 941 I droid.bluetooth: [1101/120119.602913:INFO:com_android_bluetooth_BluetoothQualityReport.cpp(88)] classInitNative: succeeds
11-01 12:01:19.603 941 941 I bt_btif : packages/modules/Bluetooth/system/btif/src/bluetooth.cc:829 get_profile_interface: get_profile_interface: id = bqr
11-01 12:01:19.603 941 941 I bluetooth: packages/modules/Bluetooth/system/btif/src/btif_bqr.cc:739 init: BluetoothQualityReportInterfaceImpl
11-01 12:01:19.603 941 941 I bt_btif : packages/modules/Bluetooth/system/btif/src/bluetooth.cc:829 get_profile_interface: get_profile_interface: id = sdp
11-01 12:01:19.603 941 941 I BluetoothAdapterService: loadLeAudioAllowDevices
11-01 12:01:19.603 941 941 I BluetoothAdapterService: LE Audio allow list is disabled.
11-01 12:01:19.605 941 941 D BluetoothDatabase: start()
11-01 12:01:19.605 941 1140 E BluetoothServiceJni: adapter_properties_callback: Status 1 is incorrect
11-01 12:01:19.611 941 941 D BluetoothDatabase: Load Database
11-01 12:01:19.611 941 941 I BluetoothAdapterService: Phone policy enabled
11-01 12:01:19.612 941 941 D ActiveDeviceManager: start()
11-01 12:01:19.613 941 1140 D AdapterProperties: Name is: sdk_gphone64_x86_64
11-01 12:01:19.613 941 1140 I bluetooth: packages/modules/Bluetooth/system/gd/storage/config_cache.cc:289 ConvertEncryptOrDecryptKeyIfNeeded: ConvertEncryptOrDecryptKeyIfNeeded
11-01 12:01:19.614 549 549 D BluetoothManagerService: Bluetooth Adapter name changed to sdk_gphone64_x86_64 by android
11-01 12:01:19.614 549 549 D BluetoothManagerService: Stored Bluetooth name: sdk_gphone64_x86_64
11-01 12:01:19.615 989 989 E MmTelFeatureConn [0]: ImsRegistrationCallbackAdapter: ImsRegistration is null
11-01 12:01:19.616 1121 1121 V GraphicsEnvironment: Currently set values for:
11-01 12:01:19.616 1121 1121 V GraphicsEnvironment: angle_gl_driver_selection_pkgs=[]
11-01 12:01:19.617 1121 1121 V GraphicsEnvironment: angle_gl_driver_selection_values=[]
11-01 12:01:19.617 549 853 D ConnectivityService: requestNetwork for uid/pid:1001/989 activeRequest: null callbackRequest: 35 [NetworkRequest [ REQUEST id=36, [ Capabilities: INTERNET&NOT_RESTRICTED&TRUSTED&NOT_VCN_MANAGED Uid: 1001 RequestorUid: 1001 RequestorPkg: com.android.phone UnderlyingNetworks: Null] ]] callback flags: 0 order: 2147483647
11-01 12:01:19.617 1121 1121 V GraphicsEnvironment: ANGLE GameManagerService for com.google.android.cellbroadcastreceiver: false
11-01 12:01:19.617 1121 1121 V GraphicsEnvironment: com.google.android.cellbroadcastreceiver is not listed in per-application setting
11-01 12:01:19.617 549 709 D ConnectivityService: NetReassign [no changes] [c 0] [a 0] [i 0]
11-01 12:01:19.617 1121 1121 V GraphicsEnvironment: Neither updatable production driver nor prerelease driver is supported.
11-01 12:01:19.617 989 989 D PhoneSwitcherNetworkRequstListener: Registering NetworkFactory
11-01 12:01:19.618 549 709 D ConnectivityService: Got NetworkProvider Messenger for PhoneSwitcherNetworkRequstListener
11-01 12:01:19.625 989 989 I ImsFeatureBinderRepo: [-1] FeatureConnectionRepository - created
11-01 12:01:19.625 549 709 D ConnectivityService: Got NetworkProvider Messenger for TelephonyNetworkFactory[0]
