11-01 12:01:17.155 549 549 D SystemServerTiming: OnBootPhase_520_com.android.server.usage.UsageStatsService
11-01 12:01:17.155 549 549 V SystemServerTiming: OnBootPhase_520_com.android.server.usage.UsageStatsService took to complete: 0ms
11-01 12:01:17.155 549 549 D SystemServerTiming: OnBootPhase_520_com.android.server.webkit.WebViewUpdateService
11-01 12:01:17.155 549 549 V SystemServerTiming: OnBootPhase_520_com.android.server.webkit.WebViewUpdateService took to complete: 0ms
11-01 12:01:17.155 549 549 D SystemServerTiming: OnBootPhase_520_com.android.server.CachedDeviceStateService
11-01 12:01:17.155 549 549 V SystemServerTiming: OnBootPhase_520_com.android.server.CachedDeviceStateService took to complete: 0ms
11-01 12:01:17.155 549 549 D SystemServerTiming: OnBootPhase_520_com.android.server.BinderCallsStatsService$LifeCycle
11-01 12:01:17.155 549 549 V SystemServerTiming: OnBootPhase_520_com.android.server.BinderCallsStatsService$LifeCycle took to complete: 0ms
11-01 12:01:17.156 549 549 D SystemServerTiming: OnBootPhase_520_com.android.server.LooperStatsService$Lifecycle
11-01 12:01:17.156 549 549 V SystemServerTiming: OnBootPhase_520_com.android.server.LooperStatsService$Lifecycle took to complete: 0ms
11-01 12:01:17.156 549 549 D SystemServerTiming: OnBootPhase_520_com.android.server.rollback.RollbackManagerService
11-01 12:01:17.156 549 549 V SystemServerTiming: OnBootPhase_520_com.android.server.rollback.RollbackManagerService took to complete: 0ms
11-01 12:01:17.156 549 549 D SystemServerTiming: OnBootPhase_520_com.android.server.os.NativeTombstoneManagerService
11-01 12:01:17.156 549 549 V SystemServerTiming: OnBootPhase_520_com.android.server.os.NativeTombstoneManagerService took to complete: 0ms
11-01 12:01:17.156 549 549 D SystemServerTiming: OnBootPhase_520_com.android.server.os.BugreportManagerService
11-01 12:01:17.156 549 549 V SystemServerTiming: OnBootPhase_520_com.android.server.os.BugreportManagerService took to complete: 0ms
11-01 12:01:17.156 549 549 D SystemServerTiming: OnBootPhase_520_com.android.server.gpu.GpuService
11-01 12:01:17.156 549 549 V SystemServerTiming: OnBootPhase_520_com.android.server.gpu.GpuService took to complete: 0ms
11-01 12:01:17.156 549 549 D SystemServerTiming: OnBootPhase_520_com.android.server.security.rkp.RemoteProvisioningService
11-01 12:01:17.156 549 549 V SystemServerTiming: OnBootPhase_520_com.android.server.security.rkp.RemoteProvisioningService took to complete: 0ms
11-01 12:01:17.156 549 549 D SystemServerTiming: OnBootPhase_520_com.android.server.cpu.CpuMonitorService
11-01 12:01:17.156 549 549 V SystemServerTiming: OnBootPhase_520_com.android.server.cpu.CpuMonitorService took to complete: 0ms
11-01 12:01:17.157 549 549 D SystemServerTiming: OnBootPhase_520_com.android.server.security.KeyChainSystemService
11-01 12:01:17.157 549 549 V SystemServerTiming: OnBootPhase_520_com.android.server.security.KeyChainSystemService took to complete: 0ms
11-01 12:01:17.157 549 549 D SystemServerTiming: OnBootPhase_520_com.android.server.BinaryTransparencyService
11-01 12:01:17.157 549 549 V SystemServerTiming: OnBootPhase_520_com.android.server.BinaryTransparencyService took to complete: 0ms
11-01 12:01:17.157 549 549 D SystemServerTiming: OnBootPhase_520_com.android.server.telecom.TelecomLoaderService
11-01 12:01:17.157 549 549 V SystemServerTiming: OnBootPhase_520_com.android.server.telecom.TelecomLoaderService took to complete: 0ms
11-01 12:01:17.157 549 549 D SystemServerTiming: OnBootPhase_520_com.android.server.accounts.AccountManagerService$Lifecycle
11-01 12:01:17.157 549 549 V SystemServerTiming: OnBootPhase_520_com.android.server.accounts.AccountManagerService$Lifecycle took to complete: 0ms
11-01 12:01:17.157 549 549 D SystemServerTiming: OnBootPhase_520_com.android.server.content.ContentService$Lifecycle
11-01 12:01:17.157 549 549 V SystemServerTiming: OnBootPhase_520_com.android.server.content.ContentService$Lifecycle took to complete: 0ms
11-01 12:01:17.157 549 549 D SystemServerTiming: OnBootPhase_520_com.android.server.deviceconfig.DeviceConfigInit$Lifecycle
11-01 12:01:17.157 549 549 V SystemServerTiming: OnBootPhase_520_com.android.server.deviceconfig.DeviceConfigInit$Lifecycle took to complete: 0ms
11-01 12:01:17.157 549 549 D SystemServerTiming: OnBootPhase_520_com.android.server.DropBoxManagerService
11-01 12:01:17.157 549 549 V SystemServerTiming: OnBootPhase_520_com.android.server.DropBoxManagerService took to complete: 0ms
11-01 12:01:17.157 549 549 D SystemServerTiming: OnBootPhase_520_com.android.role.RoleService
11-01 12:01:17.157 549 549 V SystemServerTiming: OnBootPhase_520_com.android.role.RoleService took to complete: 0ms
11-01 12:01:17.157 549 549 D SystemServerTiming: OnBootPhase_520_com.android.server.vibrator.VibratorManagerService$Lifecycle
11-01 12:01:17.157 549 549 V SystemServerTiming: OnBootPhase_520_com.android.server.vibrator.VibratorManagerService$Lifecycle took to complete: 0ms
11-01 12:01:17.157 549 549 D SystemServerTiming: OnBootPhase_520_com.android.server.tare.InternalResourceService
11-01 12:01:17.157 549 549 V SystemServerTiming: OnBootPhase_520_com.android.server.tare.InternalResourceService took to complete: 0ms
11-01 12:01:17.157 549 549 D SystemServerTiming: OnBootPhase_520_com.android.server.alarm.AlarmManagerService
11-01 12:01:17.157 549 549 V SystemServerTiming: OnBootPhase_520_com.android.server.alarm.AlarmManagerService took to complete: 0ms
11-01 12:01:17.157 549 549 D SystemServerTiming: OnBootPhase_520_com.android.server.devicestate.DeviceStateManagerService
11-01 12:01:17.157 549 549 V SystemServerTiming: OnBootPhase_520_com.android.server.devicestate.DeviceStateManagerService took to complete: 0ms
11-01 12:01:17.157 549 549 D SystemServerTiming: OnBootPhase_520_com.android.server.camera.CameraServiceProxy
11-01 12:01:17.157 549 549 V SystemServerTiming: OnBootPhase_520_com.android.server.camera.CameraServiceProxy took to complete: 0ms
11-01 12:01:17.157 549 549 D SystemServerTiming: OnBootPhase_520_com.android.server.bluetooth.BluetoothService
11-01 12:01:17.157 549 549 V SystemServerTiming: OnBootPhase_520_com.android.server.bluetooth.BluetoothService took to complete: 0ms
11-01 12:01:17.158 549 549 D SystemServerTiming: OnBootPhase_520_com.android.server.connectivity.IpConnectivityMetrics
11-01 12:01:17.158 549 549 V SystemServerTiming: OnBootPhase_520_com.android.server.connectivity.IpConnectivityMetrics took to complete: 0ms
11-01 12:01:17.158 549 549 D SystemServerTiming: OnBootPhase_520_com.android.server.net.watchlist.NetworkWatchlistService$Lifecycle
11-01 12:01:17.158 549 549 V SystemServerTiming: OnBootPhase_520_com.android.server.net.watchlist.NetworkWatchlistService$Lifecycle took to complete: 0ms
11-01 12:01:17.158 549 549 D SystemServerTiming: OnBootPhase_520_com.android.server.PinnerService
11-01 12:01:17.158 549 549 V SystemServerTiming: OnBootPhase_520_com.android.server.PinnerService took to complete: 0ms
11-01 12:01:17.158 549 549 D SystemServerTiming: OnBootPhase_520_com.android.server.integrity.AppIntegrityManagerService
11-01 12:01:17.158 549 549 V SystemServerTiming: OnBootPhase_520_com.android.server.integrity.AppIntegrityManagerService took to complete: 0ms
11-01 12:01:17.158 549 549 D SystemServerTiming: OnBootPhase_520_com.android.server.logcat.LogcatManagerService
11-01 12:01:17.158 549 549 V SystemServerTiming: OnBootPhase_520_com.android.server.logcat.LogcatManagerService took to complete: 0ms
11-01 12:01:17.158 549 549 D SystemServerTiming: OnBootPhase_520_com.android.server.inputmethod.InputMethodManagerService$Lifecycle
11-01 12:01:17.158 549 549 V SystemServerTiming: OnBootPhase_520_com.android.server.inputmethod.InputMethodManagerService$Lifecycle took to complete: 0ms
11-01 12:01:17.158 549 549 D SystemServerTiming: OnBootPhase_520_com.android.server.accessibility.AccessibilityManagerService$Lifecycle
11-01 12:01:17.158 549 549 V SystemServerTiming: OnBootPhase_520_com.android.server.accessibility.AccessibilityManagerService$Lifecycle took to complete: 0ms
11-01 12:01:17.158 549 549 D SystemServerTiming: OnBootPhase_520_com.android.server.StorageManagerService$Lifecycle
11-01 12:01:17.158 549 549 V SystemServerTiming: OnBootPhase_520_com.android.server.StorageManagerService$Lifecycle took to complete: 0ms
11-01 12:01:17.158 549 549 D SystemServerTiming: OnBootPhase_520_com.android.server.usage.StorageStatsService$Lifecycle
11-01 12:01:17.158 549 549 V SystemServerTiming: OnBootPhase_520_com.android.server.usage.StorageStatsService$Lifecycle took to complete: 0ms
11-01 12:01:17.158 549 549 D SystemServerTiming: OnBootPhase_520_com.android.server.UiModeManagerService
11-01 12:01:17.158 549 549 V SystemServerTiming: OnBootPhase_520_com.android.server.UiModeManagerService took to complete: 0ms
11-01 12:01:17.158 549 549 D SystemServerTiming: OnBootPhase_520_com.android.server.locales.LocaleManagerService
11-01 12:01:17.158 549 549 V SystemServerTiming: OnBootPhase_520_com.android.server.locales.LocaleManagerService took to complete: 0ms
11-01 12:01:17.158 549 549 D SystemServerTiming: OnBootPhase_520_com.android.server.grammaticalinflection.GrammaticalInflectionService
11-01 12:01:17.158 549 549 V SystemServerTiming: OnBootPhase_520_com.android.server.grammaticalinflection.GrammaticalInflectionService took to complete: 0ms
11-01 12:01:17.158 549 549 D SystemServerTiming: OnBootPhase_520_com.android.server.apphibernation.AppHibernationService
11-01 12:01:17.158 549 549 V SystemServerTiming: OnBootPhase_520_com.android.server.apphibernation.AppHibernationService took to complete: 0ms
11-01 12:01:17.158 549 549 D SystemServerTiming: OnBootPhase_520_com.android.server.locksettings.LockSettingsService$Lifecycle
11-01 12:01:17.158 549 549 V SystemServerTiming: OnBootPhase_520_com.android.server.locksettings.LockSettingsService$Lifecycle took to complete: 0ms
11-01 12:01:17.159 549 549 D SystemServerTiming: OnBootPhase_520_com.android.server.testharness.TestHarnessModeService
11-01 12:01:17.159 549 549 V SystemServerTiming: OnBootPhase_520_com.android.server.testharness.TestHarnessModeService took to complete: 0ms
11-01 12:01:17.159 549 549 D SystemServerTiming: OnBootPhase_520_com.android.server.DeviceIdleController
11-01 12:01:17.159 549 549 V SystemServerTiming: OnBootPhase_520_com.android.server.DeviceIdleController took to complete: 0ms
11-01 12:01:17.159 549 549 D SystemServerTiming: OnBootPhase_520_com.android.server.devicepolicy.DevicePolicyManagerService$Lifecycle
11-01 12:01:17.159 549 549 V SystemServerTiming: OnBootPhase_520_com.android.server.devicepolicy.DevicePolicyManagerService$Lifecycle took to complete: 0ms
11-01 12:01:17.159 549 549 D SystemServerTiming: OnBootPhase_520_com.android.server.musicrecognition.MusicRecognitionManagerService
11-01 12:01:17.159 549 549 V SystemServerTiming: OnBootPhase_520_com.android.server.musicrecognition.MusicRecognitionManagerService took to complete: 0ms
11-01 12:01:17.159 549 549 D SystemServerTiming: OnBootPhase_520_com.android.server.contentcapture.ContentCaptureManagerService
11-01 12:01:17.159 549 549 V SystemServerTiming: OnBootPhase_520_com.android.server.contentcapture.ContentCaptureManagerService took to complete: 0ms
11-01 12:01:17.159 549 549 D SystemServerTiming: OnBootPhase_520_com.android.server.systemcaptions.SystemCaptionsManagerService
11-01 12:01:17.159 549 549 V SystemServerTiming: OnBootPhase_520_com.android.server.systemcaptions.SystemCaptionsManagerService took to complete: 0ms
11-01 12:01:17.159 549 549 D SystemServerTiming: OnBootPhase_520_com.android.server.texttospeech.TextToSpeechManagerService
11-01 12:01:17.159 549 549 V SystemServerTiming: OnBootPhase_520_com.android.server.texttospeech.TextToSpeechManagerService took to complete: 0ms
11-01 12:01:17.159 549 549 D SystemServerTiming: OnBootPhase_520_com.android.server.ambientcontext.AmbientContextManagerService
11-01 12:01:17.159 549 549 V SystemServerTiming: OnBootPhase_520_com.android.server.ambientcontext.AmbientContextManagerService took to complete: 0ms
11-01 12:01:17.159 549 549 D SystemServerTiming: OnBootPhase_520_com.android.server.wearable.WearableSensingManagerService
11-01 12:01:17.159 549 549 V SystemServerTiming: OnBootPhase_520_com.android.server.wearable.WearableSensingManagerService took to complete: 0ms
11-01 12:01:17.159 549 549 D SystemServerTiming: OnBootPhase_520_com.android.server.speech.SpeechRecognitionManagerService
11-01 12:01:17.159 549 549 V SystemServerTiming: OnBootPhase_520_com.android.server.speech.SpeechRecognitionManagerService took to complete: 0ms
11-01 12:01:17.159 549 549 D SystemServerTiming: OnBootPhase_520_com.android.server.appprediction.AppPredictionManagerService
11-01 12:01:17.159 549 549 V SystemServerTiming: OnBootPhase_520_com.android.server.appprediction.AppPredictionManagerService took to complete: 0ms
11-01 12:01:17.159 549 549 D SystemServerTiming: OnBootPhase_520_com.android.server.contentsuggestions.ContentSuggestionsManagerService
11-01 12:01:17.159 549 549 V SystemServerTiming: OnBootPhase_520_com.android.server.contentsuggestions.ContentSuggestionsManagerService took to complete: 0ms
11-01 12:01:17.159 549 549 D SystemServerTiming: OnBootPhase_520_com.android.server.searchui.SearchUiManagerService
11-01 12:01:17.159 549 549 V SystemServerTiming: OnBootPhase_520_com.android.server.searchui.SearchUiManagerService took to complete: 0ms
11-01 12:01:17.159 549 549 D SystemServerTiming: OnBootPhase_520_com.android.server.smartspace.SmartspaceManagerService
11-01 12:01:17.160 549 549 V SystemServerTiming: OnBootPhase_520_com.android.server.smartspace.SmartspaceManagerService took to complete: 0ms
11-01 12:01:17.160 549 549 D SystemServerTiming: OnBootPhase_520_com.android.server.graphics.fonts.FontManagerService$Lifecycle
11-01 12:01:17.160 549 549 V SystemServerTiming: OnBootPhase_520_com.android.server.graphics.fonts.FontManagerService$Lifecycle took to complete: 0ms
11-01 12:01:17.160 549 549 D SystemServerTiming: OnBootPhase_520_com.android.server.textservices.TextServicesManagerService$Lifecycle
11-01 12:01:17.160 549 549 V SystemServerTiming: OnBootPhase_520_com.android.server.textservices.TextServicesManagerService$Lifecycle took to complete: 0ms
11-01 12:01:17.160 549 549 D SystemServerTiming: OnBootPhase_520_com.android.server.textclassifier.TextClassificationManagerService$Lifecycle
11-01 12:01:17.160 549 549 V SystemServerTiming: OnBootPhase_520_com.android.server.textclassifier.TextClassificationManagerService$Lifecycle took to complete: 0ms
11-01 12:01:17.160 549 549 D SystemServerTiming: OnBootPhase_520_com.android.server.NetworkScoreService$Lifecycle
11-01 12:01:17.160 549 549 V SystemServerTiming: OnBootPhase_520_com.android.server.NetworkScoreService$Lifecycle took to complete: 0ms
11-01 12:01:17.160 549 549 D SystemServerTiming: OnBootPhase_520_com.android.server.NetworkStatsServiceInitializer
11-01 12:01:17.160 549 549 V SystemServerTiming: OnBootPhase_520_com.android.server.NetworkStatsServiceInitializer took to complete: 0ms
11-01 12:01:17.160 549 549 D SystemServerTiming: OnBootPhase_520_com.android.server.wifi.WifiService
11-01 12:01:17.160 549 549 V SystemServerTiming: OnBootPhase_520_com.android.server.wifi.WifiService took to complete: 0ms
11-01 12:01:17.160 549 549 D SystemServerTiming: OnBootPhase_520_com.android.server.wifi.scanner.WifiScanningService
11-01 12:01:17.160 549 549 V SystemServerTiming: OnBootPhase_520_com.android.server.wifi.scanner.WifiScanningService took to complete: 0ms
11-01 12:01:17.160 549 549 D SystemServerTiming: OnBootPhase_520_com.android.server.wifi.p2p.WifiP2pService
11-01 12:01:17.160 549 549 V SystemServerTiming: OnBootPhase_520_com.android.server.wifi.p2p.WifiP2pService took to complete: 0ms
11-01 12:01:17.160 549 549 D SystemServerTiming: OnBootPhase_520_com.android.server.ConnectivityServiceInitializer
11-01 12:01:17.160 549 549 V SystemServerTiming: OnBootPhase_520_com.android.server.ConnectivityServiceInitializer took to complete: 0ms
11-01 12:01:17.160 549 549 D SystemServerTiming: OnBootPhase_520_com.android.server.notification.NotificationManagerService
11-01 12:01:17.164 420 420 I RefreshRateSelector: Display 4619827259835644672 policy changed
11-01 12:01:17.164 420 420 I RefreshRateSelector: Previous: {defaultModeId=0, allowGroupSwitching=false, primaryRanges={physical=[0.00 Hz, 340282346638528859811704183484516925440.00 Hz], render=[0.00 Hz, 340282346638528859811704183484516925440.00 Hz]}, appRequestRanges={physical=[0.00 Hz, 340282346638528859811704183484516925440.00 Hz], render=[0.00 Hz, 340282346638528859811704183484516925440.00 Hz]}}
11-01 12:01:17.164 420 420 I RefreshRateSelector: Current: DisplayManagerPolicy{defaultModeId=0, allowGroupSwitching=false, primaryRanges={physical=[0.00 Hz, inf Hz], render=[0.00 Hz, 60.00 Hz]}, appRequestRanges={physical=[0.00 Hz, inf Hz], render=[0.00 Hz, inf Hz]}}
11-01 12:01:17.164 420 420 I RefreshRateSelector: 0 mode changes were performed under the previous policy
11-01 12:01:17.168 549 549 V SystemServerTiming: OnBootPhase_520_com.android.server.notification.NotificationManagerService took to complete: 7ms
11-01 12:01:17.168 549 549 D SystemServerTiming: OnBootPhase_520_com.android.server.storage.DeviceStorageMonitorService
11-01 12:01:17.169 549 549 V SystemServerTiming: OnBootPhase_520_com.android.server.storage.DeviceStorageMonitorService took to complete: 0ms
11-01 12:01:17.169 549 549 D SystemServerTiming: OnBootPhase_520_com.android.server.timedetector.TimeDetectorService$Lifecycle
11-01 12:01:17.169 549 549 V SystemServerTiming: OnBootPhase_520_com.android.server.timedetector.TimeDetectorService$Lifecycle took to complete: 0ms
11-01 12:01:17.169 549 549 D SystemServerTiming: OnBootPhase_520_com.android.server.location.LocationManagerService$Lifecycle
11-01 12:01:17.169 549 549 V SystemServerTiming: OnBootPhase_520_com.android.server.location.LocationManagerService$Lifecycle took to complete: 0ms
11-01 12:01:17.169 549 549 D SystemServerTiming: OnBootPhase_520_com.android.server.timezonedetector.TimeZoneDetectorService$Lifecycle
11-01 12:01:17.169 549 549 V SystemServerTiming: OnBootPhase_520_com.android.server.timezonedetector.TimeZoneDetectorService$Lifecycle took to complete: 0ms
11-01 12:01:17.170 549 549 D SystemServerTiming: OnBootPhase_520_com.android.server.location.altitude.AltitudeService$Lifecycle
11-01 12:01:17.171 549 549 V SystemServerTiming: OnBootPhase_520_com.android.server.location.altitude.AltitudeService$Lifecycle took to complete: 0ms
11-01 12:01:17.171 549 549 D SystemServerTiming: OnBootPhase_520_com.android.server.timezonedetector.location.LocationTimeZoneManagerService$Lifecycle
11-01 12:01:17.171 549 549 V SystemServerTiming: OnBootPhase_520_com.android.server.timezonedetector.location.LocationTimeZoneManagerService$Lifecycle took to complete: 0ms
11-01 12:01:17.171 549 549 D SystemServerTiming: OnBootPhase_520_com.android.server.search.SearchManagerService$Lifecycle
11-01 12:01:17.171 549 549 V SystemServerTiming: OnBootPhase_520_com.android.server.search.SearchManagerService$Lifecycle took to complete: 0ms
11-01 12:01:17.171 549 549 D SystemServerTiming: OnBootPhase_520_com.android.server.wallpaper.WallpaperManagerService$Lifecycle
11-01 12:01:17.172 549 549 V SystemServerTiming: OnBootPhase_520_com.android.server.wallpaper.WallpaperManagerService$Lifecycle took to complete: 0ms
11-01 12:01:17.173 549 549 D SystemServerTiming: OnBootPhase_520_com.android.server.wallpapereffectsgeneration.WallpaperEffectsGenerationManagerService
11-01 12:01:17.173 549 549 V SystemServerTiming: OnBootPhase_520_com.android.server.wallpapereffectsgeneration.WallpaperEffectsGenerationManagerService took to complete: 0ms
11-01 12:01:17.173 549 549 D SystemServerTiming: OnBootPhase_520_com.android.server.audio.AudioService$Lifecycle
11-01 12:01:17.173 549 549 V SystemServerTiming: OnBootPhase_520_com.android.server.audio.AudioService$Lifecycle took to complete: 0ms
11-01 12:01:17.173 549 549 D SystemServerTiming: OnBootPhase_520_com.android.server.soundtrigger_middleware.SoundTriggerMiddlewareService$Lifecycle
11-01 12:01:17.173 549 549 V SystemServerTiming: OnBootPhase_520_com.android.server.soundtrigger_middleware.SoundTriggerMiddlewareService$Lifecycle took to complete: 0ms
11-01 12:01:17.173 549 549 D SystemServerTiming: OnBootPhase_520_com.android.server.DockObserver
11-01 12:01:17.173 549 549 V SystemServerTiming: OnBootPhase_520_com.android.server.DockObserver took to complete: 0ms
11-01 12:01:17.174 549 549 D SystemServerTiming: OnBootPhase_520_com.android.server.midi.MidiService$Lifecycle
11-01 12:01:17.174 549 549 V SystemServerTiming: OnBootPhase_520_com.android.server.midi.MidiService$Lifecycle took to complete: 0ms
11-01 12:01:17.174 549 549 D SystemServerTiming: OnBootPhase_520_com.android.server.adb.AdbService$Lifecycle
11-01 12:01:17.174 549 549 V SystemServerTiming: OnBootPhase_520_com.android.server.adb.AdbService$Lifecycle took to complete: 0ms
11-01 12:01:17.175 549 549 D SystemServerTiming: OnBootPhase_520_com.android.server.usb.UsbService$Lifecycle
11-01 12:01:17.175 549 549 V SystemServerTiming: OnBootPhase_520_com.android.server.usb.UsbService$Lifecycle took to complete: 0ms
11-01 12:01:17.175 549 549 D SystemServerTiming: OnBootPhase_520_com.android.server.twilight.TwilightService
11-01 12:01:17.175 549 549 V SystemServerTiming: OnBootPhase_520_com.android.server.twilight.TwilightService took to complete: 0ms
11-01 12:01:17.176 549 549 D SystemServerTiming: OnBootPhase_520_com.android.server.display.color.ColorDisplayService
11-01 12:01:17.176 549 549 V SystemServerTiming: OnBootPhase_520_com.android.server.display.color.ColorDisplayService took to complete: 0ms
11-01 12:01:17.176 549 549 D SystemServerTiming: OnBootPhase_520_com.android.server.job.JobSchedulerService
11-01 12:01:17.176 549 549 V SystemServerTiming: OnBootPhase_520_com.android.server.job.JobSchedulerService took to complete: 0ms
11-01 12:01:17.176 549 549 D SystemServerTiming: OnBootPhase_520_com.android.server.soundtrigger.SoundTriggerService
11-01 12:01:17.176 549 549 D SoundTriggerService: onBootPhase: 520 : false
11-01 12:01:17.177 549 549 V SystemServerTiming: OnBootPhase_520_com.android.server.soundtrigger.SoundTriggerService took to complete: 0ms
11-01 12:01:17.177 549 549 D SystemServerTiming: OnBootPhase_520_com.android.server.trust.TrustManagerService
11-01 12:01:17.177 549 549 V SystemServerTiming: OnBootPhase_520_com.android.server.trust.TrustManagerService took to complete: 0ms
11-01 12:01:17.178 549 549 D SystemServerTiming: OnBootPhase_520_com.android.server.backup.BackupManagerService$Lifecycle
11-01 12:01:17.179 549 549 V SystemServerTiming: OnBootPhase_520_com.android.server.backup.BackupManagerService$Lifecycle took to complete: 0ms
11-01 12:01:17.179 549 549 D SystemServerTiming: OnBootPhase_520_com.android.server.appwidget.AppWidgetService
11-01 12:01:17.180 549 549 V SystemServerTiming: OnBootPhase_520_com.android.server.appwidget.AppWidgetService took to complete: 0ms
11-01 12:01:17.180 549 549 D SystemServerTiming: OnBootPhase_520_com.android.server.voiceinteraction.VoiceInteractionManagerService
11-01 12:01:17.181 549 549 V SystemServerTiming: OnBootPhase_520_com.android.server.voiceinteraction.VoiceInteractionManagerService took to complete: 0ms
11-01 12:01:17.181 549 549 D SystemServerTiming: OnBootPhase_520_com.android.server.GestureLauncherService
11-01 12:01:17.182 549 549 V SystemServerTiming: OnBootPhase_520_com.android.server.GestureLauncherService took to complete: 0ms
11-01 12:01:17.182 549 549 D SystemServerTiming: OnBootPhase_520_com.android.server.SensorNotificationService
11-01 12:01:17.182 549 549 V SystemServerTiming: OnBootPhase_520_com.android.server.SensorNotificationService took to complete: 0ms
11-01 12:01:17.182 549 549 D SystemServerTiming: OnBootPhase_520_com.android.server.emergency.EmergencyAffordanceService
11-01 12:01:17.182 549 549 V SystemServerTiming: OnBootPhase_520_com.android.server.emergency.EmergencyAffordanceService took to complete: 0ms
11-01 12:01:17.182 549 549 D SystemServerTiming: OnBootPhase_520_com.android.server.blob.BlobStoreManagerService
11-01 12:01:17.182 549 549 V SystemServerTiming: OnBootPhase_520_com.android.server.blob.BlobStoreManagerService took to complete: 0ms
11-01 12:01:17.183 549 549 D SystemServerTiming: OnBootPhase_520_com.android.server.dreams.DreamManagerService
11-01 12:01:17.183 549 549 V SystemServerTiming: OnBootPhase_520_com.android.server.dreams.DreamManagerService took to complete: 0ms
11-01 12:01:17.183 549 549 D SystemServerTiming: OnBootPhase_520_com.android.server.print.PrintManagerService
11-01 12:01:17.183 549 549 V SystemServerTiming: OnBootPhase_520_com.android.server.print.PrintManagerService took to complete: 0ms
11-01 12:01:17.183 549 549 D SystemServerTiming: OnBootPhase_520_com.android.server.security.AttestationVerificationManagerService
11-01 12:01:17.183 549 549 V SystemServerTiming: OnBootPhase_520_com.android.server.security.AttestationVerificationManagerService took to complete: 0ms
11-01 12:01:17.183 549 549 D SystemServerTiming: OnBootPhase_520_com.android.server.companion.CompanionDeviceManagerService
11-01 12:01:17.184 549 549 V SystemServerTiming: OnBootPhase_520_com.android.server.companion.CompanionDeviceManagerService took to complete: 0ms
11-01 12:01:17.184 549 549 D SystemServerTiming: OnBootPhase_520_com.android.server.companion.virtual.VirtualDeviceManagerService
11-01 12:01:17.184 549 549 V SystemServerTiming: OnBootPhase_520_com.android.server.companion.virtual.VirtualDeviceManagerService took to complete: 0ms
11-01 12:01:17.185 549 549 D SystemServerTiming: OnBootPhase_520_com.android.server.restrictions.RestrictionsManagerService
11-01 12:01:17.185 549 549 V SystemServerTiming: OnBootPhase_520_com.android.server.restrictions.RestrictionsManagerService took to complete: 0ms
11-01 12:01:17.185 549 549 D SystemServerTiming: OnBootPhase_520_com.android.server.media.MediaSessionService
11-01 12:01:17.185 549 549 V SystemServerTiming: OnBootPhase_520_com.android.server.media.MediaSessionService took to complete: 0ms
11-01 12:01:17.186 549 549 D SystemServerTiming: OnBootPhase_520_com.android.server.media.MediaResourceMonitorService
11-01 12:01:17.186 549 549 V SystemServerTiming: OnBootPhase_520_com.android.server.media.MediaResourceMonitorService took to complete: 0ms
11-01 12:01:17.186 549 549 D SystemServerTiming: OnBootPhase_520_com.android.server.biometrics.sensors.face.FaceService
11-01 12:01:17.186 549 549 V SystemServerTiming: OnBootPhase_520_com.android.server.biometrics.sensors.face.FaceService took to complete: 0ms
11-01 12:01:17.186 549 549 D SystemServerTiming: OnBootPhase_520_com.android.server.biometrics.sensors.fingerprint.FingerprintService
11-01 12:01:17.186 549 549 V SystemServerTiming: OnBootPhase_520_com.android.server.biometrics.sensors.fingerprint.FingerprintService took to complete: 0ms
11-01 12:01:17.187 549 549 D SystemServerTiming: OnBootPhase_520_com.android.server.biometrics.BiometricService
11-01 12:01:17.187 549 549 V SystemServerTiming: OnBootPhase_520_com.android.server.biometrics.BiometricService took to complete: 0ms
11-01 12:01:17.187 549 549 D SystemServerTiming: OnBootPhase_520_com.android.server.biometrics.AuthService
11-01 12:01:17.187 549 549 V SystemServerTiming: OnBootPhase_520_com.android.server.biometrics.AuthService took to complete: 0ms
11-01 12:01:17.187 549 549 D SystemServerTiming: OnBootPhase_520_com.android.server.pm.ShortcutService$Lifecycle
11-01 12:01:17.187 549 549 V SystemServerTiming: OnBootPhase_520_com.android.server.pm.ShortcutService$Lifecycle took to complete: 0ms
11-01 12:01:17.187 549 549 D SystemServerTiming: OnBootPhase_520_com.android.server.pm.LauncherAppsService
11-01 12:01:17.187 549 549 V SystemServerTiming: OnBootPhase_520_com.android.server.pm.LauncherAppsService took to complete: 0ms
11-01 12:01:17.188 549 549 D SystemServerTiming: OnBootPhase_520_com.android.server.pm.CrossProfileAppsService
11-01 12:01:17.188 549 549 V SystemServerTiming: OnBootPhase_520_com.android.server.pm.CrossProfileAppsService took to complete: 0ms
11-01 12:01:17.188 549 549 D SystemServerTiming: OnBootPhase_520_com.android.server.people.PeopleService
11-01 12:01:17.188 549 549 V SystemServerTiming: OnBootPhase_520_com.android.server.people.PeopleService took to complete: 0ms
11-01 12:01:17.188 549 549 D SystemServerTiming: OnBootPhase_520_com.android.server.media.metrics.MediaMetricsManagerService
11-01 12:01:17.189 549 549 V SystemServerTiming: OnBootPhase_520_com.android.server.media.metrics.MediaMetricsManagerService took to complete: 0ms
11-01 12:01:17.189 549 549 D SystemServerTiming: OnBootPhase_520_com.android.server.pm.BackgroundInstallControlService
11-01 12:01:17.189 549 549 V SystemServerTiming: OnBootPhase_520_com.android.server.pm.BackgroundInstallControlService took to complete: 0ms
11-01 12:01:17.189 549 549 D SystemServerTiming: OnBootPhase_520_com.android.server.media.projection.MediaProjectionManagerService
11-01 12:01:17.189 549 549 V SystemServerTiming: OnBootPhase_520_com.android.server.media.projection.MediaProjectionManagerService took to complete: 0ms
11-01 12:01:17.190 549 549 D SystemServerTiming: OnBootPhase_520_com.android.server.slice.SliceManagerService$Lifecycle
11-01 12:01:17.190 549 549 V SystemServerTiming: OnBootPhase_520_com.android.server.slice.SliceManagerService$Lifecycle took to complete: 0ms
11-01 12:01:17.190 549 549 D SystemServerTiming: OnBootPhase_520_com.android.server.stats.StatsCompanion$Lifecycle
11-01 12:01:17.190 549 549 V SystemServerTiming: OnBootPhase_520_com.android.server.stats.StatsCompanion$Lifecycle took to complete: 0ms
11-01 12:01:17.190 549 549 D SystemServerTiming: OnBootPhase_520_com.android.server.scheduling.RebootReadinessManagerService$Lifecycle
11-01 12:01:17.190 549 549 V SystemServerTiming: OnBootPhase_520_com.android.server.scheduling.RebootReadinessManagerService$Lifecycle took to complete: 0ms
11-01 12:01:17.191 549 549 D SystemServerTiming: OnBootPhase_520_com.android.server.stats.pull.StatsPullAtomService
11-01 12:01:17.191 549 549 V SystemServerTiming: OnBootPhase_520_com.android.server.stats.pull.StatsPullAtomService took to complete: 0ms
11-01 12:01:17.191 549 549 D SystemServerTiming: OnBootPhase_520_com.android.server.stats.bootstrap.StatsBootstrapAtomService$Lifecycle
11-01 12:01:17.191 549 549 V SystemServerTiming: OnBootPhase_520_com.android.server.stats.bootstrap.StatsBootstrapAtomService$Lifecycle took to complete: 0ms
11-01 12:01:17.191 549 549 D SystemServerTiming: OnBootPhase_520_com.android.server.incident.IncidentCompanionService
11-01 12:01:17.191 549 549 V SystemServerTiming: OnBootPhase_520_com.android.server.incident.IncidentCompanionService took to complete: 0ms
11-01 12:01:17.192 549 549 D SystemServerTiming: OnBootPhase_520_com.android.server.sdksandbox.SdkSandboxManagerService$Lifecycle
11-01 12:01:17.192 549 549 V SystemServerTiming: OnBootPhase_520_com.android.server.sdksandbox.SdkSandboxManagerService$Lifecycle took to complete: 0ms
11-01 12:01:17.192 549 549 D SystemServerTiming: OnBootPhase_520_com.android.server.adservices.AdServicesManagerService$Lifecycle
11-01 12:01:17.192 549 549 V SystemServerTiming: OnBootPhase_520_com.android.server.adservices.AdServicesManagerService$Lifecycle took to complete: 0ms
11-01 12:01:17.192 549 549 D SystemServerTiming: OnBootPhase_520_com.android.server.ondevicepersonalization.OnDevicePersonalizationSystemService$Lifecycle
11-01 12:01:17.192 549 549 V SystemServerTiming: OnBootPhase_520_com.android.server.ondevicepersonalization.OnDevicePersonalizationSystemService$Lifecycle took to complete: 0ms
11-01 12:01:17.192 549 549 D SystemServerTiming: OnBootPhase_520_com.android.server.MmsServiceBroker
11-01 12:01:17.193 549 549 V SystemServerTiming: OnBootPhase_520_com.android.server.MmsServiceBroker took to complete: 0ms
11-01 12:01:17.193 549 549 D SystemServerTiming: OnBootPhase_520_com.android.server.autofill.AutofillManagerService
11-01 12:01:17.193 549 549 V SystemServerTiming: OnBootPhase_520_com.android.server.autofill.AutofillManagerService took to complete: 0ms
11-01 12:01:17.193 549 549 D SystemServerTiming: OnBootPhase_520_com.android.server.credentials.CredentialManagerService
11-01 12:01:17.193 549 549 V SystemServerTiming: OnBootPhase_520_com.android.server.credentials.CredentialManagerService took to complete: 0ms
11-01 12:01:17.194 549 549 D SystemServerTiming: OnBootPhase_520_com.android.server.translation.TranslationManagerService
11-01 12:01:17.194 549 549 V SystemServerTiming: OnBootPhase_520_com.android.server.translation.TranslationManagerService took to complete: 0ms
11-01 12:01:17.194 549 549 D SystemServerTiming: OnBootPhase_520_com.android.server.selectiontoolbar.SelectionToolbarManagerService
11-01 12:01:18.055 0 0 I capability: warning: `wpa_supplicant' uses 32-bit capabilities (legacy support in use)
11-01 12:01:17.194 549 549 V SystemServerTiming: OnBootPhase_520_com.android.server.selectiontoolbar.SelectionToolbarManagerService took to complete: 0ms
11-01 12:01:17.194 549 549 D SystemServerTiming: OnBootPhase_520_com.android.server.clipboard.ClipboardService
11-01 12:01:17.194 549 549 V SystemServerTiming: OnBootPhase_520_com.android.server.clipboard.ClipboardService took to complete: 0ms
11-01 12:01:17.194 549 549 D SystemServerTiming: OnBootPhase_520_com.android.server.appbinding.AppBindingService$Lifecycle
11-01 12:01:17.194 549 549 V SystemServerTiming: OnBootPhase_520_com.android.server.appbinding.AppBindingService$Lifecycle took to complete: 0ms
11-01 12:01:17.194 549 549 D SystemServerTiming: OnBootPhase_520_com.android.server.tracing.TracingServiceProxy
11-01 12:01:17.194 549 549 V SystemServerTiming: OnBootPhase_520_com.android.server.tracing.TracingServiceProxy took to complete: 0ms
11-01 12:01:17.194 549 549 D SystemServerTiming: OnBootPhase_520_com.android.server.policy.PermissionPolicyService
11-01 12:01:17.196 549 549 V SystemServerTiming: OnBootPhase_520_com.android.server.policy.PermissionPolicyService took to complete: 1ms
11-01 12:01:17.196 549 549 D SystemServerTiming: OnBootPhase_520_com.android.server.pm.StagingManager$Lifecycle
11-01 12:01:17.196 549 549 V SystemServerTiming: OnBootPhase_520_com.android.server.pm.StagingManager$Lifecycle took to complete: 0ms
11-01 12:01:17.196 775 775 I wpa_supplicant: Processing aidl events on FD 3
11-01 12:01:17.196 775 775 I wpa_supplicant: Starting AIDL supplicant
11-01 12:01:17.196 775 775 I wpa_supplicant: Interface version: 2
11-01 12:01:17.197 549 549 D SystemServerTiming: OnBootPhase_520_com.android.server.app.GameManagerService$Lifecycle
11-01 12:01:17.197 549 549 V SystemServerTiming: OnBootPhase_520_com.android.server.app.GameManagerService$Lifecycle took to complete: 0ms
11-01 12:01:17.197 549 549 V SystemServerTiming: OnBootPhase_520 took to complete: 48ms
11-01 12:01:17.197 549 549 V SystemServerTiming: StartBootPhaseDeviceSpecificServicesReady took to complete: 48ms
11-01 12:01:17.197 549 549 D SystemServerTiming: StartSafetyCenterService
11-01 12:01:17.197 549 549 I SystemServiceManager: Starting com.android.safetycenter.SafetyCenterService
11-01 12:01:18.069 0 0 I servicemanager: Found android.hardware.wifi.supplicant.ISupplicant/default in device VINTF manifest.
11-01 12:01:17.206 775 775 I wpa_supplicant: Successfully initialized wpa_supplicant
11-01 12:01:17.207 549 549 I SafetyCenterResContext: Found Safety Center resources APK at: com.google.android.safetycenter.resources
11-01 12:01:17.211 775 775 I wpa_supplicant: rfkill: Cannot open RFKILL control device
11-01 12:01:17.215 549 702 I SupplicantStaIfaceHalAidlImpl: Obtained ISupplicant binder.
11-01 12:01:17.215 549 702 I SupplicantStaIfaceHalAidlImpl: Local Version: 2
11-01 12:01:18.077 0 0 I BpBinder: onLastStrongRef automatically unlinking death recipients:
11-01 12:01:17.231 549 549 I SafetyCenterConfigReade: SafetyCenterConfig read successfully
11-01 12:01:17.234 549 549 I SafetyCenterIssueDis: Safety Center persisted issues read successfully
11-01 12:01:17.237 549 549 W system_server: Core platform API violation: Llibcore/io/Memory;->pokeByte(JB)V from Lcom/android/permission/jarjar/com/google/protobuf/UnsafeUtil; using reflection
11-01 12:01:17.237 549 549 W system_server: Core platform API violation: Llibcore/io/Memory;->peekByte(J)B from Lcom/android/permission/jarjar/com/google/protobuf/UnsafeUtil; using reflection
11-01 12:01:17.239 775 775 I wpa_supplicant: Init sm=0x7b15b1a142d0
11-01 12:01:17.244 775 775 I wpa_supplicant: rfkill: Cannot get wiphy information
11-01 12:01:17.244 549 549 V SystemServerTiming: StartSafetyCenterService took to complete: 47ms
11-01 12:01:17.245 775 775 I wpa_supplicant: Init sm=0x7b15b1a16790
11-01 12:01:17.245 549 549 D SystemServerTiming: AppSearchModule
11-01 12:01:17.245 549 549 I system_server: Waiting for a blocking GC ClassLinker
11-01 12:01:17.246 549 702 I SupplicantStaIfaceHalAidlImpl: Remote service version was cached
11-01 12:01:17.246 549 702 I SupplicantStaIfaceHalAidlImpl: Remote Version: 2
11-01 12:01:17.247 549 702 I SupplicantStaIfaceHalAidlImpl: Non-standard cert callback was registered
11-01 12:01:17.247 775 775 I wpa_supplicant: Iface already exists, return existing
11-01 12:01:17.256 549 702 E WifiChipAidlImpl: getUsableChannels failed with service-specific exception: android.os.ServiceSpecificException: (code 4)
11-01 12:01:18.120 0 0 I servicemanager: Found android.hardware.wifi.IWifi/default in device VINTF manifest.
11-01 12:01:17.260 549 702 I WifiNative: Successfully switched to connectivity mode on iface=Iface:{Name=wlan0,Id=0,Type=STA_CONNECTIVITY}
11-01 12:01:17.260 549 702 D WifiClientModeManager[27939:wlan0]: entering ConnectModeState, starting ClientModeImpl
11-01 12:01:17.263 549 702 D WifiNative: enableVerboseLogging false hal false
11-01 12:01:17.264 549 702 D WifiScoreReport: setShouldReduceNetworkScore=false mNetworkAgent is null? true
11-01 12:01:17.264 549 702 D WifiScanRequestProxy: Sending scan available broadcast: true
11-01 12:01:17.264 549 702 I WifiScanRequestProxy: Scanning is enabled
11-01 12:01:17.264 549 702 I WifiScanRequestProxy: Scanning for hidden networks is enabled
11-01 12:01:17.265 549 702 E WifiChipAidlImpl: setMultiStaUseCase failed with service-specific exception: android.os.ServiceSpecificException: (code 4)
11-01 12:01:17.265 549 702 E WifiChipAidlImpl: setMultiStaPrimaryConnection failed with service-specific exception: android.os.ServiceSpecificException: (code 4)
11-01 12:01:17.265 549 702 D WifiCountryCode: evaluateAllCmmStateAndApplyIfAllReady: {ConcreteClientModeManager{id=27939 iface=wlan0 role=ROLE_CLIENT_PRIMARY}=true}
11-01 12:01:17.266 549 702 D WifiCountryCode: Reading country code from telephony
11-01 12:01:17.266 549 702 D WifiCountryCode: Set telephony country code to:
11-01 12:01:17.266 549 702 D WifiCountryCode: updateCountryCode to null
11-01 12:01:17.267 549 702 D WakeupController: onWifiEnabled()
11-01 12:01:17.267 549 702 D WifiClientModeImpl[28228:wlan0]: entering ConnectableState: ifaceName = wlan0
11-01 12:01:17.268 549 706 I WifiScanningService: Received a request to enable scanning, UID = 1000
11-01 12:01:17.269 549 706 E WifiStaIfaceAidlImpl: getBackgroundScanCapabilities failed with service-specific exception: android.os.ServiceSpecificException: (code 4)
11-01 12:01:17.274 549 706 I WifiScanningService: Created a new impl for wlan0
11-01 12:01:17.274 549 706 I WifiScanningService: wifi driver loaded with scan capabilities: max buckets=16
11-01 12:01:17.314 549 549 I system_server: WaitForGcToComplete blocked ClassLinker on Background for 68.893ms
11-01 12:01:17.315 549 549 I SystemServiceManager: Starting com.android.server.appsearch.AppSearchModule$Lifecycle
11-01 12:01:17.328 549 549 V SystemServerTiming: AppSearchModule took to complete: 83ms
11-01 12:01:17.328 549 549 D SystemServerTiming: StartMediaCommunicationService
11-01 12:01:17.329 549 549 I SystemServiceManager: Starting com.android.server.media.MediaCommunicationService
11-01 12:01:17.331 549 549 V SystemServerTiming: StartMediaCommunicationService took to complete: 2ms
11-01 12:01:17.331 549 549 D SystemServerTiming: AppCompatOverridesService
11-01 12:01:17.331 549 549 I SystemServiceManager: Starting com.android.server.compat.overrides.AppCompatOverridesService$Lifecycle
11-01 12:01:17.332 549 549 V SystemServerTiming: AppCompatOverridesService took to complete: 2ms
11-01 12:01:17.333 549 549 D SystemServerTiming: HealthConnectManagerService
11-01 12:01:17.333 549 549 I SystemServiceManager: Starting com.android.server.healthconnect.HealthConnectManagerService
11-01 12:01:17.342 549 549 E HealthConnectResContext: Attempted to fetch resources before Health Connect resources APK is loaded!
11-01 12:01:17.342 549 549 E HealthConnectResContext: java.lang.IllegalStateException
11-01 12:01:17.342 549 549 E HealthConnectResContext: at com.android.server.healthconnect.migration.notification.HealthConnectResourcesContext.resolvePackageInfo(HealthConnectResourcesContext.java:129)
11-01 12:01:17.342 549 549 E HealthConnectResContext: at com.android.server.healthconnect.migration.notification.HealthConnectResourcesContext.initialisePackageNames(HealthConnectResourcesContext.java:87)
11-01 12:01:17.342 549 549 E HealthConnectResContext: at com.android.server.healthconnect.migration.notification.HealthConnectResourcesContext.(HealthConnectResourcesContext.java:83)
11-01 12:01:17.342 549 549 E HealthConnectResContext: at com.android.server.healthconnect.migration.notification.HealthConnectResourcesContext.(HealthConnectResourcesContext.java:70)
11-01 12:01:17.342 549 549 E HealthConnectResContext: at com.android.server.healthconnect.migration.notification.MigrationNotificationFactory.(MigrationNotificationFactory.java:107)
11-01 12:01:17.342 549 549 E HealthConnectResContext: at com.android.server.healthconnect.migration.notification.MigrationNotificationSender.(MigrationNotificationSender.java:60)
11-01 12:01:17.342 549 549 E HealthConnectResContext: at com.android.server.healthconnect.HealthConnectManagerService.(HealthConnectManagerService.java:105)
11-01 12:01:17.342 549 549 E HealthConnectResContext: at java.lang.reflect.Constructor.newInstance0(Native Method)
11-01 12:01:17.342 549 549 E HealthConnectResContext: at java.lang.reflect.Constructor.newInstance(Constructor.java:343)
11-01 12:01:17.342 549 549 E HealthConnectResContext: at com.android.server.SystemServiceManager.startService(SystemServiceManager.java:218)
11-01 12:01:17.342 549 549 E HealthConnectResContext: at com.android.server.SystemServiceManager.startService(SystemServiceManager.java:142)
11-01 12:01:17.342 549 549 E HealthConnectResContext: at com.android.server.SystemServer.startOtherServices(SystemServer.java:2864)
11-01 12:01:17.342 549 549 E HealthConnectResContext: at com.android.server.SystemServer.run(SystemServer.java:942)
11-01 12:01:17.342 549 549 E HealthConnectResContext: at com.android.server.SystemServer.main(SystemServer.java:664)
11-01 12:01:17.342 549 549 E HealthConnectResContext: at java.lang.reflect.Method.invoke(Native Method)
11-01 12:01:17.342 549 549 E HealthConnectResContext: at com.android.internal.os.RuntimeInit$MethodAndArgsCaller.run(RuntimeInit.java:552)
11-01 12:01:17.342 549 549 E HealthConnectResContext: at com.android.internal.os.ZygoteInit.main(ZygoteInit.java:949)
11-01 12:01:17.344 549 549 V SystemServerTiming: HealthConnectManagerService took to complete: 12ms
11-01 12:01:17.345 549 549 D SystemServerTiming: PhaseActivityManagerReady
11-01 12:01:17.345 549 549 D SystemServerTiming: controllersReady
11-01 12:01:17.349 549 622 D SystemServerTimingAsync: InitThreadPoolExec:Update app-ops uidState in case package org.qtproject.example.tst_qrhi changed
11-01 12:01:17.350 549 622 D SystemServerInitThreadPool: Started executing Update app-ops uidState in case package org.qtproject.example.tst_qrhi changed
11-01 12:01:17.350 549 622 D SystemServerInitThreadPool: Finished executing Update app-ops uidState in case package org.qtproject.example.tst_qrhi changed
11-01 12:01:17.351 549 622 V SystemServerTimingAsync: InitThreadPoolExec:Update app-ops uidState in case package org.qtproject.example.tst_qrhi changed took to complete: 1ms
11-01 12:01:17.351 549 622 D SystemServerTimingAsync: InitThreadPoolExec:Update app-ops uidState in case package com.google.android.safetycenter.resources changed
11-01 12:01:17.353 549 622 D SystemServerInitThreadPool: Started executing Update app-ops uidState in case package com.google.android.safetycenter.resources changed
11-01 12:01:17.353 549 622 D SystemServerInitThreadPool: Finished executing Update app-ops uidState in case package com.google.android.safetycenter.resources changed
11-01 12:01:17.354 549 622 V SystemServerTimingAsync: InitThreadPoolExec:Update app-ops uidState in case package com.google.android.safetycenter.resources changed took to complete: 1ms
11-01 12:01:17.354 549 622 D SystemServerTimingAsync: InitThreadPoolExec:Update app-ops uidState in case package com.google.android.sdksandbox changed
11-01 12:01:17.355 549 622 D SystemServerInitThreadPool: Started executing Update app-ops uidState in case package com.google.android.sdksandbox changed
11-01 12:01:17.355 549 622 D SystemServerInitThreadPool: Finished executing Update app-ops uidState in case package com.google.android.sdksandbox changed
11-01 12:01:17.356 549 622 V SystemServerTimingAsync: InitThreadPoolExec:Update app-ops uidState in case package com.google.android.sdksandbox changed took to complete: 1ms
11-01 12:01:17.356 549 622 D SystemServerTimingAsync: InitThreadPoolExec:Update app-ops uidState in case package com.google.android.adservices.api changed
11-01 12:01:17.357 549 622 D SystemServerInitThreadPool: Started executing Update app-ops uidState in case package com.google.android.adservices.api changed
11-01 12:01:17.357 549 622 D SystemServerInitThreadPool: Finished executing Update app-ops uidState in case package com.google.android.adservices.api changed
11-01 12:01:17.357 549 622 V SystemServerTimingAsync: InitThreadPoolExec:Update app-ops uidState in case package com.google.android.adservices.api changed took to complete: 0ms
11-01 12:01:17.357 549 622 D SystemServerTimingAsync: InitThreadPoolExec:Update app-ops uidState in case package com.google.android.ondevicepersonalization.services changed
11-01 12:01:17.357 549 622 D SystemServerInitThreadPool: Started executing Update app-ops uidState in case package com.google.android.ondevicepersonalization.services changed
11-01 12:01:17.357 549 622 D SystemServerInitThreadPool: Finished executing Update app-ops uidState in case package com.google.android.ondevicepersonalization.services changed
11-01 12:01:17.357 549 622 V SystemServerTimingAsync: InitThreadPoolExec:Update app-ops uidState in case package com.google.android.ondevicepersonalization.services changed took to complete: 0ms
11-01 12:01:17.357 549 622 D SystemServerTimingAsync: InitThreadPoolExec:Update app-ops uidState in case package com.google.android.federatedcompute changed
11-01 12:01:17.357 549 622 D SystemServerInitThreadPool: Started executing Update app-ops uidState in case package com.google.android.federatedcompute changed
11-01 12:01:17.357 549 622 D SystemServerInitThreadPool: Finished executing Update app-ops uidState in case package com.google.android.federatedcompute changed
11-01 12:01:17.357 549 622 V SystemServerTimingAsync: InitThreadPoolExec:Update app-ops uidState in case package com.google.android.federatedcompute changed took to complete: 0ms
11-01 12:01:17.357 549 622 D SystemServerTimingAsync: InitThreadPoolExec:Update app-ops uidState in case package com.google.android.cellbroadcastreceiver changed
11-01 12:01:17.357 549 622 D SystemServerInitThreadPool: Started executing Update app-ops uidState in case package com.google.android.cellbroadcastreceiver changed
11-01 12:01:17.358 549 622 D SystemServerInitThreadPool: Finished executing Update app-ops uidState in case package com.google.android.cellbroadcastreceiver changed
11-01 12:01:17.358 549 622 V SystemServerTimingAsync: InitThreadPoolExec:Update app-ops uidState in case package com.google.android.cellbroadcastreceiver changed took to complete: 0ms
11-01 12:01:17.358 549 622 D SystemServerTimingAsync: InitThreadPoolExec:Update app-ops uidState in case package com.google.android.rkpdapp changed
11-01 12:01:17.358 549 622 D SystemServerInitThreadPool: Started executing Update app-ops uidState in case package com.google.android.rkpdapp changed
11-01 12:01:17.358 549 622 D SystemServerInitThreadPool: Finished executing Update app-ops uidState in case package com.google.android.rkpdapp changed
11-01 12:01:17.358 549 622 V SystemServerTimingAsync: InitThreadPoolExec:Update app-ops uidState in case package com.google.android.rkpdapp changed took to complete: 0ms
11-01 12:01:17.358 549 622 D SystemServerTimingAsync: InitThreadPoolExec:Update app-ops uidState in case package com.android.virtualmachine.res changed
11-01 12:01:17.358 549 622 D SystemServerInitThreadPool: Started executing Update app-ops uidState in case package com.android.virtualmachine.res changed
11-01 12:01:17.358 549 622 D SystemServerInitThreadPool: Finished executing Update app-ops uidState in case package com.android.virtualmachine.res changed
11-01 12:01:17.358 549 622 V SystemServerTimingAsync: InitThreadPoolExec:Update app-ops uidState in case package com.android.virtualmachine.res changed took to complete: 0ms
11-01 12:01:17.358 549 622 D SystemServerTimingAsync: InitThreadPoolExec:Update app-ops uidState in case package com.google.android.ext.services changed
11-01 12:01:17.358 549 622 D SystemServerInitThreadPool: Started executing Update app-ops uidState in case package com.google.android.ext.services changed
