11-01 12:01:14.910 549 549 I ApexManager: Registering com.google.android.healthconnect.controller as apk-in-apex of com.android.healthfitness
11-01 12:01:14.915 549 549 I ApexManager: Registering com.google.android.health.connect.backuprestore as apk-in-apex of com.android.healthfitness
11-01 12:01:14.915 549 549 D PackageManager: No files in app dir /apex/com.android.sdkext/priv-app
11-01 12:01:14.915 549 549 D PackageManager: No files in app dir /apex/com.android.sdkext/app
11-01 12:01:14.919 549 549 I ApexManager: Registering com.google.android.providers.media.module as apk-in-apex of com.android.mediaprovider
11-01 12:01:14.920 549 549 D PackageManager: No files in app dir /apex/com.android.mediaprovider/app
11-01 12:01:14.924 549 549 I ApexManager: Registering com.google.android.cellbroadcastreceiver as apk-in-apex of com.android.cellbroadcast
11-01 12:01:14.926 549 549 I ApexManager: Registering com.google.android.cellbroadcastservice as apk-in-apex of com.android.cellbroadcast
11-01 12:01:14.927 549 549 D PackageManager: No files in app dir /apex/com.android.cellbroadcast/app
11-01 12:01:14.932 549 549 I ApexManager: Registering com.google.android.adservices.api as apk-in-apex of com.android.adservices
11-01 12:01:14.936 549 549 I ApexManager: Registering com.google.android.sdksandbox as apk-in-apex of com.android.adservices
11-01 12:01:14.937 549 549 D PackageManager: No files in app dir /apex/com.android.os.statsd/priv-app
11-01 12:01:14.937 549 549 D PackageManager: No files in app dir /apex/com.android.os.statsd/app
11-01 12:01:14.937 549 549 D PackageManager: No files in app dir /apex/com.android.conscrypt/priv-app
11-01 12:01:14.937 549 549 D PackageManager: No files in app dir /apex/com.android.conscrypt/app
11-01 12:01:14.939 549 549 I ApexManager: Registering com.android.cts.priv.ctsshim as apk-in-apex of com.android.apex.cts.shim
11-01 12:01:14.941 549 549 I ApexManager: Registering com.android.cts.ctsshim as apk-in-apex of com.android.apex.cts.shim
11-01 12:01:14.945 549 549 I ApexManager: Registering com.google.android.uwb.resources as apk-in-apex of com.android.uwb
11-01 12:01:14.945 549 549 D PackageManager: No files in app dir /apex/com.android.uwb/app
11-01 12:01:14.945 549 549 D PackageManager: No files in app dir /apex/com.android.media.swcodec/priv-app
11-01 12:01:14.945 549 549 D PackageManager: No files in app dir /apex/com.android.media.swcodec/app
11-01 12:01:14.946 549 549 D PackageManager: No files in app dir /apex/com.android.adbd/priv-app
11-01 12:01:14.946 549 549 D PackageManager: No files in app dir /apex/com.android.adbd/app
11-01 12:01:14.946 549 549 D PackageManager: No files in app dir /apex/com.google.mainline.primary.libs/priv-app
11-01 12:01:14.946 549 549 D PackageManager: No files in app dir /apex/com.google.mainline.primary.libs/app
11-01 12:01:14.947 549 549 D PackageManager: No files in app dir /apex/com.android.runtime/priv-app
11-01 12:01:14.947 549 549 D PackageManager: No files in app dir /apex/com.android.runtime/app
11-01 12:01:14.947 549 549 D PackageManager: No files in app dir /apex/com.android.resolv/priv-app
11-01 12:01:14.948 549 549 D PackageManager: No files in app dir /apex/com.android.resolv/app
11-01 12:01:14.948 549 549 D PackageManager: No files in app dir /apex/com.google.android.widevine/priv-app
11-01 12:01:14.948 549 549 D PackageManager: No files in app dir /apex/com.google.android.widevine/app
11-01 12:01:14.948 549 549 D PackageManager: No files in app dir /apex/com.android.configinfrastructure/priv-app
11-01 12:01:14.949 549 549 D PackageManager: No files in app dir /apex/com.android.configinfrastructure/app
11-01 12:01:14.952 549 549 I ApexManager: Registering com.google.android.connectivity.resources as apk-in-apex of com.android.tethering
11-01 12:01:14.953 549 549 I ApexManager: Registering com.google.android.networkstack.tethering as apk-in-apex of com.android.tethering
11-01 12:01:14.956 549 549 I ApexManager: Registering com.google.android.nearby.halfsheet as apk-in-apex of com.android.tethering
11-01 12:01:14.957 549 549 D PackageManager: No files in app dir /apex/com.android.vndk.v34/priv-app
11-01 12:01:14.957 549 549 D PackageManager: No files in app dir /apex/com.android.vndk.v34/app
11-01 12:01:14.959 549 549 I ApexManager: Registering com.google.android.safetycenter.resources as apk-in-apex of com.android.permission
11-01 12:01:14.961 549 549 I ApexManager: Registering com.google.android.permissioncontroller as apk-in-apex of com.android.permission
11-01 12:01:14.962 549 549 D PackageManager: No files in app dir /apex/com.android.permission/app
11-01 12:01:14.962 549 549 D PackageManager: No files in app dir /apex/com.android.media/priv-app
11-01 12:01:14.962 549 549 D PackageManager: No files in app dir /apex/com.android.media/app
11-01 12:01:14.963 549 549 D PackageManager: No files in app dir /apex/com.android.scheduling/priv-app
11-01 12:01:14.963 549 549 D PackageManager: No files in app dir /apex/com.android.scheduling/app
11-01 12:01:14.974 549 549 I PackageManager: Finished scanning system apps. Time: 433 ms, packageCount: 247 , timePerPackage: 1 , cached: 250
11-01 12:01:14.978 549 549 W PackageManager: Relax SCAN_REQUIRE_KNOWN requirement for package com.google.android.webview
11-01 12:01:14.980 549 549 W PackageManager: Relax SCAN_REQUIRE_KNOWN requirement for package com.google.android.trichromelibrary_567263637
11-01 12:01:14.982 549 549 W PackageManager: Relax SCAN_REQUIRE_KNOWN requirement for package com.android.chrome
11-01 12:01:14.985 549 549 I PackageManager: Finished scanning non-system apps. Time: 11 ms, packageCount: 3 , timePerPackage: 3 , cached: 3
11-01 12:01:14.986 549 549 W PackageManager: There should probably be a verifier, but, none were found
11-01 12:01:14.991 549 549 I PackageManager: Time to scan packages: 0.45 seconds
11-01 12:01:14.992 549 549 I PermissionManager: Permission ownership changed. Updating all permissions.
11-01 12:01:15.036 549 549 V PackageManager: reconcileAppsData for null u0 0x1 migrateAppData=true
11-01 12:01:15.040 549 549 W PackageManager: Odd, missing scanned package org.qtproject.example.tst_qrhi
11-01 12:01:15.043 490 500 I SELinux : SELinux: Loaded file context from:
11-01 12:01:15.043 490 500 I SELinux : /system/etc/selinux/plat_file_contexts
11-01 12:01:15.043 490 500 I SELinux : /system_ext/etc/selinux/system_ext_file_contexts
11-01 12:01:15.043 490 500 I SELinux : /vendor/etc/selinux/vendor_file_contexts
11-01 12:01:15.074 549 549 V PackageManager: reconcileAppsData finished 25 packages
11-01 12:01:15.075 549 549 D PackageManagerTiming: write settings
11-01 12:01:15.075 549 622 D SystemServerTimingAsync: InitThreadPoolExec:prepareAppData
11-01 12:01:15.075 549 622 D SystemServerInitThreadPool: Started executing prepareAppData
11-01 12:01:15.107 549 549 I SELinux : SELinux: Loaded file context from:
11-01 12:01:15.107 549 549 I SELinux : /system/etc/selinux/plat_file_contexts
11-01 12:01:15.107 549 549 I SELinux : /system_ext/etc/selinux/system_ext_file_contexts
11-01 12:01:15.107 549 549 I SELinux : /vendor/etc/selinux/vendor_file_contexts
11-01 12:01:15.111 549 549 W PackageSettings: Skipping PackageSetting{7cd576d org.qtproject.example.tst_qrhi/10494} due to missing metadata
11-01 12:01:15.116 549 549 V PackageManagerTiming: write settings took to complete: 41ms
11-01 12:01:15.119 549 549 V PackageManager: Ephemeral resolver found; pkg: com.google.android.gms, info:ResolveInfo{4bc13ee com.google.android.gms/.chimera.PersistentBoundBrokerService m=0x108000 userHandle=null}
11-01 12:01:15.119 549 549 D PackageManager: Set ephemeral resolver: ComponentInfo{com.google.android.gms/com.google.android.gms.chimera.PersistentBoundBrokerService}
11-01 12:01:15.119 549 549 D PackageManager: Instant App installer not found with android.intent.action.INSTALL_INSTANT_APP_PACKAGE
11-01 12:01:15.120 549 549 D PackageManager: Clear ephemeral installer activity
11-01 12:01:15.123 549 549 D PackageManagerTiming: GC
11-01 12:01:15.124 549 549 V PackageManagerTiming: GC took to complete: 0ms
11-01 12:01:15.124 549 549 I PackageManager: Fix for b/169414761 is applied
11-01 12:01:15.124 549 549 V PackageManagerTiming: create package manager took to complete: 770ms
11-01 12:01:15.125 549 549 V UserSystemPackageInstaller: Checking that all system packages are whitelisted.
11-01 12:01:15.129 549 549 W UserSystemPackageInstaller: checkWhitelistedSystemPackages(mode=d) has 60 warnings:
11-01 12:01:15.129 549 549 W UserSystemPackageInstaller: com.android.theme.color.amethyst is allowlisted but not present.
11-01 12:01:15.130 549 549 W UserSystemPackageInstaller: com.android.theme.icon.pebble is allowlisted but not present.
11-01 12:01:15.130 549 549 W UserSystemPackageInstaller: com.android.theme.color.sand is allowlisted but not present.
11-01 12:01:15.130 549 549 W UserSystemPackageInstaller: com.android.theme.icon.vessel is allowlisted but not present.
11-01 12:01:15.131 549 549 W UserSystemPackageInstaller: com.android.theme.color.cinnamon is allowlisted but not present.
11-01 12:01:15.131 549 549 W UserSystemPackageInstaller: com.android.theme.icon_pack.victor.settings is allowlisted but not present.
11-01 12:01:15.131 549 549 W UserSystemPackageInstaller: com.android.theme.icon_pack.rounded.systemui is allowlisted but not present.
11-01 12:01:15.131 549 549 W UserSystemPackageInstaller: com.android.theme.icon.taperedrect is allowlisted but not present.
11-01 12:01:15.131 549 549 W UserSystemPackageInstaller: com.android.documentsui is allowlisted but not present.
11-01 12:01:15.131 549 549 W UserSystemPackageInstaller: com.android.quicksearchbox is allowlisted but not present.
11-01 12:01:15.132 549 549 W UserSystemPackageInstaller: com.android.messaging is allowlisted but not present.
11-01 12:01:15.132 549 549 W UserSystemPackageInstaller: com.android.theme.icon_pack.rounded.android is allowlisted but not present.
11-01 12:01:15.132 549 549 W UserSystemPackageInstaller: com.android.internal.systemui.onehanded.gestural is allowlisted but not present.
11-01 12:01:15.132 549 549 W UserSystemPackageInstaller: com.android.theme.icon_pack.victor.systemui is allowlisted but not present.
11-01 12:01:15.133 549 549 W UserSystemPackageInstaller: com.android.theme.icon_pack.circular.themepicker is allowlisted but not present.
11-01 12:01:15.134 549 549 W UserSystemPackageInstaller: com.android.theme.color.tangerine is allowlisted but not present.
11-01 12:01:15.134 549 549 W UserSystemPackageInstaller: com.android.theme.color.aquamarine is allowlisted but not present.
11-01 12:01:15.135 549 549 W UserSystemPackageInstaller: com.android.theme.color.black is allowlisted but not present.
11-01 12:01:15.135 549 549 W UserSystemPackageInstaller: com.android.theme.color.green is allowlisted but not present.
11-01 12:01:15.135 549 549 W UserSystemPackageInstaller: com.android.theme.color.ocean is allowlisted but not present.
11-01 12:01:15.135 549 549 W UserSystemPackageInstaller: com.android.theme.color.space is allowlisted but not present.
11-01 12:01:15.135 549 549 W UserSystemPackageInstaller: com.android.contacts is allowlisted but not present.
11-01 12:01:15.135 549 549 W UserSystemPackageInstaller: com.android.theme.icon_pack.rounded.launcher is allowlisted but not present.
11-01 12:01:15.135 549 549 W UserSystemPackageInstaller: com.android.theme.icon_pack.kai.settings is allowlisted but not present.
11-01 12:01:15.135 549 549 W UserSystemPackageInstaller: com.android.theme.icon_pack.sam.settings is allowlisted but not present.
11-01 12:01:15.135 549 549 W UserSystemPackageInstaller: com.android.calendar is allowlisted but not present.
11-01 12:01:15.135 549 549 W UserSystemPackageInstaller: com.android.theme.icon_pack.kai.themepicker is allowlisted but not present.
11-01 12:01:15.136 549 549 W UserSystemPackageInstaller: com.android.theme.icon_pack.victor.launcher is allowlisted but not present.
11-01 12:01:15.136 549 549 W UserSystemPackageInstaller: com.android.theme.icon_pack.filled.settings is allowlisted but not present.
11-01 12:01:15.136 549 549 W UserSystemPackageInstaller: com.android.theme.icon_pack.kai.systemui is allowlisted but not present.
11-01 12:01:15.136 549 549 W UserSystemPackageInstaller: com.android.theme.icon_pack.circular.settings is allowlisted but not present.
11-01 12:01:15.136 549 549 W UserSystemPackageInstaller: com.android.theme.icon_pack.sam.systemui is allowlisted but not present.
11-01 12:01:15.136 549 549 W UserSystemPackageInstaller: com.android.theme.icon.teardrop is allowlisted but not present.
11-01 12:01:15.136 549 549 W UserSystemPackageInstaller: com.android.theme.icon_pack.rounded.themepicker is allowlisted but not present.
11-01 12:01:15.136 549 549 W UserSystemPackageInstaller: com.android.dialer is allowlisted but not present.
11-01 12:01:15.136 549 549 W UserSystemPackageInstaller: com.android.gallery3d is allowlisted but not present.
11-01 12:01:15.136 549 549 W UserSystemPackageInstaller: com.android.theme.icon_pack.filled.systemui is allowlisted but not present.
11-01 12:01:15.137 549 549 W UserSystemPackageInstaller: com.android.theme.icon_pack.sam.android is allowlisted but not present.
11-01 12:01:15.137 549 549 W UserSystemPackageInstaller: com.android.theme.icon_pack.filled.android is allowlisted but not present.
11-01 12:01:15.137 549 549 W UserSystemPackageInstaller: com.android.theme.icon_pack.circular.systemui is allowlisted but not present.
11-01 12:01:15.137 549 549 W UserSystemPackageInstaller: com.android.inputmethod.latin is allowlisted but not present.
11-01 12:01:15.137 549 549 W UserSystemPackageInstaller: com.android.theme.icon_pack.kai.android is allowlisted but not present.
11-01 12:01:15.137 549 549 W UserSystemPackageInstaller: com.android.theme.icon_pack.kai.launcher is allowlisted but not present.
11-01 12:01:15.137 549 549 W UserSystemPackageInstaller: com.android.theme.icon_pack.sam.launcher is allowlisted but not present.
11-01 12:01:15.137 549 549 W UserSystemPackageInstaller: com.android.theme.icon.squircle is allowlisted but not present.
11-01 12:01:15.138 549 549 W UserSystemPackageInstaller: com.android.theme.icon_pack.victor.android is allowlisted but not present.
11-01 12:01:15.138 549 549 W UserSystemPackageInstaller: com.android.theme.color.palette is allowlisted but not present.
11-01 12:01:15.138 549 549 W UserSystemPackageInstaller: com.android.theme.icon_pack.filled.launcher is allowlisted but not present.
11-01 12:01:15.138 549 549 W UserSystemPackageInstaller: com.android.theme.color.carbon is allowlisted but not present.
11-01 12:01:15.138 549 549 W UserSystemPackageInstaller: com.android.theme.icon_pack.circular.launcher is allowlisted but not present.
11-01 12:01:15.138 549 549 W UserSystemPackageInstaller: com.android.theme.icon_pack.filled.themepicker is allowlisted but not present.
11-01 12:01:15.138 549 549 W UserSystemPackageInstaller: com.android.theme.icon_pack.victor.themepicker is allowlisted but not present.
11-01 12:01:15.138 549 549 W UserSystemPackageInstaller: com.android.theme.color.orchid is allowlisted but not present.
11-01 12:01:15.139 549 549 W UserSystemPackageInstaller: com.android.deskclock is allowlisted but not present.
11-01 12:01:15.139 549 549 W UserSystemPackageInstaller: com.android.theme.color.purple is allowlisted but not present.
11-01 12:01:15.139 549 549 W UserSystemPackageInstaller: com.android.theme.icon_pack.sam.themepicker is allowlisted but not present.
11-01 12:01:15.139 549 549 W UserSystemPackageInstaller: com.android.wallpaperpicker is allowlisted but not present.
11-01 12:01:15.139 549 549 W UserSystemPackageInstaller: com.android.theme.icon.roundedrect is allowlisted but not present.
11-01 12:01:15.139 549 549 W UserSystemPackageInstaller: com.android.theme.icon_pack.rounded.settings is allowlisted but not present.
11-01 12:01:15.139 549 549 W UserSystemPackageInstaller: com.android.theme.icon_pack.circular.android is allowlisted but not present.
11-01 12:01:15.141 549 549 I Watchdog: Resuming HandlerChecker: main thread for reason: packagemanagermain. Pause count: 0
11-01 12:01:15.141 549 549 V SystemServerTiming: StartPackageManagerService took to complete: 786ms
11-01 12:01:15.141 549 549 D SystemServerTiming: DexUseManagerLocal
11-01 12:01:15.151 494 505 I ServiceManagerCppClient: Waiting for service 'package_native' on '/dev/binder' successful after waiting 3378ms
11-01 12:01:15.158 549 549 V SystemServerTiming: DexUseManagerLocal took to complete: 16ms
11-01 12:01:15.158 549 549 D SystemServerTiming: StartOtaDexOptService
11-01 12:01:15.158 549 549 I Watchdog: Pausing HandlerChecker: main thread for reason: moveab. Pause count: 1
11-01 12:01:15.159 498 498 I ServiceManagerCppClient: Waiting for service 'package_native' on '/dev/binder' successful after waiting 3418ms
11-01 12:01:15.159 549 549 D OTADexopt: No upgrade, skipping A/B artifacts check.
11-01 12:01:15.159 549 549 I Watchdog: Resuming HandlerChecker: main thread for reason: moveab. Pause count: 0
11-01 12:01:15.159 549 549 V SystemServerTiming: StartOtaDexOptService took to complete: 0ms
11-01 12:01:15.159 549 549 D SystemServerTiming: StartUserManagerService
11-01 12:01:15.159 549 549 I SystemServiceManager: Starting com.android.server.pm.UserManagerService$LifeCycle
11-01 12:01:15.162 498 498 W BpBinder: Linking to death on android.hardware.health.IHealth but there are no threads (yet?) listening to incoming transactions. See ProcessState::startThreadPool and ProcessState::setThreadPoolMaxThreadCount. Generally you should setup the binder threadpool before other initialization steps.
11-01 12:01:15.162 549 549 V SystemServerTiming: StartUserManagerService took to complete: 4ms
11-01 12:01:15.162 549 549 D SystemServerTiming: InitAttributerCache
11-01 12:01:15.163 549 549 V SystemServerTiming: InitAttributerCache took to complete: 0ms
11-01 12:01:15.163 549 549 D SystemServerTiming: SetSystemProcess
11-01 12:01:15.166 498 626 I storaged: storaged: Start
11-01 12:01:15.167 549 562 V HistoricalRegistry: Interaction before persistence initialized
11-01 12:01:15.167 549 563 V HistoricalRegistry: Interaction before persistence initialized
11-01 12:01:15.171 549 586 I ActivityManager: Connection with lmkd established
11-01 12:01:15.171 156 156 I lowmemorykiller: lmkd data connection established
11-01 12:01:15.173 549 549 V SystemServerTiming: SetSystemProcess took to complete: 10ms
11-01 12:01:15.174 549 549 D CompatibilityChangeReporter: Compat change id reported: 161145287; UID 1000; state: ENABLED
11-01 12:01:15.175 549 549 D SystemServerTiming: InitWatchdog
11-01 12:01:15.175 549 549 V SystemServerTiming: InitWatchdog took to complete: 0ms
11-01 12:01:15.186 549 563 V HistoricalRegistry: Interaction before persistence initialized
11-01 12:01:15.186 417 417 I audioserver: Waiting for sensor privacy service
11-01 12:01:15.210 549 549 D SystemServerTiming: StartOverlayManagerService
11-01 12:01:16.087 0 0 I init : service 'idmap2d' requested start, but it is already running (flags: 4)
11-01 12:01:16.092 0 0 I init : Control message: Processed ctl.start for 'idmap2d' from pid: 549 (system_server)
11-01 12:01:15.229 549 558 I system_server: Background concurrent copying GC freed 450980(22MB) AllocSpace objects, 160(10MB) LOS objects, 49% free, 12MB/25MB, paused 162us,32us total 105.453ms
11-01 12:01:15.232 486 495 W idmap2d : failed to parse idmap header of '/data/resource-cache/product@overlay@ManagedProvisioning__auto_generated_rro_product.apk@idmap'
11-01 12:01:15.239 549 560 W System : A resource was acquired at attached stack trace but never released. See java.io.Closeable for information on avoiding resource leaks.
11-01 12:01:15.241 549 560 W System : java.lang.Throwable: Explicit termination method 'close' not called
11-01 12:01:15.241 549 560 W System : at dalvik.system.CloseGuard.openWithCallSite(CloseGuard.java:288)
11-01 12:01:15.241 549 560 W System : at dalvik.system.CloseGuard.open(CloseGuard.java:257)
11-01 12:01:15.241 549 560 W System : at java.io.FileInputStream.(FileInputStream.java:176)
11-01 12:01:15.241 549 560 W System : at android.util.AtomicFile.openRead(AtomicFile.java:260)
11-01 12:01:15.241 549 560 W System : at com.android.server.appop.AppOpsCheckingServiceImpl.readState(AppOpsCheckingServiceImpl.java:839)
11-01 12:01:15.241 549 560 W System : at com.android.server.appop.AppOpsCheckingServiceTracingDecorator.readState(AppOpsCheckingServiceTracingDecorator.java:59)
11-01 12:01:15.241 549 560 W System : at com.android.server.appop.AppOpsService.(AppOpsService.java:954)
11-01 12:01:15.241 549 560 W System : at com.android.server.am.ActivityManagerService$Injector.getAppOpsService(ActivityManagerService.java:19557)
11-01 12:01:15.241 549 560 W System : at com.android.server.am.ActivityManagerService.(ActivityManagerService.java:2524)
11-01 12:01:15.241 549 560 W System : at com.android.server.am.ActivityManagerService$Lifecycle.(ActivityManagerService.java:2205)
11-01 12:01:15.241 549 560 W System : at java.lang.reflect.Constructor.newInstance0(Native Method)
11-01 12:01:15.241 549 560 W System : at java.lang.reflect.Constructor.newInstance(Constructor.java:343)
11-01 12:01:15.241 549 560 W System : at com.android.server.SystemServiceManager.startService(SystemServiceManager.java:218)
11-01 12:01:15.241 549 560 W System : at com.android.server.am.ActivityManagerService$Lifecycle.startService(ActivityManagerService.java:2211)
11-01 12:01:15.241 549 560 W System : at com.android.server.SystemServer.startBootstrapServices(SystemServer.java:1144)
11-01 12:01:15.241 549 560 W System : at com.android.server.SystemServer.run(SystemServer.java:940)
11-01 12:01:15.241 549 560 W System : at com.android.server.SystemServer.main(SystemServer.java:664)
11-01 12:01:15.241 549 560 W System : at java.lang.reflect.Method.invoke(Native Method)
11-01 12:01:15.241 549 560 W System : at com.android.internal.os.RuntimeInit$MethodAndArgsCaller.run(RuntimeInit.java:552)
11-01 12:01:15.241 549 560 W System : at com.android.internal.os.ZygoteInit.main(ZygoteInit.java:949)
11-01 12:01:15.242 486 495 W idmap2d : failed to find resource 'array/vendor_required_apps_managed_device'
11-01 12:01:15.242 486 495 W idmap2d : failed to find resource 'array/vendor_required_apps_managed_profile'
11-01 12:01:15.242 486 495 W idmap2d : failed to find resource 'array/vendor_required_apps_managed_user'
11-01 12:01:15.242 486 495 E idmap2d : no resources were overlaid
11-01 12:01:15.259 486 495 W idmap2d : failed to parse idmap header of '/data/resource-cache/vendor@overlay@SystemUIGoogle__auto_generated_rro_vendor.apk@idmap'
11-01 12:01:15.271 486 495 W idmap2d : failed to find resource 'bool/config_show4GForLTE'
11-01 12:01:15.271 486 495 E idmap2d : no resources were overlaid
11-01 12:01:15.290 549 622 V SystemServerTimingAsync: AppDataFixup took to complete: 215ms
11-01 12:01:15.291 549 622 W PackageManager: Skipping preparing app data for com.google.android.devicelock
11-01 12:01:15.291 549 622 W PackageManager: Skipping preparing app data for com.google.android.tzdata5
11-01 12:01:15.291 549 622 W PackageManager: Skipping preparing app data for com.google.android.ondevicepersonalization
11-01 12:01:15.291 549 622 W PackageManager: Skipping preparing app data for com.google.android.media.swcodec
11-01 12:01:15.291 549 622 W PackageManager: Skipping preparing app data for com.google.android.os.statsd
11-01 12:01:15.291 549 622 W PackageManager: Skipping preparing app data for com.google.android.widevine.nonupdatable
11-01 12:01:15.291 549 622 W PackageManager: Skipping preparing app data for com.google.mainline.primary.libs
11-01 12:01:15.291 549 622 W PackageManager: Skipping preparing app data for com.google.android.extservices
11-01 12:01:15.291 549 622 W PackageManager: Skipping preparing app data for com.google.android.sdksandbox
11-01 12:01:15.291 549 622 W PackageManager: Skipping preparing app data for com.google.android.healthfitness
11-01 12:01:15.291 549 622 W PackageManager: Skipping preparing app data for com.google.android.ipsec
11-01 12:01:15.291 549 622 W PackageManager: Skipping preparing app data for com.google.android.media
11-01 12:01:15.292 549 622 W PackageManager: Skipping preparing app data for com.android.i18n
11-01 12:01:15.292 549 622 W PackageManager: Skipping preparing app data for com.android.virt
11-01 12:01:15.292 549 622 W PackageManager: Skipping preparing app data for com.google.android.appsearch
11-01 12:01:15.292 549 622 W PackageManager: Skipping preparing app data for com.google.android.configinfrastructure
11-01 12:01:15.292 549 622 W PackageManager: Skipping preparing app data for com.google.android.cellbroadcast
11-01 12:01:15.292 549 622 W PackageManager: Skipping preparing app data for com.android.apex.cts.shim
11-01 12:01:15.292 549 622 W PackageManager: Skipping preparing app data for com.google.android.resolv
11-01 12:01:15.292 549 622 W PackageManager: Skipping preparing app data for com.google.android.sdkext
11-01 12:01:15.292 549 622 W PackageManager: Skipping preparing app data for com.google.android.art
11-01 12:01:15.292 549 622 W PackageManager: Skipping preparing app data for com.google.android.uwb
11-01 12:01:15.292 549 622 W PackageManager: Skipping preparing app data for com.google.android.runtime
11-01 12:01:15.292 549 622 W PackageManager: Skipping preparing app data for com.google.android.adservices
11-01 12:01:15.292 549 622 W PackageManager: Skipping preparing app data for com.google.android.scheduling
11-01 12:01:15.292 549 622 W PackageManager: Skipping preparing app data for com.google.android.mediaprovider
11-01 12:01:15.293 549 622 W PackageManager: Skipping preparing app data for com.google.android.permission
11-01 12:01:15.293 549 622 W PackageManager: Skipping preparing app data for com.google.android.neuralnetworks
11-01 12:01:15.293 549 622 W PackageManager: Skipping preparing app data for com.google.android.tethering
11-01 12:01:15.293 549 622 W PackageManager: Skipping preparing app data for com.google.android.btservices
11-01 12:01:15.293 549 622 W PackageManager: Skipping preparing app data for com.google.android.adbd
11-01 12:01:15.293 549 622 W PackageManager: Skipping preparing app data for com.google.android.rkpd
11-01 12:01:15.293 549 622 W PackageManager: Skipping preparing app data for com.google.android.wifi
11-01 12:01:15.293 549 622 W PackageManager: Skipping preparing app data for com.google.android.conscrypt
11-01 12:01:15.293 549 622 W PackageManager: Skipping preparing app data for com.google.android.vndk.v34
11-01 12:01:15.330 490 500 W cutils : Expected path /data/user_de/0/com.google.android.gms with mode 700 but found 711
11-01 12:01:15.358 549 622 V SystemServerTimingAsync: AppDataPrepare took to complete: 67ms
11-01 12:01:15.358 549 622 I PackageManager: Deferred reconcileAppsData finished 225 packages
11-01 12:01:15.358 549 622 D SystemServerInitThreadPool: Finished executing prepareAppData
11-01 12:01:15.358 549 622 V SystemServerTimingAsync: InitThreadPoolExec:prepareAppData took to complete: 283ms
11-01 12:01:15.425 549 549 V SystemServerTiming: StartOverlayManagerService took to complete: 215ms
11-01 12:01:15.425 549 549 D SystemServerTiming: StartResourcesManagerService
11-01 12:01:15.425 549 549 V SystemServerTiming: StartResourcesManagerService took to complete: 0ms
11-01 12:01:15.425 549 549 D SystemServerTiming: StartSensorPrivacyService
11-01 12:01:15.430 549 549 V SystemServerTiming: StartSensorPrivacyService took to complete: 4ms
11-01 12:01:15.430 549 549 D SystemServerTiming: StartSensorService
11-01 12:01:15.430 549 549 I SystemServiceManager: Starting com.android.server.sensors.SensorService
11-01 12:01:15.432 549 549 V SystemServerTiming: StartSensorService took to complete: 1ms
11-01 12:01:15.432 549 549 V SystemServerTiming: startBootstrapServices took to complete: 1466ms
11-01 12:01:15.432 549 572 W ActivityTaskManager: Skip updateConfiguration because mWindowManager isn't set
11-01 12:01:15.433 549 549 D SystemServerTiming: startCoreServices
11-01 12:01:15.433 549 549 D SystemServerTiming: StartSystemConfigService
11-01 12:01:15.433 549 572 W BroadcastLoopers: Found previously unknown looper Thread[android.fg,5,main]
11-01 12:01:15.433 549 549 I SystemServiceManager: Starting com.android.server.SystemConfigService
11-01 12:01:15.434 549 632 D SystemServerTimingAsync: InitThreadPoolExec:StartNativeSensorService
11-01 12:01:15.434 549 632 D SystemServerInitThreadPool: Started executing StartNativeSensorService
11-01 12:01:15.434 549 632 D SystemServerTimingAsync: StartNativeSensorService
11-01 12:01:15.434 549 632 D SensorService: nuSensorService starting...
11-01 12:01:15.434 549 549 V SystemServerTiming: StartSystemConfigService took to complete: 1ms
11-01 12:01:15.434 549 549 D SystemServerTiming: StartBatteryService
11-01 12:01:15.434 549 549 I SystemServiceManager: Starting com.android.server.BatteryService
11-01 12:01:16.306 0 0 I servicemanager: Found android.hardware.sensors.ISensors/default in device VINTF manifest.
11-01 12:01:15.447 417 417 D audioserver: main: AudioPolicy created
11-01 12:01:15.448 494 625 W AudioAnalytics: onAudioServerStart: (key=audio.policy) AudioPolicy ctor, loadTimeMs:3685.869141
11-01 12:01:15.448 417 417 D audioserver: main: Do not init aaudio service, status 0, policy info size 1
11-01 12:01:15.448 417 417 I audioserver: main: initialization done in 5019.681 ms, joining thread pool
11-01 12:01:15.449 549 632 W SensorService: Goldfish 3-axis Accelerometer's max range 39.299999237061 is not a multiple of the resolution 0.000248015887 - updated to 39.300102233887
11-01 12:01:15.449 549 632 I SensorService: Goldfish Ambient Temperature sensor's reported power 0.000000 invalid, clamped to 0.001000
11-01 12:01:15.449 549 632 W SensorService: Goldfish 3-axis Accelerometer Uncalibrated's max range 39.299999237061 is not a multiple of the resolution 0.000248015887 - updated to 39.300102233887
11-01 12:01:15.456 549 635 D SensorService: new thread SensorEventAckReceiver
11-01 12:01:15.457 549 636 D SensorService: nuSensorService thread starting...
11-01 12:01:15.457 549 632 V HistoricalRegistry: Interaction before persistence initialized
11-01 12:01:16.320 0 0 I servicemanager: Found android.hardware.health.IHealth/default in device VINTF manifest.
11-01 12:01:15.458 549 632 V SystemServerTimingAsync: StartNativeSensorService took to complete: 25ms
11-01 12:01:15.458 549 632 D SystemServerInitThreadPool: Finished executing StartNativeSensorService
11-01 12:01:15.459 549 632 V SystemServerTimingAsync: InitThreadPoolExec:StartNativeSensorService took to complete: 25ms
11-01 12:01:15.461 410 410 I android.hardware.lights-service.example: Lights setting state for id=3 to color ff00ff00
11-01 12:01:15.468 549 549 I HealthServiceWrapperAidl: health: HealthServiceWrapper listening to AIDL HAL
11-01 12:01:15.468 549 549 I BatteryService: health: Waited 0ms and received the update.
11-01 12:01:15.468 549 549 V SystemServerTiming: StartBatteryService took to complete: 34ms
11-01 12:01:15.469 549 549 D SystemServerTiming: StartUsageService
11-01 12:01:15.469 549 549 I SystemServiceManager: Starting com.android.server.usage.UsageStatsService
11-01 12:01:16.332 0 0 W healthd : battery l=100 v=5000 t=25.0 h=2 st=2 c=900000 fc=3000000 cc=10 chg=a
11-01 12:01:15.473 549 549 V SystemServerTiming: StartUsageService took to complete: 4ms
11-01 12:01:15.473 549 549 D SystemServerTiming: StartWebViewUpdateService
11-01 12:01:15.473 549 549 I SystemServiceManager: Starting com.android.server.webkit.WebViewUpdateService
11-01 12:01:15.475 549 549 V SystemServerTiming: StartWebViewUpdateService took to complete: 2ms
11-01 12:01:15.475 549 549 D SystemServerTiming: StartCachedDeviceStateService
11-01 12:01:15.475 549 549 I SystemServiceManager: Starting com.android.server.CachedDeviceStateService
11-01 12:01:15.475 549 549 V SystemServerTiming: StartCachedDeviceStateService took to complete: 0ms
11-01 12:01:15.475 549 549 D SystemServerTiming: StartBinderCallsStatsService
11-01 12:01:15.475 549 549 I SystemServiceManager: Starting com.android.server.BinderCallsStatsService$LifeCycle
11-01 12:01:15.476 549 549 V SystemServerTiming: StartBinderCallsStatsService took to complete: 1ms
11-01 12:01:15.476 549 549 D SystemServerTiming: StartLooperStatsService
11-01 12:01:15.476 549 549 I SystemServiceManager: Starting com.android.server.LooperStatsService$Lifecycle
11-01 12:01:15.476 549 549 V SystemServerTiming: StartLooperStatsService took to complete: 1ms
11-01 12:01:15.477 549 549 D SystemServerTiming: StartRollbackManagerService
11-01 12:01:15.477 549 549 I SystemServiceManager: Starting com.android.server.rollback.RollbackManagerService
11-01 12:01:15.478 490 500 D installd: Found quota mount /dev/block/dm-40 at /data
11-01 12:01:15.478 490 500 D installd: Found quota mount /dev/block/dm-40 at /data/user/0
11-01 12:01:15.479 549 549 I PackageWatchdog: Syncing state, reason: added new observer
11-01 12:01:15.480 549 549 I PackageWatchdog: Not pruning observers, elapsed time: 0ms
11-01 12:01:15.480 549 583 I PackageWatchdog: Saving observer state to file
11-01 12:01:15.484 549 549 V SystemServerTiming: StartRollbackManagerService took to complete: 8ms
11-01 12:01:15.485 549 549 D SystemServerTiming: StartNativeTombstoneManagerService
11-01 12:01:15.485 549 549 I SystemServiceManager: Starting com.android.server.os.NativeTombstoneManagerService
11-01 12:01:15.486 549 549 V SystemServerTiming: StartNativeTombstoneManagerService took to complete: 1ms
11-01 12:01:15.486 549 549 D SystemServerTiming: StartBugreportManagerService
11-01 12:01:15.486 549 549 I SystemServiceManager: Starting com.android.server.os.BugreportManagerService
11-01 12:01:15.487 549 549 V SystemServerTiming: StartBugreportManagerService took to complete: 1ms
11-01 12:01:15.487 549 549 D SystemServerTiming: GpuService
11-01 12:01:15.487 549 549 I SystemServiceManager: Starting com.android.server.gpu.GpuService
11-01 12:01:15.488 549 549 V SystemServerTiming: GpuService took to complete: 1ms
11-01 12:01:15.488 549 549 D SystemServerTiming: StartRemoteProvisioningService
11-01 12:01:15.488 549 549 I SystemServiceManager: Starting com.android.server.security.rkp.RemoteProvisioningService
11-01 12:01:15.489 549 549 V SystemServerTiming: StartRemoteProvisioningService took to complete: 1ms
11-01 12:01:15.489 549 549 D SystemServerTiming: CpuMonitorService
11-01 12:01:15.489 549 549 I SystemServiceManager: Starting com.android.server.cpu.CpuMonitorService
11-01 12:01:15.495 549 549 I CpuMonitorService: Starting debug monitoring
11-01 12:01:15.496 549 549 V SystemServerTiming: CpuMonitorService took to complete: 7ms
11-01 12:01:15.496 549 549 V SystemServerTiming: startCoreServices took to complete: 63ms
11-01 12:01:15.496 549 549 D SystemServerTiming: startOtherServices
11-01 12:01:15.497 549 549 D SystemServerTiming: StartKeyAttestationApplicationIdProviderService
11-01 12:01:15.497 549 642 W CpuMonitorService: Skipping reading from device and returning the last read CpuInfos. Last read was 4 ms ago, min read interval is 500 ms
11-01 12:01:15.497 549 549 V SystemServerTiming: StartKeyAttestationApplicationIdProviderService took to complete: 1ms
11-01 12:01:15.498 549 549 D SystemServerTiming: StartKeyChainSystemService
11-01 12:01:15.498 549 549 I SystemServiceManager: Starting com.android.server.security.KeyChainSystemService
11-01 12:01:15.498 549 643 D SystemServerTimingAsync: InitThreadPoolExec:SecondaryZygotePreload
11-01 12:01:15.498 549 549 V SystemServerTiming: StartKeyChainSystemService took to complete: 1ms
11-01 12:01:15.498 549 549 D SystemServerTiming: StartBinaryTransparencyService
11-01 12:01:15.499 549 643 D SystemServerInitThreadPool: Started executing SecondaryZygotePreload
11-01 12:01:15.499 549 643 I SystemServer: SecondaryZygotePreload
11-01 12:01:15.499 549 643 D SystemServerTimingAsync: SecondaryZygotePreload
11-01 12:01:15.499 549 643 V SystemServerTimingAsync: SecondaryZygotePreload took to complete: 0ms
11-01 12:01:15.499 549 643 D SystemServerInitThreadPool: Finished executing SecondaryZygotePreload
11-01 12:01:15.499 549 643 V SystemServerTimingAsync: InitThreadPoolExec:SecondaryZygotePreload took to complete: 2ms
11-01 12:01:15.500 549 549 I SystemServiceManager: Starting com.android.server.BinaryTransparencyService
11-01 12:01:15.501 549 549 I TransparencyService: Started BinaryTransparencyService
11-01 12:01:15.501 549 549 V SystemServerTiming: StartBinaryTransparencyService took to complete: 2ms
11-01 12:01:15.501 549 549 D SystemServerTiming: StartSchedulingPolicyService
11-01 12:01:15.501 549 579 D SystemServerTimingAsync: InitThreadPoolExec:SchedulingPolicyService.
11-01 12:01:15.501 549 579 D SystemServerInitThreadPool: Started executing SchedulingPolicyService.
11-01 12:01:15.502 549 549 V SystemServerTiming: StartSchedulingPolicyService took to complete: 1ms
11-01 12:01:15.502 549 549 D SystemServerTiming: StartTelecomLoaderService
11-01 12:01:15.503 549 549 I SystemServiceManager: Starting com.android.server.telecom.TelecomLoaderService
11-01 12:01:15.503 549 549 V SystemServerTiming: StartTelecomLoaderService took to complete: 0ms
11-01 12:01:15.503 549 549 D SystemServerTiming: StartTelephonyRegistry
11-01 12:01:15.506 549 579 I SchedulingPolicyService: Moving 502 back to group default
11-01 12:01:15.507 549 549 V SystemServerTiming: StartTelephonyRegistry took to complete: 3ms
11-01 12:01:15.507 549 549 D SystemServerTiming: StartEntropyMixer
11-01 12:01:15.508 549 549 I EntropyMixer: Loaded existing seed file
11-01 12:01:15.511 549 549 I EntropyMixer: Updated seed file
11-01 12:01:15.512 549 549 V SystemServerTiming: StartEntropyMixer took to complete: 5ms
11-01 12:01:15.512 549 549 D SystemServerTiming: StartAccountManagerService
11-01 12:01:15.512 549 549 I SystemServiceManager: Starting com.android.server.accounts.AccountManagerService$Lifecycle
11-01 12:01:15.515 549 549 D CompatibilityChangeReporter: Compat change id reported: 148180766; UID 1000; state: ENABLED
11-01 12:01:15.516 549 549 V SystemServerTiming: StartAccountManagerService took to complete: 4ms
11-01 12:01:15.516 549 549 D SystemServerTiming: StartContentService
11-01 12:01:15.516 549 549 I SystemServiceManager: Starting com.android.server.content.ContentService$Lifecycle
11-01 12:01:15.517 549 549 V SystemServerTiming: StartContentService took to complete: 1ms
11-01 12:01:15.517 549 549 D SystemServerTiming: InstallSystemProviders
11-01 12:01:15.525 549 549 D nativeloader: Configuring clns-shared-14 for other apk /system/priv-app/SettingsProvider/SettingsProvider.apk. target_sdk_version=34, uses_libraries=, library_path=/system/priv-app/SettingsProvider/lib/x86_64:/system/priv-app/SettingsProvider/SettingsProvider.apk!/lib/x86_64:/system/lib64:/system_ext/lib64, permitted_path=/data:/mnt/expand:/data/user_de/0/com.android.providers.settings:/system/priv-app/SettingsProvider:/system/lib64:/system_ext/lib64
11-01 12:01:15.530 549 579 D SystemServerInitThreadPool: Finished executing SchedulingPolicyService.
11-01 12:01:15.530 549 579 V SystemServerTimingAsync: InitThreadPoolExec:SchedulingPolicyService. took to complete: 29ms
11-01 12:01:15.591 549 549 D ActivityManager: Checking cgroup freezer: /sys/fs/cgroup/uid_0/pid_354/cgroup.freeze
11-01 12:01:15.592 549 549 D ActivityManager: Checking binder freezer ioctl
11-01 12:01:15.592 549 549 D ActivityManager: Checking freezer profiles
11-01 12:01:15.593 549 549 D ActivityManager: Freezer supported: true
11-01 12:01:15.593 549 549 D ActivityManager: Freezer timeout set to 10000
11-01 12:01:15.593 549 549 D ActivityManager: Freezer exemption set to false
11-01 12:01:15.594 549 584 D ActivityManager: Freezer enabled
11-01 12:01:15.594 549 584 D ActivityManager: freezer override set to false
11-01 12:01:15.595 549 549 I SystemServiceManager: Starting com.android.server.deviceconfig.DeviceConfigInit$Lifecycle
11-01 12:01:15.596 549 549 V SystemServerTiming: InstallSystemProviders took to complete: 79ms
11-01 12:01:15.596 549 549 D SystemServerTiming: StartDropBoxManager
11-01 12:01:15.596 549 549 I SystemServiceManager: Starting com.android.server.DropBoxManagerService
11-01 12:01:15.598 549 549 V SystemServerTiming: StartDropBoxManager took to complete: 2ms
11-01 12:01:15.599 549 549 D SystemServerTiming: StartRoleManagerService
11-01 12:01:15.600 549 549 I SystemServiceManager: Starting com.android.role.RoleService
11-01 12:01:15.602 549 549 V SystemServerTiming: StartRoleManagerService took to complete: 3ms
11-01 12:01:15.602 549 549 D SystemServerTiming: StartVibratorManagerService
11-01 12:01:15.603 549 549 I SystemServiceManager: Starting com.android.server.vibrator.VibratorManagerService$Lifecycle
11-01 12:01:15.613 415 415 I android.hardware.vibrator-service.example: Vibrator manager reporting capabilities
11-01 12:01:15.614 415 415 I android.hardware.vibrator-service.example: Vibrator manager getting vibrator ids
11-01 12:01:16.476 0 0 I servicemanager: Found android.hardware.vibrator.IVibratorManager/default in device VINTF manifest.
11-01 12:01:15.614 415 415 I android.hardware.vibrator-service.example: Vibrator manager getting vibrator 1
11-01 12:01:15.618 415 415 I android.hardware.vibrator-service.example: Vibrator Manager cancel synced
11-01 12:01:15.619 415 415 I android.hardware.vibrator-service.example: Vibrator manager getting vibrator 1
11-01 12:01:15.620 549 549 V SystemServerTiming: StartVibratorManagerService took to complete: 18ms
11-01 12:01:15.621 549 549 D SystemServerTiming: StartDynamicSystemService
11-01 12:01:15.621 549 549 V SystemServerTiming: StartDynamicSystemService took to complete: 0ms
11-01 12:01:15.621 549 549 D SystemServerTiming: StartResourceEconomy
11-01 12:01:15.622 549 549 I SystemServiceManager: Starting com.android.server.tare.InternalResourceService
11-01 12:01:15.626 549 549 V SystemServerTiming: StartResourceEconomy took to complete: 4ms
11-01 12:01:15.626 549 549 D SystemServerTiming: StartAlarmManagerService
11-01 12:01:15.626 549 549 I SystemServiceManager: Starting com.android.server.alarm.AlarmManagerService
11-01 12:01:15.633 549 549 D CompatibilityChangeReporter: Compat change id reported: 160794467; UID 1000; state: ENABLED
11-01 12:01:15.634 549 549 V SystemServerTiming: StartAlarmManagerService took to complete: 9ms
11-01 12:01:15.635 549 549 D SystemServerTiming: StartInputManagerService
11-01 12:01:15.637 352 356 I ServiceManagerCppClient: Waiting for service 'statscompanion' on '/dev/binder'...
11-01 12:01:15.640 549 549 I InputManager: Initializing input manager, mUseDevInputEventForAudioJack=true
11-01 12:01:15.641 549 549 V SystemServerTiming: StartInputManagerService took to complete: 6ms
11-01 12:01:15.641 549 549 D SystemServerTiming: DeviceStateManagerService
11-01 12:01:15.641 549 549 I SystemServiceManager: Starting com.android.server.devicestate.DeviceStateManagerService
11-01 12:01:15.644 549 549 E DeviceStateManagerService: Cannot notify device state info change before the initial state has been committed.
11-01 12:01:15.644 549 549 I DeviceStateManagerService: Cannot notify device state info change when pending state is present.
11-01 12:01:15.645 549 549 V SystemServerTiming: DeviceStateManagerService took to complete: 5ms
11-01 12:01:15.646 549 549 D SystemServerTiming: StartCameraServiceProxy
11-01 12:01:15.646 549 549 I SystemServiceManager: Starting com.android.server.camera.CameraServiceProxy
11-01 12:01:15.648 549 549 V SystemServerTiming: StartCameraServiceProxy took to complete: 2ms
11-01 12:01:15.648 549 549 D SystemServerTiming: StartWindowManagerService
11-01 12:01:15.648 549 549 I SystemServiceManager: Starting phase 200
11-01 12:01:15.648 549 549 D SystemServerTiming: OnBootPhase_200
11-01 12:01:15.648 549 549 D SystemServerTiming: OnBootPhase_200_com.android.server.security.FileIntegrityService
11-01 12:01:15.649 549 549 V SystemServerTiming: OnBootPhase_200_com.android.server.security.FileIntegrityService took to complete: 0ms
11-01 12:01:15.649 549 549 D SystemServerTiming: OnBootPhase_200_com.android.server.pm.Installer
11-01 12:01:15.649 549 549 V SystemServerTiming: OnBootPhase_200_com.android.server.pm.Installer took to complete: 0ms
11-01 12:01:15.649 549 549 D SystemServerTiming: OnBootPhase_200_com.android.server.os.DeviceIdentifiersPolicyService
11-01 12:01:15.649 549 549 V SystemServerTiming: OnBootPhase_200_com.android.server.os.DeviceIdentifiersPolicyService took to complete: 0ms
11-01 12:01:15.649 549 549 D SystemServerTiming: OnBootPhase_200_com.android.server.uri.UriGrantsManagerService$Lifecycle
11-01 12:01:15.650 549 549 V SystemServerTiming: OnBootPhase_200_com.android.server.uri.UriGrantsManagerService$Lifecycle took to complete: 0ms
11-01 12:01:15.650 549 549 D SystemServerTiming: OnBootPhase_200_com.android.server.powerstats.PowerStatsService
11-01 12:01:15.650 549 549 V SystemServerTiming: OnBootPhase_200_com.android.server.powerstats.PowerStatsService took to complete: 0ms
11-01 12:01:15.650 549 549 D SystemServerTiming: OnBootPhase_200_com.android.server.permission.access.AccessCheckingService
11-01 12:01:15.650 549 549 V SystemServerTiming: OnBootPhase_200_com.android.server.permission.access.AccessCheckingService took to complete: 0ms
11-01 12:01:15.651 549 549 D SystemServerTiming: OnBootPhase_200_com.android.server.wm.ActivityTaskManagerService$Lifecycle
11-01 12:01:15.651 549 549 V SystemServerTiming: OnBootPhase_200_com.android.server.wm.ActivityTaskManagerService$Lifecycle took to complete: 0ms
11-01 12:01:15.651 549 549 D SystemServerTiming: OnBootPhase_200_com.android.server.am.ActivityManagerService$Lifecycle
11-01 12:01:15.651 549 549 V SystemServerTiming: OnBootPhase_200_com.android.server.am.ActivityManagerService$Lifecycle took to complete: 0ms
11-01 12:01:15.652 549 549 D SystemServerTiming: OnBootPhase_200_com.android.server.pm.DataLoaderManagerService
11-01 12:01:15.652 549 549 V SystemServerTiming: OnBootPhase_200_com.android.server.pm.DataLoaderManagerService took to complete: 0ms
11-01 12:01:15.652 549 549 D SystemServerTiming: OnBootPhase_200_com.android.server.power.PowerManagerService
11-01 12:01:15.652 549 549 V SystemServerTiming: OnBootPhase_200_com.android.server.power.PowerManagerService took to complete: 1ms
11-01 12:01:15.652 549 549 D SystemServerTiming: OnBootPhase_200_com.android.server.power.ThermalManagerService
11-01 12:01:15.653 549 549 V SystemServerTiming: OnBootPhase_200_com.android.server.power.ThermalManagerService took to complete: 0ms
11-01 12:01:15.653 549 549 D SystemServerTiming: OnBootPhase_200_com.android.server.power.hint.HintManagerService
11-01 12:01:15.653 549 549 V SystemServerTiming: OnBootPhase_200_com.android.server.power.hint.HintManagerService took to complete: 0ms
11-01 12:01:15.653 549 549 D SystemServerTiming: OnBootPhase_200_com.android.server.recoverysystem.RecoverySystemService$Lifecycle
11-01 12:01:15.653 549 549 V SystemServerTiming: OnBootPhase_200_com.android.server.recoverysystem.RecoverySystemService$Lifecycle took to complete: 0ms
11-01 12:01:15.653 549 549 D SystemServerTiming: OnBootPhase_200_com.android.server.lights.LightsService
11-01 12:01:15.653 549 549 V SystemServerTiming: OnBootPhase_200_com.android.server.lights.LightsService took to complete: 0ms
11-01 12:01:15.654 549 549 D SystemServerTiming: OnBootPhase_200_com.android.server.display.DisplayManagerService
11-01 12:01:15.654 549 549 V SystemServerTiming: OnBootPhase_200_com.android.server.display.DisplayManagerService took to complete: 0ms
11-01 12:01:15.654 549 549 D SystemServerTiming: OnBootPhase_200_com.android.server.pm.verify.domain.DomainVerificationService
11-01 12:01:15.654 549 549 V SystemServerTiming: OnBootPhase_200_com.android.server.pm.verify.domain.DomainVerificationService took to complete: 0ms
11-01 12:01:15.654 549 549 D SystemServerTiming: OnBootPhase_200_com.android.server.pm.PackageInstallerService$Lifecycle
11-01 12:01:15.654 549 549 V SystemServerTiming: OnBootPhase_200_com.android.server.pm.PackageInstallerService$Lifecycle took to complete: 1ms
11-01 12:01:15.654 549 549 D SystemServerTiming: OnBootPhase_200_com.android.server.pm.UserManagerService$LifeCycle
11-01 12:01:15.655 549 549 V SystemServerTiming: OnBootPhase_200_com.android.server.pm.UserManagerService$LifeCycle took to complete: 0ms
11-01 12:01:15.655 549 549 D SystemServerTiming: OnBootPhase_200_com.android.server.om.OverlayManagerService
11-01 12:01:15.655 549 549 V SystemServerTiming: OnBootPhase_200_com.android.server.om.OverlayManagerService took to complete: 0ms
11-01 12:01:15.655 549 549 D SystemServerTiming: OnBootPhase_200_com.android.server.resources.ResourcesManagerService
11-01 12:01:15.655 549 549 V SystemServerTiming: OnBootPhase_200_com.android.server.resources.ResourcesManagerService took to complete: 0ms
11-01 12:01:15.655 549 549 D SystemServerTiming: OnBootPhase_200_com.android.server.sensorprivacy.SensorPrivacyService
11-01 12:01:15.655 549 549 V SystemServerTiming: OnBootPhase_200_com.android.server.sensorprivacy.SensorPrivacyService took to complete: 0ms
11-01 12:01:15.655 549 549 D SystemServerTiming: OnBootPhase_200_com.android.server.sensors.SensorService
11-01 12:01:15.655 549 549 V SystemServerTiming: OnBootPhase_200_com.android.server.sensors.SensorService took to complete: 0ms
11-01 12:01:15.655 549 549 D SystemServerTiming: OnBootPhase_200_com.android.server.SystemConfigService
11-01 12:01:15.656 549 549 V SystemServerTiming: OnBootPhase_200_com.android.server.SystemConfigService took to complete: 0ms
11-01 12:01:15.656 549 549 D SystemServerTiming: OnBootPhase_200_com.android.server.BatteryService
11-01 12:01:15.656 549 549 V SystemServerTiming: OnBootPhase_200_com.android.server.BatteryService took to complete: 0ms
