11-01 12:01:24.726 787 787 D OverviewProxyService: at com.google.android.systemui.dagger.DaggerSysUIGoogleGlobalRootComponent$WMComponentImpl$SwitchingProvider.get(go/retraceme 19693c2b0a8439b7183751b64d60893829dbf56dc1e08e0669fc0cfc55754948:125)
11-01 12:01:24.726 787 787 D OverviewProxyService: at dagger.internal.DoubleCheck.get(go/retraceme 19693c2b0a8439b7183751b64d60893829dbf56dc1e08e0669fc0cfc55754948:14)
11-01 12:01:24.726 787 787 D OverviewProxyService: at com.android.systemui.SystemUIApplication$$ExternalSyntheticLambda1.run(go/retraceme 19693c2b0a8439b7183751b64d60893829dbf56dc1e08e0669fc0cfc55754948:47)
11-01 12:01:24.726 787 787 D OverviewProxyService: at com.android.systemui.SystemUIApplication.timeInitialization(go/retraceme 19693c2b0a8439b7183751b64d60893829dbf56dc1e08e0669fc0cfc55754948:28)
11-01 12:01:24.726 787 787 D OverviewProxyService: at com.android.systemui.SystemUIApplication.startServicesIfNeeded(go/retraceme 19693c2b0a8439b7183751b64d60893829dbf56dc1e08e0669fc0cfc55754948:24)
11-01 12:01:24.726 787 787 D OverviewProxyService: at com.android.systemui.SystemUIApplication.startServicesIfNeeded(go/retraceme 19693c2b0a8439b7183751b64d60893829dbf56dc1e08e0669fc0cfc55754948:10)
11-01 12:01:24.726 787 787 D OverviewProxyService: at com.android.systemui.SystemUIService.onCreate(go/retraceme 19693c2b0a8439b7183751b64d60893829dbf56dc1e08e0669fc0cfc55754948:10)
11-01 12:01:24.726 787 787 D OverviewProxyService: at android.app.ActivityThread.handleCreateService(ActivityThread.java:4651)
11-01 12:01:24.726 787 787 D OverviewProxyService: at android.app.ActivityThread.-$$Nest$mhandleCreateService(Unknown Source:0)
11-01 12:01:24.726 787 787 D OverviewProxyService: at android.app.ActivityThread$H.handleMessage(ActivityThread.java:2264)
11-01 12:01:24.726 787 787 D OverviewProxyService: at android.os.Handler.dispatchMessage(Handler.java:106)
11-01 12:01:24.726 787 787 D OverviewProxyService: at android.os.Looper.loopOnce(Looper.java:205)
11-01 12:01:24.726 787 787 D OverviewProxyService: at android.os.Looper.loop(Looper.java:294)
11-01 12:01:24.726 787 787 D OverviewProxyService: at android.app.ActivityThread.main(ActivityThread.java:8177)
11-01 12:01:24.726 787 787 D OverviewProxyService: at java.lang.reflect.Method.invoke(Native Method)
11-01 12:01:24.726 787 787 D OverviewProxyService: at com.android.internal.os.RuntimeInit$MethodAndArgsCaller.run(RuntimeInit.java:552)
11-01 12:01:24.726 787 787 D OverviewProxyService: at com.android.internal.os.ZygoteInit.main(ZygoteInit.java:971)
11-01 12:01:24.728 549 1261 D CompatibilityChangeReporter: Compat change id reported: 135634846; UID 10159; state: DISABLED
11-01 12:01:24.729 549 1261 D CompatibilityChangeReporter: Compat change id reported: 177438394; UID 10159; state: DISABLED
11-01 12:01:24.729 549 1261 D CompatibilityChangeReporter: Compat change id reported: 135772972; UID 10159; state: DISABLED
11-01 12:01:24.729 549 1261 D CompatibilityChangeReporter: Compat change id reported: 135754954; UID 10159; state: ENABLED
11-01 12:01:24.729 549 585 D CompatibilityChangeReporter: Compat change id reported: 143937733; UID 10159; state: ENABLED
11-01 12:01:24.730 549 629 D CoreBackPreview: Window{a3350ba u0 ScreenDecorOverlay}: Setting back callback OnBackInvokedCallbackInfo{mCallback=android.window.IOnBackInvokedCallback$Stub$Proxy@4856c37, mPriority=0, mIsAnimationCallback=false}
11-01 12:01:24.735 549 629 D CoreBackPreview: Window{1b0185e u0 ScreenDecorOverlayBottom}: Setting back callback OnBackInvokedCallbackInfo{mCallback=android.window.IOnBackInvokedCallback$Stub$Proxy@d5205a4, mPriority=0, mIsAnimationCallback=false}
11-01 12:01:24.737 354 354 D Zygote : Forked child process 1395
11-01 12:01:24.738 549 585 I ActivityManager: Start proc 1395:com.google.android.apps.nexuslauncher/u0a159 for service {com.google.android.apps.nexuslauncher/com.android.quickstep.TouchInteractionService}
11-01 12:01:24.750 787 787 D NavigationModeController: getCurrentInteractionMode: mode=2 contextUser=0
11-01 12:01:24.756 787 787 I StatusBarIconController: Ignoring removal of (mobile). It should be controlled elsewhere
11-01 12:01:24.757 787 787 I StatusBarIconController: Ignoring removal of (wifi). It should be controlled elsewhere
11-01 12:01:24.766 787 787 W AudioManager: attempt to call registerAudioRecordingCallback() on a previouslyregistered callback
11-01 12:01:24.766 787 882 D libEGL : loaded /vendor/lib64/egl/libEGL_emulation.so
11-01 12:01:24.767 787 867 I WifiStateWorker: WifiManager.getWifiState():3
11-01 12:01:24.769 787 882 D libEGL : loaded /vendor/lib64/egl/libGLESv1_CM_emulation.so
11-01 12:01:24.772 787 882 D libEGL : loaded /vendor/lib64/egl/libGLESv2_emulation.so
11-01 12:01:24.773 1395 1395 I s.nexuslauncher: Using CollectorTypeCC GC.
11-01 12:01:24.775 1395 1395 W s.nexuslauncher: Unexpected CPU variant for x86: x86_64.
11-01 12:01:24.775 1395 1395 W s.nexuslauncher: Known variants: atom, sandybridge, silvermont, goldmont, goldmont-plus, tremont, kabylake, default
11-01 12:01:24.776 549 709 D ConnectivityService: NetReassign [no changes] [c 0] [a 0] [i 0]
11-01 12:01:24.777 549 893 D ConnectivityService: requestNetwork for uid/pid:10161/787 activeRequest: null callbackRequest: 38 [NetworkRequest [ REQUEST id=39, [ Capabilities: INTERNET&NOT_RESTRICTED&TRUSTED&NOT_VCN_MANAGED Uid: 10161 RequestorUid: 10161 RequestorPkg: com.android.systemui UnderlyingNetworks: Null] ]] callback flags: 1 order: 2147483647
11-01 12:01:24.777 549 709 D ConnectivityService: NetReassign [39 : null → 100] [c 0] [a 0] [i 0]
11-01 12:01:24.778 787 787 V WifiManager: registerTrafficStateCallback: callback=com.android.systemui.statusbar.connectivity.WifiSignalController$WifiTrafficStateCallback@2c9ade4, executor=android.os.HandlerExecutor@846e78
11-01 12:01:24.778 1395 1395 E s.nexuslauncher: Not starting debugger since process cannot load the jdwp agent.
11-01 12:01:24.779 787 787 V WifiManager: registerScanResultsCallback: callback=com.android.systemui.statusbar.connectivity.NetworkControllerImpl$5@d779102, executor=androidx.mediarouter.media.MediaRoute2Provider$$ExternalSyntheticLambda0@3a38a13
11-01 12:01:24.780 549 893 D ConnectivityService: requestNetwork for uid/pid:10161/787 activeRequest: null callbackRequest: 40 [NetworkRequest [ REQUEST id=41, [ Capabilities: INTERNET&NOT_RESTRICTED&TRUSTED&NOT_VCN_MANAGED Uid: 10161 RequestorUid: 10161 RequestorPkg: com.android.systemui UnderlyingNetworks: Null] ]] callback flags: 1 order: 2147483647
11-01 12:01:24.780 549 709 D ConnectivityService: NetReassign [41 : null → 100] [c 0] [a 0] [i 0]
11-01 12:01:24.783 549 709 D ConnectivityService: NetReassign [no changes] [c 0] [a 0] [i 1]
11-01 12:01:24.786 549 893 D CompatibilityChangeReporter: Compat change id reported: 168419799; UID 10159; state: DISABLED
11-01 12:01:24.786 549 573 W WindowManager: Keyguard drawn timeout. Setting mKeyguardDrawComplete
11-01 12:01:24.787 549 893 D CompatibilityChangeReporter: Compat change id reported: 273564678; UID 10159; state: DISABLED
11-01 12:01:24.789 787 867 I NetworkController: Subscriptions changed: old=[], new=[1]
11-01 12:01:24.789 420 605 I SurfaceFlinger: Boot is finished (13687 ms)
11-01 12:01:24.791 549 853 D CompatibilityChangeReporter: Compat change id reported: 182478738; UID 10161; state: ENABLED
11-01 12:01:24.791 787 787 D CompatibilityChangeReporter: Compat change id reported: 171228096; UID 10161; state: ENABLED
11-01 12:01:24.795 549 638 D CompatibilityChangeReporter: Compat change id reported: 265195908; UID 10159; state: ENABLED
11-01 12:01:24.796 420 420 D SurfaceFlinger: Power hint is disabled
11-01 12:01:24.797 549 893 D CompatibilityChangeReporter: Compat change id reported: 261072174; UID 10161; state: ENABLED
11-01 12:01:24.797 549 575 D ActivityManagerTiming: FinishBooting
11-01 12:01:24.797 354 354 W Zygote : forkRepeatedly terminated due to non-simple command
11-01 12:01:24.797 354 354 D Zygote : mbuffer starts with 1 , nice name is , mEnd = 19, mNext = 19, mLinesLeft = 0, mFd = 6
11-01 12:01:24.800 549 575 I ActivityManager: About to commit checkpoint
11-01 12:01:24.800 549 575 I SystemServiceManager: Starting phase 1000
11-01 12:01:24.800 549 575 D ActivityManagerTiming: OnBootPhase_1000
11-01 12:01:24.800 549 575 D ActivityManagerTiming: OnBootPhase_1000_com.android.server.security.FileIntegrityService
11-01 12:01:24.800 549 575 V ActivityManagerTiming: OnBootPhase_1000_com.android.server.security.FileIntegrityService took to complete: 0ms
11-01 12:01:24.800 549 575 D ActivityManagerTiming: OnBootPhase_1000_com.android.server.pm.Installer
11-01 12:01:24.800 549 575 V ActivityManagerTiming: OnBootPhase_1000_com.android.server.pm.Installer took to complete: 0ms
11-01 12:01:24.800 549 575 D ActivityManagerTiming: OnBootPhase_1000_com.android.server.os.DeviceIdentifiersPolicyService
11-01 12:01:24.800 549 575 V ActivityManagerTiming: OnBootPhase_1000_com.android.server.os.DeviceIdentifiersPolicyService took to complete: 0ms
11-01 12:01:24.800 549 575 D ActivityManagerTiming: OnBootPhase_1000_com.android.server.uri.UriGrantsManagerService$Lifecycle
11-01 12:01:24.800 549 575 V ActivityManagerTiming: OnBootPhase_1000_com.android.server.uri.UriGrantsManagerService$Lifecycle took to complete: 0ms
11-01 12:01:24.800 549 575 D ActivityManagerTiming: OnBootPhase_1000_com.android.server.powerstats.PowerStatsService
11-01 12:01:24.808 549 575 V ActivityManagerTiming: OnBootPhase_1000_com.android.server.powerstats.PowerStatsService took to complete: 8ms
11-01 12:01:24.808 549 575 D ActivityManagerTiming: OnBootPhase_1000_com.android.server.permission.access.AccessCheckingService
11-01 12:01:24.808 549 575 V ActivityManagerTiming: OnBootPhase_1000_com.android.server.permission.access.AccessCheckingService took to complete: 0ms
11-01 12:01:24.808 549 575 D ActivityManagerTiming: OnBootPhase_1000_com.android.server.wm.ActivityTaskManagerService$Lifecycle
11-01 12:01:24.808 549 575 V ActivityManagerTiming: OnBootPhase_1000_com.android.server.wm.ActivityTaskManagerService$Lifecycle took to complete: 0ms
11-01 12:01:24.808 549 575 D ActivityManagerTiming: OnBootPhase_1000_com.android.server.am.ActivityManagerService$Lifecycle
11-01 12:01:24.808 549 575 V ActivityManagerTiming: OnBootPhase_1000_com.android.server.am.ActivityManagerService$Lifecycle took to complete: 0ms
11-01 12:01:24.808 549 575 D ActivityManagerTiming: OnBootPhase_1000_com.android.server.pm.DataLoaderManagerService
11-01 12:01:24.808 549 575 V ActivityManagerTiming: OnBootPhase_1000_com.android.server.pm.DataLoaderManagerService took to complete: 0ms
11-01 12:01:24.808 549 575 D ActivityManagerTiming: OnBootPhase_1000_com.android.server.power.PowerManagerService
11-01 12:01:24.809 549 601 I DisplayBrightnessStrategySelector: Changing the DisplayBrightnessStrategy from OverrideBrightnessStrategy toInvalidBrightnessStrategy for display 0
11-01 12:01:24.809 549 601 V DisplayPowerController2[0]: Brightness [0.39763778] reason changing to: 'manual', previous reason: 'override'.
11-01 12:01:24.809 549 601 I DisplayPowerController2[0]: BrightnessEvent: disp=0, physDisp=local:4619827259835644672, brt=0.39763778, initBrt=0.39763778, rcmdBrt=NaN, preBrt=NaN, lux=0.0, preLux=0.0, hbmMax=1.0, hbmMode=off, rbcStrength=0, thrmMax=1.0, powerFactor=1.0, wasShortTermModelActive=false, flags=, reason=manual, autoBrightness=false, strategy=InvalidBrightnessStrategy
11-01 12:01:24.809 549 575 V ActivityManagerTiming: OnBootPhase_1000_com.android.server.power.PowerManagerService took to complete: 1ms
11-01 12:01:24.809 549 575 D ActivityManagerTiming: OnBootPhase_1000_com.android.server.power.ThermalManagerService
11-01 12:01:24.809 549 575 V ActivityManagerTiming: OnBootPhase_1000_com.android.server.power.ThermalManagerService took to complete: 0ms
11-01 12:01:24.809 549 575 D ActivityManagerTiming: OnBootPhase_1000_com.android.server.power.hint.HintManagerService
11-01 12:01:24.810 549 575 V ActivityManagerTiming: OnBootPhase_1000_com.android.server.power.hint.HintManagerService took to complete: 0ms
11-01 12:01:24.810 549 575 D ActivityManagerTiming: OnBootPhase_1000_com.android.server.recoverysystem.RecoverySystemService$Lifecycle
11-01 12:01:24.810 549 575 V ActivityManagerTiming: OnBootPhase_1000_com.android.server.recoverysystem.RecoverySystemService$Lifecycle took to complete: 0ms
11-01 12:01:24.810 549 575 D ActivityManagerTiming: OnBootPhase_1000_com.android.server.lights.LightsService
11-01 12:01:24.810 549 575 V ActivityManagerTiming: OnBootPhase_1000_com.android.server.lights.LightsService took to complete: 0ms
11-01 12:01:24.810 549 575 D ActivityManagerTiming: OnBootPhase_1000_com.android.server.display.DisplayManagerService
11-01 12:01:24.810 549 575 I LogicalDisplayMapper: Requesting Transition to state: 0, from state=-1, interactive=true, mBootCompleted=true
11-01 12:01:24.810 549 575 I LogicalDisplayMapper: Applying layout: [{dispId: 0(ON), displayGroupName: , addr: {port=0, model=0x401cec6a7a2b7b}, mThermalBrightnessThrottlingMapId: null, mRefreshRateZoneId: null, mLeadDisplayId: -1, mThermalRefreshRateThrottlingMapId: null}], Previous layout: [{dispId: 0(ON), displayGroupName: , addr: {port=0, model=0x401cec6a7a2b7b}, mThermalBrightnessThrottlingMapId: null, mRefreshRateZoneId: null, mLeadDisplayId: -1, mThermalRefreshRateThrottlingMapId: null}]
11-01 12:01:24.810 549 575 V ActivityManagerTiming: OnBootPhase_1000_com.android.server.display.DisplayManagerService took to complete: 1ms
11-01 12:01:24.810 549 575 D ActivityManagerTiming: OnBootPhase_1000_com.android.server.pm.verify.domain.DomainVerificationService
11-01 12:01:24.810 549 575 V ActivityManagerTiming: OnBootPhase_1000_com.android.server.pm.verify.domain.DomainVerificationService took to complete: 0ms
11-01 12:01:24.810 549 575 D ActivityManagerTiming: OnBootPhase_1000_com.android.server.pm.PackageInstallerService$Lifecycle
11-01 12:01:24.810 549 575 V ActivityManagerTiming: OnBootPhase_1000_com.android.server.pm.PackageInstallerService$Lifecycle took to complete: 0ms
11-01 12:01:24.810 549 575 D ActivityManagerTiming: OnBootPhase_1000_com.android.server.pm.UserManagerService$LifeCycle
11-01 12:01:24.810 549 575 V ActivityManagerTiming: OnBootPhase_1000_com.android.server.pm.UserManagerService$LifeCycle took to complete: 0ms
11-01 12:01:24.810 549 575 D ActivityManagerTiming: OnBootPhase_1000_com.android.server.om.OverlayManagerService
11-01 12:01:24.810 549 575 V ActivityManagerTiming: OnBootPhase_1000_com.android.server.om.OverlayManagerService took to complete: 0ms
11-01 12:01:24.810 549 575 D ActivityManagerTiming: OnBootPhase_1000_com.android.server.resources.ResourcesManagerService
11-01 12:01:24.810 549 575 V ActivityManagerTiming: OnBootPhase_1000_com.android.server.resources.ResourcesManagerService took to complete: 0ms
11-01 12:01:24.810 549 575 D ActivityManagerTiming: OnBootPhase_1000_com.android.server.sensorprivacy.SensorPrivacyService
11-01 12:01:24.810 549 575 V ActivityManagerTiming: OnBootPhase_1000_com.android.server.sensorprivacy.SensorPrivacyService took to complete: 0ms
11-01 12:01:24.810 549 575 D ActivityManagerTiming: OnBootPhase_1000_com.android.server.sensors.SensorService
11-01 12:01:24.810 549 575 V ActivityManagerTiming: OnBootPhase_1000_com.android.server.sensors.SensorService took to complete: 0ms
11-01 12:01:24.810 549 575 D ActivityManagerTiming: OnBootPhase_1000_com.android.server.SystemConfigService
11-01 12:01:24.810 549 575 V ActivityManagerTiming: OnBootPhase_1000_com.android.server.SystemConfigService took to complete: 0ms
11-01 12:01:24.810 549 575 D ActivityManagerTiming: OnBootPhase_1000_com.android.server.BatteryService
11-01 12:01:24.810 549 575 V ActivityManagerTiming: OnBootPhase_1000_com.android.server.BatteryService took to complete: 0ms
11-01 12:01:24.810 549 575 D ActivityManagerTiming: OnBootPhase_1000_com.android.server.usage.UsageStatsService
11-01 12:01:24.811 549 575 V ActivityManagerTiming: OnBootPhase_1000_com.android.server.usage.UsageStatsService took to complete: 0ms
11-01 12:01:24.811 549 575 D ActivityManagerTiming: OnBootPhase_1000_com.android.server.webkit.WebViewUpdateService
11-01 12:01:24.811 549 575 V ActivityManagerTiming: OnBootPhase_1000_com.android.server.webkit.WebViewUpdateService took to complete: 0ms
11-01 12:01:24.811 549 575 D ActivityManagerTiming: OnBootPhase_1000_com.android.server.CachedDeviceStateService
11-01 12:01:24.811 549 575 V ActivityManagerTiming: OnBootPhase_1000_com.android.server.CachedDeviceStateService took to complete: 0ms
11-01 12:01:24.811 549 575 D ActivityManagerTiming: OnBootPhase_1000_com.android.server.BinderCallsStatsService$LifeCycle
11-01 12:01:24.811 549 575 V ActivityManagerTiming: OnBootPhase_1000_com.android.server.BinderCallsStatsService$LifeCycle took to complete: 0ms
11-01 12:01:24.811 549 575 D ActivityManagerTiming: OnBootPhase_1000_com.android.server.LooperStatsService$Lifecycle
11-01 12:01:24.811 549 575 V ActivityManagerTiming: OnBootPhase_1000_com.android.server.LooperStatsService$Lifecycle took to complete: 0ms
11-01 12:01:24.811 549 575 D ActivityManagerTiming: OnBootPhase_1000_com.android.server.rollback.RollbackManagerService
11-01 12:01:24.811 549 575 V ActivityManagerTiming: OnBootPhase_1000_com.android.server.rollback.RollbackManagerService took to complete: 0ms
11-01 12:01:24.811 549 575 D ActivityManagerTiming: OnBootPhase_1000_com.android.server.os.NativeTombstoneManagerService
11-01 12:01:24.811 549 575 V ActivityManagerTiming: OnBootPhase_1000_com.android.server.os.NativeTombstoneManagerService took to complete: 0ms
11-01 12:01:24.811 549 575 D ActivityManagerTiming: OnBootPhase_1000_com.android.server.os.BugreportManagerService
11-01 12:01:24.811 549 575 V ActivityManagerTiming: OnBootPhase_1000_com.android.server.os.BugreportManagerService took to complete: 0ms
11-01 12:01:24.811 549 575 D ActivityManagerTiming: OnBootPhase_1000_com.android.server.gpu.GpuService
11-01 12:01:24.811 549 575 V ActivityManagerTiming: OnBootPhase_1000_com.android.server.gpu.GpuService took to complete: 0ms
11-01 12:01:24.811 549 575 D ActivityManagerTiming: OnBootPhase_1000_com.android.server.security.rkp.RemoteProvisioningService
11-01 12:01:24.811 549 575 V ActivityManagerTiming: OnBootPhase_1000_com.android.server.security.rkp.RemoteProvisioningService took to complete: 0ms
11-01 12:01:24.811 549 575 D ActivityManagerTiming: OnBootPhase_1000_com.android.server.cpu.CpuMonitorService
11-01 12:01:24.811 549 575 V ActivityManagerTiming: OnBootPhase_1000_com.android.server.cpu.CpuMonitorService took to complete: 0ms
11-01 12:01:24.811 549 575 D ActivityManagerTiming: OnBootPhase_1000_com.android.server.security.KeyChainSystemService
11-01 12:01:24.811 549 575 V ActivityManagerTiming: OnBootPhase_1000_com.android.server.security.KeyChainSystemService took to complete: 0ms
11-01 12:01:24.811 549 575 D ActivityManagerTiming: OnBootPhase_1000_com.android.server.BinaryTransparencyService
11-01 12:01:24.811 549 575 I TransparencyService: Boot completed. Getting VBMeta Digest.
11-01 12:01:24.811 549 575 D TransparencyService: VBMeta Digest: 8d9efce4091edf9a156901d08bdbab4d61c2a538c69ea9a58c6f3deec846bf8b
11-01 12:01:24.811 549 575 I TransparencyService: Boot completed. Collecting biometric system properties.
11-01 12:01:24.811 549 575 I TransparencyService: Scheduling measurements to be taken.
11-01 12:01:24.812 549 575 I TransparencyService: Scheduling binary content-digest computation job
11-01 12:01:24.812 549 575 D TransparencyService: Job 1740526926 to measure binaries was scheduled successfully.
11-01 12:01:24.812 549 575 D TransparencyService: Registering APK & Non-Staged APEX updates...
11-01 12:01:24.812 549 575 D TransparencyService: Registering APEX updates...
11-01 12:01:24.814 549 640 D RollbackManager: mRollbackLifetimeDurationInMillis=1209600000
11-01 12:01:25.108 0 0 I servicemanager: Found android.hardware.power.IPower/default in device VINTF manifest.
11-01 12:01:24.818 549 575 V ActivityManagerTiming: OnBootPhase_1000_com.android.server.BinaryTransparencyService took to complete: 7ms
11-01 12:01:24.818 549 575 D ActivityManagerTiming: OnBootPhase_1000_com.android.server.telecom.TelecomLoaderService
11-01 12:01:24.818 549 575 V ActivityManagerTiming: OnBootPhase_1000_com.android.server.telecom.TelecomLoaderService took to complete: 0ms
11-01 12:01:24.818 549 575 D ActivityManagerTiming: OnBootPhase_1000_com.android.server.accounts.AccountManagerService$Lifecycle
11-01 12:01:24.818 549 575 V ActivityManagerTiming: OnBootPhase_1000_com.android.server.accounts.AccountManagerService$Lifecycle took to complete: 0ms
11-01 12:01:24.818 549 575 D ActivityManagerTiming: OnBootPhase_1000_com.android.server.content.ContentService$Lifecycle
11-01 12:01:24.818 549 575 V ActivityManagerTiming: OnBootPhase_1000_com.android.server.content.ContentService$Lifecycle took to complete: 0ms
11-01 12:01:24.818 549 575 D ActivityManagerTiming: OnBootPhase_1000_com.android.server.deviceconfig.DeviceConfigInit$Lifecycle
11-01 12:01:24.818 549 575 V ActivityManagerTiming: OnBootPhase_1000_com.android.server.deviceconfig.DeviceConfigInit$Lifecycle took to complete: 0ms
11-01 12:01:24.818 549 575 D ActivityManagerTiming: OnBootPhase_1000_com.android.server.DropBoxManagerService
11-01 12:01:24.818 549 575 V ActivityManagerTiming: OnBootPhase_1000_com.android.server.DropBoxManagerService took to complete: 0ms
11-01 12:01:24.818 549 575 D ActivityManagerTiming: OnBootPhase_1000_com.android.role.RoleService
11-01 12:01:24.818 549 575 V ActivityManagerTiming: OnBootPhase_1000_com.android.role.RoleService took to complete: 0ms
11-01 12:01:24.818 549 575 D ActivityManagerTiming: OnBootPhase_1000_com.android.server.vibrator.VibratorManagerService$Lifecycle
11-01 12:01:24.818 549 575 V ActivityManagerTiming: OnBootPhase_1000_com.android.server.vibrator.VibratorManagerService$Lifecycle took to complete: 0ms
11-01 12:01:24.818 549 575 D ActivityManagerTiming: OnBootPhase_1000_com.android.server.tare.InternalResourceService
11-01 12:01:24.818 549 575 V ActivityManagerTiming: OnBootPhase_1000_com.android.server.tare.InternalResourceService took to complete: 0ms
11-01 12:01:24.818 549 575 D ActivityManagerTiming: OnBootPhase_1000_com.android.server.alarm.AlarmManagerService
11-01 12:01:24.818 549 575 V ActivityManagerTiming: OnBootPhase_1000_com.android.server.alarm.AlarmManagerService took to complete: 0ms
11-01 12:01:24.818 549 575 D ActivityManagerTiming: OnBootPhase_1000_com.android.server.devicestate.DeviceStateManagerService
11-01 12:01:24.818 549 575 V ActivityManagerTiming: OnBootPhase_1000_com.android.server.devicestate.DeviceStateManagerService took to complete: 0ms
11-01 12:01:24.818 549 575 D ActivityManagerTiming: OnBootPhase_1000_com.android.server.camera.CameraServiceProxy
11-01 12:01:24.820 549 575 V ActivityManagerTiming: OnBootPhase_1000_com.android.server.camera.CameraServiceProxy took to complete: 2ms
11-01 12:01:24.820 549 575 D ActivityManagerTiming: OnBootPhase_1000_com.android.server.bluetooth.BluetoothService
11-01 12:01:24.820 549 575 V ActivityManagerTiming: OnBootPhase_1000_com.android.server.bluetooth.BluetoothService took to complete: 0ms
11-01 12:01:24.820 549 575 D ActivityManagerTiming: OnBootPhase_1000_com.android.server.connectivity.IpConnectivityMetrics
11-01 12:01:24.820 549 575 V ActivityManagerTiming: OnBootPhase_1000_com.android.server.connectivity.IpConnectivityMetrics took to complete: 0ms
11-01 12:01:24.820 549 575 D ActivityManagerTiming: OnBootPhase_1000_com.android.server.net.watchlist.NetworkWatchlistService$Lifecycle
11-01 12:01:24.820 549 575 V ActivityManagerTiming: OnBootPhase_1000_com.android.server.net.watchlist.NetworkWatchlistService$Lifecycle took to complete: 0ms
11-01 12:01:24.820 549 575 D ActivityManagerTiming: OnBootPhase_1000_com.android.server.PinnerService
11-01 12:01:24.820 549 575 V ActivityManagerTiming: OnBootPhase_1000_com.android.server.PinnerService took to complete: 0ms
11-01 12:01:24.820 549 575 D ActivityManagerTiming: OnBootPhase_1000_com.android.server.integrity.AppIntegrityManagerService
11-01 12:01:24.820 549 575 V ActivityManagerTiming: OnBootPhase_1000_com.android.server.integrity.AppIntegrityManagerService took to complete: 0ms
11-01 12:01:24.820 549 575 D ActivityManagerTiming: OnBootPhase_1000_com.android.server.logcat.LogcatManagerService
11-01 12:01:24.820 549 575 V ActivityManagerTiming: OnBootPhase_1000_com.android.server.logcat.LogcatManagerService took to complete: 0ms
11-01 12:01:24.820 549 575 D ActivityManagerTiming: OnBootPhase_1000_com.android.server.inputmethod.InputMethodManagerService$Lifecycle
11-01 12:01:24.820 549 575 V ActivityManagerTiming: OnBootPhase_1000_com.android.server.inputmethod.InputMethodManagerService$Lifecycle took to complete: 0ms
11-01 12:01:24.820 549 575 D ActivityManagerTiming: OnBootPhase_1000_com.android.server.accessibility.AccessibilityManagerService$Lifecycle
11-01 12:01:24.820 549 575 V ActivityManagerTiming: OnBootPhase_1000_com.android.server.accessibility.AccessibilityManagerService$Lifecycle took to complete: 0ms
11-01 12:01:24.820 549 575 D ActivityManagerTiming: OnBootPhase_1000_com.android.server.StorageManagerService$Lifecycle
11-01 12:01:24.820 549 575 V ActivityManagerTiming: OnBootPhase_1000_com.android.server.StorageManagerService$Lifecycle took to complete: 0ms
11-01 12:01:24.820 549 575 D ActivityManagerTiming: OnBootPhase_1000_com.android.server.usage.StorageStatsService$Lifecycle
11-01 12:01:24.820 549 575 V ActivityManagerTiming: OnBootPhase_1000_com.android.server.usage.StorageStatsService$Lifecycle took to complete: 0ms
11-01 12:01:24.820 549 575 D ActivityManagerTiming: OnBootPhase_1000_com.android.server.UiModeManagerService
11-01 12:01:24.820 549 575 V ActivityManagerTiming: OnBootPhase_1000_com.android.server.UiModeManagerService took to complete: 0ms
11-01 12:01:24.820 549 575 D ActivityManagerTiming: OnBootPhase_1000_com.android.server.locales.LocaleManagerService
11-01 12:01:24.820 549 575 V ActivityManagerTiming: OnBootPhase_1000_com.android.server.locales.LocaleManagerService took to complete: 0ms
11-01 12:01:24.820 549 575 D ActivityManagerTiming: OnBootPhase_1000_com.android.server.grammaticalinflection.GrammaticalInflectionService
11-01 12:01:24.821 549 575 V ActivityManagerTiming: OnBootPhase_1000_com.android.server.grammaticalinflection.GrammaticalInflectionService took to complete: 0ms
11-01 12:01:24.821 549 575 D ActivityManagerTiming: OnBootPhase_1000_com.android.server.apphibernation.AppHibernationService
11-01 12:01:24.821 549 575 V ActivityManagerTiming: OnBootPhase_1000_com.android.server.apphibernation.AppHibernationService took to complete: 0ms
11-01 12:01:24.821 549 575 D ActivityManagerTiming: OnBootPhase_1000_com.android.server.locksettings.LockSettingsService$Lifecycle
11-01 12:01:24.821 549 575 V ActivityManagerTiming: OnBootPhase_1000_com.android.server.locksettings.LockSettingsService$Lifecycle took to complete: 0ms
11-01 12:01:24.821 549 575 D ActivityManagerTiming: OnBootPhase_1000_com.android.server.testharness.TestHarnessModeService
11-01 12:01:24.821 549 575 D TestHarnessModeService: Completing Test Harness Mode setup.
11-01 12:01:24.821 549 575 D TestHarnessModeService: Getting PersistentDataBlockManagerInternal from LocalServices
11-01 12:01:24.821 549 575 E TestHarnessModeService: Failed to start Test Harness Mode; no implementation of PersistentDataBlockManagerInternal was bound!
11-01 12:01:24.821 549 1427 I HibernationStateDiskStore: No hibernation file on disk for file /data/system/hibernation/states
11-01 12:01:24.822 411 411 I android.hardware.power-service.example: Power isBoostSupported: 1
11-01 12:01:24.826 549 638 D AppStandbyController: Loaded headless system app cache in 10 ms: appIdleEnabled=true
11-01 12:01:24.827 549 575 V ActivityManagerTiming: OnBootPhase_1000_com.android.server.testharness.TestHarnessModeService took to complete: 6ms
11-01 12:01:24.828 549 575 D ActivityManagerTiming: OnBootPhase_1000_com.android.server.DeviceIdleController
11-01 12:01:24.828 549 575 V ActivityManagerTiming: OnBootPhase_1000_com.android.server.DeviceIdleController took to complete: 0ms
11-01 12:01:24.828 549 575 D ActivityManagerTiming: OnBootPhase_1000_com.android.server.devicepolicy.DevicePolicyManagerService$Lifecycle
11-01 12:01:24.828 549 575 V ActivityManagerTiming: OnBootPhase_1000_com.android.server.devicepolicy.DevicePolicyManagerService$Lifecycle took to complete: 0ms
11-01 12:01:24.828 549 575 D ActivityManagerTiming: OnBootPhase_1000_com.android.server.musicrecognition.MusicRecognitionManagerService
11-01 12:01:24.828 549 575 V ActivityManagerTiming: OnBootPhase_1000_com.android.server.musicrecognition.MusicRecognitionManagerService took to complete: 0ms
11-01 12:01:24.828 549 575 D ActivityManagerTiming: OnBootPhase_1000_com.android.server.contentcapture.ContentCaptureManagerService
11-01 12:01:24.829 549 575 V ActivityManagerTiming: OnBootPhase_1000_com.android.server.contentcapture.ContentCaptureManagerService took to complete: 0ms
11-01 12:01:24.829 549 575 D ActivityManagerTiming: OnBootPhase_1000_com.android.server.systemcaptions.SystemCaptionsManagerService
11-01 12:01:24.829 549 575 V ActivityManagerTiming: OnBootPhase_1000_com.android.server.systemcaptions.SystemCaptionsManagerService took to complete: 0ms
11-01 12:01:24.829 549 575 D ActivityManagerTiming: OnBootPhase_1000_com.android.server.texttospeech.TextToSpeechManagerService
11-01 12:01:24.829 549 575 V ActivityManagerTiming: OnBootPhase_1000_com.android.server.texttospeech.TextToSpeechManagerService took to complete: 0ms
11-01 12:01:24.829 549 575 D ActivityManagerTiming: OnBootPhase_1000_com.android.server.ambientcontext.AmbientContextManagerService
11-01 12:01:24.829 549 575 V ActivityManagerTiming: OnBootPhase_1000_com.android.server.ambientcontext.AmbientContextManagerService took to complete: 0ms
11-01 12:01:24.830 549 575 D ActivityManagerTiming: OnBootPhase_1000_com.android.server.wearable.WearableSensingManagerService
11-01 12:01:24.830 549 575 V ActivityManagerTiming: OnBootPhase_1000_com.android.server.wearable.WearableSensingManagerService took to complete: 0ms
11-01 12:01:24.830 549 575 D ActivityManagerTiming: OnBootPhase_1000_com.android.server.speech.SpeechRecognitionManagerService
11-01 12:01:24.831 549 893 D CompatibilityChangeReporter: Compat change id reported: 214016041; UID 1000; state: ENABLED
11-01 12:01:24.831 549 575 V ActivityManagerTiming: OnBootPhase_1000_com.android.server.speech.SpeechRecognitionManagerService took to complete: 0ms
11-01 12:01:24.831 549 575 D ActivityManagerTiming: OnBootPhase_1000_com.android.server.appprediction.AppPredictionManagerService
11-01 12:01:24.831 549 575 V ActivityManagerTiming: OnBootPhase_1000_com.android.server.appprediction.AppPredictionManagerService took to complete: 0ms
11-01 12:01:24.831 549 575 D ActivityManagerTiming: OnBootPhase_1000_com.android.server.contentsuggestions.ContentSuggestionsManagerService
11-01 12:01:24.831 549 575 V ActivityManagerTiming: OnBootPhase_1000_com.android.server.contentsuggestions.ContentSuggestionsManagerService took to complete: 0ms
11-01 12:01:24.831 549 575 D ActivityManagerTiming: OnBootPhase_1000_com.android.server.searchui.SearchUiManagerService
11-01 12:01:24.831 549 575 V ActivityManagerTiming: OnBootPhase_1000_com.android.server.searchui.SearchUiManagerService took to complete: 0ms
11-01 12:01:24.831 549 575 D ActivityManagerTiming: OnBootPhase_1000_com.android.server.smartspace.SmartspaceManagerService
11-01 12:01:24.831 549 575 V ActivityManagerTiming: OnBootPhase_1000_com.android.server.smartspace.SmartspaceManagerService took to complete: 0ms
11-01 12:01:24.831 549 575 D ActivityManagerTiming: OnBootPhase_1000_com.android.server.graphics.fonts.FontManagerService$Lifecycle
11-01 12:01:24.831 549 575 V ActivityManagerTiming: OnBootPhase_1000_com.android.server.graphics.fonts.FontManagerService$Lifecycle took to complete: 0ms
11-01 12:01:24.831 549 575 D ActivityManagerTiming: OnBootPhase_1000_com.android.server.textservices.TextServicesManagerService$Lifecycle
11-01 12:01:24.831 549 575 V ActivityManagerTiming: OnBootPhase_1000_com.android.server.textservices.TextServicesManagerService$Lifecycle took to complete: 0ms
11-01 12:01:24.831 549 575 D ActivityManagerTiming: OnBootPhase_1000_com.android.server.textclassifier.TextClassificationManagerService$Lifecycle
11-01 12:01:24.831 549 575 V ActivityManagerTiming: OnBootPhase_1000_com.android.server.textclassifier.TextClassificationManagerService$Lifecycle took to complete: 0ms
11-01 12:01:24.831 549 575 D ActivityManagerTiming: OnBootPhase_1000_com.android.server.NetworkScoreService$Lifecycle
11-01 12:01:24.831 549 575 V ActivityManagerTiming: OnBootPhase_1000_com.android.server.NetworkScoreService$Lifecycle took to complete: 0ms
11-01 12:01:24.831 549 575 D ActivityManagerTiming: OnBootPhase_1000_com.android.server.NetworkStatsServiceInitializer
11-01 12:01:24.831 549 575 V ActivityManagerTiming: OnBootPhase_1000_com.android.server.NetworkStatsServiceInitializer took to complete: 0ms
11-01 12:01:24.831 549 575 D ActivityManagerTiming: OnBootPhase_1000_com.android.server.wifi.WifiService
11-01 12:01:24.831 549 575 V ActivityManagerTiming: OnBootPhase_1000_com.android.server.wifi.WifiService took to complete: 0ms
11-01 12:01:24.831 549 575 D ActivityManagerTiming: OnBootPhase_1000_com.android.server.wifi.scanner.WifiScanningService
11-01 12:01:24.831 549 575 V ActivityManagerTiming: OnBootPhase_1000_com.android.server.wifi.scanner.WifiScanningService took to complete: 0ms
11-01 12:01:24.831 549 575 D ActivityManagerTiming: OnBootPhase_1000_com.android.server.wifi.p2p.WifiP2pService
11-01 12:01:24.832 549 575 V ActivityManagerTiming: OnBootPhase_1000_com.android.server.wifi.p2p.WifiP2pService took to complete: 0ms
11-01 12:01:24.832 549 575 D ActivityManagerTiming: OnBootPhase_1000_com.android.server.ConnectivityServiceInitializer
11-01 12:01:24.832 549 575 V ActivityManagerTiming: OnBootPhase_1000_com.android.server.ConnectivityServiceInitializer took to complete: 1ms
11-01 12:01:24.832 549 575 D ActivityManagerTiming: OnBootPhase_1000_com.android.server.notification.NotificationManagerService
11-01 12:01:24.832 549 575 V ActivityManagerTiming: OnBootPhase_1000_com.android.server.notification.NotificationManagerService took to complete: 0ms
11-01 12:01:24.832 549 575 D ActivityManagerTiming: OnBootPhase_1000_com.android.server.storage.DeviceStorageMonitorService
11-01 12:01:24.832 549 575 V ActivityManagerTiming: OnBootPhase_1000_com.android.server.storage.DeviceStorageMonitorService took to complete: 0ms
11-01 12:01:24.832 549 575 D ActivityManagerTiming: OnBootPhase_1000_com.android.server.timedetector.TimeDetectorService$Lifecycle
11-01 12:01:24.832 549 575 V ActivityManagerTiming: OnBootPhase_1000_com.android.server.timedetector.TimeDetectorService$Lifecycle took to complete: 0ms
11-01 12:01:24.832 549 575 D ActivityManagerTiming: OnBootPhase_1000_com.android.server.location.LocationManagerService$Lifecycle
11-01 12:01:24.832 549 575 V ActivityManagerTiming: OnBootPhase_1000_com.android.server.location.LocationManagerService$Lifecycle took to complete: 0ms
11-01 12:01:24.832 549 575 D ActivityManagerTiming: OnBootPhase_1000_com.android.server.timezonedetector.TimeZoneDetectorService$Lifecycle
11-01 12:01:24.832 549 575 V ActivityManagerTiming: OnBootPhase_1000_com.android.server.timezonedetector.TimeZoneDetectorService$Lifecycle took to complete: 0ms
11-01 12:01:24.832 549 575 D ActivityManagerTiming: OnBootPhase_1000_com.android.server.location.altitude.AltitudeService$Lifecycle
11-01 12:01:24.832 549 575 V ActivityManagerTiming: OnBootPhase_1000_com.android.server.location.altitude.AltitudeService$Lifecycle took to complete: 0ms
11-01 12:01:24.832 549 575 D ActivityManagerTiming: OnBootPhase_1000_com.android.server.timezonedetector.location.LocationTimeZoneManagerService$Lifecycle
11-01 12:01:24.832 549 575 V ActivityManagerTiming: OnBootPhase_1000_com.android.server.timezonedetector.location.LocationTimeZoneManagerService$Lifecycle took to complete: 0ms
11-01 12:01:24.832 549 575 D ActivityManagerTiming: OnBootPhase_1000_com.android.server.search.SearchManagerService$Lifecycle
11-01 12:01:24.832 549 575 V ActivityManagerTiming: OnBootPhase_1000_com.android.server.search.SearchManagerService$Lifecycle took to complete: 0ms
11-01 12:01:24.832 549 575 D ActivityManagerTiming: OnBootPhase_1000_com.android.server.wallpaper.WallpaperManagerService$Lifecycle
11-01 12:01:24.832 549 575 V ActivityManagerTiming: OnBootPhase_1000_com.android.server.wallpaper.WallpaperManagerService$Lifecycle took to complete: 0ms
11-01 12:01:24.832 549 575 D ActivityManagerTiming: OnBootPhase_1000_com.android.server.wallpapereffectsgeneration.WallpaperEffectsGenerationManagerService
11-01 12:01:24.832 549 575 V ActivityManagerTiming: OnBootPhase_1000_com.android.server.wallpapereffectsgeneration.WallpaperEffectsGenerationManagerService took to complete: 0ms
11-01 12:01:24.832 549 575 D ActivityManagerTiming: OnBootPhase_1000_com.android.server.audio.AudioService$Lifecycle
11-01 12:01:24.832 549 575 V ActivityManagerTiming: OnBootPhase_1000_com.android.server.audio.AudioService$Lifecycle took to complete: 0ms
11-01 12:01:24.832 549 575 D ActivityManagerTiming: OnBootPhase_1000_com.android.server.soundtrigger_middleware.SoundTriggerMiddlewareService$Lifecycle
11-01 12:01:24.832 549 575 V ActivityManagerTiming: OnBootPhase_1000_com.android.server.soundtrigger_middleware.SoundTriggerMiddlewareService$Lifecycle took to complete: 0ms
11-01 12:01:24.832 549 575 D ActivityManagerTiming: OnBootPhase_1000_com.android.server.DockObserver
11-01 12:01:24.832 549 575 V ActivityManagerTiming: OnBootPhase_1000_com.android.server.DockObserver took to complete: 0ms
11-01 12:01:24.832 549 575 D ActivityManagerTiming: OnBootPhase_1000_com.android.server.midi.MidiService$Lifecycle
11-01 12:01:24.832 549 575 V ActivityManagerTiming: OnBootPhase_1000_com.android.server.midi.MidiService$Lifecycle took to complete: 0ms
11-01 12:01:24.832 549 575 D ActivityManagerTiming: OnBootPhase_1000_com.android.server.adb.AdbService$Lifecycle
11-01 12:01:24.832 787 787 D NavigationModeController: getCurrentUserContext: contextUser=0 currentUser=0
11-01 12:01:24.833 549 575 V ActivityManagerTiming: OnBootPhase_1000_com.android.server.adb.AdbService$Lifecycle took to complete: 0ms
11-01 12:01:24.833 549 575 D ActivityManagerTiming: OnBootPhase_1000_com.android.server.usb.UsbService$Lifecycle
11-01 12:01:24.833 549 575 V ActivityManagerTiming: OnBootPhase_1000_com.android.server.usb.UsbService$Lifecycle took to complete: 0ms
11-01 12:01:24.833 549 575 D ActivityManagerTiming: OnBootPhase_1000_com.android.server.twilight.TwilightService
11-01 12:01:24.833 549 702 D WifiService: Handle boot completed
11-01 12:01:24.834 911 1002 I Tethering: USB bcast connected:false configured:false rndis:false ncm:false
11-01 12:01:24.835 549 893 I ImeTracker: com.android.settings:d0775615: onRequestHide at ORIGIN_SERVER_HIDE_INPUT reason HIDE_UNSPECIFIED_WINDOW
11-01 12:01:24.835 549 702 I WifiScoreCard: Installing MemoryStore
11-01 12:01:24.835 549 702 I WifiHealthMonitor: Installing MemoryStore
11-01 12:01:24.836 549 575 V ActivityManagerTiming: OnBootPhase_1000_com.android.server.twilight.TwilightService took to complete: 4ms
11-01 12:01:24.836 549 575 D ActivityManagerTiming: OnBootPhase_1000_com.android.server.display.color.ColorDisplayService
11-01 12:01:24.837 549 575 V ActivityManagerTiming: OnBootPhase_1000_com.android.server.display.color.ColorDisplayService took to complete: 0ms
11-01 12:01:24.837 549 575 D ActivityManagerTiming: OnBootPhase_1000_com.android.server.job.JobSchedulerService
11-01 12:01:24.837 549 575 V ActivityManagerTiming: OnBootPhase_1000_com.android.server.job.JobSchedulerService took to complete: 0ms
11-01 12:01:24.837 549 575 D ActivityManagerTiming: OnBootPhase_1000_com.android.server.soundtrigger.SoundTriggerService
11-01 12:01:24.837 549 575 D SoundTriggerService: onBootPhase: 1000 : false
11-01 12:01:24.838 549 893 I ImeTracker: com.android.settings:d0775615: onCancelled at PHASE_SERVER_SHOULD_HIDE
11-01 12:01:24.838 549 575 V ActivityManagerTiming: OnBootPhase_1000_com.android.server.soundtrigger.SoundTriggerService took to complete: 1ms
11-01 12:01:24.838 549 575 D ActivityManagerTiming: OnBootPhase_1000_com.android.server.trust.TrustManagerService
11-01 12:01:24.838 549 575 V ActivityManagerTiming: OnBootPhase_1000_com.android.server.trust.TrustManagerService took to complete: 0ms
11-01 12:01:24.838 549 575 D ActivityManagerTiming: OnBootPhase_1000_com.android.server.backup.BackupManagerService$Lifecycle
11-01 12:01:24.838 549 575 V ActivityManagerTiming: OnBootPhase_1000_com.android.server.backup.BackupManagerService$Lifecycle took to complete: 0ms
11-01 12:01:24.838 549 575 D ActivityManagerTiming: OnBootPhase_1000_com.android.server.appwidget.AppWidgetService
11-01 12:01:24.838 549 575 V ActivityManagerTiming: OnBootPhase_1000_com.android.server.appwidget.AppWidgetService took to complete: 0ms
11-01 12:01:24.838 549 575 D ActivityManagerTiming: OnBootPhase_1000_com.android.server.voiceinteraction.VoiceInteractionManagerService
11-01 12:01:24.838 549 575 V ActivityManagerTiming: OnBootPhase_1000_com.android.server.voiceinteraction.VoiceInteractionManagerService took to complete: 0ms
11-01 12:01:24.838 549 575 D ActivityManagerTiming: OnBootPhase_1000_com.android.server.GestureLauncherService
11-01 12:01:24.838 549 575 V ActivityManagerTiming: OnBootPhase_1000_com.android.server.GestureLauncherService took to complete: 0ms
11-01 12:01:24.839 549 575 D ActivityManagerTiming: OnBootPhase_1000_com.android.server.SensorNotificationService
11-01 12:01:24.839 549 575 D CompatibilityChangeReporter: Compat change id reported: 168936375; UID 1000; state: ENABLED
11-01 12:01:24.839 549 572 W AdbDebuggingManager: Ignoring tag 'keyStore'. Not recognized.
11-01 12:01:24.840 549 893 D CompatibilityChangeReporter: Compat change id reported: 135634846; UID 10131; state: DISABLED
11-01 12:01:24.840 549 575 D CompatibilityChangeReporter: Compat change id reported: 73144566; UID 1000; state: ENABLED
11-01 12:01:24.841 549 575 V ActivityManagerTiming: OnBootPhase_1000_com.android.server.SensorNotificationService took to complete: 3ms
11-01 12:01:24.841 549 575 D ActivityManagerTiming: OnBootPhase_1000_com.android.server.emergency.EmergencyAffordanceService
11-01 12:01:24.841 549 575 V ActivityManagerTiming: OnBootPhase_1000_com.android.server.emergency.EmergencyAffordanceService took to complete: 0ms
11-01 12:01:24.841 549 575 D ActivityManagerTiming: OnBootPhase_1000_com.android.server.blob.BlobStoreManagerService
11-01 12:01:24.842 549 575 V ActivityManagerTiming: OnBootPhase_1000_com.android.server.blob.BlobStoreManagerService took to complete: 1ms
11-01 12:01:24.842 1395 1395 D CompatibilityChangeReporter: Compat change id reported: 171979766; UID 10159; state: ENABLED
11-01 12:01:24.843 549 575 D ActivityManagerTiming: OnBootPhase_1000_com.android.server.dreams.DreamManagerService
11-01 12:01:24.843 549 575 V ActivityManagerTiming: OnBootPhase_1000_com.android.server.dreams.DreamManagerService took to complete: 0ms
11-01 12:01:24.843 549 575 D ActivityManagerTiming: OnBootPhase_1000_com.android.server.print.PrintManagerService
11-01 12:01:24.843 549 575 V ActivityManagerTiming: OnBootPhase_1000_com.android.server.print.PrintManagerService took to complete: 0ms
11-01 12:01:24.843 549 575 D ActivityManagerTiming: OnBootPhase_1000_com.android.server.security.AttestationVerificationManagerService
11-01 12:01:24.843 549 575 V ActivityManagerTiming: OnBootPhase_1000_com.android.server.security.AttestationVerificationManagerService took to complete: 0ms
11-01 12:01:24.843 549 575 D ActivityManagerTiming: OnBootPhase_1000_com.android.server.companion.CompanionDeviceManagerService
11-01 12:01:24.843 549 575 I CDM_CompanionDeviceManagerService: Scheduling the Association Removal job
11-01 12:01:24.844 549 575 V ActivityManagerTiming: OnBootPhase_1000_com.android.server.companion.CompanionDeviceManagerService took to complete: 1ms
11-01 12:01:24.844 549 575 D ActivityManagerTiming: OnBootPhase_1000_com.android.server.companion.virtual.VirtualDeviceManagerService
11-01 12:01:24.844 549 575 V ActivityManagerTiming: OnBootPhase_1000_com.android.server.companion.virtual.VirtualDeviceManagerService took to complete: 0ms
11-01 12:01:24.844 549 575 D ActivityManagerTiming: OnBootPhase_1000_com.android.server.restrictions.RestrictionsManagerService
11-01 12:01:24.844 549 575 V ActivityManagerTiming: OnBootPhase_1000_com.android.server.restrictions.RestrictionsManagerService took to complete: 0ms
11-01 12:01:24.844 549 575 D ActivityManagerTiming: OnBootPhase_1000_com.android.server.media.MediaSessionService
11-01 12:01:24.845 549 575 V ActivityManagerTiming: OnBootPhase_1000_com.android.server.media.MediaSessionService took to complete: 1ms
11-01 12:01:24.845 549 575 D ActivityManagerTiming: OnBootPhase_1000_com.android.server.media.MediaResourceMonitorService
11-01 12:01:24.845 549 575 V ActivityManagerTiming: OnBootPhase_1000_com.android.server.media.MediaResourceMonitorService took to complete: 0ms
11-01 12:01:24.845 549 575 D ActivityManagerTiming: OnBootPhase_1000_com.android.server.biometrics.sensors.face.FaceService
11-01 12:01:24.845 549 575 V ActivityManagerTiming: OnBootPhase_1000_com.android.server.biometrics.sensors.face.FaceService took to complete: 0ms
11-01 12:01:24.845 549 575 D ActivityManagerTiming: OnBootPhase_1000_com.android.server.biometrics.sensors.fingerprint.FingerprintService
11-01 12:01:24.845 549 575 V ActivityManagerTiming: OnBootPhase_1000_com.android.server.biometrics.sensors.fingerprint.FingerprintService took to complete: 0ms
11-01 12:01:24.845 549 575 D ActivityManagerTiming: OnBootPhase_1000_com.android.server.biometrics.BiometricService
11-01 12:01:24.845 549 575 V ActivityManagerTiming: OnBootPhase_1000_com.android.server.biometrics.BiometricService took to complete: 0ms
11-01 12:01:24.845 549 575 D ActivityManagerTiming: OnBootPhase_1000_com.android.server.biometrics.AuthService
11-01 12:01:24.846 787 787 D NavigationModeController: getCurrentInteractionMode: mode=2 contextUser=0
11-01 12:01:24.846 549 575 V ActivityManagerTiming: OnBootPhase_1000_com.android.server.biometrics.AuthService took to complete: 1ms
11-01 12:01:24.846 549 575 D ActivityManagerTiming: OnBootPhase_1000_com.android.server.pm.ShortcutService$Lifecycle
11-01 12:01:24.846 549 575 V ActivityManagerTiming: OnBootPhase_1000_com.android.server.pm.ShortcutService$Lifecycle took to complete: 0ms
11-01 12:01:24.846 549 575 D ActivityManagerTiming: OnBootPhase_1000_com.android.server.pm.LauncherAppsService
11-01 12:01:24.846 549 575 V ActivityManagerTiming: OnBootPhase_1000_com.android.server.pm.LauncherAppsService took to complete: 0ms
11-01 12:01:24.846 549 575 D ActivityManagerTiming: OnBootPhase_1000_com.android.server.pm.CrossProfileAppsService
11-01 12:01:24.846 549 575 V ActivityManagerTiming: OnBootPhase_1000_com.android.server.pm.CrossProfileAppsService took to complete: 0ms
11-01 12:01:24.846 549 575 D ActivityManagerTiming: OnBootPhase_1000_com.android.server.people.PeopleService
11-01 12:01:24.846 549 575 V ActivityManagerTiming: OnBootPhase_1000_com.android.server.people.PeopleService took to complete: 0ms
11-01 12:01:24.846 549 575 D ActivityManagerTiming: OnBootPhase_1000_com.android.server.media.metrics.MediaMetricsManagerService
11-01 12:01:24.846 549 575 V ActivityManagerTiming: OnBootPhase_1000_com.android.server.media.metrics.MediaMetricsManagerService took to complete: 0ms
11-01 12:01:24.846 549 575 D ActivityManagerTiming: OnBootPhase_1000_com.android.server.pm.BackgroundInstallControlService
11-01 12:01:24.846 549 575 V ActivityManagerTiming: OnBootPhase_1000_com.android.server.pm.BackgroundInstallControlService took to complete: 0ms
11-01 12:01:24.846 549 575 D ActivityManagerTiming: OnBootPhase_1000_com.android.server.media.projection.MediaProjectionManagerService
11-01 12:01:24.846 549 575 V ActivityManagerTiming: OnBootPhase_1000_com.android.server.media.projection.MediaProjectionManagerService took to complete: 0ms
11-01 12:01:24.846 549 575 D ActivityManagerTiming: OnBootPhase_1000_com.android.server.slice.SliceManagerService$Lifecycle
11-01 12:01:24.847 549 575 V ActivityManagerTiming: OnBootPhase_1000_com.android.server.slice.SliceManagerService$Lifecycle took to complete: 0ms
11-01 12:01:24.847 549 575 D ActivityManagerTiming: OnBootPhase_1000_com.android.server.stats.StatsCompanion$Lifecycle
11-01 12:01:24.847 787 882 W OpenGLRenderer: Failed to initialize 101010-2 format, error = EGL_SUCCESS
11-01 12:01:24.847 549 575 V ActivityManagerTiming: OnBootPhase_1000_com.android.server.stats.StatsCompanion$Lifecycle took to complete: 0ms
11-01 12:01:24.847 549 575 D ActivityManagerTiming: OnBootPhase_1000_com.android.server.scheduling.RebootReadinessManagerService$Lifecycle
11-01 12:01:24.847 549 575 V ActivityManagerTiming: OnBootPhase_1000_com.android.server.scheduling.RebootReadinessManagerService$Lifecycle took to complete: 0ms
11-01 12:01:24.847 549 575 D ActivityManagerTiming: OnBootPhase_1000_com.android.server.stats.pull.StatsPullAtomService
11-01 12:01:24.847 549 575 V ActivityManagerTiming: OnBootPhase_1000_com.android.server.stats.pull.StatsPullAtomService took to complete: 0ms
11-01 12:01:24.847 549 575 D ActivityManagerTiming: OnBootPhase_1000_com.android.server.stats.bootstrap.StatsBootstrapAtomService$Lifecycle
11-01 12:01:24.847 549 575 V ActivityManagerTiming: OnBootPhase_1000_com.android.server.stats.bootstrap.StatsBootstrapAtomService$Lifecycle took to complete: 0ms
11-01 12:01:24.847 549 575 D ActivityManagerTiming: OnBootPhase_1000_com.android.server.incident.IncidentCompanionService
