11-01 12:01:14.306 549 549 D SystemServerTiming: InitPowerManagement
11-01 12:01:14.307 549 549 V SystemServerTiming: InitPowerManagement took to complete: 1ms
11-01 12:01:14.307 549 549 D SystemServerTiming: StartRecoverySystemService
11-01 12:01:14.307 549 549 I SystemServiceManager: Starting com.android.server.recoverysystem.RecoverySystemService$Lifecycle
11-01 12:01:14.308 549 549 V SystemServerTiming: StartRecoverySystemService took to complete: 1ms
11-01 12:01:14.309 549 549 D SystemServerTiming: StartLightsService
11-01 12:01:14.309 549 549 I SystemServiceManager: Starting com.android.server.lights.LightsService
11-01 12:01:15.180 0 0 I servicemanager: Found android.hardware.light.ILights/default in device VINTF manifest.
11-01 12:01:14.317 410 410 I android.hardware.lights-service.example: Lights reporting supported lights
11-01 12:01:14.318 549 549 V SystemServerTiming: StartLightsService took to complete: 9ms
11-01 12:01:14.318 549 549 D SystemServerTiming: StartDisplayOffloadService
11-01 12:01:14.318 549 549 V SystemServerTiming: StartDisplayOffloadService took to complete: 0ms
11-01 12:01:14.318 549 549 D SystemServerTiming: StartSidekickService
11-01 12:01:14.318 549 549 V SystemServerTiming: StartSidekickService took to complete: 0ms
11-01 12:01:14.319 549 549 D SystemServerTiming: StartDisplayManager
11-01 12:01:14.319 549 549 I SystemServiceManager: Starting com.android.server.display.DisplayManagerService
11-01 12:01:14.325 549 549 V SystemServerTiming: StartDisplayManager took to complete: 6ms
11-01 12:01:14.325 549 549 D SystemServerTiming: WaitForDisplay
11-01 12:01:14.326 549 549 I SystemServiceManager: Starting phase 100
11-01 12:01:14.326 549 549 D SystemServerTiming: OnBootPhase_100
11-01 12:01:14.326 549 549 D SystemServerTiming: OnBootPhase_100_com.android.server.security.FileIntegrityService
11-01 12:01:14.326 549 549 V SystemServerTiming: OnBootPhase_100_com.android.server.security.FileIntegrityService took to complete: 0ms
11-01 12:01:14.326 549 549 D SystemServerTiming: OnBootPhase_100_com.android.server.pm.Installer
11-01 12:01:14.326 549 549 V SystemServerTiming: OnBootPhase_100_com.android.server.pm.Installer took to complete: 0ms
11-01 12:01:14.326 549 549 D SystemServerTiming: OnBootPhase_100_com.android.server.os.DeviceIdentifiersPolicyService
11-01 12:01:14.326 549 549 V SystemServerTiming: OnBootPhase_100_com.android.server.os.DeviceIdentifiersPolicyService took to complete: 0ms
11-01 12:01:14.326 549 549 D SystemServerTiming: OnBootPhase_100_com.android.server.uri.UriGrantsManagerService$Lifecycle
11-01 12:01:14.326 549 549 V SystemServerTiming: OnBootPhase_100_com.android.server.uri.UriGrantsManagerService$Lifecycle took to complete: 0ms
11-01 12:01:14.326 549 549 D SystemServerTiming: OnBootPhase_100_com.android.server.powerstats.PowerStatsService
11-01 12:01:14.326 549 549 V SystemServerTiming: OnBootPhase_100_com.android.server.powerstats.PowerStatsService took to complete: 0ms
11-01 12:01:14.326 549 549 D SystemServerTiming: OnBootPhase_100_com.android.server.permission.access.AccessCheckingService
11-01 12:01:14.326 549 549 V SystemServerTiming: OnBootPhase_100_com.android.server.permission.access.AccessCheckingService took to complete: 0ms
11-01 12:01:14.326 549 549 D SystemServerTiming: OnBootPhase_100_com.android.server.wm.ActivityTaskManagerService$Lifecycle
11-01 12:01:14.326 549 549 V SystemServerTiming: OnBootPhase_100_com.android.server.wm.ActivityTaskManagerService$Lifecycle took to complete: 0ms
11-01 12:01:14.326 549 549 D SystemServerTiming: OnBootPhase_100_com.android.server.am.ActivityManagerService$Lifecycle
11-01 12:01:14.326 549 549 V SystemServerTiming: OnBootPhase_100_com.android.server.am.ActivityManagerService$Lifecycle took to complete: 0ms
11-01 12:01:14.327 549 549 D SystemServerTiming: OnBootPhase_100_com.android.server.pm.DataLoaderManagerService
11-01 12:01:14.327 549 549 V SystemServerTiming: OnBootPhase_100_com.android.server.pm.DataLoaderManagerService took to complete: 0ms
11-01 12:01:14.328 549 549 D SystemServerTiming: OnBootPhase_100_com.android.server.power.PowerManagerService
11-01 12:01:14.328 549 549 V SystemServerTiming: OnBootPhase_100_com.android.server.power.PowerManagerService took to complete: 0ms
11-01 12:01:14.328 549 549 D SystemServerTiming: OnBootPhase_100_com.android.server.power.ThermalManagerService
11-01 12:01:14.328 549 549 V SystemServerTiming: OnBootPhase_100_com.android.server.power.ThermalManagerService took to complete: 0ms
11-01 12:01:14.329 549 549 D SystemServerTiming: OnBootPhase_100_com.android.server.power.hint.HintManagerService
11-01 12:01:14.329 549 549 V SystemServerTiming: OnBootPhase_100_com.android.server.power.hint.HintManagerService took to complete: 0ms
11-01 12:01:14.329 549 549 D SystemServerTiming: OnBootPhase_100_com.android.server.recoverysystem.RecoverySystemService$Lifecycle
11-01 12:01:14.329 549 549 V SystemServerTiming: OnBootPhase_100_com.android.server.recoverysystem.RecoverySystemService$Lifecycle took to complete: 0ms
11-01 12:01:14.329 549 549 D SystemServerTiming: OnBootPhase_100_com.android.server.lights.LightsService
11-01 12:01:14.329 549 549 V SystemServerTiming: OnBootPhase_100_com.android.server.lights.LightsService took to complete: 0ms
11-01 12:01:14.329 549 549 D SystemServerTiming: OnBootPhase_100_com.android.server.display.DisplayManagerService
11-01 12:01:14.331 549 575 W LocalDisplayAdapter: DisplayModeSpecs base mode no longer available, using currently active mode.
11-01 12:01:14.339 549 575 I DisplayDeviceRepository: Display device added: DisplayDeviceInfo{"Built-in Screen": uniqueId="local:4619827259835644672", 320 x 640, modeId 1, renderFrameRate 60.000004, defaultModeId 1, supportedModes [{id=1, width=320, height=640, fps=60.000004, alternativeRefreshRates=[], supportedHdrTypes=[]}], colorMode 0, supportedColorModes [0], hdrCapabilities HdrCapabilities{mSupportedHdrTypes=[], mMaxLuminance=500.0, mMaxAverageLuminance=500.0, mMinLuminance=0.0}, allmSupported false, gameContentTypeSupported false, density 160, 160.0 x 160.0 dpi, appVsyncOff 1000000, presDeadline 16666666, touch INTERNAL, rotation 0, type INTERNAL, address {port=0, model=0x401cec6a7a2b7b}, deviceProductInfo DeviceProductInfo{name=EMU_display_0, manufacturerPnpId=GGL, productId=1, modelYear=null, manufactureDate=ManufactureDate{week=27, year=2006}, connectionToSinkType=0}, state UNKNOWN, committedState UNKNOWN, frameRateOverride , brightnessMinimum 0.0, brightnessMaximum 1.0, brightnessDefault 0.39763778, hdrSdrRatio NaN, FLAG_ALLOWED_TO_BE_DEFAULT_DISPLAY, FLAG_ROTATES_WITH_CONTENT, FLAG_SECURE, FLAG_SUPPORTS_PROTECTED_BUFFERS, FLAG_TRUSTED, installOrientation 0, displayShape DisplayShape{ spec=-2047665221 displayWidth=320 displayHeight=640 physicalPixelDisplaySizeRatio=1.0 rotation=0 offsetX=0 offsetY=0 scale=1.0}}
11-01 12:01:14.341 549 575 I LogicalDisplayMapper: Applying layout: [{dispId: 0(ON), displayGroupName: , addr: {port=0, model=0x401cec6a7a2b7b}, mThermalBrightnessThrottlingMapId: null, mRefreshRateZoneId: null, mLeadDisplayId: -1, mThermalRefreshRateThrottlingMapId: null}], Previous layout: null
11-01 12:01:14.343 549 575 I LogicalDisplayMapper: Setting new display group 0 for display 0, from previous group: null
11-01 12:01:14.344 549 575 I LogicalDisplayMapper: Adding new display: 0: DisplayInfo{"Built-in Screen", displayId 0, displayGroupId 0, FLAG_SECURE, FLAG_SUPPORTS_PROTECTED_BUFFERS, FLAG_TRUSTED, real 320 x 640, largest app 320 x 640, smallest app 320 x 640, appVsyncOff 1000000, presDeadline 16666666, mode 160.000004, defaultMode 1, modes [{id=1, width=320, height=640, fps=60.000004, alternativeRefreshRates=[], supportedHdrTypes=[]}], hdrCapabilities HdrCapabilities{mSupportedHdrTypes=[], mMaxLuminance=500.0, mMaxAverageLuminance=500.0, mMinLuminance=0.0}, userDisabledHdrTypes [], minimalPostProcessingSupported false, rotation 0, state UNKNOWN, committedState UNKNOWN, type INTERNAL, uniqueId "local:4619827259835644672", app 320 x 640, density 160 (160.0 x 160.0) dpi, layerStack 0, colorMode 0, supportedColorModes [0], address {port=0, model=0x401cec6a7a2b7b}, deviceProductInfo DeviceProductInfo{name=EMU_display_0, manufacturerPnpId=GGL, productId=1, modelYear=null, manufactureDate=ManufactureDate{week=27, year=2006}, connectionToSinkType=0}, removeMode 0, refreshRateOverride 0.0, brightnessMinimum 0.0, brightnessMaximum 1.0, brightnessDefault 0.39763778, installOrientation ROTATION_0, layoutLimitedRefreshRate null, hdrSdrRatio not_available, thermalRefreshRateThrottling {}, thermalBrightnessThrottlingDataId default}
11-01 12:01:14.345 549 575 W android.permission.PermissionManager: Missing ActivityManager; assuming 1000 holds android.permission.READ_DEVICE_CONFIG
11-01 12:01:14.352 549 549 V SystemServerTiming: OnBootPhase_100_com.android.server.display.DisplayManagerService took to complete: 23ms
11-01 12:01:14.352 549 549 V SystemServerTiming: OnBootPhase_100 took to complete: 26ms
11-01 12:01:14.353 549 549 V SystemServerTiming: WaitForDisplay took to complete: 28ms
11-01 12:01:14.353 549 549 D SystemServerTiming: StartDomainVerificationService
11-01 12:01:14.353 549 575 W StrictMode: No activity manager; failed to Dropbox violation.
11-01 12:01:14.354 549 575 W StrictMode: No activity manager; failed to Dropbox violation.
11-01 12:01:14.354 549 549 V SystemServerTiming: StartDomainVerificationService took to complete: 2ms
11-01 12:01:14.354 549 549 D SystemServerTiming: StartPackageManagerService
11-01 12:01:14.354 549 549 I Watchdog: Pausing HandlerChecker: main thread for reason: packagemanagermain. Pause count: 1
11-01 12:01:14.355 549 549 W system_server: 'extract' is an obsolete compiler filter name that will be removed in future releases, please use 'verify' instead.
11-01 12:01:14.355 549 575 W StrictMode: No activity manager; failed to Dropbox violation.
11-01 12:01:14.355 549 549 W system_server: 'extract' is an obsolete compiler filter name that will be removed in future releases, please use 'verify' instead.
11-01 12:01:14.355 549 549 D PackageManagerTiming: create package manager
11-01 12:01:14.355 549 575 W StrictMode: No activity manager; failed to Dropbox violation.
11-01 12:01:14.355 549 575 W StrictMode: No activity manager; failed to Dropbox violation.
11-01 12:01:14.355 549 575 W StrictMode: No activity manager; failed to Dropbox violation.
11-01 12:01:14.356 549 575 W StrictMode: No activity manager; failed to Dropbox violation.
11-01 12:01:14.357 549 549 D PackageManagerTiming: createSubComponents
11-01 12:01:14.362 549 549 I UserManagerService: Upgrading users from userVersion 11 to 11
11-01 12:01:14.369 549 549 V PackageManagerTiming: createSubComponents took to complete: 12ms
11-01 12:01:14.369 549 549 D PackageManagerTiming: addSharedUsers
11-01 12:01:14.369 549 549 V PackageManagerTiming: addSharedUsers took to complete: 0ms
11-01 12:01:14.370 549 549 D PackageManagerTiming: get system config
11-01 12:01:14.370 549 549 V PackageManagerTiming: get system config took to complete: 0ms
11-01 12:01:14.371 549 549 D SELinuxMMAC: Using policy file /system/etc/selinux/plat_mac_permissions.xml
11-01 12:01:14.373 549 549 D SELinuxMMAC: Using policy file /system_ext/etc/selinux/system_ext_mac_permissions.xml
11-01 12:01:14.373 549 549 D SELinuxMMAC: Using policy file /vendor/etc/selinux/vendor_mac_permissions.xml
11-01 12:01:14.374 549 549 D PackageManagerTiming: loadFallbacks
11-01 12:01:14.376 549 549 D FallbackCategoryProvider: Found 387 fallback categories
11-01 12:01:14.377 549 549 V PackageManagerTiming: loadFallbacks took to complete: 3ms
11-01 12:01:14.377 549 549 D PackageManagerTiming: read user settings
11-01 12:01:14.455 549 549 W PackageManager: No package known for package restrictions com.google.android.devicelock
11-01 12:01:14.457 549 549 W PackageManager: No package known for package restrictions com.google.android.tzdata5
11-01 12:01:14.457 549 549 W PackageManager: No package known for package restrictions com.google.android.ondevicepersonalization
11-01 12:01:14.459 549 549 W PackageManager: No package known for package restrictions com.google.android.media.swcodec
11-01 12:01:14.460 549 549 W PackageManager: No package known for package restrictions com.google.android.os.statsd
11-01 12:01:14.460 549 549 W PackageManager: No package known for package restrictions com.google.android.widevine.nonupdatable
11-01 12:01:14.460 549 549 W PackageManager: No package known for package restrictions com.google.mainline.primary.libs
11-01 12:01:14.463 549 549 W PackageManager: No package known for package restrictions com.google.android.extservices
11-01 12:01:14.465 549 549 W PackageManager: No package known for package restrictions com.google.android.healthfitness
11-01 12:01:14.466 549 549 W PackageManager: No package known for package restrictions com.google.android.ipsec
11-01 12:01:14.466 549 549 W PackageManager: No package known for package restrictions com.google.android.media
11-01 12:01:14.468 549 549 W PackageManager: No package known for package restrictions com.android.i18n
11-01 12:01:14.468 549 549 W PackageManager: No package known for package restrictions com.android.virt
11-01 12:01:14.470 549 549 W PackageManager: No package known for package restrictions com.google.android.appsearch
11-01 12:01:14.471 549 549 W PackageManager: No package known for package restrictions com.google.android.configinfrastructure
11-01 12:01:14.472 549 549 W PackageManager: No package known for package restrictions com.google.android.cellbroadcast
11-01 12:01:14.472 549 549 W PackageManager: No package known for package restrictions com.android.apex.cts.shim
11-01 12:01:14.472 549 549 W PackageManager: No package known for package restrictions com.google.android.resolv
11-01 12:01:14.472 549 549 W PackageManager: No package known for package restrictions com.google.android.sdkext
11-01 12:01:14.472 549 549 W PackageManager: No package known for package restrictions com.google.android.art
11-01 12:01:14.474 549 549 W PackageManager: No package known for package restrictions com.google.android.uwb
11-01 12:01:14.475 549 549 W PackageManager: No package known for package restrictions com.google.android.runtime
11-01 12:01:14.476 549 549 W PackageManager: No package known for package restrictions com.google.android.adservices
11-01 12:01:14.478 549 549 W PackageManager: No package known for package restrictions com.google.android.scheduling
11-01 12:01:14.479 549 549 W PackageManager: No package known for package restrictions com.google.android.mediaprovider
11-01 12:01:14.479 549 549 W PackageManager: No package known for package restrictions com.google.android.permission
11-01 12:01:14.482 549 549 W PackageManager: No package known for package restrictions com.google.android.neuralnetworks
11-01 12:01:14.482 549 549 W PackageManager: No package known for package restrictions com.google.android.tethering
11-01 12:01:14.483 549 549 W PackageManager: No package known for package restrictions com.google.android.btservices
11-01 12:01:14.483 549 549 W PackageManager: No package known for package restrictions com.google.android.adbd
11-01 12:01:14.483 549 549 W PackageManager: No package known for package restrictions com.google.android.rkpd
11-01 12:01:14.483 549 549 W PackageManager: No package known for package restrictions com.google.android.wifi
11-01 12:01:14.484 549 549 W PackageManager: No package known for package restrictions com.google.android.conscrypt
11-01 12:01:14.486 549 549 W PackageManager: No package known for package restrictions com.google.android.vndk.v34
11-01 12:01:14.498 549 549 V SLog : static_init took to complete: 1ms
11-01 12:01:14.498 549 549 W PackageSettings: Missing permission state for package com.android.internal.display.cutout.emulation.corner on user 0
11-01 12:01:14.498 549 549 W PackageSettings: Missing permission state for package com.android.internal.display.cutout.emulation.double on user 0
11-01 12:01:14.498 549 549 W PackageSettings: Missing permission state for package com.google.android.ext.shared on user 0
11-01 12:01:14.498 549 549 W PackageSettings: Missing permission state for package com.android.internal.systemui.navbar.gestural_wide_back on user 0
11-01 12:01:14.498 549 549 W PackageSettings: Missing permission state for package com.android.virtualmachine.res on user 0
11-01 12:01:14.499 549 549 W PackageSettings: Missing permission state for package com.android.managedprovisioning.auto_generated_rro_product__ on user 0
11-01 12:01:14.499 549 549 W PackageSettings: Missing permission state for package com.android.carrierconfig.auto_generated_rro_vendor__ on user 0
11-01 12:01:14.499 549 549 W PackageSettings: Missing permission state for package com.android.systemui.emulation.pixel_3_xl on user 0
11-01 12:01:14.499 549 549 W PackageSettings: Missing permission state for package com.android.systemui.emulation.pixel_4_xl on user 0
11-01 12:01:14.499 549 549 W PackageSettings: Missing permission state for package com.android.systemui.emulation.pixel_fold on user 0
11-01 12:01:14.499 549 549 W PackageSettings: Missing permission state for package com.android.simappdialog.auto_generated_rro_product__ on user 0
11-01 12:01:14.499 549 549 W PackageSettings: Missing permission state for package com.android.htmlviewer on user 0
11-01 12:01:14.499 549 549 W PackageSettings: Missing permission state for package com.google.android.overlay.largescreenconfig on user 0
11-01 12:01:14.499 549 549 W PackageSettings: Missing permission state for package com.android.systemui.auto_generated_rro_product__ on user 0
11-01 12:01:14.499 549 549 W PackageSettings: Missing permission state for package com.android.internal.emulation.pixel_3a_xl on user 0
11-01 12:01:14.499 549 549 W PackageSettings: Missing permission state for package com.android.internal.emulation.pixel_6_pro on user 0
11-01 12:01:14.499 549 549 W PackageSettings: Missing permission state for package com.android.internal.emulation.pixel_7_pro on user 0
11-01 12:01:14.500 549 549 W PackageSettings: Missing permission state for package com.android.internal.emulation.pixel_3a on user 0
11-01 12:01:14.500 549 549 W PackageSettings: Missing permission state for package com.android.internal.emulation.pixel_4a on user 0
11-01 12:01:14.500 549 549 W PackageSettings: Missing permission state for package com.android.internal.emulation.pixel_6a on user 0
11-01 12:01:14.500 549 549 W PackageSettings: Missing permission state for package com.google.android.overlay.googlewebview on user 0
11-01 12:01:14.500 549 549 W PackageSettings: Missing permission state for package com.android.internal.display.cutout.emulation.hole on user 0
11-01 12:01:14.500 549 549 W PackageSettings: Missing permission state for package com.android.internal.display.cutout.emulation.tall on user 0
11-01 12:01:14.500 549 549 W PackageSettings: Missing permission state for package com.android.internal.systemui.navbar.threebutton on user 0
11-01 12:01:14.500 549 549 W PackageSettings: Missing permission state for package com.android.systemui.auto_generated_rro_vendor__ on user 0
11-01 12:01:14.501 549 549 W PackageSettings: Missing permission state for package com.android.internal.systemui.navbar.twobutton on user 0
11-01 12:01:14.501 549 549 W PackageSettings: Missing permission state for package com.android.internal.systemui.navbar.gestural_extra_wide_back on user 0
11-01 12:01:14.501 549 549 W PackageSettings: Missing permission state for package com.android.systemui.emulation.pixel_3 on user 0
11-01 12:01:14.501 549 549 W PackageSettings: Missing permission state for package com.android.systemui.emulation.pixel_4 on user 0
11-01 12:01:14.501 549 549 W PackageSettings: Missing permission state for package com.android.systemui.emulation.pixel_5 on user 0
11-01 12:01:14.501 549 549 W PackageSettings: Missing permission state for package com.android.systemui.emulation.pixel_6 on user 0
11-01 12:01:14.501 549 549 W PackageSettings: Missing permission state for package com.android.systemui.emulation.pixel_7 on user 0
11-01 12:01:14.501 549 549 W PackageSettings: Missing permission state for package com.android.nfc.auto_generated_rro_product__ on user 0
11-01 12:01:14.501 549 549 W PackageSettings: Missing permission state for package com.android.emergency.auto_generated_rro_product__ on user 0
11-01 12:01:14.502 549 549 W PackageSettings: Missing permission state for package com.google.android.connectivity.resources.goldfish.overlay on user 0
11-01 12:01:14.502 549 549 W PackageSettings: Missing permission state for package com.android.dreams.basic on user 0
11-01 12:01:14.502 549 549 W PackageSettings: Missing permission state for package com.google.android.networkstack.tethering.emulator on user 0
11-01 12:01:14.502 549 549 W PackageSettings: Missing permission state for package com.android.providers.settings.auto_generated_rro_product__ on user 0
11-01 12:01:14.502 549 549 W PackageSettings: Missing permission state for package com.android.traceur.auto_generated_rro_product__ on user 0
11-01 12:01:14.502 549 549 W PackageSettings: Missing permission state for package com.android.internal.emulation.pixel_3 on user 0
11-01 12:01:14.502 549 549 W PackageSettings: Missing permission state for package com.android.internal.emulation.pixel_4 on user 0
11-01 12:01:14.502 549 549 W PackageSettings: Missing permission state for package com.android.internal.emulation.pixel_5 on user 0
11-01 12:01:14.502 549 549 W PackageSettings: Missing permission state for package com.android.internal.emulation.pixel_6 on user 0
11-01 12:01:14.502 549 549 W PackageSettings: Missing permission state for package com.android.internal.emulation.pixel_7 on user 0
11-01 12:01:14.502 549 549 W PackageSettings: Missing permission state for package com.google.android.modulemetadata on user 0
11-01 12:01:14.502 549 549 W PackageSettings: Missing permission state for package com.android.internal.display.cutout.emulation.emu01 on user 0
11-01 12:01:14.502 549 549 W PackageSettings: Missing permission state for package com.google.android.markup on user 0
11-01 12:01:14.502 549 549 W PackageSettings: Missing permission state for package com.android.providers.settings.auto_generated_rro_vendor__ on user 0
11-01 12:01:14.503 549 549 W PackageSettings: Missing permission state for package com.android.server.telecom.auto_generated_rro_product__ on user 0
11-01 12:01:14.503 549 549 W PackageSettings: Missing permission state for package com.google.android.overlay.googleconfig on user 0
11-01 12:01:14.503 549 549 W PackageSettings: Missing permission state for package com.android.bips.auto_generated_rro_product__ on user 0
11-01 12:01:14.503 549 549 W PackageSettings: Missing permission state for package com.google.android.overlay.permissioncontroller on user 0
11-01 12:01:14.503 549 549 W PackageSettings: Missing permission state for package com.android.cameraextensions on user 0
11-01 12:01:14.503 549 549 W PackageSettings: Missing permission state for package com.android.theme.font.notoserifsource on user 0
11-01 12:01:14.503 549 549 W PackageSettings: Missing permission state for package com.google.android.safetycenter.resources on user 0
11-01 12:01:14.503 549 549 W PackageSettings: Missing permission state for package com.android.internal.display.cutout.emulation.waterfall on user 0
11-01 12:01:14.503 549 549 W PackageSettings: Missing permission state for package com.android.internal.systemui.navbar.transparent on user 0
11-01 12:01:14.503 549 549 W PackageSettings: Missing permission state for package com.google.android.connectivity.resources on user 0
11-01 12:01:14.503 549 549 W PackageSettings: Missing permission state for package com.android.providers.contacts.auto_generated_rro_product__ on user 0
11-01 12:01:14.504 549 549 W PackageSettings: Missing permission state for package com.android.systemui.emulation.pixel_3a_xl on user 0
11-01 12:01:14.504 549 549 W PackageSettings: Missing permission state for package com.android.systemui.emulation.pixel_6_pro on user 0
11-01 12:01:14.504 549 549 W PackageSettings: Missing permission state for package com.android.systemui.emulation.pixel_7_pro on user 0
11-01 12:01:14.504 549 549 W PackageSettings: Missing permission state for package com.google.mainline.telemetry on user 0
11-01 12:01:14.504 549 549 W PackageSettings: Missing permission state for package com.google.android.systemui.gxoverlay on user 0
11-01 12:01:14.504 549 549 W PackageSettings: Missing permission state for package com.android.carrierconfig.auto_generated_rro_product__ on user 0
11-01 12:01:14.504 549 549 W PackageSettings: Missing permission state for package com.google.android.overlay.largescreensettingsprovider on user 0
11-01 12:01:14.504 549 549 W PackageSettings: Missing permission state for package com.android.providers.partnerbookmarks on user 0
11-01 12:01:14.504 549 549 W PackageSettings: Missing permission state for package com.android.role.notes.enabled on user 0
11-01 12:01:14.504 549 549 W PackageSettings: Missing permission state for package com.android.providers.telephony.auto_generated_rro_product__ on user 0
11-01 12:01:14.504 549 549 W PackageSettings: Missing permission state for package com.android.phone.auto_generated_rro_vendor__ on user 0
11-01 12:01:14.504 549 549 W PackageSettings: Missing permission state for package com.google.mainline.adservices on user 0
11-01 12:01:14.504 549 549 W PackageSettings: Missing permission state for package com.android.internal.emulation.pixel_2_xl on user 0
11-01 12:01:14.504 549 549 W PackageSettings: Missing permission state for package com.android.internal.emulation.pixel_3_xl on user 0
11-01 12:01:14.504 549 549 W PackageSettings: Missing permission state for package com.android.internal.emulation.pixel_4_xl on user 0
11-01 12:01:14.504 549 549 W PackageSettings: Missing permission state for package com.android.internal.emulation.pixel_fold on user 0
11-01 12:01:14.504 549 549 W PackageSettings: Missing permission state for package com.android.bookmarkprovider on user 0
11-01 12:01:14.504 549 549 W PackageSettings: Missing permission state for package com.google.android.overlay.pixelconfigcommon on user 0
11-01 12:01:14.504 549 549 W PackageSettings: Missing permission state for package com.android.systemui.accessibility.accessibilitymenu.auto_generated_rro_product__ on user 0
11-01 12:01:14.505 549 549 W PackageSettings: Missing permission state for package com.android.systemui.emulation.pixel_3a on user 0
11-01 12:01:14.505 549 549 W PackageSettings: Missing permission state for package com.android.systemui.emulation.pixel_4a on user 0
11-01 12:01:14.505 549 549 W PackageSettings: Missing permission state for package com.android.systemui.emulation.pixel_6a on user 0
11-01 12:01:14.505 549 549 W PackageSettings: Missing permission state for package com.google.android.uwb.resources on user 0
11-01 12:01:14.505 549 549 W PackageSettings: Missing permission state for package com.google.android.wifi.resources on user 0
11-01 12:01:14.505 549 549 W PackageSettings: Missing permission state for package com.google.android.telephony.satellite on user 0
11-01 12:01:14.505 549 549 W PackageSettings: Missing permission state for package com.android.settings.auto_generated_rro_product__ on user 0
11-01 12:01:14.505 549 549 W PackageSettings: Missing permission state for package com.android.internal.systemui.navbar.gestural on user 0
11-01 12:01:14.505 549 549 W PackageSettings: Missing permission state for package com.android.storagemanager.auto_generated_rro_product__ on user 0
11-01 12:01:14.505 549 549 W PackageSettings: Missing permission state for package com.android.phone.auto_generated_rro_product__ on user 0
11-01 12:01:14.505 549 549 W PackageSettings: Missing permission state for package android.auto_generated_rro_product__ on user 0
11-01 12:01:14.505 549 549 W PackageSettings: Missing permission state for package com.android.internal.systemui.navbar.gestural_narrow_back on user 0
11-01 12:01:14.505 549 549 W PackageSettings: Missing permission state for package android.auto_generated_rro_vendor__ on user 0
11-01 12:01:14.506 549 549 W PackageSettings: Missing permission state for shared user: android.uid.log
11-01 12:01:14.506 549 549 W PackageSettings: Missing permission state for shared user: android.uid.uwb
11-01 12:01:14.507 549 549 V PackageManagerTiming: read user settings took to complete: 130ms
11-01 12:01:14.543 549 549 D PackageManager: Directories scanned as system partitions: [/system:0, /vendor:524288, /odm:4194304, /oem:262144, /product:1048576, /system_ext:2097152, /apex/com.android.devicelock:41943040, /apex/com.android.tzdata:41943040, /apex/com.android.ondevicepersonalization:41943040, /apex/com.android.wifi:41943040, /apex/com.android.art:41943040, /apex/com.android.virt:41943040, /apex/com.android.extservices:41943040, /apex/com.android.neuralnetworks:41943040, /apex/com.android.btservices:41943040, /apex/com.android.i18n:41943040, /apex/com.android.rkpd:41943040, /apex/com.android.appsearch:41943040, /apex/com.android.ipsec:41943040, /apex/com.android.healthfitness:41943040, /apex/com.android.sdkext:41943040, /apex/com.android.mediaprovider:41943040, /apex/com.android.cellbroadcast:41943040, /apex/com.android.adservices:41943040, /apex/com.android.os.statsd:41943040, /apex/com.android.conscrypt:41943040, /apex/com.android.apex.cts.shim:41943040, /apex/com.android.uwb:41943040, /apex/com.android.media.swcodec:41943040, /apex/com.android.adbd:41943040, /apex/com.google.mainline.primary.libs:41943040, /apex/com.android.runtime:41943040, /apex/com.android.resolv:41943040, /apex/com.google.android.widevine:42467328, /apex/com.android.configinfrastructure:41943040, /apex/com.android.tethering:41943040, /apex/com.android.vndk.v34:41943040, /apex/com.android.permission:41943040, /apex/com.android.media:41943040, /apex/com.android.scheduling:41943040]
11-01 12:01:14.544 549 549 D PackageManager: Keeping known cache 5e22c1a5622a2f2b901b97d60c750c654404455b
11-01 12:01:14.549 352 352 W ServiceManagerCppClient: Service statscompanion didn't start. Returning NULL
11-01 12:01:14.551 352 352 I statsd : Statsd starts to listen to socket.
11-01 12:01:15.418 0 0 I apexd : getAllPackages received by ApexService
11-01 12:01:14.588 549 549 I PackageManager: /system/apex/com.android.apex.cts.shim.apex changed; collecting certs
11-01 12:01:14.593 549 549 I PackageBackwardCompatibility: Loaded android.content.pm.AndroidTestBaseUpdater
11-01 12:01:14.594 549 549 D CompatibilityChangeReporter: Compat change id reported: 143539591; UID -1; state: DISABLED
11-01 12:01:14.594 549 549 D CompatibilityChangeReporter: Compat change id reported: 168782947; UID -1; state: DISABLED
11-01 12:01:14.595 549 549 W PackageManager: Odd, /system/apex/com.android.apex.cts.shim.apex doesn't look like an APK
11-01 12:01:14.597 549 549 I PackageManager: /data/apex/decompressed/com.android.adbd@340818082.decompressed.apex changed; collecting certs
11-01 12:01:14.599 549 549 D CompatibilityChangeReporter: Compat change id reported: 168782947; UID -1; state: ENABLED
11-01 12:01:14.600 549 549 W PackageManager: Odd, /data/apex/decompressed/com.android.adbd@340818082.decompressed.apex doesn't look like an APK
11-01 12:01:14.600 549 549 W PackageManager: Unrecognized code path /data/apex/decompressed/com.android.adbd@340818082.decompressed.apex - using /data
11-01 12:01:14.601 549 549 I PackageManager: /data/apex/decompressed/com.android.appsearch@340818080.decompressed.apex changed; collecting certs
11-01 12:01:14.604 549 549 W PackageManager: Odd, /data/apex/decompressed/com.android.appsearch@340818080.decompressed.apex doesn't look like an APK
11-01 12:01:14.604 549 549 W PackageManager: Unrecognized code path /data/apex/decompressed/com.android.appsearch@340818080.decompressed.apex - using /data
11-01 12:01:14.606 549 549 I PackageManager: /data/apex/decompressed/com.android.adservices@340818040.decompressed.apex changed; collecting certs
11-01 12:01:14.609 549 549 W PackageManager: Odd, /data/apex/decompressed/com.android.adservices@340818040.decompressed.apex doesn't look like an APK
11-01 12:01:14.609 549 549 W PackageManager: Unrecognized code path /data/apex/decompressed/com.android.adservices@340818040.decompressed.apex - using /data
11-01 12:01:14.611 549 549 I PackageManager: /data/apex/decompressed/com.android.configinfrastructure@340818080.decompressed.apex changed; collecting certs
11-01 12:01:14.613 549 549 W PackageManager: Odd, /data/apex/decompressed/com.android.configinfrastructure@340818080.decompressed.apex doesn't look like an APK
11-01 12:01:14.614 549 549 W PackageManager: Unrecognized code path /data/apex/decompressed/com.android.configinfrastructure@340818080.decompressed.apex - using /data
11-01 12:01:14.615 549 549 I PackageManager: /data/apex/decompressed/com.android.art@340818082.decompressed.apex changed; collecting certs
11-01 12:01:14.616 549 549 W PackageManager: Odd, /data/apex/decompressed/com.android.art@340818082.decompressed.apex doesn't look like an APK
11-01 12:01:14.616 549 549 W PackageManager: Unrecognized code path /data/apex/decompressed/com.android.art@340818082.decompressed.apex - using /data
11-01 12:01:14.618 549 549 I PackageManager: /data/apex/decompressed/com.android.cellbroadcast@340818080.decompressed.apex changed; collecting certs
11-01 12:01:14.619 549 549 W PackageManager: Odd, /data/apex/decompressed/com.android.cellbroadcast@340818080.decompressed.apex doesn't look like an APK
11-01 12:01:14.619 549 549 W PackageManager: Unrecognized code path /data/apex/decompressed/com.android.cellbroadcast@340818080.decompressed.apex - using /data
11-01 12:01:14.620 549 549 I PackageManager: /system/apex/com.google.android.btservices.apex changed; collecting certs
11-01 12:01:14.622 549 549 W PackageManager: Odd, /system/apex/com.google.android.btservices.apex doesn't look like an APK
11-01 12:01:14.623 549 549 I PackageManager: /data/apex/decompressed/com.android.extservices@340818080.decompressed.apex changed; collecting certs
11-01 12:01:14.625 549 549 W PackageManager: Odd, /data/apex/decompressed/com.android.extservices@340818080.decompressed.apex doesn't look like an APK
11-01 12:01:14.625 549 549 W PackageManager: Unrecognized code path /data/apex/decompressed/com.android.extservices@340818080.decompressed.apex - using /data
11-01 12:01:14.626 549 549 I PackageManager: /data/apex/decompressed/com.android.healthfitness@340818080.decompressed.apex changed; collecting certs
11-01 12:01:14.628 549 549 W PackageManager: Odd, /data/apex/decompressed/com.android.healthfitness@340818080.decompressed.apex doesn't look like an APK
11-01 12:01:14.628 549 549 W PackageManager: Unrecognized code path /data/apex/decompressed/com.android.healthfitness@340818080.decompressed.apex - using /data
11-01 12:01:14.629 549 549 I PackageManager: /system/apex/com.google.android.devicelock.apex changed; collecting certs
11-01 12:01:14.631 549 549 W PackageManager: Odd, /system/apex/com.google.android.devicelock.apex doesn't look like an APK
11-01 12:01:14.632 549 549 I PackageManager: /data/apex/decompressed/com.android.conscrypt@340818082.decompressed.apex changed; collecting certs
11-01 12:01:14.634 549 549 W PackageManager: Odd, /data/apex/decompressed/com.android.conscrypt@340818082.decompressed.apex doesn't look like an APK
11-01 12:01:14.634 549 549 W PackageManager: Unrecognized code path /data/apex/decompressed/com.android.conscrypt@340818082.decompressed.apex - using /data
11-01 12:01:14.635 549 549 I PackageManager: /data/apex/decompressed/com.android.ipsec@340818080.decompressed.apex changed; collecting certs
11-01 12:01:14.638 549 549 W PackageManager: Odd, /data/apex/decompressed/com.android.ipsec@340818080.decompressed.apex doesn't look like an APK
11-01 12:01:14.638 549 549 W PackageManager: Unrecognized code path /data/apex/decompressed/com.android.ipsec@340818080.decompressed.apex - using /data
11-01 12:01:14.639 549 549 I PackageManager: /data/apex/decompressed/com.android.media@340818082.decompressed.apex changed; collecting certs
11-01 12:01:14.640 549 549 W PackageManager: Odd, /data/apex/decompressed/com.android.media@340818082.decompressed.apex doesn't look like an APK
11-01 12:01:14.641 549 549 W PackageManager: Unrecognized code path /data/apex/decompressed/com.android.media@340818082.decompressed.apex - using /data
11-01 12:01:14.642 549 549 I PackageManager: /system/apex/com.android.i18n.apex changed; collecting certs
11-01 12:01:14.643 549 549 W PackageManager: Odd, /system/apex/com.android.i18n.apex doesn't look like an APK
11-01 12:01:14.644 549 549 I PackageManager: /data/apex/decompressed/com.android.media.swcodec@340818082.decompressed.apex changed; collecting certs
11-01 12:01:14.646 549 549 W PackageManager: Odd, /data/apex/decompressed/com.android.media.swcodec@340818082.decompressed.apex doesn't look like an APK
11-01 12:01:14.647 549 549 W PackageManager: Unrecognized code path /data/apex/decompressed/com.android.media.swcodec@340818082.decompressed.apex - using /data
11-01 12:01:14.648 549 549 I PackageManager: /data/apex/decompressed/com.android.neuralnetworks@340818080.decompressed.apex changed; collecting certs
11-01 12:01:14.649 549 549 W PackageManager: Odd, /data/apex/decompressed/com.android.neuralnetworks@340818080.decompressed.apex doesn't look like an APK
11-01 12:01:14.649 549 549 W PackageManager: Unrecognized code path /data/apex/decompressed/com.android.neuralnetworks@340818080.decompressed.apex - using /data
11-01 12:01:14.651 549 549 I PackageManager: /data/apex/decompressed/com.android.os.statsd@340818060.decompressed.apex changed; collecting certs
11-01 12:01:14.652 549 549 W PackageManager: Odd, /data/apex/decompressed/com.android.os.statsd@340818060.decompressed.apex doesn't look like an APK
11-01 12:01:14.653 549 549 W PackageManager: Unrecognized code path /data/apex/decompressed/com.android.os.statsd@340818060.decompressed.apex - using /data
11-01 12:01:14.654 549 549 I PackageManager: /data/apex/decompressed/com.android.mediaprovider@340818080.decompressed.apex changed; collecting certs
11-01 12:01:14.655 549 549 W PackageManager: Odd, /data/apex/decompressed/com.android.mediaprovider@340818080.decompressed.apex doesn't look like an APK
11-01 12:01:14.656 549 549 W PackageManager: Unrecognized code path /data/apex/decompressed/com.android.mediaprovider@340818080.decompressed.apex - using /data
11-01 12:01:14.657 549 549 I PackageManager: /data/apex/decompressed/com.android.resolv@340818080.decompressed.apex changed; collecting certs
11-01 12:01:14.658 549 549 W PackageManager: Odd, /data/apex/decompressed/com.android.resolv@340818080.decompressed.apex doesn't look like an APK
11-01 12:01:14.658 549 549 W PackageManager: Unrecognized code path /data/apex/decompressed/com.android.resolv@340818080.decompressed.apex - using /data
11-01 12:01:14.659 549 549 I PackageManager: /data/apex/decompressed/com.android.permission@340818080.decompressed.apex changed; collecting certs
11-01 12:01:14.661 549 549 W PackageManager: Odd, /data/apex/decompressed/com.android.permission@340818080.decompressed.apex doesn't look like an APK
11-01 12:01:14.661 549 549 W PackageManager: Unrecognized code path /data/apex/decompressed/com.android.permission@340818080.decompressed.apex - using /data
11-01 12:01:14.662 549 549 I PackageManager: /data/apex/decompressed/com.android.ondevicepersonalization@340818040.decompressed.apex changed; collecting certs
11-01 12:01:14.664 549 549 W PackageManager: Odd, /data/apex/decompressed/com.android.ondevicepersonalization@340818040.decompressed.apex doesn't look like an APK
11-01 12:01:14.664 549 549 W PackageManager: Unrecognized code path /data/apex/decompressed/com.android.ondevicepersonalization@340818040.decompressed.apex - using /data
11-01 12:01:14.665 549 549 I PackageManager: /data/apex/decompressed/com.android.rkpd@340818080.decompressed.apex changed; collecting certs
11-01 12:01:14.667 549 549 W PackageManager: Odd, /data/apex/decompressed/com.android.rkpd@340818080.decompressed.apex doesn't look like an APK
11-01 12:01:14.667 549 549 W PackageManager: Unrecognized code path /data/apex/decompressed/com.android.rkpd@340818080.decompressed.apex - using /data
11-01 12:01:14.668 549 549 I PackageManager: /system/apex/com.android.runtime.apex changed; collecting certs
11-01 12:01:14.670 549 549 W PackageManager: Odd, /system/apex/com.android.runtime.apex doesn't look like an APK
11-01 12:01:14.671 549 549 I PackageManager: /data/apex/decompressed/com.android.scheduling@340818080.decompressed.apex changed; collecting certs
11-01 12:01:14.673 549 549 W PackageManager: Odd, /data/apex/decompressed/com.android.scheduling@340818080.decompressed.apex doesn't look like an APK
11-01 12:01:14.673 549 549 W PackageManager: Unrecognized code path /data/apex/decompressed/com.android.scheduling@340818080.decompressed.apex - using /data
11-01 12:01:14.674 549 549 I PackageManager: /data/apex/decompressed/com.android.tethering@340818080.decompressed.apex changed; collecting certs
11-01 12:01:14.676 549 549 W PackageManager: Odd, /data/apex/decompressed/com.android.tethering@340818080.decompressed.apex doesn't look like an APK
11-01 12:01:14.676 549 549 W PackageManager: Unrecognized code path /data/apex/decompressed/com.android.tethering@340818080.decompressed.apex - using /data
11-01 12:01:14.677 549 549 I PackageManager: /system/apex/com.google.android.tzdata5.apex changed; collecting certs
11-01 12:01:14.678 549 549 W PackageManager: Odd, /system/apex/com.google.android.tzdata5.apex doesn't look like an APK
11-01 12:01:14.680 549 549 I PackageManager: /data/apex/decompressed/com.android.uwb@340818082.decompressed.apex changed; collecting certs
11-01 12:01:14.682 549 549 W PackageManager: Odd, /data/apex/decompressed/com.android.uwb@340818082.decompressed.apex doesn't look like an APK
11-01 12:01:14.682 549 549 W PackageManager: Unrecognized code path /data/apex/decompressed/com.android.uwb@340818082.decompressed.apex - using /data
11-01 12:01:14.683 549 549 I PackageManager: /data/apex/decompressed/com.android.sdkext@340818080.decompressed.apex changed; collecting certs
11-01 12:01:14.685 549 549 W PackageManager: Odd, /data/apex/decompressed/com.android.sdkext@340818080.decompressed.apex doesn't look like an APK
11-01 12:01:14.685 549 549 W PackageManager: Unrecognized code path /data/apex/decompressed/com.android.sdkext@340818080.decompressed.apex - using /data
11-01 12:01:14.686 549 549 I PackageManager: /system/apex/com.android.virt.apex changed; collecting certs
11-01 12:01:14.688 549 549 W PackageManager: Odd, /system/apex/com.android.virt.apex doesn't look like an APK
11-01 12:01:14.689 549 549 I PackageManager: /data/apex/decompressed/com.android.wifi@340818080.decompressed.apex changed; collecting certs
11-01 12:01:14.690 549 549 W PackageManager: Odd, /data/apex/decompressed/com.android.wifi@340818080.decompressed.apex doesn't look like an APK
11-01 12:01:14.691 549 549 W PackageManager: Unrecognized code path /data/apex/decompressed/com.android.wifi@340818080.decompressed.apex - using /data
11-01 12:01:14.692 549 549 I PackageManager: /system/apex/com.google.mainline.primary.libs.apex changed; collecting certs
11-01 12:01:14.693 549 549 W PackageManager: Odd, /system/apex/com.google.mainline.primary.libs.apex doesn't look like an APK
11-01 12:01:14.694 549 549 I PackageManager: /system/apex/com.android.vndk.current.apex changed; collecting certs
11-01 12:01:14.696 549 549 W PackageManager: Odd, /system/apex/com.android.vndk.current.apex doesn't look like an APK
11-01 12:01:14.697 549 549 I PackageManager: /vendor/apex/com.google.android.widevine.nonupdatable.apex changed; collecting certs
11-01 12:01:14.699 549 549 W PackageManager: Odd, /vendor/apex/com.google.android.widevine.nonupdatable.apex doesn't look like an APK
11-01 12:01:14.700 549 549 D PackageManager: No files in app dir /apex/com.google.android.widevine/overlay
11-01 12:01:14.700 549 549 D PackageManager: No files in app dir /system_ext/overlay
11-01 12:01:14.731 549 549 D PackageManager: No files in app dir /oem/overlay
11-01 12:01:14.731 549 549 D PackageManager: No files in app dir /odm/overlay
11-01 12:01:14.736 549 549 W PackageManager: Failed to parse /system/framework/oat: Missing base APK in /system/framework/oat/x86_64
11-01 12:01:14.737 549 549 W PackageManager: Failed to parse /system/framework/x86_64: Missing base APK in /system/framework/x86_64
11-01 12:01:14.790 549 549 D PackageManager: No files in app dir /vendor/priv-app
11-01 12:01:14.790 549 549 D PackageManager: No files in app dir /vendor/app
11-01 12:01:14.790 549 549 D PackageManager: No files in app dir /odm/priv-app
11-01 12:01:14.791 549 549 D PackageManager: No files in app dir /odm/app
11-01 12:01:14.791 549 549 D PackageManager: No files in app dir /oem/app
11-01 12:01:14.802 549 549 W PackageManager: Skipping provider name com.google.android.settings.intelligence (in package com.google.android.settings.intelligence): name already used by com.google.android.settings.intelligence
11-01 12:01:14.826 549 549 W PackageManager: Failed to parse /product/app/WebViewGoogle: Missing base APK in /product/app/WebViewGoogle
11-01 12:01:14.831 549 549 I PackageManager: getCompressedFiles[/product/app/Chrome-Stub]: [/product/app/Chrome/Chrome.apk.gz]
11-01 12:01:14.831 549 549 W PackageManager: Failed to scan /product/app/Chrome-Stub: Package com.android.chrome at /product/app/Chrome-Stub ignored: updated version 567263637 better than this 567263637
11-01 12:01:14.835 549 549 I PackageManager: getCompressedFiles[/product/app/WebViewGoogle-Stub]: [/product/app/WebViewGoogle/WebViewGoogle.apk.gz]
11-01 12:01:14.836 549 549 W PackageManager: Failed to scan /product/app/WebViewGoogle-Stub: Package com.google.android.webview at /product/app/WebViewGoogle-Stub ignored: updated version 567263637 better than this 567263637
11-01 12:01:14.837 549 549 I PackageManager: getCompressedFiles[/product/app/TrichromeLibrary-Stub]: [/product/app/TrichromeLibrary/TrichromeLibrary.apk.gz]
11-01 12:01:14.837 549 549 W PackageManager: Failed to scan /product/app/TrichromeLibrary-Stub: Package com.google.android.trichromelibrary_567263637 at /product/app/TrichromeLibrary-Stub ignored: updated version 567263637 better than this 567263637
11-01 12:01:14.840 549 549 W PackageManager: Failed to parse /product/app/TrichromeLibrary: Missing base APK in /product/app/TrichromeLibrary
11-01 12:01:14.842 549 549 W PackageManager: Failed to parse /product/app/Chrome: Missing base APK in /product/app/Chrome
11-01 12:01:14.877 549 549 D PackageManager: No files in app dir /system_ext/app
11-01 12:01:14.880 549 549 I ApexManager: Registering com.google.android.devicelockcontroller as apk-in-apex of com.android.devicelock
11-01 12:01:14.881 549 549 D PackageManager: No files in app dir /apex/com.android.devicelock/app
11-01 12:01:14.881 549 549 D PackageManager: No files in app dir /apex/com.android.tzdata/priv-app
11-01 12:01:14.882 549 549 D PackageManager: No files in app dir /apex/com.android.tzdata/app
11-01 12:01:14.882 549 549 D PackageManager: No files in app dir /apex/com.android.ondevicepersonalization/priv-app
11-01 12:01:14.885 549 549 I ApexManager: Registering com.google.android.federatedcompute as apk-in-apex of com.android.ondevicepersonalization
11-01 12:01:14.886 549 549 I ApexManager: Registering com.google.android.ondevicepersonalization.services as apk-in-apex of com.android.ondevicepersonalization
11-01 12:01:14.888 549 549 I ApexManager: Registering com.google.android.wifi.resources as apk-in-apex of com.android.wifi
11-01 12:01:14.892 549 549 I ApexManager: Registering com.google.android.wifi.dialog as apk-in-apex of com.android.wifi
11-01 12:01:14.893 549 549 I ApexManager: Registering com.google.android.hotspot2.osulogin as apk-in-apex of com.android.wifi
11-01 12:01:14.893 549 549 D PackageManager: No files in app dir /apex/com.android.art/priv-app
11-01 12:01:14.894 549 549 D PackageManager: No files in app dir /apex/com.android.art/app
11-01 12:01:14.894 549 549 D PackageManager: No files in app dir /apex/com.android.virt/priv-app
11-01 12:01:14.896 549 549 I ApexManager: Registering com.android.virtualmachine.res as apk-in-apex of com.android.virt
11-01 12:01:14.899 549 549 I ApexManager: Registering com.google.android.ext.services as apk-in-apex of com.android.extservices
11-01 12:01:14.900 549 549 D PackageManager: No files in app dir /apex/com.android.extservices/app
11-01 12:01:14.900 549 549 D PackageManager: No files in app dir /apex/com.android.neuralnetworks/priv-app
11-01 12:01:14.900 549 549 D PackageManager: No files in app dir /apex/com.android.neuralnetworks/app
11-01 12:01:14.900 549 549 D PackageManager: No files in app dir /apex/com.android.btservices/priv-app
11-01 12:01:14.903 549 549 I ApexManager: Registering com.google.android.bluetooth as apk-in-apex of com.android.btservices
11-01 12:01:14.903 549 549 D PackageManager: No files in app dir /apex/com.android.i18n/priv-app
11-01 12:01:14.904 549 549 D PackageManager: No files in app dir /apex/com.android.i18n/app
11-01 12:01:14.906 549 549 I ApexManager: Registering com.google.android.rkpdapp as apk-in-apex of com.android.rkpd
11-01 12:01:14.907 549 549 D PackageManager: No files in app dir /apex/com.android.rkpd/app
11-01 12:01:14.907 549 549 D PackageManager: No files in app dir /apex/com.android.appsearch/priv-app
11-01 12:01:14.907 549 549 D PackageManager: No files in app dir /apex/com.android.appsearch/app
11-01 12:01:14.907 549 549 D PackageManager: No files in app dir /apex/com.android.ipsec/priv-app
11-01 12:01:14.907 549 549 D PackageManager: No files in app dir /apex/com.android.ipsec/app
