11-01 12:01:06.437 0 0 I apexd : Successfully mounted package /data/apex/decompressed/com.android.neuralnetworks@340818080.decompressed.apex on /apex/com.android.neuralnetworks@340818080 duration=548
11-01 12:01:06.443 0 0 I EXT4-fs (dm-15): mounted filesystem without journal. Quota mode: none.
11-01 12:01:06.448 0 0 I loop33 : detected capacity change from 0 to 20008
11-01 12:01:06.450 0 0 I device-mapper: verity: sha256 using implementation "sha256-avx"
11-01 12:01:06.455 0 0 I EXT4-fs (dm-14): mounted filesystem without journal. Quota mode: none.
11-01 12:01:06.455 0 0 I apexd : Successfully mounted package /data/apex/decompressed/com.android.media.swcodec@340818082.decompressed.apex on /apex/com.android.media.swcodec@340818082 duration=565
11-01 12:01:06.458 0 0 I EXT4-fs (dm-13): mounted filesystem without journal. Quota mode: none.
11-01 12:01:06.458 0 0 I apexd : Successfully mounted package /data/apex/decompressed/com.android.adbd@340818082.decompressed.apex on /apex/com.android.adbd@340818082 duration=568
11-01 12:01:06.459 0 0 I apexd : Successfully mounted package /data/apex/decompressed/com.android.wifi@340818080.decompressed.apex on /apex/com.android.wifi@340818080 duration=569
11-01 12:01:06.464 0 0 I loop34 : detected capacity change from 0 to 536
11-01 12:01:06.466 0 0 I device-mapper: verity: sha256 using implementation "sha256-avx"
11-01 12:01:06.480 0 0 I EXT4-fs (dm-10): mounted filesystem without journal. Quota mode: none.
11-01 12:01:06.483 0 0 I loop35 : detected capacity change from 0 to 1544
11-01 12:01:06.485 0 0 I device-mapper: verity: sha256 using implementation "sha256-avx"
11-01 12:01:06.489 0 0 I apexd : Successfully mounted package /data/apex/decompressed/com.android.mediaprovider@340818080.decompressed.apex on /apex/com.android.mediaprovider@340818080 duration=599
11-01 12:01:06.493 0 0 I loop36 : detected capacity change from 0 to 33992
11-01 12:01:06.495 0 0 I device-mapper: verity: sha256 using implementation "sha256-avx"
11-01 12:01:06.500 0 0 I EXT4-fs (dm-7): mounted filesystem without journal. Quota mode: none.
11-01 12:01:06.500 0 0 I apexd : Successfully mounted package /data/apex/decompressed/com.android.sdkext@340818080.decompressed.apex on /apex/com.android.sdkext@340818080 duration=610
11-01 12:01:06.509 0 0 I EXT4-fs (dm-8): mounted filesystem without journal. Quota mode: none.
11-01 12:01:06.513 0 0 I loop37 : detected capacity change from 0 to 648
11-01 12:01:06.514 0 0 I device-mapper: verity: sha256 using implementation "sha256-avx"
11-01 12:01:06.517 0 0 I apexd : Successfully mounted package /data/apex/decompressed/com.android.scheduling@340818080.decompressed.apex on /apex/com.android.scheduling@340818080 duration=627
11-01 12:01:06.529 0 0 I EXT4-fs (loop37): mounted filesystem without journal. Quota mode: none.
11-01 12:01:06.552 0 0 I EXT4-fs (dm-6): mounted filesystem without journal. Quota mode: none.
11-01 12:01:06.558 0 0 I apexd : Successfully mounted package /system/apex/com.android.virt.apex on /apex/com.android.virt@2 duration=674
11-01 12:01:06.562 0 0 I apexd : Successfully mounted package /data/apex/decompressed/com.android.tethering@340818080.decompressed.apex on /apex/com.android.tethering@340818080 duration=671
11-01 12:01:06.675 0 0 I apexd : Activated 34 packages.
11-01 12:01:06.679 0 0 I apexd : OnStart done, duration=1435
11-01 12:01:06.684 0 0 I AidlLazyServiceRegistrar: Registering service apexservice
11-01 12:01:06.708 0 0 I apexd : Marking APEXd as activated
11-01 12:01:06.715 0 0 I init : Wait for property 'apexd.status=activated' took 847ms
11-01 12:01:06.781 0 0 I init : Parsing file /apex/com.android.adbd/etc/init.rc...
11-01 12:01:06.790 0 0 I init : Parsing file /apex/com.android.art/etc/init.rc...
11-01 12:01:06.797 0 0 I init : Parsing file /apex/com.android.media.swcodec/etc/mediaswcodec.32rc...
11-01 12:01:06.803 0 0 I init : Parsing file /apex/com.android.media/etc/mediatranscoding.32rc...
11-01 12:01:06.809 0 0 I init : Parsing file /apex/com.android.os.statsd/etc/init.rc...
11-01 12:01:06.819 0 0 I init : Parsing file /apex/com.android.sdkext/etc/derive_classpath.rc...
11-01 12:01:06.828 0 0 I init : Parsing file /apex/com.android.sdkext/etc/derive_sdk.rc...
11-01 12:01:06.834 0 0 I init : Parsing file /apex/com.google.android.widevine/etc/com.google.android.widevine.rc...
11-01 12:01:06.931 0 0 I init : linkerconfig generated /linkerconfig with mounted APEX modules info
11-01 12:01:06.939 0 0 I init : Command 'perform_apex_config' action=post-fs-data (/system/etc/init/hw/init.rc:1010) took 213ms and succeeded
11-01 12:01:06.949 0 0 I init : Verified that /data/bootanim has the encryption policy b0267ba289ae3158374c7d5d7799b06d v2 modes 1/4 flags 0x2
11-01 12:01:06.958 0 0 I init : starting service 'derive_sdk'...
11-01 12:01:06.979 0 0 I init : ... started service 'derive_sdk' has pid 317
11-01 12:01:06.987 0 0 I init : SVC_EXEC service 'derive_sdk' pid 317 (uid 9999 gid 9999+0 context default) started; waiting...
11-01 12:01:06.130 317 317 I derive_sdk: Read version 7 from 7
11-01 12:01:06.131 317 317 I derive_sdk: Read version 7 from 9
11-01 12:01:06.132 317 317 I derive_sdk: Read version 7 from 3
11-01 12:01:06.133 317 317 I derive_sdk: Read version 7 from 5
11-01 12:01:06.134 317 317 I derive_sdk: Read version 7 from 15
11-01 12:01:06.135 317 317 I derive_sdk: Read version 7 from 11
11-01 12:01:06.136 317 317 I derive_sdk: Read version 7 from 2
11-01 12:01:06.137 317 317 I derive_sdk: Read version 7 from 6
11-01 12:01:06.138 317 317 I derive_sdk: Read version 7 from 4
11-01 12:01:06.139 317 317 I derive_sdk: Read version 7 from 14
11-01 12:01:06.140 317 317 I derive_sdk: Read version 7 from 10
11-01 12:01:06.141 317 317 I derive_sdk: Read version 7 from 8
11-01 12:01:06.141 317 317 I derive_sdk: Read version 7 from 16
11-01 12:01:06.143 317 317 I derive_sdk: Read version 7 from 12
11-01 12:01:06.144 317 317 I derive_sdk: Read version 7 from 13
11-01 12:01:06.145 317 317 I derive_sdk: Read version 7 from 1
11-01 12:01:06.145 317 317 I derive_sdk: extension r version is 7
11-01 12:01:06.146 317 317 I derive_sdk: extension s version is 7
11-01 12:01:06.147 317 317 I derive_sdk: extension t version is 7
11-01 12:01:06.147 317 317 I derive_sdk: extension u version is 7
11-01 12:01:06.147 317 317 I derive_sdk: extension ad_services version is 7
11-01 12:01:07.020 0 0 I init : Service 'derive_sdk' (pid 317) exited with status 0 waiting took 0.056000 seconds
11-01 12:01:07.026 0 0 I init : Sending signal 9 to service 'derive_sdk' (pid 317) process group...
11-01 12:01:07.031 0 0 I libprocessgroup: Successfully killed process cgroup uid 9999 pid 317 in 0ms
11-01 12:01:07.038 0 0 I init : starting service 'exec 10 (/system/bin/vdc --wait cryptfs init_user0)'...
11-01 12:01:07.065 0 0 I init : ... started service 'exec 10 (/system/bin/vdc --wait cryptfs init_user0)' has pid 318
11-01 12:01:07.076 0 0 I init : SVC_EXEC service 'exec 10 (/system/bin/vdc --wait cryptfs init_user0)' pid 318 (uid 0 gid 0+0 context default) started; waiting...
11-01 12:01:06.216 172 172 D vold : fscrypt_init_user0
11-01 12:01:06.216 172 172 D vold : Preparing: /data/misc/vold/user_keys
11-01 12:01:07.087 0 0 D vdc : Waited 0ms for vold
11-01 12:01:06.218 172 172 D vold : Preparing: /data/misc/vold/user_keys/ce
11-01 12:01:06.219 172 172 D vold : Preparing: /data/misc/vold/user_keys/de
11-01 12:01:06.228 172 172 D vold : Installed fscrypt key with ref e337d6ff287cfd640dbfc7cb94643de0 to /data
11-01 12:01:06.229 172 172 D vold : Added fscrypt-provisioning key for e337d6ff287cfd640dbfc7cb94643de0 to session keyring
11-01 12:01:06.229 172 172 D vold : Installed de key for user 0
11-01 12:01:06.230 172 172 D vold : Preparing: /data/data
11-01 12:01:06.232 172 172 D vold : Preparing: /data/user/0
11-01 12:01:06.234 172 172 D vold : Preparing: /data/media/obb
11-01 12:01:06.234 172 172 D vold : fscrypt_prepare_user_storage for volume null, user 0, serial 0, flags 1
11-01 12:01:06.234 172 172 D vold : Preparing: /data/system/users/0
11-01 12:01:06.235 172 172 D vold : Preparing: /data/misc/profiles/cur/0
11-01 12:01:06.237 172 172 D vold : Preparing: /data/system_de/0
11-01 12:01:06.239 172 172 I vold : Verified that /data/system_de/0 has the encryption policy e337d6ff287cfd640dbfc7cb94643de0 v2 modes 1/4 flags 0x2
11-01 12:01:06.239 172 172 D vold : Preparing: /data/vendor_de/0
11-01 12:01:06.241 172 172 I vold : Verified that /data/vendor_de/0 has the encryption policy e337d6ff287cfd640dbfc7cb94643de0 v2 modes 1/4 flags 0x2
11-01 12:01:06.241 172 172 D vold : Preparing: /data/misc_de/0
11-01 12:01:06.244 172 172 I vold : Verified that /data/misc_de/0 has the encryption policy e337d6ff287cfd640dbfc7cb94643de0 v2 modes 1/4 flags 0x2
11-01 12:01:06.244 172 172 D vold : Preparing: /data/user_de/0
11-01 12:01:06.246 172 172 I vold : Verified that /data/user_de/0 has the encryption policy e337d6ff287cfd640dbfc7cb94643de0 v2 modes 1/4 flags 0x2
11-01 12:01:06.247 172 172 D vold : /system/bin/vold_prepare_subdirs
11-01 12:01:06.247 172 172 D vold : prepare
11-01 12:01:06.247 172 172 D vold :
11-01 12:01:06.247 172 172 D vold : 0
11-01 12:01:06.247 172 172 D vold : 1
11-01 12:01:06.262 319 319 D vold_prepare_subdirs: Setting up mode 771 uid 1000 gid 1000 context u:object_r:system_data_file:s0:c512,c768 on path: /data/user_de/0
11-01 12:01:06.263 319 319 D vold_prepare_subdirs: Setting up mode 771 uid 1000 gid 1000 context u:object_r:sdk_sandbox_system_data_file:s0:c512,c768 on path: /data/misc_de/0/sdksandbox
11-01 12:01:06.264 319 319 D vold_prepare_subdirs: Setting up mode 700 uid 0 gid 0 context u:object_r:vold_data_file:s0 on path: /data/misc_de/0/vold
11-01 12:01:06.266 319 319 D vold_prepare_subdirs: Setting up mode 700 uid 0 gid 0 context u:object_r:storaged_data_file:s0 on path: /data/misc_de/0/storaged
11-01 12:01:06.267 319 319 D vold_prepare_subdirs: Setting up mode 700 uid 0 gid 0 context u:object_r:rollback_data_file:s0 on path: /data/misc_de/0/rollback
11-01 12:01:06.268 319 319 D vold_prepare_subdirs: Setting up mode 700 uid 0 gid 0 context u:object_r:apex_rollback_data_file:s0 on path: /data/misc_de/0/apexrollback
11-01 12:01:06.269 319 319 D vold_prepare_subdirs: Setting up mode 711 uid 0 gid 0 context u:object_r:apex_module_data_file:s0 on path: /data/misc_de/0/apexdata
11-01 12:01:06.271 319 319 D vold_prepare_subdirs: Setting up mode 771 uid 0 gid 1000 context u:object_r:apex_module_data_file:s0 on path: /data/misc_de/0/apexdata/com.android.tethering
11-01 12:01:06.273 319 319 D vold_prepare_subdirs: Setting up mode 771 uid 0 gid 1000 context u:object_r:apex_module_data_file:s0 on path: /data/misc_de/0/apexdata/com.android.virt
11-01 12:01:06.273 319 319 D vold_prepare_subdirs: Setting up mode 771 uid 0 gid 1000 context u:object_r:apex_module_data_file:s0 on path: /data/misc_de/0/apexdata/com.android.scheduling
11-01 12:01:06.273 319 319 D vold_prepare_subdirs: Setting up mode 771 uid 0 gid 1000 context u:object_r:apex_module_data_file:s0 on path: /data/misc_de/0/apexdata/com.android.mediaprovider
11-01 12:01:06.273 319 319 D vold_prepare_subdirs: Setting up mode 771 uid 0 gid 1000 context u:object_r:apex_module_data_file:s0 on path: /data/misc_de/0/apexdata/com.android.sdkext
11-01 12:01:06.274 319 319 D vold_prepare_subdirs: Setting up mode 771 uid 0 gid 1000 context u:object_r:apex_system_server_data_file:s0 on path: /data/misc_de/0/apexdata/com.android.wifi
11-01 12:01:06.275 319 319 D vold_prepare_subdirs: Setting up mode 771 uid 0 gid 1000 context u:object_r:apex_module_data_file:s0 on path: /data/misc_de/0/apexdata/com.android.adbd
11-01 12:01:06.275 319 319 D vold_prepare_subdirs: Setting up mode 771 uid 0 gid 1000 context u:object_r:apex_module_data_file:s0 on path: /data/misc_de/0/apexdata/com.android.media.swcodec
11-01 12:01:06.276 319 319 D vold_prepare_subdirs: Setting up mode 771 uid 0 gid 1000 context u:object_r:apex_module_data_file:s0 on path: /data/misc_de/0/apexdata/com.android.cellbroadcast
11-01 12:01:06.276 319 319 D vold_prepare_subdirs: Setting up mode 771 uid 0 gid 1000 context u:object_r:apex_module_data_file:s0 on path: /data/misc_de/0/apexdata/com.android.neuralnetworks
11-01 12:01:06.276 319 319 D vold_prepare_subdirs: Setting up mode 771 uid 0 gid 1000 context u:object_r:apex_module_data_file:s0 on path: /data/misc_de/0/apexdata/com.android.configinfrastructure
11-01 12:01:06.276 319 319 D vold_prepare_subdirs: Setting up mode 771 uid 0 gid 1000 context u:object_r:apex_module_data_file:s0 on path: /data/misc_de/0/apexdata/com.android.adservices
11-01 12:01:06.277 319 319 D vold_prepare_subdirs: Setting up mode 771 uid 0 gid 1000 context u:object_r:apex_module_data_file:s0 on path: /data/misc_de/0/apexdata/com.android.media
11-01 12:01:06.277 319 319 D vold_prepare_subdirs: Setting up mode 771 uid 0 gid 1000 context u:object_r:apex_module_data_file:s0 on path: /data/misc_de/0/apexdata/com.android.resolv
11-01 12:01:06.277 319 319 D vold_prepare_subdirs: Setting up mode 771 uid 0 gid 1000 context u:object_r:apex_module_data_file:s0 on path: /data/misc_de/0/apexdata/com.android.os.statsd
11-01 12:01:06.278 319 319 D vold_prepare_subdirs: Setting up mode 771 uid 0 gid 1000 context u:object_r:apex_module_data_file:s0 on path: /data/misc_de/0/apexdata/com.android.rkpd
11-01 12:01:06.278 319 319 D vold_prepare_subdirs: Setting up mode 771 uid 0 gid 1000 context u:object_r:apex_system_server_data_file:s0 on path: /data/misc_de/0/apexdata/com.android.permission
11-01 12:01:06.279 319 319 D vold_prepare_subdirs: Setting up mode 771 uid 0 gid 1000 context u:object_r:apex_module_data_file:s0 on path: /data/misc_de/0/apexdata/com.android.extservices
11-01 12:01:06.279 319 319 D vold_prepare_subdirs: Setting up mode 771 uid 0 gid 1000 context u:object_r:apex_system_server_data_file:s0 on path: /data/misc_de/0/apexdata/com.android.uwb
11-01 12:01:06.281 319 319 D vold_prepare_subdirs: Setting up mode 771 uid 0 gid 1000 context u:object_r:apex_module_data_file:s0 on path: /data/misc_de/0/apexdata/com.android.conscrypt
11-01 12:01:06.281 319 319 D vold_prepare_subdirs: Setting up mode 771 uid 0 gid 1000 context u:object_r:apex_module_data_file:s0 on path: /data/misc_de/0/apexdata/com.android.art
11-01 12:01:06.281 319 319 D vold_prepare_subdirs: Setting up mode 771 uid 0 gid 1000 context u:object_r:apex_module_data_file:s0 on path: /data/misc_de/0/apexdata/com.android.healthfitness
11-01 12:01:06.281 319 319 D vold_prepare_subdirs: Setting up mode 771 uid 0 gid 1000 context u:object_r:apex_module_data_file:s0 on path: /data/misc_de/0/apexdata/com.android.appsearch
11-01 12:01:06.282 319 319 D vold_prepare_subdirs: Setting up mode 771 uid 0 gid 1000 context u:object_r:apex_module_data_file:s0 on path: /data/misc_de/0/apexdata/com.android.ondevicepersonalization
11-01 12:01:06.282 319 319 D vold_prepare_subdirs: Setting up mode 771 uid 0 gid 1000 context u:object_r:apex_module_data_file:s0 on path: /data/misc_de/0/apexdata/com.android.btservices
11-01 12:01:06.282 319 319 D vold_prepare_subdirs: Setting up mode 771 uid 0 gid 1000 context u:object_r:apex_module_data_file:s0 on path: /data/misc_de/0/apexdata/com.android.apex.cts.shim
11-01 12:01:06.283 319 319 D vold_prepare_subdirs: Setting up mode 771 uid 0 gid 1000 context u:object_r:apex_module_data_file:s0 on path: /data/misc_de/0/apexdata/com.android.ipsec
11-01 12:01:06.283 319 319 D vold_prepare_subdirs: Setting up mode 771 uid 0 gid 1000 context u:object_r:apex_module_data_file:s0 on path: /data/misc_de/0/apexdata/com.google.android.widevine
11-01 12:01:06.283 319 319 D vold_prepare_subdirs: Setting up mode 771 uid 0 gid 1000 context u:object_r:apex_module_data_file:s0 on path: /data/misc_de/0/apexdata/com.android.devicelock
11-01 12:01:06.284 319 319 D vold_prepare_subdirs: Setting up mode 771 uid 0 gid 1000 context u:object_r:apex_module_data_file:s0 on path: /data/misc_de/0/apexdata/com.android.vndk.v34
11-01 12:01:06.284 319 319 D vold_prepare_subdirs: Setting up mode 771 uid 0 gid 1000 context u:object_r:apex_module_data_file:s0 on path: /data/misc_de/0/apexdata/com.android.i18n
11-01 12:01:06.284 319 319 D vold_prepare_subdirs: Setting up mode 771 uid 0 gid 1000 context u:object_r:apex_module_data_file:s0 on path: /data/misc_de/0/apexdata/com.android.tzdata
11-01 12:01:06.284 319 319 D vold_prepare_subdirs: Setting up mode 771 uid 0 gid 1000 context u:object_r:apex_module_data_file:s0 on path: /data/misc_de/0/apexdata/com.android.runtime
11-01 12:01:06.285 319 319 D vold_prepare_subdirs: Setting up mode 771 uid 0 gid 1000 context u:object_r:apex_module_data_file:s0 on path: /data/misc_de/0/apexdata/sharedlibs
11-01 12:01:06.285 319 319 D vold_prepare_subdirs: Setting up mode 771 uid 1000 gid 1000 context u:object_r:user_profile_root_file:s0:c512,c768 on path: /data/misc/profiles/cur/0
11-01 12:01:06.285 319 319 D vold_prepare_subdirs: Setting up mode 700 uid 1000 gid 1000 context u:object_r:fingerprint_vendor_data_file:s0 on path: /data/vendor_de/0/fpdata
11-01 12:01:06.287 319 319 D vold_prepare_subdirs: Setting up mode 700 uid 1000 gid 1000 context u:object_r:face_vendor_data_file:s0 on path: /data/vendor_de/0/facedata
11-01 12:01:06.288 172 172 D vold : Detected support for FS_IOC_ADD_ENCRYPTION_KEY
11-01 12:01:07.162 0 0 I init : Service 'exec 10 (/system/bin/vdc --wait cryptfs init_user0)' (pid 318) exited with status 0 waiting took 0.117000 seconds
11-01 12:01:07.171 0 0 I init : Sending signal 9 to service 'exec 10 (/system/bin/vdc --wait cryptfs init_user0)' (pid 318) process group...
11-01 12:01:07.178 0 0 I libprocessgroup: Successfully killed process cgroup uid 0 pid 318 in 0ms
11-01 12:01:07.184 0 0 I selinux : SELinux: Skipping restorecon on directory(/data)
11-01 12:01:07.189 0 0 I init : starting service 'derive_classpath'...
11-01 12:01:06.358 321 321 I derive_classpath: ParseFragments for bootclasspath
11-01 12:01:07.216 0 0 I init : ... started service 'derive_classpath' has pid 321
11-01 12:01:07.224 0 0 I init : SVC_EXEC service 'derive_classpath' pid 321 (uid 1000 gid 1000+1 context default) started; waiting...
11-01 12:01:06.380 321 321 I derive_classpath: ReadClasspathFragment /apex/com.android.art/etc/classpaths/bootclasspath.pb
11-01 12:01:06.381 321 321 I derive_classpath: ReadClasspathFragment /system/etc/classpaths/bootclasspath.pb
11-01 12:01:06.382 321 321 I derive_classpath: ReadClasspathFragment /apex/com.android.adservices/etc/classpaths/bootclasspath.pb
11-01 12:01:06.383 321 321 I derive_classpath: ReadClasspathFragment /apex/com.android.appsearch/etc/classpaths/bootclasspath.pb
11-01 12:01:06.384 321 321 I derive_classpath: ReadClasspathFragment /apex/com.android.btservices/etc/classpaths/bootclasspath.pb
11-01 12:01:06.385 321 321 I derive_classpath: ReadClasspathFragment /apex/com.android.configinfrastructure/etc/classpaths/bootclasspath.pb
11-01 12:01:06.386 321 321 I derive_classpath: ReadClasspathFragment /apex/com.android.conscrypt/etc/classpaths/bootclasspath.pb
11-01 12:01:06.387 321 321 I derive_classpath: ReadClasspathFragment /apex/com.android.devicelock/etc/classpaths/bootclasspath.pb
11-01 12:01:06.388 321 321 I derive_classpath: ReadClasspathFragment /apex/com.android.healthfitness/etc/classpaths/bootclasspath.pb
11-01 12:01:06.390 321 321 I derive_classpath: ReadClasspathFragment /apex/com.android.ipsec/etc/classpaths/bootclasspath.pb
11-01 12:01:06.391 321 321 I derive_classpath: ReadClasspathFragment /apex/com.android.media/etc/classpaths/bootclasspath.pb
11-01 12:01:06.392 321 321 I derive_classpath: ReadClasspathFragment /apex/com.android.mediaprovider/etc/classpaths/bootclasspath.pb
11-01 12:01:06.392 321 321 I derive_classpath: ReadClasspathFragment /apex/com.android.ondevicepersonalization/etc/classpaths/bootclasspath.pb
11-01 12:01:06.393 321 321 I derive_classpath: ReadClasspathFragment /apex/com.android.os.statsd/etc/classpaths/bootclasspath.pb
11-01 12:01:06.394 321 321 I derive_classpath: ReadClasspathFragment /apex/com.android.permission/etc/classpaths/bootclasspath.pb
11-01 12:01:06.395 321 321 I derive_classpath: ReadClasspathFragment /apex/com.android.scheduling/etc/classpaths/bootclasspath.pb
11-01 12:01:06.396 321 321 I derive_classpath: ReadClasspathFragment /apex/com.android.sdkext/etc/classpaths/bootclasspath.pb
11-01 12:01:06.396 321 321 I derive_classpath: ReadClasspathFragment /apex/com.android.tethering/etc/classpaths/bootclasspath.pb
11-01 12:01:06.397 321 321 I derive_classpath: ReadClasspathFragment /apex/com.android.uwb/etc/classpaths/bootclasspath.pb
11-01 12:01:06.398 321 321 I derive_classpath: ReadClasspathFragment /apex/com.android.virt/etc/classpaths/bootclasspath.pb
11-01 12:01:06.399 321 321 I derive_classpath: ReadClasspathFragment /apex/com.android.wifi/etc/classpaths/bootclasspath.pb
11-01 12:01:06.399 321 321 I derive_classpath: ParseFragments for systemserverclasspath
11-01 12:01:06.400 321 321 I derive_classpath: ReadClasspathFragment /system/etc/classpaths/systemserverclasspath.pb
11-01 12:01:06.401 321 321 I derive_classpath: ReadClasspathFragment /apex/com.android.adservices/etc/classpaths/systemserverclasspath.pb
11-01 12:01:06.402 321 321 I derive_classpath: ReadClasspathFragment /apex/com.android.appsearch/etc/classpaths/systemserverclasspath.pb
11-01 12:01:06.403 321 321 I derive_classpath: ReadClasspathFragment /apex/com.android.art/etc/classpaths/systemserverclasspath.pb
11-01 12:01:06.403 321 321 I derive_classpath: ReadClasspathFragment /apex/com.android.btservices/etc/classpaths/systemserverclasspath.pb
11-01 12:01:06.404 321 321 I derive_classpath: ReadClasspathFragment /apex/com.android.configinfrastructure/etc/classpaths/systemserverclasspath.pb
11-01 12:01:06.405 321 321 I derive_classpath: ReadClasspathFragment /apex/com.android.devicelock/etc/classpaths/systemserverclasspath.pb
11-01 12:01:06.406 321 321 I derive_classpath: ReadClasspathFragment /apex/com.android.healthfitness/etc/classpaths/systemserverclasspath.pb
11-01 12:01:06.407 321 321 I derive_classpath: ReadClasspathFragment /apex/com.android.media/etc/classpaths/systemserverclasspath.pb
11-01 12:01:06.407 321 321 I derive_classpath: ReadClasspathFragment /apex/com.android.ondevicepersonalization/etc/classpaths/systemserverclasspath.pb
11-01 12:01:06.408 321 321 I derive_classpath: ReadClasspathFragment /apex/com.android.os.statsd/etc/classpaths/systemserverclasspath.pb
11-01 12:01:06.409 321 321 I derive_classpath: ReadClasspathFragment /apex/com.android.permission/etc/classpaths/systemserverclasspath.pb
11-01 12:01:06.409 321 321 I derive_classpath: ReadClasspathFragment /apex/com.android.rkpd/etc/classpaths/systemserverclasspath.pb
11-01 12:01:06.410 321 321 I derive_classpath: ReadClasspathFragment /apex/com.android.scheduling/etc/classpaths/systemserverclasspath.pb
11-01 12:01:06.410 321 321 I derive_classpath: ReadClasspathFragment /apex/com.android.tethering/etc/classpaths/systemserverclasspath.pb
11-01 12:01:06.411 321 321 I derive_classpath: ReadClasspathFragment /apex/com.android.uwb/etc/classpaths/systemserverclasspath.pb
11-01 12:01:06.412 321 321 I derive_classpath: ReadClasspathFragment /apex/com.android.wifi/etc/classpaths/systemserverclasspath.pb
11-01 12:01:06.412 321 321 I derive_classpath: WriteClasspathExports /data/system/environ/classpath
11-01 12:01:06.412 321 321 I derive_classpath: WriteClasspathExports content
11-01 12:01:06.412 321 321 I derive_classpath: export BOOTCLASSPATH /apex/com.android.art/javalib/core-oj.jar:/apex/com.android.art/javalib/core-libart.jar:/apex/com.android.art/javalib/okhttp.jar:/apex/com.android.art/javalib/bouncycastle.jar:/apex/com.android.art/javalib/apache-xml.jar:/system/framework/framework.jar:/system/framework/framework-graphics.jar:/system/framework/ext.jar:/system/framework/telephony-common.jar:/system/framework/voip-common.jar:/system/framework/ims-common.jar:/apex/com.android.i18n/javalib/core-icu4j.jar:/apex/com.android.adservices/javalib/framework-adservices.jar:/apex/com.android.adservices/javalib/framework-sdksandbox.jar:/apex/com.android.appsearch/javalib/framework-appsearch.jar:/apex/com.android.btservices/javalib/framework-bluetooth.jar:/apex/com.android.configinfrastructure/javalib/framework-configinfrastructure.jar:/apex/com.android.conscrypt/javalib/conscrypt.jar:/apex/com.android.devicelock/javalib/framework-devicelock.jar:/apex/com.android.healthfitness/javalib/framework-healthfitness.jar:/apex/com.android.ipsec/javalib/android.net.ipsec.ike.jar:/apex/com.android.media/javalib/updatable-media.jar:/apex/com.android.mediaprovider/javalib/framework-mediaprovider.jar:/apex/com.android.ondevicepersonalization/javalib/framework-ondevicepersonalization.jar:/apex/com.android.os.statsd/javalib/framework-statsd.jar:/apex/com.android.permission/javalib/framework-permission.jar:/apex/com.android.permission/javalib/framework-permission-s.jar:/apex/com.android.scheduling/javalib/framework-scheduling.jar:/apex/com.android.sdkext/javalib/framework-sdkextensions.jar:/apex/com.android.tethering/javalib/framework-connectivity.jar:/apex/com.android.tethering/javalib/framework-connectivity-t.jar:/apex/com.android.tethering/javalib/framework-tethering.jar:/apex/com.android.uwb/javalib/framework-uwb.jar:/apex/com.android.virt/javalib/framework-virtualization.jar:/apex/com.android.wifi/javalib/framework-wifi.jar
11-01 12:01:06.412 321 321 I derive_classpath: export DEX2OATBOOTCLASSPATH /apex/com.android.art/javalib/core-oj.jar:/apex/com.android.art/javalib/core-libart.jar:/apex/com.android.art/javalib/okhttp.jar:/apex/com.android.art/javalib/bouncycastle.jar:/apex/com.android.art/javalib/apache-xml.jar:/system/framework/framework.jar:/system/framework/framework-graphics.jar:/system/framework/ext.jar:/system/framework/telephony-common.jar:/system/framework/voip-common.jar:/system/framework/ims-common.jar:/apex/com.android.i18n/javalib/core-icu4j.jar
11-01 12:01:06.412 321 321 I derive_classpath: export SYSTEMSERVERCLASSPATH /system/framework/com.android.location.provider.jar:/system/framework/services.jar:/apex/com.android.adservices/javalib/service-adservices.jar:/apex/com.android.adservices/javalib/service-sdksandbox.jar:/apex/com.android.appsearch/javalib/service-appsearch.jar:/apex/com.android.art/javalib/service-art.jar:/apex/com.android.configinfrastructure/javalib/service-configinfrastructure.jar:/apex/com.android.healthfitness/javalib/service-healthfitness.jar:/apex/com.android.media/javalib/service-media-s.jar:/apex/com.android.ondevicepersonalization/javalib/service-ondevicepersonalization.jar:/apex/com.android.permission/javalib/service-permission.jar:/apex/com.android.rkpd/javalib/service-rkp.jar
11-01 12:01:06.412 321 321 I derive_classpath: export STANDALONE_SYSTEMSERVER_JARS /apex/com.android.btservices/javalib/service-bluetooth.jar:/apex/com.android.devicelock/javalib/service-devicelock.jar:/apex/com.android.os.statsd/javalib/service-statsd.jar:/apex/com.android.scheduling/javalib/service-scheduling.jar:/apex/com.android.tethering/javalib/service-connectivity.jar:/apex/com.android.uwb/javalib/service-uwb.jar:/apex/com.android.wifi/javalib/service-wifi.jar
11-01 12:01:07.290 0 0 I init : Service 'derive_classpath' (pid 321) exited with status 0 waiting took 0.096000 seconds
11-01 12:01:07.299 0 0 I init : Sending signal 9 to service 'derive_classpath' (pid 321) process group...
11-01 12:01:07.305 0 0 I libprocessgroup: Successfully killed process cgroup uid 1000 pid 321 in 0ms
11-01 12:01:07.313 0 0 I init : starting service 'art_boot'...
11-01 12:01:07.347 0 0 I init : ... started service 'art_boot' has pid 322
11-01 12:01:07.356 0 0 I init : SVC_EXEC service 'art_boot' pid 322 (uid 0 gid 0+0 context default) started; waiting...
11-01 12:01:07.365 0 0 I init : Command 'exec_start art_boot' action=post-fs-data (/system/etc/init/hw/init.rc:1030) took 52ms and succeeded
11-01 12:01:06.530 322 322 I art_boot: Property persist.device_config.runtime_native_boot.useartservice not set
11-01 12:01:07.402 0 0 I init : Service 'art_boot' (pid 322) exited with status 0 waiting took 0.081000 seconds
11-01 12:01:07.412 0 0 I init : Sending signal 9 to service 'art_boot' (pid 322) process group...
11-01 12:01:07.420 0 0 I libprocessgroup: Successfully killed process cgroup uid 0 pid 322 in 0ms
11-01 12:01:07.428 0 0 I init : starting service 'odsign'...
11-01 12:01:07.455 0 0 I init : ... started service 'odsign' has pid 323
11-01 12:01:06.623 323 323 I odsign : Trying to retrieve existing HMAC key...
11-01 12:01:06.624 323 323 I odsign : Trying to retrieve existing keystore key...
11-01 12:01:06.630 323 323 I odsign : Verified public key signature.
11-01 12:01:06.631 323 323 I odsign : Initialized Keystore key.
11-01 12:01:06.631 323 323 I odsign : Found and verified existing public key certificate: /data/misc/odsign/key.cert
11-01 12:01:07.664 0 0 I fs-verity: sha256 using implementation "sha256-avx"
11-01 12:01:06.823 324 324 I odrefresh: ART APEX version 340818082
11-01 12:01:06.966 324 324 I odrefresh: Boot images on /system OK (x86_64)
11-01 12:01:06.969 324 324 I odrefresh: system_server artifacts on /system OK
11-01 12:01:06.975 323 323 I odsign : /data/misc/odsign/odsign.info.signature matches.
11-01 12:01:06.975 323 323 I odsign : Loaded /data/misc/odsign/odsign.info
11-01 12:01:07.847 0 0 I init : Wait for property 'odsign.key.done=1' took 385ms
11-01 12:01:06.981 323 323 I odsign : All root hashes match.
11-01 12:01:07.853 0 0 I init : starting service 'exec 11 (/system/bin/fsverity_init --lock)'...
11-01 12:01:06.981 323 323 I odsign : odrefresh said artifacts are VALID
11-01 12:01:06.981 323 323 I odsign : On-device signing done.
11-01 12:01:06.981 323 323 I odsign : Metrics report is empty
11-01 12:01:07.893 0 0 I init : ... started service 'exec 11 (/system/bin/fsverity_init --lock)' has pid 326
11-01 12:01:07.902 0 0 I init : SVC_EXEC service 'exec 11 (/system/bin/fsverity_init --lock)' pid 326 (uid 0 gid 0+0 context default) started; waiting...
11-01 12:01:07.910 0 0 I init : Command 'exec -- /system/bin/fsverity_init --lock' action=post-fs-data (/system/etc/init/hw/init.rc:1042) took 57ms and succeeded
11-01 12:01:07.918 0 0 I init : Service 'exec 11 (/system/bin/fsverity_init --lock)' (pid 326) exited with status 0 waiting took 0.053000 seconds
11-01 12:01:07.925 0 0 I init : Sending signal 9 to service 'exec 11 (/system/bin/fsverity_init --lock)' (pid 326) process group...
11-01 12:01:07.932 0 0 I libprocessgroup: Successfully killed process cgroup uid 0 pid 326 in 0ms
11-01 12:01:07.936 0 0 I init : Sending signal 9 to service 'odsign' (pid 323) process group...
11-01 12:01:07.947 0 0 I libprocessgroup: Successfully killed process cgroup uid 0 pid 323 in 5ms
11-01 12:01:07.952 0 0 I init : Control message: Processed ctl.stop for 'odsign' from pid: 323 (/system/bin/odsign)
11-01 12:01:07.095 181 215 I keystore2: system/security/keystore2/src/super_key.rs:330 - keystore.boot_level 1000000000 hits maximum 1000000000, finishing.
11-01 12:01:07.966 0 0 I init : Service 'odsign' (pid 323) received signal 9
11-01 12:01:07.970 0 0 I init : starting service 'apexd-snapshotde'...
11-01 12:01:07.977 0 0 I init : ... started service 'apexd-snapshotde' has pid 327
11-01 12:01:07.982 0 0 I init : SVC_EXEC service 'apexd-snapshotde' pid 327 (uid 0 gid 1000+0 context default) started; waiting...
11-01 12:01:07.998 0 0 I apexd : Snapshot DE subcommand detected
11-01 12:01:08.002 0 0 I apexd-snapshotde: Marking APEXd as ready
11-01 12:01:08.008 0 0 I init : Service 'apexd-snapshotde' (pid 327) exited with status 0 waiting took 0.032000 seconds
11-01 12:01:08.017 0 0 I init : Sending signal 9 to service 'apexd-snapshotde' (pid 327) process group...
11-01 12:01:08.022 0 0 I libprocessgroup: Successfully killed process cgroup uid 0 pid 327 in 0ms
11-01 12:01:08.040 0 0 I init : processing action (post-fs-data) from (/system/etc/init/hw/init.usb.rc:6)
11-01 12:01:08.051 0 0 I init : Verified that /data/adb has the encryption policy b0267ba289ae3158374c7d5d7799b06d v2 modes 1/4 flags 0x2
11-01 12:01:08.058 0 0 I init : processing action (post-fs-data) from (/vendor/etc/init/hw/init.ranchu.rc:58)
11-01 12:01:08.069 0 0 I init : starting service 'qemu-adb-keys'...
11-01 12:01:08.095 0 0 I init : ... started service 'qemu-adb-keys' has pid 328
11-01 12:01:08.105 0 0 I init : starting service 'qemu-device-state'...
11-01 12:01:08.114 0 0 I init : ... started service 'qemu-device-state' has pid 329
11-01 12:01:08.118 0 0 I init : processing action (ro.boot.qemu.virtiowifi=1 && post-fs-data) from (/vendor/etc/init/hw/init.ranchu.rc:112)
11-01 12:01:08.126 0 0 I init : starting service 'ranchu-net'...
11-01 12:01:08.146 0 0 I init : ... started service 'ranchu-net' has pid 330
11-01 12:01:08.151 0 0 I init : Service 'qemu-adb-keys' (pid 328) exited with status 0 oneshot service took 0.078000 seconds in background
11-01 12:01:08.160 0 0 I init : Sending signal 9 to service 'qemu-adb-keys' (pid 328) process group...
11-01 12:01:08.165 0 0 I libprocessgroup: Successfully killed process cgroup uid 0 pid 328 in 0ms
11-01 12:01:08.171 0 0 I init : Service 'qemu-device-state' (pid 329) exited with status 0 oneshot service took 0.059000 seconds in background
11-01 12:01:08.179 0 0 I init : Sending signal 9 to service 'qemu-device-state' (pid 329) process group...
11-01 12:01:08.184 0 0 I libprocessgroup: Successfully killed process cgroup uid 0 pid 329 in 0ms
11-01 12:01:08.191 0 0 I init : processing action (post-fs-data) from (/system/etc/init/bootstat.rc:9)
11-01 12:01:08.203 0 0 I init : processing action (ro.debuggable=1 && post-fs-data) from (/system/etc/init/clean_scratch_files.rc:1)
11-01 12:01:08.211 0 0 I init : starting service 'exec 12 (/system/bin/clean_scratch_files)'...
11-01 12:01:08.218 0 0 I init : ... started service 'exec 12 (/system/bin/clean_scratch_files)' has pid 334
11-01 12:01:08.223 0 0 D ieee80211 phy1: Selected rate control algorithm 'minstrel_ht'
11-01 12:01:08.224 0 0 I init : processing action (post-fs-data) from (/system/etc/init/gsid.rc:17)
11-01 12:01:08.230 0 0 I init : Not setting encryption policy on: /data/gsi
11-01 12:01:08.235 0 0 I init : processing action (post-fs-data) from (/system/etc/init/incidentd.rc:21)
11-01 12:01:08.241 0 0 I init : starting service 'dhcpclient_wifi'...
11-01 12:01:08.249 0 0 I init : ... started service 'dhcpclient_wifi' has pid 336
11-01 12:01:08.253 0 0 I init : Control message: Processed ctl.start for 'dhcpclient_wifi' from pid: 335 (setprop ctl.start dhcpclient_wifi)
11-01 12:01:08.261 0 0 I init : processing action (post-fs-data) from (/system/etc/init/logtagd.rc:4)
11-01 12:01:08.267 0 0 I init : Service 'exec 12 (/system/bin/clean_scratch_files)' (pid 334) exited with status 0 oneshot service took 0.048000 seconds in background
11-01 12:01:08.276 0 0 I init : Sending signal 9 to service 'exec 12 (/system/bin/clean_scratch_files)' (pid 334) process group...
11-01 12:01:08.283 0 0 I libprocessgroup: Successfully killed process cgroup uid 0 pid 334 in 0ms
11-01 12:01:08.288 0 0 I init : Service 'ranchu-net' (pid 330) exited with status 0 oneshot service took 0.157000 seconds in background
11-01 12:01:08.295 0 0 I init : Sending signal 9 to service 'ranchu-net' (pid 330) process group...
11-01 12:01:08.301 0 0 I libprocessgroup: Successfully killed process cgroup uid 0 pid 330 in 0ms
11-01 12:01:08.308 0 0 I init : processing action (post-fs-data) from (/system/etc/init/otapreopt.rc:3)
11-01 12:01:08.317 0 0 I init : starting service 'exec 13 (/system/bin/otapreopt_slot)'...
11-01 12:01:08.337 0 0 I init : ... started service 'exec 13 (/system/bin/otapreopt_slot)' has pid 338
11-01 12:01:08.345 0 0 I init : SVC_EXEC service 'exec 13 (/system/bin/otapreopt_slot)' pid 338 (uid 0 gid 0+0 context default) started; waiting...
11-01 12:01:07.511 340 340 W otapreopt_slot: Slot property empty.
11-01 12:01:08.384 0 0 I init : Service 'exec 13 (/system/bin/otapreopt_slot)' (pid 338) exited with status 1 waiting took 0.060000 seconds
11-01 12:01:08.397 0 0 I init : Sending signal 9 to service 'exec 13 (/system/bin/otapreopt_slot)' (pid 338) process group...
11-01 12:01:08.409 0 0 I libprocessgroup: Successfully killed process cgroup uid 0 pid 338 in 0ms
11-01 12:01:08.416 0 0 E selinux : SELinux: Could not stat /data/dalvik-cache/arm: No such file or directory.
11-01 12:01:08.427 0 0 E selinux : SELinux: Could not stat /data/dalvik-cache/arm64: No such file or directory.
11-01 12:01:08.435 0 0 E selinux : SELinux: Could not stat /data/dalvik-cache/riscv64: No such file or directory.
11-01 12:01:08.440 0 0 E selinux : SELinux: Could not stat /data/dalvik-cache/x86: No such file or directory.
11-01 12:01:08.447 0 0 I selinux : SELinux: Skipping restorecon on directory(/data/dalvik-cache/x86_64)
11-01 12:01:08.453 0 0 I init : processing action (post-fs-data) from (/system/etc/init/perfetto.rc:73)
11-01 12:01:08.459 0 0 I init : Command 'rm /data/misc/perfetto-traces/.guardraildata' action=post-fs-data (/system/etc/init/perfetto.rc:74) took 0ms and failed: unlink() failed: No such file or directory
11-01 12:01:08.476 0 0 I init : processing action (post-fs-data) from (/system/etc/init/profcollectd.rc:9)
11-01 12:01:08.482 0 0 I init : processing action (post-fs-data) from (/system/etc/init/recovery-persist.rc:1)
11-01 12:01:08.488 0 0 I init : starting service 'exec 14 (/system/bin/recovery-persist)'...
11-01 12:01:08.514 0 0 I init : ... started service 'exec 14 (/system/bin/recovery-persist)' has pid 341
11-01 12:01:08.525 0 0 I init : processing action (post-fs-data) from (/system/etc/init/wifi.rc:18)
11-01 12:01:08.532 0 0 I selinux : SELinux: Skipping restorecon on directory(/data/misc/apexdata/com.android.wifi)
11-01 12:01:08.538 0 0 I init : Service 'exec 14 (/system/bin/recovery-persist)' (pid 341) exited with status 0 oneshot service took 0.043000 seconds in background
11-01 12:01:08.546 0 0 I init : Sending signal 9 to service 'exec 14 (/system/bin/recovery-persist)' (pid 341) process group...
11-01 12:01:08.553 0 0 I libprocessgroup: Successfully killed process cgroup uid 1000 pid 341 in 0ms
11-01 12:01:08.558 0 0 I init : processing action (post-fs-data) from (/vendor/etc/init/hostapd.android.rc:9)
11-01 12:01:08.568 0 0 I init : processing action (sys.init.perf_lsm_hooks=1 && load_bpf_programs) from (/system/etc/init/hw/init.rc:1253)
11-01 12:01:08.576 0 0 I init : processing action (load_bpf_programs) from (/system/etc/init/bpfloader.rc:17)
11-01 12:01:08.586 0 0 I init : starting service 'bpfloader'...
11-01 12:01:08.607 0 0 I init : ... started service 'bpfloader' has pid 342
11-01 12:01:08.614 0 0 I init : SVC_EXEC service 'bpfloader' pid 342 (uid 0 gid 0+7 context default) started; waiting...
11-01 12:01:08.630 0 0 D LibBpfLoader: Loading optional ELF object /apex/com.android.tethering/etc/bpf/test.o with license Apache 2.0
11-01 12:01:08.630 0 0 I LibBpfLoader: Section bpfloader_min_ver value is 2 [0x2]
11-01 12:01:08.635 0 0 I LibBpfLoader: Section bpfloader_max_ver value is 25 [0x19]
11-01 12:01:08.639 0 0 D LibBpfLoader: Couldn't find section bpfloader_min_required_ver (defaulting to 0 [0x0]).
11-01 12:01:08.639 0 0 I LibBpfLoader: Section size_of_bpf_map_def value is 120 [0x78]
11-01 12:01:08.644 0 0 I LibBpfLoader: Section size_of_bpf_prog_def value is 92 [0x5c]
11-01 12:01:08.649 0 0 I LibBpfLoader: BpfLoader version 0x00026 ignoring ELF object /apex/com.android.tethering/etc/bpf/test.o with max ver 0x00019
11-01 12:01:08.658 0 0 I bpfloader: Loaded object: /apex/com.android.tethering/etc/bpf/test.o
11-01 12:01:08.673 0 0 D LibBpfLoader: Loading critical for Connectivity (Tethering) ELF object /apex/com.android.tethering/etc/bpf/offload.o with license Apache 2.0
11-01 12:01:08.673 0 0 I LibBpfLoader: Section bpfloader_min_ver value is 2 [0x2]
11-01 12:01:08.682 0 0 I LibBpfLoader: Section bpfloader_max_ver value is 25 [0x19]
11-01 12:01:08.686 0 0 D LibBpfLoader: Couldn't find section bpfloader_min_required_ver (defaulting to 0 [0x0]).
11-01 12:01:08.686 0 0 I LibBpfLoader: Section size_of_bpf_map_def value is 120 [0x78]
11-01 12:01:08.691 0 0 I LibBpfLoader: Section size_of_bpf_prog_def value is 92 [0x5c]
11-01 12:01:08.696 0 0 I LibBpfLoader: BpfLoader version 0x00026 ignoring ELF object /apex/com.android.tethering/etc/bpf/offload.o with max ver 0x00019
11-01 12:01:08.705 0 0 I bpfloader: Loaded object: /apex/com.android.tethering/etc/bpf/offload.o
11-01 12:01:08.712 0 0 D LibBpfLoader: Loading optional ELF object /apex/com.android.tethering/etc/bpf/test@btf.o with license Apache 2.0
11-01 12:01:08.712 0 0 I LibBpfLoader: Section bpfloader_min_ver value is 25 [0x19]
11-01 12:01:08.717 0 0 I LibBpfLoader: Section bpfloader_max_ver value is 65536 [0x10000]
11-01 12:01:08.722 0 0 D LibBpfLoader: Couldn't find section bpfloader_min_required_ver (defaulting to 0 [0x0]).
11-01 12:01:08.722 0 0 I LibBpfLoader: Section size_of_bpf_map_def value is 120 [0x78]
11-01 12:01:08.727 0 0 I LibBpfLoader: Section size_of_bpf_prog_def value is 92 [0x5c]
11-01 12:01:08.731 0 0 I LibBpfLoader: BpfLoader version 0x00026 processing ELF object /apex/com.android.tethering/etc/bpf/test@btf.o with ver [0x00019,0x10000)
11-01 12:01:08.741 0 0 D LibBpfLoader: Loaded code section 3 (xdp_drop_ipv4_udp_ether)
11-01 12:01:08.741 0 0 D LibBpfLoader: Adding section 3 to cs list
11-01 12:01:08.742 0 0 D LibBpfLoader: Couldn't find section btf_min_bpfloader_ver (defaulting to 0 [0x0]).
11-01 12:01:08.742 0 0 D LibBpfLoader: Couldn't find section btf_min_kernel_ver (defaulting to 0 [0x0]).
11-01 12:01:08.760 0 0 D LibBpfLoader: bpf_create_map name tether_downstream6_map, ret: 6
11-01 12:01:08.760 0 0 I LibBpfLoader: map /sys/fs/bpf/tethering/map_test_tether_downstream6_map id 1
11-01 12:01:08.768 0 0 D LibBpfLoader: bpf_create_map name bitmap, ret: 8
11-01 12:01:08.768 0 0 I LibBpfLoader: map /sys/fs/bpf/tethering/map_test_bitmap id 2
11-01 12:01:08.774 0 0 D LibBpfLoader: map_fd found at 0 is 6 in /apex/com.android.tethering/etc/bpf/test@btf.o
11-01 12:01:08.774 0 0 D LibBpfLoader: map_fd found at 1 is 8 in /apex/com.android.tethering/etc/bpf/test@btf.o
11-01 12:01:08.774 0 0 D LibBpfLoader: cs[0].name:xdp_drop_ipv4_udp_ether min_kver:5090000 .max_kver:ffffffff (kvers:6010017)
11-01 12:01:08.774 0 0 D LibBpfLoader: cs[0].name:xdp_drop_ipv4_udp_ether requires bpfloader version [0x00019,0x10000)
11-01 12:01:08.776 0 0 D LibBpfLoader: bpf_prog_load lib call for /apex/com.android.tethering/etc/bpf/test@btf.o (xdp_drop_ipv4_udp_ether) returned fd: 7 (no error)
11-01 12:01:08.776 0 0 I LibBpfLoader: prog /sys/fs/bpf/tethering/prog_test_xdp_drop_ipv4_udp_ether id 1
11-01 12:01:08.783 0 0 I bpfloader: Loaded object: /apex/com.android.tethering/etc/bpf/test@btf.o
11-01 12:01:08.792 0 0 D LibBpfLoader: Loading critical for Connectivity (Tethering) ELF object /apex/com.android.tethering/etc/bpf/offload@btf.o with license Apache 2.0
11-01 12:01:08.792 0 0 I LibBpfLoader: Section bpfloader_min_ver value is 25 [0x19]
11-01 12:01:08.797 0 0 I LibBpfLoader: Section bpfloader_max_ver value is 65536 [0x10000]
11-01 12:01:08.802 0 0 D LibBpfLoader: Couldn't find section bpfloader_min_required_ver (defaulting to 0 [0x0]).
11-01 12:01:08.802 0 0 I LibBpfLoader: Section size_of_bpf_map_def value is 120 [0x78]
11-01 12:01:08.813 0 0 I LibBpfLoader: Section size_of_bpf_prog_def value is 92 [0x5c]
11-01 12:01:08.820 0 0 I LibBpfLoader: BpfLoader version 0x00026 processing ELF object /apex/com.android.tethering/etc/bpf/offload@btf.o with ver [0x00019,0x10000)
11-01 12:01:08.836 0 0 D LibBpfLoader: Loaded code section 3 (schedcls_tether_downstream6_ether)
11-01 12:01:08.836 0 0 D LibBpfLoader: Loaded relo section 3 (.relschedcls/tether_downstream6_ether)
11-01 12:01:08.836 0 0 D LibBpfLoader: Adding section 3 to cs list
11-01 12:01:08.837 0 0 D LibBpfLoader: Loaded code section 5 (schedcls_tether_upstream6_ether)
11-01 12:01:08.837 0 0 D LibBpfLoader: Loaded relo section 5 (.relschedcls/tether_upstream6_ether)
11-01 12:01:08.837 0 0 D LibBpfLoader: Adding section 5 to cs list
11-01 12:01:08.838 0 0 D LibBpfLoader: Loaded code section 7 (schedcls_tether_downstream6_rawip$4_14)
11-01 12:01:08.838 0 0 D LibBpfLoader: Loaded relo section 7 (.relschedcls/tether_downstream6_rawip$4_14)
11-01 12:01:08.838 0 0 D LibBpfLoader: Adding section 7 to cs list
11-01 12:01:08.839 0 0 D LibBpfLoader: Loaded code section 9 (schedcls_tether_upstream6_rawip$4_14)
11-01 12:01:08.839 0 0 D LibBpfLoader: Loaded relo section 9 (.relschedcls/tether_upstream6_rawip$4_14)
11-01 12:01:08.839 0 0 D LibBpfLoader: Adding section 9 to cs list
11-01 12:01:08.840 0 0 D LibBpfLoader: Loaded code section 11 (schedcls_tether_downstream6_rawip$stub)
11-01 12:01:08.841 0 0 D LibBpfLoader: Adding section 11 to cs list
11-01 12:01:08.841 0 0 D LibBpfLoader: Loaded code section 12 (schedcls_tether_upstream6_rawip$stub)
11-01 12:01:08.841 0 0 D LibBpfLoader: Adding section 12 to cs list
11-01 12:01:08.842 0 0 D LibBpfLoader: Loaded code section 13 (schedcls_tether_downstream4_rawip$5_8)
11-01 12:01:08.842 0 0 D LibBpfLoader: Loaded relo section 13 (.relschedcls/tether_downstream4_rawip$5_8)
11-01 12:01:08.842 0 0 D LibBpfLoader: Adding section 13 to cs list
11-01 12:01:08.842 0 0 D LibBpfLoader: Loaded code section 15 (schedcls_tether_upstream4_rawip$5_8)
11-01 12:01:08.843 0 0 D LibBpfLoader: Loaded relo section 15 (.relschedcls/tether_upstream4_rawip$5_8)
11-01 12:01:08.843 0 0 D LibBpfLoader: Adding section 15 to cs list
11-01 12:01:08.843 0 0 D LibBpfLoader: Loaded code section 17 (schedcls_tether_downstream4_ether$5_8)
11-01 12:01:08.843 0 0 D LibBpfLoader: Loaded relo section 17 (.relschedcls/tether_downstream4_ether$5_8)
11-01 12:01:08.843 0 0 D LibBpfLoader: Adding section 17 to cs list
11-01 12:01:08.843 0 0 D LibBpfLoader: Loaded code section 19 (schedcls_tether_upstream4_ether$5_8)
11-01 12:01:08.844 0 0 D LibBpfLoader: Loaded relo section 19 (.relschedcls/tether_upstream4_ether$5_8)
11-01 12:01:08.844 0 0 D LibBpfLoader: Adding section 19 to cs list
11-01 12:01:08.844 0 0 D LibBpfLoader: Loaded code section 21 (schedcls_tether_downstream4_rawip$opt)
11-01 12:01:08.845 0 0 D LibBpfLoader: Loaded relo section 21 (.relschedcls/tether_downstream4_rawip$opt)
11-01 12:01:08.845 0 0 D LibBpfLoader: Adding section 21 to cs list
11-01 12:01:08.845 0 0 D LibBpfLoader: Loaded code section 23 (schedcls_tether_upstream4_rawip$opt)
11-01 12:01:08.846 0 0 D LibBpfLoader: Loaded relo section 23 (.relschedcls/tether_upstream4_rawip$opt)
11-01 12:01:08.846 0 0 D LibBpfLoader: Adding section 23 to cs list
11-01 12:01:08.846 0 0 D LibBpfLoader: Loaded code section 25 (schedcls_tether_downstream4_ether$opt)
11-01 12:01:08.846 0 0 D LibBpfLoader: Loaded relo section 25 (.relschedcls/tether_downstream4_ether$opt)
11-01 12:01:08.846 0 0 D LibBpfLoader: Adding section 25 to cs list
11-01 12:01:08.847 0 0 D LibBpfLoader: Loaded code section 27 (schedcls_tether_upstream4_ether$opt)
11-01 12:01:08.847 0 0 D LibBpfLoader: Loaded relo section 27 (.relschedcls/tether_upstream4_ether$opt)
11-01 12:01:08.847 0 0 D LibBpfLoader: Adding section 27 to cs list
11-01 12:01:08.847 0 0 D LibBpfLoader: Loaded code section 29 (schedcls_tether_downstream4_rawip$5_4)
11-01 12:01:08.848 0 0 D LibBpfLoader: Loaded relo section 29 (.relschedcls/tether_downstream4_rawip$5_4)
11-01 12:01:08.848 0 0 D LibBpfLoader: Adding section 29 to cs list
11-01 12:01:08.848 0 0 D LibBpfLoader: Loaded code section 31 (schedcls_tether_upstream4_rawip$5_4)
11-01 12:01:08.849 0 0 D LibBpfLoader: Loaded relo section 31 (.relschedcls/tether_upstream4_rawip$5_4)
11-01 12:01:08.849 0 0 D LibBpfLoader: Adding section 31 to cs list
11-01 12:01:08.849 0 0 D LibBpfLoader: Loaded code section 33 (schedcls_tether_downstream4_rawip$4_14)
11-01 12:01:08.850 0 0 D LibBpfLoader: Loaded relo section 33 (.relschedcls/tether_downstream4_rawip$4_14)
11-01 12:01:08.850 0 0 D LibBpfLoader: Adding section 33 to cs list
11-01 12:01:08.851 0 0 D LibBpfLoader: Loaded code section 35 (schedcls_tether_upstream4_rawip$4_14)
11-01 12:01:08.852 0 0 D LibBpfLoader: Loaded relo section 35 (.relschedcls/tether_upstream4_rawip$4_14)
11-01 12:01:08.852 0 0 D LibBpfLoader: Adding section 35 to cs list
11-01 12:01:08.852 0 0 D LibBpfLoader: Loaded code section 37 (schedcls_tether_downstream4_ether$4_14)
11-01 12:01:08.853 0 0 D LibBpfLoader: Loaded relo section 37 (.relschedcls/tether_downstream4_ether$4_14)
11-01 12:01:08.853 0 0 D LibBpfLoader: Adding section 37 to cs list
11-01 12:01:08.853 0 0 D LibBpfLoader: Loaded code section 39 (schedcls_tether_upstream4_ether$4_14)
11-01 12:01:08.854 0 0 D LibBpfLoader: Loaded relo section 39 (.relschedcls/tether_upstream4_ether$4_14)
11-01 12:01:08.854 0 0 D LibBpfLoader: Adding section 39 to cs list
11-01 12:01:08.854 0 0 D LibBpfLoader: Loaded code section 41 (schedcls_tether_downstream4_rawip$stub)
11-01 12:01:08.855 0 0 D LibBpfLoader: Adding section 41 to cs list
11-01 12:01:08.855 0 0 D LibBpfLoader: Loaded code section 42 (schedcls_tether_upstream4_rawip$stub)
11-01 12:01:08.856 0 0 D LibBpfLoader: Adding section 42 to cs list
11-01 12:01:08.856 0 0 D LibBpfLoader: Loaded code section 43 (schedcls_tether_downstream4_ether$stub)
11-01 12:01:08.858 0 0 D LibBpfLoader: Adding section 43 to cs list
11-01 12:01:08.858 0 0 D LibBpfLoader: Loaded code section 44 (schedcls_tether_upstream4_ether$stub)
11-01 12:01:08.859 0 0 D LibBpfLoader: Adding section 44 to cs list
11-01 12:01:08.859 0 0 D LibBpfLoader: Loaded code section 45 (xdp_tether_downstream_ether)
11-01 12:01:08.860 0 0 D LibBpfLoader: Adding section 45 to cs list
11-01 12:01:08.861 0 0 D LibBpfLoader: Loaded code section 46 (xdp_tether_downstream_rawip)
11-01 12:01:08.862 0 0 D LibBpfLoader: Adding section 46 to cs list
11-01 12:01:08.862 0 0 D LibBpfLoader: Loaded code section 47 (xdp_tether_upstream_ether)
11-01 12:01:08.863 0 0 D LibBpfLoader: Adding section 47 to cs list
