11-01 12:01:16.938 549 549 V SystemServerTiming: OnBootPhase_500_com.android.server.devicestate.DeviceStateManagerService took to complete: 0ms
11-01 12:01:16.938 549 549 D SystemServerTiming: OnBootPhase_500_com.android.server.camera.CameraServiceProxy
11-01 12:01:16.938 549 549 V SystemServerTiming: OnBootPhase_500_com.android.server.camera.CameraServiceProxy took to complete: 0ms
11-01 12:01:16.938 549 549 D SystemServerTiming: OnBootPhase_500_com.android.server.bluetooth.BluetoothService
11-01 12:01:16.939 549 549 V SystemServerTiming: OnBootPhase_500_com.android.server.bluetooth.BluetoothService took to complete: 0ms
11-01 12:01:16.939 549 549 D SystemServerTiming: OnBootPhase_500_com.android.server.connectivity.IpConnectivityMetrics
11-01 12:01:16.939 549 709 D ConnectivityService: NetReassign [no changes] [c 0] [a 0] [i 0]
11-01 12:01:16.941 549 549 V SystemServerTiming: OnBootPhase_500_com.android.server.connectivity.IpConnectivityMetrics took to complete: 2ms
11-01 12:01:16.941 549 549 D SystemServerTiming: OnBootPhase_500_com.android.server.net.watchlist.NetworkWatchlistService$Lifecycle
11-01 12:01:16.941 549 549 V SystemServerTiming: OnBootPhase_500_com.android.server.net.watchlist.NetworkWatchlistService$Lifecycle took to complete: 0ms
11-01 12:01:16.941 549 549 D SystemServerTiming: OnBootPhase_500_com.android.server.PinnerService
11-01 12:01:16.942 549 549 V SystemServerTiming: OnBootPhase_500_com.android.server.PinnerService took to complete: 1ms
11-01 12:01:16.942 549 549 D SystemServerTiming: OnBootPhase_500_com.android.server.integrity.AppIntegrityManagerService
11-01 12:01:16.942 549 549 V SystemServerTiming: OnBootPhase_500_com.android.server.integrity.AppIntegrityManagerService took to complete: 0ms
11-01 12:01:16.942 549 549 D SystemServerTiming: OnBootPhase_500_com.android.server.logcat.LogcatManagerService
11-01 12:01:16.942 549 549 V SystemServerTiming: OnBootPhase_500_com.android.server.logcat.LogcatManagerService took to complete: 0ms
11-01 12:01:16.942 549 549 D SystemServerTiming: OnBootPhase_500_com.android.server.inputmethod.InputMethodManagerService$Lifecycle
11-01 12:01:16.942 549 549 V SystemServerTiming: OnBootPhase_500_com.android.server.inputmethod.InputMethodManagerService$Lifecycle took to complete: 0ms
11-01 12:01:16.942 549 549 D SystemServerTiming: OnBootPhase_500_com.android.server.accessibility.AccessibilityManagerService$Lifecycle
11-01 12:01:16.942 549 549 V SystemServerTiming: OnBootPhase_500_com.android.server.accessibility.AccessibilityManagerService$Lifecycle took to complete: 0ms
11-01 12:01:16.942 549 549 D SystemServerTiming: OnBootPhase_500_com.android.server.StorageManagerService$Lifecycle
11-01 12:01:16.943 549 549 V SystemServerTiming: OnBootPhase_500_com.android.server.StorageManagerService$Lifecycle took to complete: 1ms
11-01 12:01:16.943 549 549 D SystemServerTiming: OnBootPhase_500_com.android.server.usage.StorageStatsService$Lifecycle
11-01 12:01:16.943 549 549 V SystemServerTiming: OnBootPhase_500_com.android.server.usage.StorageStatsService$Lifecycle took to complete: 0ms
11-01 12:01:16.943 549 549 D SystemServerTiming: OnBootPhase_500_com.android.server.UiModeManagerService
11-01 12:01:16.945 549 549 I ActivityTaskManager: Config changes=200 {1.0 ?mcc0mnc [en_US] ldltr sw320dp w320dp h640dp 160dpi nrml long port finger qwerty/v/v -nav/h winConfig={ mBounds=Rect(0, 0 - 320, 640) mAppBounds=Rect(0, 0 - 320, 640) mMaxBounds=Rect(0, 0 - 320, 640) mDisplayRotation=ROTATION_0 mWindowingMode=fullscreen mDisplayWindowingMode=fullscreen mActivityType=undefined mAlwaysOnTop=undefined mRotation=ROTATION_0} s.6 ?fontWeightAdjustment}
11-01 12:01:16.947 549 549 I WindowManager: Override config changes=200 {1.0 ?mcc0mnc [en_US] ldltr sw320dp w320dp h640dp 160dpi nrml long port finger qwerty/v/v -nav/h winConfig={ mBounds=Rect(0, 0 - 320, 640) mAppBounds=Rect(0, 0 - 320, 640) mMaxBounds=Rect(0, 0 - 320, 640) mDisplayRotation=ROTATION_0 mWindowingMode=fullscreen mDisplayWindowingMode=fullscreen mActivityType=undefined mAlwaysOnTop=undefined mRotation=ROTATION_0} s.6 ?fontWeightAdjustment} for displayId=0
11-01 12:01:16.948 549 549 V SystemServerTiming: OnBootPhase_500_com.android.server.UiModeManagerService took to complete: 4ms
11-01 12:01:16.948 549 549 D SystemServerTiming: OnBootPhase_500_com.android.server.locales.LocaleManagerService
11-01 12:01:16.948 549 549 V SystemServerTiming: OnBootPhase_500_com.android.server.locales.LocaleManagerService took to complete: 0ms
11-01 12:01:16.948 549 549 D SystemServerTiming: OnBootPhase_500_com.android.server.grammaticalinflection.GrammaticalInflectionService
11-01 12:01:16.948 549 549 V SystemServerTiming: OnBootPhase_500_com.android.server.grammaticalinflection.GrammaticalInflectionService took to complete: 0ms
11-01 12:01:16.948 549 549 D SystemServerTiming: OnBootPhase_500_com.android.server.apphibernation.AppHibernationService
11-01 12:01:16.949 549 549 V SystemServerTiming: OnBootPhase_500_com.android.server.apphibernation.AppHibernationService took to complete: 1ms
11-01 12:01:16.949 549 549 D SystemServerTiming: OnBootPhase_500_com.android.server.locksettings.LockSettingsService$Lifecycle
11-01 12:01:16.949 549 549 V SystemServerTiming: OnBootPhase_500_com.android.server.locksettings.LockSettingsService$Lifecycle took to complete: 0ms
11-01 12:01:16.949 549 549 D SystemServerTiming: OnBootPhase_500_com.android.server.testharness.TestHarnessModeService
11-01 12:01:16.949 549 549 D TestHarnessModeService: Setting up test harness mode
11-01 12:01:16.949 549 549 D TestHarnessModeService: Getting PersistentDataBlockManagerInternal from LocalServices
11-01 12:01:16.950 549 549 E TestHarnessModeService: Failed to start Test Harness Mode; no implementation of PersistentDataBlockManagerInternal was bound!
11-01 12:01:16.950 549 549 V SystemServerTiming: OnBootPhase_500_com.android.server.testharness.TestHarnessModeService took to complete: 0ms
11-01 12:01:16.950 549 549 D SystemServerTiming: OnBootPhase_500_com.android.server.DeviceIdleController
11-01 12:01:16.952 549 549 V HistoricalRegistry: Interaction before persistence initialized
11-01 12:01:16.954 549 549 V SystemServerTiming: OnBootPhase_500_com.android.server.DeviceIdleController took to complete: 4ms
11-01 12:01:16.954 549 549 D SystemServerTiming: OnBootPhase_500_com.android.server.devicepolicy.DevicePolicyManagerService$Lifecycle
11-01 12:01:16.954 549 549 V SystemServerTiming: OnBootPhase_500_com.android.server.devicepolicy.DevicePolicyManagerService$Lifecycle took to complete: 0ms
11-01 12:01:16.954 549 549 D SystemServerTiming: OnBootPhase_500_com.android.server.musicrecognition.MusicRecognitionManagerService
11-01 12:01:16.954 549 549 V SystemServerTiming: OnBootPhase_500_com.android.server.musicrecognition.MusicRecognitionManagerService took to complete: 0ms
11-01 12:01:16.954 549 549 D SystemServerTiming: OnBootPhase_500_com.android.server.contentcapture.ContentCaptureManagerService
11-01 12:01:16.954 549 549 V SystemServerTiming: OnBootPhase_500_com.android.server.contentcapture.ContentCaptureManagerService took to complete: 0ms
11-01 12:01:16.955 549 549 D SystemServerTiming: OnBootPhase_500_com.android.server.systemcaptions.SystemCaptionsManagerService
11-01 12:01:16.955 549 549 V SystemServerTiming: OnBootPhase_500_com.android.server.systemcaptions.SystemCaptionsManagerService took to complete: 0ms
11-01 12:01:16.955 549 549 D SystemServerTiming: OnBootPhase_500_com.android.server.texttospeech.TextToSpeechManagerService
11-01 12:01:16.955 549 549 V SystemServerTiming: OnBootPhase_500_com.android.server.texttospeech.TextToSpeechManagerService took to complete: 0ms
11-01 12:01:16.955 549 549 D SystemServerTiming: OnBootPhase_500_com.android.server.ambientcontext.AmbientContextManagerService
11-01 12:01:16.956 549 549 V SystemServerTiming: OnBootPhase_500_com.android.server.ambientcontext.AmbientContextManagerService took to complete: 1ms
11-01 12:01:16.956 549 549 D SystemServerTiming: OnBootPhase_500_com.android.server.wearable.WearableSensingManagerService
11-01 12:01:16.957 549 549 V SystemServerTiming: OnBootPhase_500_com.android.server.wearable.WearableSensingManagerService took to complete: 0ms
11-01 12:01:16.957 549 549 D SystemServerTiming: OnBootPhase_500_com.android.server.speech.SpeechRecognitionManagerService
11-01 12:01:16.957 549 549 V SystemServerTiming: OnBootPhase_500_com.android.server.speech.SpeechRecognitionManagerService took to complete: 0ms
11-01 12:01:16.957 549 549 D SystemServerTiming: OnBootPhase_500_com.android.server.appprediction.AppPredictionManagerService
11-01 12:01:16.957 549 549 V SystemServerTiming: OnBootPhase_500_com.android.server.appprediction.AppPredictionManagerService took to complete: 0ms
11-01 12:01:16.957 549 549 D SystemServerTiming: OnBootPhase_500_com.android.server.contentsuggestions.ContentSuggestionsManagerService
11-01 12:01:16.957 549 549 V SystemServerTiming: OnBootPhase_500_com.android.server.contentsuggestions.ContentSuggestionsManagerService took to complete: 0ms
11-01 12:01:16.957 549 549 D SystemServerTiming: OnBootPhase_500_com.android.server.searchui.SearchUiManagerService
11-01 12:01:16.957 549 549 V SystemServerTiming: OnBootPhase_500_com.android.server.searchui.SearchUiManagerService took to complete: 0ms
11-01 12:01:16.957 549 549 D SystemServerTiming: OnBootPhase_500_com.android.server.smartspace.SmartspaceManagerService
11-01 12:01:16.957 549 549 V SystemServerTiming: OnBootPhase_500_com.android.server.smartspace.SmartspaceManagerService took to complete: 0ms
11-01 12:01:16.957 549 549 D SystemServerTiming: OnBootPhase_500_com.android.server.graphics.fonts.FontManagerService$Lifecycle
11-01 12:01:16.957 549 549 V SystemServerTiming: OnBootPhase_500_com.android.server.graphics.fonts.FontManagerService$Lifecycle took to complete: 0ms
11-01 12:01:16.957 549 549 D SystemServerTiming: OnBootPhase_500_com.android.server.textservices.TextServicesManagerService$Lifecycle
11-01 12:01:16.957 549 549 V SystemServerTiming: OnBootPhase_500_com.android.server.textservices.TextServicesManagerService$Lifecycle took to complete: 0ms
11-01 12:01:16.957 549 549 D SystemServerTiming: OnBootPhase_500_com.android.server.textclassifier.TextClassificationManagerService$Lifecycle
11-01 12:01:16.957 549 549 V SystemServerTiming: OnBootPhase_500_com.android.server.textclassifier.TextClassificationManagerService$Lifecycle took to complete: 0ms
11-01 12:01:16.958 549 549 D SystemServerTiming: OnBootPhase_500_com.android.server.NetworkScoreService$Lifecycle
11-01 12:01:16.958 549 549 V SystemServerTiming: OnBootPhase_500_com.android.server.NetworkScoreService$Lifecycle took to complete: 0ms
11-01 12:01:16.958 549 549 D SystemServerTiming: OnBootPhase_500_com.android.server.NetworkStatsServiceInitializer
11-01 12:01:16.958 549 549 V SystemServerTiming: OnBootPhase_500_com.android.server.NetworkStatsServiceInitializer took to complete: 0ms
11-01 12:01:16.958 549 549 D SystemServerTiming: OnBootPhase_500_com.android.server.wifi.WifiService
11-01 12:01:16.958 549 549 V SystemServerTiming: OnBootPhase_500_com.android.server.wifi.WifiService took to complete: 1ms
11-01 12:01:16.959 549 549 D SystemServerTiming: OnBootPhase_500_com.android.server.wifi.scanner.WifiScanningService
11-01 12:01:16.959 549 549 I WifiScanningService: Starting wifiscanner
11-01 12:01:16.959 549 549 V SystemServerTiming: OnBootPhase_500_com.android.server.wifi.scanner.WifiScanningService took to complete: 0ms
11-01 12:01:16.959 549 549 D SystemServerTiming: OnBootPhase_500_com.android.server.wifi.p2p.WifiP2pService
11-01 12:01:16.960 353 381 I netd : registerUnsolicitedEventListener(interface:0x77a25370bbc0) <0.02ms>
11-01 12:01:16.960 549 549 V SystemServerTiming: OnBootPhase_500_com.android.server.wifi.p2p.WifiP2pService took to complete: 1ms
11-01 12:01:16.960 549 549 D SystemServerTiming: OnBootPhase_500_com.android.server.ConnectivityServiceInitializer
11-01 12:01:16.960 549 549 V SystemServerTiming: OnBootPhase_500_com.android.server.ConnectivityServiceInitializer took to complete: 0ms
11-01 12:01:16.960 549 549 D SystemServerTiming: OnBootPhase_500_com.android.server.notification.NotificationManagerService
11-01 12:01:16.961 549 706 I WifiContext: Got resolveInfos for com.android.server.wifi.intent.action.SERVICE_WIFI_RESOURCES_APK: [ResolveInfo{5f81e91 com.google.android.wifi.resources/android.app.Activity m=0x108000 userHandle=UserHandle{0}}]
11-01 12:01:16.961 549 706 I WifiContext: Found Wifi Resources APK at: com.google.android.wifi.resources
11-01 12:01:16.961 549 702 W WifiXmlUtil: Ignoring unknown value name found: CaptivePortalNeverDetected
11-01 12:01:16.962 549 704 I WifiContext: Got resolveInfos for com.android.server.wifi.intent.action.SERVICE_WIFI_RESOURCES_APK: [ResolveInfo{14cce01 com.google.android.wifi.resources/android.app.Activity m=0x108000 userHandle=UserHandle{0}}]
11-01 12:01:16.963 549 704 I WifiContext: Found Wifi Resources APK at: com.google.android.wifi.resources
11-01 12:01:16.963 549 702 D CompatibilityChangeReporter: Compat change id reported: 213289672; UID 1000; state: ENABLED
11-01 12:01:16.963 549 549 V SystemServerTiming: OnBootPhase_500_com.android.server.notification.NotificationManagerService took to complete: 4ms
11-01 12:01:16.964 549 549 D SystemServerTiming: OnBootPhase_500_com.android.server.storage.DeviceStorageMonitorService
11-01 12:01:16.964 549 702 D CompatibilityChangeReporter: Compat change id reported: 215656264; UID 1000; state: ENABLED
11-01 12:01:16.964 549 549 V SystemServerTiming: OnBootPhase_500_com.android.server.storage.DeviceStorageMonitorService took to complete: 0ms
11-01 12:01:16.964 549 549 D SystemServerTiming: OnBootPhase_500_com.android.server.timedetector.TimeDetectorService$Lifecycle
11-01 12:01:16.964 549 549 V SystemServerTiming: OnBootPhase_500_com.android.server.timedetector.TimeDetectorService$Lifecycle took to complete: 0ms
11-01 12:01:16.964 549 702 D WifiConfigStore: Reading from all stores completed in 5 ms.
11-01 12:01:16.964 549 702 E WifiConfigManager: Cannot find network with networkId -1 or configKey "AndroidWifi"NONE or upgradable security type check
11-01 12:01:16.965 549 702 W BroadcastLoopers: Found previously unknown looper Thread[WifiHandlerThread,5,main]
11-01 12:01:16.966 549 549 D SystemServerTiming: OnBootPhase_500_com.android.server.location.LocationManagerService$Lifecycle
11-01 12:01:16.966 549 702 I WifiInjector: enableVerboseLogging false hal false
11-01 12:01:16.966 549 702 D WifiNative: enableVerboseLogging false hal false
11-01 12:01:16.966 549 702 E SupplicantStaIfaceHalAidlImpl: Can't call setDebugParams, ISupplicant is null
11-01 12:01:16.967 549 702 I WifiService: WifiService starting up with Wi-Fi enabled
11-01 12:01:16.968 549 549 V HistoricalRegistry: Interaction before persistence initialized
11-01 12:01:16.969 549 549 V SystemServerTiming: OnBootPhase_500_com.android.server.location.LocationManagerService$Lifecycle took to complete: 2ms
11-01 12:01:16.970 549 549 D SystemServerTiming: OnBootPhase_500_com.android.server.timezonedetector.TimeZoneDetectorService$Lifecycle
11-01 12:01:16.970 549 549 V SystemServerTiming: OnBootPhase_500_com.android.server.timezonedetector.TimeZoneDetectorService$Lifecycle took to complete: 0ms
11-01 12:01:16.970 549 549 D SystemServerTiming: OnBootPhase_500_com.android.server.location.altitude.AltitudeService$Lifecycle
11-01 12:01:16.970 549 549 V SystemServerTiming: OnBootPhase_500_com.android.server.location.altitude.AltitudeService$Lifecycle took to complete: 0ms
11-01 12:01:16.971 549 549 D SystemServerTiming: OnBootPhase_500_com.android.server.timezonedetector.location.LocationTimeZoneManagerService$Lifecycle
11-01 12:01:16.971 549 549 V SystemServerTiming: OnBootPhase_500_com.android.server.timezonedetector.location.LocationTimeZoneManagerService$Lifecycle took to complete: 0ms
11-01 12:01:16.971 549 549 D SystemServerTiming: OnBootPhase_500_com.android.server.search.SearchManagerService$Lifecycle
11-01 12:01:16.971 549 549 V SystemServerTiming: OnBootPhase_500_com.android.server.search.SearchManagerService$Lifecycle took to complete: 0ms
11-01 12:01:16.971 549 702 D WifiController: isAirplaneModeOn = false, isWifiEnabled = true, isScanningAvailable = true, isLocationModeActive = true, isSatelliteModeOn = false
11-01 12:01:16.972 549 549 D SystemServerTiming: OnBootPhase_500_com.android.server.wallpaper.WallpaperManagerService$Lifecycle
11-01 12:01:16.972 549 702 D WifiActiveModeWarden: Starting primary ClientModeManager in connect mode
11-01 12:01:16.972 549 549 V SystemServerTiming: OnBootPhase_500_com.android.server.wallpaper.WallpaperManagerService$Lifecycle took to complete: 1ms
11-01 12:01:16.972 549 549 D SystemServerTiming: OnBootPhase_500_com.android.server.wallpapereffectsgeneration.WallpaperEffectsGenerationManagerService
11-01 12:01:16.973 549 549 V SystemServerTiming: OnBootPhase_500_com.android.server.wallpapereffectsgeneration.WallpaperEffectsGenerationManagerService took to complete: 0ms
11-01 12:01:16.973 549 549 D SystemServerTiming: OnBootPhase_500_com.android.server.audio.AudioService$Lifecycle
11-01 12:01:16.973 549 549 V SystemServerTiming: OnBootPhase_500_com.android.server.audio.AudioService$Lifecycle took to complete: 0ms
11-01 12:01:16.973 549 549 D SystemServerTiming: OnBootPhase_500_com.android.server.soundtrigger_middleware.SoundTriggerMiddlewareService$Lifecycle
11-01 12:01:16.973 549 549 V SystemServerTiming: OnBootPhase_500_com.android.server.soundtrigger_middleware.SoundTriggerMiddlewareService$Lifecycle took to complete: 0ms
11-01 12:01:16.973 549 549 D SystemServerTiming: OnBootPhase_500_com.android.server.DockObserver
11-01 12:01:16.974 549 549 V SystemServerTiming: OnBootPhase_500_com.android.server.DockObserver took to complete: 0ms
11-01 12:01:16.974 549 549 D SystemServerTiming: OnBootPhase_500_com.android.server.midi.MidiService$Lifecycle
11-01 12:01:16.974 549 549 V SystemServerTiming: OnBootPhase_500_com.android.server.midi.MidiService$Lifecycle took to complete: 0ms
11-01 12:01:16.974 549 549 D SystemServerTiming: OnBootPhase_500_com.android.server.adb.AdbService$Lifecycle
11-01 12:01:16.974 549 549 V SystemServerTiming: OnBootPhase_500_com.android.server.adb.AdbService$Lifecycle took to complete: 0ms
11-01 12:01:16.974 549 549 D SystemServerTiming: OnBootPhase_500_com.android.server.usb.UsbService$Lifecycle
11-01 12:01:16.974 549 549 V SystemServerTiming: OnBootPhase_500_com.android.server.usb.UsbService$Lifecycle took to complete: 1ms
11-01 12:01:16.975 549 549 D SystemServerTiming: OnBootPhase_500_com.android.server.twilight.TwilightService
11-01 12:01:16.975 549 549 V SystemServerTiming: OnBootPhase_500_com.android.server.twilight.TwilightService took to complete: 0ms
11-01 12:01:16.975 549 549 D SystemServerTiming: OnBootPhase_500_com.android.server.display.color.ColorDisplayService
11-01 12:01:16.975 549 549 V SystemServerTiming: OnBootPhase_500_com.android.server.display.color.ColorDisplayService took to complete: 0ms
11-01 12:01:16.975 549 549 D SystemServerTiming: OnBootPhase_500_com.android.server.job.JobSchedulerService
11-01 12:01:16.980 549 702 I WifiHalAidlImpl: Obtained the IWifi binder. Local Version: 1
11-01 12:01:16.980 549 702 I WifiHalAidlImpl: Remote Version: 1
11-01 12:01:16.981 549 702 I WifiHalAidlImpl: Initialization is complete
11-01 12:01:16.981 400 405 W android.hardware.wifi-service: Duplicate death notification registration
11-01 12:01:16.981 549 702 D WifiNl80211Manager: tearing down interfaces in wificond
11-01 12:01:17.844 0 0 I servicemanager: Found android.hardware.wifi.IWifi/default in device VINTF manifest.
11-01 12:01:16.983 549 702 D WifiAdaptConnObserver: Adaptive connectivity status initialized to: true
11-01 12:01:16.983 549 702 D WifiController: EnabledState.enter()
11-01 12:01:16.983 549 702 D WifiClientModeManager[27939:unknown]: entering IdleState
11-01 12:01:16.987 549 549 V HistoricalRegistry: Interaction before persistence initialized
11-01 12:01:16.988 549 549 V SystemServerTiming: OnBootPhase_500_com.android.server.job.JobSchedulerService took to complete: 13ms
11-01 12:01:16.988 549 549 D SystemServerTiming: OnBootPhase_500_com.android.server.soundtrigger.SoundTriggerService
11-01 12:01:16.988 549 549 D SoundTriggerService: onBootPhase: 500 : false
11-01 12:01:16.990 549 702 I WifiHalAidlImpl: Service is already initialized
11-01 12:01:16.991 549 549 V SystemServerTiming: OnBootPhase_500_com.android.server.soundtrigger.SoundTriggerService took to complete: 3ms
11-01 12:01:16.991 549 549 D SystemServerTiming: OnBootPhase_500_com.android.server.trust.TrustManagerService
11-01 12:01:16.991 400 405 I android.hardware.wifi-service: Wifi HAL started
11-01 12:01:16.992 549 702 E WifiChipAidlImpl: getMode failed with service-specific exception: android.os.ServiceSpecificException: (code 5)
11-01 12:01:16.992 400 405 W android.hardware.wifi-service: No active wlan interfaces in use! Using default
11-01 12:01:16.992 400 405 E android.hardware.wifi-service: Unknown iface name: wlan0
11-01 12:01:16.992 400 405 E android.hardware.wifi-service: Unknown iface name: wlan0
11-01 12:01:16.993 549 702 I WifiVendorHal: Vendor Hal started successfully
11-01 12:01:16.994 549 549 V SystemServerTiming: OnBootPhase_500_com.android.server.trust.TrustManagerService took to complete: 3ms
11-01 12:01:16.994 549 549 D SystemServerTiming: OnBootPhase_500_com.android.server.backup.BackupManagerService$Lifecycle
11-01 12:01:16.994 549 549 V SystemServerTiming: OnBootPhase_500_com.android.server.backup.BackupManagerService$Lifecycle took to complete: 0ms
11-01 12:01:16.994 549 549 D SystemServerTiming: OnBootPhase_500_com.android.server.appwidget.AppWidgetService
11-01 12:01:16.994 549 549 V SystemServerTiming: OnBootPhase_500_com.android.server.appwidget.AppWidgetService took to complete: 0ms
11-01 12:01:16.994 549 549 D SystemServerTiming: OnBootPhase_500_com.android.server.voiceinteraction.VoiceInteractionManagerService
11-01 12:01:16.994 549 549 V SystemServerTiming: OnBootPhase_500_com.android.server.voiceinteraction.VoiceInteractionManagerService took to complete: 0ms
11-01 12:01:16.994 549 549 D SystemServerTiming: OnBootPhase_500_com.android.server.GestureLauncherService
11-01 12:01:16.994 549 549 V SystemServerTiming: OnBootPhase_500_com.android.server.GestureLauncherService took to complete: 0ms
11-01 12:01:16.994 549 549 D SystemServerTiming: OnBootPhase_500_com.android.server.SensorNotificationService
11-01 12:01:16.994 549 549 V SystemServerTiming: OnBootPhase_500_com.android.server.SensorNotificationService took to complete: 0ms
11-01 12:01:16.994 549 549 D SystemServerTiming: OnBootPhase_500_com.android.server.emergency.EmergencyAffordanceService
11-01 12:01:16.994 549 549 V SystemServerTiming: OnBootPhase_500_com.android.server.emergency.EmergencyAffordanceService took to complete: 0ms
11-01 12:01:16.994 549 549 D SystemServerTiming: OnBootPhase_500_com.android.server.blob.BlobStoreManagerService
11-01 12:01:16.994 549 549 V SystemServerTiming: OnBootPhase_500_com.android.server.blob.BlobStoreManagerService took to complete: 0ms
11-01 12:01:16.994 549 549 D SystemServerTiming: OnBootPhase_500_com.android.server.dreams.DreamManagerService
11-01 12:01:16.994 549 549 V SystemServerTiming: OnBootPhase_500_com.android.server.dreams.DreamManagerService took to complete: 0ms
11-01 12:01:16.994 549 549 D SystemServerTiming: OnBootPhase_500_com.android.server.print.PrintManagerService
11-01 12:01:16.994 549 549 V SystemServerTiming: OnBootPhase_500_com.android.server.print.PrintManagerService took to complete: 0ms
11-01 12:01:16.994 549 549 D SystemServerTiming: OnBootPhase_500_com.android.server.security.AttestationVerificationManagerService
11-01 12:01:16.994 549 549 V SystemServerTiming: OnBootPhase_500_com.android.server.security.AttestationVerificationManagerService took to complete: 0ms
11-01 12:01:16.994 549 549 D SystemServerTiming: OnBootPhase_500_com.android.server.companion.CompanionDeviceManagerService
11-01 12:01:17.854 0 0 I servicemanager: Found android.hardware.wifi.IWifi/default in device VINTF manifest.
11-01 12:01:17.865 0 0 I servicemanager: Found android.hardware.wifi.IWifi/default in device VINTF manifest.
11-01 12:01:17.001 549 702 E WifiChipAidlImpl: getMode failed with service-specific exception: android.os.ServiceSpecificException: (code 5)
11-01 12:01:17.001 400 405 W android.hardware.wifi-service: No active wlan interfaces in use! Using default
11-01 12:01:17.001 400 405 E android.hardware.wifi-service: Unknown iface name: wlan0
11-01 12:01:17.001 400 405 E android.hardware.wifi-service: Unknown iface name: wlan0
11-01 12:01:17.001 549 549 D BluetoothAdapter: registerBluetoothConnectionCallback()
11-01 12:01:17.002 549 702 I HalDevMgr: currentModeId=0, requestModeId=0, currentModeIdValid=false
11-01 12:01:17.002 549 549 D BluetoothAdapter: isLeEnabled(): OFF
11-01 12:01:17.002 549 549 V SystemServerTiming: OnBootPhase_500_com.android.server.companion.CompanionDeviceManagerService took to complete: 7ms
11-01 12:01:17.002 549 549 D SystemServerTiming: OnBootPhase_500_com.android.server.companion.virtual.VirtualDeviceManagerService
11-01 12:01:17.002 549 549 V SystemServerTiming: OnBootPhase_500_com.android.server.companion.virtual.VirtualDeviceManagerService took to complete: 0ms
11-01 12:01:17.002 549 549 D SystemServerTiming: OnBootPhase_500_com.android.server.restrictions.RestrictionsManagerService
11-01 12:01:17.002 549 549 V SystemServerTiming: OnBootPhase_500_com.android.server.restrictions.RestrictionsManagerService took to complete: 0ms
11-01 12:01:17.002 549 549 D SystemServerTiming: OnBootPhase_500_com.android.server.media.MediaSessionService
11-01 12:01:17.002 549 549 V SystemServerTiming: OnBootPhase_500_com.android.server.media.MediaSessionService took to complete: 0ms
11-01 12:01:17.002 549 549 D SystemServerTiming: OnBootPhase_500_com.android.server.media.MediaResourceMonitorService
11-01 12:01:17.002 549 549 V SystemServerTiming: OnBootPhase_500_com.android.server.media.MediaResourceMonitorService took to complete: 0ms
11-01 12:01:17.002 549 549 D SystemServerTiming: OnBootPhase_500_com.android.server.biometrics.sensors.face.FaceService
11-01 12:01:17.002 549 549 V SystemServerTiming: OnBootPhase_500_com.android.server.biometrics.sensors.face.FaceService took to complete: 0ms
11-01 12:01:17.002 549 549 D SystemServerTiming: OnBootPhase_500_com.android.server.biometrics.sensors.fingerprint.FingerprintService
11-01 12:01:17.002 549 549 V SystemServerTiming: OnBootPhase_500_com.android.server.biometrics.sensors.fingerprint.FingerprintService took to complete: 0ms
11-01 12:01:17.002 549 549 D SystemServerTiming: OnBootPhase_500_com.android.server.biometrics.BiometricService
11-01 12:01:17.002 549 549 V SystemServerTiming: OnBootPhase_500_com.android.server.biometrics.BiometricService took to complete: 0ms
11-01 12:01:17.002 549 549 D SystemServerTiming: OnBootPhase_500_com.android.server.biometrics.AuthService
11-01 12:01:17.002 549 549 V SystemServerTiming: OnBootPhase_500_com.android.server.biometrics.AuthService took to complete: 0ms
11-01 12:01:17.003 400 405 I android.hardware.wifi-service: Adding interface handle for wlan0
11-01 12:01:17.003 400 405 W android.hardware.wifi-service: No active wlan interfaces in use! Using default
11-01 12:01:17.003 400 405 E android.hardware.wifi-service: Failed to register radio mode change callback
11-01 12:01:17.003 400 405 W android.hardware.wifi-service: No active wlan interfaces in use! Using default
11-01 12:01:17.003 400 405 E android.hardware.wifi-service: Failed to get SupportedIfaceCombinations matrix from legacy HAL: NOT_SUPPORTED
11-01 12:01:17.003 400 405 I android.hardware.wifi-service: Configured chip in mode 0
11-01 12:01:17.003 400 405 W android.hardware.wifi-service: No active wlan interfaces in use! Using default
11-01 12:01:17.004 400 405 W android.hardware.wifi-service: No active wlan interfaces in use! Using default
11-01 12:01:17.004 400 405 I android.hardware.wifi-service: Adding interface handle for wlan0
11-01 12:01:17.004 400 405 E android.hardware.wifi-service: Failed to set DFS flag; DFS channels may be unavailable.
11-01 12:01:17.005 549 549 D SystemServerTiming: OnBootPhase_500_com.android.server.pm.ShortcutService$Lifecycle
11-01 12:01:17.005 549 549 V SystemServerTiming: OnBootPhase_500_com.android.server.pm.ShortcutService$Lifecycle took to complete: 0ms
11-01 12:01:17.005 549 549 D SystemServerTiming: OnBootPhase_500_com.android.server.pm.LauncherAppsService
11-01 12:01:17.005 549 549 V SystemServerTiming: OnBootPhase_500_com.android.server.pm.LauncherAppsService took to complete: 0ms
11-01 12:01:17.006 549 549 D SystemServerTiming: OnBootPhase_500_com.android.server.pm.CrossProfileAppsService
11-01 12:01:17.006 549 702 D HalDevMgr: updateRttController: no one is interested in RTT controllers
11-01 12:01:17.006 549 549 V SystemServerTiming: OnBootPhase_500_com.android.server.pm.CrossProfileAppsService took to complete: 0ms
11-01 12:01:17.006 549 549 D SystemServerTiming: OnBootPhase_500_com.android.server.people.PeopleService
11-01 12:01:17.007 400 405 E android.hardware.wifi-service: Failed to get chip capabilities from legacy HAL: NOT_SUPPORTED
11-01 12:01:17.007 549 549 V SystemServerTiming: OnBootPhase_500_com.android.server.people.PeopleService took to complete: 0ms
11-01 12:01:17.007 549 702 E WifiChipAidlImpl: getWifiChipCapabilities failed with service-specific exception: android.os.ServiceSpecificException: (code 4)
11-01 12:01:17.007 549 549 D SystemServerTiming: OnBootPhase_500_com.android.server.media.metrics.MediaMetricsManagerService
11-01 12:01:17.008 549 702 D WifiNl80211Manager: Setting up interface for client mode: wlan0
11-01 12:01:17.008 549 549 V SystemServerTiming: OnBootPhase_500_com.android.server.media.metrics.MediaMetricsManagerService took to complete: 0ms
11-01 12:01:17.008 549 549 D SystemServerTiming: OnBootPhase_500_com.android.server.pm.BackgroundInstallControlService
11-01 12:01:17.008 549 549 V SystemServerTiming: OnBootPhase_500_com.android.server.pm.BackgroundInstallControlService took to complete: 0ms
11-01 12:01:17.008 499 499 I wificond: createClientInterface: wiphy_index 1 iface_name wlan0
11-01 12:01:17.008 549 549 D SystemServerTiming: OnBootPhase_500_com.android.server.media.projection.MediaProjectionManagerService
11-01 12:01:17.008 549 549 V SystemServerTiming: OnBootPhase_500_com.android.server.media.projection.MediaProjectionManagerService took to complete: 0ms
11-01 12:01:17.009 549 549 D SystemServerTiming: OnBootPhase_500_com.android.server.slice.SliceManagerService$Lifecycle
11-01 12:01:17.009 549 549 V SystemServerTiming: OnBootPhase_500_com.android.server.slice.SliceManagerService$Lifecycle took to complete: 0ms
11-01 12:01:17.009 549 549 D SystemServerTiming: OnBootPhase_500_com.android.server.stats.StatsCompanion$Lifecycle
11-01 12:01:17.009 549 549 V SystemServerTiming: OnBootPhase_500_com.android.server.stats.StatsCompanion$Lifecycle took to complete: 0ms
11-01 12:01:17.009 549 549 D SystemServerTiming: OnBootPhase_500_com.android.server.scheduling.RebootReadinessManagerService$Lifecycle
11-01 12:01:17.009 549 549 V SystemServerTiming: OnBootPhase_500_com.android.server.scheduling.RebootReadinessManagerService$Lifecycle took to complete: 0ms
11-01 12:01:17.010 549 549 D SystemServerTiming: OnBootPhase_500_com.android.server.stats.pull.StatsPullAtomService
11-01 12:01:17.010 499 499 I wificond: create scanner for interface with index: 16
11-01 12:01:17.010 499 499 I wificond: subscribe scan result for interface with index: 16
11-01 12:01:17.010 549 549 V SystemServerTiming: OnBootPhase_500_com.android.server.stats.pull.StatsPullAtomService took to complete: 0ms
11-01 12:01:17.011 499 499 I wificond: add channel type 0 support at wiphy index: 1
11-01 12:01:17.011 499 499 I wificond: add channel type 1 support at wiphy index: 1
11-01 12:01:17.012 353 381 I netd : interfaceGetCfg(wlan0) -> {InterfaceConfigurationParcel{ifName: wlan0, hwAddr: 02:15:b2:00:00:00, ipv4Addr: 0.0.0.0, prefixLength: 0, flags: [up, broadcast, multicast]}} <0.30ms>
11-01 12:01:17.012 549 702 I WifiNative: Interface state changed on Iface:{Name=wlan0,Id=0,Type=STA_SCAN}, isUp=true
11-01 12:01:17.013 549 702 I WifiNative: Successfully setup Iface:{Name=wlan0,Id=0,Type=STA_SCAN}
11-01 12:01:17.013 549 702 E SupplicantStaIfaceHalAidlImpl: Can't call getKeyMgmtCapabilities, ISupplicantStaIface is null for iface=wlan0
11-01 12:01:17.013 549 549 D SystemServerTiming: OnBootPhase_500_com.android.server.stats.bootstrap.StatsBootstrapAtomService$Lifecycle
11-01 12:01:17.014 549 549 V SystemServerTiming: OnBootPhase_500_com.android.server.stats.bootstrap.StatsBootstrapAtomService$Lifecycle took to complete: 0ms
11-01 12:01:17.014 549 549 D SystemServerTiming: OnBootPhase_500_com.android.server.incident.IncidentCompanionService
11-01 12:01:17.014 549 549 V SystemServerTiming: OnBootPhase_500_com.android.server.incident.IncidentCompanionService took to complete: 0ms
11-01 12:01:17.014 549 549 D SystemServerTiming: OnBootPhase_500_com.android.server.sdksandbox.SdkSandboxManagerService$Lifecycle
11-01 12:01:17.014 549 549 V SystemServerTiming: OnBootPhase_500_com.android.server.sdksandbox.SdkSandboxManagerService$Lifecycle took to complete: 0ms
11-01 12:01:17.014 549 549 D SystemServerTiming: OnBootPhase_500_com.android.server.adservices.AdServicesManagerService$Lifecycle
11-01 12:01:17.014 549 549 V SystemServerTiming: OnBootPhase_500_com.android.server.adservices.AdServicesManagerService$Lifecycle took to complete: 0ms
11-01 12:01:17.015 549 549 D SystemServerTiming: OnBootPhase_500_com.android.server.ondevicepersonalization.OnDevicePersonalizationSystemService$Lifecycle
11-01 12:01:17.015 549 549 V SystemServerTiming: OnBootPhase_500_com.android.server.ondevicepersonalization.OnDevicePersonalizationSystemService$Lifecycle took to complete: 0ms
11-01 12:01:17.015 549 549 D SystemServerTiming: OnBootPhase_500_com.android.server.MmsServiceBroker
11-01 12:01:17.015 549 549 V SystemServerTiming: OnBootPhase_500_com.android.server.MmsServiceBroker took to complete: 0ms
11-01 12:01:17.015 549 549 D SystemServerTiming: OnBootPhase_500_com.android.server.autofill.AutofillManagerService
11-01 12:01:17.015 549 549 V SystemServerTiming: OnBootPhase_500_com.android.server.autofill.AutofillManagerService took to complete: 1ms
11-01 12:01:17.016 549 549 D SystemServerTiming: OnBootPhase_500_com.android.server.credentials.CredentialManagerService
11-01 12:01:17.016 549 549 V SystemServerTiming: OnBootPhase_500_com.android.server.credentials.CredentialManagerService took to complete: 0ms
11-01 12:01:17.016 549 549 D SystemServerTiming: OnBootPhase_500_com.android.server.translation.TranslationManagerService
11-01 12:01:17.016 549 549 V SystemServerTiming: OnBootPhase_500_com.android.server.translation.TranslationManagerService took to complete: 0ms
11-01 12:01:17.016 549 549 D SystemServerTiming: OnBootPhase_500_com.android.server.selectiontoolbar.SelectionToolbarManagerService
11-01 12:01:17.016 549 549 V SystemServerTiming: OnBootPhase_500_com.android.server.selectiontoolbar.SelectionToolbarManagerService took to complete: 0ms
11-01 12:01:17.016 549 549 D SystemServerTiming: OnBootPhase_500_com.android.server.clipboard.ClipboardService
11-01 12:01:17.016 549 549 V SystemServerTiming: OnBootPhase_500_com.android.server.clipboard.ClipboardService took to complete: 0ms
11-01 12:01:17.017 549 549 D SystemServerTiming: OnBootPhase_500_com.android.server.appbinding.AppBindingService$Lifecycle
11-01 12:01:17.017 549 549 V SystemServerTiming: OnBootPhase_500_com.android.server.appbinding.AppBindingService$Lifecycle took to complete: 0ms
11-01 12:01:17.017 549 549 D SystemServerTiming: OnBootPhase_500_com.android.server.tracing.TracingServiceProxy
11-01 12:01:17.017 549 549 V SystemServerTiming: OnBootPhase_500_com.android.server.tracing.TracingServiceProxy took to complete: 0ms
11-01 12:01:17.017 549 549 V SystemServerTiming: OnBootPhase_500 took to complete: 147ms
11-01 12:01:17.017 549 549 V SystemServerTiming: StartBootPhaseSystemServicesReady took to complete: 148ms
11-01 12:01:17.017 549 549 D SystemServerTiming: MakeWindowManagerServiceReady
11-01 12:01:17.022 400 405 E android.hardware.wifi-service: Failed to get SupportedRadioCombinations matrix from legacy HAL: NOT_SUPPORTED
11-01 12:01:17.022 549 702 E WifiChipAidlImpl: getSupportedRadioCombinations failed with service-specific exception: android.os.ServiceSpecificException: (code 4)
11-01 12:01:17.022 549 702 E SupplicantStaIfaceHalAidlImpl: Can't call getWpaDriverCapabilities, ISupplicantStaIface is null for iface=wlan0
11-01 12:01:17.022 549 702 E WifiChipAidlImpl: getUsableChannels failed with service-specific exception: android.os.ServiceSpecificException: (code 4)
11-01 12:01:17.025 549 702 E WifiChipAidlImpl: enableStaChannelForPeerNetwork failed with service-specific exception: android.os.ServiceSpecificException: (code 4)
11-01 12:01:17.025 549 702 D WifiNative: setWifiNativeInterfaceEventCallback
11-01 12:01:17.025 549 702 D WifiClientModeManager[27939:wlan0]: entering StartedState
11-01 12:01:17.025 353 381 I netd : interfaceGetCfg(wlan0) -> {InterfaceConfigurationParcel{ifName: wlan0, hwAddr: 02:15:b2:00:00:00, ipv4Addr: 0.0.0.0, prefixLength: 0, flags: [up, broadcast, multicast]}} <0.10ms>
11-01 12:01:17.028 549 702 D WifiConfigStore: Writing to stores completed in 2 ms.
11-01 12:01:17.884 0 0 I servicemanager: Found android.hardware.wifi.IWifi/default in device VINTF manifest.
11-01 12:01:17.892 0 0 I servicemanager: Found android.hardware.health.IHealth/default in device VINTF manifest.
11-01 12:01:17.037 549 549 V SystemServerTiming: MakeWindowManagerServiceReady took to complete: 19ms
11-01 12:01:17.037 549 549 D SystemServerTiming: RegisterLogMteState
11-01 12:01:17.038 549 549 V SystemServerTiming: RegisterLogMteState took to complete: 0ms
11-01 12:01:17.041 549 549 D SystemServerTiming: StartPermissionPolicyService
11-01 12:01:17.042 549 549 I SystemServiceManager: Starting com.android.server.policy.PermissionPolicyService
11-01 12:01:17.901 0 0 I servicemanager: Found android.hardware.wifi.IWifi/default in device VINTF manifest.
11-01 12:01:17.908 0 0 I servicemanager: Found android.hardware.wifi.supplicant.ISupplicant/default in device VINTF manifest.
11-01 12:01:17.045 549 702 I SupplicantStaIfaceHalAidlImpl: Clearing internal state
11-01 12:01:17.046 549 583 I HealthServiceWrapperAidl: health: HealthServiceWrapper listening to AIDL HAL
11-01 12:01:17.050 549 549 V SystemServerTiming: StartPermissionPolicyService took to complete: 8ms
11-01 12:01:17.050 549 549 D SystemServerTiming: MakePackageManagerServiceReady
11-01 12:01:17.055 549 583 D StatsPullAtomService: Registering pullers with statsd
11-01 12:01:17.057 549 709 D ConnectivityService: NetReassign [no changes] [c 0] [a 0] [i 0]
11-01 12:01:17.057 549 549 V HistoricalRegistry: Interaction before persistence initialized
11-01 12:01:17.058 549 549 V HistoricalRegistry: Interaction before persistence initialized
11-01 12:01:17.063 549 549 V UserDataPreparer: Found /data/user_de/0 with serial number 0
11-01 12:01:17.064 549 549 V UserDataPreparer: Found /data/user/0 with serial number 0
11-01 12:01:17.064 549 549 V UserDataPreparer: Found /data/system_de/0 with serial number 0
11-01 12:01:17.065 549 549 V UserDataPreparer: Found /data/system_ce/0 with serial number 0
11-01 12:01:17.065 549 549 V UserDataPreparer: Found /data/misc_ce/0 with serial number 0
11-01 12:01:17.066 549 549 I PermissionManager: Permission ownership changed. Updating all permissions.
11-01 12:01:17.917 0 0 I servicemanager: Found android.hardware.wifi.supplicant.ISupplicant/default in device VINTF manifest.
11-01 12:01:17.928 0 0 I servicemanager: Since 'android.hardware.wifi.supplicant.ISupplicant/default' could not be found, trying to start it as a lazy AIDL service. (if it's not configured to be a lazy service, it may be stuck starting or still starting).
11-01 12:01:17.073 549 583 I StatsPullAtomService: register thermal listener successfully
11-01 12:01:17.945 0 0 I init : starting service 'wpa_supplicant'...
11-01 12:01:17.950 0 0 I init : Created socket '/dev/socket/wpa_wlan0', mode 660, user 1010, group 1010
11-01 12:01:17.111 549 608 E DefaultPermGrantPolicy: Package not found: com.google.android.apps.pixelmigrate
11-01 12:01:17.112 549 608 W DefaultPermGrantPolicy: No such package:com.google.android.apps.pixelmigrate
11-01 12:01:17.113 549 608 E DefaultPermGrantPolicy: Package not found: com.google.android.adservices
11-01 12:01:17.113 549 608 W DefaultPermGrantPolicy: No such package:com.google.android.adservices
11-01 12:01:17.114 549 608 E DefaultPermGrantPolicy: Package not found: com.google.android.apps.mediashell
11-01 12:01:17.114 549 608 W DefaultPermGrantPolicy: No such package:com.google.android.apps.mediashell
11-01 12:01:17.115 549 608 E DefaultPermGrantPolicy: Package not found: com.google.android.apps.tips
11-01 12:01:17.115 549 608 W DefaultPermGrantPolicy: No such package:com.google.android.apps.tips
11-01 12:01:17.115 549 608 E DefaultPermGrantPolicy: Package not found: com.google.android.apps.turbo
11-01 12:01:17.116 549 608 W DefaultPermGrantPolicy: No such package:com.google.android.apps.turbo
11-01 12:01:17.116 549 608 E DefaultPermGrantPolicy: Package not found: com.google.android.euicc
11-01 12:01:17.116 549 608 W DefaultPermGrantPolicy: No such package:com.google.android.euicc
11-01 12:01:17.116 549 608 E DefaultPermGrantPolicy: Package not found: com.google.android.volta
11-01 12:01:17.117 549 608 W DefaultPermGrantPolicy: No such package:com.google.android.volta
11-01 12:01:17.984 0 0 I servicemanager: Notifying apexservice they do (previously: don't) have clients when service is guaranteed to be in use
11-01 12:01:17.996 0 0 I AidlLazyServiceRegistrar: Process has 1 (of 1 available) client(s) in use after notification apexservice has clients: 1
11-01 12:01:17.998 0 0 I init : ... started service 'wpa_supplicant' has pid 775
11-01 12:01:18.004 0 0 I AidlLazyServiceRegistrar: Shutdown prevented by forcePersist override flag.
11-01 12:01:17.134 181 192 I keystore2: system/security/keystore2/src/watchdog.rs:319 - Watchdog thread idle -> terminating. Have a great day.
11-01 12:01:17.140 549 549 V StagingManagerTiming: restoreSessions took to complete: 29ms
11-01 12:01:17.140 549 549 V SystemServerTiming: MakePackageManagerServiceReady took to complete: 89ms
11-01 12:01:17.140 549 549 D SystemServerTiming: MakeDisplayManagerServiceReady
11-01 12:01:18.010 0 0 I init : Control message: Processed ctl.interface_start for 'aidl/android.hardware.wifi.supplicant.ISupplicant/default' from pid: 157 (/system/bin/servicemanager)
11-01 12:01:18.011 0 0 I apexd : getSessions() received by ApexService
11-01 12:01:17.144 549 549 I BrightnessSynchronizer: Initial brightness readings: 102(int), 0.39763778(float)
11-01 12:01:17.145 549 549 V SystemServerTiming: MakeDisplayManagerServiceReady took to complete: 5ms
11-01 12:01:17.145 549 549 D SystemServerTiming: StartDeviceSpecificServices
11-01 12:01:17.145 549 549 V SystemServerTiming: StartDeviceSpecificServices took to complete: 1ms
11-01 12:01:17.146 549 549 D SystemServerTiming: GameManagerService
11-01 12:01:17.146 549 549 I SystemServiceManager: Starting com.android.server.app.GameManagerService$Lifecycle
11-01 12:01:17.147 549 549 V HistoricalRegistry: Interaction before persistence initialized
11-01 12:01:17.149 549 549 V SystemServerTiming: GameManagerService took to complete: 3ms
11-01 12:01:17.149 549 549 D SystemServerTiming: StartBootPhaseDeviceSpecificServicesReady
11-01 12:01:17.149 549 549 I SystemServiceManager: Starting phase 520
11-01 12:01:17.149 549 549 D SystemServerTiming: OnBootPhase_520
11-01 12:01:17.149 549 549 D SystemServerTiming: OnBootPhase_520_com.android.server.security.FileIntegrityService
11-01 12:01:17.149 549 549 V SystemServerTiming: OnBootPhase_520_com.android.server.security.FileIntegrityService took to complete: 0ms
11-01 12:01:17.149 549 549 D SystemServerTiming: OnBootPhase_520_com.android.server.pm.Installer
11-01 12:01:17.149 549 549 V SystemServerTiming: OnBootPhase_520_com.android.server.pm.Installer took to complete: 0ms
11-01 12:01:17.149 549 549 D SystemServerTiming: OnBootPhase_520_com.android.server.os.DeviceIdentifiersPolicyService
11-01 12:01:17.149 549 549 V SystemServerTiming: OnBootPhase_520_com.android.server.os.DeviceIdentifiersPolicyService took to complete: 0ms
11-01 12:01:17.149 549 549 D SystemServerTiming: OnBootPhase_520_com.android.server.uri.UriGrantsManagerService$Lifecycle
11-01 12:01:17.149 549 549 V SystemServerTiming: OnBootPhase_520_com.android.server.uri.UriGrantsManagerService$Lifecycle took to complete: 0ms
11-01 12:01:17.149 549 549 D SystemServerTiming: OnBootPhase_520_com.android.server.powerstats.PowerStatsService
11-01 12:01:17.149 549 549 V SystemServerTiming: OnBootPhase_520_com.android.server.powerstats.PowerStatsService took to complete: 0ms
11-01 12:01:17.149 549 549 D SystemServerTiming: OnBootPhase_520_com.android.server.permission.access.AccessCheckingService
11-01 12:01:17.149 549 549 V SystemServerTiming: OnBootPhase_520_com.android.server.permission.access.AccessCheckingService took to complete: 0ms
11-01 12:01:17.149 549 549 D SystemServerTiming: OnBootPhase_520_com.android.server.wm.ActivityTaskManagerService$Lifecycle
11-01 12:01:17.150 549 549 V SystemServerTiming: OnBootPhase_520_com.android.server.wm.ActivityTaskManagerService$Lifecycle took to complete: 0ms
11-01 12:01:17.150 549 549 D SystemServerTiming: OnBootPhase_520_com.android.server.am.ActivityManagerService$Lifecycle
11-01 12:01:17.150 549 549 V SystemServerTiming: OnBootPhase_520_com.android.server.am.ActivityManagerService$Lifecycle took to complete: 0ms
11-01 12:01:17.150 549 549 D SystemServerTiming: OnBootPhase_520_com.android.server.pm.DataLoaderManagerService
11-01 12:01:17.150 549 549 V SystemServerTiming: OnBootPhase_520_com.android.server.pm.DataLoaderManagerService took to complete: 0ms
11-01 12:01:17.150 549 549 D SystemServerTiming: OnBootPhase_520_com.android.server.power.PowerManagerService
11-01 12:01:17.150 549 549 V SystemServerTiming: OnBootPhase_520_com.android.server.power.PowerManagerService took to complete: 0ms
11-01 12:01:17.150 549 549 D SystemServerTiming: OnBootPhase_520_com.android.server.power.ThermalManagerService
11-01 12:01:17.151 549 549 V SystemServerTiming: OnBootPhase_520_com.android.server.power.ThermalManagerService took to complete: 0ms
11-01 12:01:17.151 549 549 D SystemServerTiming: OnBootPhase_520_com.android.server.power.hint.HintManagerService
11-01 12:01:17.151 549 549 V SystemServerTiming: OnBootPhase_520_com.android.server.power.hint.HintManagerService took to complete: 0ms
11-01 12:01:17.151 549 549 D SystemServerTiming: OnBootPhase_520_com.android.server.recoverysystem.RecoverySystemService$Lifecycle
11-01 12:01:17.151 549 549 V SystemServerTiming: OnBootPhase_520_com.android.server.recoverysystem.RecoverySystemService$Lifecycle took to complete: 0ms
11-01 12:01:17.151 549 549 D SystemServerTiming: OnBootPhase_520_com.android.server.lights.LightsService
11-01 12:01:17.151 549 549 V SystemServerTiming: OnBootPhase_520_com.android.server.lights.LightsService took to complete: 0ms
11-01 12:01:17.152 549 549 D SystemServerTiming: OnBootPhase_520_com.android.server.display.DisplayManagerService
11-01 12:01:17.152 549 549 V SystemServerTiming: OnBootPhase_520_com.android.server.display.DisplayManagerService took to complete: 0ms
11-01 12:01:17.152 549 549 D SystemServerTiming: OnBootPhase_520_com.android.server.pm.verify.domain.DomainVerificationService
11-01 12:01:17.152 549 549 V SystemServerTiming: OnBootPhase_520_com.android.server.pm.verify.domain.DomainVerificationService took to complete: 0ms
11-01 12:01:17.152 549 549 D SystemServerTiming: OnBootPhase_520_com.android.server.pm.PackageInstallerService$Lifecycle
11-01 12:01:17.152 549 549 V SystemServerTiming: OnBootPhase_520_com.android.server.pm.PackageInstallerService$Lifecycle took to complete: 0ms
11-01 12:01:17.152 549 549 D SystemServerTiming: OnBootPhase_520_com.android.server.pm.UserManagerService$LifeCycle
11-01 12:01:17.152 549 549 V SystemServerTiming: OnBootPhase_520_com.android.server.pm.UserManagerService$LifeCycle took to complete: 0ms
11-01 12:01:17.153 549 549 D SystemServerTiming: OnBootPhase_520_com.android.server.om.OverlayManagerService
11-01 12:01:17.153 549 549 V SystemServerTiming: OnBootPhase_520_com.android.server.om.OverlayManagerService took to complete: 0ms
11-01 12:01:17.153 549 549 D SystemServerTiming: OnBootPhase_520_com.android.server.resources.ResourcesManagerService
11-01 12:01:17.153 549 549 V SystemServerTiming: OnBootPhase_520_com.android.server.resources.ResourcesManagerService took to complete: 0ms
11-01 12:01:17.153 549 549 D SystemServerTiming: OnBootPhase_520_com.android.server.sensorprivacy.SensorPrivacyService
11-01 12:01:17.153 549 549 V SystemServerTiming: OnBootPhase_520_com.android.server.sensorprivacy.SensorPrivacyService took to complete: 0ms
11-01 12:01:17.154 549 549 D SystemServerTiming: OnBootPhase_520_com.android.server.sensors.SensorService
11-01 12:01:17.154 549 549 V SystemServerTiming: OnBootPhase_520_com.android.server.sensors.SensorService took to complete: 0ms
11-01 12:01:17.154 549 549 D SystemServerTiming: OnBootPhase_520_com.android.server.SystemConfigService
11-01 12:01:17.154 549 549 V SystemServerTiming: OnBootPhase_520_com.android.server.SystemConfigService took to complete: 0ms
11-01 12:01:17.154 549 549 D SystemServerTiming: OnBootPhase_520_com.android.server.BatteryService
11-01 12:01:17.154 549 549 V SystemServerTiming: OnBootPhase_520_com.android.server.BatteryService took to complete: 0ms
