11-01 12:01:18.107 787 787 W BatteryControllerGoogle: at android.os.Handler.dispatchMessage(Handler.java:106)
11-01 12:01:18.107 787 787 W BatteryControllerGoogle: at android.os.Looper.loopOnce(Looper.java:205)
11-01 12:01:18.107 787 787 W BatteryControllerGoogle: at android.os.Looper.loop(Looper.java:294)
11-01 12:01:18.107 787 787 W BatteryControllerGoogle: at android.app.ActivityThread.main(ActivityThread.java:8177)
11-01 12:01:18.107 787 787 W BatteryControllerGoogle: at java.lang.reflect.Method.invoke(Native Method)
11-01 12:01:18.107 787 787 W BatteryControllerGoogle: at com.android.internal.os.RuntimeInit$MethodAndArgsCaller.run(RuntimeInit.java:552)
11-01 12:01:18.107 787 787 W BatteryControllerGoogle: at com.android.internal.os.ZygoteInit.main(ZygoteInit.java:971)
11-01 12:01:18.107 787 787 W BatteryControllerGoogle: Caused by: android.os.RemoteException: Remote stack trace:
11-01 12:01:18.107 787 787 W BatteryControllerGoogle: at com.android.server.content.ContentService.registerContentObserver(ContentService.java:379)
11-01 12:01:18.107 787 787 W BatteryControllerGoogle: at android.content.IContentService$Stub.onTransact(IContentService.java:486)
11-01 12:01:18.107 787 787 W BatteryControllerGoogle: at android.os.Binder.execTransactInternal(Binder.java:1339)
11-01 12:01:18.107 787 787 W BatteryControllerGoogle: at android.os.Binder.execTransact(Binder.java:1275)
11-01 12:01:18.107 787 787 W BatteryControllerGoogle:
11-01 12:01:18.110 549 549 I GnssManager: gnss hal initialized
11-01 12:01:18.110 549 549 I GnssManager: gnss hal started
11-01 12:01:18.113 549 549 I ServiceWatcher: [GeocoderProxy] chose new implementation null
11-01 12:01:18.113 549 549 E ActivityRecognitionHardware: activity_recognition HAL is deprecated. is_supported is effectively a no-op
11-01 12:01:18.113 549 549 I ServiceWatcher: [HardwareActivityRecognitionProxy] chose new implementation null
11-01 12:01:18.115 549 549 I ServiceWatcher: [GeofenceProxy] chose new implementation null
11-01 12:01:18.117 549 549 W SystemServiceManager: Service com.android.server.location.LocationManagerService$Lifecycle took 158 ms in onBootPhase
11-01 12:01:18.117 549 549 V SystemServerTiming: OnBootPhase_600_com.android.server.location.LocationManagerService$Lifecycle took to complete: 158ms
11-01 12:01:18.117 549 549 D SystemServerTiming: OnBootPhase_600_com.android.server.timezonedetector.TimeZoneDetectorService$Lifecycle
11-01 12:01:18.117 549 549 V SystemServerTiming: OnBootPhase_600_com.android.server.timezonedetector.TimeZoneDetectorService$Lifecycle took to complete: 0ms
11-01 12:01:18.117 549 549 D SystemServerTiming: OnBootPhase_600_com.android.server.location.altitude.AltitudeService$Lifecycle
11-01 12:01:18.117 549 549 V SystemServerTiming: OnBootPhase_600_com.android.server.location.altitude.AltitudeService$Lifecycle took to complete: 0ms
11-01 12:01:18.117 549 549 D SystemServerTiming: OnBootPhase_600_com.android.server.timezonedetector.location.LocationTimeZoneManagerService$Lifecycle
11-01 12:01:18.117 549 549 V SystemServerTiming: OnBootPhase_600_com.android.server.timezonedetector.location.LocationTimeZoneManagerService$Lifecycle took to complete: 0ms
11-01 12:01:18.117 549 549 D SystemServerTiming: OnBootPhase_600_com.android.server.search.SearchManagerService$Lifecycle
11-01 12:01:18.117 549 549 V SystemServerTiming: OnBootPhase_600_com.android.server.search.SearchManagerService$Lifecycle took to complete: 0ms
11-01 12:01:18.117 549 549 D SystemServerTiming: OnBootPhase_600_com.android.server.wallpaper.WallpaperManagerService$Lifecycle
11-01 12:01:18.117 549 549 D WallpaperManagerService: Wallpaper_switch-user-0
11-01 12:01:18.118 549 549 V WallpaperManagerService: bindWallpaperComponentLocked: componentName=ComponentInfo{com.android.systemui/com.android.systemui.wallpapers.ImageWallpaper}
11-01 12:01:18.118 549 549 D WallpaperManagerService: WPMS.bindWallpaperComponentLocked-ComponentInfo{com.android.systemui/com.android.systemui.wallpapers.ImageWallpaper}
11-01 12:01:18.118 549 572 D CompatibilityChangeReporter: Compat change id reported: 168936375; UID 1000; state: ENABLED
11-01 12:01:18.118 549 709 D ConnectivityService: NetReassign [no changes] [c 0] [a 0] [i 1]
11-01 12:01:18.119 549 549 V WallpaperManagerService: WPMS.bindWallpaperComponentLocked-ComponentInfo{com.android.systemui/com.android.systemui.wallpapers.ImageWallpaper} took to complete: 1ms
11-01 12:01:18.119 549 549 V WallpaperManagerService: Wallpaper_switch-user-0 took to complete: 1ms
11-01 12:01:18.119 549 549 V SystemServerTiming: OnBootPhase_600_com.android.server.wallpaper.WallpaperManagerService$Lifecycle took to complete: 2ms
11-01 12:01:18.119 549 549 D SystemServerTiming: OnBootPhase_600_com.android.server.wallpapereffectsgeneration.WallpaperEffectsGenerationManagerService
11-01 12:01:18.119 549 549 V SystemServerTiming: OnBootPhase_600_com.android.server.wallpapereffectsgeneration.WallpaperEffectsGenerationManagerService took to complete: 0ms
11-01 12:01:18.119 549 549 D SystemServerTiming: OnBootPhase_600_com.android.server.audio.AudioService$Lifecycle
11-01 12:01:18.119 549 549 V SystemServerTiming: OnBootPhase_600_com.android.server.audio.AudioService$Lifecycle took to complete: 0ms
11-01 12:01:18.119 549 549 D SystemServerTiming: OnBootPhase_600_com.android.server.soundtrigger_middleware.SoundTriggerMiddlewareService$Lifecycle
11-01 12:01:18.119 549 549 V SystemServerTiming: OnBootPhase_600_com.android.server.soundtrigger_middleware.SoundTriggerMiddlewareService$Lifecycle took to complete: 0ms
11-01 12:01:18.119 549 549 D SystemServerTiming: OnBootPhase_600_com.android.server.DockObserver
11-01 12:01:18.119 549 549 V SystemServerTiming: OnBootPhase_600_com.android.server.DockObserver took to complete: 0ms
11-01 12:01:18.119 549 549 D SystemServerTiming: OnBootPhase_600_com.android.server.midi.MidiService$Lifecycle
11-01 12:01:18.120 549 549 V SystemServerTiming: OnBootPhase_600_com.android.server.midi.MidiService$Lifecycle took to complete: 0ms
11-01 12:01:18.120 549 549 D SystemServerTiming: OnBootPhase_600_com.android.server.adb.AdbService$Lifecycle
11-01 12:01:18.120 549 549 V SystemServerTiming: OnBootPhase_600_com.android.server.adb.AdbService$Lifecycle took to complete: 0ms
11-01 12:01:18.120 549 549 D SystemServerTiming: OnBootPhase_600_com.android.server.usb.UsbService$Lifecycle
11-01 12:01:18.120 549 549 V SystemServerTiming: OnBootPhase_600_com.android.server.usb.UsbService$Lifecycle took to complete: 0ms
11-01 12:01:18.120 549 549 D SystemServerTiming: OnBootPhase_600_com.android.server.twilight.TwilightService
11-01 12:01:18.120 549 549 V SystemServerTiming: OnBootPhase_600_com.android.server.twilight.TwilightService took to complete: 0ms
11-01 12:01:18.120 549 549 D SystemServerTiming: OnBootPhase_600_com.android.server.display.color.ColorDisplayService
11-01 12:01:18.120 549 549 V SystemServerTiming: OnBootPhase_600_com.android.server.display.color.ColorDisplayService took to complete: 0ms
11-01 12:01:18.120 549 549 D SystemServerTiming: OnBootPhase_600_com.android.server.job.JobSchedulerService
11-01 12:01:18.122 549 572 D GnssCallbackJni: gnssSetCapabilitiesCb: 65u
11-01 12:01:18.122 549 572 D GnssCallbackJni: gnssSetSystemInfoCb: yearOfHw=2023, name=Android Studio Emulator GPS
11-01 12:01:18.123 549 572 I GnssLocationProviderJni: Unable to initialize IGnssNi interface.
11-01 12:01:18.123 549 549 D ConnectivityService: requestNetwork for uid/pid:1000/549 asUid: 10148 activeRequest: null callbackRequest: 14 [NetworkRequest [ REQUEST id=15, [ Capabilities: INTERNET&NOT_RESTRICTED&TRUSTED&NOT_VCN_MANAGED Uid: 10148 RequestorUid: 1000 RequestorPkg: android UnderlyingNetworks: Null] ]] callback flags: 0 order: 2147483647
11-01 12:01:18.124 549 709 D ConnectivityService: NetReassign [no changes] [c 0] [a 0] [i 0]
11-01 12:01:18.125 549 572 D GnssLocationProviderJni: GnssPowerIndicationCallback::setCapabilitiesCb: 63u
11-01 12:01:18.126 549 549 D ConnectivityService: requestNetwork for uid/pid:1000/549 asUid: 10147 activeRequest: null callbackRequest: 16 [NetworkRequest [ REQUEST id=17, [ Capabilities: INTERNET&NOT_RESTRICTED&TRUSTED&NOT_VCN_MANAGED Uid: 10147 RequestorUid: 1000 RequestorPkg: android UnderlyingNetworks: Null] ]] callback flags: 0 order: 2147483647
11-01 12:01:18.126 549 709 D ConnectivityService: NetReassign [no changes] [c 0] [a 0] [i 0]
11-01 12:01:18.127 874 874 I WebViewZygoteInit: Application preload done
11-01 12:01:18.128 549 549 D ConnectivityService: requestNetwork for uid/pid:1000/549 asUid: 10139 activeRequest: null callbackRequest: 18 [NetworkRequest [ REQUEST id=19, [ Capabilities: INTERNET&NOT_RESTRICTED&TRUSTED&NOT_VCN_MANAGED Uid: 10139 RequestorUid: 1000 RequestorPkg: android UnderlyingNetworks: Null] ]] callback flags: 0 order: 2147483647
11-01 12:01:18.128 549 549 D ConnectivityService: requestNetwork for uid/pid:1000/549 asUid: 10122 activeRequest: null callbackRequest: 20 [NetworkRequest [ REQUEST id=21, [ Capabilities: INTERNET&NOT_RESTRICTED&TRUSTED&NOT_VCN_MANAGED Uid: 10122 RequestorUid: 1000 RequestorPkg: android UnderlyingNetworks: Null] ]] callback flags: 0 order: 2147483647
11-01 12:01:18.129 549 572 I GnssVisibilityControl: Updating non-framework location access proxy apps in the GNSS HAL to: []
11-01 12:01:18.129 549 572 I GnssBlocklistHelper: Update GNSS satellite blocklist:
11-01 12:01:18.133 549 572 I ServiceWatcher: [RealLocationTimeZoneProviderProxy] chose new implementation null
11-01 12:01:18.133 549 572 W LocationTZDetector: onProviderStateChange: Ignoring provider state change because both providers have not yet completed initialization. providerState=ProviderState{stateEnum=Perm failure (5), event=null, currentUserConfiguration=null, mStateEntryTimeMillis=29100, mDebugInfo=Failed to initialize: onInitialize() returned false}
11-01 12:01:18.135 549 709 D ConnectivityService: NetReassign [no changes] [c 0] [a 0] [i 0]
11-01 12:01:18.135 549 709 D ConnectivityService: NetReassign [no changes] [c 0] [a 0] [i 0]
11-01 12:01:18.137 549 789 D MediaCodecList: codecHandlesFormat: no format, so no extra checks
11-01 12:01:18.138 549 549 D ConnectivityService: requestNetwork for uid/pid:1000/549 asUid: 10121 activeRequest: null callbackRequest: 22 [NetworkRequest [ REQUEST id=23, [ Capabilities: INTERNET&NOT_RESTRICTED&TRUSTED&NOT_VCN_MANAGED Uid: 10121 RequestorUid: 1000 RequestorPkg: android UnderlyingNetworks: Null] ]] callback flags: 0 order: 2147483647
11-01 12:01:18.139 549 898 D CCodec : allocate(c2.android.vorbis.decoder)
11-01 12:01:18.139 549 549 D ConnectivityService: requestNetwork for uid/pid:1000/549 asUid: 10119 activeRequest: null callbackRequest: 24 [NetworkRequest [ REQUEST id=25, [ Capabilities: INTERNET&NOT_RESTRICTED&TRUSTED&NOT_VCN_MANAGED Uid: 10119 RequestorUid: 1000 RequestorPkg: android UnderlyingNetworks: Null] ]] callback flags: 0 order: 2147483647
11-01 12:01:18.139 549 709 D ConnectivityService: NetReassign [no changes] [c 0] [a 0] [i 1]
11-01 12:01:18.141 549 549 V SystemServerTiming: OnBootPhase_600_com.android.server.job.JobSchedulerService took to complete: 21ms
11-01 12:01:18.141 549 549 D SystemServerTiming: OnBootPhase_600_com.android.server.soundtrigger.SoundTriggerService
11-01 12:01:18.141 549 549 D SoundTriggerService: onBootPhase: 600 : false
11-01 12:01:18.146 549 709 D ConnectivityService: NetReassign [no changes] [c 0] [a 0] [i 0]
11-01 12:01:18.146 549 549 V SystemServerTiming: OnBootPhase_600_com.android.server.soundtrigger.SoundTriggerService took to complete: 5ms
11-01 12:01:18.146 549 549 D SystemServerTiming: OnBootPhase_600_com.android.server.trust.TrustManagerService
11-01 12:01:18.146 549 549 D BiometricService: Sensor ID(4), oemStrength: 15, updatedStrength: 15, modality 8, state: 0, cookie: 0, sensorId 4, hasEnrollments: false cannot participate in Keystore operations
11-01 12:01:18.146 549 549 D BiometricService: Sensor ID(0), oemStrength: 15, updatedStrength: 15, modality 2, state: 0, cookie: 0, sensorId 0, hasEnrollments: false cannot participate in Keystore operations
11-01 12:01:18.147 549 898 I CCodec : setting up 'default' as default (vendor) store
11-01 12:01:18.149 549 898 I CCodec : Created component [c2.android.vorbis.decoder]
11-01 12:01:18.150 549 898 D CCodecConfig: read media type: audio/vorbis
11-01 12:01:18.150 181 191 I keystore2: system/security/keystore2/src/authorization.rs:143 - on_lock_screen_event(r#UNLOCK, user_id=0, password.is_some()=false, unlocking_sids=Some([]))
11-01 12:01:18.153 549 549 V SystemServerTiming: OnBootPhase_600_com.android.server.trust.TrustManagerService took to complete: 8ms
11-01 12:01:18.153 549 549 D SystemServerTiming: OnBootPhase_600_com.android.server.backup.BackupManagerService$Lifecycle
11-01 12:01:18.153 549 549 V SystemServerTiming: OnBootPhase_600_com.android.server.backup.BackupManagerService$Lifecycle took to complete: 0ms
11-01 12:01:18.154 549 898 D ReflectedParamUpdater: extent() != 1 for single value type: algo.buffers.max-count.values
11-01 12:01:18.154 549 549 D SystemServerTiming: OnBootPhase_600_com.android.server.appwidget.AppWidgetService
11-01 12:01:18.154 549 549 V SystemServerTiming: OnBootPhase_600_com.android.server.appwidget.AppWidgetService took to complete: 0ms
11-01 12:01:18.154 549 549 D SystemServerTiming: OnBootPhase_600_com.android.server.voiceinteraction.VoiceInteractionManagerService
11-01 12:01:18.155 549 898 D ReflectedParamUpdater: extent() != 1 for single value type: output.subscribed-indices.values
11-01 12:01:18.155 549 898 D ReflectedParamUpdater: extent() != 1 for single value type: input.buffers.allocator-ids.values
11-01 12:01:18.155 549 898 D ReflectedParamUpdater: extent() != 1 for single value type: output.buffers.allocator-ids.values
11-01 12:01:18.155 549 898 D ReflectedParamUpdater: extent() != 1 for single value type: algo.buffers.allocator-ids.values
11-01 12:01:18.155 549 877 I hw-BpHwBinder: onLastStrongRef automatically unlinking death recipients
11-01 12:01:18.155 549 898 D ReflectedParamUpdater: extent() != 1 for single value type: output.buffers.pool-ids.values
11-01 12:01:18.156 549 898 D ReflectedParamUpdater: extent() != 1 for single value type: algo.buffers.pool-ids.values
11-01 12:01:18.156 502 502 I hw-BpHwBinder: onLastStrongRef automatically unlinking death recipients
11-01 12:01:18.158 549 898 I CCodecConfig: query failed after returning 7 values (BAD_INDEX)
11-01 12:01:18.158 549 898 D CCodecConfig: c2 config diff is Dict {
11-01 12:01:18.158 549 898 D CCodecConfig: c2::u32 coded.bitrate.value = 64000
11-01 12:01:18.158 549 898 D CCodecConfig: c2::u32 input.buffers.max-size.value = 32768
11-01 12:01:18.158 549 898 D CCodecConfig: c2::u32 input.delay.value = 0
11-01 12:01:18.158 549 898 D CCodecConfig: string input.media-type.value = "audio/vorbis"
11-01 12:01:18.158 549 898 D CCodecConfig: string output.media-type.value = "audio/raw"
11-01 12:01:18.158 549 898 D CCodecConfig: c2::u32 raw.channel-count.value = 1
11-01 12:01:18.158 549 898 D CCodecConfig: c2::u32 raw.sample-rate.value = 48000
11-01 12:01:18.158 549 898 D CCodecConfig: }
11-01 12:01:18.159 549 788 D MediaCodec: flushMediametrics
11-01 12:01:18.160 549 898 D MediaCodec: flushMediametrics
11-01 12:01:18.160 549 898 D CCodec : [c2.android.vorbis.decoder] buffers are bound to CCodec for this session
11-01 12:01:18.160 549 898 D CCodecConfig: no c2 equivalents for durationUs
11-01 12:01:18.160 549 898 D CCodecConfig: no c2 equivalents for track-id
11-01 12:01:18.160 549 898 D CCodecConfig: no c2 equivalents for csd-1
11-01 12:01:18.160 549 898 D CCodecConfig: no c2 equivalents for flags
11-01 12:01:18.160 549 898 D CCodecConfig: c2 config diff is c2::u32 coded.bitrate.value = 140000
11-01 12:01:18.160 549 898 W Codec2Client: query -- param skipped: index = 1107298332.
11-01 12:01:18.160 549 898 D CCodec : encoding statistics level = 0
11-01 12:01:18.160 549 898 D CCodec : setup formats input: AMessage(what = 0x00000000) = {
11-01 12:01:18.160 549 898 D CCodec : int32_t bitrate = 140000
11-01 12:01:18.160 549 898 D CCodec : int32_t channel-count = 1
11-01 12:01:18.160 549 898 D CCodec : int32_t max-input-size = 32768
11-01 12:01:18.160 549 898 D CCodec : string mime = "audio/vorbis"
11-01 12:01:18.160 549 898 D CCodec : int32_t sample-rate = 48000
11-01 12:01:18.160 549 898 D CCodec : }
11-01 12:01:18.161 549 898 D CCodec : setup formats output: AMessage(what = 0x00000000) = {
11-01 12:01:18.161 549 898 D CCodec : int32_t channel-count = 1
11-01 12:01:18.161 549 898 D CCodec : string mime = "audio/raw"
11-01 12:01:18.161 549 898 D CCodec : int32_t sample-rate = 48000
11-01 12:01:18.161 549 898 D CCodec : int32_t channel-mask = 1
11-01 12:01:18.161 549 898 D CCodec : int32_t android._config-pcm-encoding = 2
11-01 12:01:18.161 549 898 D CCodec : }
11-01 12:01:18.161 549 898 I CCodecConfig: query failed after returning 7 values (BAD_INDEX)
11-01 12:01:18.161 549 898 W Codec2Client: query -- param skipped: index = 1342179345.
11-01 12:01:18.161 549 898 W Codec2Client: query -- param skipped: index = 2415921170.
11-01 12:01:18.161 549 549 V SystemServerTiming: OnBootPhase_600_com.android.server.voiceinteraction.VoiceInteractionManagerService took to complete: 6ms
11-01 12:01:18.161 549 549 D SystemServerTiming: OnBootPhase_600_com.android.server.GestureLauncherService
11-01 12:01:18.161 549 898 D CCodecBufferChannel: [c2.android.vorbis.decoder#334] Created input block pool with allocatorID 16 => poolID 21 - OK (0)
11-01 12:01:18.162 549 898 I CCodecBufferChannel: [c2.android.vorbis.decoder#334] Created output block pool with allocatorID 16 => poolID 21 - OK
11-01 12:01:18.162 549 898 D CCodecBufferChannel: [c2.android.vorbis.decoder#334] Configured output block pool ids 21 => OK
11-01 12:01:18.162 549 549 V SystemServerTiming: OnBootPhase_600_com.android.server.GestureLauncherService took to complete: 0ms
11-01 12:01:18.163 549 549 D SystemServerTiming: OnBootPhase_600_com.android.server.SensorNotificationService
11-01 12:01:18.164 549 549 V SystemServerTiming: OnBootPhase_600_com.android.server.SensorNotificationService took to complete: 0ms
11-01 12:01:18.164 502 899 D SimpleC2Component: Using output block pool with poolID 21 => got 21 - 0
11-01 12:01:18.169 549 549 D SystemServerTiming: OnBootPhase_600_com.android.server.emergency.EmergencyAffordanceService
11-01 12:01:18.174 549 549 V SystemServerTiming: OnBootPhase_600_com.android.server.emergency.EmergencyAffordanceService took to complete: 4ms
11-01 12:01:18.174 549 549 D SystemServerTiming: OnBootPhase_600_com.android.server.blob.BlobStoreManagerService
11-01 12:01:18.176 549 788 D MediaCodecList: codecHandlesFormat: no format, so no extra checks
11-01 12:01:18.177 549 906 D CCodec : allocate(c2.android.vorbis.decoder)
11-01 12:01:18.178 549 906 I CCodec : setting up 'default' as default (vendor) store
11-01 12:01:18.179 549 906 I CCodec : Created component [c2.android.vorbis.decoder]
11-01 12:01:18.179 549 906 D CCodecConfig: read media type: audio/vorbis
11-01 12:01:18.180 549 906 D ReflectedParamUpdater: extent() != 1 for single value type: algo.buffers.max-count.values
11-01 12:01:18.180 549 906 D ReflectedParamUpdater: extent() != 1 for single value type: output.subscribed-indices.values
11-01 12:01:18.180 549 906 D ReflectedParamUpdater: extent() != 1 for single value type: input.buffers.allocator-ids.values
11-01 12:01:18.180 549 906 D ReflectedParamUpdater: extent() != 1 for single value type: output.buffers.allocator-ids.values
11-01 12:01:18.181 549 906 D ReflectedParamUpdater: extent() != 1 for single value type: algo.buffers.allocator-ids.values
11-01 12:01:18.181 549 906 D ReflectedParamUpdater: extent() != 1 for single value type: output.buffers.pool-ids.values
11-01 12:01:18.181 549 906 D ReflectedParamUpdater: extent() != 1 for single value type: algo.buffers.pool-ids.values
11-01 12:01:18.182 549 906 I CCodecConfig: query failed after returning 7 values (BAD_INDEX)
11-01 12:01:18.182 549 906 D CCodecConfig: c2 config diff is Dict {
11-01 12:01:18.182 549 906 D CCodecConfig: c2::u32 coded.bitrate.value = 64000
11-01 12:01:18.182 549 906 D CCodecConfig: c2::u32 input.buffers.max-size.value = 32768
11-01 12:01:18.182 549 906 D CCodecConfig: c2::u32 input.delay.value = 0
11-01 12:01:18.182 549 906 D CCodecConfig: string input.media-type.value = "audio/vorbis"
11-01 12:01:18.182 549 906 D CCodecConfig: string output.media-type.value = "audio/raw"
11-01 12:01:18.182 549 906 D CCodecConfig: c2::u32 raw.channel-count.value = 1
11-01 12:01:18.182 549 906 D CCodecConfig: c2::u32 raw.sample-rate.value = 48000
11-01 12:01:18.182 549 906 D CCodecConfig: }
11-01 12:01:18.183 549 906 D MediaCodec: flushMediametrics
11-01 12:01:18.184 549 906 D CCodec : [c2.android.vorbis.decoder] buffers are bound to CCodec for this session
11-01 12:01:18.184 549 906 D CCodecConfig: no c2 equivalents for durationUs
11-01 12:01:18.184 549 906 D CCodecConfig: no c2 equivalents for track-id
11-01 12:01:18.184 549 906 D CCodecConfig: no c2 equivalents for csd-1
11-01 12:01:18.184 549 906 D CCodecConfig: no c2 equivalents for flags
11-01 12:01:18.184 549 906 D CCodecConfig: c2 config diff is c2::u32 coded.bitrate.value = 239920
11-01 12:01:18.184 549 906 D CCodecConfig: c2::u32 raw.sample-rate.value = 44100
11-01 12:01:18.184 549 549 V SystemServerTiming: OnBootPhase_600_com.android.server.blob.BlobStoreManagerService took to complete: 9ms
11-01 12:01:18.184 549 549 D SystemServerTiming: OnBootPhase_600_com.android.server.dreams.DreamManagerService
11-01 12:01:18.185 549 906 W Codec2Client: query -- param skipped: index = 1107298332.
11-01 12:01:18.185 549 906 D CCodec : encoding statistics level = 0
11-01 12:01:18.185 549 906 D CCodec : setup formats input: AMessage(what = 0x00000000) = {
11-01 12:01:18.185 549 906 D CCodec : int32_t bitrate = 239920
11-01 12:01:18.185 549 906 D CCodec : int32_t channel-count = 1
11-01 12:01:18.185 549 906 D CCodec : int32_t max-input-size = 32768
11-01 12:01:18.185 549 906 D CCodec : string mime = "audio/vorbis"
11-01 12:01:18.185 549 906 D CCodec : int32_t sample-rate = 44100
11-01 12:01:18.185 549 906 D CCodec : }
11-01 12:01:18.185 549 906 D CCodec : setup formats output: AMessage(what = 0x00000000) = {
11-01 12:01:18.185 549 906 D CCodec : int32_t channel-count = 1
11-01 12:01:18.185 549 906 D CCodec : string mime = "audio/raw"
11-01 12:01:18.185 549 906 D CCodec : int32_t sample-rate = 44100
11-01 12:01:18.185 549 906 D CCodec : int32_t channel-mask = 1
11-01 12:01:18.185 549 906 D CCodec : int32_t android._config-pcm-encoding = 2
11-01 12:01:18.185 549 906 D CCodec : }
11-01 12:01:18.185 549 906 I CCodecConfig: query failed after returning 7 values (BAD_INDEX)
11-01 12:01:18.185 549 861 D CompatibilityChangeReporter: Compat change id reported: 157233955; UID 10161; state: ENABLED
11-01 12:01:18.186 549 906 W Codec2Client: query -- param skipped: index = 1342179345.
11-01 12:01:18.186 549 906 W Codec2Client: query -- param skipped: index = 2415921170.
11-01 12:01:18.186 549 906 D CCodecBufferChannel: [c2.android.vorbis.decoder#92] Created input block pool with allocatorID 16 => poolID 22 - OK (0)
11-01 12:01:18.187 549 549 V SystemServerTiming: OnBootPhase_600_com.android.server.dreams.DreamManagerService took to complete: 3ms
11-01 12:01:18.187 549 906 I CCodecBufferChannel: [c2.android.vorbis.decoder#92] Created output block pool with allocatorID 16 => poolID 22 - OK
11-01 12:01:18.187 549 549 D SystemServerTiming: OnBootPhase_600_com.android.server.print.PrintManagerService
11-01 12:01:18.187 549 549 V SystemServerTiming: OnBootPhase_600_com.android.server.print.PrintManagerService took to complete: 0ms
11-01 12:01:18.188 549 549 D SystemServerTiming: OnBootPhase_600_com.android.server.security.AttestationVerificationManagerService
11-01 12:01:18.188 549 549 V SystemServerTiming: OnBootPhase_600_com.android.server.security.AttestationVerificationManagerService took to complete: 0ms
11-01 12:01:18.188 549 549 D SystemServerTiming: OnBootPhase_600_com.android.server.companion.CompanionDeviceManagerService
11-01 12:01:18.188 549 549 V SystemServerTiming: OnBootPhase_600_com.android.server.companion.CompanionDeviceManagerService took to complete: 0ms
11-01 12:01:18.188 549 549 D SystemServerTiming: OnBootPhase_600_com.android.server.companion.virtual.VirtualDeviceManagerService
11-01 12:01:18.188 549 549 V SystemServerTiming: OnBootPhase_600_com.android.server.companion.virtual.VirtualDeviceManagerService took to complete: 0ms
11-01 12:01:18.188 549 549 D SystemServerTiming: OnBootPhase_600_com.android.server.restrictions.RestrictionsManagerService
11-01 12:01:18.188 549 549 V SystemServerTiming: OnBootPhase_600_com.android.server.restrictions.RestrictionsManagerService took to complete: 0ms
11-01 12:01:18.188 549 549 D SystemServerTiming: OnBootPhase_600_com.android.server.media.MediaSessionService
11-01 12:01:18.188 549 549 V SystemServerTiming: OnBootPhase_600_com.android.server.media.MediaSessionService took to complete: 0ms
11-01 12:01:18.188 549 549 D SystemServerTiming: OnBootPhase_600_com.android.server.media.MediaResourceMonitorService
11-01 12:01:18.188 549 549 V SystemServerTiming: OnBootPhase_600_com.android.server.media.MediaResourceMonitorService took to complete: 0ms
11-01 12:01:18.188 549 549 D SystemServerTiming: OnBootPhase_600_com.android.server.biometrics.sensors.face.FaceService
11-01 12:01:18.188 549 549 V SystemServerTiming: OnBootPhase_600_com.android.server.biometrics.sensors.face.FaceService took to complete: 0ms
11-01 12:01:18.188 549 549 D SystemServerTiming: OnBootPhase_600_com.android.server.biometrics.sensors.fingerprint.FingerprintService
11-01 12:01:18.188 549 549 V SystemServerTiming: OnBootPhase_600_com.android.server.biometrics.sensors.fingerprint.FingerprintService took to complete: 0ms
11-01 12:01:18.188 549 549 D SystemServerTiming: OnBootPhase_600_com.android.server.biometrics.BiometricService
11-01 12:01:18.188 549 549 V SystemServerTiming: OnBootPhase_600_com.android.server.biometrics.BiometricService took to complete: 0ms
11-01 12:01:18.188 549 549 D SystemServerTiming: OnBootPhase_600_com.android.server.biometrics.AuthService
11-01 12:01:18.188 549 549 V SystemServerTiming: OnBootPhase_600_com.android.server.biometrics.AuthService took to complete: 0ms
11-01 12:01:18.188 549 549 D SystemServerTiming: OnBootPhase_600_com.android.server.pm.ShortcutService$Lifecycle
11-01 12:01:18.188 549 549 V SystemServerTiming: OnBootPhase_600_com.android.server.pm.ShortcutService$Lifecycle took to complete: 0ms
11-01 12:01:18.188 549 549 D SystemServerTiming: OnBootPhase_600_com.android.server.pm.LauncherAppsService
11-01 12:01:18.188 549 549 V SystemServerTiming: OnBootPhase_600_com.android.server.pm.LauncherAppsService took to complete: 0ms
11-01 12:01:18.188 549 549 D SystemServerTiming: OnBootPhase_600_com.android.server.pm.CrossProfileAppsService
11-01 12:01:18.189 549 549 V SystemServerTiming: OnBootPhase_600_com.android.server.pm.CrossProfileAppsService took to complete: 0ms
11-01 12:01:18.189 549 549 D SystemServerTiming: OnBootPhase_600_com.android.server.people.PeopleService
11-01 12:01:18.189 549 549 V SystemServerTiming: OnBootPhase_600_com.android.server.people.PeopleService took to complete: 0ms
11-01 12:01:18.189 549 549 D SystemServerTiming: OnBootPhase_600_com.android.server.media.metrics.MediaMetricsManagerService
11-01 12:01:18.189 549 549 V SystemServerTiming: OnBootPhase_600_com.android.server.media.metrics.MediaMetricsManagerService took to complete: 0ms
11-01 12:01:18.189 549 549 D SystemServerTiming: OnBootPhase_600_com.android.server.pm.BackgroundInstallControlService
11-01 12:01:18.189 549 549 V SystemServerTiming: OnBootPhase_600_com.android.server.pm.BackgroundInstallControlService took to complete: 0ms
11-01 12:01:18.189 549 549 D SystemServerTiming: OnBootPhase_600_com.android.server.media.projection.MediaProjectionManagerService
11-01 12:01:18.189 549 549 V SystemServerTiming: OnBootPhase_600_com.android.server.media.projection.MediaProjectionManagerService took to complete: 0ms
11-01 12:01:18.189 549 549 D SystemServerTiming: OnBootPhase_600_com.android.server.slice.SliceManagerService$Lifecycle
11-01 12:01:18.189 549 549 V SystemServerTiming: OnBootPhase_600_com.android.server.slice.SliceManagerService$Lifecycle took to complete: 0ms
11-01 12:01:18.189 549 549 D SystemServerTiming: OnBootPhase_600_com.android.server.stats.StatsCompanion$Lifecycle
11-01 12:01:18.189 549 906 D CCodecBufferChannel: [c2.android.vorbis.decoder#92] Configured output block pool ids 22 => OK
11-01 12:01:18.189 549 549 W AlarmManager: Unrecognized alarm listener com.android.server.stats.StatsCompanionService$PullingAlarmListener@648bdcf
11-01 12:01:18.189 549 549 W AlarmManager: Unrecognized alarm listener com.android.server.stats.StatsCompanionService$PeriodicAlarmListener@3e8135c
11-01 12:01:18.192 502 907 D SimpleC2Component: Using output block pool with poolID 22 => got 22 - 0
11-01 12:01:18.199 549 898 D CCodecBufferChannel: [c2.android.vorbis.decoder#334] MediaCodec discarded an unknown buffer
11-01 12:01:18.200 549 898 D CCodecBufferChannel: [c2.android.vorbis.decoder#334] MediaCodec discarded an unknown buffer
11-01 12:01:18.200 549 898 D CCodecBufferChannel: [c2.android.vorbis.decoder#334] MediaCodec discarded an unknown buffer
11-01 12:01:18.202 549 789 D MediaCodec: flushMediametrics
11-01 12:01:18.203 502 903 I hw-BpHwBinder: onLastStrongRef automatically unlinking death recipients
11-01 12:01:18.204 549 908 I hw-BpHwBinder: onLastStrongRef automatically unlinking death recipients
11-01 12:01:18.209 549 549 I StatsCompanionService: Told statsd that StatsCompanionService is alive.
11-01 12:01:18.209 549 549 V SystemServerTiming: OnBootPhase_600_com.android.server.stats.StatsCompanion$Lifecycle took to complete: 20ms
11-01 12:01:18.209 549 549 D SystemServerTiming: OnBootPhase_600_com.android.server.scheduling.RebootReadinessManagerService$Lifecycle
11-01 12:01:18.209 549 549 V SystemServerTiming: OnBootPhase_600_com.android.server.scheduling.RebootReadinessManagerService$Lifecycle took to complete: 0ms
11-01 12:01:18.209 549 549 D SystemServerTiming: OnBootPhase_600_com.android.server.stats.pull.StatsPullAtomService
11-01 12:01:18.209 549 549 V SystemServerTiming: OnBootPhase_600_com.android.server.stats.pull.StatsPullAtomService took to complete: 0ms
11-01 12:01:18.209 549 549 D SystemServerTiming: OnBootPhase_600_com.android.server.stats.bootstrap.StatsBootstrapAtomService$Lifecycle
11-01 12:01:18.209 549 549 V SystemServerTiming: OnBootPhase_600_com.android.server.stats.bootstrap.StatsBootstrapAtomService$Lifecycle took to complete: 0ms
11-01 12:01:18.209 549 549 D SystemServerTiming: OnBootPhase_600_com.android.server.incident.IncidentCompanionService
11-01 12:01:18.209 549 549 V SystemServerTiming: OnBootPhase_600_com.android.server.incident.IncidentCompanionService took to complete: 0ms
11-01 12:01:18.209 549 549 D SystemServerTiming: OnBootPhase_600_com.android.server.sdksandbox.SdkSandboxManagerService$Lifecycle
11-01 12:01:18.209 549 549 V SystemServerTiming: OnBootPhase_600_com.android.server.sdksandbox.SdkSandboxManagerService$Lifecycle took to complete: 0ms
11-01 12:01:18.209 549 549 D SystemServerTiming: OnBootPhase_600_com.android.server.adservices.AdServicesManagerService$Lifecycle
11-01 12:01:18.209 549 549 V SystemServerTiming: OnBootPhase_600_com.android.server.adservices.AdServicesManagerService$Lifecycle took to complete: 0ms
11-01 12:01:18.210 549 549 D SystemServerTiming: OnBootPhase_600_com.android.server.ondevicepersonalization.OnDevicePersonalizationSystemService$Lifecycle
11-01 12:01:18.210 549 549 V SystemServerTiming: OnBootPhase_600_com.android.server.ondevicepersonalization.OnDevicePersonalizationSystemService$Lifecycle took to complete: 0ms
11-01 12:01:18.210 549 549 D SystemServerTiming: OnBootPhase_600_com.android.server.MmsServiceBroker
11-01 12:01:18.210 549 549 V SystemServerTiming: OnBootPhase_600_com.android.server.MmsServiceBroker took to complete: 0ms
11-01 12:01:18.210 549 549 D SystemServerTiming: OnBootPhase_600_com.android.server.autofill.AutofillManagerService
11-01 12:01:18.210 549 549 V SystemServerTiming: OnBootPhase_600_com.android.server.autofill.AutofillManagerService took to complete: 1ms
11-01 12:01:18.210 549 549 D SystemServerTiming: OnBootPhase_600_com.android.server.credentials.CredentialManagerService
11-01 12:01:18.211 549 549 V SystemServerTiming: OnBootPhase_600_com.android.server.credentials.CredentialManagerService took to complete: 0ms
11-01 12:01:18.211 549 549 D SystemServerTiming: OnBootPhase_600_com.android.server.translation.TranslationManagerService
11-01 12:01:18.211 549 583 D StatsPullAtomService: Registering NetworkStats pullers with statsd
11-01 12:01:18.211 549 549 V SystemServerTiming: OnBootPhase_600_com.android.server.translation.TranslationManagerService took to complete: 0ms
11-01 12:01:18.211 549 549 D SystemServerTiming: OnBootPhase_600_com.android.server.selectiontoolbar.SelectionToolbarManagerService
11-01 12:01:18.211 549 549 V SystemServerTiming: OnBootPhase_600_com.android.server.selectiontoolbar.SelectionToolbarManagerService took to complete: 0ms
11-01 12:01:18.211 549 549 D SystemServerTiming: OnBootPhase_600_com.android.server.clipboard.ClipboardService
11-01 12:01:18.211 549 549 V SystemServerTiming: OnBootPhase_600_com.android.server.clipboard.ClipboardService took to complete: 0ms
11-01 12:01:18.211 549 549 D SystemServerTiming: OnBootPhase_600_com.android.server.appbinding.AppBindingService$Lifecycle
11-01 12:01:18.212 549 549 V SystemServerTiming: OnBootPhase_600_com.android.server.appbinding.AppBindingService$Lifecycle took to complete: 0ms
11-01 12:01:18.212 549 549 D SystemServerTiming: OnBootPhase_600_com.android.server.tracing.TracingServiceProxy
11-01 12:01:18.212 549 549 V SystemServerTiming: OnBootPhase_600_com.android.server.tracing.TracingServiceProxy took to complete: 0ms
11-01 12:01:18.212 549 549 D SystemServerTiming: OnBootPhase_600_com.android.server.policy.PermissionPolicyService
11-01 12:01:18.212 549 549 V SystemServerTiming: OnBootPhase_600_com.android.server.policy.PermissionPolicyService took to complete: 0ms
11-01 12:01:18.212 549 549 D SystemServerTiming: OnBootPhase_600_com.android.server.pm.StagingManager$Lifecycle
11-01 12:01:18.212 549 549 V SystemServerTiming: OnBootPhase_600_com.android.server.pm.StagingManager$Lifecycle took to complete: 0ms
11-01 12:01:18.212 549 549 D SystemServerTiming: OnBootPhase_600_com.android.server.app.GameManagerService$Lifecycle
11-01 12:01:18.212 549 549 V SystemServerTiming: OnBootPhase_600_com.android.server.app.GameManagerService$Lifecycle took to complete: 0ms
11-01 12:01:18.212 549 549 D SystemServerTiming: OnBootPhase_600_com.android.safetycenter.SafetyCenterService
11-01 12:01:18.212 549 549 V SystemServerTiming: OnBootPhase_600_com.android.safetycenter.SafetyCenterService took to complete: 0ms
11-01 12:01:18.212 549 549 D SystemServerTiming: OnBootPhase_600_com.android.server.appsearch.AppSearchModule$Lifecycle
11-01 12:01:18.212 549 549 V SystemServerTiming: OnBootPhase_600_com.android.server.appsearch.AppSearchModule$Lifecycle took to complete: 0ms
11-01 12:01:18.212 549 549 D SystemServerTiming: OnBootPhase_600_com.android.server.media.MediaCommunicationService
11-01 12:01:18.212 549 549 V SystemServerTiming: OnBootPhase_600_com.android.server.media.MediaCommunicationService took to complete: 0ms
11-01 12:01:18.212 549 549 D SystemServerTiming: OnBootPhase_600_com.android.server.compat.overrides.AppCompatOverridesService$Lifecycle
11-01 12:01:18.212 549 549 V SystemServerTiming: OnBootPhase_600_com.android.server.compat.overrides.AppCompatOverridesService$Lifecycle took to complete: 0ms
11-01 12:01:18.212 549 549 D SystemServerTiming: OnBootPhase_600_com.android.server.healthconnect.HealthConnectManagerService
11-01 12:01:18.213 549 549 V SystemServerTiming: OnBootPhase_600_com.android.server.healthconnect.HealthConnectManagerService took to complete: 0ms
11-01 12:01:18.213 549 549 V SystemServerTiming: OnBootPhase_600 took to complete: 300ms
11-01 12:01:18.213 549 549 V SystemServerTiming: PhaseThirdPartyAppsCanStart took to complete: 300ms
11-01 12:01:18.213 549 549 D SystemServerTiming: StartNetworkStack
11-01 12:01:18.213 549 583 W BestClock: java.time.DateTimeException: Missing network time fix
11-01 12:01:18.213 549 549 D ConnectivityModuleConnector: Starting networking module android.net.INetworkStackConnector
11-01 12:01:18.213 549 549 D ConnectivityModuleConnector: Starting networking module in network_stack process
11-01 12:01:18.215 549 549 D CompatibilityChangeReporter: Compat change id reported: 135634846; UID 1073; state: DISABLED
11-01 12:01:18.216 549 549 D ConnectivityModuleConnector: Networking module service start requested
11-01 12:01:18.216 549 549 D NetworkStackClient: Network stack service start requested
11-01 12:01:18.216 549 549 V SystemServerTiming: StartNetworkStack took to complete: 3ms
11-01 12:01:18.216 549 549 D SystemServerTiming: StartTethering
11-01 12:01:18.216 549 549 D ConnectivityModuleConnector: Starting networking module android.net.ITetheringConnector
11-01 12:01:18.216 549 549 D ConnectivityModuleConnector: Starting networking module in network_stack process
11-01 12:01:18.221 354 354 I Zygote : Entering forkRepeatedly native zygote loop
11-01 12:01:18.225 549 906 D CCodecBufferChannel: [c2.android.vorbis.decoder#92] MediaCodec discarded an unknown buffer
11-01 12:01:18.226 549 906 D CCodecBufferChannel: [c2.android.vorbis.decoder#92] MediaCodec discarded an unknown buffer
11-01 12:01:18.226 549 906 D CCodecBufferChannel: [c2.android.vorbis.decoder#92] MediaCodec discarded an unknown buffer
11-01 12:01:18.226 354 354 D Zygote : Forked child process 911
11-01 12:01:18.227 549 585 I ActivityManager: Start proc 911:com.android.networkstack.process/1073 for service {com.google.android.networkstack/com.android.server.NetworkStackService}
11-01 12:01:18.227 549 549 D ConnectivityModuleConnector: Networking module service start requested
11-01 12:01:18.227 549 549 V SystemServerTiming: StartTethering took to complete: 11ms
11-01 12:01:18.227 549 549 D SystemServerTiming: MakeCountryDetectionServiceReady
11-01 12:01:18.227 549 549 V SystemServerTiming: MakeCountryDetectionServiceReady took to complete: 1ms
11-01 12:01:18.227 549 549 D SystemServerTiming: MakeNetworkTimeUpdateReady
11-01 12:01:18.228 549 549 D ConnectivityService: requestNetwork for uid/pid:1000/549 activeRequest: null callbackRequest: 26 [NetworkRequest [ REQUEST id=27, [ Capabilities: INTERNET&NOT_RESTRICTED&TRUSTED&NOT_VCN_MANAGED Uid: 1000 RequestorUid: 1000 RequestorPkg: android UnderlyingNetworks: Null] ]] callback flags: 0 order: 2147483647
11-01 12:01:18.228 549 709 D ConnectivityService: NetReassign [no changes] [c 0] [a 0] [i 0]
11-01 12:01:18.228 549 549 V SystemServerTiming: MakeNetworkTimeUpdateReady took to complete: 1ms
11-01 12:01:18.228 549 549 D SystemServerTiming: MakeInputManagerServiceReady
11-01 12:01:18.229 549 549 I InputManager: Enabling motion classifier because just booted: feature enabled, long press timeout = 400
11-01 12:01:18.229 549 549 I InputProcessor: Enabling motion classifier
11-01 12:01:18.231 549 663 I InputReader: Reconfiguring input devices, changes=DEVICE_ALIAS
11-01 12:01:18.231 549 549 V SystemServerTiming: MakeInputManagerServiceReady took to complete: 2ms
11-01 12:01:18.231 549 549 D SystemServerTiming: MakeTelephonyRegistryReady
11-01 12:01:18.232 549 549 V SystemServerTiming: MakeTelephonyRegistryReady took to complete: 0ms
11-01 12:01:18.232 549 549 D SystemServerTiming: MakeMediaRouterServiceReady
11-01 12:01:18.232 549 549 I MR2ServiceImpl: switchUser | user: 0
11-01 12:01:18.232 549 549 V SystemServerTiming: MakeMediaRouterServiceReady took to complete: 0ms
11-01 12:01:18.232 549 549 D SystemServerTiming: MakeMmsServiceReady
11-01 12:01:18.232 549 549 I MmsServiceBroker: Delay connecting to MmsService until an API is called
11-01 12:01:18.232 549 549 V SystemServerTiming: MakeMmsServiceReady took to complete: 0ms
11-01 12:01:18.232 549 549 D SystemServerTiming: IncidentDaemonReady
11-01 12:01:18.238 549 910 E StatsCompanionService: Could not get installer for package: com.google.android.trichromelibrary
11-01 12:01:18.238 549 910 E StatsCompanionService: android.content.pm.PackageManager$NameNotFoundException: com.google.android.trichromelibrary
11-01 12:01:18.238 549 910 E StatsCompanionService: at android.app.ApplicationPackageManager.getInstallSourceInfo(ApplicationPackageManager.java:2569)
11-01 12:01:18.238 549 910 E StatsCompanionService: at com.android.server.stats.StatsCompanionService.getInstallerPackageName(StatsCompanionService.java:153)
11-01 12:01:18.238 549 910 E StatsCompanionService: at com.android.server.stats.StatsCompanionService.lambda$informAllUids$0(StatsCompanionService.java:239)
11-01 12:01:18.238 549 910 E StatsCompanionService: at com.android.server.stats.StatsCompanionService.$r8$lambda$VOiYvFUkZmZjyfB0dWDMf-akDT0(StatsCompanionService.java:0)
11-01 12:01:18.238 549 910 E StatsCompanionService: at com.android.server.stats.StatsCompanionService$$ExternalSyntheticLambda1.run(R8$$SyntheticClass:0)
11-01 12:01:18.238 549 910 E StatsCompanionService: at android.os.Handler.handleCallback(Handler.java:958)
11-01 12:01:18.238 549 910 E StatsCompanionService: at android.os.Handler.dispatchMessage(Handler.java:99)
11-01 12:01:18.238 549 910 E StatsCompanionService: at android.os.Looper.loopOnce(Looper.java:205)
11-01 12:01:18.238 549 910 E StatsCompanionService: at android.os.Looper.loop(Looper.java:294)
11-01 12:01:18.238 549 910 E StatsCompanionService: at android.os.HandlerThread.run(HandlerThread.java:67)
11-01 12:01:18.240 549 906 I hw-BpHwBinder: onLastStrongRef automatically unlinking death recipients
11-01 12:01:18.241 502 903 I hw-BpHwBinder: onLastStrongRef automatically unlinking death recipients
11-01 12:01:18.241 549 549 V SystemServerTiming: IncidentDaemonReady took to complete: 10ms
11-01 12:01:18.242 549 549 D SystemServerTiming: MakeIncrementalServiceReady
11-01 12:01:18.242 549 549 V SystemServerTiming: MakeIncrementalServiceReady took to complete: 0ms
11-01 12:01:18.242 787 787 W Settings: Setting secure_frp_mode has moved from android.provider.Settings.Secure to android.provider.Settings.Global, returning global URI.
11-01 12:01:18.242 549 549 D SystemServerTiming: OdsignStatsLogger
11-01 12:01:18.242 549 549 V SystemServerTiming: OdsignStatsLogger took to complete: 0ms
11-01 12:01:19.103 0 0 I servicemanager: Could not find android.hardware.input.processor.IInputProcessor/default in the VINTF manifest.
11-01 12:01:18.242 502 903 I hw-BpHwBinder: onLastStrongRef automatically unlinking death recipients
11-01 12:01:18.242 549 549 D SystemServerTiming: getCurrentUser
11-01 12:01:18.242 549 549 I ActivityManager: Current user:0
11-01 12:01:18.242 549 549 V SystemServerTiming: getCurrentUser took to complete: 0ms
11-01 12:01:18.242 549 549 D SystemServerTiming: ActivityManagerStartApps
11-01 12:01:18.243 549 549 D SystemServerTimingAsync: ssm.StartUser-0
11-01 12:01:18.243 549 549 I SystemServiceManager: Calling onStartUser 0
11-01 12:01:18.243 549 549 D SystemServerTimingAsync: ssm.onStartUser-0_com.android.server.security.FileIntegrityService
11-01 12:01:18.243 549 549 V SystemServerTimingAsync: ssm.onStartUser-0_com.android.server.security.FileIntegrityService took to complete: 0ms
11-01 12:01:18.243 549 549 D SystemServerTimingAsync: ssm.onStartUser-0_com.android.server.pm.Installer
11-01 12:01:18.243 353 381 I netd : tetherGetStats() -> {[]} <1.93ms>
11-01 12:01:18.243 549 549 V SystemServerTimingAsync: ssm.onStartUser-0_com.android.server.pm.Installer took to complete: 0ms
11-01 12:01:18.243 549 549 D SystemServerTimingAsync: ssm.onStartUser-0_com.android.server.os.DeviceIdentifiersPolicyService
11-01 12:01:18.243 549 549 V SystemServerTimingAsync: ssm.onStartUser-0_com.android.server.os.DeviceIdentifiersPolicyService took to complete: 0ms
11-01 12:01:18.243 549 549 D SystemServerTimingAsync: ssm.onStartUser-0_com.android.server.uri.UriGrantsManagerService$Lifecycle
11-01 12:01:18.243 549 549 V SystemServerTimingAsync: ssm.onStartUser-0_com.android.server.uri.UriGrantsManagerService$Lifecycle took to complete: 0ms
11-01 12:01:18.243 549 549 D SystemServerTimingAsync: ssm.onStartUser-0_com.android.server.powerstats.PowerStatsService
11-01 12:01:18.243 549 549 V SystemServerTimingAsync: ssm.onStartUser-0_com.android.server.powerstats.PowerStatsService took to complete: 0ms
11-01 12:01:18.243 549 549 D SystemServerTimingAsync: ssm.onStartUser-0_com.android.server.permission.access.AccessCheckingService
11-01 12:01:18.243 549 549 V SystemServerTimingAsync: ssm.onStartUser-0_com.android.server.permission.access.AccessCheckingService took to complete: 0ms
11-01 12:01:18.243 549 549 D SystemServerTimingAsync: ssm.onStartUser-0_com.android.server.wm.ActivityTaskManagerService$Lifecycle
11-01 12:01:18.243 549 549 V SystemServerTimingAsync: ssm.onStartUser-0_com.android.server.wm.ActivityTaskManagerService$Lifecycle took to complete: 0ms
11-01 12:01:18.243 549 549 D SystemServerTimingAsync: ssm.onStartUser-0_com.android.server.am.ActivityManagerService$Lifecycle
11-01 12:01:18.243 549 549 V SystemServerTimingAsync: ssm.onStartUser-0_com.android.server.am.ActivityManagerService$Lifecycle took to complete: 0ms
11-01 12:01:18.243 549 549 D SystemServerTimingAsync: ssm.onStartUser-0_com.android.server.pm.DataLoaderManagerService
11-01 12:01:18.243 549 549 V SystemServerTimingAsync: ssm.onStartUser-0_com.android.server.pm.DataLoaderManagerService took to complete: 0ms
11-01 12:01:18.243 549 549 D SystemServerTimingAsync: ssm.onStartUser-0_com.android.server.power.PowerManagerService
11-01 12:01:18.243 549 549 V SystemServerTimingAsync: ssm.onStartUser-0_com.android.server.power.PowerManagerService took to complete: 0ms
11-01 12:01:18.243 549 549 D SystemServerTimingAsync: ssm.onStartUser-0_com.android.server.power.ThermalManagerService
11-01 12:01:18.244 549 549 V SystemServerTimingAsync: ssm.onStartUser-0_com.android.server.power.ThermalManagerService took to complete: 0ms
11-01 12:01:18.244 549 549 D SystemServerTimingAsync: ssm.onStartUser-0_com.android.server.power.hint.HintManagerService
11-01 12:01:18.244 549 549 V SystemServerTimingAsync: ssm.onStartUser-0_com.android.server.power.hint.HintManagerService took to complete: 0ms
11-01 12:01:18.244 549 549 D SystemServerTimingAsync: ssm.onStartUser-0_com.android.server.recoverysystem.RecoverySystemService$Lifecycle
11-01 12:01:18.244 549 549 V SystemServerTimingAsync: ssm.onStartUser-0_com.android.server.recoverysystem.RecoverySystemService$Lifecycle took to complete: 0ms
11-01 12:01:18.244 549 549 D SystemServerTimingAsync: ssm.onStartUser-0_com.android.server.lights.LightsService
11-01 12:01:18.244 549 549 V SystemServerTimingAsync: ssm.onStartUser-0_com.android.server.lights.LightsService took to complete: 0ms
11-01 12:01:18.244 549 549 D SystemServerTimingAsync: ssm.onStartUser-0_com.android.server.display.DisplayManagerService
11-01 12:01:18.244 549 549 V SystemServerTimingAsync: ssm.onStartUser-0_com.android.server.display.DisplayManagerService took to complete: 0ms
11-01 12:01:18.244 549 549 D SystemServerTimingAsync: ssm.onStartUser-0_com.android.server.pm.verify.domain.DomainVerificationService
11-01 12:01:18.244 549 549 V SystemServerTimingAsync: ssm.onStartUser-0_com.android.server.pm.verify.domain.DomainVerificationService took to complete: 0ms
11-01 12:01:18.244 549 549 D SystemServerTimingAsync: ssm.onStartUser-0_com.android.server.pm.PackageInstallerService$Lifecycle
11-01 12:01:18.244 549 549 V SystemServerTimingAsync: ssm.onStartUser-0_com.android.server.pm.PackageInstallerService$Lifecycle took to complete: 0ms
11-01 12:01:18.244 549 549 D SystemServerTimingAsync: ssm.onStartUser-0_com.android.server.pm.UserManagerService$LifeCycle
11-01 12:01:18.244 549 549 V SystemServerTimingAsync: ssm.onStartUser-0_com.android.server.pm.UserManagerService$LifeCycle took to complete: 0ms
11-01 12:01:18.244 549 549 D SystemServerTimingAsync: ssm.onStartUser-0_com.android.server.om.OverlayManagerService
11-01 12:01:18.245 549 913 I InputProcessor: HAL android.hardware.input.processor.IInputProcessor/default is not declared
11-01 12:01:18.245 549 788 D MediaCodec: flushMediametrics
11-01 12:01:18.246 549 583 W BestClock: java.time.DateTimeException: Missing network time fix
11-01 12:01:18.248 486 495 W idmap2d : failed to parse idmap header of '/data/resource-cache/product@overlay@ManagedProvisioning__auto_generated_rro_product.apk@idmap'
11-01 12:01:18.249 486 495 W idmap2d : failed to find resource 'array/vendor_required_apps_managed_device'
11-01 12:01:18.250 486 495 W idmap2d : failed to find resource 'array/vendor_required_apps_managed_profile'
11-01 12:01:18.250 486 495 W idmap2d : failed to find resource 'array/vendor_required_apps_managed_user'
11-01 12:01:18.250 486 495 E idmap2d : no resources were overlaid
11-01 12:01:18.258 911 911 I rkstack.process: Using CollectorTypeCC GC.
11-01 12:01:18.260 911 911 W rkstack.process: Unexpected CPU variant for x86: x86_64.
11-01 12:01:18.260 911 911 W rkstack.process: Known variants: atom, sandybridge, silvermont, goldmont, goldmont-plus, tremont, kabylake, default
11-01 12:01:18.260 486 495 W idmap2d : failed to parse idmap header of '/data/resource-cache/vendor@overlay@SystemUIGoogle__auto_generated_rro_vendor.apk@idmap'
11-01 12:01:18.262 486 495 W idmap2d : failed to find resource 'bool/config_show4GForLTE'
11-01 12:01:18.262 486 495 E idmap2d : no resources were overlaid
11-01 12:01:18.263 911 911 E rkstack.process: Not starting debugger since process cannot load the jdwp agent.
11-01 12:01:18.268 549 583 W BestClock: java.time.DateTimeException: Missing network time fix
