11-01 12:01:18.384 911 911 D nativeloader: com_android_tethering: libandroid_net_connectivity_com_android_net_module_util_jni.so:libcronet.114.0.5735.84.so:libframework-connectivity-jni.so:libframework-connectivity-tiramisu-jni.so:libservice-connectivity.so
11-01 12:01:18.384 911 911 D nativeloader: com_android_uwb: libuwb_uci_jni_rust.so
11-01 12:01:18.384 911 911 D nativeloader: com_android_virt: libvirtualizationservice_jni.so:libvirtualmachine_jni.so
11-01 12:01:18.384 549 549 V StorageManagerService: Package com.google.android.wifi.resources does not have legacy storage
11-01 12:01:18.384 549 549 V StorageManagerService: Package com.google.android.wifi.dialog does not have legacy storage
11-01 12:01:18.384 549 549 V StorageManagerService: Package com.google.android.telephony.satellite does not have legacy storage
11-01 12:01:18.384 549 549 V StorageManagerService: Package com.android.vpndialogs does not have legacy storage
11-01 12:01:18.384 549 549 V StorageManagerService: Package com.google.android.apps.wallpaper does not have legacy storage
11-01 12:01:18.384 549 549 V StorageManagerService: Package com.google.android.odad does not have legacy storage
11-01 12:01:18.384 549 549 V StorageManagerService: Package com.android.phone does not have legacy storage
11-01 12:01:18.384 549 549 V StorageManagerService: Package com.android.shell does not have legacy storage
11-01 12:01:18.384 549 549 V StorageManagerService: Package com.android.wallpaperbackup does not have legacy storage
11-01 12:01:18.384 549 549 V StorageManagerService: Package com.android.providers.blockednumber does not have legacy storage
11-01 12:01:18.385 549 549 V StorageManagerService: Package com.android.settings.auto_generated_rro_product__ does not have legacy storage
11-01 12:01:18.385 549 549 V StorageManagerService: Package com.android.providers.userdictionary does not have legacy storage
11-01 12:01:18.385 549 549 V StorageManagerService: Package com.android.emergency does not have legacy storage
11-01 12:01:18.385 787 787 D KeyguardBouncerRepositoryImpl: Keyguard Bouncer is hiding.
11-01 12:01:18.385 549 549 V StorageManagerService: Package com.android.internal.systemui.navbar.gestural does not have legacy storage
11-01 12:01:18.385 549 549 V StorageManagerService: Package com.android.location.fused does not have legacy storage
11-01 12:01:18.385 549 549 V StorageManagerService: Package com.android.systemui does not have legacy storage
11-01 12:01:18.385 549 549 V StorageManagerService: Package com.google.android.ondevicepersonalization.services does not have legacy storage
11-01 12:01:18.385 549 549 V StorageManagerService: Package com.google.android.apps.youtube.music does not have legacy storage
11-01 12:01:18.385 549 549 V StorageManagerService: Package com.android.bluetoothmidiservice does not have legacy storage
11-01 12:01:18.386 549 549 V StorageManagerService: Package com.android.traceur does not have legacy storage
11-01 12:01:18.386 549 549 V StorageManagerService: Package com.android.storagemanager.auto_generated_rro_product__ does not have legacy storage
11-01 12:01:18.386 549 549 V StorageManagerService: Package com.google.android.cellbroadcastreceiver does not have legacy storage
11-01 12:01:18.386 549 549 V StorageManagerService: Package com.android.phone.auto_generated_rro_product__ does not have legacy storage
11-01 12:01:18.386 549 549 V StorageManagerService: Package android.auto_generated_rro_product__ does not have legacy storage
11-01 12:01:18.387 549 549 V StorageManagerService: Package com.android.bluetooth does not have legacy storage
11-01 12:01:18.387 549 549 V StorageManagerService: Package com.android.providers.contacts does not have legacy storage
11-01 12:01:18.387 549 549 V StorageManagerService: Package com.android.internal.systemui.navbar.gestural_narrow_back does not have legacy storage
11-01 12:01:18.387 549 549 V StorageManagerService: Package com.google.android.inputmethod.latin does not have legacy storage
11-01 12:01:18.387 549 549 V StorageManagerService: Package android.auto_generated_rro_vendor__ does not have legacy storage
11-01 12:01:18.387 549 549 V StorageManagerService: Package com.google.android.apps.restore does not have legacy storage
11-01 12:01:18.387 549 549 V SystemServerTimingAsync: ssm.onStartUser-0_com.android.server.StorageManagerService$Lifecycle took to complete: 33ms
11-01 12:01:18.387 549 549 D SystemServerTimingAsync: ssm.onStartUser-0_com.android.server.usage.StorageStatsService$Lifecycle
11-01 12:01:18.387 549 549 V SystemServerTimingAsync: ssm.onStartUser-0_com.android.server.usage.StorageStatsService$Lifecycle took to complete: 0ms
11-01 12:01:18.388 549 549 D SystemServerTimingAsync: ssm.onStartUser-0_com.android.server.UiModeManagerService
11-01 12:01:18.388 549 549 V SystemServerTimingAsync: ssm.onStartUser-0_com.android.server.UiModeManagerService took to complete: 0ms
11-01 12:01:18.388 549 549 D SystemServerTimingAsync: ssm.onStartUser-0_com.android.server.locales.LocaleManagerService
11-01 12:01:18.388 549 549 V SystemServerTimingAsync: ssm.onStartUser-0_com.android.server.locales.LocaleManagerService took to complete: 0ms
11-01 12:01:18.388 549 549 D SystemServerTimingAsync: ssm.onStartUser-0_com.android.server.grammaticalinflection.GrammaticalInflectionService
11-01 12:01:18.388 549 549 V SystemServerTimingAsync: ssm.onStartUser-0_com.android.server.grammaticalinflection.GrammaticalInflectionService took to complete: 0ms
11-01 12:01:18.388 549 549 D SystemServerTimingAsync: ssm.onStartUser-0_com.android.server.apphibernation.AppHibernationService
11-01 12:01:18.388 549 549 V SystemServerTimingAsync: ssm.onStartUser-0_com.android.server.apphibernation.AppHibernationService took to complete: 0ms
11-01 12:01:18.388 549 549 D SystemServerTimingAsync: ssm.onStartUser-0_com.android.server.locksettings.LockSettingsService$Lifecycle
11-01 12:01:18.388 549 549 V SystemServerTimingAsync: ssm.onStartUser-0_com.android.server.locksettings.LockSettingsService$Lifecycle took to complete: 0ms
11-01 12:01:18.388 549 549 D SystemServerTimingAsync: ssm.onStartUser-0_com.android.server.testharness.TestHarnessModeService
11-01 12:01:18.388 549 549 V SystemServerTimingAsync: ssm.onStartUser-0_com.android.server.testharness.TestHarnessModeService took to complete: 0ms
11-01 12:01:18.388 549 549 D SystemServerTimingAsync: ssm.onStartUser-0_com.android.server.DeviceIdleController
11-01 12:01:18.389 549 549 V SystemServerTimingAsync: ssm.onStartUser-0_com.android.server.DeviceIdleController took to complete: 0ms
11-01 12:01:18.389 549 549 D SystemServerTimingAsync: ssm.onStartUser-0_com.android.server.devicepolicy.DevicePolicyManagerService$Lifecycle
11-01 12:01:18.389 549 549 V SystemServerTimingAsync: ssm.onStartUser-0_com.android.server.devicepolicy.DevicePolicyManagerService$Lifecycle took to complete: 1ms
11-01 12:01:18.389 549 549 D SystemServerTimingAsync: ssm.onStartUser-0_com.android.server.musicrecognition.MusicRecognitionManagerService
11-01 12:01:18.390 549 549 V SystemServerTimingAsync: ssm.onStartUser-0_com.android.server.musicrecognition.MusicRecognitionManagerService took to complete: 0ms
11-01 12:01:18.390 549 549 D SystemServerTimingAsync: ssm.onStartUser-0_com.android.server.contentcapture.ContentCaptureManagerService
11-01 12:01:18.390 549 549 V SystemServerTimingAsync: ssm.onStartUser-0_com.android.server.contentcapture.ContentCaptureManagerService took to complete: 0ms
11-01 12:01:18.390 549 549 D SystemServerTimingAsync: ssm.onStartUser-0_com.android.server.systemcaptions.SystemCaptionsManagerService
11-01 12:01:18.390 549 549 V SystemServerTimingAsync: ssm.onStartUser-0_com.android.server.systemcaptions.SystemCaptionsManagerService took to complete: 0ms
11-01 12:01:18.390 549 549 D SystemServerTimingAsync: ssm.onStartUser-0_com.android.server.texttospeech.TextToSpeechManagerService
11-01 12:01:18.390 549 549 V SystemServerTimingAsync: ssm.onStartUser-0_com.android.server.texttospeech.TextToSpeechManagerService took to complete: 0ms
11-01 12:01:18.390 549 549 D SystemServerTimingAsync: ssm.onStartUser-0_com.android.server.ambientcontext.AmbientContextManagerService
11-01 12:01:18.390 941 941 E droid.bluetooth: Not starting debugger since process cannot load the jdwp agent.
11-01 12:01:18.390 549 549 V SystemServerTimingAsync: ssm.onStartUser-0_com.android.server.ambientcontext.AmbientContextManagerService took to complete: 0ms
11-01 12:01:18.390 549 549 D SystemServerTimingAsync: ssm.onStartUser-0_com.android.server.wearable.WearableSensingManagerService
11-01 12:01:18.390 549 549 V SystemServerTimingAsync: ssm.onStartUser-0_com.android.server.wearable.WearableSensingManagerService took to complete: 0ms
11-01 12:01:18.390 549 549 D SystemServerTimingAsync: ssm.onStartUser-0_com.android.server.speech.SpeechRecognitionManagerService
11-01 12:01:18.391 549 549 V SystemServerTimingAsync: ssm.onStartUser-0_com.android.server.speech.SpeechRecognitionManagerService took to complete: 0ms
11-01 12:01:18.391 549 549 D SystemServerTimingAsync: ssm.onStartUser-0_com.android.server.appprediction.AppPredictionManagerService
11-01 12:01:18.391 549 549 V SystemServerTimingAsync: ssm.onStartUser-0_com.android.server.appprediction.AppPredictionManagerService took to complete: 0ms
11-01 12:01:18.391 549 549 D SystemServerTimingAsync: ssm.onStartUser-0_com.android.server.contentsuggestions.ContentSuggestionsManagerService
11-01 12:01:18.391 549 549 V SystemServerTimingAsync: ssm.onStartUser-0_com.android.server.contentsuggestions.ContentSuggestionsManagerService took to complete: 0ms
11-01 12:01:18.391 549 549 D SystemServerTimingAsync: ssm.onStartUser-0_com.android.server.searchui.SearchUiManagerService
11-01 12:01:18.391 549 549 V SystemServerTimingAsync: ssm.onStartUser-0_com.android.server.searchui.SearchUiManagerService took to complete: 0ms
11-01 12:01:18.391 549 549 D SystemServerTimingAsync: ssm.onStartUser-0_com.android.server.smartspace.SmartspaceManagerService
11-01 12:01:18.391 549 549 V SystemServerTimingAsync: ssm.onStartUser-0_com.android.server.smartspace.SmartspaceManagerService took to complete: 0ms
11-01 12:01:18.391 549 549 D SystemServerTimingAsync: ssm.onStartUser-0_com.android.server.graphics.fonts.FontManagerService$Lifecycle
11-01 12:01:18.391 549 549 V SystemServerTimingAsync: ssm.onStartUser-0_com.android.server.graphics.fonts.FontManagerService$Lifecycle took to complete: 0ms
11-01 12:01:18.391 549 549 D SystemServerTimingAsync: ssm.onStartUser-0_com.android.server.textservices.TextServicesManagerService$Lifecycle
11-01 12:01:18.391 549 549 V SystemServerTimingAsync: ssm.onStartUser-0_com.android.server.textservices.TextServicesManagerService$Lifecycle took to complete: 0ms
11-01 12:01:18.391 549 549 D SystemServerTimingAsync: ssm.onStartUser-0_com.android.server.textclassifier.TextClassificationManagerService$Lifecycle
11-01 12:01:18.392 549 549 V SystemServerTimingAsync: ssm.onStartUser-0_com.android.server.textclassifier.TextClassificationManagerService$Lifecycle took to complete: 0ms
11-01 12:01:18.392 549 549 D SystemServerTimingAsync: ssm.onStartUser-0_com.android.server.NetworkScoreService$Lifecycle
11-01 12:01:18.392 549 549 V SystemServerTimingAsync: ssm.onStartUser-0_com.android.server.NetworkScoreService$Lifecycle took to complete: 0ms
11-01 12:01:18.392 549 549 D SystemServerTimingAsync: ssm.onStartUser-0_com.android.server.NetworkStatsServiceInitializer
11-01 12:01:18.392 549 549 V SystemServerTimingAsync: ssm.onStartUser-0_com.android.server.NetworkStatsServiceInitializer took to complete: 0ms
11-01 12:01:18.393 549 549 D SystemServerTimingAsync: ssm.onStartUser-0_com.android.server.wifi.WifiService
11-01 12:01:18.393 549 549 V SystemServerTimingAsync: ssm.onStartUser-0_com.android.server.wifi.WifiService took to complete: 0ms
11-01 12:01:18.393 549 549 D SystemServerTimingAsync: ssm.onStartUser-0_com.android.server.wifi.scanner.WifiScanningService
11-01 12:01:18.393 549 549 V SystemServerTimingAsync: ssm.onStartUser-0_com.android.server.wifi.scanner.WifiScanningService took to complete: 0ms
11-01 12:01:18.393 549 549 D SystemServerTimingAsync: ssm.onStartUser-0_com.android.server.wifi.p2p.WifiP2pService
11-01 12:01:18.393 549 549 V SystemServerTimingAsync: ssm.onStartUser-0_com.android.server.wifi.p2p.WifiP2pService took to complete: 0ms
11-01 12:01:18.393 549 549 D SystemServerTimingAsync: ssm.onStartUser-0_com.android.server.ConnectivityServiceInitializer
11-01 12:01:18.393 549 549 V SystemServerTimingAsync: ssm.onStartUser-0_com.android.server.ConnectivityServiceInitializer took to complete: 0ms
11-01 12:01:18.393 549 549 D SystemServerTimingAsync: ssm.onStartUser-0_com.android.server.notification.NotificationManagerService
11-01 12:01:18.393 549 549 V SystemServerTimingAsync: ssm.onStartUser-0_com.android.server.notification.NotificationManagerService took to complete: 0ms
11-01 12:01:18.393 549 549 D SystemServerTimingAsync: ssm.onStartUser-0_com.android.server.storage.DeviceStorageMonitorService
11-01 12:01:18.393 549 549 V SystemServerTimingAsync: ssm.onStartUser-0_com.android.server.storage.DeviceStorageMonitorService took to complete: 0ms
11-01 12:01:18.393 549 549 D SystemServerTimingAsync: ssm.onStartUser-0_com.android.server.timedetector.TimeDetectorService$Lifecycle
11-01 12:01:18.393 549 549 V SystemServerTimingAsync: ssm.onStartUser-0_com.android.server.timedetector.TimeDetectorService$Lifecycle took to complete: 0ms
11-01 12:01:18.393 549 549 D SystemServerTimingAsync: ssm.onStartUser-0_com.android.server.location.LocationManagerService$Lifecycle
11-01 12:01:18.394 549 549 V SystemServerTimingAsync: ssm.onStartUser-0_com.android.server.location.LocationManagerService$Lifecycle took to complete: 1ms
11-01 12:01:18.394 549 549 D SystemServerTimingAsync: ssm.onStartUser-0_com.android.server.timezonedetector.TimeZoneDetectorService$Lifecycle
11-01 12:01:18.394 549 549 V SystemServerTimingAsync: ssm.onStartUser-0_com.android.server.timezonedetector.TimeZoneDetectorService$Lifecycle took to complete: 0ms
11-01 12:01:18.394 549 549 D SystemServerTimingAsync: ssm.onStartUser-0_com.android.server.location.altitude.AltitudeService$Lifecycle
11-01 12:01:18.394 549 549 V SystemServerTimingAsync: ssm.onStartUser-0_com.android.server.location.altitude.AltitudeService$Lifecycle took to complete: 0ms
11-01 12:01:18.394 549 549 D SystemServerTimingAsync: ssm.onStartUser-0_com.android.server.timezonedetector.location.LocationTimeZoneManagerService$Lifecycle
11-01 12:01:18.394 549 549 V SystemServerTimingAsync: ssm.onStartUser-0_com.android.server.timezonedetector.location.LocationTimeZoneManagerService$Lifecycle took to complete: 0ms
11-01 12:01:18.394 549 549 D SystemServerTimingAsync: ssm.onStartUser-0_com.android.server.search.SearchManagerService$Lifecycle
11-01 12:01:18.394 549 549 V SystemServerTimingAsync: ssm.onStartUser-0_com.android.server.search.SearchManagerService$Lifecycle took to complete: 0ms
11-01 12:01:18.394 549 549 D SystemServerTimingAsync: ssm.onStartUser-0_com.android.server.wallpaper.WallpaperManagerService$Lifecycle
11-01 12:01:18.394 549 549 V SystemServerTimingAsync: ssm.onStartUser-0_com.android.server.wallpaper.WallpaperManagerService$Lifecycle took to complete: 0ms
11-01 12:01:18.394 549 549 D SystemServerTimingAsync: ssm.onStartUser-0_com.android.server.wallpapereffectsgeneration.WallpaperEffectsGenerationManagerService
11-01 12:01:18.394 549 549 V SystemServerTimingAsync: ssm.onStartUser-0_com.android.server.wallpapereffectsgeneration.WallpaperEffectsGenerationManagerService took to complete: 0ms
11-01 12:01:18.394 549 549 D SystemServerTimingAsync: ssm.onStartUser-0_com.android.server.audio.AudioService$Lifecycle
11-01 12:01:18.394 549 549 V SystemServerTimingAsync: ssm.onStartUser-0_com.android.server.audio.AudioService$Lifecycle took to complete: 0ms
11-01 12:01:18.394 549 549 D SystemServerTimingAsync: ssm.onStartUser-0_com.android.server.soundtrigger_middleware.SoundTriggerMiddlewareService$Lifecycle
11-01 12:01:18.394 549 549 V SystemServerTimingAsync: ssm.onStartUser-0_com.android.server.soundtrigger_middleware.SoundTriggerMiddlewareService$Lifecycle took to complete: 0ms
11-01 12:01:18.395 549 549 D SystemServerTimingAsync: ssm.onStartUser-0_com.android.server.DockObserver
11-01 12:01:18.395 549 549 V SystemServerTimingAsync: ssm.onStartUser-0_com.android.server.DockObserver took to complete: 0ms
11-01 12:01:18.395 549 549 D SystemServerTimingAsync: ssm.onStartUser-0_com.android.server.midi.MidiService$Lifecycle
11-01 12:01:18.395 549 853 I ActivityManager: Flag disabled. Ignoring finishAttachApplication from uid: 1073. pid: 911
11-01 12:01:18.395 549 549 V SystemServerTimingAsync: ssm.onStartUser-0_com.android.server.midi.MidiService$Lifecycle took to complete: 0ms
11-01 12:01:18.395 549 549 D SystemServerTimingAsync: ssm.onStartUser-0_com.android.server.adb.AdbService$Lifecycle
11-01 12:01:18.395 549 549 V SystemServerTimingAsync: ssm.onStartUser-0_com.android.server.adb.AdbService$Lifecycle took to complete: 0ms
11-01 12:01:18.395 549 549 D SystemServerTimingAsync: ssm.onStartUser-0_com.android.server.usb.UsbService$Lifecycle
11-01 12:01:18.395 549 549 V SystemServerTimingAsync: ssm.onStartUser-0_com.android.server.usb.UsbService$Lifecycle took to complete: 0ms
11-01 12:01:18.395 549 549 D SystemServerTimingAsync: ssm.onStartUser-0_com.android.server.twilight.TwilightService
11-01 12:01:18.395 549 549 V SystemServerTimingAsync: ssm.onStartUser-0_com.android.server.twilight.TwilightService took to complete: 0ms
11-01 12:01:18.395 549 549 D SystemServerTimingAsync: ssm.onStartUser-0_com.android.server.display.color.ColorDisplayService
11-01 12:01:18.395 549 549 V SystemServerTimingAsync: ssm.onStartUser-0_com.android.server.display.color.ColorDisplayService took to complete: 1ms
11-01 12:01:18.395 549 549 D SystemServerTimingAsync: ssm.onStartUser-0_com.android.server.job.JobSchedulerService
11-01 12:01:18.396 549 549 V SystemServerTimingAsync: ssm.onStartUser-0_com.android.server.job.JobSchedulerService took to complete: 0ms
11-01 12:01:18.396 549 549 D SystemServerTimingAsync: ssm.onStartUser-0_com.android.server.soundtrigger.SoundTriggerService
11-01 12:01:18.396 549 549 V SystemServerTimingAsync: ssm.onStartUser-0_com.android.server.soundtrigger.SoundTriggerService took to complete: 0ms
11-01 12:01:18.396 549 549 D SystemServerTimingAsync: ssm.onStartUser-0_com.android.server.trust.TrustManagerService
11-01 12:01:18.396 549 549 V SystemServerTimingAsync: ssm.onStartUser-0_com.android.server.trust.TrustManagerService took to complete: 0ms
11-01 12:01:18.396 549 549 D SystemServerTimingAsync: ssm.onStartUser-0_com.android.server.backup.BackupManagerService$Lifecycle
11-01 12:01:18.396 549 549 V SystemServerTimingAsync: ssm.onStartUser-0_com.android.server.backup.BackupManagerService$Lifecycle took to complete: 0ms
11-01 12:01:18.396 549 549 D SystemServerTimingAsync: ssm.onStartUser-0_com.android.server.appwidget.AppWidgetService
11-01 12:01:18.396 549 549 V SystemServerTimingAsync: ssm.onStartUser-0_com.android.server.appwidget.AppWidgetService took to complete: 0ms
11-01 12:01:18.396 549 549 D SystemServerTimingAsync: ssm.onStartUser-0_com.android.server.voiceinteraction.VoiceInteractionManagerService
11-01 12:01:18.406 549 549 V SystemServerTimingAsync: ssm.onStartUser-0_com.android.server.voiceinteraction.VoiceInteractionManagerService took to complete: 10ms
11-01 12:01:18.406 549 549 D SystemServerTimingAsync: ssm.onStartUser-0_com.android.server.GestureLauncherService
11-01 12:01:18.406 549 549 V SystemServerTimingAsync: ssm.onStartUser-0_com.android.server.GestureLauncherService took to complete: 0ms
11-01 12:01:18.406 549 549 D SystemServerTimingAsync: ssm.onStartUser-0_com.android.server.SensorNotificationService
11-01 12:01:18.406 549 549 V SystemServerTimingAsync: ssm.onStartUser-0_com.android.server.SensorNotificationService took to complete: 0ms
11-01 12:01:18.406 549 549 D SystemServerTimingAsync: ssm.onStartUser-0_com.android.server.emergency.EmergencyAffordanceService
11-01 12:01:18.407 549 549 V SystemServerTimingAsync: ssm.onStartUser-0_com.android.server.emergency.EmergencyAffordanceService took to complete: 0ms
11-01 12:01:18.407 549 549 D SystemServerTimingAsync: ssm.onStartUser-0_com.android.server.blob.BlobStoreManagerService
11-01 12:01:18.407 549 549 V SystemServerTimingAsync: ssm.onStartUser-0_com.android.server.blob.BlobStoreManagerService took to complete: 0ms
11-01 12:01:18.407 549 549 D SystemServerTimingAsync: ssm.onStartUser-0_com.android.server.dreams.DreamManagerService
11-01 12:01:18.407 549 549 V SystemServerTimingAsync: ssm.onStartUser-0_com.android.server.dreams.DreamManagerService took to complete: 0ms
11-01 12:01:18.407 549 549 D SystemServerTimingAsync: ssm.onStartUser-0_com.android.server.print.PrintManagerService
11-01 12:01:18.407 549 549 V SystemServerTimingAsync: ssm.onStartUser-0_com.android.server.print.PrintManagerService took to complete: 0ms
11-01 12:01:18.407 549 549 D SystemServerTimingAsync: ssm.onStartUser-0_com.android.server.security.AttestationVerificationManagerService
11-01 12:01:18.407 549 549 V SystemServerTimingAsync: ssm.onStartUser-0_com.android.server.security.AttestationVerificationManagerService took to complete: 0ms
11-01 12:01:18.408 549 549 D SystemServerTimingAsync: ssm.onStartUser-0_com.android.server.companion.CompanionDeviceManagerService
11-01 12:01:18.408 549 549 V SystemServerTimingAsync: ssm.onStartUser-0_com.android.server.companion.CompanionDeviceManagerService took to complete: 0ms
11-01 12:01:18.408 549 549 D SystemServerTimingAsync: ssm.onStartUser-0_com.android.server.companion.virtual.VirtualDeviceManagerService
11-01 12:01:18.408 549 549 V SystemServerTimingAsync: ssm.onStartUser-0_com.android.server.companion.virtual.VirtualDeviceManagerService took to complete: 0ms
11-01 12:01:18.408 549 549 D SystemServerTimingAsync: ssm.onStartUser-0_com.android.server.restrictions.RestrictionsManagerService
11-01 12:01:18.408 549 549 V SystemServerTimingAsync: ssm.onStartUser-0_com.android.server.restrictions.RestrictionsManagerService took to complete: 0ms
11-01 12:01:18.408 549 549 D SystemServerTimingAsync: ssm.onStartUser-0_com.android.server.media.MediaSessionService
11-01 12:01:18.409 549 549 V SystemServerTimingAsync: ssm.onStartUser-0_com.android.server.media.MediaSessionService took to complete: 0ms
11-01 12:01:18.409 549 549 D SystemServerTimingAsync: ssm.onStartUser-0_com.android.server.media.MediaResourceMonitorService
11-01 12:01:18.409 549 549 V SystemServerTimingAsync: ssm.onStartUser-0_com.android.server.media.MediaResourceMonitorService took to complete: 0ms
11-01 12:01:18.409 549 549 D SystemServerTimingAsync: ssm.onStartUser-0_com.android.server.biometrics.sensors.face.FaceService
11-01 12:01:18.409 549 549 V SystemServerTimingAsync: ssm.onStartUser-0_com.android.server.biometrics.sensors.face.FaceService took to complete: 0ms
11-01 12:01:18.409 549 549 D SystemServerTimingAsync: ssm.onStartUser-0_com.android.server.biometrics.sensors.fingerprint.FingerprintService
11-01 12:01:18.409 549 549 V SystemServerTimingAsync: ssm.onStartUser-0_com.android.server.biometrics.sensors.fingerprint.FingerprintService took to complete: 0ms
11-01 12:01:18.409 549 549 D SystemServerTimingAsync: ssm.onStartUser-0_com.android.server.biometrics.BiometricService
11-01 12:01:18.409 549 549 V SystemServerTimingAsync: ssm.onStartUser-0_com.android.server.biometrics.BiometricService took to complete: 0ms
11-01 12:01:18.409 549 549 D SystemServerTimingAsync: ssm.onStartUser-0_com.android.server.biometrics.AuthService
11-01 12:01:18.409 549 549 V SystemServerTimingAsync: ssm.onStartUser-0_com.android.server.biometrics.AuthService took to complete: 0ms
11-01 12:01:18.409 549 549 D SystemServerTimingAsync: ssm.onStartUser-0_com.android.server.pm.ShortcutService$Lifecycle
11-01 12:01:18.409 549 549 V SystemServerTimingAsync: ssm.onStartUser-0_com.android.server.pm.ShortcutService$Lifecycle took to complete: 0ms
11-01 12:01:18.409 549 549 D SystemServerTimingAsync: ssm.onStartUser-0_com.android.server.pm.LauncherAppsService
11-01 12:01:18.409 549 549 V SystemServerTimingAsync: ssm.onStartUser-0_com.android.server.pm.LauncherAppsService took to complete: 0ms
11-01 12:01:18.409 549 549 D SystemServerTimingAsync: ssm.onStartUser-0_com.android.server.pm.CrossProfileAppsService
11-01 12:01:18.409 549 549 V SystemServerTimingAsync: ssm.onStartUser-0_com.android.server.pm.CrossProfileAppsService took to complete: 0ms
11-01 12:01:18.409 549 549 D SystemServerTimingAsync: ssm.onStartUser-0_com.android.server.people.PeopleService
11-01 12:01:18.409 549 549 V SystemServerTimingAsync: ssm.onStartUser-0_com.android.server.people.PeopleService took to complete: 0ms
11-01 12:01:18.409 549 549 D SystemServerTimingAsync: ssm.onStartUser-0_com.android.server.media.metrics.MediaMetricsManagerService
11-01 12:01:18.409 549 549 V SystemServerTimingAsync: ssm.onStartUser-0_com.android.server.media.metrics.MediaMetricsManagerService took to complete: 0ms
11-01 12:01:18.409 549 549 D SystemServerTimingAsync: ssm.onStartUser-0_com.android.server.pm.BackgroundInstallControlService
11-01 12:01:18.409 549 549 V SystemServerTimingAsync: ssm.onStartUser-0_com.android.server.pm.BackgroundInstallControlService took to complete: 0ms
11-01 12:01:18.410 549 549 D SystemServerTimingAsync: ssm.onStartUser-0_com.android.server.media.projection.MediaProjectionManagerService
11-01 12:01:18.410 549 549 V SystemServerTimingAsync: ssm.onStartUser-0_com.android.server.media.projection.MediaProjectionManagerService took to complete: 0ms
11-01 12:01:18.410 549 549 D SystemServerTimingAsync: ssm.onStartUser-0_com.android.server.slice.SliceManagerService$Lifecycle
11-01 12:01:18.410 549 549 V SystemServerTimingAsync: ssm.onStartUser-0_com.android.server.slice.SliceManagerService$Lifecycle took to complete: 0ms
11-01 12:01:18.410 549 549 D SystemServerTimingAsync: ssm.onStartUser-0_com.android.server.stats.StatsCompanion$Lifecycle
11-01 12:01:18.410 549 549 V SystemServerTimingAsync: ssm.onStartUser-0_com.android.server.stats.StatsCompanion$Lifecycle took to complete: 0ms
11-01 12:01:18.410 549 549 D SystemServerTimingAsync: ssm.onStartUser-0_com.android.server.scheduling.RebootReadinessManagerService$Lifecycle
11-01 12:01:18.410 549 549 V SystemServerTimingAsync: ssm.onStartUser-0_com.android.server.scheduling.RebootReadinessManagerService$Lifecycle took to complete: 0ms
11-01 12:01:18.410 549 549 D SystemServerTimingAsync: ssm.onStartUser-0_com.android.server.stats.pull.StatsPullAtomService
11-01 12:01:18.410 549 549 V SystemServerTimingAsync: ssm.onStartUser-0_com.android.server.stats.pull.StatsPullAtomService took to complete: 0ms
11-01 12:01:18.410 549 549 D SystemServerTimingAsync: ssm.onStartUser-0_com.android.server.stats.bootstrap.StatsBootstrapAtomService$Lifecycle
11-01 12:01:18.410 549 549 V SystemServerTimingAsync: ssm.onStartUser-0_com.android.server.stats.bootstrap.StatsBootstrapAtomService$Lifecycle took to complete: 0ms
11-01 12:01:18.411 549 549 D SystemServerTimingAsync: ssm.onStartUser-0_com.android.server.incident.IncidentCompanionService
11-01 12:01:18.411 549 549 V SystemServerTimingAsync: ssm.onStartUser-0_com.android.server.incident.IncidentCompanionService took to complete: 0ms
11-01 12:01:18.411 549 549 D SystemServerTimingAsync: ssm.onStartUser-0_com.android.server.sdksandbox.SdkSandboxManagerService$Lifecycle
11-01 12:01:18.411 549 549 V SystemServerTimingAsync: ssm.onStartUser-0_com.android.server.sdksandbox.SdkSandboxManagerService$Lifecycle took to complete: 0ms
11-01 12:01:18.411 549 549 D SystemServerTimingAsync: ssm.onStartUser-0_com.android.server.adservices.AdServicesManagerService$Lifecycle
11-01 12:01:18.411 549 549 V SystemServerTimingAsync: ssm.onStartUser-0_com.android.server.adservices.AdServicesManagerService$Lifecycle took to complete: 0ms
11-01 12:01:18.411 549 549 D SystemServerTimingAsync: ssm.onStartUser-0_com.android.server.ondevicepersonalization.OnDevicePersonalizationSystemService$Lifecycle
11-01 12:01:18.411 549 549 V SystemServerTimingAsync: ssm.onStartUser-0_com.android.server.ondevicepersonalization.OnDevicePersonalizationSystemService$Lifecycle took to complete: 0ms
11-01 12:01:18.411 549 549 D SystemServerTimingAsync: ssm.onStartUser-0_com.android.server.MmsServiceBroker
11-01 12:01:18.411 549 549 V SystemServerTimingAsync: ssm.onStartUser-0_com.android.server.MmsServiceBroker took to complete: 0ms
11-01 12:01:18.411 549 549 D SystemServerTimingAsync: ssm.onStartUser-0_com.android.server.autofill.AutofillManagerService
11-01 12:01:18.411 549 549 V SystemServerTimingAsync: ssm.onStartUser-0_com.android.server.autofill.AutofillManagerService took to complete: 0ms
11-01 12:01:18.411 549 549 D SystemServerTimingAsync: ssm.onStartUser-0_com.android.server.credentials.CredentialManagerService
11-01 12:01:18.412 549 549 V SystemServerTimingAsync: ssm.onStartUser-0_com.android.server.credentials.CredentialManagerService took to complete: 0ms
11-01 12:01:18.412 549 549 D SystemServerTimingAsync: ssm.onStartUser-0_com.android.server.translation.TranslationManagerService
11-01 12:01:18.412 549 549 V SystemServerTimingAsync: ssm.onStartUser-0_com.android.server.translation.TranslationManagerService took to complete: 0ms
11-01 12:01:18.412 549 549 D SystemServerTimingAsync: ssm.onStartUser-0_com.android.server.selectiontoolbar.SelectionToolbarManagerService
11-01 12:01:18.412 549 549 V SystemServerTimingAsync: ssm.onStartUser-0_com.android.server.selectiontoolbar.SelectionToolbarManagerService took to complete: 0ms
11-01 12:01:18.412 549 549 D SystemServerTimingAsync: ssm.onStartUser-0_com.android.server.clipboard.ClipboardService
11-01 12:01:18.412 549 549 V SystemServerTimingAsync: ssm.onStartUser-0_com.android.server.clipboard.ClipboardService took to complete: 0ms
11-01 12:01:18.412 549 549 D SystemServerTimingAsync: ssm.onStartUser-0_com.android.server.appbinding.AppBindingService$Lifecycle
11-01 12:01:18.413 549 549 V SystemServerTimingAsync: ssm.onStartUser-0_com.android.server.appbinding.AppBindingService$Lifecycle took to complete: 0ms
11-01 12:01:18.413 549 549 D SystemServerTimingAsync: ssm.onStartUser-0_com.android.server.tracing.TracingServiceProxy
11-01 12:01:18.413 549 549 V SystemServerTimingAsync: ssm.onStartUser-0_com.android.server.tracing.TracingServiceProxy took to complete: 0ms
11-01 12:01:18.414 549 549 D SystemServerTimingAsync: ssm.onStartUser-0_com.android.server.policy.PermissionPolicyService
11-01 12:01:18.414 549 549 V SystemServerTimingAsync: ssm.onStartUser-0_com.android.server.policy.PermissionPolicyService took to complete: 0ms
11-01 12:01:18.414 549 549 D SystemServerTimingAsync: ssm.onStartUser-0_com.android.server.pm.StagingManager$Lifecycle
11-01 12:01:18.414 549 549 V SystemServerTimingAsync: ssm.onStartUser-0_com.android.server.pm.StagingManager$Lifecycle took to complete: 0ms
11-01 12:01:18.414 549 549 D SystemServerTimingAsync: ssm.onStartUser-0_com.android.server.app.GameManagerService$Lifecycle
11-01 12:01:18.414 549 549 D GameManagerService: Starting user 0
11-01 12:01:18.416 549 549 V SystemServerTimingAsync: ssm.onStartUser-0_com.android.server.app.GameManagerService$Lifecycle took to complete: 2ms
11-01 12:01:18.416 549 549 D SystemServerTimingAsync: ssm.onStartUser-0_com.android.safetycenter.SafetyCenterService
11-01 12:01:18.416 549 549 V SystemServerTimingAsync: ssm.onStartUser-0_com.android.safetycenter.SafetyCenterService took to complete: 0ms
11-01 12:01:18.416 549 549 D SystemServerTimingAsync: ssm.onStartUser-0_com.android.server.appsearch.AppSearchModule$Lifecycle
11-01 12:01:18.417 787 787 D BiometricsRepositoryImpl: Registering StrongAuthTracker
11-01 12:01:18.417 549 549 V SystemServerTimingAsync: ssm.onStartUser-0_com.android.server.appsearch.AppSearchModule$Lifecycle took to complete: 0ms
11-01 12:01:18.417 549 549 D SystemServerTimingAsync: ssm.onStartUser-0_com.android.server.media.MediaCommunicationService
11-01 12:01:18.417 549 549 V SystemServerTimingAsync: ssm.onStartUser-0_com.android.server.media.MediaCommunicationService took to complete: 0ms
11-01 12:01:18.417 549 549 D SystemServerTimingAsync: ssm.onStartUser-0_com.android.server.compat.overrides.AppCompatOverridesService$Lifecycle
11-01 12:01:18.417 549 549 V SystemServerTimingAsync: ssm.onStartUser-0_com.android.server.compat.overrides.AppCompatOverridesService$Lifecycle took to complete: 0ms
11-01 12:01:18.417 549 549 D SystemServerTimingAsync: ssm.onStartUser-0_com.android.server.healthconnect.HealthConnectManagerService
11-01 12:01:18.417 549 549 V SystemServerTimingAsync: ssm.onStartUser-0_com.android.server.healthconnect.HealthConnectManagerService took to complete: 0ms
11-01 12:01:18.417 549 549 V SystemServerTimingAsync: ssm.StartUser-0 took to complete: 175ms
11-01 12:01:18.418 549 549 D SystemServerTiming: startPersistentApps
11-01 12:01:18.418 787 787 D BiometricsRepositoryImpl: currentUser authFlags changed, new value: AuthenticationFlags(userId=0, flag=1)
11-01 12:01:18.419 787 787 D BiometricsRepositoryImpl: isNonStrongBiometricAllowed changed for current user
11-01 12:01:18.419 549 549 D CompatibilityChangeReporter: Compat change id reported: 135634846; UID 1068; state: DISABLED
11-01 12:01:18.420 549 549 D CompatibilityChangeReporter: Compat change id reported: 135634846; UID 1001; state: DISABLED
11-01 12:01:18.421 549 549 D CompatibilityChangeReporter: Compat change id reported: 177438394; UID 1001; state: DISABLED
11-01 12:01:18.421 549 549 D CompatibilityChangeReporter: Compat change id reported: 135772972; UID 1001; state: DISABLED
11-01 12:01:18.421 549 549 D CompatibilityChangeReporter: Compat change id reported: 135754954; UID 1001; state: ENABLED
11-01 12:01:18.421 549 549 V SystemServerTiming: startPersistentApps took to complete: 4ms
11-01 12:01:18.422 549 549 D SystemServerTiming: startHomeOnAllDisplays
11-01 12:01:18.424 549 549 D CompatibilityChangeReporter: Compat change id reported: 265464455; UID 1000; state: DISABLED
11-01 12:01:18.424 549 549 D CompatibilityChangeReporter: Compat change id reported: 265452344; UID 1000; state: DISABLED
11-01 12:01:18.425 549 549 D CompatibilityChangeReporter: Compat change id reported: 266124927; UID 1000; state: DISABLED
11-01 12:01:18.426 549 549 D CompatibilityChangeReporter: Compat change id reported: 265451093; UID 1000; state: DISABLED
11-01 12:01:18.426 549 549 D CompatibilityChangeReporter: Compat change id reported: 265456536; UID 1000; state: DISABLED
11-01 12:01:18.426 354 354 D Zygote : Forked child process 972
11-01 12:01:18.428 549 549 D CompatibilityChangeReporter: Compat change id reported: 255940284; UID 1000; state: DISABLED
11-01 12:01:18.428 549 549 D CompatibilityChangeReporter: Compat change id reported: 236283604; UID 1000; state: DISABLED
11-01 12:01:18.428 549 549 D CompatibilityChangeReporter: Compat change id reported: 263959004; UID 1000; state: DISABLED
11-01 12:01:18.428 549 549 D CompatibilityChangeReporter: Compat change id reported: 264304459; UID 1000; state: DISABLED
11-01 12:01:18.428 549 549 D CompatibilityChangeReporter: Compat change id reported: 264301586; UID 1000; state: DISABLED
11-01 12:01:18.429 549 549 D CompatibilityChangeReporter: Compat change id reported: 254631730; UID 1000; state: DISABLED
11-01 12:01:18.429 549 549 D CompatibilityChangeReporter: Compat change id reported: 273509367; UID 1000; state: DISABLED
11-01 12:01:18.430 549 549 D CompatibilityChangeReporter: Compat change id reported: 263259275; UID 1000; state: DISABLED
11-01 12:01:18.431 549 549 D CompatibilityChangeReporter: Compat change id reported: 174042980; UID 1000; state: DISABLED
11-01 12:01:18.431 549 549 D CompatibilityChangeReporter: Compat change id reported: 174042936; UID 1000; state: DISABLED
11-01 12:01:18.431 549 549 D CompatibilityChangeReporter: Compat change id reported: 181136395; UID 1000; state: DISABLED
11-01 12:01:18.431 911 911 D CompatibilityChangeReporter: Compat change id reported: 194532703; UID 1073; state: ENABLED
11-01 12:01:18.431 911 911 D CompatibilityChangeReporter: Compat change id reported: 253665015; UID 1073; state: ENABLED
11-01 12:01:18.432 549 861 D CompatibilityChangeReporter: Compat change id reported: 253665015; UID 1073; state: ENABLED
11-01 12:01:18.432 549 861 D CompatibilityChangeReporter: Compat change id reported: 194532703; UID 1073; state: ENABLED
11-01 12:01:18.444 549 893 D ConnectivityService: requestNetwork for uid/pid:1073/911 activeRequest: null callbackRequest: 28 [NetworkRequest [ REQUEST id=29, [ Capabilities: INTERNET&NOT_RESTRICTED&TRUSTED&NOT_VCN_MANAGED Uid: 1073 RequestorUid: 1073 RequestorPkg: com.google.android.networkstack UnderlyingNetworks: Null] ]] callback flags: 0 order: 2147483647
11-01 12:01:18.445 549 709 D ConnectivityService: NetReassign [no changes] [c 0] [a 0] [i 0]
11-01 12:01:18.445 787 787 W AlarmManager: Unrecognized alarm listener com.android.systemui.keyguard.KeyguardSliceProvider$$ExternalSyntheticLambda0@2ac8017
11-01 12:01:18.446 549 709 D ConnectivityService: NetReassign [no changes] [c 0] [a 0] [i 0]
11-01 12:01:18.467 972 972 I com.android.se: Using CollectorTypeCC GC.
11-01 12:01:18.470 972 972 W com.android.se: Unexpected CPU variant for x86: x86_64.
11-01 12:01:18.470 972 972 W com.android.se: Known variants: atom, sandybridge, silvermont, goldmont, goldmont-plus, tremont, kabylake, default
11-01 12:01:18.476 972 972 E com.android.se: Not starting debugger since process cannot load the jdwp agent.
11-01 12:01:18.504 549 549 D CompatibilityChangeReporter: Compat change id reported: 194480991; UID 1000; state: ENABLED
11-01 12:01:18.511 549 549 D CompatibilityChangeReporter: Compat change id reported: 197654537; UID 1000; state: ENABLED
11-01 12:01:18.512 411 411 I android.hardware.power-service.example: Power isModeSupported: 5
11-01 12:01:18.517 549 549 I ActivityTaskManager: START u0 {act=android.intent.action.MAIN cat=[android.intent.category.HOME] flg=0x10000100 cmp=com.android.settings/.FallbackHome (has extras)} with LAUNCH_MULTIPLE from uid 0 (BAL_ALLOW_ALLOWLISTED_UID) result code=0
11-01 12:01:18.517 549 549 V SystemServerTiming: startHomeOnAllDisplays took to complete: 95ms
11-01 12:01:18.517 549 549 D SystemServerTiming: showSystemReadyErrorDialogs
11-01 12:01:18.517 549 549 I system_server: getFrameworkHalManifest: Reading VINTF information.
11-01 12:01:18.518 549 549 I system_server: getDeviceHalManifest: Reading VINTF information.
11-01 12:01:18.521 549 583 W BestClock: java.time.DateTimeException: Missing network time fix
11-01 12:01:18.523 549 549 I system_server: getDeviceHalManifest: Successfully processed VINTF information
11-01 12:01:18.523 549 549 I system_server: getFrameworkHalManifest: Successfully processed VINTF information
11-01 12:01:18.523 549 549 W system_server: uname() reports kernel level 8 but device manifest sets kernel level 7. Using kernel level 8
11-01 12:01:18.523 549 549 I system_server: getFrameworkCompatibilityMatrix: Reading VINTF information.
11-01 12:01:18.543 353 381 I netd : tetherGetStats() -> {[]} <0.76ms>
11-01 12:01:18.544 549 583 W BestClock: java.time.DateTimeException: Missing network time fix
11-01 12:01:18.547 549 583 W BestClock: java.time.DateTimeException: Missing network time fix
11-01 12:01:18.560 549 549 I system_server: getFrameworkCompatibilityMatrix: Successfully processed VINTF information
11-01 12:01:18.560 549 549 I system_server: getDeviceCompatibilityMatrix: Reading VINTF information.
11-01 12:01:18.561 549 549 I system_server: getDeviceCompatibilityMatrix: Successfully processed VINTF information
11-01 12:01:18.562 549 549 V SystemServerTiming: showSystemReadyErrorDialogs took to complete: 45ms
11-01 12:01:18.563 549 549 D SystemServerTiming: sendUserStartBroadcast
11-01 12:01:18.564 549 549 V SystemServerTiming: sendUserStartBroadcast took to complete: 1ms
11-01 12:01:18.564 549 549 D SystemServerTiming: resumeTopActivities
11-01 12:01:18.565 549 549 V SystemServerTiming: resumeTopActivities took to complete: 1ms
11-01 12:01:18.565 549 549 D SystemServerTiming: sendUserSwitchBroadcasts
11-01 12:01:18.565 549 549 V SystemServerTiming: sendUserSwitchBroadcasts took to complete: 0ms
11-01 12:01:18.565 549 549 D SystemServerTiming: setBinderProxies
11-01 12:01:18.565 549 549 V SystemServerTiming: setBinderProxies took to complete: 0ms
11-01 12:01:18.565 549 549 V SystemServerTiming: ActivityManagerStartApps took to complete: 324ms
11-01 12:01:18.565 549 549 D SystemServerTiming: componentAlias
11-01 12:01:18.567 353 381 I netd : registerUnsolicitedEventListener(interface:0x77a25370b850) <0.01ms>
11-01 12:01:18.567 549 549 D ComponentAliasResolver: Compat listener set.
11-01 12:01:18.567 549 549 V SystemServerTiming: componentAlias took to complete: 1ms
11-01 12:01:18.567 549 549 V SystemServerTiming: PhaseActivityManagerReady took to complete: 1222ms
11-01 12:01:18.567 549 549 D SystemServerTiming: LockSettingsThirdPartyAppsStarted
11-01 12:01:18.567 549 549 V SystemServerTiming: LockSettingsThirdPartyAppsStarted took to complete: 0ms
11-01 12:01:18.567 549 585 W system_server: Long monitor contention with owner main (549) at void com.android.server.am.ActivityManagerService.systemReady(java.lang.Runnable, com.android.server.utils.TimingsTraceAndSlog)(ActivityManagerService.java:8691) waiters=0 in void com.android.server.am.ProcessList.lambda$handleProcessStart$1(com.android.server.am.ProcessRecord, java.lang.String, int[], int, int, int, java.lang.String, java.lang.String, java.lang.String, long) for 135ms
11-01 12:01:18.568 549 549 D SystemServerTiming: StartSystemUI
11-01 12:01:18.568 549 585 W ActivityManager: Slow operation: 149ms so far, now at startProcess: done updating battery stats
11-01 12:01:18.568 549 585 W ActivityManager: Slow operation: 149ms so far, now at startProcess: building log message
11-01 12:01:18.568 549 585 I ActivityManager: Start proc 972:com.android.se/1068 for added application com.android.se
11-01 12:01:18.568 549 585 W ActivityManager: Slow operation: 149ms so far, now at startProcess: starting to update pids map
11-01 12:01:18.568 549 585 W ActivityManager: Slow operation: 149ms so far, now at startProcess: done updating pids map
11-01 12:01:18.568 549 585 W ActivityManager: Slow operation: 149ms so far, now at startProcess: asking zygote to start proc
11-01 12:01:18.569 549 861 D CompatibilityChangeReporter: Compat change id reported: 168419799; UID 1002; state: DISABLED
11-01 12:01:18.569 549 861 D CompatibilityChangeReporter: Compat change id reported: 273564678; UID 1002; state: DISABLED
11-01 12:01:18.571 353 381 I netd : tetherGetStats() -> {[]} <0.56ms>
11-01 12:01:18.574 549 583 W BestClock: java.time.DateTimeException: Missing network time fix
11-01 12:01:18.575 549 583 W BestClock: java.time.DateTimeException: Missing network time fix
11-01 12:01:18.578 354 354 D Zygote : Forked child process 989
11-01 12:01:18.579 549 585 W ActivityManager: Slow operation: 159ms so far, now at startProcess: returned from zygote!
11-01 12:01:18.581 549 638 D CompatibilityChangeReporter: Compat change id reported: 265195908; UID 1002; state: ENABLED
11-01 12:01:18.585 549 549 V SystemServerTiming: StartSystemUI took to complete: 17ms
11-01 12:01:18.586 549 549 V SystemServerTiming: startOtherServices took to complete: 3090ms
11-01 12:01:18.587 549 549 D SystemServerTiming: startApexServices
11-01 12:01:18.587 549 549 D SystemServerTiming: starting com.android.server.devicelock.DeviceLockService
11-01 12:01:18.588 549 909 D CompatibilityChangeReporter: Compat change id reported: 168419799; UID 1068; state: DISABLED
11-01 12:01:18.588 941 941 D CompatibilityChangeReporter: Compat change id reported: 171979766; UID 1002; state: ENABLED
11-01 12:01:18.588 941 941 D CompatibilityChangeReporter: Compat change id reported: 242716250; UID 1002; state: ENABLED
11-01 12:01:18.589 549 709 D ConnectivityService: Got NetworkProvider Messenger for VpnNetworkProvider:0
11-01 12:01:18.589 549 853 D WallpaperManagerService: WPMS.saveSettingsLocked-0
11-01 12:01:18.590 549 909 D CompatibilityChangeReporter: Compat change id reported: 273564678; UID 1068; state: DISABLED
11-01 12:01:18.591 549 549 I SystemServiceManager: Starting com.android.server.devicelock.DeviceLockService
11-01 12:01:18.592 549 549 D DeviceLockService: DeviceLockService constructor
11-01 12:01:18.594 549 585 W ActivityManager: Slow operation: 174ms so far, now at startProcess: done updating battery stats
11-01 12:01:18.594 549 585 I Watchdog: Interesting Java process com.android.phone started. Pid 989
11-01 12:01:18.594 549 585 W ActivityManager: Slow operation: 174ms so far, now at startProcess: building log message
11-01 12:01:18.594 549 585 I ActivityManager: Start proc 989:com.android.phone/1001 for added application com.android.phone
11-01 12:01:18.594 549 585 W ActivityManager: Slow operation: 174ms so far, now at startProcess: starting to update pids map
11-01 12:01:18.594 549 585 W ActivityManager: Slow operation: 174ms so far, now at startProcess: done updating pids map
11-01 12:01:18.596 353 381 I netd : tetherGetStats() -> {[]} <1.11ms>
11-01 12:01:18.597 549 638 D CompatibilityChangeReporter: Compat change id reported: 265195908; UID 1068; state: ENABLED
11-01 12:01:18.598 787 890 E AppWidgetManager: Nofity service of inheritance info
11-01 12:01:18.598 787 890 E AppWidgetManager: java.lang.IllegalStateException: User 0 must be unlocked for widgets to be available
11-01 12:01:18.598 787 890 E AppWidgetManager: at android.os.Parcel.createExceptionOrNull(Parcel.java:3065)
11-01 12:01:18.598 787 890 E AppWidgetManager: at android.os.Parcel.createException(Parcel.java:3041)
11-01 12:01:18.598 787 890 E AppWidgetManager: at android.os.Parcel.readException(Parcel.java:3024)
11-01 12:01:18.598 787 890 E AppWidgetManager: at android.os.Parcel.readException(Parcel.java:2966)
11-01 12:01:18.598 787 890 E AppWidgetManager: at com.android.internal.appwidget.IAppWidgetService$Stub$Proxy.getInstalledProvidersForProfile(IAppWidgetService.java:990)
11-01 12:01:18.598 787 890 E AppWidgetManager: at android.appwidget.AppWidgetManager.getInstalledProvidersForProfile(AppWidgetManager.java:923)
11-01 12:01:18.598 787 890 E AppWidgetManager: at android.appwidget.AppWidgetManager.getInstalledProvidersForPackage(AppWidgetManager.java:857)
11-01 12:01:18.598 787 890 E AppWidgetManager: at android.appwidget.AppWidgetManager.lambda$new$3(AppWidgetManager.java:536)
11-01 12:01:18.598 787 890 E AppWidgetManager: at android.appwidget.AppWidgetManager.$r8$lambda$MnZCUjy90wcD58stsygv3SVPbu4(Unknown Source:0)
11-01 12:01:18.598 787 890 E AppWidgetManager: at android.appwidget.AppWidgetManager$$ExternalSyntheticLambda4.run(Unknown Source:2)
11-01 12:01:18.598 787 890 E AppWidgetManager: at android.os.Handler.handleCallback(Handler.java:958)
11-01 12:01:18.598 787 890 E AppWidgetManager: at android.os.Handler.dispatchMessage(Handler.java:99)
11-01 12:01:18.598 787 890 E AppWidgetManager: at android.os.Looper.loopOnce(Looper.java:205)
11-01 12:01:18.598 787 890 E AppWidgetManager: at android.os.Looper.loop(Looper.java:294)
11-01 12:01:18.598 787 890 E AppWidgetManager: at android.os.HandlerThread.run(HandlerThread.java:67)
11-01 12:01:18.600 787 787 V SystemUIBootTiming: DependencyInjection took to complete: 0ms
11-01 12:01:18.602 989 989 I m.android.phone: Using CollectorTypeCC GC.
11-01 12:01:18.602 354 354 D Zygote : Forked child process 993
11-01 12:01:18.603 549 585 I ActivityManager: Start proc 993:com.android.settings/1000 for top-activity {com.android.settings/com.android.settings.FallbackHome}
11-01 12:01:18.603 989 989 W m.android.phone: Unexpected CPU variant for x86: x86_64.
11-01 12:01:18.603 989 989 W m.android.phone: Known variants: atom, sandybridge, silvermont, goldmont, goldmont-plus, tremont, kabylake, default
11-01 12:01:18.603 911 911 D nativeloader: Configuring clns-shared-8 for other apk /apex/com.android.tethering/priv-app/TetheringGoogle@340818080/TetheringGoogle.apk. target_sdk_version=34, uses_libraries=, library_path=/apex/com.android.tethering/priv-app/TetheringGoogle@340818080/lib/x86_64:/apex/com.android.tethering/priv-app/TetheringGoogle@340818080/TetheringGoogle.apk!/lib/x86_64:/system/lib64:/system_ext/lib64, permitted_path=/data:/mnt/expand:/data/user_de/0/com.google.android.networkstack.tethering:/apex/com.android.tethering/priv-app/TetheringGoogle@340818080:/system/lib64:/system_ext/lib64
11-01 12:01:18.607 549 853 V WallpaperManagerService: WPMS.saveSettingsLocked-0 took to complete: 17ms
11-01 12:01:18.608 549 549 I DeviceLockService: Registering device_lock
11-01 12:01:18.609 549 549 V SystemServerTiming: starting com.android.server.devicelock.DeviceLockService took to complete: 21ms
11-01 12:01:18.609 549 549 D SystemServerTiming: starting com.android.server.scheduling.RebootReadinessManagerService$Lifecycle
11-01 12:01:18.609 549 549 I SystemServiceManager: Starting com.android.server.scheduling.RebootReadinessManagerService$Lifecycle
11-01 12:01:18.609 549 549 I SystemServiceManager: Not starting an already started service com.android.server.scheduling.RebootReadinessManagerService$Lifecycle
11-01 12:01:18.609 549 549 V SystemServerTiming: starting com.android.server.scheduling.RebootReadinessManagerService$Lifecycle took to complete: 1ms
11-01 12:01:18.609 549 549 V SystemServerTiming: startApexServices took to complete: 23ms
11-01 12:01:18.610 549 549 D SystemServerTiming: UpdateWatchdogTimeout
11-01 12:01:18.610 549 549 I Watchdog: Watchdog timeout updated to 60000 millis
11-01 12:01:18.610 549 549 V SystemServerTiming: UpdateWatchdogTimeout took to complete: 1ms
11-01 12:01:18.611 549 549 V SystemServerTiming: StartServices took to complete: 4646ms
11-01 12:01:18.611 549 549 W Looper : Slow delivery took 4197ms main h=android.app.PropertyInvalidatedCache$AutoCorker$1 c=null m=0
