11-01 12:01:14.009 549 549 D CompatConfig: Adding: com.android.server.compat.config.Change@8275150
11-01 12:01:14.009 549 549 D CompatConfig: Adding: com.android.server.compat.config.Change@7642f49
11-01 12:01:14.009 549 549 D CompatConfig: Adding: com.android.server.compat.config.Change@786904e
11-01 12:01:14.009 549 549 D CompatConfig: Adding: com.android.server.compat.config.Change@e97656f
11-01 12:01:14.009 549 549 D CompatConfig: Adding: com.android.server.compat.config.Change@a38327c
11-01 12:01:14.009 549 549 D CompatConfig: Adding: com.android.server.compat.config.Change@1377705
11-01 12:01:14.009 549 549 D CompatConfig: Adding: com.android.server.compat.config.Change@dbf635a
11-01 12:01:14.009 549 549 D CompatConfig: Adding: com.android.server.compat.config.Change@c5ee98b
11-01 12:01:14.009 549 549 D CompatConfig: Adding: com.android.server.compat.config.Change@c13fa68
11-01 12:01:14.009 549 549 D CompatConfig: Adding: com.android.server.compat.config.Change@f3d7e81
11-01 12:01:14.010 549 549 D CompatConfig: Adding: com.android.server.compat.config.Change@2805b26
11-01 12:01:14.010 549 549 D CompatConfig: Adding: com.android.server.compat.config.Change@1d09367
11-01 12:01:14.010 549 549 D CompatConfig: Adding: com.android.server.compat.config.Change@4281bd
11-01 12:01:14.010 549 579 I SystemConfig: Reading permissions from /system/etc/sysconfig/initial-package-stopped-states.xml
11-01 12:01:14.010 549 549 D CompatConfig: Adding: com.android.server.compat.config.Change@50703b2
11-01 12:01:14.010 549 549 D CompatConfig: Adding: com.android.server.compat.config.Change@4c8ff03
11-01 12:01:14.010 549 549 D CompatConfig: Adding: com.android.server.compat.config.Change@699ae80
11-01 12:01:14.011 549 549 D CompatConfig: Adding: com.android.server.compat.config.Change@99a7cb9
11-01 12:01:14.011 549 549 D CompatConfig: Adding: com.android.server.compat.config.Change@8dda8fe
11-01 12:01:14.011 549 549 D CompatConfig: Adding: com.android.server.compat.config.Change@252885f
11-01 12:01:14.011 549 549 D CompatConfig: Adding: com.android.server.compat.config.Change@b2b32ac
11-01 12:01:14.011 549 549 D CompatConfig: Adding: com.android.server.compat.config.Change@7dd2b75
11-01 12:01:14.011 549 549 D CompatConfig: Adding: com.android.server.compat.config.Change@de7570a
11-01 12:01:14.011 549 549 D CompatConfig: Adding: com.android.server.compat.config.Change@a6ecd98
11-01 12:01:14.011 549 549 D CompatConfig: Adding: com.android.server.compat.config.Change@f6209f1
11-01 12:01:14.011 549 549 D CompatConfig: Adding: com.android.server.compat.config.Change@d2bd9d6
11-01 12:01:14.012 549 549 D CompatConfig: Adding: com.android.server.compat.config.Change@98f2457
11-01 12:01:14.012 549 549 D CompatConfig: Adding: com.android.server.compat.config.Change@14f2b44
11-01 12:01:14.012 549 549 D CompatConfig: Adding: com.android.server.compat.config.Change@87c542d
11-01 12:01:14.012 549 579 I SystemConfig: Reading permissions from /system/etc/sysconfig/preinstalled-packages-platform.xml
11-01 12:01:14.012 549 549 D CompatConfig: Adding: com.android.server.compat.config.Change@663bd62
11-01 12:01:14.012 549 549 D CompatConfig: Adding: com.android.server.compat.config.Change@7f7aef3
11-01 12:01:14.012 549 549 D CompatConfig: Adding: com.android.server.compat.config.Change@eb5b7b0
11-01 12:01:14.012 549 549 D CompatConfig: Adding: com.android.server.compat.config.Change@3770629
11-01 12:01:14.012 549 549 D CompatConfig: Adding: com.android.server.compat.config.Change@a444dae
11-01 12:01:14.012 549 549 D CompatConfig: Adding: com.android.server.compat.config.Change@154474f
11-01 12:01:14.012 549 549 D CompatConfig: Adding: com.android.server.compat.config.Change@4b69edc
11-01 12:01:14.012 549 549 D CompatConfig: Adding: com.android.server.compat.config.Change@50dbe5
11-01 12:01:14.013 549 549 D CompatConfig: Adding: com.android.server.compat.config.Change@d8b96ba
11-01 12:01:14.013 549 549 D CompatConfig: Adding: com.android.server.compat.config.Change@a38096b
11-01 12:01:14.013 549 549 D CompatConfig: Adding: com.android.server.compat.config.Change@7cccc8
11-01 12:01:14.013 549 549 D CompatConfig: Adding: com.android.server.compat.config.Change@6385161
11-01 12:01:14.013 549 579 I SystemConfig: Reading permissions from /system/etc/sysconfig/preinstalled-packages-platform-generic-system.xml
11-01 12:01:14.013 549 549 D CompatConfig: Adding: com.android.server.compat.config.Change@34bd147
11-01 12:01:14.013 549 549 D CompatConfig: Adding: com.android.server.compat.config.Change@4f5ed74
11-01 12:01:14.013 549 549 D CompatConfig: Adding: com.android.server.compat.config.Change@6c7a29d
11-01 12:01:14.013 549 549 D CompatConfig: Adding: com.android.server.compat.config.Change@8fa4312
11-01 12:01:14.014 549 549 D CompatConfig: Adding: com.android.server.compat.config.Change@4ea3ae3
11-01 12:01:14.014 549 549 D CompatConfig: Adding: com.android.server.compat.config.Change@43e6ce0
11-01 12:01:14.014 549 549 D CompatConfig: Adding: com.android.server.compat.config.Change@900cb99
11-01 12:01:14.014 549 549 D CompatConfig: Adding: com.android.server.compat.config.Change@4b57e5e
11-01 12:01:14.014 549 579 I SystemConfig: Reading permissions from /system/etc/sysconfig/framework-sysconfig.xml
11-01 12:01:14.014 549 549 D CompatConfig: Adding: com.android.server.compat.config.Change@3cd770c
11-01 12:01:14.015 549 549 D CompatConfig: Adding: com.android.server.compat.config.Change@8098855
11-01 12:01:14.015 549 549 D CompatConfig: Adding: com.android.server.compat.config.Change@a57226a
11-01 12:01:14.015 549 549 D CompatConfig: Adding: com.android.server.compat.config.Change@b92235b
11-01 12:01:14.015 549 549 D CompatConfig: Adding: com.android.server.compat.config.Change@760f7f8
11-01 12:01:14.015 549 549 D CompatConfig: Adding: com.android.server.compat.config.Change@1a754d1
11-01 12:01:14.015 549 549 D CompatConfig: Adding: com.android.server.compat.config.Change@abcfb36
11-01 12:01:14.015 549 549 D CompatConfig: Adding: com.android.server.compat.config.Change@8c59a37
11-01 12:01:14.015 549 549 D CompatConfig: Adding: com.android.server.compat.config.Change@ea99ba4
11-01 12:01:14.015 549 549 D CompatConfig: Adding: com.android.server.compat.config.Change@7b6d0d
11-01 12:01:14.015 549 549 D CompatConfig: Adding: com.android.server.compat.config.Change@4d594c2
11-01 12:01:14.015 549 549 D CompatConfig: Adding: com.android.server.compat.config.Change@24fa2d3
11-01 12:01:14.016 549 549 D CompatConfig: Adding: com.android.server.compat.config.Change@1b6ce10
11-01 12:01:14.016 549 549 D CompatConfig: Adding: com.android.server.compat.config.Change@dfecd09
11-01 12:01:14.016 549 579 I SystemConfig: Reading permissions from /system/etc/permissions/android.software.window_magnification.xml
11-01 12:01:14.016 549 549 D CompatConfig: Found a config file: /system/etc/compatconfig/contacts-provider-platform-compat-config.xml
11-01 12:01:14.017 549 579 I SystemConfig: Reading permissions from /system/etc/permissions/android.test.mock.xml
11-01 12:01:14.017 549 549 D CompatConfig: Found a config file: /system/etc/compatconfig/services-platform-compat-config.xml
11-01 12:01:14.017 549 579 I SystemConfig: Reading permissions from /system/etc/permissions/javax.obex.xml
11-01 12:01:14.018 549 579 I SystemConfig: Reading permissions from /system/etc/permissions/com.android.intentresolver.xml
11-01 12:01:14.019 549 579 I SystemConfig: Reading permissions from /system/etc/permissions/privapp-permissions-google.xml
11-01 12:01:14.019 549 549 D CompatConfig: Adding: com.android.server.compat.config.Change@7561441
11-01 12:01:14.019 549 549 D CompatConfig: Adding: com.android.server.compat.config.Change@5189de6
11-01 12:01:14.019 549 549 D CompatConfig: Adding: com.android.server.compat.config.Change@17b7f27
11-01 12:01:14.019 549 549 D CompatConfig: Adding: com.android.server.compat.config.Change@17d35d4
11-01 12:01:14.019 549 549 D CompatConfig: Adding: com.android.server.compat.config.Change@eaeb37d
11-01 12:01:14.019 549 549 D CompatConfig: Adding: com.android.server.compat.config.Change@ac0b272
11-01 12:01:14.019 549 549 D CompatConfig: Adding: com.android.server.compat.config.Change@96e6c3
11-01 12:01:14.020 549 549 D CompatConfig: Adding: com.android.server.compat.config.Change@861db40
11-01 12:01:14.020 549 549 D CompatConfig: Adding: com.android.server.compat.config.Change@5f80a79
11-01 12:01:14.020 549 549 D CompatConfig: Adding: com.android.server.compat.config.Change@6383be
11-01 12:01:14.020 549 549 D CompatConfig: Adding: com.android.server.compat.config.Change@f772c1f
11-01 12:01:14.020 549 549 D CompatConfig: Adding: com.android.server.compat.config.Change@4296b6c
11-01 12:01:14.020 549 549 D CompatConfig: Adding: com.android.server.compat.config.Change@5e5d535
11-01 12:01:14.020 549 549 D CompatConfig: Adding: com.android.server.compat.config.Change@5d01dca
11-01 12:01:14.020 549 549 D CompatConfig: Adding: com.android.server.compat.config.Change@6ec6b3b
11-01 12:01:14.020 549 549 D CompatConfig: Adding: com.android.server.compat.config.Change@5f7d258
11-01 12:01:14.020 549 549 D CompatConfig: Adding: com.android.server.compat.config.Change@4ab8fb1
11-01 12:01:14.021 549 549 D CompatConfig: Adding: com.android.server.compat.config.Change@2ac8017
11-01 12:01:14.021 549 579 I SystemConfig: Reading permissions from /system/etc/permissions/com.android.future.usb.accessory.xml
11-01 12:01:14.021 549 549 D CompatConfig: Adding: com.android.server.compat.config.Change@b43bc04
11-01 12:01:14.021 549 549 D CompatConfig: Adding: com.android.server.compat.config.Change@e3875ed
11-01 12:01:14.021 549 549 D CompatConfig: Adding: com.android.server.compat.config.Change@4469c22
11-01 12:01:14.021 549 549 D CompatConfig: Adding: com.android.server.compat.config.Change@9ef06b3
11-01 12:01:14.021 549 549 D CompatConfig: Adding: com.android.server.compat.config.Change@429470
11-01 12:01:14.022 549 549 D CompatConfig: Adding: com.android.server.compat.config.Change@43383e9
11-01 12:01:14.022 549 549 D CompatConfig: Adding: com.android.server.compat.config.Change@5c95b0f
11-01 12:01:14.022 549 549 D CompatConfig: Adding: com.android.server.compat.config.Change@d14879c
11-01 12:01:14.022 549 549 D CompatConfig: Adding: com.android.server.compat.config.Change@1b775a5
11-01 12:01:14.022 549 579 I SystemConfig: Reading permissions from /system/etc/permissions/com.android.nfc_extras.xml
11-01 12:01:14.022 549 549 D CompatConfig: Adding: com.android.server.compat.config.Change@3938d7a
11-01 12:01:14.022 549 549 D CompatConfig: Adding: com.android.server.compat.config.Change@14a992b
11-01 12:01:14.022 549 549 D CompatConfig: Adding: com.android.server.compat.config.Change@9b08188
11-01 12:01:14.023 549 549 D CompatConfig: Adding: com.android.server.compat.config.Change@ecec721
11-01 12:01:14.023 549 549 D CompatConfig: Adding: com.android.server.compat.config.Change@33d0746
11-01 12:01:14.023 549 549 D CompatConfig: Adding: com.android.server.compat.config.Change@f579d07
11-01 12:01:14.023 549 549 D CompatConfig: Adding: com.android.server.compat.config.Change@4902e34
11-01 12:01:14.023 549 549 D CompatConfig: Adding: com.android.server.compat.config.Change@fafb45d
11-01 12:01:14.023 549 549 D CompatConfig: Adding: com.android.server.compat.config.Change@3b251d2
11-01 12:01:14.023 549 549 D CompatConfig: Adding: com.android.server.compat.config.Change@24702a3
11-01 12:01:14.023 549 549 D CompatConfig: Adding: com.android.server.compat.config.Change@81bf9a0
11-01 12:01:14.023 549 549 D CompatConfig: Adding: com.android.server.compat.config.Change@2bfb91e
11-01 12:01:14.023 549 549 D CompatConfig: Adding: com.android.server.compat.config.Change@13d25ff
11-01 12:01:14.023 549 549 D CompatConfig: Adding: com.android.server.compat.config.Change@ad70fcc
11-01 12:01:14.024 549 579 I SystemConfig: Reading permissions from /system/etc/permissions/privapp-permissions-platform.xml
11-01 12:01:14.024 549 549 D CompatConfig: Adding: com.android.server.compat.config.Change@82a1215
11-01 12:01:14.024 549 549 D CompatConfig: Adding: com.android.server.compat.config.Change@caa492a
11-01 12:01:14.024 549 549 D CompatConfig: Adding: com.android.server.compat.config.Change@748231b
11-01 12:01:14.024 549 549 D CompatConfig: Adding: com.android.server.compat.config.Change@64b5cb8
11-01 12:01:14.024 549 549 D CompatConfig: Adding: com.android.server.compat.config.Change@2a6ba91
11-01 12:01:14.024 549 549 D CompatConfig: Adding: com.android.server.compat.config.Change@afbcdf6
11-01 12:01:14.024 549 549 D CompatConfig: Adding: com.android.server.compat.config.Change@83bd5f7
11-01 12:01:14.024 549 549 D CompatConfig: Adding: com.android.server.compat.config.Change@b58c64
11-01 12:01:14.024 549 549 D CompatConfig: Adding: com.android.server.compat.config.Change@76b6ecd
11-01 12:01:14.024 549 549 D CompatConfig: Adding: com.android.server.compat.config.Change@40ed382
11-01 12:01:14.025 549 549 D CompatConfig: Adding: com.android.server.compat.config.Change@74dda93
11-01 12:01:14.025 549 549 D CompatConfig: Adding: com.android.server.compat.config.Change@5710ad0
11-01 12:01:14.025 549 549 D CompatConfig: Adding: com.android.server.compat.config.Change@f4d2ac9
11-01 12:01:14.025 549 549 D CompatConfig: Adding: com.android.server.compat.config.Change@75aa5ce
11-01 12:01:14.025 549 549 D CompatConfig: Adding: com.android.server.compat.config.Change@b718cef
11-01 12:01:14.025 549 549 D CompatConfig: Adding: com.android.server.compat.config.Change@82403fc
11-01 12:01:14.025 549 549 D CompatConfig: Adding: com.android.server.compat.config.Change@174aa85
11-01 12:01:14.025 549 549 D CompatConfig: Adding: com.android.server.compat.config.Change@27f50da
11-01 12:01:14.026 549 549 D CompatConfig: Adding: com.android.server.compat.config.Change@d74090b
11-01 12:01:14.026 549 549 D CompatConfig: Adding: com.android.server.compat.config.Change@eab63e8
11-01 12:01:14.026 549 549 D CompatConfig: Adding: com.android.server.compat.config.Change@4da6a01
11-01 12:01:14.026 549 549 D CompatConfig: Adding: com.android.server.compat.config.Change@b11a0a6
11-01 12:01:14.026 549 549 D CompatConfig: Adding: com.android.server.compat.config.Change@bd82ae7
11-01 12:01:14.026 549 549 D CompatConfig: Adding: com.android.server.compat.config.Change@dc6d694
11-01 12:01:14.026 549 549 D CompatConfig: Adding: com.android.server.compat.config.Change@d82a53d
11-01 12:01:14.027 549 549 D CompatConfig: Adding: com.android.server.compat.config.Change@9272132
11-01 12:01:14.027 549 549 D CompatConfig: Adding: com.android.server.compat.config.Change@728e83
11-01 12:01:14.027 549 549 D CompatConfig: Adding: com.android.server.compat.config.Change@484c800
11-01 12:01:14.027 549 549 D CompatConfig: Adding: com.android.server.compat.config.Change@1795839
11-01 12:01:14.027 549 549 D CompatConfig: Adding: com.android.server.compat.config.Change@ea21e7e
11-01 12:01:14.027 549 549 D CompatConfig: Adding: com.android.server.compat.config.Change@3c58fdf
11-01 12:01:14.027 549 549 D CompatConfig: Adding: com.android.server.compat.config.Change@26e642c
11-01 12:01:14.028 549 549 D CompatConfig: Adding: com.android.server.compat.config.Change@18e3ef5
11-01 12:01:14.028 549 549 D CompatConfig: Adding: com.android.server.compat.config.Change@73da48a
11-01 12:01:14.028 549 549 D CompatConfig: Adding: com.android.server.compat.config.Change@a1d4afb
11-01 12:01:14.028 549 549 D CompatConfig: Adding: com.android.server.compat.config.Change@4739718
11-01 12:01:14.028 549 549 D CompatConfig: Adding: com.android.server.compat.config.Change@1d0d571
11-01 12:01:14.028 549 549 D CompatConfig: Adding: com.android.server.compat.config.Change@d597f56
11-01 12:01:14.028 549 549 D CompatConfig: Adding: com.android.server.compat.config.Change@66b9bd7
11-01 12:01:14.028 549 549 D CompatConfig: Adding: com.android.server.compat.config.Change@4970cc4
11-01 12:01:14.029 549 549 D CompatConfig: Adding: com.android.server.compat.config.Change@dcc57ad
11-01 12:01:14.029 549 549 D CompatConfig: Adding: com.android.server.compat.config.Change@f863ae2
11-01 12:01:14.029 549 549 D CompatConfig: Adding: com.android.server.compat.config.Change@ee41e73
11-01 12:01:14.029 549 549 D CompatConfig: Adding: com.android.server.compat.config.Change@85a3130
11-01 12:01:14.029 549 549 D CompatConfig: Adding: com.android.server.compat.config.Change@483c1a9
11-01 12:01:14.029 549 549 D CompatConfig: Adding: com.android.server.compat.config.Change@2d1232e
11-01 12:01:14.029 549 549 D CompatConfig: Adding: com.android.server.compat.config.Change@f582ecf
11-01 12:01:14.030 549 579 I SystemConfig: Reading permissions from /system/etc/permissions/com.android.location.provider.xml
11-01 12:01:14.030 549 549 D CompatConfig: Found a config file: /system/etc/compatconfig/calendar-provider-compat-config.xml
11-01 12:01:14.030 549 579 I SystemConfig: Reading permissions from /system/etc/permissions/android.test.runner.xml
11-01 12:01:14.031 549 549 D CompatConfig: Adding: com.android.server.compat.config.Change@552e8eb
11-01 12:01:14.031 549 549 D CompatConfig: Found a config file: /system/etc/compatconfig/TeleService-platform-compat-config.xml
11-01 12:01:14.031 549 579 I SystemConfig: Reading permissions from /system/etc/permissions/com.android.mediadrm.signer.xml
11-01 12:01:14.032 549 549 D CompatConfig: Adding: com.android.server.compat.config.Change@86e6a06
11-01 12:01:14.032 549 549 D CompatConfig: Adding: com.android.server.compat.config.Change@1f528c7
11-01 12:01:14.032 549 549 D CompatConfig: Adding: com.android.server.compat.config.Change@8b92ef4
11-01 12:01:14.032 549 549 D CompatConfig: Adding: com.android.server.compat.config.Change@c772092
11-01 12:01:14.032 549 549 D CompatConfig: Adding: com.android.server.compat.config.Change@d918a63
11-01 12:01:14.032 549 549 D CompatConfig: Adding: com.android.server.compat.config.Change@ab44660
11-01 12:01:14.032 549 579 I SystemConfig: Reading permissions from /system/etc/permissions/android.software.live_wallpaper.xml
11-01 12:01:14.033 549 579 I SystemConfig: Reading permissions from /system/etc/permissions/android.software.webview.xml
11-01 12:01:14.033 549 549 D CompatConfig: Found a config file: /system/system_ext/etc/compatconfig/settings-platform-compat-config.xml
11-01 12:01:14.035 549 579 I SystemConfig: Reading permissions from /system/etc/permissions/org.apache.http.legacy.xml
11-01 12:01:14.035 549 549 D CompatConfig: Adding: com.android.server.compat.config.Change@90869bf
11-01 12:01:14.035 549 549 D ApexManagerTiming: getActiveApexInfos_noCache
11-01 12:01:14.036 549 579 I SystemConfig: Reading permissions from /system/etc/permissions/com.android.media.remotedisplay.xml
11-01 12:01:14.038 549 579 I SystemConfig: Reading permissions from /system/etc/permissions/android.test.base.xml
11-01 12:01:14.039 549 579 I SystemConfig: Reading permissions from /system/etc/permissions/platform.xml
11-01 12:01:14.041 549 579 I SystemConfig: Reading permissions from /vendor/etc/permissions/android.software.vulkan.deqp.level.xml
11-01 12:01:14.042 549 579 I SystemConfig: Reading permissions from /vendor/etc/permissions/android.hardware.biometrics.face.xml
11-01 12:01:14.042 549 579 I SystemConfig: Reading permissions from /vendor/etc/permissions/android.hardware.camera.full.xml
11-01 12:01:14.043 549 579 I SystemConfig: Reading permissions from /vendor/etc/permissions/android.hardware.identity_credential.xml
11-01 12:01:14.043 549 579 I SystemConfig: Reading permissions from /vendor/etc/permissions/handheld_core_hardware.xml
11-01 12:01:14.044 549 579 I SystemConfig: Reading permissions from /vendor/etc/permissions/android.hardware.fingerprint.xml
11-01 12:01:14.045 549 579 I SystemConfig: Reading permissions from /vendor/etc/permissions/android.hardware.camera.front.xml
11-01 12:01:14.045 549 579 I SystemConfig: Reading permissions from /vendor/etc/permissions/android.hardware.camera.raw.xml
11-01 12:01:14.046 549 579 I SystemConfig: Reading permissions from /vendor/etc/permissions/android.hardware.vulkan.level.xml
11-01 12:01:14.052 549 579 I SystemConfig: Reading permissions from /vendor/etc/permissions/android.hardware.wifi.passpoint.xml
11-01 12:01:14.907 0 0 I servicemanager: Notifying apexservice they do (previously: don't) have clients when service is guaranteed to be in use
11-01 12:01:14.916 0 0 I AidlLazyServiceRegistrar: Process has 1 (of 1 available) client(s) in use after notification apexservice has clients: 1
11-01 12:01:14.917 0 0 I apexd : getActivePackages received by ApexService
11-01 12:01:14.056 549 579 I SystemConfig: Reading permissions from /vendor/etc/permissions/android.hardware.hardware_keystore.xml
11-01 12:01:14.927 0 0 I AidlLazyServiceRegistrar: Shutdown prevented by forcePersist override flag.
11-01 12:01:14.066 549 579 I SystemConfig: Reading permissions from /vendor/etc/permissions/android.hardware.keystore.app_attest_key.xml
11-01 12:01:14.067 549 579 I SystemConfig: Reading permissions from /vendor/etc/permissions/android.hardware.bluetooth.xml
11-01 12:01:14.068 549 579 I SystemConfig: Reading permissions from /vendor/etc/permissions/android.hardware.wifi.xml
11-01 12:01:14.068 549 579 I SystemConfig: Reading permissions from /vendor/etc/permissions/android.hardware.wifi.direct.xml
11-01 12:01:14.069 549 579 I SystemConfig: Reading permissions from /vendor/etc/permissions/android.hardware.bluetooth_le.xml
11-01 12:01:14.070 549 579 I SystemConfig: Reading permissions from /vendor/etc/permissions/android.software.autofill.xml
11-01 12:01:14.071 549 579 I SystemConfig: Reading permissions from /vendor/etc/permissions/android.hardware.vulkan.compute.xml
11-01 12:01:14.072 549 579 I SystemConfig: Reading permissions from /vendor/etc/permissions/android.hardware.camera.concurrent.xml
11-01 12:01:14.073 549 579 I SystemConfig: Reading permissions from /vendor/etc/permissions/android.hardware.camera.flash-autofocus.xml
11-01 12:01:14.074 549 549 V ApexManagerTiming: getActiveApexInfos_noCache took to complete: 38ms
11-01 12:01:14.074 549 549 D CompatConfig: No directory /apex/com.android.devicelock/etc/compatconfig, skipping
11-01 12:01:14.074 549 549 D CompatConfig: No directory /apex/com.android.tzdata/etc/compatconfig, skipping
11-01 12:01:14.074 549 549 D CompatConfig: No directory /apex/com.android.ondevicepersonalization/etc/compatconfig, skipping
11-01 12:01:14.074 549 549 D CompatConfig: Found a config file: /apex/com.android.wifi/etc/compatconfig/wifi-compat-config.xml
11-01 12:01:14.076 549 549 D CompatConfig: Adding: com.android.server.compat.config.Change@a89d223
11-01 12:01:14.076 549 549 D CompatConfig: Adding: com.android.server.compat.config.Change@4c75320
11-01 12:01:14.076 549 549 D CompatConfig: Adding: com.android.server.compat.config.Change@ef254d9
11-01 12:01:14.076 549 579 I SystemConfig: Reading permissions from /vendor/etc/permissions/android.hardware.vulkan.version.xml
11-01 12:01:14.076 549 549 D CompatConfig: Found a config file: /apex/com.android.art/etc/compatconfig/libcore-platform-compat-config.xml
11-01 12:01:14.077 549 549 D CompatConfig: Adding: com.android.server.compat.config.Change@c9e814c
11-01 12:01:14.077 549 549 D CompatConfig: Adding: com.android.server.compat.config.Change@7aa6595
11-01 12:01:14.077 549 549 D CompatConfig: Adding: com.android.server.compat.config.Change@4bed6aa
11-01 12:01:14.077 549 549 D CompatConfig: Adding: com.android.server.compat.config.Change@c25629b
11-01 12:01:14.077 549 549 D CompatConfig: Adding: com.android.server.compat.config.Change@ed86638
11-01 12:01:14.077 549 549 D CompatConfig: Adding: com.android.server.compat.config.Change@898c611
11-01 12:01:14.077 549 549 D CompatConfig: Adding: com.android.server.compat.config.Change@78bb376
11-01 12:01:14.077 549 549 D CompatConfig: Adding: com.android.server.compat.config.Change@a6d8d77
11-01 12:01:14.077 549 549 D CompatConfig: Adding: com.android.server.compat.config.Change@2c9ade4
11-01 12:01:14.077 549 549 D CompatConfig: Adding: com.android.server.compat.config.Change@532b24d
11-01 12:01:14.077 549 549 D CompatConfig: Adding: com.android.server.compat.config.Change@d779102
11-01 12:01:14.078 549 579 I SystemConfig: Reading permissions from /vendor/etc/permissions/android.software.opengles.deqp.level.xml
11-01 12:01:14.078 549 549 D CompatConfig: No directory /apex/com.android.virt/etc/compatconfig, skipping
11-01 12:01:14.078 549 549 D CompatConfig: No directory /apex/com.android.extservices/etc/compatconfig, skipping
11-01 12:01:14.078 549 549 D CompatConfig: No directory /apex/com.android.neuralnetworks/etc/compatconfig, skipping
11-01 12:01:14.079 549 549 D CompatConfig: Found a config file: /apex/com.android.btservices/etc/compatconfig/bluetoothapk-platform-compat-config.xml
11-01 12:01:14.079 549 579 I SystemConfig: Reading permissions from /vendor/etc/permissions/android.hardware.touchscreen.multitouch.jazzhand.xml
11-01 12:01:14.080 549 549 D CompatConfig: Adding: com.android.server.compat.config.Change@e51bb4e
11-01 12:01:14.080 549 549 D CompatConfig: Found a config file: /apex/com.android.btservices/etc/compatconfig/bluetooth-compat-config.xml
11-01 12:01:14.081 549 549 D CompatConfig: Adding: com.android.server.compat.config.Change@16ad57c
11-01 12:01:14.081 549 549 D CompatConfig: Found a config file: /apex/com.android.btservices/etc/compatconfig/framework-bluetooth-compat-config.xml
11-01 12:01:14.082 549 549 D CompatConfig: Adding: com.android.server.compat.config.Change@d923e5a
11-01 12:01:14.082 549 579 I SystemConfig: Reading permissions from /product/etc/sysconfig/google_build.xml
11-01 12:01:14.082 549 549 D CompatConfig: No directory /apex/com.android.i18n/etc/compatconfig, skipping
11-01 12:01:14.083 549 549 D CompatConfig: No directory /apex/com.android.rkpd/etc/compatconfig, skipping
11-01 12:01:14.083 549 549 D CompatConfig: No directory /apex/com.android.appsearch/etc/compatconfig, skipping
11-01 12:01:14.083 549 549 D CompatConfig: No directory /apex/com.android.ipsec/etc/compatconfig, skipping
11-01 12:01:14.083 549 579 I SystemConfig: Reading permissions from /product/etc/sysconfig/preinstalled-packages-platform-overlays.xml
11-01 12:01:14.083 549 549 D CompatConfig: No directory /apex/com.android.healthfitness/etc/compatconfig, skipping
11-01 12:01:14.083 549 549 D CompatConfig: No directory /apex/com.android.sdkext/etc/compatconfig, skipping
11-01 12:01:14.084 549 549 D CompatConfig: Found a config file: /apex/com.android.mediaprovider/etc/compatconfig/media-provider-platform-compat-config.xml
11-01 12:01:14.085 549 549 D CompatConfig: Adding: com.android.server.compat.config.Change@c25e626
11-01 12:01:14.085 549 549 D CompatConfig: Adding: com.android.server.compat.config.Change@fa6c267
11-01 12:01:14.086 549 549 D CompatConfig: Adding: com.android.server.compat.config.Change@be65814
11-01 12:01:14.086 549 549 D CompatConfig: Adding: com.android.server.compat.config.Change@361c8bd
11-01 12:01:14.086 549 549 D CompatConfig: Adding: com.android.server.compat.config.Change@afa3eb2
11-01 12:01:14.086 549 549 D CompatConfig: Adding: com.android.server.compat.config.Change@b531e03
11-01 12:01:14.086 549 549 D CompatConfig: Adding: com.android.server.compat.config.Change@edae180
11-01 12:01:14.087 549 549 D CompatConfig: No directory /apex/com.android.cellbroadcast/etc/compatconfig, skipping
11-01 12:01:14.087 549 549 D CompatConfig: No directory /apex/com.android.adservices/etc/compatconfig, skipping
11-01 12:01:14.087 549 549 D CompatConfig: No directory /apex/com.android.os.statsd/etc/compatconfig, skipping
11-01 12:01:14.087 549 549 D CompatConfig: No directory /apex/com.android.conscrypt/etc/compatconfig, skipping
11-01 12:01:14.087 549 549 D CompatConfig: No directory /apex/com.android.apex.cts.shim/etc/compatconfig, skipping
11-01 12:01:14.088 549 579 I SystemConfig: Reading permissions from /product/etc/sysconfig/initial-package-stopped-states-aosp.xml
11-01 12:01:14.088 549 549 D CompatConfig: No directory /apex/com.android.uwb/etc/compatconfig, skipping
11-01 12:01:14.088 549 549 D CompatConfig: No directory /apex/com.android.media.swcodec/etc/compatconfig, skipping
11-01 12:01:14.088 549 549 D CompatConfig: No directory /apex/com.android.adbd/etc/compatconfig, skipping
11-01 12:01:14.088 549 549 D CompatConfig: No directory /apex/com.google.mainline.primary.libs/etc/compatconfig, skipping
11-01 12:01:14.088 549 549 D CompatConfig: No directory /apex/com.android.runtime/etc/compatconfig, skipping
11-01 12:01:14.089 549 549 D CompatConfig: No directory /apex/com.android.resolv/etc/compatconfig, skipping
11-01 12:01:14.089 549 549 D CompatConfig: No directory /apex/com.google.android.widevine/etc/compatconfig, skipping
11-01 12:01:14.089 549 579 I SystemConfig: Reading permissions from /product/etc/sysconfig/google-staged-installer-whitelist.xml
11-01 12:01:14.089 549 549 D CompatConfig: No directory /apex/com.android.configinfrastructure/etc/compatconfig, skipping
11-01 12:01:14.090 549 549 D CompatConfig: Found a config file: /apex/com.android.tethering/etc/compatconfig/connectivity-platform-compat-config.xml
11-01 12:01:14.090 549 579 I SystemConfig: Reading permissions from /product/etc/sysconfig/preinstalled-packages-platform-aosp-product.xml
11-01 12:01:14.091 549 549 D CompatConfig: Adding: com.android.server.compat.config.Change@8be5275
11-01 12:01:14.091 549 549 D CompatConfig: Adding: com.android.server.compat.config.Change@1a6f20a
11-01 12:01:14.091 549 549 D CompatConfig: Adding: com.android.server.compat.config.Change@f904a7b
11-01 12:01:14.091 549 549 D CompatConfig: Adding: com.android.server.compat.config.Change@d436098
11-01 12:01:14.091 549 549 D CompatConfig: No directory /apex/com.android.vndk.v34/etc/compatconfig, skipping
11-01 12:01:14.091 549 549 D CompatConfig: No directory /apex/com.android.permission/etc/compatconfig, skipping
11-01 12:01:14.092 549 549 D CompatConfig: No directory /apex/com.android.media/etc/compatconfig, skipping
11-01 12:01:14.092 549 549 D CompatConfig: No directory /apex/com.android.scheduling/etc/compatconfig, skipping
11-01 12:01:14.092 549 579 I SystemConfig: Reading permissions from /product/etc/sysconfig/preinstalled-packages-platform-telephony-product.xml
11-01 12:01:14.093 549 579 I SystemConfig: Reading permissions from /product/etc/sysconfig/disable-zero-touch.xml
11-01 12:01:14.094 549 579 I SystemConfig: Reading permissions from /product/etc/sysconfig/google-hiddenapi-package-whitelist.xml
11-01 12:01:14.094 549 549 W CompatConfig: Change ID 203673428 not found. Skipping overrides for it.
11-01 12:01:14.094 549 549 W CompatConfig: Change ID 200324021 not found. Skipping overrides for it.
11-01 12:01:14.095 549 579 I SystemConfig: Reading permissions from /product/etc/sysconfig/preinstalled-packages-platform-handheld-product.xml
11-01 12:01:14.095 549 579 I SystemConfig: Reading permissions from /product/etc/sysconfig/wellbeing.xml
11-01 12:01:14.096 549 579 I SystemConfig: Reading permissions from /product/etc/sysconfig/google.xml
11-01 12:01:14.097 549 579 I SystemConfig: Adding association: com.google.android.as <- com.android.bluetooth
11-01 12:01:14.097 549 579 I SystemConfig: Adding association: com.google.android.as <- com.android.bluetooth.services
11-01 12:01:14.097 549 579 I SystemConfig: Adding association: com.google.android.as <- com.android.providers.contacts
11-01 12:01:14.097 549 579 I SystemConfig: Adding association: com.google.android.as <- com.android.providers.media
11-01 12:01:14.097 549 579 I SystemConfig: Adding association: com.google.android.as <- com.android.providers.telephony
11-01 12:01:14.097 549 579 I SystemConfig: Adding association: com.google.android.as <- com.android.systemui
11-01 12:01:14.097 549 579 I SystemConfig: Adding association: com.google.android.as <- com.google.android.bluetooth
11-01 12:01:14.097 549 579 I SystemConfig: Adding association: com.google.android.as <- com.google.android.bluetooth.services
11-01 12:01:14.097 549 579 I SystemConfig: Adding association: com.google.android.as <- com.google.android.providers.media.module
11-01 12:01:14.098 549 579 I SystemConfig: Adding association: com.google.android.as <- com.google.android.as.oss
11-01 12:01:14.098 549 579 I SystemConfig: Adding association: com.google.android.as.oss <- com.google.android.as
11-01 12:01:14.098 549 579 I SystemConfig: Adding association: com.google.android.as.oss <- com.google.android.aicore
11-01 12:01:14.099 549 579 I SystemConfig: Reading permissions from /product/etc/permissions/privapp-permissions-sdk-google.xml
11-01 12:01:14.100 549 579 I SystemConfig: Reading permissions from /product/etc/permissions/privapp-permissions-google-p.xml
11-01 12:01:14.103 549 579 I SystemConfig: Reading permissions from /product/etc/permissions/com.google.android.odad.xml
11-01 12:01:14.104 549 579 I SystemConfig: Reading permissions from /product/etc/permissions/split-permissions-google.xml
11-01 12:01:14.105 549 579 I SystemConfig: Reading permissions from /product/etc/permissions/privapp-permissions-goldfish.xml
11-01 12:01:14.105 549 549 V SystemServerTiming: PlatformCompat took to complete: 111ms
11-01 12:01:14.106 549 549 D SystemServerTiming: StartFileIntegrityService
11-01 12:01:14.106 549 549 I SystemServiceManager: Starting com.android.server.security.FileIntegrityService
11-01 12:01:14.106 549 579 I SystemConfig: Reading permissions from /product/etc/permissions/android.software.verified_boot.xml
11-01 12:01:14.107 549 579 I SystemConfig: Reading permissions from /product/etc/permissions/android.hardware.telephony.euicc.xml
11-01 12:01:14.107 549 549 V SystemServerTiming: StartFileIntegrityService took to complete: 1ms
11-01 12:01:14.107 549 549 D SystemServerTiming: StartInstaller
11-01 12:01:14.107 549 549 I SystemServiceManager: Starting com.android.server.pm.Installer
11-01 12:01:14.108 549 579 I SystemConfig: Reading permissions from /product/etc/permissions/com.google.android.dialer.support.xml
11-01 12:01:14.108 490 500 D installd: Found quota mount /dev/block/dm-40 at /data
11-01 12:01:14.108 490 500 D installd: Found quota mount /dev/block/dm-40 at /data/user/0
11-01 12:01:14.109 549 549 V SystemServerTiming: StartInstaller took to complete: 2ms
11-01 12:01:14.109 549 549 D SystemServerTiming: DeviceIdentifiersPolicyService
11-01 12:01:14.109 549 549 I SystemServiceManager: Starting com.android.server.os.DeviceIdentifiersPolicyService
11-01 12:01:14.109 549 549 V SystemServerTiming: DeviceIdentifiersPolicyService took to complete: 1ms
11-01 12:01:14.109 549 549 D SystemServerTiming: UriGrantsManagerService
11-01 12:01:14.109 549 549 I SystemServiceManager: Starting com.android.server.uri.UriGrantsManagerService$Lifecycle
11-01 12:01:14.110 549 549 V SystemServerTiming: UriGrantsManagerService took to complete: 0ms
11-01 12:01:14.110 549 549 D SystemServerTiming: StartPowerStatsService
11-01 12:01:14.110 549 549 I SystemServiceManager: Starting com.android.server.powerstats.PowerStatsService
11-01 12:01:14.111 549 579 I SystemConfig: Reading permissions from /product/etc/permissions/com.android.imsserviceentitlement.xml
11-01 12:01:14.112 549 579 W SystemConfig: No directory /system_ext/etc/sysconfig, skipping
11-01 12:01:14.112 549 579 I SystemConfig: Reading permissions from /system_ext/etc/permissions/privapp-permissions-google-se.xml
11-01 12:01:14.114 549 579 I SystemConfig: Reading permissions from /system_ext/etc/permissions/com.android.systemui.xml
11-01 12:01:14.115 549 579 I SystemConfig: Reading permissions from /system_ext/etc/permissions/com.android.settings.xml
11-01 12:01:14.116 549 579 I SystemConfig: Reading permissions from /system_ext/etc/permissions/com.android.storagemanager.xml
11-01 12:01:14.117 549 579 I SystemConfig: Reading permissions from /system_ext/etc/permissions/com.android.emergency.xml
11-01 12:01:14.118 549 579 I SystemConfig: Reading permissions from /system_ext/etc/permissions/com.android.emulator.radio.config.xml
11-01 12:01:14.119 549 579 I SystemConfig: Reading permissions from /system_ext/etc/permissions/androidx.window.sidecar.xml
11-01 12:01:14.120 549 579 I SystemConfig: Reading permissions from /system_ext/etc/permissions/androidx.window.extensions.xml
11-01 12:01:14.120 549 579 I SystemConfig: Reading permissions from /system_ext/etc/permissions/com.google.android.googlesdksetup.xml
11-01 12:01:14.121 549 579 I SystemConfig: Reading permissions from /system_ext/etc/permissions/com.android.carrierconfig.xml
11-01 12:01:14.122 549 579 I SystemConfig: Reading permissions from /system_ext/etc/permissions/com.android.launcher3.xml
11-01 12:01:14.123 549 549 V SystemServerTiming: StartPowerStatsService took to complete: 13ms
11-01 12:01:14.123 549 549 D SystemServerTiming: StartIStatsService
11-01 12:01:14.124 549 579 I SystemConfig: Reading permissions from /apex/com.android.tethering/etc/permissions/privapp_allowlist_com.google.android.networkstack.tethering.xml
11-01 12:01:14.125 165 165 I hwservicemanager: getTransport: Cannot find entry android.frameworks.stats@1.0::IStats/default in either framework or device VINTF manifest.
11-01 12:01:14.125 549 549 E HidlServiceManagement: Service android.frameworks.stats@1.0::IStats/default must be in VINTF manifest in order to register/get.
11-01 12:01:14.125 549 549 W system_server: Cannot register HIDL android.frameworks.stats@1.0::IStats: -2147483648
11-01 12:01:14.125 549 579 I SystemConfig: Reading permissions from /apex/com.android.mediaprovider/etc/permissions/privapp_allowlist_com.google.android.providers.media.module.xml
11-01 12:01:14.981 0 0 I servicemanager: Found android.hardware.power.stats.IPowerStats/default in device VINTF manifest.
11-01 12:01:14.997 0 0 I servicemanager: Found android.frameworks.stats.IStats/default in framework VINTF manifest.
11-01 12:01:14.132 549 549 V SystemServerTiming: StartIStatsService took to complete: 9ms
11-01 12:01:14.132 549 549 D SystemServerTiming: MemtrackProxyService
11-01 12:01:14.133 549 579 I SystemConfig: Reading permissions from /apex/com.android.cellbroadcast/etc/permissions/privapp_allowlist_com.google.android.cellbroadcastreceiver.xml
11-01 12:01:14.133 549 579 I SystemConfig: Reading permissions from /apex/com.android.cellbroadcast/etc/permissions/privapp_allowlist_com.google.android.cellbroadcastservice.xml
11-01 12:01:14.134 549 579 I SystemConfig: Reading permissions from /apex/com.android.adservices/etc/permissions/privapp_allowlist_com.google.android.adservices.api.xml
11-01 12:01:14.135 549 579 I SystemConfig: Reading permissions from /apex/com.android.permission/etc/permissions/privapp_allowlist_com.google.android.permissioncontroller.xml
11-01 12:01:14.136 549 579 I SystemConfig: Reading permissions from /apex/com.android.extservices/etc/permissions/privapp_allowlist_com.google.android.ext.services.xml
11-01 12:01:14.138 549 579 I SystemConfig: Reading permissions from /apex/com.android.healthfitness/etc/permissions/privapp_allowlist_com.google.android.healthconnect.controller.xml
11-01 12:01:14.141 549 579 I SystemConfig: Reading permissions from /apex/com.android.btservices/etc/permissions/privapp_allowlist_com.google.android.bluetooth.xml
11-01 12:01:14.141 165 165 I hwservicemanager: getTransport: Cannot find entry android.hardware.memtrack@1.0::IMemtrack/default in either framework or device VINTF manifest.
11-01 12:01:14.141 549 549 I Stability: Interface set with vintf stability downgraded to system stability stability
11-01 12:01:15.004 0 0 I servicemanager: Could not find android.hardware.memtrack.IMemtrack/default in the VINTF manifest.
11-01 12:01:14.142 549 549 V SystemServerTiming: MemtrackProxyService took to complete: 9ms
11-01 12:01:14.142 549 549 D SystemServerTiming: StartAccessCheckingService
11-01 12:01:14.142 549 549 I SystemServiceManager: Starting com.android.server.permission.access.AccessCheckingService
11-01 12:01:14.142 549 549 V SystemServerTiming: StartAccessCheckingService took to complete: 0ms
11-01 12:01:14.142 549 549 D SystemServerTiming: StartActivityManager
11-01 12:01:14.142 549 549 I SystemServiceManager: Starting com.android.server.wm.ActivityTaskManagerService$Lifecycle
11-01 12:01:14.143 549 579 I SystemConfig: Reading permissions from /apex/com.android.ipsec/etc/permissions/android.net.ipsec.ike.xml
11-01 12:01:14.144 549 549 I SystemServiceManager: Starting com.android.server.am.ActivityManagerService$Lifecycle
11-01 12:01:14.145 549 549 I ActivityManager: Memory class: 192
11-01 12:01:14.145 549 579 I SystemConfig: Reading permissions from /apex/com.android.devicelock/etc/permissions/privapp_allowlist_com.google.android.devicelockcontroller.xml
11-01 12:01:14.146 549 584 D CompatibilityChangeReporter: Compat change id reported: 3400644; UID 1000; state: ENABLED
11-01 12:01:14.147 549 584 I Binder : Setting heavy hitter watcher config: false, 0, 0.0
11-01 12:01:14.149 549 579 W SystemConfig: Failed to read public libraries file /vendor/etc/public.libraries.txt
11-01 12:01:14.149 549 579 W SystemConfig: java.io.FileNotFoundException: /vendor/etc/public.libraries.txt: open failed: ENOENT (No such file or directory)
11-01 12:01:14.149 549 579 W SystemConfig: at libcore.io.IoBridge.open(IoBridge.java:574)
11-01 12:01:14.149 549 579 W SystemConfig: at java.io.FileInputStream.(FileInputStream.java:160)
11-01 12:01:14.149 549 579 W SystemConfig: at java.io.FileReader.(FileReader.java:75)
11-01 12:01:14.149 549 579 W SystemConfig: at com.android.server.SystemConfig.readPublicLibrariesListFile(SystemConfig.java:1818)
11-01 12:01:14.149 549 579 W SystemConfig: at com.android.server.SystemConfig.readPublicNativeLibrariesList(SystemConfig.java:1800)
11-01 12:01:14.149 549 579 W SystemConfig: at com.android.server.SystemConfig.(SystemConfig.java:565)
11-01 12:01:14.149 549 579 W SystemConfig: at com.android.server.SystemConfig.getInstance(SystemConfig.java:366)
11-01 12:01:14.149 549 579 W SystemConfig: at com.android.server.SystemServer$$ExternalSyntheticLambda2.run(R8$$SyntheticClass:0)
11-01 12:01:14.149 549 579 W SystemConfig: at com.android.server.SystemServerInitThreadPool.lambda$submitTask$0(SystemServerInitThreadPool.java:107)
11-01 12:01:14.149 549 579 W SystemConfig: at com.android.server.SystemServerInitThreadPool.$r8$lambda$iar571g8isa6ZrPZMHj1USmyX48(SystemServerInitThreadPool.java:0)
11-01 12:01:14.149 549 579 W SystemConfig: at com.android.server.SystemServerInitThreadPool$$ExternalSyntheticLambda1.run(R8$$SyntheticClass:0)
11-01 12:01:14.149 549 579 W SystemConfig: at java.util.concurrent.Executors$RunnableAdapter.call(Executors.java:487)
11-01 12:01:14.149 549 579 W SystemConfig: at java.util.concurrent.FutureTask.run(FutureTask.java:264)
11-01 12:01:14.149 549 579 W SystemConfig: at java.util.concurrent.ThreadPoolExecutor.runWorker(ThreadPoolExecutor.java:1145)
11-01 12:01:14.149 549 579 W SystemConfig: at java.util.concurrent.ThreadPoolExecutor$Worker.run(ThreadPoolExecutor.java:644)
11-01 12:01:14.149 549 579 W SystemConfig: at com.android.internal.util.ConcurrentUtils$1$1.run(ConcurrentUtils.java:65)
11-01 12:01:14.149 549 579 W SystemConfig: Caused by: android.system.ErrnoException: open failed: ENOENT (No such file or directory)
11-01 12:01:14.149 549 579 W SystemConfig: at libcore.io.Linux.open(Native Method)
11-01 12:01:14.149 549 579 W SystemConfig: at libcore.io.ForwardingOs.open(ForwardingOs.java:563)
11-01 12:01:14.149 549 579 W SystemConfig: at libcore.io.BlockGuardOs.open(BlockGuardOs.java:274)
11-01 12:01:14.149 549 579 W SystemConfig: at libcore.io.IoBridge.open(IoBridge.java:560)
11-01 12:01:14.149 549 579 W SystemConfig: ... 15 more
11-01 12:01:14.149 549 579 V SystemConfig: readAllPermissions took to complete: 153ms
11-01 12:01:14.150 549 579 D SystemServerInitThreadPool: Finished executing ReadingSystemConfig
11-01 12:01:14.150 549 579 V SystemServerTimingAsync: InitThreadPoolExec:ReadingSystemConfig took to complete: 153ms
11-01 12:01:14.155 549 549 I PackageWatchdog: Updated health check state for package com.google.android.ext.services: INACTIVE -> PASSED
11-01 12:01:14.155 549 549 I PackageWatchdog: Updated health check state for package com.google.android.providers.media.module: INACTIVE -> PASSED
11-01 12:01:14.155 549 549 I PackageWatchdog: Updated health check state for package com.google.android.adservices.api: INACTIVE -> PASSED
11-01 12:01:14.155 549 549 I PackageWatchdog: Updated health check state for package android: INACTIVE -> PASSED
11-01 12:01:14.155 549 549 I PackageWatchdog: Updated health check state for package com.google.android.as: INACTIVE -> PASSED
11-01 12:01:14.155 549 549 I PackageWatchdog: Updated health check state for package com.google.android.permissioncontroller: INACTIVE -> PASSED
11-01 12:01:14.155 549 549 I PackageWatchdog: Updated health check state for package com.google.android.bluetooth: INACTIVE -> PASSED
11-01 12:01:14.155 549 549 I PackageWatchdog: Updated health check state for package com.google.android.as.oss: INACTIVE -> PASSED
11-01 12:01:14.155 549 549 I PackageWatchdog: Updated health check state for package com.google.android.networkstack: INACTIVE -> PASSED
11-01 12:01:14.155 549 549 I PackageWatchdog: Updated health check state for package com.google.android.apps.nexuslauncher: INACTIVE -> PASSED
11-01 12:01:14.156 549 549 I PackageWatchdog: Updated health check state for package com.android.settings: INACTIVE -> PASSED
11-01 12:01:14.156 549 549 I PackageWatchdog: Updated health check state for package com.android.phone: INACTIVE -> PASSED
11-01 12:01:14.156 549 549 I PackageWatchdog: Updated health check state for package com.android.systemui: INACTIVE -> PASSED
11-01 12:01:14.157 549 549 W PowerProfile: ambient.on is deprecated! Use ambient.on.display0 instead.
11-01 12:01:14.157 549 549 W PowerProfile: screen.on is deprecated! Use screen.on.display0 instead.
11-01 12:01:14.157 549 549 W PowerProfile: screen.full is deprecated! Use screen.full.display0 instead.
11-01 12:01:14.157 549 549 W ModemPowerProfile: getAverageBatteryDrainMaH called with unexpected key: 0x0, drain:SLEEP,RAT:DEFAULT
11-01 12:01:14.157 549 549 W ModemPowerProfile: getAverageBatteryDrainMaH called with unexpected key: 0x10000000, drain:IDLE,RAT:DEFAULT
11-01 12:01:14.157 549 549 W ModemPowerProfile: getAverageBatteryDrainMaH called with unexpected key: 0x20000000, drain:RX,RAT:DEFAULT
11-01 12:01:14.157 549 549 W ModemPowerProfile: getAverageBatteryDrainMaH called with unexpected key: 0x30000000, drain:TX,level:0,RAT:DEFAULT
11-01 12:01:14.157 549 549 W ModemPowerProfile: getAverageBatteryDrainMaH called with unexpected key: 0x31000000, drain:TX,level:1,RAT:DEFAULT
11-01 12:01:14.157 549 549 W ModemPowerProfile: getAverageBatteryDrainMaH called with unexpected key: 0x32000000, drain:TX,level:2,RAT:DEFAULT
11-01 12:01:14.157 549 549 W ModemPowerProfile: getAverageBatteryDrainMaH called with unexpected key: 0x33000000, drain:TX,level:3,RAT:DEFAULT
11-01 12:01:14.158 549 549 W ModemPowerProfile: getAverageBatteryDrainMaH called with unexpected key: 0x34000000, drain:TX,level:4,RAT:DEFAULT
11-01 12:01:14.160 549 549 D BatteryStatsImpl: Reading daily items from /data/system/batterystats-daily.xml
11-01 12:01:14.170 549 549 I KernelCpuUidFreqTimeReader: mPerClusterTimesAvailable=false
11-01 12:01:14.191 165 165 I hwservicemanager: getTransport: Cannot find entry android.hardware.power.stats@1.0::IPowerStats/default in either framework or device VINTF manifest.
11-01 12:01:14.192 549 591 E BatteryStatsService: Unable to load Power.Stats.HAL. Setting rail availability to false
11-01 12:01:14.193 549 591 D CompatibilityChangeReporter: Compat change id reported: 263076149; UID 1000; state: ENABLED
11-01 12:01:14.195 549 591 E BluetoothAdapter: Bluetooth service is null
11-01 12:01:14.212 549 591 W KernelMemoryBandwidthStats: No kernel memory bandwidth stats available
11-01 12:01:14.222 549 549 I IntentFirewall: Read new rules (A:0 B:0 S:0)
11-01 12:01:14.225 549 549 D OomAdjuster: Not killing cached processes
11-01 12:01:14.261 549 549 D AppOps : AppOpsService published
11-01 12:01:14.261 549 563 W android.permission.PermissionManager: Missing ActivityManager; assuming 1047 does not hold android.permission.MANAGE_APP_OPS_MODES
11-01 12:01:14.263 549 549 V SystemServerTiming: StartActivityManager took to complete: 122ms
11-01 12:01:14.264 549 549 D SystemServerTiming: StartDataLoaderManagerService
11-01 12:01:14.264 549 549 I SystemServiceManager: Starting com.android.server.pm.DataLoaderManagerService
11-01 12:01:14.266 549 549 V SystemServerTiming: StartDataLoaderManagerService took to complete: 2ms
11-01 12:01:14.266 549 549 D SystemServerTiming: StartIncrementalService
11-01 12:01:14.273 549 549 I incfs-mounts: [incfs] Loaded incremental-fs mount info: 0 instances, 0 mount points
11-01 12:01:14.274 549 549 V SystemServerTiming: StartIncrementalService took to complete: 7ms
11-01 12:01:14.274 549 549 D SystemServerTiming: StartPowerManager
11-01 12:01:14.274 549 549 I SystemServiceManager: Starting com.android.server.power.PowerManagerService
11-01 12:01:14.304 411 411 I android.hardware.power-service.example: Power isModeSupported: 7
11-01 12:01:14.304 411 411 I android.hardware.power-service.example: Power isModeSupported: 0
11-01 12:01:14.305 549 549 V SystemServerTiming: StartPowerManager took to complete: 31ms
11-01 12:01:14.305 549 549 D SystemServerTiming: StartThermalManager
11-01 12:01:14.305 549 549 I SystemServiceManager: Starting com.android.server.power.ThermalManagerService
11-01 12:01:14.305 549 549 V SystemServerTiming: StartThermalManager took to complete: 0ms
11-01 12:01:14.305 549 549 D SystemServerTiming: StartHintManager
11-01 12:01:14.305 549 549 I SystemServiceManager: Starting com.android.server.power.hint.HintManagerService
11-01 12:01:15.162 0 0 I servicemanager: Found android.hardware.power.IPower/default in device VINTF manifest.
11-01 12:01:14.306 549 549 V SystemServerTiming: StartHintManager took to complete: 0ms
