11-01 12:01:15.656 549 549 D SystemServerTiming: OnBootPhase_200_com.android.server.usage.UsageStatsService
11-01 12:01:15.656 549 549 V SystemServerTiming: OnBootPhase_200_com.android.server.usage.UsageStatsService took to complete: 0ms
11-01 12:01:15.656 549 549 D SystemServerTiming: OnBootPhase_200_com.android.server.webkit.WebViewUpdateService
11-01 12:01:15.656 549 549 V SystemServerTiming: OnBootPhase_200_com.android.server.webkit.WebViewUpdateService took to complete: 0ms
11-01 12:01:15.657 549 549 D SystemServerTiming: OnBootPhase_200_com.android.server.CachedDeviceStateService
11-01 12:01:15.657 549 549 V SystemServerTiming: OnBootPhase_200_com.android.server.CachedDeviceStateService took to complete: 0ms
11-01 12:01:15.657 549 549 D SystemServerTiming: OnBootPhase_200_com.android.server.BinderCallsStatsService$LifeCycle
11-01 12:01:15.657 549 549 V SystemServerTiming: OnBootPhase_200_com.android.server.BinderCallsStatsService$LifeCycle took to complete: 0ms
11-01 12:01:15.657 549 549 D SystemServerTiming: OnBootPhase_200_com.android.server.LooperStatsService$Lifecycle
11-01 12:01:15.657 549 549 V SystemServerTiming: OnBootPhase_200_com.android.server.LooperStatsService$Lifecycle took to complete: 0ms
11-01 12:01:15.657 549 549 D SystemServerTiming: OnBootPhase_200_com.android.server.rollback.RollbackManagerService
11-01 12:01:15.657 549 549 V SystemServerTiming: OnBootPhase_200_com.android.server.rollback.RollbackManagerService took to complete: 0ms
11-01 12:01:15.657 549 549 D SystemServerTiming: OnBootPhase_200_com.android.server.os.NativeTombstoneManagerService
11-01 12:01:15.658 549 549 V SystemServerTiming: OnBootPhase_200_com.android.server.os.NativeTombstoneManagerService took to complete: 0ms
11-01 12:01:15.658 549 549 D SystemServerTiming: OnBootPhase_200_com.android.server.os.BugreportManagerService
11-01 12:01:15.658 549 549 V SystemServerTiming: OnBootPhase_200_com.android.server.os.BugreportManagerService took to complete: 0ms
11-01 12:01:15.658 549 549 D SystemServerTiming: OnBootPhase_200_com.android.server.gpu.GpuService
11-01 12:01:15.658 549 549 V SystemServerTiming: OnBootPhase_200_com.android.server.gpu.GpuService took to complete: 0ms
11-01 12:01:15.658 549 549 D SystemServerTiming: OnBootPhase_200_com.android.server.security.rkp.RemoteProvisioningService
11-01 12:01:15.658 549 549 V SystemServerTiming: OnBootPhase_200_com.android.server.security.rkp.RemoteProvisioningService took to complete: 0ms
11-01 12:01:15.658 549 549 D SystemServerTiming: OnBootPhase_200_com.android.server.cpu.CpuMonitorService
11-01 12:01:15.659 549 549 V SystemServerTiming: OnBootPhase_200_com.android.server.cpu.CpuMonitorService took to complete: 0ms
11-01 12:01:15.659 549 549 D SystemServerTiming: OnBootPhase_200_com.android.server.security.KeyChainSystemService
11-01 12:01:15.659 549 549 V SystemServerTiming: OnBootPhase_200_com.android.server.security.KeyChainSystemService took to complete: 0ms
11-01 12:01:15.659 549 549 D SystemServerTiming: OnBootPhase_200_com.android.server.BinaryTransparencyService
11-01 12:01:15.659 549 549 V SystemServerTiming: OnBootPhase_200_com.android.server.BinaryTransparencyService took to complete: 0ms
11-01 12:01:15.659 549 549 D SystemServerTiming: OnBootPhase_200_com.android.server.telecom.TelecomLoaderService
11-01 12:01:15.659 549 549 V SystemServerTiming: OnBootPhase_200_com.android.server.telecom.TelecomLoaderService took to complete: 0ms
11-01 12:01:15.659 549 549 D SystemServerTiming: OnBootPhase_200_com.android.server.accounts.AccountManagerService$Lifecycle
11-01 12:01:15.659 549 549 V SystemServerTiming: OnBootPhase_200_com.android.server.accounts.AccountManagerService$Lifecycle took to complete: 0ms
11-01 12:01:15.659 549 549 D SystemServerTiming: OnBootPhase_200_com.android.server.content.ContentService$Lifecycle
11-01 12:01:15.660 549 549 V SystemServerTiming: OnBootPhase_200_com.android.server.content.ContentService$Lifecycle took to complete: 0ms
11-01 12:01:15.660 549 549 D SystemServerTiming: OnBootPhase_200_com.android.server.deviceconfig.DeviceConfigInit$Lifecycle
11-01 12:01:15.660 549 549 V SystemServerTiming: OnBootPhase_200_com.android.server.deviceconfig.DeviceConfigInit$Lifecycle took to complete: 0ms
11-01 12:01:15.660 549 549 D SystemServerTiming: OnBootPhase_200_com.android.server.DropBoxManagerService
11-01 12:01:15.660 549 549 V SystemServerTiming: OnBootPhase_200_com.android.server.DropBoxManagerService took to complete: 0ms
11-01 12:01:15.660 549 549 D SystemServerTiming: OnBootPhase_200_com.android.role.RoleService
11-01 12:01:15.660 549 549 V SystemServerTiming: OnBootPhase_200_com.android.role.RoleService took to complete: 0ms
11-01 12:01:15.660 549 549 D SystemServerTiming: OnBootPhase_200_com.android.server.vibrator.VibratorManagerService$Lifecycle
11-01 12:01:15.660 549 549 V SystemServerTiming: OnBootPhase_200_com.android.server.vibrator.VibratorManagerService$Lifecycle took to complete: 0ms
11-01 12:01:15.661 549 549 D SystemServerTiming: OnBootPhase_200_com.android.server.tare.InternalResourceService
11-01 12:01:15.661 549 549 V SystemServerTiming: OnBootPhase_200_com.android.server.tare.InternalResourceService took to complete: 0ms
11-01 12:01:15.661 549 549 D SystemServerTiming: OnBootPhase_200_com.android.server.alarm.AlarmManagerService
11-01 12:01:15.661 549 549 V SystemServerTiming: OnBootPhase_200_com.android.server.alarm.AlarmManagerService took to complete: 0ms
11-01 12:01:15.661 549 549 D SystemServerTiming: OnBootPhase_200_com.android.server.devicestate.DeviceStateManagerService
11-01 12:01:15.661 549 549 V SystemServerTiming: OnBootPhase_200_com.android.server.devicestate.DeviceStateManagerService took to complete: 0ms
11-01 12:01:15.661 549 549 D SystemServerTiming: OnBootPhase_200_com.android.server.camera.CameraServiceProxy
11-01 12:01:15.661 549 549 V SystemServerTiming: OnBootPhase_200_com.android.server.camera.CameraServiceProxy took to complete: 0ms
11-01 12:01:15.662 549 549 V SystemServerTiming: OnBootPhase_200 took to complete: 13ms
11-01 12:01:15.665 549 549 I WindowManager: No existing display settings, starting empty
11-01 12:01:16.536 0 0 I servicemanager: Notifying apexservice they don't (previously: do) have clients when we now have no record of a client
11-01 12:01:16.551 0 0 I AidlLazyServiceRegistrar: Process has 0 (of 1 available) client(s) in use after notification apexservice has clients: 0
11-01 12:01:15.682 549 575 I WindowTracing: Setting window tracing log level to 1
11-01 12:01:15.682 549 575 I WindowTracing: Setting window tracing buffer capacity to 10485760bytes
11-01 12:01:15.689 549 549 V SystemServerTiming: StartWindowManagerService took to complete: 41ms
11-01 12:01:15.690 549 549 D SystemServerTiming: SetWindowManagerService
11-01 12:01:16.563 0 0 I AidlLazyServiceRegistrar: Shutdown prevented by forcePersist override flag.
11-01 12:01:15.740 549 549 I CameraManagerGlobal: Connecting to camera service
11-01 12:01:15.743 549 549 V HistoricalRegistry: Interaction before persistence initialized
11-01 12:01:15.749 549 549 I ActivityTaskManager: Loaded persisted task ids for user 0
11-01 12:01:15.753 549 549 V SystemServerTiming: SetWindowManagerService took to complete: 62ms
11-01 12:01:15.753 549 549 D SystemServerTiming: WindowManagerServiceOnInitReady
11-01 12:01:15.808 549 573 W WindowManager: Unable to add bookmark: com.google.android.talk/com.google.android.talk.SigningInActivity not found.
11-01 12:01:15.837 549 573 W BroadcastLoopers: Found previously unknown looper Thread[android.ui,5,main]
11-01 12:01:15.839 549 549 V SystemServerTiming: WindowManagerServiceOnInitReady took to complete: 86ms
11-01 12:01:15.839 549 622 D SystemServerTimingAsync: InitThreadPoolExec:StartISensorManagerService
11-01 12:01:15.839 549 622 D SystemServerInitThreadPool: Started executing StartISensorManagerService
11-01 12:01:15.839 549 622 D SystemServerTimingAsync: StartISensorManagerService
11-01 12:01:15.839 549 632 D SystemServerTimingAsync: InitThreadPoolExec:StartHidlServices
11-01 12:01:15.839 549 632 D SystemServerInitThreadPool: Started executing StartHidlServices
11-01 12:01:15.839 549 632 D SystemServerTimingAsync: StartHidlServices
11-01 12:01:15.839 549 549 D SystemServerTiming: StartInputManager
11-01 12:01:15.839 549 549 I InputManager: Starting input manager
11-01 12:01:15.840 549 549 V SystemServerTiming: StartInputManager took to complete: 1ms
11-01 12:01:15.840 549 549 D SystemServerTiming: DisplayManagerWindowManagerAndInputReady
11-01 12:01:15.840 549 549 V HistoricalRegistry: Interaction before persistence initialized
11-01 12:01:15.841 165 165 I hwservicemanager: getTransport: Cannot find entry android.frameworks.schedulerservice@1.0::ISchedulingPolicyService/default in either framework or device VINTF manifest.
11-01 12:01:15.841 549 632 W system_server: android.frameworks.schedulerservice@1.0::ISchedulingPolicyService is deprecated. Skipping registration.
11-01 12:01:15.841 549 632 V SystemServerTimingAsync: StartHidlServices took to complete: 2ms
11-01 12:01:15.841 549 632 D SystemServerInitThreadPool: Finished executing StartHidlServices
11-01 12:01:15.841 549 632 V SystemServerTimingAsync: InitThreadPoolExec:StartHidlServices took to complete: 3ms
11-01 12:01:15.843 549 549 V SystemServerTiming: DisplayManagerWindowManagerAndInputReady took to complete: 3ms
11-01 12:01:15.843 549 622 I HidlServiceManagement: Registered android.frameworks.sensorservice@1.0::ISensorManager/default
11-01 12:01:15.848 549 663 W EventHub: Unable to disable kernel key repeat for /dev/input/event12: Function not implemented
11-01 12:01:15.848 549 663 I EventHub: usingClockIoctl=true
11-01 12:01:15.848 549 663 I EventHub: New device: id=1, fd=207, path='/dev/input/event12', name='virtio_input_multi_touch_11', classes=KEYBOARD | TOUCH | TOUCH_MT | SWITCH, configuration='/vendor/usr/idc/virtio_input_multi_touch_11.idc', keyLayout='/system/usr/keylayout/Generic.kl', keyCharacterMap='/system/usr/keychars/Generic.kcm', builtinKeyboard=false,
11-01 12:01:15.850 549 663 W EventHub: Unable to disable kernel key repeat for /dev/input/event11: Function not implemented
11-01 12:01:15.850 549 663 I EventHub: usingClockIoctl=true
11-01 12:01:15.850 549 663 I EventHub: New device: id=2, fd=210, path='/dev/input/event11', name='virtio_input_multi_touch_10', classes=KEYBOARD | TOUCH | TOUCH_MT | SWITCH, configuration='/vendor/usr/idc/virtio_input_multi_touch_10.idc', keyLayout='/system/usr/keylayout/Generic.kl', keyCharacterMap='/system/usr/keychars/Generic.kcm', builtinKeyboard=false,
11-01 12:01:15.852 549 663 W EventHub: Unable to disable kernel key repeat for /dev/input/event10: Function not implemented
11-01 12:01:15.852 549 663 I EventHub: usingClockIoctl=true
11-01 12:01:15.852 549 663 I EventHub: New device: id=3, fd=211, path='/dev/input/event10', name='virtio_input_multi_touch_9', classes=KEYBOARD | TOUCH | TOUCH_MT | SWITCH, configuration='/vendor/usr/idc/virtio_input_multi_touch_9.idc', keyLayout='/system/usr/keylayout/Generic.kl', keyCharacterMap='/system/usr/keychars/Generic.kcm', builtinKeyboard=false,
11-01 12:01:15.853 549 663 W EventHub: Unable to disable kernel key repeat for /dev/input/event9: Function not implemented
11-01 12:01:15.853 549 663 I EventHub: usingClockIoctl=true
11-01 12:01:15.853 549 663 I EventHub: New device: id=4, fd=212, path='/dev/input/event9', name='virtio_input_multi_touch_8', classes=KEYBOARD | TOUCH | TOUCH_MT | SWITCH, configuration='/vendor/usr/idc/virtio_input_multi_touch_8.idc', keyLayout='/system/usr/keylayout/Generic.kl', keyCharacterMap='/system/usr/keychars/Generic.kcm', builtinKeyboard=false,
11-01 12:01:15.854 549 549 D SystemServerTiming: StartBluetoothService
11-01 12:01:15.854 549 622 V SystemServerTimingAsync: StartISensorManagerService took to complete: 16ms
11-01 12:01:15.854 549 622 D SystemServerInitThreadPool: Finished executing StartISensorManagerService
11-01 12:01:15.855 549 622 V SystemServerTimingAsync: InitThreadPoolExec:StartISensorManagerService took to complete: 16ms
11-01 12:01:15.855 549 549 I SystemServiceManager: Starting com.android.server.bluetooth.BluetoothService
11-01 12:01:15.856 549 663 W EventHub: Unable to disable kernel key repeat for /dev/input/event8: Function not implemented
11-01 12:01:15.856 549 663 I EventHub: usingClockIoctl=true
11-01 12:01:15.856 549 663 I EventHub: New device: id=5, fd=213, path='/dev/input/event8', name='virtio_input_multi_touch_7', classes=KEYBOARD | TOUCH | TOUCH_MT | SWITCH, configuration='/vendor/usr/idc/virtio_input_multi_touch_7.idc', keyLayout='/system/usr/keylayout/Generic.kl', keyCharacterMap='/system/usr/keychars/Generic.kcm', builtinKeyboard=false,
11-01 12:01:16.715 0 0 I servicemanager: Found android.frameworks.sensorservice.ISensorManager/default in framework VINTF manifest.
11-01 12:01:15.858 549 663 W EventHub: Unable to disable kernel key repeat for /dev/input/event7: Function not implemented
11-01 12:01:15.858 549 663 I EventHub: usingClockIoctl=true
11-01 12:01:15.858 549 663 I EventHub: New device: id=6, fd=214, path='/dev/input/event7', name='virtio_input_multi_touch_6', classes=KEYBOARD | TOUCH | TOUCH_MT | SWITCH, configuration='/vendor/usr/idc/virtio_input_multi_touch_6.idc', keyLayout='/system/usr/keylayout/Generic.kl', keyCharacterMap='/system/usr/keychars/Generic.kcm', builtinKeyboard=false,
11-01 12:01:15.860 549 549 D BluetoothManagerService: Loading stored name and address
11-01 12:01:15.860 549 549 D BluetoothManagerService: Stored bluetooth Name=sdk_gphone64_x86_64,Address=DA:4C:10:DE:17:00
11-01 12:01:15.860 549 549 D BluetoothManagerService: Bluetooth persisted state: 1
11-01 12:01:15.860 549 549 D BluetoothManagerService: Startup: Bluetooth persisted state is ON.
11-01 12:01:15.860 549 663 W EventHub: Unable to disable kernel key repeat for /dev/input/event6: Function not implemented
11-01 12:01:15.860 549 663 I EventHub: usingClockIoctl=true
11-01 12:01:15.861 549 663 I EventHub: New device: id=7, fd=217, path='/dev/input/event6', name='virtio_input_multi_touch_5', classes=KEYBOARD | TOUCH | TOUCH_MT | SWITCH, configuration='/vendor/usr/idc/virtio_input_multi_touch_5.idc', keyLayout='/system/usr/keylayout/Generic.kl', keyCharacterMap='/system/usr/keychars/Generic.kcm', builtinKeyboard=false,
11-01 12:01:15.861 549 549 D BluetoothManagerService: Detected SystemUiUid: 10161
11-01 12:01:15.861 549 549 D BluetoothSatelliteModeListener: BluetoothSatelliteModeListener
11-01 12:01:15.861 549 549 V SystemServerTiming: StartBluetoothService took to complete: 7ms
11-01 12:01:15.861 549 549 D SystemServerTiming: IpConnectivityMetrics
11-01 12:01:15.861 549 549 I SystemServiceManager: Starting com.android.server.connectivity.IpConnectivityMetrics
11-01 12:01:15.862 549 549 V SystemServerTiming: IpConnectivityMetrics took to complete: 0ms
11-01 12:01:15.862 549 549 D SystemServerTiming: NetworkWatchlistService
11-01 12:01:15.862 549 549 I SystemServiceManager: Starting com.android.server.net.watchlist.NetworkWatchlistService$Lifecycle
11-01 12:01:15.863 549 663 W EventHub: Unable to disable kernel key repeat for /dev/input/event5: Function not implemented
11-01 12:01:15.863 549 663 I EventHub: usingClockIoctl=true
11-01 12:01:15.863 549 663 I EventHub: New device: id=8, fd=218, path='/dev/input/event5', name='virtio_input_multi_touch_4', classes=KEYBOARD | TOUCH | TOUCH_MT | SWITCH, configuration='/vendor/usr/idc/virtio_input_multi_touch_4.idc', keyLayout='/system/usr/keylayout/Generic.kl', keyCharacterMap='/system/usr/keychars/Generic.kcm', builtinKeyboard=false,
11-01 12:01:15.864 549 663 W EventHub: Unable to disable kernel key repeat for /dev/input/event4: Function not implemented
11-01 12:01:15.864 549 663 I EventHub: usingClockIoctl=true
11-01 12:01:15.865 549 663 I EventHub: New device: id=9, fd=219, path='/dev/input/event4', name='virtio_input_multi_touch_3', classes=KEYBOARD | TOUCH | TOUCH_MT | SWITCH, configuration='/vendor/usr/idc/virtio_input_multi_touch_3.idc', keyLayout='/system/usr/keylayout/Generic.kl', keyCharacterMap='/system/usr/keychars/Generic.kcm', builtinKeyboard=false,
11-01 12:01:15.867 549 663 W EventHub: Unable to disable kernel key repeat for /dev/input/event3: Function not implemented
11-01 12:01:15.867 549 663 I EventHub: usingClockIoctl=true
11-01 12:01:15.867 549 663 I EventHub: New device: id=10, fd=220, path='/dev/input/event3', name='virtio_input_multi_touch_2', classes=KEYBOARD | TOUCH | TOUCH_MT | SWITCH, configuration='/vendor/usr/idc/virtio_input_multi_touch_2.idc', keyLayout='/system/usr/keylayout/Generic.kl', keyCharacterMap='/system/usr/keychars/Generic.kcm', builtinKeyboard=false,
11-01 12:01:15.867 549 549 I WatchlistSettings: Reload watchlist settings done
11-01 12:01:15.867 549 667 I WatchlistLoggingHandler: No need to aggregate record yet.
11-01 12:01:15.868 549 667 I WatchlistLoggingHandler: Milliseconds spent on tryAggregateRecords(): 1
11-01 12:01:15.868 549 549 V SystemServerTiming: NetworkWatchlistService took to complete: 6ms
11-01 12:01:15.868 549 549 D SystemServerTiming: PinnerService
11-01 12:01:15.868 549 549 I SystemServiceManager: Starting com.android.server.PinnerService
11-01 12:01:15.868 549 549 V HistoricalRegistry: Interaction before persistence initialized
11-01 12:01:15.869 549 549 V SystemServerTiming: PinnerService took to complete: 2ms
11-01 12:01:15.870 549 663 W EventHub: Unable to disable kernel key repeat for /dev/input/event2: Function not implemented
11-01 12:01:15.870 549 663 I EventHub: usingClockIoctl=true
11-01 12:01:15.870 549 663 I EventHub: New device: id=11, fd=223, path='/dev/input/event2', name='virtio_input_multi_touch_1', classes=KEYBOARD | TOUCH | TOUCH_MT | SWITCH, configuration='/vendor/usr/idc/virtio_input_multi_touch_1.idc', keyLayout='/system/usr/keylayout/Generic.kl', keyCharacterMap='/system/usr/keychars/Generic.kcm', builtinKeyboard=false,
11-01 12:01:15.870 549 549 D SystemServerTiming: SignedConfigService
11-01 12:01:15.871 549 663 D EventHub: No input device configuration file found for device 'Power Button'.
11-01 12:01:15.871 549 549 V SystemServerTiming: SignedConfigService took to complete: 0ms
11-01 12:01:15.871 549 549 D SystemServerTiming: AppIntegrityService
11-01 12:01:15.871 549 549 I SystemServiceManager: Starting com.android.server.integrity.AppIntegrityManagerService
11-01 12:01:15.872 549 549 E IntegrityFileManager: Error creating staging and rules directory
11-01 12:01:15.872 549 663 W EventHub: Unable to disable kernel key repeat for /dev/input/event0: Function not implemented
11-01 12:01:15.872 549 663 I EventHub: usingClockIoctl=true
11-01 12:01:15.872 549 663 I EventHub: New device: id=12, fd=224, path='/dev/input/event0', name='Power Button', classes=KEYBOARD, configuration='', keyLayout='/system/usr/keylayout/Generic.kl', keyCharacterMap='/system/usr/keychars/Generic.kcm', builtinKeyboard=false,
11-01 12:01:15.873 549 663 D EventHub: No input device configuration file found for device 'AT Translated Set 2 keyboard'.
11-01 12:01:15.874 549 663 I EventHub: usingClockIoctl=true
11-01 12:01:15.875 549 663 I EventHub: New device: id=13, fd=227, path='/dev/input/event1', name='AT Translated Set 2 keyboard', classes=KEYBOARD | ALPHAKEY, configuration='', keyLayout='/system/usr/keylayout/Generic.kl', keyCharacterMap='/system/usr/keychars/Generic.kcm', builtinKeyboard=false,
11-01 12:01:15.875 549 549 V SystemServerTiming: AppIntegrityService took to complete: 4ms
11-01 12:01:15.875 549 549 D SystemServerTiming: StartLogcatManager
11-01 12:01:15.875 549 549 I SystemServiceManager: Starting com.android.server.logcat.LogcatManagerService
11-01 12:01:15.876 549 549 V SystemServerTiming: StartLogcatManager took to complete: 1ms
11-01 12:01:15.877 549 663 I InputReader: Device added: id=-1, eventHubId=-1, name='Virtual', descriptor='a718a782d34bc767f4689c232d64d527998ea7fd',sources=KEYBOARD | DPAD
11-01 12:01:15.877 549 663 I InputReader: Device added: id=2, eventHubId=13, name='AT Translated Set 2 keyboard', descriptor='485d69228e24f5e46da1598745890b214130dbc4',sources=KEYBOARD
11-01 12:01:15.877 549 663 I InputReader: Device added: id=3, eventHubId=12, name='Power Button', descriptor='26d13db3fa0f6bd5d05831266fb01ea6c500b88c',sources=KEYBOARD
11-01 12:01:15.878 549 663 I InputReader: Touch device 'virtio_input_multi_touch_1' could not query the properties of its associated display. The device will be inoperable until the display size becomes available.
11-01 12:01:15.879 549 663 I InputReader: Device added: id=4, eventHubId=11, name='virtio_input_multi_touch_1', descriptor='43db9dd6fa61939c1b516cd9522f0fe93926a00b',sources=KEYBOARD | TOUCHSCREEN | STYLUS
11-01 12:01:15.879 549 663 I InputReader: Touch device 'virtio_input_multi_touch_2' could not query the properties of its associated display. The device will be inoperable until the display size becomes available.
11-01 12:01:15.879 549 663 I InputReader: Device added: id=5, eventHubId=10, name='virtio_input_multi_touch_2', descriptor='929d4636b8e04f50240a26561429a6e91c9eff9e',sources=KEYBOARD | TOUCHSCREEN | STYLUS
11-01 12:01:15.879 549 663 I InputReader: Touch device 'virtio_input_multi_touch_3' could not query the properties of its associated display. The device will be inoperable until the display size becomes available.
11-01 12:01:15.879 549 663 I InputReader: Device added: id=6, eventHubId=9, name='virtio_input_multi_touch_3', descriptor='d02b0eff93435c71d7fcb0c5db2c4e01c700002e',sources=KEYBOARD | TOUCHSCREEN | STYLUS
11-01 12:01:15.879 549 663 I InputReader: Touch device 'virtio_input_multi_touch_4' could not query the properties of its associated display. The device will be inoperable until the display size becomes available.
11-01 12:01:15.880 549 663 I InputReader: Device added: id=7, eventHubId=8, name='virtio_input_multi_touch_4', descriptor='3e50b6575df319e017bd447766007caeb20ef93b',sources=KEYBOARD | TOUCHSCREEN | STYLUS
11-01 12:01:15.880 549 663 I InputReader: Touch device 'virtio_input_multi_touch_5' could not query the properties of its associated display. The device will be inoperable until the display size becomes available.
11-01 12:01:15.880 549 663 I InputReader: Device added: id=8, eventHubId=7, name='virtio_input_multi_touch_5', descriptor='a009ac16f7539a9e4072c1f537120c35a8163d3b',sources=KEYBOARD | TOUCHSCREEN | STYLUS
11-01 12:01:15.880 549 663 I InputReader: Touch device 'virtio_input_multi_touch_6' could not query the properties of its associated display. The device will be inoperable until the display size becomes available.
11-01 12:01:15.880 549 663 I InputReader: Device added: id=9, eventHubId=6, name='virtio_input_multi_touch_6', descriptor='0b49b597447c4c7be1d009f9a86bbed08b2e6b6d',sources=KEYBOARD | TOUCHSCREEN | STYLUS
11-01 12:01:15.880 549 663 I InputReader: Touch device 'virtio_input_multi_touch_7' could not query the properties of its associated display. The device will be inoperable until the display size becomes available.
11-01 12:01:15.880 549 663 I InputReader: Device added: id=10, eventHubId=5, name='virtio_input_multi_touch_7', descriptor='e1c836c7be888adb29ca6646292e486f96461e97',sources=KEYBOARD | TOUCHSCREEN | STYLUS
11-01 12:01:15.881 549 663 I InputReader: Touch device 'virtio_input_multi_touch_8' could not query the properties of its associated display. The device will be inoperable until the display size becomes available.
11-01 12:01:15.881 549 663 I InputReader: Device added: id=11, eventHubId=4, name='virtio_input_multi_touch_8', descriptor='df0ec362af5f2fec5a1bbb512f6e9556bd6b3fcf',sources=KEYBOARD | TOUCHSCREEN | STYLUS
11-01 12:01:15.881 549 663 I InputReader: Touch device 'virtio_input_multi_touch_9' could not query the properties of its associated display. The device will be inoperable until the display size becomes available.
11-01 12:01:15.881 549 663 I InputReader: Device added: id=12, eventHubId=3, name='virtio_input_multi_touch_9', descriptor='ac8abc2b3d95a68148a903fffc0a312b4dd19302',sources=KEYBOARD | TOUCHSCREEN | STYLUS
11-01 12:01:15.881 549 663 I InputReader: Touch device 'virtio_input_multi_touch_10' could not query the properties of its associated display. The device will be inoperable until the display size becomes available.
11-01 12:01:15.882 549 663 I InputReader: Device added: id=13, eventHubId=2, name='virtio_input_multi_touch_10', descriptor='03d5168c37d991df1726df002537cd6ccc5b68cb',sources=KEYBOARD | TOUCHSCREEN | STYLUS
11-01 12:01:15.882 549 663 I InputReader: Touch device 'virtio_input_multi_touch_11' could not query the properties of its associated display. The device will be inoperable until the display size becomes available.
11-01 12:01:15.882 549 663 I InputReader: Device added: id=14, eventHubId=1, name='virtio_input_multi_touch_11', descriptor='e760666b71e579617395a5018f318365e9f44147',sources=KEYBOARD | TOUCHSCREEN | STYLUS
11-01 12:01:15.885 549 549 I WindowManager: SAFE MODE not enabled
11-01 12:01:15.885 549 549 D SystemServerTiming: StartInputMethodManagerLifecycle
11-01 12:01:15.885 549 549 I SystemServiceManager: Starting com.android.server.inputmethod.InputMethodManagerService$Lifecycle
11-01 12:01:15.889 549 549 V SystemServerTiming: StartInputMethodManagerLifecycle took to complete: 5ms
11-01 12:01:15.889 549 549 D SystemServerTiming: StartAccessibilityManagerService
11-01 12:01:15.890 549 549 I SystemServiceManager: Starting com.android.server.accessibility.AccessibilityManagerService$Lifecycle
11-01 12:01:15.895 549 549 V SystemServerTiming: StartAccessibilityManagerService took to complete: 5ms
11-01 12:01:15.895 549 549 D SystemServerTiming: MakeDisplayReady
11-01 12:01:15.897 549 549 I ActivityTaskManager: Config changes=20005df8 {1.0 ?mcc0mnc [en_US] ldltr sw320dp w320dp h640dp 160dpi nrml long port ?uimode ?night -touch qwerty/v/v -nav/h winConfig={ mBounds=Rect(0, 0 - 320, 640) mAppBounds=Rect(0, 0 - 320, 640) mMaxBounds=Rect(0, 0 - 320, 640) mDisplayRotation=ROTATION_0 mWindowingMode=fullscreen mDisplayWindowingMode=fullscreen mActivityType=undefined mAlwaysOnTop=undefined mRotation=ROTATION_0} s.2 ?fontWeightAdjustment}
11-01 12:01:15.898 549 549 I WindowManager: Override config changes=60007dfc {1.0 ?mcc0mnc [en_US] ldltr sw320dp w320dp h640dp 160dpi nrml long port ?uimode ?night -touch qwerty/v/v -nav/h winConfig={ mBounds=Rect(0, 0 - 320, 640) mAppBounds=Rect(0, 0 - 320, 640) mMaxBounds=Rect(0, 0 - 320, 640) mDisplayRotation=ROTATION_0 mWindowingMode=fullscreen mDisplayWindowingMode=fullscreen mActivityType=undefined mAlwaysOnTop=undefined mRotation=ROTATION_0} s.2 ?fontWeightAdjustment} for displayId=0
11-01 12:01:15.900 549 549 I DisplayDevice: [0] Layerstack set to 0 for local:4619827259835644672
11-01 12:01:15.902 549 549 I ActivityTaskManager: Config changes=8 {1.0 ?mcc0mnc [en_US] ldltr sw320dp w320dp h640dp 160dpi nrml long port ?uimode ?night finger qwerty/v/v -nav/h winConfig={ mBounds=Rect(0, 0 - 320, 640) mAppBounds=Rect(0, 0 - 320, 640) mMaxBounds=Rect(0, 0 - 320, 640) mDisplayRotation=ROTATION_0 mWindowingMode=fullscreen mDisplayWindowingMode=fullscreen mActivityType=undefined mAlwaysOnTop=undefined mRotation=ROTATION_0} s.4 ?fontWeightAdjustment}
11-01 12:01:15.903 549 549 I WindowManager: Override config changes=8 {1.0 ?mcc0mnc [en_US] ldltr sw320dp w320dp h640dp 160dpi nrml long port ?uimode ?night finger qwerty/v/v -nav/h winConfig={ mBounds=Rect(0, 0 - 320, 640) mAppBounds=Rect(0, 0 - 320, 640) mMaxBounds=Rect(0, 0 - 320, 640) mDisplayRotation=ROTATION_0 mWindowingMode=fullscreen mDisplayWindowingMode=fullscreen mActivityType=undefined mAlwaysOnTop=undefined mRotation=ROTATION_0} s.4 ?fontWeightAdjustment} for displayId=0
11-01 12:01:15.904 549 549 V SystemServerTiming: MakeDisplayReady took to complete: 9ms
11-01 12:01:15.904 549 549 D SystemServerTiming: StartStorageManagerService
11-01 12:01:15.904 549 549 I SystemServiceManager: Starting com.android.server.StorageManagerService$Lifecycle
11-01 12:01:15.907 490 500 D installd: Found quota mount /dev/block/dm-40 at /data
11-01 12:01:15.907 490 500 D installd: Found quota mount /dev/block/dm-40 at /data/user/0
11-01 12:01:15.908 549 575 W BroadcastLoopers: Found previously unknown looper Thread[android.display,5,main]
11-01 12:01:15.908 549 575 I InputManager-JNI: Viewport [0] to add: local:4619827259835644672, isActive: false
11-01 12:01:15.909 549 663 I InputReader: Reconfiguring input devices, changes=DISPLAY_INFO
11-01 12:01:15.909 549 663 I InputReader: Touch device 'virtio_input_multi_touch_11' could not query the properties of its associated display. The device will be inoperable until the display size becomes available.
11-01 12:01:15.909 549 663 I InputReader: Touch device 'virtio_input_multi_touch_10' could not query the properties of its associated display. The device will be inoperable until the display size becomes available.
11-01 12:01:15.909 549 663 I InputReader: Touch device 'virtio_input_multi_touch_9' could not query the properties of its associated display. The device will be inoperable until the display size becomes available.
11-01 12:01:15.909 549 663 I InputReader: Touch device 'virtio_input_multi_touch_7' could not query the properties of its associated display. The device will be inoperable until the display size becomes available.
11-01 12:01:15.909 549 663 I InputReader: Touch device 'virtio_input_multi_touch_6' could not query the properties of its associated display. The device will be inoperable until the display size becomes available.
11-01 12:01:15.909 549 663 I InputReader: Touch device 'virtio_input_multi_touch_5' could not query the properties of its associated display. The device will be inoperable until the display size becomes available.
11-01 12:01:15.909 549 663 I InputReader: Touch device 'virtio_input_multi_touch_4' could not query the properties of its associated display. The device will be inoperable until the display size becomes available.
11-01 12:01:15.909 549 663 I InputReader: Touch device 'virtio_input_multi_touch_3' could not query the properties of its associated display. The device will be inoperable until the display size becomes available.
11-01 12:01:15.909 549 663 I InputReader: Disabling virtio_input_multi_touch_1 (device 4) because the associated viewport is not active
11-01 12:01:15.909 549 663 I InputReader: Device reconfigured: id=4, name='virtio_input_multi_touch_1', size 32768x32768, orientation 0, mode 0, display id 0
11-01 12:01:15.909 549 663 I InputReader: Touch device 'virtio_input_multi_touch_2' could not query the properties of its associated display. The device will be inoperable until the display size becomes available.
11-01 12:01:15.909 549 663 I InputReader: Touch device 'virtio_input_multi_touch_8' could not query the properties of its associated display. The device will be inoperable until the display size becomes available.
11-01 12:01:16.778 0 0 I init : processing action (sys.sysctl.extra_free_kbytes=*) from (/system/etc/init/hw/init.rc:1233)
11-01 12:01:16.785 0 0 I init : starting service 'exec 19 (/system/bin/extra_free_kbytes.sh 2400)'...
11-01 12:01:15.924 549 672 D StorageManagerService: Thinking about reset, mBootCompleted=false, mDaemonConnected=true
11-01 12:01:15.925 549 672 D StorageManagerService: Thinking about reset, mBootCompleted=false, mDaemonConnected=true
11-01 12:01:15.925 549 549 V SystemServerTiming: StartStorageManagerService took to complete: 22ms
11-01 12:01:15.925 549 549 D SystemServerTiming: StartStorageStatsService
11-01 12:01:15.926 549 549 I SystemServiceManager: Starting com.android.server.usage.StorageStatsService$Lifecycle
11-01 12:01:15.927 490 500 D installd: Found quota mount /dev/block/dm-40 at /data
11-01 12:01:15.927 490 500 D installd: Found quota mount /dev/block/dm-40 at /data/user/0
11-01 12:01:15.928 490 500 D installd: Found quota mount /dev/block/dm-40 at /data
11-01 12:01:15.928 490 500 D installd: Found quota mount /dev/block/dm-40 at /data/user/0
11-01 12:01:15.930 549 549 V SystemServerTiming: StartStorageStatsService took to complete: 4ms
11-01 12:01:15.930 549 549 D SystemServerTiming: StartUiModeManager
11-01 12:01:15.930 549 549 I SystemServiceManager: Starting com.android.server.UiModeManagerService
11-01 12:01:15.931 549 643 D SystemServerTimingAsync: InitThreadPoolExec:UiModeManager.onStart
11-01 12:01:15.932 549 643 D SystemServerInitThreadPool: Started executing UiModeManager.onStart
11-01 12:01:15.932 549 549 V SystemServerTiming: StartUiModeManager took to complete: 2ms
11-01 12:01:15.932 549 549 D SystemServerTiming: StartLocaleManagerService
11-01 12:01:15.932 549 549 I SystemServiceManager: Starting com.android.server.locales.LocaleManagerService
11-01 12:01:15.933 549 549 V SystemServerTiming: StartLocaleManagerService took to complete: 1ms
11-01 12:01:15.933 549 549 D SystemServerTiming: StartGrammarInflectionService
11-01 12:01:15.933 549 549 I SystemServiceManager: Starting com.android.server.grammaticalinflection.GrammaticalInflectionService
11-01 12:01:15.934 549 549 V SystemServerTiming: StartGrammarInflectionService took to complete: 1ms
11-01 12:01:15.934 549 549 D SystemServerTiming: StartAppHibernationService
11-01 12:01:15.934 549 549 I SystemServiceManager: Starting com.android.server.apphibernation.AppHibernationService
11-01 12:01:15.935 549 549 V SystemServerTiming: StartAppHibernationService took to complete: 2ms
11-01 12:01:15.936 549 549 D SystemServerTiming: ArtManagerLocal
11-01 12:01:15.936 549 549 V SystemServerTiming: ArtManagerLocal took to complete: 1ms
11-01 12:01:15.937 549 549 D SystemServerTiming: UpdatePackagesIfNeeded
11-01 12:01:15.937 549 549 I Watchdog: Pausing HandlerChecker: main thread for reason: dexopt. Pause count: 1
11-01 12:01:15.937 549 643 D SystemServerInitThreadPool: Finished executing UiModeManager.onStart
11-01 12:01:15.937 549 643 V SystemServerTimingAsync: InitThreadPoolExec:UiModeManager.onStart took to complete: 5ms
11-01 12:01:15.937 549 549 I Watchdog: Resuming HandlerChecker: main thread for reason: dexopt. Pause count: 0
11-01 12:01:15.937 549 549 V SystemServerTiming: UpdatePackagesIfNeeded took to complete: 1ms
11-01 12:01:15.938 549 549 D SystemServerTiming: PerformFstrimIfNeeded
11-01 12:01:15.945 549 549 V SystemServerTiming: PerformFstrimIfNeeded took to complete: 6ms
11-01 12:01:15.945 549 549 D SystemServerTiming: StartLockSettingsService
11-01 12:01:15.945 549 549 I SystemServiceManager: Starting com.android.server.locksettings.LockSettingsService$Lifecycle
11-01 12:01:16.809 0 0 I init : ... started service 'exec 19 (/system/bin/extra_free_kbytes.sh 2400)' has pid 673
11-01 12:01:16.816 0 0 I init : SVC_EXEC service 'exec 19 (/system/bin/extra_free_kbytes.sh 2400)' pid 673 (uid 0 gid 0+0 context default) started; waiting...
11-01 12:01:15.963 549 549 V SystemServerTiming: StartLockSettingsService took to complete: 18ms
11-01 12:01:15.963 549 549 D SystemServerTiming: StartTestHarnessMode
11-01 12:01:15.963 549 549 I SystemServiceManager: Starting com.android.server.testharness.TestHarnessModeService
11-01 12:01:15.964 549 549 V SystemServerTiming: StartTestHarnessMode took to complete: 1ms
11-01 12:01:15.965 165 165 I hwservicemanager: getTransport: Cannot find entry android.hardware.oemlock@1.0::IOemLock/default in either framework or device VINTF manifest.
11-01 12:01:15.965 549 549 I OemLock : OemLock Hidl HAL not present on device
11-01 12:01:15.973 549 549 D SystemServerTiming: StartDeviceIdleController
11-01 12:01:15.973 549 549 I SystemServiceManager: Starting com.android.server.DeviceIdleController
11-01 12:01:16.837 0 0 I servicemanager: Could not find android.hardware.oemlock.IOemLock/default in the VINTF manifest.
11-01 12:01:15.979 549 549 V SystemServerTiming: StartDeviceIdleController took to complete: 6ms
11-01 12:01:15.979 549 549 D SystemServerTiming: StartDevicePolicyManager
11-01 12:01:15.979 549 549 I SystemServiceManager: Starting com.android.server.devicepolicy.DevicePolicyManagerService$Lifecycle
11-01 12:01:15.986 549 549 I DevicePolicyManager: Current version 5, latest version 5, not upgrading.
11-01 12:01:15.988 549 549 I DevicePolicyManager: Set ro.organization_owned property to false
11-01 12:01:15.989 549 549 D DevicePolicyManagerService: /data/system/updated_resources.xml doesn't exist
11-01 12:01:15.989 549 549 D DevicePolicyEngine: Reading device policies from file.
11-01 12:01:15.990 549 549 D DevicePolicyEngine: Reading from /data/system/device_policy_state.xml
11-01 12:01:15.995 549 549 V SystemServerTiming: StartDevicePolicyManager took to complete: 16ms
11-01 12:01:15.995 549 549 D SystemServerTiming: StartStatusBarManagerService
11-01 12:01:15.997 549 549 V SystemServerTiming: StartStatusBarManagerService took to complete: 1ms
11-01 12:01:15.997 549 549 D SystemServerTiming: StartMusicRecognitionManagerService
11-01 12:01:15.998 549 549 I SystemServiceManager: Starting com.android.server.musicrecognition.MusicRecognitionManagerService
11-01 12:01:15.999 549 549 V SystemServerTiming: StartMusicRecognitionManagerService took to complete: 1ms
11-01 12:01:16.000 549 549 D SystemServerTiming: StartContentCaptureService
11-01 12:01:16.000 549 549 I SystemServiceManager: Starting com.android.server.contentcapture.ContentCaptureManagerService
11-01 12:01:16.001 549 549 I ContentCaptureHelper: Setting logging level to DEBUG
11-01 12:01:16.002 549 549 D ContentCaptureManagerService: log history size: 20
11-01 12:01:16.003 549 549 V SystemServerTiming: StartContentCaptureService took to complete: 3ms
11-01 12:01:16.003 549 549 D SystemServer: AttentionService is not configured on this device
11-01 12:01:16.004 549 549 D SystemServer: RotationResolverService is not configured on this device
11-01 12:01:16.004 549 549 D SystemServerTiming: StartSystemCaptionsManagerService
11-01 12:01:16.004 549 549 I SystemServiceManager: Starting com.android.server.systemcaptions.SystemCaptionsManagerService
11-01 12:01:16.005 549 549 V SystemServerTiming: StartSystemCaptionsManagerService took to complete: 1ms
11-01 12:01:16.005 549 549 D SystemServerTiming: StartTextToSpeechManagerService
11-01 12:01:16.005 549 549 I SystemServiceManager: Starting com.android.server.texttospeech.TextToSpeechManagerService
11-01 12:01:16.006 549 549 V SystemServerTiming: StartTextToSpeechManagerService took to complete: 1ms
11-01 12:01:16.006 549 549 D SystemServerTiming: StartAmbientContextService
11-01 12:01:16.007 549 549 I SystemServiceManager: Starting com.android.server.ambientcontext.AmbientContextManagerService
11-01 12:01:16.007 549 549 V SystemServerTiming: StartAmbientContextService took to complete: 1ms
11-01 12:01:16.008 549 549 D SystemServerTiming: startWearableSensingService
11-01 12:01:16.008 549 549 I SystemServiceManager: Starting com.android.server.wearable.WearableSensingManagerService
11-01 12:01:16.009 549 549 V SystemServerTiming: startWearableSensingService took to complete: 1ms
11-01 12:01:16.009 549 549 D SystemServerTiming: StartSpeechRecognitionManagerService
11-01 12:01:16.010 549 549 I SystemServiceManager: Starting com.android.server.speech.SpeechRecognitionManagerService
11-01 12:01:16.011 549 549 V SystemServerTiming: StartSpeechRecognitionManagerService took to complete: 1ms
11-01 12:01:16.011 549 549 D SystemServerTiming: StartAppPredictionService
11-01 12:01:16.011 549 549 I SystemServiceManager: Starting com.android.server.appprediction.AppPredictionManagerService
11-01 12:01:16.012 549 549 V SystemServerTiming: StartAppPredictionService took to complete: 2ms
11-01 12:01:16.012 549 549 D SystemServerTiming: StartContentSuggestionsService
11-01 12:01:16.013 549 549 I SystemServiceManager: Starting com.android.server.contentsuggestions.ContentSuggestionsManagerService
11-01 12:01:16.014 549 549 V SystemServerTiming: StartContentSuggestionsService took to complete: 1ms
11-01 12:01:16.014 549 549 D SystemServerTiming: StartSearchUiService
11-01 12:01:16.014 549 549 I SystemServiceManager: Starting com.android.server.searchui.SearchUiManagerService
11-01 12:01:16.015 549 549 V SystemServerTiming: StartSearchUiService took to complete: 2ms
11-01 12:01:16.016 549 549 D SystemServerTiming: StartSmartspaceService
11-01 12:01:16.016 549 549 I SystemServiceManager: Starting com.android.server.smartspace.SmartspaceManagerService
11-01 12:01:16.017 549 549 V SystemServerTiming: StartSmartspaceService took to complete: 1ms
11-01 12:01:16.017 549 549 D SystemServerTiming: InitConnectivityModuleConnector
11-01 12:01:16.017 549 549 D ConnectivityModuleConnector: Network stack init
11-01 12:01:16.017 549 549 V SystemServerTiming: InitConnectivityModuleConnector took to complete: 0ms
11-01 12:01:16.017 549 549 D SystemServerTiming: InitNetworkStackClient
11-01 12:01:16.017 549 549 D NetworkStackClient: Network stack init
11-01 12:01:16.018 549 549 V SystemServerTiming: InitNetworkStackClient took to complete: 1ms
11-01 12:01:16.018 549 549 D SystemServerTiming: StartNetworkManagementService
11-01 12:01:16.020 353 381 I netd : registerUnsolicitedEventListener(interface:0x77a25370d060) <0.03ms>
11-01 12:01:16.020 549 549 V SystemServerTiming: StartNetworkManagementService took to complete: 2ms
11-01 12:01:16.020 549 549 D SystemServerTiming: StartFontManagerService
11-01 12:01:16.023 549 549 D CompatibilityChangeReporter: Compat change id reported: 247079863; UID 1000; state: ENABLED
11-01 12:01:16.097 549 549 V SystemServerTiming: StartFontManagerService took to complete: 77ms
11-01 12:01:16.098 549 549 D SystemServerTiming: StartTextServicesManager
11-01 12:01:16.098 549 549 I SystemServiceManager: Starting com.android.server.textservices.TextServicesManagerService$Lifecycle
11-01 12:01:16.099 549 549 V SystemServerTiming: StartTextServicesManager took to complete: 1ms
11-01 12:01:16.099 549 549 D SystemServerTiming: StartTextClassificationManagerService
11-01 12:01:16.099 549 549 I SystemServiceManager: Starting com.android.server.textclassifier.TextClassificationManagerService$Lifecycle
11-01 12:01:16.101 549 549 V SystemServerTiming: StartTextClassificationManagerService took to complete: 1ms
11-01 12:01:16.101 549 549 D SystemServerTiming: StartNetworkScoreService
11-01 12:01:16.101 549 549 I SystemServiceManager: Starting com.android.server.NetworkScoreService$Lifecycle
11-01 12:01:16.102 549 549 I NetworkScoreService: Registering network_score
11-01 12:01:16.103 549 549 V SystemServerTiming: StartNetworkScoreService took to complete: 2ms
11-01 12:01:16.103 549 549 D SystemServerTiming: StartNetworkStatsService
11-01 12:01:16.104 549 549 I SystemServiceManager: Starting com.android.server.NetworkStatsServiceInitializer
11-01 12:01:16.120 549 549 D BpfNetMaps: BpfNetMaps is initialized with sEnableJavaBpfMap=true
11-01 12:01:16.990 0 0 I init : Service 'exec 19 (/system/bin/extra_free_kbytes.sh 2400)' (pid 673) exited with status 0 waiting took 0.197000 seconds
11-01 12:01:16.999 0 0 I init : Sending signal 9 to service 'exec 19 (/system/bin/extra_free_kbytes.sh 2400)' (pid 673) process group...
11-01 12:01:17.007 0 0 I libprocessgroup: Successfully killed process cgroup uid 0 pid 673 in 0ms
11-01 12:01:16.150 549 549 I TrafficController: initMaps successfully
11-01 12:01:16.159 353 381 I netd : registerUnsolicitedEventListener(interface:0x77a25370bdd0) <0.02ms>
11-01 12:01:16.159 549 549 I NetworkStatsServiceInitializer: Registering netstats
11-01 12:01:16.160 353 381 I netd : interfaceGetList() -> {[ip6gre0, ifb0, hwsim0, gretap0, erspan0, ip6_vti0, lo, tunl0, wlan0, sit0, dummy0, ifb1, ip6tnl0, ip_vti0, eth0, gre0]} <0.06ms>
11-01 12:01:16.160 549 549 I NetworkStatsServiceInitializer: Initializing network tracing hooks
11-01 12:01:16.161 549 549 D NetworkTrace: Registering Perfetto data source
11-01 12:01:16.161 549 549 V SystemServerTiming: StartNetworkStatsService took to complete: 58ms
11-01 12:01:16.162 549 549 D SystemServerTiming: StartNetworkPolicyManagerService
11-01 12:01:16.163 549 698 D CompatibilityChangeReporter: Compat change id reported: 170188668; UID 1000; state: ENABLED
11-01 12:01:16.167 549 549 V SystemServerTiming: StartNetworkPolicyManagerService took to complete: 5ms
11-01 12:01:16.167 549 549 D SystemServerTiming: StartWifi
11-01 12:01:16.168 549 549 I SystemServiceManager: Starting com.android.server.wifi.WifiService
11-01 12:01:16.175 549 549 D ScanMetrics: Settings package: com.android.settings
11-01 12:01:16.175 549 549 D ScanMetrics: GMS uid: 10124
11-01 12:01:16.176 549 549 I WifiContext: Got resolveInfos for com.android.server.wifi.intent.action.SERVICE_WIFI_RESOURCES_APK: [ResolveInfo{8ede507 com.google.android.wifi.resources/android.app.Activity m=0x108000 userHandle=UserHandle{0}}]
11-01 12:01:16.176 549 549 I WifiContext: Found Wifi Resources APK at: com.google.android.wifi.resources
11-01 12:01:16.192 549 549 I android_os_HwBinder: HwBinder: Starting thread pool for getting: android.hidl.manager@1.2::IServiceManager/default
11-01 12:01:16.193 165 165 I hwservicemanager: getTransport: Cannot find entry android.hardware.wifi@1.0::IWifi/default in either framework or device VINTF manifest.
11-01 12:01:16.203 549 549 I WifiHalAidlImpl: Creating the Wifi HAL using the AIDL implementation
11-01 12:01:17.065 0 0 I servicemanager: Found android.hardware.wifi.IWifi/default in device VINTF manifest.
11-01 12:01:17.077 0 0 I servicemanager: Found android.hardware.wifi.supplicant.ISupplicant/default in device VINTF manifest.
11-01 12:01:16.213 549 549 I SupplicantStaIfaceHal: Initializing SupplicantStaIfaceHal using AIDL implementation.
11-01 12:01:16.222 549 549 I SupplicantP2pIfaceHal: Initializing SupplicantP2pIfaceHal using AIDL implementation.
11-01 12:01:16.223 549 549 I WifiCoexManager: Default coex algorithm is disabled.
11-01 12:01:17.086 0 0 I servicemanager: Found android.hardware.wifi.supplicant.ISupplicant/default in device VINTF manifest.
11-01 12:01:16.238 549 549 D WifiOpenNetworkNotifier: Settings toggle enabled=true
11-01 12:01:16.239 499 499 I wificond: New wificond event callback registered
11-01 12:01:16.240 549 549 D WifiNl80211Manager: registerCountryCodeEventListener called
11-01 12:01:16.240 549 549 D WifiCountryCode: Default country code from system property ro.boot.wificountrycode is null
11-01 12:01:16.244 549 549 D WakeupController: WifiWake enabled
11-01 12:01:16.244 549 549 V HistoricalRegistry: Interaction before persistence initialized
11-01 12:01:16.245 549 549 V HistoricalRegistry: Interaction before persistence initialized
11-01 12:01:16.247 549 549 I WifiService: Registering wifi
11-01 12:01:16.248 549 549 V SystemServerTiming: StartWifi took to complete: 80ms
11-01 12:01:16.248 549 549 D SystemServerTiming: StartWifiScanning
11-01 12:01:16.249 549 549 I SystemServiceManager: Starting com.android.server.wifi.scanner.WifiScanningService
11-01 12:01:16.249 549 549 I WifiScanningService: Creating wifiscanner
11-01 12:01:16.251 549 549 I WifiScanningService: Publishing wifiscanner
11-01 12:01:16.252 549 549 V SystemServerTiming: StartWifiScanning took to complete: 3ms
11-01 12:01:16.252 549 549 D SystemServerTiming: StartWifiP2P
11-01 12:01:16.252 549 549 I SystemServiceManager: Starting com.android.server.wifi.p2p.WifiP2pService
11-01 12:01:16.254 549 549 D CompatibilityChangeReporter: Compat change id reported: 183155436; UID 1000; state: ENABLED
11-01 12:01:16.255 549 549 I WifiP2pService: Registering wifip2p
11-01 12:01:16.255 549 549 V SystemServerTiming: StartWifiP2P took to complete: 3ms
11-01 12:01:16.255 549 549 D SystemServerTiming: StartPacProxyService
11-01 12:01:16.257 549 549 V SystemServerTiming: StartPacProxyService took to complete: 2ms
11-01 12:01:16.257 549 549 D SystemServerTiming: StartConnectivityService
11-01 12:01:16.257 549 549 I SystemServiceManager: Starting com.android.server.ConnectivityServiceInitializer
11-01 12:01:16.261 549 549 D ConnectivityService: ConnectivityService starting up
11-01 12:01:16.266 353 381 I netd : registerUnsolicitedEventListener(interface:0x77a25370be80) <0.02ms>
11-01 12:01:16.272 549 549 D CompatibilityChangeReporter: Compat change id reported: 182478738; UID 1000; state: ENABLED
11-01 12:01:16.277 549 549 D ConnectivityNativeService: Attached BPF_CGROUP_INET4_BIND and BPF_CGROUP_INET6_BIND programs
11-01 12:01:16.279 549 712 W BroadcastLoopers: Found previously unknown looper Thread[NsdService,5,main]
11-01 12:01:16.284 549 549 W system_server: Core platform API violation: Llibcore/io/Memory;->pokeByte(JB)V from Landroid/net/connectivity/com/google/protobuf/UnsafeUtil; using reflection
11-01 12:01:16.285 549 549 W system_server: Core platform API violation: Llibcore/io/Memory;->peekByte(J)B from Landroid/net/connectivity/com/google/protobuf/UnsafeUtil; using reflection
11-01 12:01:16.286 549 549 V NearbyService: DiscoveryProviderManagerLegacy:
11-01 12:01:16.286 549 549 I ConnectivityServiceInitializer: Registering connectivity
11-01 12:01:16.287 549 549 I ConnectivityServiceInitializer: Registering ipsec
11-01 12:01:16.288 549 549 I ConnectivityServiceInitializer: Registering connectivity_native
11-01 12:01:16.289 549 549 I ConnectivityServiceInitializer: Registering servicediscovery
11-01 12:01:16.289 549 549 I ConnectivityServiceInitializer: Registering nearby
11-01 12:01:16.290 549 549 V SystemServerTiming: StartConnectivityService took to complete: 34ms
11-01 12:01:16.290 549 549 D SystemServerTiming: StartVpnManagerService
11-01 12:01:16.293 549 549 D VpnManagerService: VpnManagerService starting up
11-01 12:01:16.293 549 549 V SystemServerTiming: StartVpnManagerService took to complete: 3ms
11-01 12:01:16.294 549 549 D SystemServerTiming: StartVcnManagementService
11-01 12:01:16.297 549 549 V SystemServerTiming: StartVcnManagementService took to complete: 3ms
11-01 12:01:16.297 549 549 D SystemServerTiming: StartSystemUpdateManagerService
11-01 12:01:16.298 549 549 I SystemUpdateManagerService: No existing info file /data/system/system-update-info.xml
