11-01 12:01:21.790 1312 1312 D CompatibilityChangeReporter: Compat change id reported: 3400644; UID 10079; state: ENABLED
11-01 12:01:21.791 989 989 D CarrierProvider: delete.count=0
11-01 12:01:21.791 989 989 I CarrierInfoManager: Deleting the number of entries = 0 for carrierId = 1
11-01 12:01:21.796 501 501 W libgoldfish-rild: Multi-element reporting criteria are not supported with HIDL HAL
11-01 12:01:21.796 1312 1312 D nativeloader: Configuring clns-shared-6 for other apk /system/priv-app/BlockedNumberProvider/BlockedNumberProvider.apk. target_sdk_version=34, uses_libraries=, library_path=/system/priv-app/BlockedNumberProvider/lib/x86_64:/system/lib64:/system_ext/lib64, permitted_path=/data:/mnt/expand:/data/user_de/0/com.android.providers.blockednumber:/system/priv-app/BlockedNumberProvider:/system/lib64:/system_ext/lib64
11-01 12:01:21.801 1312 1312 V GraphicsEnvironment: Currently set values for:
11-01 12:01:21.802 1312 1312 V GraphicsEnvironment: angle_gl_driver_selection_pkgs=[]
11-01 12:01:21.802 1312 1312 V GraphicsEnvironment: angle_gl_driver_selection_values=[]
11-01 12:01:21.802 1312 1312 V GraphicsEnvironment: ANGLE GameManagerService for com.android.providers.blockednumber: false
11-01 12:01:21.802 1312 1312 V GraphicsEnvironment: com.android.providers.blockednumber is not listed in per-application setting
11-01 12:01:21.802 1312 1312 V GraphicsEnvironment: Neither updatable production driver nor prerelease driver is supported.
11-01 12:01:21.808 549 909 I DefaultPermGrantPolicy: Revoking permissions from disabled data services for user:0
11-01 12:01:21.808 1312 1312 D nativeloader: Configuring clns-shared-7 for other apk /system/priv-app/ContactsProvider/ContactsProvider.apk. target_sdk_version=34, uses_libraries=, library_path=/system/priv-app/ContactsProvider/lib/x86_64:/system/lib64:/system_ext/lib64, permitted_path=/data:/mnt/expand:/data/user/0/com.android.providers.contacts:/system/priv-app/ContactsProvider:/system/lib64:/system_ext/lib64
11-01 12:01:21.810 549 629 W Binder : Caught a RuntimeException from the binder stub implementation.
11-01 12:01:21.810 549 629 W Binder : java.lang.IllegalArgumentException: Unable to get package org.qtproject.example.tst_qrhi
11-01 12:01:21.810 549 629 W Binder : at com.android.server.art.Utils.getPackageOrThrow(Utils.java:271)
11-01 12:01:21.810 549 629 W Binder : at com.android.server.art.DexUseManagerLocal.isOwningPackageForPrimaryDex(DexUseManagerLocal.java:443)
11-01 12:01:21.810 549 629 W Binder : at com.android.server.art.DexUseManagerLocal.lambda$notifyDexContainersLoaded$9(DexUseManagerLocal.java:396)
11-01 12:01:21.810 549 629 W Binder : at com.android.server.art.DexUseManagerLocal.$r8$lambda$hXjaMQ6JLgVjiJmhGgjNj0X7opA(DexUseManagerLocal.java:0)
11-01 12:01:21.810 549 629 W Binder : at com.android.server.art.DexUseManagerLocal$$ExternalSyntheticLambda9.apply(R8$$SyntheticClass:0)
11-01 12:01:21.810 549 629 W Binder : at com.android.server.art.DexUseManagerLocal.findOwningPackage(DexUseManagerLocal.java:433)
11-01 12:01:21.810 549 629 W Binder : at com.android.server.art.DexUseManagerLocal.notifyDexContainersLoaded(DexUseManagerLocal.java:395)
11-01 12:01:21.810 549 629 W Binder : at com.android.server.pm.PackageManagerService$IPackageManagerImpl.notifyDexLoad(PackageManagerService.java:5539)
11-01 12:01:21.810 549 629 W Binder : at android.content.pm.IPackageManager$Stub.onTransact(IPackageManager.java:3257)
11-01 12:01:21.810 549 629 W Binder : at com.android.server.pm.PackageManagerService$IPackageManagerImpl.onTransact(PackageManagerService.java:6334)
11-01 12:01:21.810 549 629 W Binder : at android.os.Binder.execTransactInternal(Binder.java:1344)
11-01 12:01:21.810 549 629 W Binder : at android.os.Binder.execTransact(Binder.java:1275)
11-01 12:01:21.819 549 629 D CompatibilityChangeReporter: Compat change id reported: 161145287; UID 10079; state: ENABLED
11-01 12:01:21.822 549 629 I ActivityManager: Flag disabled. Ignoring finishAttachApplication from uid: 10079. pid: 1312
11-01 12:01:21.826 989 989 D ImsNrSaModeHandler: setNrSaDisablePolicy : NrSaDisablePolicy = 0, IsNrSaSupported = true
11-01 12:01:21.828 549 1311 I Telecom : CallsManager: updateEmergencyCallNotificationAsync; show=false: CM.UEMCNA@ABo❗
11-01 12:01:21.829 1312 1333 I PhoneAccountHandleMigrationUtils_CallLogDatabaseHelper: updatePhoneAccountHandleMigrationPendingStatus false
11-01 12:01:21.879 989 989 W FeatureConnection: getRegistrationTech: ImsRegistration is null
11-01 12:01:21.879 989 989 I Telephony: Carrier-config changed, checking for phone account updates.
11-01 12:01:21.880 989 989 D Telephony: TelecomAccountRegistry: handleCarrierConfigChange: subId=1, accountSubId=1
11-01 12:01:21.881 989 989 D Telephony: isEmergencyPreferredAccount: subId=1, activeData=1
11-01 12:01:21.881 989 989 D Telephony: isEmergencyPreferredAccount: Device does not require preference.
11-01 12:01:21.881 989 989 W Telephony: registerMmTelCapabilityCallback: registration failed, no ImsService available. Exception: code: 1
11-01 12:01:21.882 989 989 I Telephony: isRttCurrentlySupported -- regular acct, hasVoiceAvailability: false
11-01 12:01:21.882 989 989 I Telephony: isRttSupported: false
11-01 12:01:21.882 989 989 I Telephony: alwaysAllowWhileRoaming: false
11-01 12:01:21.882 989 989 I Telephony: isRoaming: false
11-01 12:01:21.882 989 989 I Telephony: isOnWfc: false
11-01 12:01:21.936 989 989 I Telephony: reRegisterPstnPhoneAccount: subId: 1 - no change
11-01 12:01:21.938 989 989 I ImsResolver: Received Carrier Config Changed for SlotId: 0, SubId: 1, sim state: 5
11-01 12:01:21.939 989 1148 D ImsResolver: updateBoundDeviceServices: called
11-01 12:01:21.939 989 989 I TelephonyRcsService: updateFeatureControllerSubscription: slotId=0, oldSubId= -1, subId=1, existing feature=false
11-01 12:01:21.939 989 1148 I ImsResolver: updateBoundServices - carrier package changed: -> com.google.android.ims on slot 0, hasConfigChanged=false
11-01 12:01:21.939 989 1148 I ImsResolver: updateBoundServices - carrier package changed: -> com.google.android.ims on slot 0, hasConfigChanged=true
11-01 12:01:21.939 989 1148 I ImsResolver: updateBoundServices - carrier package changed: -> com.google.android.ims on slot 0, hasConfigChanged=true
11-01 12:01:21.941 989 989 W PhoneGlobals: Can't get phone with sub id = -1
11-01 12:01:21.943 989 989 I ImsExternalCallTracker: handleVideoCapabilitiesChanged : isVideoCapable = false
11-01 12:01:21.943 989 989 D ImsExternalCallTracker: refreshCallPullState
11-01 12:01:21.943 989 989 I Telephony: handleVideoCapabilitesChanged. Video capability - false
11-01 12:01:21.944 989 989 D Telephony: isEmergencyPreferredAccount: subId=1, activeData=1
11-01 12:01:21.945 989 989 D Telephony: isEmergencyPreferredAccount: Device does not require preference.
11-01 12:01:21.945 989 989 W Telephony: registerMmTelCapabilityCallback: registration failed, no ImsService available. Exception: code: 1
11-01 12:01:21.946 989 989 I Telephony: isRttCurrentlySupported -- regular acct, hasVoiceAvailability: false
11-01 12:01:21.946 989 989 I Telephony: isRttSupported: false
11-01 12:01:21.946 989 989 I Telephony: alwaysAllowWhileRoaming: false
11-01 12:01:21.946 989 989 I Telephony: isRoaming: false
11-01 12:01:21.946 989 989 I Telephony: isOnWfc: false
11-01 12:01:21.964 549 609 W BroadcastLoopers: Found previously unknown looper Thread[PackageManager,5,main]
11-01 12:01:21.983 549 572 I ServiceWatcher: [network] chose new implementation null
11-01 12:01:21.983 549 572 I ServiceWatcher: [GeocoderProxy] chose new implementation null
11-01 12:01:21.984 549 572 I ServiceWatcher: [HardwareActivityRecognitionProxy] chose new implementation null
11-01 12:01:21.984 549 572 I ServiceWatcher: [GeofenceProxy] chose new implementation null
11-01 12:01:21.985 549 572 I ServiceWatcher: [RealLocationTimeZoneProviderProxy] chose new implementation null
11-01 12:01:21.989 941 941 V MediaPlayerList: mPackageChangedBroadcastReceiver: action: android.intent.action.PACKAGE_CHANGED
11-01 12:01:21.989 941 941 V MediaPlayerList: mPackageChangedBroadcastReceiver: action: android.intent.action.PACKAGE_CHANGED
11-01 12:01:21.994 549 663 I InputReader: Reconfiguring input devices, changes=KEYBOARD_LAYOUTS
11-01 12:01:21.998 1211 1234 I PermissionControllerServiceImpl: Updating user sensitive for uid 1001
11-01 12:01:22.004 989 989 I Telephony: AccountEntry: registerPstnPhoneAccount: Registering account=[[ ] PhoneAccount: ComponentInfo{com.android.phone/com.android.services.telephony.TelephonyConnectionService}, 1, UserHandle{0} Capabilities: CallProvider MultiUser PlaceEmerg SimSub Audio Routes: BESW Schemes: tel voicemail Extras: Bundle[{android.telecom.extra.SUPPORTS_VIDEO_CALLING_FALLBACK=true}] GroupId: ***] with Telecom. subId=1
11-01 12:01:22.005 549 629 I Telecom : : registerPhoneAccount: account=[[ ] PhoneAccount: ComponentInfo{com.android.phone/com.android.services.telephony.TelephonyConnectionService}, 1, UserHandle{0} Capabilities: CallProvider MultiUser PlaceEmerg SimSub Audio Routes: BESW Schemes: tel voicemail Extras: Bundle[{android.telecom.extra.SUPPORTS_VIDEO_CALLING_FALLBACK=true}] GroupId: ***]: TSI.rPA(cap)@AB8🔒
11-01 12:01:22.005 549 629 I Telecom : PhoneAccountRegistrar: Modify account: [ComponentInfo{com.android.phone/com.android.services.telephony.TelephonyConnectionService}, 1, UserHandle{0}]: TSI.rPA(cap)@AB8🔒
11-01 12:01:22.006 549 629 I Telecom : CallsManager: handlePhoneAccountChanged: phoneAccount=[[X] PhoneAccount: ComponentInfo{com.android.phone/com.android.services.telephony.TelephonyConnectionService}, 1, UserHandle{0} Capabilities: CallProvider MultiUser PlaceEmerg SimSub Audio Routes: BESW Schemes: tel voicemail Extras: Bundle[{android.telecom.extra.SUPPORTS_VIDEO_CALLING_FALLBACK=true}] GroupId: ***]: TSI.rPA(cap)@AB8🔒
11-01 12:01:22.007 549 629 I Telecom : PhoneAccountRegistrar: getSimCallManager: SimCallManager for subId 1 queried, returning: null: TSI.rPA(cap)@AB8🔒
11-01 12:01:22.007 549 629 I Telecom : PhoneAccountRegistrar: Notifying telephony of voice service override change for 1 SIMs, hasService = false: TSI.rPA(cap)@AB8🔒
11-01 12:01:22.007 989 989 I PhoneInterfaceManager: setVoiceServiceStateOverride: subId=1, phone=Handler (com.android.internal.telephony.GsmCdmaPhone) {4ff3849}, hasService=false, callingPackage=com.android.server.telecom
11-01 12:01:22.008 989 989 I CallNotifier: onCallForwardingIndicatorChanged(): subId=1, visible=N
11-01 12:01:22.008 989 989 D CallNotifier: updatePhoneStateListeners: update CF notifications.
11-01 12:01:22.008 989 989 I NotificationMgr: updateCfi: subId= 1, visible=N
11-01 12:01:22.008 989 989 I NotificationMgr: updateMwi(): subId 1 update to false
11-01 12:01:22.011 501 501 W libgoldfish-rild: Multi-element reporting criteria are not supported with HIDL HAL
11-01 12:01:22.015 989 989 D TelephonyProvider: subId:1 mccmnc=310260 carrierId=1, match current APN size: 1
11-01 12:01:22.015 989 989 D TelephonyProvider: match MNO APN: 1
11-01 12:01:22.015 989 989 D TelephonyProvider: match carrier id APN: 0
11-01 12:01:22.017 989 989 D TelephonyProvider: subIdString = 1 subId = 1
11-01 12:01:22.018 989 989 D TelephonyProvider: subIdString = 1 subId = 1
11-01 12:01:22.019 549 583 W BroadcastLoopers: Found previously unknown looper Thread[android.bg,5,main]
11-01 12:01:22.048 993 993 I SimDialogProhibitService: No SimDialogActivity for dismiss.
11-01 12:01:22.060 549 629 D CompatibilityChangeReporter: Compat change id reported: 161145287; UID 10181; state: ENABLED
11-01 12:01:22.067 989 989 D CarrierSvcBindHelper: onPackageModified: com.android.stk
11-01 12:01:22.068 989 989 D CarrierSvcBindHelper: No carrier app for: 0
11-01 12:01:22.090 989 1148 D ImsResolver: maybeAddedImsService, packageName: com.android.stk
11-01 12:01:22.091 941 1232 I HeadsetPhoneState: stopListenForPhoneState(), no listener indicates nothing is listening
11-01 12:01:22.091 941 1232 W HeadsetPhoneState: startListenForPhoneState, no event to listen
11-01 12:01:22.113 549 629 D ConnectivityService: registerNetworkAgent NetworkAgentInfo{network{100} handle{432902426637} ni{MOBILE[HSPA] CONNECTING extra: epc.tmobile.com} created=2023-11-01T12:01:22.113Z Score(Policies : ; KeepConnected : 0) lp{{LinkAddresses: [ ] DnsAddresses: [ ] Domains: null MTU: 0 Routes: [ ]}} nc{[ Transports: CELLULAR Capabilities: MMS&SUPL&DUN&FOTA&IMS&CBS&INTERNET&NOT_RESTRICTED&TRUSTED&NOT_VPN&NOT_ROAMING&NOT_CONGESTED&NOT_SUSPENDED&NOT_VCN_MANAGED LinkUpBandwidth>=14Kbps LinkDnBandwidth>=14Kbps Specifier: SubscriptionIds: {1} UnderlyingNetworks: Null]} factorySerialNumber=4}
11-01 12:01:22.117 353 381 I netd : getFwmarkForNetwork(100) -> {MarkMaskParcel{mark: 100, mask: 65535}} <0.01ms>
11-01 12:01:22.118 549 629 W ContextImpl: Calling a method in the system process without a qualified user: android.app.ContextImpl.sendBroadcastMultiplePermissions:1303 android.content.Context.sendBroadcastMultiplePermissions:2422 android.content.Context.sendBroadcastMultiplePermissions:2410 com.android.server.TelephonyRegistry.broadcastDataConnectionStateChanged:3767 com.android.server.TelephonyRegistry.notifyDataConnectionForSubscriber:2159
11-01 12:01:22.119 549 702 E MboOceController: onDataConnectionStateChanged unexpected State: 1
11-01 12:01:22.120 549 702 E WifiDataStall: onDataConnectionStateChanged unexpected State: 1
11-01 12:01:22.137 549 1261 W ContextImpl: Calling a method in the system process without a qualified user: android.app.ContextImpl.sendBroadcastMultiplePermissions:1303 android.content.Context.sendBroadcastMultiplePermissions:2422 android.content.Context.sendBroadcastMultiplePermissions:2410 com.android.server.TelephonyRegistry.broadcastDataConnectionStateChanged:3767 com.android.server.TelephonyRegistry.notifyDataConnectionForSubscriber:2159
11-01 12:01:22.146 549 709 D ConnectivityService: [100 CELLULAR] EVENT_NETWORK_INFO_CHANGED, going from CONNECTING to CONNECTING
11-01 12:01:22.147 549 709 D ConnectivityService: Adding iface eth0 to network 100
11-01 12:01:22.147 911 1353 D NetworkMonitor/100: checkAndRenewResourceConfig: update captive portal https urls to [https://www.google.com/generate_204]
11-01 12:01:22.148 353 381 E Netd : no such netId 100
11-01 12:01:22.148 353 381 I netd : networkAddInterface(100, eth0) -> ServiceSpecificException(64, "Machine is not on the network") <0.04ms>
11-01 12:01:22.148 911 1353 D NetworkMonitor/100: checkAndRenewResourceConfig: update captive portal http urls to [http://connectivitycheck.gstatic.com/generate_204]
11-01 12:01:22.149 911 1353 D NetworkMonitor/100: checkAndRenewResourceConfig: update captive portal fallback urls to[http://www.google.com/gen_204, http://play.googleapis.com/generate_204]
11-01 12:01:22.149 911 1353 D NetworkMonitor: Starting on network 100 with capport HTTPS URL [https://www.google.com/generate_204] and HTTP URL [http://connectivitycheck.gstatic.com/generate_204]
11-01 12:01:22.149 549 709 W ConnectivityService: Exception adding interface: android.os.ServiceSpecificException: Machine is not on the network (code 64)
11-01 12:01:22.150 353 381 I netd : interfaceSetMtu(eth0, 1500) -> ServiceSpecificException(121, "Remote I/O error") <0.22ms>
11-01 12:01:22.168 549 709 E ConnectivityService: exception in interfaceSetMtu()android.os.ServiceSpecificException: Remote I/O error (code 121)
11-01 12:01:22.168 549 709 D CompatibilityChangeReporter: Compat change id reported: 186082280; UID 1000; state: ENABLED
11-01 12:01:22.168 353 381 E Netd : no such netId 100
11-01 12:01:22.168 353 381 I netd : networkAddRouteParcel(100, RouteInfoParcel{destination: 10.0.2.0/24, ifName: eth0, nextHop: , mtu: 0}) -> ServiceSpecificException(64, "Machine is not on the network") <0.05ms>
11-01 12:01:22.169 549 709 E ConnectivityService: Exception in networkAddRouteParcel for non-gateway: android.os.ServiceSpecificException: Machine is not on the network (code 64)
11-01 12:01:22.169 353 381 E Netd : no such netId 100
11-01 12:01:22.169 353 381 I netd : networkAddRouteParcel(100, RouteInfoParcel{destination: 0.0.0.0/0, ifName: eth0, nextHop: 10.0.2.2, mtu: 1500}) -> ServiceSpecificException(64, "Machine is not on the network") <0.02ms>
11-01 12:01:22.169 549 709 E ConnectivityService: Exception in networkAddRouteParcel for gateway: android.os.ServiceSpecificException: Machine is not on the network (code 64)
11-01 12:01:22.169 549 709 D ConnectivityService: Setting DNS servers for network 100 to [/10.0.2.3]
11-01 12:01:22.169 549 709 W BroadcastLoopers: Found previously unknown looper Thread[ConnectivityServiceThread,5,main]
11-01 12:01:22.147 353 353 W binder:353_4: type=1400 audit(0.0:8): avc: denied { write } for name="mtu" dev="sysfs" ino=34170 scontext=u:r:netd:s0 tcontext=u:object_r:sysfs:s0 tclass=file permissive=0
11-01 12:01:22.174 549 709 W BestClock: java.time.DateTimeException: Missing network time fix
11-01 12:01:22.199 353 381 I netd : tetherGetStats() -> {[]} <0.68ms>
11-01 12:01:22.200 549 709 W BestClock: java.time.DateTimeException: Missing network time fix
11-01 12:01:22.202 549 709 D ConnectivityService: [100 CELLULAR] EVENT_NETWORK_INFO_CHANGED, going from CONNECTING to CONNECTED
11-01 12:01:22.203 353 381 I netd : networkCreate(NativeNetworkConfig{netId: 100, networkType: PHYSICAL, permission: 0, secure: false, vpnType: -1, excludeLocalRoutes: false}) <0.07ms>
11-01 12:01:22.207 353 381 I netd : createNetworkCache(100) <0.80ms>
11-01 12:01:22.207 549 709 D DnsManager: sendDnsConfigurationForNetwork(100, [10.0.2.3], [], 1800, 25, 8, 64, 0, 0, , [])
11-01 12:01:22.208 353 381 I resolv : resolv_set_nameservers: netid = 100, addr = 10.0.2.3
11-01 12:01:22.208 353 381 I netd : DnsResolverService::setResolverConfiguration(100, [10.0.2.3], [], 1800, 25, 8, 64, 0, 0, "", []) -> (0) (0.1ms)
11-01 12:01:22.208 353 381 I netd : setResolverConfiguration(ResolverParamsParcel{netId: 100, sampleValiditySeconds: 1800, successThreshold: 25, minSamples: 8, maxSamples: 64, baseTimeoutMsec: 0, retryCount: 0, servers: [10.0.2.3], domains: [], tlsName: , tlsServers: [], tlsFingerprints: [], caCertificate: , tlsConnectTimeoutMs: 0, resolverOptions: (null), transportTypes: [0]}) <0.16ms>
11-01 12:01:22.208 353 381 I netd : setNetworkAllowlist([NativeUidRangeConfig{netId: 100, uidRanges: [UidRangeParcel{start: 0, stop: 99999}], subPriority: 0}]) <0.00ms>
11-01 12:01:22.209 549 709 W DnsManager: updatePrivateDns(100, PrivateDnsConfig{true:/[]})
11-01 12:01:22.209 549 709 D ConnectivityService: Setting DNS servers for network 100 to [/10.0.2.3]
11-01 12:01:22.209 549 709 D DnsManager: sendDnsConfigurationForNetwork(100, [10.0.2.3], [], 1800, 25, 8, 64, 0, 0, , [10.0.2.3])
11-01 12:01:22.210 353 381 I resolv : setDoh: No suitable DoH server found
11-01 12:01:22.210 353 381 I netd : DnsResolverService::setResolverConfiguration(100, [10.0.2.3], [], 1800, 25, 8, 64, 0, 0, "", [10.0.2.3]) -> (0) (0.2ms)
11-01 12:01:22.210 353 381 I netd : setResolverConfiguration(ResolverParamsParcel{netId: 100, sampleValiditySeconds: 1800, successThreshold: 25, minSamples: 8, maxSamples: 64, baseTimeoutMsec: 0, retryCount: 0, servers: [10.0.2.3], domains: [], tlsName: , tlsServers: [10.0.2.3], tlsFingerprints: [], caCertificate: , tlsConnectTimeoutMs: 0, resolverOptions: (null), transportTypes: [0]}) <0.23ms>
11-01 12:01:22.210 549 709 D ConnectivityService: Adding iface eth0 to network 100
11-01 12:01:22.212 353 1357 W resolv : Validating DnsTlsServer 10.0.2.3 with mark 0xf0064
11-01 12:01:22.213 353 381 I netd : networkAddInterface(100, eth0) <2.30ms>
11-01 12:01:22.214 353 381 I netd : wakeupAddInterface(eth0, 432902426637:eth0, -2147483648, -2147483648) <0.71ms>
11-01 12:01:22.215 353 1357 W resolv : Socket failed to connect: Network is unreachable
11-01 12:01:22.215 353 1357 W resolv : TCP Handshake failed: 101
11-01 12:01:22.215 353 1357 W resolv : query failed
11-01 12:01:22.215 353 1357 W resolv : validateDnsTlsServer returned 0 for 10.0.2.3
11-01 12:01:22.215 353 1357 W resolv : Validation failed
11-01 12:01:22.216 353 381 I netd : interfaceSetMtu(eth0, 1500) -> ServiceSpecificException(121, "Remote I/O error") <0.06ms>
11-01 12:01:22.218 549 709 E ConnectivityService: exception in interfaceSetMtu()android.os.ServiceSpecificException: Remote I/O error (code 121)
11-01 12:01:22.219 353 381 I netd : networkAddRouteParcel(100, RouteInfoParcel{destination: 10.0.2.0/24, ifName: eth0, nextHop: , mtu: 0}) <0.10ms>
11-01 12:01:22.219 353 381 I netd : networkAddRouteParcel(100, RouteInfoParcel{destination: 0.0.0.0/0, ifName: eth0, nextHop: 10.0.2.2, mtu: 1500}) <0.07ms>
11-01 12:01:22.219 549 709 D ConnectivityService: Setting DNS servers for network 100 to [/10.0.2.3]
11-01 12:01:22.219 549 709 D DnsManager: sendDnsConfigurationForNetwork(100, [10.0.2.3], [], 1800, 25, 8, 64, 0, 0, , [10.0.2.3])
11-01 12:01:22.219 353 381 I resolv : setDoh: No suitable DoH server found
11-01 12:01:22.219 353 381 I netd : DnsResolverService::setResolverConfiguration(100, [10.0.2.3], [], 1800, 25, 8, 64, 0, 0, "", [10.0.2.3]) -> (0) (0.1ms)
11-01 12:01:22.219 353 381 I netd : setResolverConfiguration(ResolverParamsParcel{netId: 100, sampleValiditySeconds: 1800, successThreshold: 25, minSamples: 8, maxSamples: 64, baseTimeoutMsec: 0, retryCount: 0, servers: [10.0.2.3], domains: [], tlsName: , tlsServers: [10.0.2.3], tlsFingerprints: [], caCertificate: , tlsConnectTimeoutMs: 0, resolverOptions: (null), transportTypes: [0]}) <0.17ms>
11-01 12:01:22.221 549 709 W BestClock: java.time.DateTimeException: Missing network time fix
11-01 12:01:22.221 353 1358 W resolv : Validating DnsTlsServer 10.0.2.3 with mark 0xf0064
11-01 12:01:22.235 353 1358 W resolv : SSL_connect ssl error =5, mark 0xf0064: Connection refused
11-01 12:01:22.211 353 353 W binder:353_4: type=1400 audit(0.0:9): avc: denied { write } for name="mtu" dev="sysfs" ino=34170 scontext=u:r:netd:s0 tcontext=u:object_r:sysfs:s0 tclass=file permissive=0
11-01 12:01:22.235 353 1358 W resolv : TLS Handshake failed
11-01 12:01:22.235 353 1358 W resolv : query failed
11-01 12:01:22.235 353 1358 W resolv : validateDnsTlsServer returned 0 for 10.0.2.3
11-01 12:01:22.236 353 1358 W resolv : Validation failed
11-01 12:01:22.246 993 1055 D EGL_emulation: app_time_stats: avg=412.97ms min=6.24ms max=1327.74ms count=6
11-01 12:01:22.247 353 381 I netd : tetherGetStats() -> {[]} <0.56ms>
11-01 12:01:22.248 549 709 W BestClock: java.time.DateTimeException: Missing network time fix
11-01 12:01:22.249 549 709 D ConnectivityService: Switching to new default network for: uid/pid:1000/549 activeRequest: 1 callbackRequest: 1 [NetworkRequest [ REQUEST id=1, [ Capabilities: INTERNET&NOT_RESTRICTED&TRUSTED&NOT_VPN&NOT_VCN_MANAGED RequestorUid: 1000 RequestorPkg: android UnderlyingNetworks: Null] ]] callback flags: 1 order: 2147483647 using NetworkAgentInfo{network{100} handle{432902426637} ni{MOBILE[HSPA] CONNECTED extra: epc.tmobile.com} created=2023-11-01T12:01:22.113Z Score(Policies : ; KeepConnected : 0) created 32603 lp{{InterfaceName: eth0 LinkAddresses: [ 10.0.2.15/24 ] DnsAddresses: [ /10.0.2.3 ] Domains: null MTU: 1500 TcpBufferSizes: 2097152,6291456,16777216,512000,2097152,8388608 Routes: [ 0.0.0.0/0 -> 10.0.2.2 eth0 mtu 1500,10.0.2.0/24 -> 0.0.0.0 eth0 mtu 0 ]}} nc{[ Transports: CELLULAR Capabilities: MMS&SUPL&DUN&FOTA&IMS&CBS&INTERNET&NOT_RESTRICTED&TRUSTED&NOT_VPN&NOT_ROAMING&FOREGROUND&NOT_CONGESTED&NOT_SUSPENDED&NOT_VCN_MANAGED LinkUpBandwidth>=14Kbps LinkDnBandwidth>=14Kbps Specifier: SubscriptionIds: {1} UnderlyingNetworks: Null]} factorySerialNumber=4}
11-01 12:01:22.249 353 381 I netd : networkSetDefault(100) <0.07ms>
11-01 12:01:22.250 353 366 E NetlinkEvent: NetlinkEvent::FindParam(): Parameter 'INTERFACE' not found
11-01 12:01:22.250 353 366 E NetlinkEvent: NetlinkEvent::FindParam(): Parameter 'STATE' not found
11-01 12:01:22.250 353 366 E NetlinkEvent: NetlinkEvent::FindParam(): Parameter 'TIME_NS' not found
11-01 12:01:22.250 353 366 E NetlinkEvent: NetlinkEvent::FindParam(): Parameter 'UID' not found
11-01 12:01:22.251 353 381 I netd : idletimerAddInterface(eth0, 10, 0) <1.19ms>
11-01 12:01:22.251 353 381 I netd : setTcpRWmemorySize(2097152 6291456 16777216, 512000 2097152 8388608) <0.10ms>
11-01 12:01:22.252 549 709 W BestClock: java.time.DateTimeException: Missing network time fix
11-01 12:01:22.254 911 1360 D TrafficStats: tagSocket(99) with statsTag=0xffffff81, statsUid=-1
11-01 12:01:22.255 911 1360 D TrafficStats: tagSocket(99) with statsTag=0xffffff81, statsUid=-1
11-01 12:01:22.257 911 1361 D TrafficStats: tagSocket(99) with statsTag=0xffffff81, statsUid=-1
11-01 12:01:22.258 353 1362 I resolv : ResNSendHandler::run: 0 / {100 983140 100 983140 1073 1}
11-01 12:01:22.260 353 1362 I resolv : res_nsend: used send_dg 128 terrno: 0
11-01 12:01:22.261 911 1361 D TrafficStats: tagSocket(99) with statsTag=0xffffff81, statsUid=-1
11-01 12:01:22.261 911 911 D TrafficStats: tagSocket(100) with statsTag=0xffffffff, statsUid=-1
11-01 12:01:22.263 911 911 D TrafficStats: tagSocket(100) with statsTag=0xffffffff, statsUid=-1
11-01 12:01:22.264 911 911 D TrafficStats: tagSocket(99) with statsTag=0xffffffff, statsUid=-1
11-01 12:01:22.266 911 911 D TrafficStats: tagSocket(99) with statsTag=0xffffffff, statsUid=-1
11-01 12:01:22.267 911 911 D TrafficStats: tagSocket(99) with statsTag=0xffffffff, statsUid=-1
11-01 12:01:22.267 353 381 I netd : tetherGetStats() -> {[]} <0.95ms>
11-01 12:01:22.268 911 911 D TrafficStats: tagSocket(99) with statsTag=0xffffffff, statsUid=-1
11-01 12:01:22.270 911 1360 D NetworkMonitor/100: PROBE_DNS www.google.com 15ms OK 142.251.1.105,142.251.1.147,142.251.1.99,142.251.1.104,142.251.1.103,142.251.1.106
11-01 12:01:22.272 549 709 W BestClock: java.time.DateTimeException: Missing network time fix
11-01 12:01:22.273 353 1363 I resolv : GetAddrInfoHandler::run: {100 983140 100 983140 1073 1}
11-01 12:01:22.273 353 1364 I resolv : ResNSendHandler::run: 0 / {100 983140 100 983140 1073 1}
11-01 12:01:22.274 353 1365 I resolv : res_nmkquery: (QUERY, IN, A)
11-01 12:01:22.274 353 1365 I resolv : resolv_cache_lookup: FOUND IN CACHE entry=0x77a2c37161d0
11-01 12:01:22.274 353 1365 I resolv : doQuery: rcode=0, ancount=6, return value=128
11-01 12:01:22.274 353 1364 I resolv : res_nsend: used send_dg 63 terrno: 0
11-01 12:01:22.275 911 1360 D TrafficStats: tagSocket(99) with statsTag=0xffffff81, statsUid=-1
11-01 12:01:22.276 911 911 D TrafficStats: tagSocket(100) with statsTag=0xffffffff, statsUid=-1
11-01 12:01:22.277 911 1361 D NetworkMonitor/100: PROBE_DNS connectivitycheck.gstatic.com 19ms OK 142.250.150.94
11-01 12:01:22.278 549 698 W BestClock: java.time.DateTimeException: Missing network time fix
11-01 12:01:22.278 353 1367 I resolv : GetAddrInfoHandler::run: {100 983140 100 983140 1073 1}
11-01 12:01:22.279 353 1368 I resolv : res_nmkquery: (QUERY, IN, A)
11-01 12:01:22.279 353 1368 I resolv : resolv_cache_lookup: FOUND IN CACHE entry=0x77a3c3714470
11-01 12:01:22.279 353 1368 I resolv : doQuery: rcode=0, ancount=1, return value=63
11-01 12:01:22.279 911 1361 D TrafficStats: tagSocket(100) with statsTag=0xffffff81, statsUid=-1
11-01 12:01:22.281 911 1002 D UpstreamNetworkMonitor: New default Internet network: 100
11-01 12:01:22.286 549 739 D NetworkTimeUpdateService: New default network 100; checking time.
11-01 12:01:22.286 549 709 D ConnectivityService: Sending CONNECTED broadcast for type 0 [100 CELLULAR] isDefaultNetwork=true
11-01 12:01:22.286 549 709 W ContextImpl: Calling a method in the system process without a qualified user: android.app.ContextImpl.sendStickyBroadcast:1626 android.net.connectivity.com.android.server.ConnectivityService.sendStickyBroadcast:3278 android.net.connectivity.com.android.server.ConnectivityService.sendGeneralBroadcast:3248 android.net.connectivity.com.android.server.ConnectivityService.sendConnectedBroadcast:3221 android.net.connectivity.com.android.server.ConnectivityService.sendLegacyNetworkBroadcast:10126
11-01 12:01:22.289 911 1361 D NetworkMonitor/100: PROBE_HTTP http://connectivitycheck.gstatic.com/generate_204 time=11ms ret=204 request={Connection=[close], User-Agent=[Mozilla/5.0 (X11; Linux x86_64) AppleWebKit/537.36 (KHTML, like Gecko) Chrome/60.0.3112.32 Safari/537.36]} headers={null=[HTTP/1.1 204 No Content], Connection=[close], Content-Length=[0], Cross-Origin-Resource-Policy=[cross-origin], Date=[Wed, 01 Nov 2023 12:01:22 GMT], X-Android-Received-Millis=[1698840082289], X-Android-Response-Source=[NETWORK 204], X-Android-Selected-Protocol=[http/1.1], X-Android-Sent-Millis=[1698840082285]}
11-01 12:01:22.290 549 549 I SyncManager: Loaded persisted syncs: 0 periodic syncs, 0 oneshot syncs, 0 total system server jobs, JobStats: FirstLoad: 86/6/0 LastSave: -1/-1/-1
11-01 12:01:22.292 549 709 D ConnectivityService: NetReassign [31 : null → 100, 19 : null → 100, 36 : null → 100, 25 : null → 100, 2 : null → 100, 17 : null → 100, 21 : null → 100, 7 : null → 100, 29 : null → 100, 1 : null → 100, 15 : null → 100, 23 : null → 100, 27 : null → 100, 34 : null → 100] [c 1] [a 43] [i 0]
11-01 12:01:22.295 353 1370 I resolv : GetAddrInfoHandler::run: {100 983140 100 983140 1000 1}
11-01 12:01:22.295 353 1371 I resolv : res_nmkquery: (QUERY, IN, A)
11-01 12:01:22.303 353 381 I netd : tetherGetStats() -> {[]} <0.66ms>
11-01 12:01:22.304 549 698 W BestClock: java.time.DateTimeException: Missing network time fix
11-01 12:01:22.307 549 700 W BestClock: java.time.DateTimeException: Missing network time fix
11-01 12:01:22.308 549 700 W BestClock: java.time.DateTimeException: Missing network time fix
11-01 12:01:22.308 911 1360 D NetworkMonitor/100: PROBE_HTTPS https://www.google.com/generate_204 time=36ms ret=204 request={Connection=[close], User-Agent=[Mozilla/5.0 (X11; Linux x86_64) AppleWebKit/537.36 (KHTML, like Gecko) Chrome/60.0.3112.32 Safari/537.36]} headers={null=[HTTP/1.1 204 No Content], Alt-Svc=[h3=":443"; ma=2592000,h3-29=":443"; ma=2592000], Connection=[close], Content-Length=[0], Cross-Origin-Resource-Policy=[cross-origin], Date=[Wed, 01 Nov 2023 12:01:22 GMT], X-Android-Received-Millis=[1698840082307], X-Android-Response-Source=[NETWORK 204], X-Android-Selected-Protocol=[http/1.1], X-Android-Sent-Millis=[1698840082303]}
11-01 12:01:22.309 911 1359 D NetworkMonitor/100: isCaptivePortal: isSuccessful()=true isPortal()=false RedirectUrl=null isPartialConnectivity()=false Time=56ms
11-01 12:01:22.311 549 709 I ConnectivityService: Update score for net 100 : +EVER_EVALUATED
11-01 12:01:22.312 549 709 D ConnectivityService: [100 CELLULAR] validation passed
11-01 12:01:22.312 549 709 I ConnectivityService: Update capabilities for net 100 : +VALIDATED
11-01 12:01:22.312 549 709 I ConnectivityService: Update score for net 100 : +EVER_VALIDATED+IS_VALIDATED
11-01 12:01:22.314 549 572 I GnssNetworkConnectivityHandler: updateNetworkState, state=CLOSED, connected=true, network=100, capabilities=[ Transports: CELLULAR Capabilities: MMS&SUPL&DUN&FOTA&IMS&CBS&INTERNET&NOT_RESTRICTED&TRUSTED&NOT_VPN&VALIDATED&NOT_ROAMING&FOREGROUND&NOT_CONGESTED&NOT_SUSPENDED&NOT_VCN_MANAGED LinkUpBandwidth>=14Kbps LinkDnBandwidth>=14Kbps Specifier: SubscriptionIds: {1} UnderlyingNetworks: Null], availableNetworkCount: 1
11-01 12:01:22.315 549 572 I GnssLocationProvider: WakeLock acquired by handleDownloadPsdsData()
11-01 12:01:22.316 549 1373 E GnssPsdsDownloader: No Long-Term PSDS servers were specified in the GnssConfiguration
11-01 12:01:22.317 549 709 D ConnectivityService: NetReassign [no changes] [c 0] [a 4] [i 0]
11-01 12:01:22.318 549 700 W BestClock: java.time.DateTimeException: Missing network time fix
11-01 12:01:22.322 549 733 W BestClock: java.time.DateTimeException: Missing network time fix
11-01 12:01:22.325 549 733 W BestClock: java.time.DateTimeException: Missing network time fix
11-01 12:01:22.327 549 709 D ConnectivityService: Setting DNS servers for network 100 to [/10.0.2.3]
11-01 12:01:22.327 549 709 D DnsManager: sendDnsConfigurationForNetwork(100, [10.0.2.3], [], 1800, 25, 8, 64, 0, 0, , [10.0.2.3])
11-01 12:01:22.327 353 381 I resolv : setDoh: No suitable DoH server found
11-01 12:01:22.327 353 381 I netd : DnsResolverService::setResolverConfiguration(100, [10.0.2.3], [], 1800, 25, 8, 64, 0, 0, "", [10.0.2.3]) -> (0) (0.3ms)
11-01 12:01:22.328 353 381 I netd : setResolverConfiguration(ResolverParamsParcel{netId: 100, sampleValiditySeconds: 1800, successThreshold: 25, minSamples: 8, maxSamples: 64, baseTimeoutMsec: 0, retryCount: 0, servers: [10.0.2.3], domains: [], tlsName: , tlsServers: [10.0.2.3], tlsFingerprints: [], caCertificate: , tlsConnectTimeoutMs: 0, resolverOptions: (null), transportTypes: [0]}) <0.41ms>
11-01 12:01:22.328 549 709 W ContextImpl: Calling a method in the system process without a qualified user: android.app.ContextImpl.sendStickyBroadcast:1626 android.net.connectivity.com.android.server.ConnectivityService.sendStickyBroadcast:3278 android.net.connectivity.com.android.server.ConnectivityService.sendGeneralBroadcast:3248 android.net.connectivity.com.android.server.ConnectivityService.sendInetConditionBroadcast:3225 android.net.connectivity.com.android.server.ConnectivityService.updateInetCondition:9807
11-01 12:01:22.328 353 1374 W resolv : Validating DnsTlsServer 10.0.2.3 with mark 0xf0064
11-01 12:01:22.330 353 1374 W resolv : SSL_connect ssl error =5, mark 0xf0064: Connection refused
11-01 12:01:22.330 353 1374 W resolv : TLS Handshake failed
11-01 12:01:22.330 353 1374 W resolv : query failed
11-01 12:01:22.330 353 1374 W resolv : validateDnsTlsServer returned 0 for 10.0.2.3
11-01 12:01:22.330 353 1374 W resolv : Validation failed
11-01 12:01:22.342 353 1371 I resolv : res_nsend: used send_dg 98 terrno: 0
11-01 12:01:22.342 353 1371 I resolv : doQuery: rcode=0, ancount=4, return value=98
11-01 12:01:22.343 549 700 W BestClock: java.time.DateTimeException: Missing network time fix
11-01 12:01:22.343 549 739 D TrafficStats: tagSocket(470) with statsTag=0xffffff41, statsUid=-1
11-01 12:01:22.344 549 700 W BestClock: java.time.DateTimeException: Missing network time fix
11-01 12:01:22.344 549 700 W BestClock: java.time.DateTimeException: Missing network time fix
11-01 12:01:22.349 549 700 W BestClock: java.time.DateTimeException: Missing network time fix
11-01 12:01:22.350 549 700 D NetworkStatsObservers: Registering observer for RequestInfo from pid/uid:549/1000(android) for DataUsageRequest [ requestId=3, networkTemplate=NetworkTemplate: matchRule=MOBILE, matchSubscriberIds=[310260...], matchWifiNetworkKeys=[], metered=YES, defaultNetwork=NO, thresholdInBytes=9717941 ] accessLevel:3
11-01 12:01:22.351 549 698 W BestClock: java.time.DateTimeException: Missing network time fix
11-01 12:01:22.374 549 739 D SntpClient: round trip: 29ms, clock offset: 436ms
11-01 12:01:22.375 549 1372 D TrafficStats: tagSocket(470) with statsTag=0xffffff41, statsUid=-1
11-01 12:01:22.379 353 381 I netd : tetherGetStats() -> {[]} <0.82ms>
11-01 12:01:22.390 353 381 I netd : bandwidthSetInterfaceQuota(eth0, 9223372036854775807) <1.29ms>
11-01 12:01:22.398 549 786 D NetworkStatsObservers: Unregistering RequestInfo from pid/uid:549/1000(android) for DataUsageRequest [ requestId=3, networkTemplate=NetworkTemplate: matchRule=MOBILE, matchSubscriberIds=[310260...], matchWifiNetworkKeys=[], metered=YES, defaultNetwork=NO, thresholdInBytes=9717941 ] accessLevel:3
11-01 12:01:22.398 549 700 D NetworkStatsObservers: Registering observer for RequestInfo from pid/uid:549/1000(android) for DataUsageRequest [ requestId=4, networkTemplate=NetworkTemplate: matchRule=MOBILE, matchSubscriberIds=[310260...], matchWifiNetworkKeys=[], metered=YES, defaultNetwork=NO, thresholdInBytes=9716423 ] accessLevel:3
11-01 12:01:22.401 353 381 I netd : bandwidthRemoveInterfaceQuota(eth0) <1.13ms>
11-01 12:01:22.403 353 381 I netd : bandwidthSetInterfaceQuota(eth0, 9223372036854775807) <1.30ms>
11-01 12:01:22.407 549 1372 D SntpClient: round trip: 31ms, clock offset: 435ms
11-01 12:01:22.419 353 381 I netd : tetherGetStats() -> {[]} <0.61ms>
11-01 12:01:22.423 353 381 I netd : bandwidthRemoveInterfaceQuota(eth0) <1.17ms>
11-01 12:01:22.425 353 381 I netd : bandwidthSetInterfaceQuota(eth0, 9223372036854775807) <1.05ms>
11-01 12:01:22.432 993 1028 I OpenGLRenderer: Davey! duration=795ms; Flags=0, FrameTimelineVsyncId=407, IntendedVsync=31954118228, Vsync=32420784876, InputEventId=0, HandleInputStart=32436911081, AnimationStart=32436913700, PerformTraversalsStart=32436986959, DrawStart=32437008477, FrameDeadline=32554118204, FrameInterval=32436820285, FrameStartTime=16666666, SyncQueued=32437015321, SyncStart=32442780676, IssueDrawCommandsStart=32443003048, SwapBuffers=32454399014, FrameCompleted=32755460975, DequeueBufferDuration=6420, QueueBufferDuration=177796, GpuCompleted=32755460975, SwapBuffersCompleted=32641232874, DisplayPresentTime=53876069773564, CommandSubmissionCompleted=32454399014,
11-01 12:01:22.435 353 381 I netd : bandwidthRemoveInterfaceQuota(eth0) <0.82ms>
11-01 12:01:22.436 353 381 I netd : bandwidthSetInterfaceQuota(eth0, 9223372036854775807) <0.70ms>
11-01 12:01:22.444 549 786 D NetworkStatsObservers: Unregistering RequestInfo from pid/uid:549/1000(android) for DataUsageRequest [ requestId=4, networkTemplate=NetworkTemplate: matchRule=MOBILE, matchSubscriberIds=[310260...], matchWifiNetworkKeys=[], metered=YES, defaultNetwork=NO, thresholdInBytes=9716423 ] accessLevel:3
11-01 12:01:22.444 549 700 D NetworkStatsObservers: Registering observer for RequestInfo from pid/uid:549/1000(android) for DataUsageRequest [ requestId=5, networkTemplate=NetworkTemplate: matchRule=MOBILE, matchSubscriberIds=[310260...], matchWifiNetworkKeys=[], metered=YES, defaultNetwork=NO, thresholdInBytes=9716346 ] accessLevel:3
11-01 12:01:22.479 353 381 I netd : tetherGetStats() -> {[]} <0.88ms>
11-01 12:01:22.492 353 381 I netd : bandwidthRemoveInterfaceQuota(eth0) <1.25ms>
11-01 12:01:22.494 353 381 I netd : bandwidthSetInterfaceQuota(eth0, 9223372036854775807) <1.09ms>
11-01 12:01:23.050 911 911 D CdmaServiceCategoryProgramHandler: Idle: release wakelock
11-01 12:01:23.051 911 911 D CellBroadcastHandler: Idle: release wakelock
11-01 12:01:23.053 911 911 D GsmCellBroadcastHandler: Idle: release wakelock
11-01 12:01:23.424 502 785 D BufferPoolAccessor2.0: bufferpool2 0x767c6d8942e8 : 0(0 size) total buffers - 0(0 size) used buffers - 6/10 (recycle/alloc) - 4/9 (fetch/transfer)
11-01 12:01:23.424 502 785 D BufferPoolAccessor2.0: bufferpool2 0x767c6d899628 : 0(0 size) total buffers - 0(0 size) used buffers - 6/7 (recycle/alloc) - 1/6 (fetch/transfer)
11-01 12:01:23.424 502 785 D BufferPoolAccessor2.0: evictor expired: 2, evicted: 2
11-01 12:01:23.427 549 830 D BufferPoolAccessor2.0: bufferpool2 0x71cbcfc51a48 : 0(0 size) total buffers - 0(0 size) used buffers - 2/7 (recycle/alloc) - 5/18 (fetch/transfer)
11-01 12:01:23.427 549 830 D BufferPoolAccessor2.0: bufferpool2 0x71cbcfc55668 : 0(0 size) total buffers - 0(0 size) used buffers - 2/7 (recycle/alloc) - 5/24 (fetch/transfer)
11-01 12:01:23.427 549 830 D BufferPoolAccessor2.0: evictor expired: 2, evicted: 2
11-01 12:01:24.424 502 785 D BufferPoolAccessor2.0: bufferpool2 0x767c6d898158 : 0(0 size) total buffers - 0(0 size) used buffers - 8/11 (recycle/alloc) - 3/10 (fetch/transfer)
11-01 12:01:24.425 502 785 D BufferPoolAccessor2.0: bufferpool2 0x767c6d892038 : 0(0 size) total buffers - 0(0 size) used buffers - 6/10 (recycle/alloc) - 4/9 (fetch/transfer)
11-01 12:01:24.425 502 785 D BufferPoolAccessor2.0: bufferpool2 0x767c6d8950c8 : 0(0 size) total buffers - 0(0 size) used buffers - 11/15 (recycle/alloc) - 5/14 (fetch/transfer)
11-01 12:01:24.425 502 785 D BufferPoolAccessor2.0: bufferpool2 0x767c6d899188 : 0(0 size) total buffers - 0(0 size) used buffers - 13/15 (recycle/alloc) - 2/14 (fetch/transfer)
11-01 12:01:24.425 502 785 D BufferPoolAccessor2.0: evictor expired: 4, evicted: 4
11-01 12:01:24.428 549 830 D BufferPoolAccessor2.0: bufferpool2 0x71cbcfc53858 : 0(0 size) total buffers - 0(0 size) used buffers - 2/7 (recycle/alloc) - 5/26 (fetch/transfer)
11-01 12:01:24.428 549 830 D BufferPoolAccessor2.0: bufferpool2 0x71cbcfc55d58 : 0(0 size) total buffers - 0(0 size) used buffers - 2/7 (recycle/alloc) - 5/34 (fetch/transfer)
11-01 12:01:24.428 549 830 D BufferPoolAccessor2.0: bufferpool2 0x71cbcfc4f798 : 0(0 size) total buffers - 0(0 size) used buffers - 1/7 (recycle/alloc) - 6/24 (fetch/transfer)
11-01 12:01:24.428 549 830 D BufferPoolAccessor2.0: bufferpool2 0x71cbcfc5bc28 : 0(0 size) total buffers - 0(0 size) used buffers - 2/7 (recycle/alloc) - 9/34 (fetch/transfer)
11-01 12:01:24.428 549 830 D BufferPoolAccessor2.0: evictor expired: 4, evicted: 4
11-01 12:01:24.593 941 1388 W ActivityThread: Failed to find provider info for com.android.contacts (user not unlocked)
11-01 12:01:24.593 941 1388 D BluetoothPbapUtils: Failed to fetch contacts data from database..
11-01 12:01:24.689 420 439 D RenderEngine: Shader cache generated 92 shaders in 13215.351562 ms
11-01 12:01:24.690 420 439 E EGL_emulation: eglQueryContext 3100 EGL_BAD_ATTRIBUTE
11-01 12:01:24.690 420 439 E EGL_emulation: tid 439: eglQueryContext(2146): error 0x3004 (EGL_BAD_ATTRIBUTE)
11-01 12:01:24.691 787 787 I SystemUIService: Found SurfaceFlinger's GPU Priority: 0
11-01 12:01:24.694 549 1261 I ActivityManager: Flag disabled. Ignoring finishAttachApplication from uid: 10161. pid: 787
11-01 12:01:24.697 993 1055 D EGL_emulation: app_time_stats: avg=39.92ms min=2.51ms max=114.35ms count=3
11-01 12:01:24.698 549 549 D WallpaperManagerService: WPMS.onServiceConnected-ComponentInfo{com.android.systemui/com.android.systemui.wallpapers.ImageWallpaper}
11-01 12:01:24.698 549 549 D WallpaperManagerService: WPMS.attachServiceLocked
11-01 12:01:24.699 549 549 D WallpaperManagerService: WPMS.connectLocked-ComponentInfo{com.android.systemui/com.android.systemui.wallpapers.ImageWallpaper}
11-01 12:01:24.700 549 549 V WallpaperManagerService: WPMS.connectLocked-ComponentInfo{com.android.systemui/com.android.systemui.wallpapers.ImageWallpaper} took to complete: 1ms
11-01 12:01:24.700 549 549 V WallpaperManagerService: WPMS.attachServiceLocked took to complete: 1ms
11-01 12:01:24.700 549 549 D WallpaperManagerService: WPMS.saveSettingsLocked-0
11-01 12:01:24.700 787 900 W KeyguardUpdateMonitorLog: invalid subId in handleServiceStateChange()
11-01 12:01:24.700 787 787 D DLObserver: onDockEvent mDockState = 0
11-01 12:01:24.700 787 900 W KeyguardUpdateMonitorLog: invalid subId in handleSimStateChange()
11-01 12:01:24.703 549 549 V WallpaperManagerService: WPMS.saveSettingsLocked-0 took to complete: 3ms
11-01 12:01:24.703 549 549 V WallpaperManagerService: WPMS.onServiceConnected-ComponentInfo{com.android.systemui/com.android.systemui.wallpapers.ImageWallpaper} took to complete: 5ms
11-01 12:01:24.703 549 549 D WallpaperManagerService: WPMS.onServiceConnected-ComponentInfo{com.android.systemui/com.android.systemui.wallpapers.ImageWallpaper}
11-01 12:01:24.703 549 549 D WallpaperManagerService: WPMS.attachServiceLocked
11-01 12:01:24.703 549 549 V WallpaperManagerService: WPMS.attachServiceLocked took to complete: 0ms
11-01 12:01:24.703 549 549 V WallpaperManagerService: WPMS.onServiceConnected-ComponentInfo{com.android.systemui/com.android.systemui.wallpapers.ImageWallpaper} took to complete: 0ms
11-01 12:01:24.703 787 787 V SystemUIBootTiming: StartServices com.android.keyguard.KeyguardBiometricLockoutLogger took to complete: 0ms
11-01 12:01:24.704 787 787 V SystemUIBootTiming: StartServices com.android.systemui.LatencyTester took to complete: 1ms
11-01 12:01:24.708 549 1261 D CompatibilityChangeReporter: Compat change id reported: 168419799; UID 10161; state: DISABLED
11-01 12:01:24.708 549 1261 D CompatibilityChangeReporter: Compat change id reported: 273564678; UID 10161; state: DISABLED
11-01 12:01:24.712 993 1028 I OpenGLRenderer: Davey! duration=2271ms; Flags=2, FrameTimelineVsyncId=438, IntendedVsync=32820784860, Vsync=32820784860, InputEventId=0, HandleInputStart=32820784860, AnimationStart=32820784860, PerformTraversalsStart=32820784860, DrawStart=32820784860, FrameDeadline=32687451532, FrameInterval=32820784860, FrameStartTime=16666666, SyncQueued=32828105891, SyncStart=32828107056, IssueDrawCommandsStart=32828125592, SwapBuffers=32829035760, FrameCompleted=35092461638, DequeueBufferDuration=2259250111, QueueBufferDuration=240164, GpuCompleted=35092461638, SwapBuffersCompleted=35089727694, DisplayPresentTime=0, CommandSubmissionCompleted=32829035760,
11-01 12:01:24.712 787 787 V SystemUIBootTiming: StartServices com.android.systemui.ScreenDecorations took to complete: 8ms
11-01 12:01:24.712 787 787 V SystemUIBootTiming: StartServices com.android.systemui.SliceBroadcastRelayHandler took to complete: 0ms
11-01 12:01:24.716 420 437 E HwcComposer: getDisplayDecorationSupport failed Status(-8, EX_SERVICE_SPECIFIC): '8: '
11-01 12:01:24.717 420 437 E HWComposer: getDisplayDecorationSupport: getDisplayDecorationSupport failed for display 4619827259835644672: Unsupported (8)
11-01 12:01:24.718 787 1391 D WallpaperService: reportEngineShown: shouldWait=true
11-01 12:01:24.721 787 1391 D WallpaperService: reportEngineShown: shouldWait=true
11-01 12:01:24.722 787 1391 D WallpaperService: reportEngineShown: shouldWait=true
11-01 12:01:24.724 787 787 D NavigationModeController: getCurrentInteractionMode: mode=2 contextUser=0
11-01 12:01:24.726 787 787 D OverviewProxyService: disconnectFromLauncherService bound?: false currentProxy: null disconnectReason: startConnectionToCurrentUser
11-01 12:01:24.726 787 787 D OverviewProxyService: java.lang.Throwable
11-01 12:01:24.726 787 787 D OverviewProxyService: at com.android.systemui.recents.OverviewProxyService.disconnectFromLauncherService(go/retraceme 19693c2b0a8439b7183751b64d60893829dbf56dc1e08e0669fc0cfc55754948:37)
11-01 12:01:24.726 787 787 D OverviewProxyService: at com.android.systemui.recents.OverviewProxyService.internalConnectToCurrentUser(go/retraceme 19693c2b0a8439b7183751b64d60893829dbf56dc1e08e0669fc0cfc55754948:1)
11-01 12:01:24.726 787 787 D OverviewProxyService: at com.android.systemui.recents.OverviewProxyService.startConnectionToCurrentUser(go/retraceme 19693c2b0a8439b7183751b64d60893829dbf56dc1e08e0669fc0cfc55754948:22)
11-01 12:01:24.726 787 787 D OverviewProxyService: at com.android.systemui.recents.OverviewProxyService.updateEnabledAndBinding(go/retraceme 19693c2b0a8439b7183751b64d60893829dbf56dc1e08e0669fc0cfc55754948:30)
11-01 12:01:24.726 787 787 D OverviewProxyService: at com.android.systemui.recents.OverviewProxyService.(go/retraceme 19693c2b0a8439b7183751b64d60893829dbf56dc1e08e0669fc0cfc55754948:324)
11-01 12:01:24.726 787 787 D OverviewProxyService: at com.google.android.systemui.dagger.DaggerSysUIGoogleGlobalRootComponent$WMComponentImpl$SwitchingProvider.get0$com$google$android$systemui$dagger$DaggerSysUIGoogleGlobalRootComponent$SysUIGoogleSysUIComponentImpl$SwitchingProvider(go/retraceme 19693c2b0a8439b7183751b64d60893829dbf56dc1e08e0669fc0cfc55754948:16)
11-01 12:01:24.726 787 787 D OverviewProxyService: at com.google.android.systemui.dagger.DaggerSysUIGoogleGlobalRootComponent$WMComponentImpl$SwitchingProvider.get(go/retraceme 19693c2b0a8439b7183751b64d60893829dbf56dc1e08e0669fc0cfc55754948:125)
11-01 12:01:24.726 787 787 D OverviewProxyService: at dagger.internal.DoubleCheck.get(go/retraceme 19693c2b0a8439b7183751b64d60893829dbf56dc1e08e0669fc0cfc55754948:14)
11-01 12:01:24.726 787 787 D OverviewProxyService: at com.google.android.systemui.dagger.DaggerSysUIGoogleGlobalRootComponent$WMComponentImpl$SwitchingProvider.get5(go/retraceme 19693c2b0a8439b7183751b64d60893829dbf56dc1e08e0669fc0cfc55754948:8)
11-01 12:01:24.726 787 787 D OverviewProxyService: at com.google.android.systemui.dagger.DaggerSysUIGoogleGlobalRootComponent$WMComponentImpl$SwitchingProvider.get(go/retraceme 19693c2b0a8439b7183751b64d60893829dbf56dc1e08e0669fc0cfc55754948:11)
11-01 12:01:24.726 787 787 D OverviewProxyService: at dagger.internal.DoubleCheck.get(go/retraceme 19693c2b0a8439b7183751b64d60893829dbf56dc1e08e0669fc0cfc55754948:14)
11-01 12:01:24.726 787 787 D OverviewProxyService: at com.android.systemui.dagger.ContextComponentResolver.resolve(go/retraceme 19693c2b0a8439b7183751b64d60893829dbf56dc1e08e0669fc0cfc55754948:14)
11-01 12:01:24.726 787 787 D OverviewProxyService: at com.google.android.systemui.dagger.DaggerSysUIGoogleGlobalRootComponent$SysUIGoogleSysUIComponentImpl.-$$Nest$mrecentsImplementation(go/retraceme 19693c2b0a8439b7183751b64d60893829dbf56dc1e08e0669fc0cfc55754948:30)
11-01 12:01:24.726 787 787 D OverviewProxyService: at com.google.android.systemui.dagger.DaggerSysUIGoogleGlobalRootComponent$WMComponentImpl$SwitchingProvider.get1$com$google$android$systemui$dagger$DaggerSysUIGoogleGlobalRootComponent$SysUIGoogleSysUIComponentImpl$SwitchingProvider(go/retraceme 19693c2b0a8439b7183751b64d60893829dbf56dc1e08e0669fc0cfc55754948:16)
11-01 12:01:24.726 787 787 D OverviewProxyService: at com.google.android.systemui.dagger.DaggerSysUIGoogleGlobalRootComponent$WMComponentImpl$SwitchingProvider.get1(go/retraceme 19693c2b0a8439b7183751b64d60893829dbf56dc1e08e0669fc0cfc55754948:6)
11-01 12:01:24.726 787 787 D OverviewProxyService: at com.google.android.systemui.dagger.DaggerSysUIGoogleGlobalRootComponent$WMComponentImpl$SwitchingProvider.get(go/retraceme 19693c2b0a8439b7183751b64d60893829dbf56dc1e08e0669fc0cfc55754948:124)
11-01 12:01:24.726 787 787 D OverviewProxyService: at dagger.internal.DoubleCheck.get(go/retraceme 19693c2b0a8439b7183751b64d60893829dbf56dc1e08e0669fc0cfc55754948:14)
11-01 12:01:24.726 787 787 D OverviewProxyService: at com.google.android.systemui.dagger.DaggerSysUIGoogleGlobalRootComponent$WMComponentImpl$SwitchingProvider.get0$com$google$android$systemui$dagger$DaggerSysUIGoogleGlobalRootComponent$SysUIGoogleSysUIComponentImpl$SwitchingProvider(go/retraceme 19693c2b0a8439b7183751b64d60893829dbf56dc1e08e0669fc0cfc55754948:7)
