11-01 12:01:10.019 0 0 D LibBpfLoader: bpf_prog_load lib call for /system/etc/bpf/gpuWork.o (tracepoint_power_gpu_work_period) returned fd: 8 (no error)
11-01 12:01:10.019 0 0 I LibBpfLoader: prog /sys/fs/bpf/prog_gpuWork_tracepoint_power_gpu_work_period id 32
11-01 12:01:10.025 0 0 I bpfloader: Loaded object: /system/etc/bpf/gpuWork.o
11-01 12:01:10.030 0 0 D LibBpfLoader: Loading optional ELF object /system/etc/bpf/gpuMem.o with license Apache 2.0
11-01 12:01:10.030 0 0 I LibBpfLoader: Section bpfloader_min_ver value is 28 [0x1c]
11-01 12:01:10.035 0 0 I LibBpfLoader: Section bpfloader_max_ver value is 65536 [0x10000]
11-01 12:01:10.043 0 0 D LibBpfLoader: Couldn't find section bpfloader_min_required_ver (defaulting to 0 [0x0]).
11-01 12:01:10.043 0 0 I LibBpfLoader: Section size_of_bpf_map_def value is 120 [0x78]
11-01 12:01:10.049 0 0 I LibBpfLoader: Section size_of_bpf_prog_def value is 92 [0x5c]
11-01 12:01:10.054 0 0 I LibBpfLoader: BpfLoader version 0x00026 processing ELF object /system/etc/bpf/gpuMem.o with ver [0x0001c,0x10000)
11-01 12:01:10.063 0 0 D LibBpfLoader: Loaded code section 3 (tracepoint_gpu_mem_gpu_mem_total)
11-01 12:01:10.063 0 0 D LibBpfLoader: Loaded relo section 3 (.reltracepoint/gpu_mem/gpu_mem_total)
11-01 12:01:10.063 0 0 D LibBpfLoader: Adding section 3 to cs list
11-01 12:01:10.063 0 0 D LibBpfLoader: Couldn't find section btf_min_bpfloader_ver (defaulting to 0 [0x0]).
11-01 12:01:10.063 0 0 D LibBpfLoader: Couldn't find section btf_min_kernel_ver (defaulting to 0 [0x0]).
11-01 12:01:10.080 0 0 D LibBpfLoader: bpf_create_map name gpu_mem_total_map, ret: 6
11-01 12:01:10.080 0 0 I LibBpfLoader: map /sys/fs/bpf/map_gpuMem_gpu_mem_total_map id 48
11-01 12:01:10.090 0 0 D LibBpfLoader: map_fd found at 0 is 6 in /system/etc/bpf/gpuMem.o
11-01 12:01:10.090 0 0 D LibBpfLoader: cs[0].name:tracepoint_gpu_mem_gpu_mem_total min_kver:0 .max_kver:ffffffff (kvers:6010017)
11-01 12:01:10.090 0 0 D LibBpfLoader: cs[0].name:tracepoint_gpu_mem_gpu_mem_total requires bpfloader version [0x0001c,0x10000)
11-01 12:01:10.092 0 0 D LibBpfLoader: bpf_prog_load lib call for /system/etc/bpf/gpuMem.o (tracepoint_gpu_mem_gpu_mem_total) returned fd: 7 (no error)
11-01 12:01:10.092 0 0 I LibBpfLoader: prog /sys/fs/bpf/prog_gpuMem_tracepoint_gpu_mem_gpu_mem_total id 33
11-01 12:01:10.101 0 0 I bpfloader: Loaded object: /system/etc/bpf/gpuMem.o
11-01 12:01:10.108 0 0 D LibBpfLoader: Loading optional ELF object /system/etc/bpf/fuseMedia.o with license GPL
11-01 12:01:10.108 0 0 I LibBpfLoader: Section bpfloader_min_ver value is 28 [0x1c]
11-01 12:01:10.112 0 0 I LibBpfLoader: Section bpfloader_max_ver value is 65536 [0x10000]
11-01 12:01:10.117 0 0 D LibBpfLoader: Couldn't find section bpfloader_min_required_ver (defaulting to 0 [0x0]).
11-01 12:01:10.117 0 0 I LibBpfLoader: Section size_of_bpf_map_def value is 120 [0x78]
11-01 12:01:10.122 0 0 I LibBpfLoader: Section size_of_bpf_prog_def value is 92 [0x5c]
11-01 12:01:10.126 0 0 I LibBpfLoader: BpfLoader version 0x00026 processing ELF object /system/etc/bpf/fuseMedia.o with ver [0x0001c,0x10000)
11-01 12:01:10.134 0 0 D LibBpfLoader: Loaded code section 3 (fuse_media)
11-01 12:01:10.134 0 0 D LibBpfLoader: Adding section 3 to cs list
11-01 12:01:10.135 0 0 W LibBpfLoader: No maps section could be found in elf object
11-01 12:01:10.139 0 0 D LibBpfLoader: cs[0].name:fuse_media min_kver:0 .max_kver:ffffffff (kvers:6010017)
11-01 12:01:10.139 0 0 D LibBpfLoader: cs[0].name:fuse_media requires bpfloader version [0x0001c,0x10000)
11-01 12:01:10.143 0 0 D LibBpfLoader: bpf_prog_load lib call for /system/etc/bpf/fuseMedia.o (fuse_media) returned fd: 6 (no error)
11-01 12:01:10.143 0 0 I LibBpfLoader: prog /sys/fs/bpf/prog_fuseMedia_fuse_media id 34
11-01 12:01:10.148 0 0 I bpfloader: Loaded object: /system/etc/bpf/fuseMedia.o
11-01 12:01:10.154 0 0 I init : Service 'bpfloader' (pid 342) exited with status 0 waiting took 1.562000 seconds
11-01 12:01:10.166 0 0 I init : Sending signal 9 to service 'bpfloader' (pid 342) process group...
11-01 12:01:10.170 0 0 I libprocessgroup: Successfully killed process cgroup uid 0 pid 342 in 0ms
11-01 12:01:10.176 0 0 I init : processing action (ro.crypto.state=encrypted && ro.crypto.type=file && zygote-start) from (/system/etc/init/hw/init.rc:1090)
11-01 12:01:10.184 0 0 I init : start_waiting_for_property("odsign.verification.done", "1"): already set
11-01 12:01:10.189 0 0 I init : starting service 'update_verifier_nonencrypted'...
11-01 12:01:10.211 0 0 I init : ... started service 'update_verifier_nonencrypted' has pid 351
11-01 12:01:10.219 0 0 I init : SVC_EXEC service 'update_verifier_nonencrypted' pid 351 (uid 0 gid 2001+1 context default) started; waiting...
11-01 12:01:10.230 0 0 I init : Service 'update_verifier_nonencrypted' (pid 351) exited with status 0 waiting took 0.034000 seconds
11-01 12:01:10.237 0 0 I init : Sending signal 9 to service 'update_verifier_nonencrypted' (pid 351) process group...
11-01 12:01:10.243 0 0 I libprocessgroup: Successfully killed process cgroup uid 0 pid 351 in 0ms
11-01 12:01:10.251 0 0 I init : starting service 'statsd'...
11-01 12:01:10.254 0 0 I init : Created socket '/dev/socket/statsdw', mode 222, user 1066, group 1066
11-01 12:01:10.266 0 0 I init : ... started service 'statsd' has pid 352
11-01 12:01:10.270 0 0 I init : starting service 'netd'...
11-01 12:01:10.273 0 0 I init : Created socket '/dev/socket/dnsproxyd', mode 660, user 0, group 3003
11-01 12:01:10.278 0 0 I init : Created socket '/dev/socket/mdns', mode 660, user 0, group 1000
11-01 12:01:10.283 0 0 I init : Created socket '/dev/socket/fwmarkd', mode 660, user 0, group 3003
11-01 12:01:10.300 0 0 I init : ... started service 'netd' has pid 353
11-01 12:01:10.304 0 0 I init : starting service 'zygote'...
11-01 12:01:10.309 0 0 I init : Created socket '/dev/socket/zygote', mode 660, user 0, group 1000
11-01 12:01:10.314 0 0 I init : Created socket '/dev/socket/usap_pool_primary', mode 660, user 0, group 1000
11-01 12:01:10.322 0 0 I init : ... started service 'zygote' has pid 354
11-01 12:01:10.326 0 0 I init : Command 'start zygote_secondary' action=ro.crypto.state=encrypted && ro.crypto.type=file && zygote-start (/system/etc/init/hw/init.rc:1097) took 0ms and failed: service zygote_secondary not found
11-01 12:01:09.469 352 352 I ServiceManagerCppClient: Waiting for service 'statscompanion' on '/dev/binder'...
11-01 12:01:10.339 0 0 I init : processing action (zygote-start) from (/vendor/etc/init/hw/init.ranchu.rc:68)
11-01 12:01:10.348 0 0 I init : processing action (firmware_mounts_complete) from (/system/etc/init/hw/init.rc:528)
11-01 12:01:10.354 0 0 I init : processing action (early-boot) from (/system/etc/init/installd.rc:7)
11-01 12:01:10.370 0 0 I init : processing action (boot) from (/system/etc/init/hw/init.rc:1104)
11-01 12:01:10.376 0 0 I init : Command 'symlink /sys/fs/f2fs/${dev.mnt.dev.data} /dev/sys/fs/by-name/userdata' action=boot (/system/etc/init/hw/init.rc:1127) took 0ms and failed: property 'dev.mnt.dev.data' doesn't exist while expanding '/sys/fs/f2fs/${dev.mnt.dev.data}'
11-01 12:01:10.392 0 0 I init : Command 'symlink /sys/class/block/${dev.mnt.dev.data} /dev/sys/block/by-name/userdata' action=boot (/system/etc/init/hw/init.rc:1132) took 0ms and failed: property 'dev.mnt.dev.data' doesn't exist while expanding '/sys/class/block/${dev.mnt.dev.data}'
11-01 12:01:09.541 353 353 I netdClient: Skipping libnetd_client init since *we* are netd
11-01 12:01:10.407 0 0 I init : Command 'symlink /sys/class/block/${dev.mnt.rootdisk.data} /dev/sys/block/by-name/rootdisk' action=boot (/system/etc/init/hw/init.rc:1133) took 0ms and failed: property 'dev.mnt.rootdisk.data' doesn't exist while expanding '/sys/class/block/${dev.mnt.rootdisk.data}'
11-01 12:01:10.428 0 0 I init : starting service 'hidl_memory'...
11-01 12:01:09.572 353 353 I netd : netd 1.0 starting
11-01 12:01:09.578 353 353 I netd : Pid file removed
11-01 12:01:09.579 353 353 I netd : SIGPIPE is blocked
11-01 12:01:09.579 353 353 I netd : setCloseOnExec(dnsproxyd)
11-01 12:01:09.579 353 353 I netd : setCloseOnExec(fwmarkd)
11-01 12:01:09.579 353 353 I netd : setCloseOnExec(mdns)
11-01 12:01:09.579 353 353 I NetdUpdatable: libnetd_updatable_init: Initializing
11-01 12:01:09.579 353 353 I BpfHandler: BPF programs are loaded
11-01 12:01:09.587 353 353 I BpfHandler: initMaps successfully
11-01 12:01:09.587 353 353 I netd : libnetd_updatable_init success
11-01 12:01:09.592 353 353 I netd : NetlinkManager instanced
11-01 12:01:09.592 353 353 I netd : enter NetworkController ctor
11-01 12:01:09.593 353 353 E TcUtils : NLMSG_ERROR message return error: -2
11-01 12:01:09.593 353 353 E TcUtils : NLMSG_ERROR message return error: -2
11-01 12:01:09.593 353 353 E TcUtils : NLMSG_ERROR message return error: -2
11-01 12:01:09.593 353 353 E TcUtils : NLMSG_ERROR message return error: -2
11-01 12:01:09.593 353 353 E TcUtils : NLMSG_ERROR message return error: -2
11-01 12:01:09.593 353 353 E TcUtils : NLMSG_ERROR message return error: -2
11-01 12:01:09.594 353 353 E TcUtils : NLMSG_ERROR message return error: -2
11-01 12:01:09.594 353 353 E TcUtils : NLMSG_ERROR message return error: -2
11-01 12:01:09.594 353 353 E TcUtils : NLMSG_ERROR message return error: -2
11-01 12:01:09.594 353 353 E TcUtils : NLMSG_ERROR message return error: -2
11-01 12:01:09.594 353 353 E TcUtils : NLMSG_ERROR message return error: -2
11-01 12:01:09.594 353 353 E TcUtils : NLMSG_ERROR message return error: -2
11-01 12:01:09.594 353 353 E TcUtils : NLMSG_ERROR message return error: -2
11-01 12:01:09.595 353 353 E TcUtils : NLMSG_ERROR message return error: -2
11-01 12:01:09.595 353 353 E TcUtils : NLMSG_ERROR message return error: -2
11-01 12:01:09.595 353 353 E TcUtils : NLMSG_ERROR message return error: -2
11-01 12:01:09.595 353 353 I netd : leave NetworkController ctor
11-01 12:01:09.595 353 353 I netd : enter TetherController ctor
11-01 12:01:09.595 353 353 D TetherController: Setting IP forward enable = 0
11-01 12:01:10.458 0 0 I init : ... started service 'hidl_memory' has pid 358
11-01 12:01:10.464 0 0 I init : starting service 'vendor.audio-hal'...
11-01 12:01:09.597 353 353 I netd : leave TetherController ctor
11-01 12:01:09.603 358 358 I HidlServiceManagement: Registered android.hidl.allocator@1.0::IAllocator/ashmem
11-01 12:01:09.604 358 358 I HidlServiceManagement: Removing namespace from process name android.hidl.allocator@1.0-service to allocator@1.0-service.
11-01 12:01:10.473 0 0 I init : ... started service 'vendor.audio-hal' has pid 361
11-01 12:01:10.480 0 0 I init : starting service 'vendor.authsecret_default'...
11-01 12:01:09.623 353 353 I netd : Creating child chains: 19843us
11-01 12:01:09.623 353 353 I netd : Setting up OEM hooks: 68us
11-01 12:01:09.624 353 353 I netd : Setting up FirewallController hooks: 952us
11-01 12:01:09.626 353 353 I netd : Setting up TetherController hooks: 1715us
11-01 12:01:09.627 353 353 I netd : Setting up BandwidthController hooks: 1005us
11-01 12:01:09.627 353 353 I netd : Setting up IdletimerController hooks: 63us
11-01 12:01:10.494 0 0 I init : ... started service 'vendor.authsecret_default' has pid 363
11-01 12:01:10.499 0 0 I init : starting service 'vendor.camera-provider-ranchu'...
11-01 12:01:09.633 353 353 I netd : Setting up StrictController hooks: 5796us
11-01 12:01:09.636 353 353 I netd : Enabling bandwidth control: 2931us
11-01 12:01:09.637 353 353 I netd : Initializing RouteController: 908us
11-01 12:01:09.637 353 353 D XfrmController: XfrmController::ipSecAddXfrmInterface, line=1497
11-01 12:01:09.637 353 353 D XfrmController: XfrmController::ipSecRemoveTunnelInterface, line=1710
11-01 12:01:09.637 353 353 D XfrmController: deviceName=ipsec_test
11-01 12:01:10.506 0 0 I init : ... started service 'vendor.camera-provider-ranchu' has pid 364
11-01 12:01:10.512 0 0 I init : starting service 'vendor.camera-provider-2-7-google'...
11-01 12:01:10.518 0 0 I servicemanager: getDeviceHalManifest: Reloading VINTF information.
11-01 12:01:10.523 0 0 I servicemanager: getDeviceHalManifest: Reading VINTF information.
11-01 12:01:09.666 353 353 D XfrmController: Sending Netlink XFRM Message: XFRM_MSG_FLUSHSA
11-01 12:01:09.666 353 353 D XfrmController: Sending Netlink XFRM Message: XFRM_MSG_FLUSHPOLICY
11-01 12:01:09.666 353 353 I netd : Initializing XfrmController: 28964us
11-01 12:01:10.533 0 0 I servicemanager: getDeviceHalManifest: Successfully processed VINTF information
11-01 12:01:10.538 0 0 I init : ... started service 'vendor.camera-provider-2-7-google' has pid 365
11-01 12:01:10.538 0 0 I init : starting service 'vendor.gatekeeper-1-0'...
11-01 12:01:10.544 0 0 I servicemanager: Found android.hardware.authsecret.IAuthSecret/default in device VINTF manifest.
11-01 12:01:09.691 165 165 I hwservicemanager: getDeviceHalManifest: Reloading VINTF information.
11-01 12:01:09.691 165 165 I hwservicemanager: getDeviceHalManifest: Reading VINTF information.
11-01 12:01:09.695 165 165 I hwservicemanager: getDeviceHalManifest: Successfully processed VINTF information
11-01 12:01:09.696 353 353 I resolv : resolv_init: Initializing resolver
11-01 12:01:10.567 0 0 I init : ... started service 'vendor.gatekeeper-1-0' has pid 369
11-01 12:01:10.572 0 0 I init : starting service 'vendor.gralloc-3-0'...
11-01 12:01:09.706 353 353 I netd : Registering NetdNativeService: 149us
11-01 12:01:09.706 353 353 I netd : Registering MDnsService: 255us
11-01 12:01:10.578 0 0 I init : ... started service 'vendor.gralloc-3-0' has pid 376
11-01 12:01:10.579 0 0 I servicemanager: Found android.system.net.netd.INetd/default in framework VINTF manifest.
11-01 12:01:10.582 0 0 I init : starting service 'vendor.health-default'...
11-01 12:01:09.712 353 353 I HidlServiceManagement: Registered android.system.net.netd@1.1::INetd/default
11-01 12:01:09.712 353 353 I netd : Registering NetdHwService: 5234us
11-01 12:01:09.712 353 353 I netd : Netd started in 139834us
11-01 12:01:10.594 0 0 I init : ... started service 'vendor.health-default' has pid 383
11-01 12:01:10.599 0 0 I init : starting service 'android-hardware-media-c2-goldfish-hal-1-0'...
11-01 12:01:09.740 369 369 I HidlServiceManagement: Registered android.hardware.gatekeeper@1.0::IGatekeeper/default
11-01 12:01:09.740 369 369 I HidlServiceManagement: Removing namespace from process name android.hardware.gatekeeper@1.0-service.software to gatekeeper@1.0-service.software.
11-01 12:01:10.606 0 0 I init : ... started service 'android-hardware-media-c2-goldfish-hal-1-0' has pid 384
11-01 12:01:10.612 0 0 I init : starting service 'neuralnetworks_hal_service_aidl_sample_all'...
11-01 12:01:09.772 361 361 I HidlServiceManagement: Registered android.hardware.audio@7.1::IDevicesFactory/default
11-01 12:01:09.772 361 361 I HidlServiceManagement: Removing namespace from process name android.hardware.audio.service to audio.service.
11-01 12:01:09.773 361 361 I LegacySupport: Registration complete for android.hardware.audio@7.1::IDevicesFactory/default.
11-01 12:01:09.776 376 376 I HidlServiceManagement: Registered android.hardware.graphics.allocator@3.0::IAllocator/default
11-01 12:01:09.776 376 376 I HidlServiceManagement: Removing namespace from process name android.hardware.graphics.allocator@3.0-service.ranchu to allocator@3.0-service.ranchu.
11-01 12:01:09.776 376 376 I android.hardware.graphics.allocator@3.0-service.ranchu: graphics IAllocator@3.0 service is initialized
11-01 12:01:09.778 383 383 I android.hardware.health-service.example: Starting health HAL.
11-01 12:01:09.778 383 383 I android.hardware.health-service.example: default instance initializing with healthd_config...
11-01 12:01:10.639 0 0 I init : ... started service 'neuralnetworks_hal_service_aidl_sample_all' has pid 385
11-01 12:01:10.646 0 0 I servicemanager: Found android.hardware.camera.provider.ICameraProvider/internal/1 in device VINTF manifest.
11-01 12:01:10.646 0 0 I init : starting service 'neuralnetworks_hal_service_aidl_sample_limited'...
11-01 12:01:10.648 0 0 I init : ... started service 'neuralnetworks_hal_service_aidl_sample_limited' has pid 391
11-01 12:01:10.649 0 0 W healthd : batteryCapacityLevelPath not found
11-01 12:01:10.649 0 0 W healthd : batteryChargeTimeToFullNowPath. not found
11-01 12:01:10.649 0 0 W healthd : batteryFullChargeDesignCapacityUahPath. not found
11-01 12:01:10.649 0 0 W healthd : batteryStateOfHealthPath not found
11-01 12:01:10.649 0 0 W healthd : batteryHealthStatusPath not found
11-01 12:01:10.649 0 0 W healthd : batteryManufacturingDatePath not found
11-01 12:01:10.649 0 0 W healthd : batteryFirstUsageDatePath not found
11-01 12:01:10.649 0 0 W healthd : chargingStatePath not found
11-01 12:01:10.649 0 0 W healthd : chargingPolicyPath not found
11-01 12:01:09.784 365 365 I android.hardware.pixel.camera.provider@2.7-service: Google camera provider service is starting.
11-01 12:01:09.784 365 365 E ProcessState: vndservicemanager is not started on this device, you can save resources/threads by not initializing ProcessState with /dev/vndbinder.
11-01 12:01:09.784 365 365 I android.hardware.pixel.camera.provider@2.7-service: Not using ApexUpdateListener since not running in an apex.
11-01 12:01:09.785 365 365 I GCH_CameraProvider: CreateHwl:Loading libgooglecamerahwl_impl.so library
11-01 12:01:10.657 0 0 I servicemanager: Found android.hardware.health.IHealth/default in device VINTF manifest.
11-01 12:01:10.659 0 0 I init : starting service 'neuralnetworks_hal_service_shim_sample'...
11-01 12:01:09.794 383 383 I android.hardware.health-service.example: default: Hal init done
11-01 12:01:10.671 0 0 W healthd : battery l=100 v=5000 t=25.0 h=2 st=2 c=900000 fc=3000000 cc=10 chg=a
11-01 12:01:10.675 0 0 I init : ... started service 'neuralnetworks_hal_service_shim_sample' has pid 394
11-01 12:01:09.823 361 361 I HidlServiceManagement: Registered android.hardware.audio.effect@7.0::IEffectsFactory/default
11-01 12:01:09.823 361 361 I LegacySupport: Registration complete for android.hardware.audio.effect@7.0::IEffectsFactory/default.
11-01 12:01:09.823 165 165 I hwservicemanager: getTransport: Cannot find entry android.hardware.soundtrigger@2.3::ISoundTriggerHw/default in either framework or device VINTF manifest.
11-01 12:01:09.824 361 361 E LegacySupport: Could not get passthrough implementation for android.hardware.soundtrigger@2.3::ISoundTriggerHw/default.
11-01 12:01:09.825 165 165 I hwservicemanager: getTransport: Cannot find entry android.hardware.soundtrigger@2.2::ISoundTriggerHw/default in either framework or device VINTF manifest.
11-01 12:01:09.825 361 361 E LegacySupport: Could not get passthrough implementation for android.hardware.soundtrigger@2.2::ISoundTriggerHw/default.
11-01 12:01:09.825 165 165 I hwservicemanager: getTransport: Cannot find entry android.hardware.soundtrigger@2.1::ISoundTriggerHw/default in either framework or device VINTF manifest.
11-01 12:01:09.825 361 361 E LegacySupport: Could not get passthrough implementation for android.hardware.soundtrigger@2.1::ISoundTriggerHw/default.
11-01 12:01:09.826 165 165 I hwservicemanager: getTransport: Cannot find entry android.hardware.soundtrigger@2.0::ISoundTriggerHw/default in either framework or device VINTF manifest.
11-01 12:01:09.826 361 361 E LegacySupport: Could not get passthrough implementation for android.hardware.soundtrigger@2.0::ISoundTriggerHw/default.
11-01 12:01:09.826 361 361 W audiohalservice: Could not register Soundtrigger API
11-01 12:01:09.826 165 165 I hwservicemanager: getTransport: Cannot find entry android.hardware.bluetooth.audio@2.2::IBluetoothAudioProvidersFactory/default in either framework or device VINTF manifest.
11-01 12:01:09.827 361 361 E LegacySupport: Could not get passthrough implementation for android.hardware.bluetooth.audio@2.2::IBluetoothAudioProvidersFactory/default.
11-01 12:01:09.827 165 165 I hwservicemanager: getTransport: Cannot find entry android.hardware.bluetooth.audio@2.1::IBluetoothAudioProvidersFactory/default in either framework or device VINTF manifest.
11-01 12:01:09.828 361 361 E LegacySupport: Could not get passthrough implementation for android.hardware.bluetooth.audio@2.1::IBluetoothAudioProvidersFactory/default.
11-01 12:01:09.828 165 165 I hwservicemanager: getTransport: Cannot find entry android.hardware.bluetooth.audio@2.0::IBluetoothAudioProvidersFactory/default in either framework or device VINTF manifest.
11-01 12:01:09.828 361 361 E LegacySupport: Could not get passthrough implementation for android.hardware.bluetooth.audio@2.0::IBluetoothAudioProvidersFactory/default.
11-01 12:01:09.828 361 361 W audiohalservice: Could not register Bluetooth Audio API
11-01 12:01:09.828 165 165 I hwservicemanager: getTransport: Cannot find entry android.hardware.bluetooth.a2dp@1.0::IBluetoothAudioOffload/default in either framework or device VINTF manifest.
11-01 12:01:09.828 361 361 E LegacySupport: Could not get passthrough implementation for android.hardware.bluetooth.a2dp@1.0::IBluetoothAudioOffload/default.
11-01 12:01:09.828 361 361 W audiohalservice: Could not register Bluetooth Audio Offload API
11-01 12:01:10.701 0 0 I servicemanager: Found android.hardware.neuralnetworks.IDevice/nnapi-sample_quant in device VINTF manifest.
11-01 12:01:10.704 0 0 I init : starting service 'vendor.sensors-hal-multihal'...
11-01 12:01:09.852 365 365 I EmulatedCameraProviderHwlImpl: Create: Created EmulatedCameraProviderHwlImpl
11-01 12:01:09.852 365 365 E GCH_CameraProvider: Initialize: HWL doesn't support vendor buffer allocation Function not implemented(-38)
11-01 12:01:10.718 0 0 I servicemanager: Found android.hardware.neuralnetworks.IDevice/nnapi-sample_all in device VINTF manifest.
11-01 12:01:10.724 0 0 I init : ... started service 'vendor.sensors-hal-multihal' has pid 395
11-01 12:01:10.726 0 0 I servicemanager: Found android.hardware.camera.provider.ICameraProvider/internal/0 in device VINTF manifest.
11-01 12:01:10.730 0 0 I init : starting service 'vendor.thermal-hal-2-0-mock'...
11-01 12:01:10.740 0 0 I servicemanager: Found android.hardware.bluetooth.audio.IBluetoothAudioProviderFactory/default in device VINTF manifest.
11-01 12:01:09.891 361 361 I audiohalservice: createIBluetoothAudioProviderFactory() from android.hardware.bluetooth.audio-impl success
11-01 12:01:09.891 361 361 E audiohalservice: Failed to dlopen android.hardware.audio.sounddose-vendor-impl.so: dlopen failed: library "android.hardware.audio.sounddose-vendor-impl.so" not found
11-01 12:01:09.891 361 361 W audiohalservice: createISoundDoseFactory() from android.hardware.audio.sounddose-vendor-impl failed
11-01 12:01:09.903 394 394 I Manager : DeviceManager::DeviceManager
11-01 12:01:09.904 394 394 I Manager : findAvailableDevices
11-01 12:01:09.904 394 394 I Manager : Enabled devices: .*
11-01 12:01:09.905 384 384 D android.hardware.media.c2@1.0-service-goldfish: Goldfish C2 Service starting...
11-01 12:01:09.907 384 384 W android.hardware.media.c2@1.0-service-goldfish: Could not read additional policy file '/vendor/etc/seccomp_policy/codec2.vendor.ext.policy'
11-01 12:01:09.908 384 384 W android.hardware.media.c2@1.0-service-goldfish: libminijail[384]: failed to get path of fd 5: No such file or directory
11-01 12:01:09.908 384 384 W android.hardware.media.c2@1.0-service-goldfish: libminijail[384]: allowing syscall: socket
11-01 12:01:09.908 384 384 W android.hardware.media.c2@1.0-service-goldfish: libminijail[384]: allowing syscall: connect
11-01 12:01:09.908 384 384 W android.hardware.media.c2@1.0-service-goldfish: libminijail[384]: allowing syscall: fcntl
11-01 12:01:09.908 384 384 W android.hardware.media.c2@1.0-service-goldfish: libminijail[384]: allowing syscall: writev
11-01 12:01:09.908 384 384 W android.hardware.media.c2@1.0-service-goldfish: libminijail[384]: compile_file: (20): nonexistent syscall 'getuid32'
11-01 12:01:09.908 384 384 W android.hardware.media.c2@1.0-service-goldfish: libminijail[384]: compile_file: (26): nonexistent syscall 'mmap2'
11-01 12:01:09.908 384 384 W android.hardware.media.c2@1.0-service-goldfish: libminijail[384]: compile_file: (28): nonexistent syscall 'fstat64'
11-01 12:01:09.908 384 384 W android.hardware.media.c2@1.0-service-goldfish: libminijail[384]: compile_file: (30): nonexistent syscall 'stat64'
11-01 12:01:09.908 384 384 W android.hardware.media.c2@1.0-service-goldfish: libminijail[384]: compile_file: (31): nonexistent syscall 'statfs64'
11-01 12:01:09.908 384 384 W android.hardware.media.c2@1.0-service-goldfish: libminijail[384]: compile_file: (33): nonexistent syscall 'fstatat64'
11-01 12:01:09.908 384 384 W android.hardware.media.c2@1.0-service-goldfish: libminijail[384]: compile_file: (38): nonexistent syscall '_llseek'
11-01 12:01:09.908 384 384 W android.hardware.media.c2@1.0-service-goldfish: libminijail[384]: compile_file: (47): nonexistent syscall 'ugetrlimit'
11-01 12:01:09.908 384 384 W android.hardware.media.c2@1.0-service-goldfish: libminijail[384]: compile_file: (50): nonexistent syscall '_llseek'
11-01 12:01:09.908 384 384 W android.hardware.media.c2@1.0-service-goldfish: libminijail[384]: compile_file: (51): nonexistent syscall 'fstatfs64'
11-01 12:01:09.908 384 384 W android.hardware.media.c2@1.0-service-goldfish: libminijail[384]: compile_file: (63): nonexistent syscall 'ftruncate64'
11-01 12:01:09.908 384 384 W android.hardware.media.c2@1.0-service-goldfish: libminijail[384]: compile_file: (69): syscall gettid redefined here
11-01 12:01:09.908 384 384 W android.hardware.media.c2@1.0-service-goldfish: libminijail[384]: compile_file: (66): previous definition here
11-01 12:01:09.909 394 394 I Manager : Found interface nnapi-sample_sl (version = JUST_AN_EXAMPLE)
11-01 12:01:09.909 394 394 I ShimDeviceManager: Attempting service registration for android.hardware.neuralnetworks.IDevice/nnapi-sample_sl_shim
11-01 12:01:09.910 384 384 W android.hardware.media.c2@1.0-service-goldfish: libminijail[384]: compile_file: /system/etc/seccomp_policy/crash_dump.x86.policy(1): syscall read redefined here
11-01 12:01:09.910 384 384 W android.hardware.media.c2@1.0-service-goldfish: libminijail[384]: compile_file: (15): previous definition here
11-01 12:01:09.911 384 384 W android.hardware.media.c2@1.0-service-goldfish: libminijail[384]: compile_file: /system/etc/seccomp_policy/crash_dump.x86.policy(2): syscall write redefined here
11-01 12:01:09.911 384 384 W android.hardware.media.c2@1.0-service-goldfish: libminijail[384]: compile_file: (57): previous definition here
11-01 12:01:09.911 384 384 W android.hardware.media.c2@1.0-service-goldfish: libminijail[384]: compile_file: /system/etc/seccomp_policy/crash_dump.x86.policy(3): syscall exit redefined here
11-01 12:01:09.911 384 384 W android.hardware.media.c2@1.0-service-goldfish: libminijail[384]: compile_file: (44): previous definition here
11-01 12:01:09.911 384 384 W android.hardware.media.c2@1.0-service-goldfish: libminijail[384]: compile_file: /system/etc/seccomp_policy/crash_dump.x86.policy(4): syscall rt_sigreturn redefined here
11-01 12:01:09.911 384 384 W android.hardware.media.c2@1.0-service-goldfish: libminijail[384]: compile_file: (46): previous definition here
11-01 12:01:09.911 384 384 W android.hardware.media.c2@1.0-service-goldfish: libminijail[384]: compile_file: /system/etc/seccomp_policy/crash_dump.x86.policy(5): nonexistent syscall 'sigreturn'
11-01 12:01:09.911 384 384 W android.hardware.media.c2@1.0-service-goldfish: libminijail[384]: compile_file: /system/etc/seccomp_policy/crash_dump.x86.policy(6): syscall exit_group redefined here
11-01 12:01:09.911 384 384 W android.hardware.media.c2@1.0-service-goldfish: libminijail[384]: compile_file: (45): previous definition here
11-01 12:01:09.912 384 384 W android.hardware.media.c2@1.0-service-goldfish: libminijail[384]: compile_file: /system/etc/seccomp_policy/crash_dump.x86.policy(9): syscall futex redefined here
11-01 12:01:09.912 384 384 W android.hardware.media.c2@1.0-service-goldfish: libminijail[384]: compile_file: (35): previous definition here
11-01 12:01:09.913 384 384 W android.hardware.media.c2@1.0-service-goldfish: libminijail[384]: compile_file: /system/etc/seccomp_policy/crash_dump.x86.policy(11): syscall getpid redefined here
11-01 12:01:09.913 384 384 W android.hardware.media.c2@1.0-service-goldfish: libminijail[384]: compile_file: (68): previous definition here
11-01 12:01:09.913 384 384 W android.hardware.media.c2@1.0-service-goldfish: libminijail[384]: compile_file: /system/etc/seccomp_policy/crash_dump.x86.policy(12): syscall gettid redefined here
11-01 12:01:09.913 384 384 W android.hardware.media.c2@1.0-service-goldfish: libminijail[384]: compile_file: (66): previous definition here
11-01 12:01:09.913 384 384 W android.hardware.media.c2@1.0-service-goldfish: libminijail[384]: compile_file: /system/etc/seccomp_policy/crash_dump.x86.policy(15): syscall openat redefined here
11-01 12:01:09.913 384 384 W android.hardware.media.c2@1.0-service-goldfish: libminijail[384]: compile_file: (18): previous definition here
11-01 12:01:09.913 384 384 W android.hardware.media.c2@1.0-service-goldfish: libminijail[384]: compile_file: /system/etc/seccomp_policy/crash_dump.x86.policy(16): syscall dup redefined here
11-01 12:01:09.913 384 384 W android.hardware.media.c2@1.0-service-goldfish: libminijail[384]: compile_file: (55): previous definition here
11-01 12:01:09.913 384 384 W android.hardware.media.c2@1.0-service-goldfish: libminijail[384]: compile_file: /system/etc/seccomp_policy/crash_dump.x86.policy(17): syscall close redefined here
11-01 12:01:09.913 384 384 W android.hardware.media.c2@1.0-service-goldfish: libminijail[384]: compile_file: (25): previous definition here
11-01 12:01:09.913 384 384 W android.hardware.media.c2@1.0-service-goldfish: libminijail[384]: compile_file: /system/etc/seccomp_policy/crash_dump.x86.policy(18): syscall lseek redefined here
11-01 12:01:09.913 384 384 W android.hardware.media.c2@1.0-service-goldfish: libminijail[384]: compile_file: (39): previous definition here
11-01 12:01:09.913 384 384 W android.hardware.media.c2@1.0-service-goldfish: libminijail[384]: compile_file: /system/etc/seccomp_policy/crash_dump.x86.policy(20): syscall faccessat redefined here
11-01 12:01:09.913 384 384 W android.hardware.media.c2@1.0-service-goldfish: libminijail[384]: compile_file: (37): previous definition here
11-01 12:01:09.913 384 384 W android.hardware.media.c2@1.0-service-goldfish: libminijail[384]: compile_file: /system/etc/seccomp_policy/crash_dump.x86.policy(29): syscall prctl redefined here
11-01 12:01:09.914 384 384 W android.hardware.media.c2@1.0-service-goldfish: libminijail[384]: compile_file: (17): previous definition here
11-01 12:01:09.914 384 384 W android.hardware.media.c2@1.0-service-goldfish: libminijail[384]: compile_file: /system/etc/seccomp_policy/crash_dump.x86.policy(30): syscall madvise redefined here
11-01 12:01:09.914 384 384 W android.hardware.media.c2@1.0-service-goldfish: libminijail[384]: compile_file: (32): previous definition here
11-01 12:01:09.914 384 384 W android.hardware.media.c2@1.0-service-goldfish: libminijail[384]: compile_file: /system/etc/seccomp_policy/crash_dump.x86.policy(31): syscall mprotect redefined here
11-01 12:01:09.914 384 384 W android.hardware.media.c2@1.0-service-goldfish: libminijail[384]: compile_file: (16): previous definition here
11-01 12:01:09.914 384 384 W android.hardware.media.c2@1.0-service-goldfish: libminijail[384]: compile_file: /system/etc/seccomp_policy/crash_dump.x86.policy(32): syscall munmap redefined here
11-01 12:01:09.914 384 384 W android.hardware.media.c2@1.0-service-goldfish: libminijail[384]: compile_file: (36): previous definition here
11-01 12:01:09.914 384 384 W android.hardware.media.c2@1.0-service-goldfish: libminijail[384]: compile_file: /system/etc/seccomp_policy/crash_dump.x86.policy(33): nonexistent syscall 'getuid32'
11-01 12:01:09.914 384 384 W android.hardware.media.c2@1.0-service-goldfish: libminijail[384]: compile_file: /system/etc/seccomp_policy/crash_dump.x86.policy(34): nonexistent syscall 'fstat64'
11-01 12:01:09.914 384 384 W android.hardware.media.c2@1.0-service-goldfish: libminijail[384]: compile_file: /system/etc/seccomp_policy/crash_dump.x86.policy(35): nonexistent syscall 'mmap2'
11-01 12:01:09.915 384 384 W android.hardware.media.c2@1.0-service-goldfish: libminijail[384]: compile_file: /system/etc/seccomp_policy/crash_dump.x86.policy(36): nonexistent syscall 'geteuid32'
11-01 12:01:09.915 384 384 W android.hardware.media.c2@1.0-service-goldfish: libminijail[384]: compile_file: /system/etc/seccomp_policy/crash_dump.x86.policy(37): nonexistent syscall 'getgid32'
11-01 12:01:09.915 384 384 W android.hardware.media.c2@1.0-service-goldfish: libminijail[384]: compile_file: /system/etc/seccomp_policy/crash_dump.x86.policy(38): nonexistent syscall 'getegid32'
11-01 12:01:09.915 384 384 W android.hardware.media.c2@1.0-service-goldfish: libminijail[384]: compile_file: /system/etc/seccomp_policy/crash_dump.x86.policy(39): nonexistent syscall 'getgroups32'
11-01 12:01:09.915 384 384 W android.hardware.media.c2@1.0-service-goldfish: libminijail[384]: logging seccomp filter failures
11-01 12:01:09.916 384 384 D android.hardware.media.c2@1.0-service-goldfish: Instantiating Codec2's Goldfish IComponentStore service...
11-01 12:01:09.916 384 384 I GoldfishComponentStore: Create()
11-01 12:01:09.916 384 384 W GoldfishComponentStore: created goldfish store 0x7b04d76a04b0 reflector of param 0x7b03e769c568
11-01 12:01:09.916 384 384 D GoldfishComponentStore: useAndroidGoldfishComponentInstance 253 found prop ro.boot.qemu.hwcodec.vpxdec val 2
11-01 12:01:09.916 384 384 D GoldfishComponentStore: useAndroidGoldfishComponentInstance 253 found prop ro.boot.qemu.hwcodec.avcdec val 2
11-01 12:01:09.916 384 384 D GoldfishComponentStore: useAndroidGoldfishComponentInstance 253 found prop ro.boot.qemu.hwcodec.hevcdec val 2
11-01 12:01:10.772 0 0 I init : ... started service 'vendor.thermal-hal-2-0-mock' has pid 396
11-01 12:01:10.779 0 0 I init : starting service 'vendor.usb_default'...
11-01 12:01:10.781 0 0 I servicemanager: Found android.hardware.neuralnetworks.IDevice/nnapi-sample_sl_shim in device VINTF manifest.
11-01 12:01:10.785 0 0 I init : ... started service 'vendor.usb_default' has pid 397
11-01 12:01:09.921 394 394 I ShimDeviceManager: 1 NNAPI Devices/services registered, blocking
11-01 12:01:09.922 384 384 I HidlServiceManagement: Registered android.hardware.media.c2@1.0::IComponentStore/default
11-01 12:01:09.923 384 384 I HidlServiceManagement: Removing namespace from process name android.hardware.media.c2@1.0-service-goldfish to c2@1.0-service-goldfish.
11-01 12:01:09.923 384 384 I android.hardware.media.c2@1.0-service-goldfish: Codec2's IComponentStore service created.
11-01 12:01:09.928 396 396 I android.hardware.thermal@2.0-service-mock: Thermal HAL Service Mock 2.0 starting...
11-01 12:01:10.795 0 0 I init : starting service 'vendor.wifi_hal_legacy'...
11-01 12:01:09.930 396 396 I HidlServiceManagement: Registered android.hardware.thermal@2.0::IThermal/default
11-01 12:01:09.930 396 396 I HidlServiceManagement: Removing namespace from process name android.hardware.thermal@2.0-service.mock to thermal@2.0-service.mock.
11-01 12:01:09.930 396 396 I android.hardware.thermal@2.0-service-mock: Thermal Service started successfully.
11-01 12:01:10.802 0 0 I init : ... started service 'vendor.wifi_hal_legacy' has pid 400
11-01 12:01:10.804 0 0 I servicemanager: Found android.hardware.usb.IUsb/default in device VINTF manifest.
11-01 12:01:10.807 0 0 I init : starting service 'vendor.bluetooth-default'...
11-01 12:01:09.948 395 395 I android.hardware.sensors@2.1-impl.ranchu: MultihalSensors:74: host sensors mask=207ff, available sensors mask=207ff
11-01 12:01:09.948 395 395 E SensorsMultiHal: Failed to load subHal config file: /odm/etc/sensors/hals.conf
11-01 12:01:10.819 0 0 I init : ... started service 'vendor.bluetooth-default' has pid 401
11-01 12:01:10.820 0 0 I servicemanager: Found android.hardware.sensors.ISensors/default in device VINTF manifest.
11-01 12:01:10.825 0 0 I init : starting service 'vendor.cas-default'...
11-01 12:01:09.960 401 401 I aidl.android.hardware.bluetooth.service.default: Bluetooth HAL starting
11-01 12:01:10.833 0 0 I servicemanager: Found android.hardware.bluetooth.IBluetoothHci/default in device VINTF manifest.
11-01 12:01:10.837 0 0 I init : ... started service 'vendor.cas-default' has pid 404
11-01 12:01:09.967 400 400 I android.hardware.wifi-service: Wifi Hal is booting up...
11-01 12:01:10.842 0 0 I servicemanager: Found android.hardware.wifi.IWifi/default in device VINTF manifest.
11-01 12:01:10.847 0 0 I init : starting service 'vendor.contexthub-default'...
11-01 12:01:10.002 400 400 I android.hardware.wifi-service: Joining RPC thread pool
11-01 12:01:10.876 0 0 I init : ... started service 'vendor.contexthub-default' has pid 406
11-01 12:01:10.885 0 0 I init : starting service 'vendor.face-default'...
11-01 12:01:10.888 0 0 I servicemanager: Found android.hardware.cas.IMediaCasService/default in device VINTF manifest.
11-01 12:01:10.893 0 0 I init : ... started service 'vendor.face-default' has pid 407
11-01 12:01:10.898 0 0 I servicemanager: Found android.hardware.contexthub.IContextHub/default in device VINTF manifest.
11-01 12:01:10.902 0 0 I init : starting service 'vendor.hwcomposer-3'...
11-01 12:01:10.045 407 407 I android.hardware.biometrics.face-service.example: Face HAL started
11-01 12:01:10.916 0 0 I init : ... started service 'vendor.hwcomposer-3' has pid 408
11-01 12:01:10.917 0 0 I servicemanager: Found android.hardware.biometrics.face.IFace/default in device VINTF manifest.
11-01 12:01:10.920 0 0 I init : starting service 'vendor.identity-default'...
11-01 12:01:10.935 0 0 I init : ... started service 'vendor.identity-default' has pid 409
11-01 12:01:10.940 0 0 I init : starting service 'vendor.light-default'...
11-01 12:01:10.946 0 0 I init : ... started service 'vendor.light-default' has pid 410
11-01 12:01:10.951 0 0 I init : starting service 'vendor.power-default'...
11-01 12:01:10.957 0 0 I init : ... started service 'vendor.power-default' has pid 411
11-01 12:01:10.959 0 0 I servicemanager: Found android.hardware.identity.IIdentityCredentialStore/default in device VINTF manifest.
11-01 12:01:10.962 0 0 I init : starting service 'vendor.power.stats-default'...
11-01 12:01:10.101 408 408 I RanchuHwc: RanchuHWC (HWComposer3/HWC3) starting up...
11-01 12:01:10.973 0 0 I servicemanager: Found android.hardware.graphics.composer3.IComposer/default in device VINTF manifest.
11-01 12:01:10.976 0 0 I init : ... started service 'vendor.power.stats-default' has pid 412
11-01 12:01:10.981 0 0 I servicemanager: Found android.hardware.light.ILights/default in device VINTF manifest.
11-01 12:01:10.985 0 0 I init : starting service 'vendor.rebootescrow-default'...
11-01 12:01:10.991 0 0 I servicemanager: Found android.hardware.power.IPower/default in device VINTF manifest.
11-01 12:01:10.997 0 0 I init : ... started service 'vendor.rebootescrow-default' has pid 414
11-01 12:01:11.002 0 0 I servicemanager: Found android.hardware.power.stats.IPowerStats/default in device VINTF manifest.
11-01 12:01:10.141 354 354 D AndroidRuntime: >>>>>> START com.android.internal.os.ZygoteInit uid 0 <<<<<<
11-01 12:01:11.006 0 0 I init : starting service 'vendor.vibrator-default'...
11-01 12:01:10.151 354 354 I AndroidRuntime: Using default boot image
11-01 12:01:10.151 354 354 I AndroidRuntime: Leaving lock profiling enabled
11-01 12:01:11.013 0 0 I servicemanager: Found android.hardware.rebootescrow.IRebootEscrow/default in device VINTF manifest.
11-01 12:01:11.019 0 0 I init : ... started service 'vendor.vibrator-default' has pid 415
11-01 12:01:10.154 354 354 I zygote64: option[0]=-Xzygote
11-01 12:01:10.154 354 354 I zygote64: option[1]=exit
11-01 12:01:10.154 354 354 I zygote64: option[2]=vfprintf
11-01 12:01:10.154 354 354 I zygote64: option[3]=sensitiveThread
11-01 12:01:10.154 354 354 I zygote64: option[4]=-verbose:gc
11-01 12:01:10.154 354 354 I zygote64: option[5]=-XX:PerfettoHprof=true
11-01 12:01:10.154 354 354 I zygote64: option[6]=-XX:PerfettoJavaHeapStackProf=true
11-01 12:01:10.154 354 354 I zygote64: option[7]=-Xprimaryzygote
11-01 12:01:10.155 354 354 I zygote64: option[8]=-Xms8m
11-01 12:01:10.155 354 354 I zygote64: option[9]=-Xmx576m
11-01 12:01:10.155 354 354 I zygote64: option[10]=-XX:HeapGrowthLimit=192m
11-01 12:01:10.155 354 354 I zygote64: option[11]=-XX:HeapMinFree=512k
11-01 12:01:10.155 354 354 I zygote64: option[12]=-XX:HeapMaxFree=8m
11-01 12:01:10.155 354 354 I zygote64: option[13]=-XX:HeapTargetUtilization=0.75
11-01 12:01:10.155 354 354 I zygote64: option[14]=-Xusejit:true
11-01 12:01:10.155 354 354 I zygote64: option[15]=-Xjitsaveprofilinginfo
11-01 12:01:10.155 354 354 I zygote64: option[16]=-XMadviseWillNeedVdexFileSize:104857600
11-01 12:01:10.155 354 354 I zygote64: option[17]=-XMadviseWillNeedOdexFileSize:104857600
11-01 12:01:10.155 354 354 I zygote64: option[18]=-XMadviseWillNeedArtFileSize:4294967295
11-01 12:01:10.155 354 354 I zygote64: option[19]=-XjdwpOptions:suspend=n,server=y
11-01 12:01:10.155 354 354 I zygote64: option[20]=-XjdwpProvider:default
11-01 12:01:10.155 354 354 I zygote64: option[21]=-Xopaque-jni-ids:swapable
11-01 12:01:10.155 354 354 I zygote64: option[22]=-Xlockprofthreshold:500
11-01 12:01:10.155 354 354 I zygote64: option[23]=-Xcompiler-option
11-01 12:01:10.155 354 354 I zygote64: option[24]=--instruction-set-variant=x86_64
11-01 12:01:10.156 354 354 I zygote64: option[25]=-Xcompiler-option
11-01 12:01:10.156 354 354 I zygote64: option[26]=--instruction-set-features=default
11-01 12:01:10.156 354 354 I zygote64: option[27]=-Xcompiler-option
11-01 12:01:10.156 354 354 I zygote64: option[28]=--generate-mini-debug-info
11-01 12:01:10.156 354 354 I zygote64: option[29]=-Ximage-compiler-option
11-01 12:01:10.156 354 354 I zygote64: option[30]=--runtime-arg
11-01 12:01:10.156 354 354 I zygote64: option[31]=-Ximage-compiler-option
11-01 12:01:10.156 354 354 I zygote64: option[32]=-Xms64m
11-01 12:01:10.156 354 354 I zygote64: option[33]=-Ximage-compiler-option
11-01 12:01:10.156 354 354 I zygote64: option[34]=--runtime-arg
11-01 12:01:10.156 354 354 I zygote64: option[35]=-Ximage-compiler-option
11-01 12:01:10.156 354 354 I zygote64: option[36]=-Xmx64m
11-01 12:01:10.156 354 354 I zygote64: option[37]=-Ximage-compiler-option
11-01 12:01:10.156 354 354 I zygote64: option[38]=--dirty-image-objects=/system/etc/dirty-image-objects
11-01 12:01:10.156 354 354 I zygote64: option[39]=-Ximage-compiler-option
11-01 12:01:10.156 354 354 I zygote64: option[40]=--instruction-set-variant=x86_64
11-01 12:01:10.156 354 354 I zygote64: option[41]=-Ximage-compiler-option
11-01 12:01:10.157 354 354 I zygote64: option[42]=--instruction-set-features=default
11-01 12:01:10.157 354 354 I zygote64: option[43]=-Ximage-compiler-option
11-01 12:01:10.157 354 354 I zygote64: option[44]=--generate-mini-debug-info
11-01 12:01:10.157 354 354 I zygote64: option[45]=-Duser.locale=en-US
11-01 12:01:10.157 354 354 I zygote64: option[46]=-XX:NativeBridge=libndk_translation.so
11-01 12:01:10.157 354 354 I zygote64: option[47]=--cpu-abilist=x86_64,arm64-v8a
11-01 12:01:10.157 354 354 I zygote64: option[48]=-Xcore-platform-api-policy:just-warn
11-01 12:01:10.157 354 354 I zygote64: option[49]=-Xfingerprint:google/sdk_gphone64_x86_64/emu64xa:14/UE1A.230829.019/10866155:userdebug/dev-keys
11-01 12:01:10.159 354 354 I zygote64: Core platform API reporting enabled, enforcing=false
11-01 12:01:10.160 354 354 I zygote64: Using CollectorTypeCC GC.
11-01 12:01:11.029 0 0 I init : starting service 'vendor.drm-widevine-hal'...
11-01 12:01:11.035 0 0 I servicemanager: Found android.hardware.vibrator.IVibrator/default in device VINTF manifest.
11-01 12:01:11.038 0 0 I init : ... started service 'vendor.drm-widevine-hal' has pid 416
11-01 12:01:11.046 0 0 I servicemanager: Found android.hardware.vibrator.IVibratorManager/default in device VINTF manifest.
11-01 12:01:11.049 0 0 I init : Command 'class_start hal' action=boot (/system/etc/init/hw/init.rc:1210) took 621ms and succeeded
11-01 12:01:11.063 0 0 I init : service 'ueventd' requested start, but it is already running (flags: 2084)
11-01 12:01:11.069 0 0 I init : service 'console' requested start, but it is already running (flags: 2196)
11-01 12:01:11.075 0 0 I init : service 'apexd' requested start, but it is already running (flags: 134)
11-01 12:01:11.081 0 0 I init : starting service 'audioserver'...
11-01 12:01:11.087 0 0 I init : ... started service 'audioserver' has pid 417
11-01 12:01:11.091 0 0 I init : starting service 'credstore'...
11-01 12:01:11.098 0 0 I init : ... started service 'credstore' has pid 418
11-01 12:01:11.104 0 0 I init : starting service 'gpu'...
11-01 12:01:11.110 0 0 I init : ... started service 'gpu' has pid 419
11-01 12:01:11.114 0 0 I init : service 'lmkd' requested start, but it is already running (flags: 36)
11-01 12:01:11.119 0 0 I init : service 'servicemanager' requested start, but it is already running (flags: 2084)
11-01 12:01:11.126 0 0 I init : starting service 'surfaceflinger'...
11-01 12:01:11.129 0 0 I init : Could not create socket 'pdx/system/vr/display/client': Failed to bind socket 'pdx/system/vr/display/client': No such file or directory
11-01 12:01:11.138 0 0 I init : Could not create socket 'pdx/system/vr/display/manager': Failed to bind socket 'pdx/system/vr/display/manager': No such file or directory
11-01 12:01:11.147 0 0 I init : Could not create socket 'pdx/system/vr/display/vsync': Failed to bind socket 'pdx/system/vr/display/vsync': No such file or directory
11-01 12:01:11.179 0 0 I init : ... started service 'surfaceflinger' has pid 420
11-01 12:01:11.184 0 0 I init : service 'vold' requested start, but it is already running (flags: 2052)
11-01 12:01:10.326 418 418 I credstore: Registered binder service
11-01 12:01:11.190 0 0 I servicemanager: Found android.hardware.drm.IDrmFactory/widevine in device VINTF manifest.
11-01 12:01:11.193 0 0 I init : Command 'class_start core' action=boot (/system/etc/init/hw/init.rc:1212) took 130ms and succeeded
11-01 12:01:11.204 0 0 I init : processing action (persist.sys.usb.config=* && boot) from (/system/etc/init/hw/init.usb.rc:108)
11-01 12:01:11.216 0 0 I init : processing action (boot) from (/vendor/etc/init/hw/init.ranchu.rc:74)
11-01 12:01:11.222 0 0 I init : processing action (boot) from (/system/etc/init/dumpstate.rc:1)
11-01 12:01:11.227 0 0 I init : processing action (boot) from (/system/etc/init/gsid.rc:25)
11-01 12:01:11.233 0 0 I init : starting service 'exec 15 (/system/bin/gsid run-startup-tasks)'...
11-01 12:01:10.390 417 417 I FastMixerState: sMaxFastTracks = 8
11-01 12:01:11.265 0 0 I init : ... started service 'exec 15 (/system/bin/gsid run-startup-tasks)' has pid 427
11-01 12:01:11.276 0 0 I init : processing action (persist.device_config.profcollect_native_boot.enabled= && boot) from (/system/etc/init/profcollectd.rc:19)
11-01 12:01:11.285 0 0 I init : starting service 'exec 16 (/system/bin/profcollectctl reset)'...
11-01 12:01:11.292 0 0 I init : ... started service 'exec 16 (/system/bin/profcollectctl reset)' has pid 428
11-01 12:01:11.297 0 0 I init : processing action (enable_property_trigger) from (:0)
11-01 12:01:10.428 417 417 D audioserver: main: starting
11-01 12:01:10.428 417 417 V MediaUtils: physMem: 16380784640
11-01 12:01:10.428 417 417 V MediaUtils: requested limit: 536870912
11-01 12:01:10.428 417 417 I libc : malloc_limit: Allocation limit enabled, max size 536870912 bytes
11-01 12:01:11.303 0 0 I init : processing action (apexd.status=ready && ro.product.cpu.abilist64=*) from (/system/etc/init/hw/init.rc:490)
11-01 12:01:11.311 0 0 I init : starting service 'boringssl_self_test_apex64'...
11-01 12:01:10.455 417 417 W BatteryNotifier: batterystats service unavailable!
11-01 12:01:10.456 165 165 I hwservicemanager: getTransport: Cannot find entry android.hardware.audio.effect@7.1::IEffectsFactory/default in either framework or device VINTF manifest.
11-01 12:01:11.319 0 0 I init : ... started service 'boringssl_self_test_apex64' has pid 432
11-01 12:01:11.328 0 0 I init : SVC_EXEC service 'boringssl_self_test_apex64' pid 432 (uid 9999 gid 0+0 context default) started; waiting...
11-01 12:01:10.505 427 427 I gsid : no DSU: No such file or directory
11-01 12:01:10.509 165 165 I hwservicemanager: getTransport: Cannot find entry android.hardware.audio.effect@7.1::IEffectsFactory/default in either framework or device VINTF manifest.
11-01 12:01:10.513 417 417 I ServiceManagerCppClient: Waiting for service 'media.metrics' on '/dev/binder'...
11-01 12:01:11.378 0 0 I init : Service 'exec 15 (/system/bin/gsid run-startup-tasks)' (pid 427) exited with status 0 oneshot service took 0.138000 seconds in background
11-01 12:01:11.388 0 0 I init : Sending signal 9 to service 'exec 15 (/system/bin/gsid run-startup-tasks)' (pid 427) process group...
11-01 12:01:11.396 0 0 I libprocessgroup: Successfully killed process cgroup uid 0 pid 427 in 0ms
11-01 12:01:10.525 165 165 I hwservicemanager: getTransport: Cannot find entry android.hardware.configstore@1.0::ISurfaceFlingerConfigs/default in either framework or device VINTF manifest.
11-01 12:01:10.536 420 420 I SurfaceFlinger: Using HWComposer service: default
11-01 12:01:10.536 420 420 I SurfaceFlinger: SurfaceFlinger is starting
11-01 12:01:10.536 420 420 I SurfaceFlinger: Enabling backpressure for GPU composition
11-01 12:01:11.405 0 0 I init : Service 'boringssl_self_test_apex64' (pid 432) exited with status 0 waiting took 0.088000 seconds
11-01 12:01:11.412 0 0 I init : Sending signal 9 to service 'boringssl_self_test_apex64' (pid 432) process group...
11-01 12:01:11.419 0 0 I libprocessgroup: Successfully killed process cgroup uid 9999 pid 432 in 0ms
