11-01 12:00:59.100 0 0 I init : Parsing file /system/etc/init/hw/init.usb.rc...
11-01 12:00:59.105 0 0 I init : Parsing file /init.ranchu.rc...
11-01 12:00:59.108 0 0 I init : Unable to read config file '/init.ranchu.rc': open() failed: No such file or directory
11-01 12:00:59.115 0 0 I init : Parsing file /vendor/etc/init/hw/init.ranchu.rc...
11-01 12:00:59.121 0 0 I init : Parsing file /system/etc/init/hw/init.usb.configfs.rc...
11-01 12:00:59.126 0 0 I init : Parsing file /system/etc/init/hw/init.zygote64.rc...
11-01 12:00:59.131 0 0 I init : Parsing directory /system/etc/init...
11-01 12:00:59.135 0 0 I init : Parsing file /system/etc/init/android.hidl.allocator@1.0-service.rc...
11-01 12:00:59.141 0 0 I init : Parsing file /system/etc/init/android.system.suspend-service.rc...
11-01 12:00:59.147 0 0 I init : Parsing file /system/etc/init/apexd.rc...
11-01 12:00:59.152 0 0 I init : Parsing file /system/etc/init/atrace.rc...
11-01 12:00:59.159 0 0 I init : Parsing file /system/etc/init/atrace_userdebug.rc...
11-01 12:00:59.164 0 0 I init : Parsing file /system/etc/init/audioserver.rc...
11-01 12:00:59.169 0 0 I init : Parsing file /system/etc/init/blank_screen.rc...
11-01 12:00:59.174 0 0 I init : Parsing file /system/etc/init/bootanim.rc...
11-01 12:00:59.179 0 0 I init : Parsing file /system/etc/init/bootstat-debug.rc...
11-01 12:00:59.184 0 0 I init : Parsing file /system/etc/init/bootstat.rc...
11-01 12:00:59.189 0 0 I init : Parsing file /system/etc/init/bpfloader.rc...
11-01 12:00:59.194 0 0 I init : Parsing file /system/etc/init/cameraserver.rc...
11-01 12:00:59.199 0 0 I init : Parsing file /system/etc/init/clean_scratch_files.rc...
11-01 12:00:59.205 0 0 I init : Parsing file /system/etc/init/cppreopts.rc...
11-01 12:00:59.210 0 0 I init : Parsing file /system/etc/init/credstore.rc...
11-01 12:00:59.215 0 0 I init : Parsing file /system/etc/init/dmesgd.rc...
11-01 12:00:59.219 0 0 I init : Parsing file /system/etc/init/drmserver.rc...
11-01 12:00:59.224 0 0 I init : Parsing file /system/etc/init/dumpstate.rc...
11-01 12:00:59.229 0 0 I init : Parsing file /system/etc/init/flags_health_check.rc...
11-01 12:00:59.235 0 0 I init : Parsing file /system/etc/init/gatekeeperd.rc...
11-01 12:00:59.239 0 0 I init : Parsing file /system/etc/init/gpuservice.rc...
11-01 12:00:59.244 0 0 I init : Parsing file /system/etc/init/gsid.rc...
11-01 12:00:59.249 0 0 I init : Parsing file /system/etc/init/heapprofd.rc...
11-01 12:00:59.254 0 0 I init : Parsing file /system/etc/init/hwservicemanager.rc...
11-01 12:00:59.260 0 0 I init : Parsing file /system/etc/init/idmap2d.rc...
11-01 12:00:59.265 0 0 I init : Parsing file /system/etc/init/incidentd.rc...
11-01 12:00:59.271 0 0 I init : Parsing file /system/etc/init/init-debug.rc...
11-01 12:00:59.276 0 0 I init : Parsing file /system/etc/init/installd.rc...
11-01 12:00:59.282 0 0 I init : Parsing file /system/etc/init/keystore2.rc...
11-01 12:00:59.287 0 0 I init : Parsing file /system/etc/init/llkd-debuggable.rc...
11-01 12:00:59.293 0 0 I init : Parsing file /system/etc/init/llkd.rc...
11-01 12:00:59.297 0 0 I init : Parsing file /system/etc/init/lmkd.rc...
11-01 12:00:59.302 0 0 I init : Parsing file /system/etc/init/logcatd.rc...
11-01 12:00:59.307 0 0 I init : Parsing file /system/etc/init/logd.rc...
11-01 12:00:59.312 0 0 I init : Parsing file /system/etc/init/logtagd.rc...
11-01 12:00:59.317 0 0 I init : Parsing file /system/etc/init/lpdumpd.rc...
11-01 12:00:59.322 0 0 I init : Parsing file /system/etc/init/mdnsd.rc...
11-01 12:00:59.326 0 0 I init : Parsing file /system/etc/init/mediaextractor.rc...
11-01 12:00:59.331 0 0 I init : Parsing file /system/etc/init/mediametrics.rc...
11-01 12:00:59.336 0 0 I init : Parsing file /system/etc/init/mediaserver.rc...
11-01 12:00:59.341 0 0 I init : Parsing file /system/etc/init/mtectrl.rc...
11-01 12:00:59.345 0 0 I init : Parsing file /system/etc/init/mtpd.rc...
11-01 12:00:59.350 0 0 I init : Parsing file /system/etc/init/ndk_translation.rc...
11-01 12:00:59.355 0 0 I init : Parsing file /system/etc/init/netd.rc...
11-01 12:00:59.360 0 0 I init : Parsing file /system/etc/init/odsign.rc...
11-01 12:00:59.364 0 0 I init : Parsing file /system/etc/init/otapreopt.rc...
11-01 12:00:59.369 0 0 I init : Parsing file /system/etc/init/perfetto.rc...
11-01 12:00:59.374 0 0 I init : Parsing file /system/etc/init/prng_seeder.rc...
11-01 12:00:59.379 0 0 I init : Parsing file /system/etc/init/profcollectd.rc...
11-01 12:00:59.384 0 0 I init : Parsing file /system/etc/init/racoon.rc...
11-01 12:00:59.388 0 0 I init : Parsing file /system/etc/init/recovery-persist.rc...
11-01 12:00:59.393 0 0 I init : Parsing file /system/etc/init/recovery-refresh.rc...
11-01 12:00:59.398 0 0 I init : Parsing file /system/etc/init/rss_hwm_reset.rc...
11-01 12:00:59.403 0 0 I init : Parsing file /system/etc/init/servicemanager.rc...
11-01 12:00:59.408 0 0 I init : Parsing file /system/etc/init/simpleperf.rc...
11-01 12:00:59.413 0 0 I init : Parsing file /system/etc/init/snapuserd.rc...
11-01 12:00:59.418 0 0 I init : Parsing file /system/etc/init/storaged.rc...
11-01 12:00:59.423 0 0 I init : Parsing file /system/etc/init/surfaceflinger.rc...
11-01 12:00:59.428 0 0 I init : Parsing file /system/etc/init/tombstoned.rc...
11-01 12:00:59.433 0 0 I init : Parsing file /system/etc/init/traced_perf.rc...
11-01 12:00:59.437 0 0 I init : Parsing file /system/etc/init/uncrypt.rc...
11-01 12:00:59.442 0 0 I init : Parsing file /system/etc/init/update_engine.rc...
11-01 12:00:59.447 0 0 I init : Parsing file /system/etc/init/update_verifier.rc...
11-01 12:00:59.453 0 0 I init : Parsing file /system/etc/init/usbd.rc...
11-01 12:00:59.458 0 0 I init : Parsing file /system/etc/init/vold.rc...
11-01 12:00:59.462 0 0 I init : Parsing file /system/etc/init/wifi.rc...
11-01 12:00:59.467 0 0 I init : Parsing file /system/etc/init/wificond.rc...
11-01 12:00:59.471 0 0 I init : Parsing directory /system_ext/etc/init...
11-01 12:00:59.475 0 0 I init : Parsing file /system_ext/etc/init/init.system_ext.rc...
11-01 12:00:59.481 0 0 I init : Parsing directory /vendor/etc/init...
11-01 12:00:59.487 0 0 I init : Parsing file /vendor/etc/init/android.hardware.atrace@1.0-service.rc...
11-01 12:00:59.495 0 0 I init : Parsing file /vendor/etc/init/android.hardware.audio.service.rc...
11-01 12:00:59.501 0 0 I init : Parsing file /vendor/etc/init/android.hardware.authsecret-service.example.rc...
11-01 12:00:59.509 0 0 I init : Parsing file /vendor/etc/init/android.hardware.biometrics.fingerprint-service.ranchu.rc...
11-01 12:00:59.517 0 0 I init : Parsing file /vendor/etc/init/android.hardware.camera.provider.ranchu.rc...
11-01 12:00:59.526 0 0 I init : Parsing file /vendor/etc/init/android.hardware.camera.provider@2.7-service-google.rc...
11-01 12:00:59.539 0 0 I init : Parsing file /vendor/etc/init/android.hardware.drm-service-lazy.clearkey.rc...
11-01 12:00:59.546 0 0 I init : Parsing file /vendor/etc/init/android.hardware.gatekeeper@1.0-service.software.rc...
11-01 12:00:59.554 0 0 I init : Parsing file /vendor/etc/init/android.hardware.gnss-service.ranchu.rc...
11-01 12:00:59.561 0 0 I init : Parsing file /vendor/etc/init/android.hardware.graphics.allocator@3.0-service.ranchu.rc...
11-01 12:00:59.568 0 0 I init : Parsing file /vendor/etc/init/android.hardware.health-service.example.rc...
11-01 12:00:59.575 0 0 I init : Parsing file /vendor/etc/init/android.hardware.media.c2@1.0-service-goldfish.rc...
11-01 12:00:59.589 0 0 I init : Parsing file /vendor/etc/init/android.hardware.neuralnetworks-service-sample-all.rc...
11-01 12:00:59.596 0 0 I init : Parsing file /vendor/etc/init/android.hardware.neuralnetworks-service-sample-limited.rc...
11-01 12:00:59.603 0 0 I init : Parsing file /vendor/etc/init/android.hardware.neuralnetworks-shim-service-sample.rc...
11-01 12:00:59.610 0 0 I init : Parsing file /vendor/etc/init/android.hardware.security.keymint-service.rc...
11-01 12:00:59.615 0 0 I init : Parsing file /vendor/etc/init/android.hardware.sensors-service-multihal.rc...
11-01 12:00:59.621 0 0 I init : Parsing file /vendor/etc/init/android.hardware.thermal@2.0-service.rc...
11-01 12:00:59.627 0 0 I init : Parsing file /vendor/etc/init/android.hardware.usb-service.example.rc...
11-01 12:00:59.633 0 0 I init : Parsing file /vendor/etc/init/android.hardware.wifi-service.rc...
11-01 12:00:59.639 0 0 I init : Parsing file /vendor/etc/init/bluetooth-service-default.rc...
11-01 12:00:59.646 0 0 I init : Parsing file /vendor/etc/init/boringssl_self_test.rc...
11-01 12:00:59.653 0 0 I init : Parsing file /vendor/etc/init/cas-default.rc...
11-01 12:00:59.659 0 0 I init : Parsing file /vendor/etc/init/contexthub-default.rc...
11-01 12:00:59.667 0 0 I init : Parsing file /vendor/etc/init/dumpstate-default.rc...
11-01 12:00:59.675 0 0 I init : Parsing file /vendor/etc/init/face-default.rc...
11-01 12:00:59.682 0 0 I init : Parsing file /vendor/etc/init/health-storage-default.rc...
11-01 12:00:59.694 0 0 I init : Parsing file /vendor/etc/init/hostapd.android.rc...
11-01 12:00:59.699 0 0 I init : Parsing file /vendor/etc/init/hwc3.rc...
11-01 12:00:59.703 0 0 I init : Parsing file /vendor/etc/init/identity-default.rc...
11-01 12:00:59.708 0 0 I init : Parsing file /vendor/etc/init/lights-default.rc...
11-01 12:00:59.713 0 0 I init : Parsing file /vendor/etc/init/power-default.rc...
11-01 12:00:59.718 0 0 I init : Parsing file /vendor/etc/init/power.stats-default.rc...
11-01 12:00:59.723 0 0 I init : Parsing file /vendor/etc/init/rebootescrow-default.rc...
11-01 12:00:59.729 0 0 I init : Parsing file /vendor/etc/init/rild_goldfish.rc...
11-01 12:00:59.733 0 0 I init : Parsing file /vendor/etc/init/vibrator-default.rc...
11-01 12:00:59.739 0 0 I init : Parsing file /odm/etc/init...
11-01 12:00:59.741 0 0 I init : Unable to read config file '/odm/etc/init': open() failed: No such file or directory
11-01 12:00:59.747 0 0 I init : Parsing file /product/etc/init...
11-01 12:00:59.751 0 0 I init : Unable to read config file '/product/etc/init': open() failed: No such file or directory
11-01 12:00:59.758 0 0 I init : processing action (SetupCgroups) from (:0)
11-01 12:00:59.814 0 0 I init : Command 'SetupCgroups' action=SetupCgroups (:0) took 51ms and succeeded
11-01 12:00:59.834 0 0 I init : processing action (SetKptrRestrict) from (:0)
11-01 12:00:59.839 0 0 I init : processing action (TestPerfEventSelinux) from (:0)
11-01 12:00:59.845 0 0 I init : processing action (ConnectEarlyStageSnapuserd) from (:0)
11-01 12:00:59.850 0 0 I init : processing action (early-init) from (/system/etc/init/hw/init.rc:15)
11-01 12:00:59.887 0 0 I init : Command 'mkdir /acct/uid' action=early-init (/system/etc/init/hw/init.rc:30) took 1ms and failed: mkdir() failed on /acct/uid: Read-only file system
11-01 12:00:59.907 0 0 I init : starting service 'ueventd'...
11-01 12:00:59.940 0 0 I init : ... started service 'ueventd' has pid 93
11-01 12:00:59.948 0 0 I init : starting service 'apexd-bootstrap'...
11-01 12:00:59.955 0 0 I init : ... started service 'apexd-bootstrap' has pid 94
11-01 12:00:59.960 0 0 I init : SVC_EXEC service 'apexd-bootstrap' pid 94 (uid 0 gid 1000+0 context default) started; waiting...
11-01 12:00:59.966 0 0 I ueventd : ueventd started!
11-01 12:00:59.972 0 0 I selinux : SELinux: Loaded file context from:
11-01 12:00:59.977 0 0 I selinux : /system/etc/selinux/plat_file_contexts
11-01 12:00:59.984 0 0 I selinux : /system_ext/etc/selinux/system_ext_file_contexts
11-01 12:00:59.991 0 0 I selinux : /vendor/etc/selinux/vendor_file_contexts
11-01 12:00:59.999 0 0 I ueventd : Parsing file /system/etc/ueventd.rc...
11-01 12:01:00.007 0 0 I ueventd : Added '/vendor/etc/ueventd.rc' to import list
11-01 12:01:00.011 0 0 I ueventd : Added '/odm/etc/ueventd.rc' to import list
11-01 12:01:00.018 0 0 I ueventd : Parsing file /vendor/etc/ueventd.rc...
11-01 12:01:00.021 0 0 I apexd : Bootstrap subcommand detected
11-01 12:01:00.026 0 0 I ueventd : Parsing file /odm/etc/ueventd.rc...
11-01 12:01:00.665 165 165 W linker : Warning: failed to find generated linker configuration from "/linkerconfig/ld.config.txt"
11-01 12:01:00.027 0 0 E cutils-trace: Error opening trace file: No such file or directory (2)
11-01 12:01:00.030 0 0 I ueventd : Unable to read config file '/odm/etc/ueventd.rc': open() failed: No such file or directory
11-01 12:01:00.042 0 0 I apexd-bootstrap: Scanning /system/apex for pre-installed ApexFiles
11-01 12:01:00.048 0 0 I apexd-bootstrap: Found pre-installed APEX /system/apex/com.google.android.adbd.apex
11-01 12:01:00.056 0 0 I apexd-bootstrap: Found pre-installed APEX /system/apex/com.google.android.tzdata5.apex
11-01 12:01:00.064 0 0 I apexd-bootstrap: Found pre-installed APEX /system/apex/com.google.android.healthfitness.apex
11-01 12:01:00.072 0 0 I apexd-bootstrap: Found pre-installed APEX /system/apex/com.android.virt.apex
11-01 12:01:00.081 0 0 I apexd-bootstrap: Found pre-installed APEX /system/apex/com.google.android.appsearch.apex
11-01 12:01:00.093 0 0 I apexd-bootstrap: Found pre-installed APEX /system/apex/com.google.android.uwb.apex
11-01 12:01:00.101 0 0 I apexd-bootstrap: Found pre-installed APEX /system/apex/com.google.android.art.apex
11-01 12:01:00.103 0 0 I : ueventd (96) used greatest stack depth: 13072 bytes left
11-01 12:01:00.113 0 0 I apexd-bootstrap: Found pre-installed APEX /system/apex/com.google.android.ondevicepersonalization.apex
11-01 12:01:00.116 0 0 I ueventd : Coldboot took 0.085 seconds
11-01 12:01:00.125 0 0 I apexd-bootstrap: Found pre-installed APEX /system/apex/com.google.android.rkpd.apex
11-01 12:01:00.136 0 0 I apexd-bootstrap: Found pre-installed APEX /system/apex/com.google.android.resolv.apex
11-01 12:01:00.145 0 0 I apexd-bootstrap: Found pre-installed APEX /system/apex/com.android.runtime.apex
11-01 12:01:00.154 0 0 I apexd-bootstrap: Found pre-installed APEX /system/apex/com.google.android.neuralnetworks.apex
11-01 12:01:00.163 0 0 I apexd-bootstrap: Found pre-installed APEX /system/apex/com.android.apex.cts.shim.apex
11-01 12:01:00.172 0 0 I apexd-bootstrap: Found pre-installed APEX /system/apex/com.google.android.configinfrastructure.apex
11-01 12:01:00.182 0 0 I apexd-bootstrap: Found pre-installed APEX /system/apex/com.google.android.wifi.apex
11-01 12:01:00.191 0 0 I apexd-bootstrap: Found pre-installed APEX /system/apex/com.android.vndk.current.apex
11-01 12:01:00.200 0 0 I apexd-bootstrap: Found pre-installed APEX /system/apex/com.google.android.extservices.apex
11-01 12:01:00.211 0 0 I apexd-bootstrap: Found pre-installed APEX /system/apex/com.google.android.adservices.apex
11-01 12:01:00.218 0 0 I apexd-bootstrap: Found pre-installed APEX /system/apex/com.google.android.permission.apex
11-01 12:01:00.226 0 0 I apexd-bootstrap: Found pre-installed APEX /system/apex/com.google.android.btservices.apex
11-01 12:01:00.235 0 0 I apexd-bootstrap: Found pre-installed APEX /system/apex/com.google.android.cellbroadcast.apex
11-01 12:01:00.244 0 0 I apexd-bootstrap: Found pre-installed APEX /system/apex/com.google.android.ipsec.apex
11-01 12:01:00.257 0 0 I apexd-bootstrap: Found pre-installed APEX /system/apex/com.google.android.media.swcodec.apex
11-01 12:01:00.266 0 0 I apexd-bootstrap: Found pre-installed APEX /system/apex/com.google.android.media.apex
11-01 12:01:00.275 0 0 I apexd-bootstrap: Found pre-installed APEX /system/apex/com.android.i18n.apex
11-01 12:01:00.291 0 0 I apexd-bootstrap: Found pre-installed APEX /system/apex/com.google.android.mediaprovider.apex
11-01 12:01:00.305 0 0 I apexd-bootstrap: Found pre-installed APEX /system/apex/com.google.android.conscrypt.apex
11-01 12:01:00.314 0 0 I apexd-bootstrap: Found pre-installed APEX /system/apex/com.google.android.os.statsd.apex
11-01 12:01:00.323 0 0 I apexd-bootstrap: Found pre-installed APEX /system/apex/com.google.mainline.primary.libs.apex
11-01 12:01:00.335 0 0 I apexd-bootstrap: Found pre-installed APEX /system/apex/com.google.android.devicelock.apex
11-01 12:01:00.346 0 0 I apexd-bootstrap: Found pre-installed APEX /system/apex/com.google.android.scheduling.apex
11-01 12:01:00.354 0 0 I apexd-bootstrap: Found pre-installed APEX /system/apex/com.google.android.sdkext.apex
11-01 12:01:00.363 0 0 I apexd-bootstrap: Found pre-installed APEX /system/apex/com.google.android.tethering.apex
11-01 12:01:00.380 0 0 I apexd-bootstrap: Scanning /system_ext/apex for pre-installed ApexFiles
11-01 12:01:00.392 0 0 W apexd-bootstrap: /system_ext/apex does not exist. Skipping
11-01 12:01:00.397 0 0 I apexd-bootstrap: Scanning /product/apex for pre-installed ApexFiles
11-01 12:01:00.402 0 0 W apexd-bootstrap: /product/apex does not exist. Skipping
11-01 12:01:00.406 0 0 I apexd-bootstrap: Scanning /vendor/apex for pre-installed ApexFiles
11-01 12:01:00.412 0 0 I apexd-bootstrap: Found pre-installed APEX /vendor/apex/com.google.android.widevine.nonupdatable.apex
11-01 12:01:00.423 0 0 I apexd-bootstrap: Found sharedlibs APEX /system/apex/com.google.mainline.primary.libs.apex
11-01 12:01:00.435 0 0 I apexd-bootstrap: Found bootstrap APEX /system/apex/com.android.i18n.apex
11-01 12:01:00.440 0 0 I apexd-bootstrap: Found bootstrap APEX /system/apex/com.android.runtime.apex
11-01 12:01:00.445 0 0 I apexd-bootstrap: Found bootstrap APEX /system/apex/com.google.android.tzdata5.apex
11-01 12:01:00.451 0 0 I apexd-bootstrap: Found bootstrap APEX /system/apex/com.android.vndk.current.apex
11-01 12:01:00.457 0 0 I apexd-bootstrap: Need to pre-allocate 39 loop devices for 34 APEX packages
11-01 12:01:00.462 0 0 I apexd-bootstrap: No block apex metadata partition found, not adding block apexes
11-01 12:01:00.481 0 0 I apexd-bootstrap: Found 16 idle loopback devices that were pre-allocated by kernel. Allocated 23 more.
11-01 12:01:00.509 0 0 I loop0 : detected capacity change from 0 to 71872
11-01 12:01:00.516 0 0 I loop1 : detected capacity change from 0 to 8944
11-01 12:01:00.521 0 0 I loop2 : detected capacity change from 0 to 1616
11-01 12:01:00.531 0 0 I EXT4-fs (loop0): mounted filesystem without journal. Quota mode: none.
11-01 12:01:00.531 0 0 I loop3 : detected capacity change from 0 to 52360
11-01 12:01:00.534 0 0 I EXT4-fs (loop2): mounted filesystem without journal. Quota mode: none.
11-01 12:01:00.534 0 0 I apexd-bootstrap: Successfully mounted package /system/apex/com.google.android.tzdata5.apex on /apex/com.android.tzdata@340818040 duration=25
11-01 12:01:00.534 0 0 I EXT4-fs (loop1): mounted filesystem without journal. Quota mode: none.
11-01 12:01:00.534 0 0 I apexd-bootstrap: Successfully mounted package /system/apex/com.android.runtime.apex on /apex/com.android.runtime@1 duration=25
11-01 12:01:00.537 0 0 I apexd-bootstrap: Successfully mounted package /system/apex/com.android.i18n.apex on /apex/com.android.i18n@1 duration=28
11-01 12:01:00.545 0 0 I EXT4-fs (loop3): mounted filesystem without journal. Quota mode: none.
11-01 12:01:00.583 0 0 I apexd-bootstrap: Successfully mounted package /system/apex/com.android.vndk.current.apex on /apex/com.android.vndk.v34@1 duration=70
11-01 12:01:00.594 0 0 I apexd-bootstrap: Activated 4 packages.
11-01 12:01:00.604 0 0 I apexd-bootstrap: OnBootstrap done, duration=561
11-01 12:01:00.609 0 0 I : apexd (94) used greatest stack depth: 11816 bytes left
11-01 12:01:00.609 0 0 I init : Service 'apexd-bootstrap' (pid 94) exited with status 0 waiting took 0.655000 seconds
11-01 12:01:00.621 0 0 I init : Sending signal 9 to service 'apexd-bootstrap' (pid 94) process group...
11-01 12:01:00.628 0 0 I libprocessgroup: Successfully killed process cgroup uid 0 pid 94 in 0ms
11-01 12:01:00.713 0 0 I init : linkerconfig generated /linkerconfig with mounted APEX modules info
11-01 12:01:00.721 0 0 I init : Command 'update_linker_config' action=early-init (/system/etc/init/hw/init.rc:79) took 87ms and succeeded
11-01 12:01:00.731 0 0 I init : processing action (early-init) from (/init.environ.rc:2)
11-01 12:01:00.736 0 0 I init : processing action (early-init) from (/vendor/etc/init/hw/init.ranchu.rc:11)
11-01 12:01:00.744 0 0 I init : Command 'setprop ro.config.low_ram ${ro.boot.config.low_ram}' action=early-init (/vendor/etc/init/hw/init.ranchu.rc:15) took 0ms and failed: property 'ro.boot.config.low_ram' doesn't exist while expanding '${ro.boot.config.low_ram}'
11-01 12:01:00.762 0 0 I init : Command 'setprop dalvik.vm.checkjni ${ro.boot.dalvik.vm.checkjni}' action=early-init (/vendor/etc/init/hw/init.ranchu.rc:20) took 0ms and failed: property 'ro.boot.dalvik.vm.checkjni' doesn't exist while expanding '${ro.boot.dalvik.vm.checkjni}'
11-01 12:01:00.778 0 0 I init : Command 'setprop debug.stagefright.ccodec ${ro.boot.debug.stagefright.ccodec}' action=early-init (/vendor/etc/init/hw/init.ranchu.rc:22) took 0ms and failed: property 'ro.boot.debug.stagefright.ccodec' doesn't exist while expanding '${ro.boot.debug.stagefright.ccodec}'
11-01 12:01:00.803 0 0 I init : starting service 'vendor.dlkm_loader'...
11-01 12:01:00.823 0 0 I init : ... started service 'vendor.dlkm_loader' has pid 143
11-01 12:01:00.831 0 0 I init : starting service 'exec 1 (/system/bin/modprobe -a -d /system/lib/modules zram.ko)'...
11-01 12:01:00.843 0 0 I init : ... started service 'exec 1 (/system/bin/modprobe -a -d /system/lib/modules zram.ko)' has pid 144
11-01 12:01:00.851 0 0 I init : SVC_EXEC service 'exec 1 (/system/bin/modprobe -a -d /system/lib/modules zram.ko)' pid 144 (uid 0 gid 0+0 context u:r:modprobe:s0) started; waiting...
11-01 12:01:00.852 0 0 I dlkm_loader: dlkm loader successfully initialized
11-01 12:01:00.868 0 0 I zram : Added device: zram0
11-01 12:01:00.873 0 0 I init : Service 'exec 1 (/system/bin/modprobe -a -d /system/lib/modules zram.ko)' (pid 144) exited with status 0 waiting took 0.030000 seconds
11-01 12:01:00.874 0 0 I dlkm_loader: Loading module /system/lib/modules/rfkill.ko with args ''
11-01 12:01:00.886 0 0 I init : Sending signal 9 to service 'exec 1 (/system/bin/modprobe -a -d /system/lib/modules zram.ko)' (pid 144) process group...
11-01 12:01:00.887 0 0 I libprocessgroup: Successfully killed process cgroup uid 0 pid 144 in 0ms
11-01 12:01:00.905 0 0 I init : processing action (ro.product.debugfs_restrictions.enabled=true && early-init) from (/system/etc/init/init-debug.rc:10)
11-01 12:01:00.914 0 0 I dlkm_loader: Loaded kernel module /system/lib/modules/rfkill.ko
11-01 12:01:00.914 0 0 I init : processing action (ro.enable.native.bridge.exec=1 && early-init) from (/system/etc/init/ndk_translation.rc:2)
11-01 12:01:00.919 0 0 I dlkm_loader: Loading module /system/lib/modules/bluetooth.ko with args ''
11-01 12:01:00.927 0 0 I init : processing action (early-init) from (/system/etc/init/prng_seeder.rc:5)
11-01 12:01:00.938 0 0 I init : starting service 'prng_seeder'...
11-01 12:01:00.942 0 0 I init : Created socket '/dev/socket/prng_seeder', mode 666, user 1092, group 1092
11-01 12:01:00.950 0 0 I Bluetooth: Core ver 2.22
11-01 12:01:00.953 0 0 I NET : Registered PF_BLUETOOTH protocol family
11-01 12:01:00.956 0 0 I Bluetooth: HCI device and connection manager initialized
11-01 12:01:00.961 0 0 I Bluetooth: HCI socket layer initialized
11-01 12:01:00.964 0 0 I Bluetooth: L2CAP socket layer initialized
11-01 12:01:00.967 0 0 I Bluetooth: SCO socket layer initialized
11-01 12:01:00.971 0 0 I dlkm_loader: Loaded kernel module /system/lib/modules/bluetooth.ko
11-01 12:01:00.976 0 0 I dlkm_loader: Loading module /vendor/lib/modules/btintel.ko with args ''
11-01 12:01:00.982 0 0 I dlkm_loader: Loaded kernel module /vendor/lib/modules/btintel.ko
11-01 12:01:00.987 0 0 I dlkm_loader: Loading module /vendor/lib/modules/btrtl.ko with args ''
11-01 12:01:00.993 0 0 I dlkm_loader: Loaded kernel module /vendor/lib/modules/btrtl.ko
11-01 12:01:00.998 0 0 I dlkm_loader: Loading module /system/lib/modules/btbcm.ko with args ''
11-01 12:01:00.999 0 0 I init : ... started service 'prng_seeder' has pid 147
11-01 12:01:01.008 0 0 I init : Command 'start prng_seeder' action=early-init (/system/etc/init/prng_seeder.rc:6) took 70ms and succeeded
11-01 12:01:01.015 0 0 I init : processing action (ro.product.cpu.abilist64=* && early-init) from (/vendor/etc/init/boringssl_self_test.rc:4)
11-01 12:01:01.023 0 0 I init : starting service 'boringssl_self_test64_vendor'...
11-01 12:01:01.023 0 0 I dlkm_loader: Loaded kernel module /system/lib/modules/btbcm.ko
11-01 12:01:01.030 0 0 I init : ... started service 'boringssl_self_test64_vendor' has pid 149
11-01 12:01:01.032 0 0 I dlkm_loader: Loading module /vendor/lib/modules/btusb.ko with args ''
11-01 12:01:01.038 0 0 I init : SVC_EXEC service 'boringssl_self_test64_vendor' pid 149 (uid 0 gid 0+0 context default) started; waiting...
11-01 12:01:01.052 0 0 I usbcore : registered new interface driver btusb
11-01 12:01:01.057 0 0 I dlkm_loader: Loaded kernel module /vendor/lib/modules/btusb.ko
11-01 12:01:01.062 0 0 I dlkm_loader: Loading module /vendor/lib/modules/dummy-cpufreq.ko with args ''
11-01 12:01:01.070 0 0 I dlkm_loader: Loaded kernel module /vendor/lib/modules/dummy-cpufreq.ko
11-01 12:01:01.076 0 0 I dlkm_loader: Loading module /vendor/lib/modules/dummy_hcd.ko with args ''
11-01 12:01:01.084 0 0 I dummy_hcd.0: USB Host+Gadget Emulator, driver 02 May 2005
11-01 12:01:01.090 0 0 I dummy_hcd.0: Dummy host controller
11-01 12:01:01.095 0 0 I dummy_hcd.0: new USB bus registered, assigned bus number 1
11-01 12:01:01.100 0 0 I usb1 : New USB device found, idVendor=1d6b, idProduct=0002, bcdDevice= 6.01
11-01 12:01:01.102 0 0 I init : Service 'boringssl_self_test64_vendor' (pid 149) exited with status 0 waiting took 0.073000 seconds
11-01 12:01:01.106 0 0 I usb1 : New USB device strings: Mfr=3, Product=2, SerialNumber=1
11-01 12:01:01.113 0 0 I init : Sending signal 9 to service 'boringssl_self_test64_vendor' (pid 149) process group...
11-01 12:01:01.118 0 0 I usb1 : Product: Dummy host controller
11-01 12:01:01.124 0 0 I libprocessgroup: Successfully killed process cgroup uid 0 pid 149 in 0ms
11-01 12:01:01.128 0 0 I usb1 : Manufacturer: Linux 6.1.23-android14-4-00257-g7e35917775b8-ab9964412 dummy_hcd
11-01 12:01:01.134 0 0 I init : processing action (wait_for_coldboot_done) from (:0)
11-01 12:01:01.142 0 0 I usb1 : SerialNumber: dummy_hcd.0
11-01 12:01:01.147 0 0 I init : start_waiting_for_property("ro.cold_boot_done", "true"): already set
11-01 12:01:01.150 0 0 I hub 1-0 : 1.0: USB hub found
11-01 12:01:01.156 0 0 I init : processing action (SetMmapRndBits) from (:0)
11-01 12:01:01.158 0 0 I hub 1-0 : 1.0: 1 port detected
11-01 12:01:01.163 0 0 I init : processing action (KeychordInit) from (:0)
11-01 12:01:01.171 0 0 W init : EVIOCSMASK not supported: Invalid argument
11-01 12:01:01.171 0 0 I dlkm_loader: Loaded kernel module /vendor/lib/modules/dummy_hcd.ko
11-01 12:01:01.175 0 0 I init : processing action (init) from (/system/etc/init/hw/init.rc:97)
11-01 12:01:01.180 0 0 I dlkm_loader: Loading module /vendor/lib/modules/failover.ko with args ''
11-01 12:01:01.190 0 0 I init : Command 'copy /system/etc/prop.default /dev/urandom' action=init (/system/etc/init/hw/init.rc:102) took 0ms and failed: Could not read input file '/system/etc/prop.default': open() failed: No such file or directory
11-01 12:01:01.210 0 0 I dlkm_loader: Loaded kernel module /vendor/lib/modules/failover.ko
11-01 12:01:01.218 0 0 I dlkm_loader: Loading module /vendor/lib/modules/goldfish_address_space.ko with args ''
11-01 12:01:01.219 0 0 I init : Command 'write /dev/blkio/blkio.weight 1000' action=init (/system/etc/init/hw/init.rc:238) took 0ms and failed: Unable to write to file '/dev/blkio/blkio.weight': open() failed: Permission denied
11-01 12:01:01.238 0 0 W goldfish_address_space: loading out-of-tree module taints kernel.
11-01 12:01:01.238 0 0 I init : Command 'write /dev/blkio/background/blkio.weight 200' action=init (/system/etc/init/hw/init.rc:239) took 0ms and failed: Unable to write to file '/dev/blkio/background/blkio.weight': open() failed: Permission denied
11-01 12:01:01.258 0 0 I init : Command 'write /dev/blkio/blkio.group_idle 0' action=init (/system/etc/init/hw/init.rc:241) took 0ms and failed: Unable to write to file '/dev/blkio/blkio.group_idle': open() failed: Permission denied
11-01 12:01:01.270 0 0 I init : Command 'write /dev/blkio/background/blkio.group_idle 0' action=init (/system/etc/init/hw/init.rc:242) took 0ms and failed: Unable to write to file '/dev/blkio/background/blkio.group_idle': open() failed: Permission denied
11-01 12:01:01.290 0 0 I dlkm_loader: Loaded kernel module /vendor/lib/modules/goldfish_address_space.ko
11-01 12:01:01.290 0 0 I dlkm_loader: Loading module /vendor/lib/modules/goldfish_battery.ko with args ''
11-01 12:01:01.304 0 0 I dlkm_loader: Loaded kernel module /vendor/lib/modules/goldfish_battery.ko
11-01 12:01:01.310 0 0 I dlkm_loader: Loading module /vendor/lib/modules/goldfish_pipe.ko with args ''
11-01 12:01:01.317 0 0 I dlkm_loader: Loaded kernel module /vendor/lib/modules/goldfish_pipe.ko
11-01 12:01:01.323 0 0 I dlkm_loader: Loading module /vendor/lib/modules/goldfish_sync.ko with args ''
11-01 12:01:01.330 0 0 I dlkm_loader: Loaded kernel module /vendor/lib/modules/goldfish_sync.ko
11-01 12:01:01.334 0 0 I init : Command 'write /dev/cpu_variant:${ro.bionic.arch} ${ro.bionic.cpu_variant}' action=init (/system/etc/init/hw/init.rc:453) took 0ms and failed: property 'ro.bionic.cpu_variant' doesn't exist while expanding '${ro.bionic.cpu_variant}'
11-01 12:01:01.335 0 0 I dlkm_loader: Loading module /system/lib/modules/can-dev.ko with args ''
11-01 12:01:01.349 0 0 I init : Command 'write /dev/cpu_variant:${ro.bionic.2nd_arch} ${ro.bionic.2nd_cpu_variant}' action=init (/system/etc/init/hw/init.rc:455) took 0ms and failed: property 'ro.bionic.2nd_arch' doesn't exist while expanding '/dev/cpu_variant:${ro.bionic.2nd_arch}'
11-01 12:01:01.370 0 0 I init : Command 'chmod 0444 /dev/cpu_variant:${ro.bionic.2nd_arch}' action=init (/system/etc/init/hw/init.rc:456) took 0ms and failed: property 'ro.bionic.2nd_arch' doesn't exist while expanding '/dev/cpu_variant:${ro.bionic.2nd_arch}'
11-01 12:01:01.392 0 0 I init : starting service 'logd'...
11-01 12:01:01.392 0 0 I : CAN device driver interface
11-01 12:01:01.395 0 0 I init : Created socket '/dev/socket/logd', mode 666, user 1036, group 1036
11-01 12:01:01.405 0 0 I dlkm_loader: Loaded kernel module /system/lib/modules/can-dev.ko
11-01 12:01:01.405 0 0 I init : Created socket '/dev/socket/logdr', mode 666, user 1036, group 1036
11-01 12:01:01.410 0 0 I dlkm_loader: Loading module /vendor/lib/modules/gs_usb.ko with args ''
11-01 12:01:01.415 0 0 I init : Created socket '/dev/socket/logdw', mode 222, user 1036, group 1036
11-01 12:01:01.426 0 0 I usbcore : registered new interface driver gs_usb
11-01 12:01:01.430 0 0 I dlkm_loader: Loaded kernel module /vendor/lib/modules/gs_usb.ko
11-01 12:01:01.435 0 0 I dlkm_loader: Loading module /vendor/lib/modules/hci_vhci.ko with args ''
11-01 12:01:01.441 0 0 I dlkm_loader: Loaded kernel module /vendor/lib/modules/hci_vhci.ko
11-01 12:01:01.446 0 0 I dlkm_loader: Loading module /system/lib/modules/cfg80211.ko with args ''
11-01 12:01:01.451 0 0 I init : ... started service 'logd' has pid 155
11-01 12:01:01.457 0 0 I init : Command 'start logd' action=init (/system/etc/init/hw/init.rc:469) took 65ms and succeeded
11-01 12:01:01.466 0 0 I init : starting service 'lmkd'...
11-01 12:01:01.469 0 0 I init : Created socket '/dev/socket/lmkd', mode 660, user 1000, group 1000
11-01 12:01:01.479 0 0 I init : ... started service 'lmkd' has pid 156
11-01 12:01:01.483 0 0 I init : starting service 'servicemanager'...
11-01 12:01:01.515 0 0 I init : ... started service 'servicemanager' has pid 157
11-01 12:01:01.516 0 0 I cfg80211: Loading compiled-in X.509 certificates for regulatory database
11-01 12:01:01.518 0 0 I logd.auditd: start
11-01 12:01:01.519 0 0 I init : starting service 'hwservicemanager'...
11-01 12:01:01.524 0 0 I cfg80211: Loaded X.509 cert 'sforshee: 00b28ddf47aef9cea7'
11-01 12:01:01.529 0 0 I init : ... started service 'hwservicemanager' has pid 165
11-01 12:01:01.530 0 0 I logd : Loaded bug_map file: /system_ext/etc/selinux/bug_map
11-01 12:01:01.530 0 0 I logd : Loaded bug_map file: /vendor/etc/selinux/selinux_denial_metadata
11-01 12:01:01.531 0 0 I logd : Loaded bug_map file: /system/etc/selinux/bug_map
11-01 12:01:01.533 0 0 I servicemanager: Starting sm instance on /dev/binder
11-01 12:01:01.533 0 0 W platform regulatory.0: Direct firmware load for regulatory.db failed with error -2
11-01 12:01:01.535 0 0 I SELinux : SELinux: Loaded service context from:
11-01 12:01:01.535 0 0 I SELinux : /system/etc/selinux/plat_service_contexts
11-01 12:01:01.535 0 0 I SELinux : /system_ext/etc/selinux/system_ext_service_contexts
11-01 12:01:01.535 0 0 I SELinux : /vendor/etc/selinux/vendor_service_contexts
11-01 12:01:01.537 0 0 I init : Command 'start vndservicemanager' action=init (/system/etc/init/hw/init.rc:481) took 0ms and failed: service vndservicemanager not found
11-01 12:01:01.541 0 0 I cfg80211: failed to load regulatory.db
11-01 12:01:01.551 0 0 I dlkm_loader: Loaded kernel module /system/lib/modules/cfg80211.ko
11-01 12:01:01.555 0 0 I init : processing action (ro.product.cpu.abilist64=* && init) from (/system/etc/init/hw/init.rc:486)
11-01 12:01:00.690 165 165 I hwservicemanager: getFrameworkHalManifest: Reading VINTF information.
11-01 12:01:00.696 165 165 I hwservicemanager: getDeviceHalManifest: Reading VINTF information.
11-01 12:01:01.559 0 0 I dlkm_loader: Loading module /system/lib/modules/libarc4.ko with args ''
11-01 12:01:01.565 0 0 I init : starting service 'boringssl_self_test64'...
11-01 12:01:00.706 165 165 I hwservicemanager: getDeviceHalManifest: Successfully processed VINTF information
11-01 12:01:00.706 165 165 I hwservicemanager: getFrameworkHalManifest: Successfully processed VINTF information
11-01 12:01:00.710 165 165 I hwservicemanager: hwservicemanager is ready now.
11-01 12:01:01.594 0 0 I dlkm_loader: Loaded kernel module /system/lib/modules/libarc4.ko
11-01 12:01:01.601 0 0 I init : ... started service 'boringssl_self_test64' has pid 169
11-01 12:01:01.611 0 0 I dlkm_loader: Loading module /system/lib/modules/mac80211.ko with args ''
11-01 12:01:01.615 0 0 I init : SVC_EXEC service 'boringssl_self_test64' pid 169 (uid 9999 gid 0+0 context default) started; waiting...
11-01 12:01:01.639 0 0 I init : Command 'exec_start boringssl_self_test64' action=ro.product.cpu.abilist64=* && init (/system/etc/init/hw/init.rc:487) took 73ms and succeeded
11-01 12:01:01.648 0 0 I init : Service 'boringssl_self_test64' (pid 169) exited with status 0 waiting took 0.048000 seconds
11-01 12:01:01.655 0 0 I init : Sending signal 9 to service 'boringssl_self_test64' (pid 169) process group...
11-01 12:01:01.661 0 0 I libprocessgroup: Successfully killed process cgroup uid 9999 pid 169 in 0ms
11-01 12:01:01.667 0 0 I init : processing action (ro.debuggable=1 && init) from (/system/etc/init/hw/init.rc:1315)
11-01 12:01:01.674 0 0 I init : starting service 'console'...
11-01 12:01:01.717 0 0 I dlkm_loader: Loaded kernel module /system/lib/modules/mac80211.ko
11-01 12:01:01.721 0 0 I dlkm_loader: Loading module /vendor/lib/modules/mac80211_hwsim.ko with args 'radios=0
11-01 12:01:01.727 0 0 I dlkm_loader: '
11-01 12:01:01.731 0 0 I mac80211_hwsim: initializing netlink
11-01 12:01:01.739 0 0 I init : ... started service 'console' has pid 170
11-01 12:01:01.745 0 0 I dlkm_loader: Loaded kernel module /vendor/lib/modules/mac80211_hwsim.ko
11-01 12:01:01.745 0 0 I dlkm_loader: Loading module /vendor/lib/modules/mt76.ko with args ''
11-01 12:01:01.752 0 0 I init : Command 'start console' action=ro.debuggable=1 && init (/system/etc/init/hw/init.rc:1316) took 78ms and succeeded
11-01 12:01:01.764 0 0 I init : processing action (init) from (/system/etc/init/hw/init.usb.rc:27)
11-01 12:01:01.772 0 0 I init : processing action (init) from (/vendor/etc/init/hw/init.ranchu.rc:29)
11-01 12:01:01.779 0 0 I dlkm_loader: Loaded kernel module /vendor/lib/modules/mt76.ko
11-01 12:01:01.782 0 0 I init : starting service 'qemu-props'...
11-01 12:01:01.784 0 0 I dlkm_loader: Loading module /vendor/lib/modules/mt76-usb.ko with args ''
11-01 12:01:01.790 0 0 I init : ... started service 'qemu-props' has pid 171
11-01 12:01:01.796 0 0 I init : processing action (init) from (/system/etc/init/audioserver.rc:58)
11-01 12:01:01.802 0 0 I init : processing action (late-init) from (/system/etc/init/hw/init.rc:532)
11-01 12:01:01.807 0 0 I init : processing action (late-init) from (/system/etc/init/atrace.rc:3)
11-01 12:01:00.942 171 171 I qemu-props: successfully set property 'vendor.qemu.sf.fake_camera' to 'back'
11-01 12:01:00.942 171 171 I qemu-props: successfully set property 'qemu.hw.mainkeys' to '1'
11-01 12:01:00.943 171 171 I qemu-props: successfully set property 'qemu.sf.lcd_density' to '160'
11-01 12:01:00.943 171 171 I qemu-props: successfully set property 'vendor.net.wifi_mac_prefix' to '5554'
11-01 12:01:00.943 171 171 I qemu-props: successfully set property 'vendor.qemu.timezone' to 'Etc/UCT'
11-01 12:01:00.944 171 171 I qemu-props: successfully set property 'vendor.qemu.vport.bluetooth' to '/dev/vport8p2'
11-01 12:01:00.944 171 171 W qemu-props: could not open '/sys/class/virtio-ports/vport8p0/name'
11-01 12:01:00.944 171 171 I qemu-props: successfully set property 'vendor.qemu.vport.modem' to '/dev/vport9p1'
11-01 12:01:00.945 171 171 W qemu-props: could not open '/sys/class/virtio-ports/vport8p1/name'
11-01 12:01:01.814 0 0 I dlkm_loader: Loaded kernel module /vendor/lib/modules/mt76-usb.ko
11-01 12:01:01.819 0 0 I dlkm_loader: Loading module /vendor/lib/modules/mt76x02-lib.ko with args ''
11-01 12:01:01.820 0 0 I init : processing action (late-init) from (/vendor/etc/init/android.hardware.atrace@1.0-service.rc:1)
11-01 12:01:01.833 0 0 I init : processing action (queue_property_triggers) from (:0)
11-01 12:01:01.838 0 0 I dlkm_loader: Loaded kernel module /vendor/lib/modules/mt76x02-lib.ko
11-01 12:01:01.838 0 0 I dlkm_loader: Loading module /vendor/lib/modules/mt76x0-common.ko with args ''
11-01 12:01:01.849 0 0 I init : processing action (early-fs) from (/system/etc/init/hw/init.rc:565)
11-01 12:01:01.849 0 0 I dlkm_loader: Loaded kernel module /vendor/lib/modules/mt76x0-common.ko
11-01 12:01:01.854 0 0 I init : starting service 'vold'...
11-01 12:01:01.859 0 0 I dlkm_loader: Loading module /vendor/lib/modules/mt76x02-usb.ko with args ''
11-01 12:01:01.869 0 0 I dlkm_loader: Loaded kernel module /vendor/lib/modules/mt76x02-usb.ko
11-01 12:01:01.875 0 0 I dlkm_loader: Loading module /vendor/lib/modules/mt76x0u.ko with args ''
11-01 12:01:01.881 0 0 I usbcore : registered new interface driver mt76x0u
11-01 12:01:01.886 0 0 I dlkm_loader: Loaded kernel module /vendor/lib/modules/mt76x0u.ko
11-01 12:01:01.891 0 0 I dlkm_loader: Loading module /vendor/lib/modules/mt76x2-common.ko with args ''
11-01 12:01:01.898 0 0 I init : ... started service 'vold' has pid 172
11-01 12:01:01.908 0 0 I init : Command 'start vold' action=early-fs (/system/etc/init/hw/init.rc:567) took 54ms and succeeded
11-01 12:01:01.916 0 0 I init : processing action (early-fs) from (/vendor/etc/init/hw/init.ranchu.rc:1)
11-01 12:01:01.921 0 0 I dlkm_loader: Loaded kernel module /vendor/lib/modules/mt76x2-common.ko
11-01 12:01:01.921 0 0 I init : service 'vold' requested start, but it is already running (flags: 2052)
11-01 12:01:01.927 0 0 I dlkm_loader: Loading module /vendor/lib/modules/mt76x2u.ko with args ''
11-01 12:01:01.932 0 0 I init : processing action (fs) from (/vendor/etc/init/hw/init.ranchu.rc:4)
11-01 12:01:01.943 0 0 I usbcore : registered new interface driver mt76x2u
11-01 12:01:01.947 0 0 I dlkm_loader: Loaded kernel module /vendor/lib/modules/mt76x2u.ko
11-01 12:01:01.949 0 0 I init : processing action (fs) from (/system/etc/init/logd.rc:29)
11-01 12:01:01.952 0 0 I dlkm_loader: Loading module /vendor/lib/modules/nd_virtio.ko with args ''
11-01 12:01:01.958 0 0 I init : processing action (fs) from (/system/etc/init/wifi.rc:25)
11-01 12:01:01.968 0 0 I init : processing action (post-fs) from (/system/etc/init/hw/init.rc:569)
11-01 12:01:01.973 0 0 I dlkm_loader: Loaded kernel module /vendor/lib/modules/nd_virtio.ko
11-01 12:01:01.975 0 0 I init : starting service 'exec 2 (/system/bin/vdc checkpoint markBootAttempt)'...
11-01 12:01:01.978 0 0 I dlkm_loader: Loading module /vendor/lib/modules/net_failover.ko with args ''
11-01 12:01:01.991 0 0 I dlkm_loader: Loaded kernel module /vendor/lib/modules/net_failover.ko --------- beginning of system
11-01 12:01:01.129 172 172 I vold : Vold 3.0 (the awakening) firing up
11-01 12:01:01.129 172 172 D vold : Detected support for: ext4 f2fs vfat
11-01 12:01:01.996 0 0 I dlkm_loader: Loading module /vendor/lib/modules/pulse8-cec.ko with args ''
11-01 12:01:02.003 0 0 I dlkm_loader: Loaded kernel module /vendor/lib/modules/pulse8-cec.ko
11-01 12:01:02.006 0 0 E cutils-trace: Error opening trace file: Permission denied (13)
11-01 12:01:02.008 0 0 I dlkm_loader: Loading module /vendor/lib/modules/rtc-test.ko with args ''
11-01 12:01:01.142 172 172 D vold : VoldNativeService::start() completed OK
11-01 12:01:02.020 0 0 I rtc-test.0: registered as rtc1
11-01 12:01:02.021 0 0 I init : ... started service 'exec 2 (/system/bin/vdc checkpoint markBootAttempt)' has pid 173
11-01 12:01:02.024 0 0 I rtc-test.1: registered as rtc2
11-01 12:01:01.164 172 176 I vold : Found disk at /devices/pci0000:00/0000:00:08.0/virtio6/block/vdf but delaying scan due to secure keyguard
11-01 12:01:02.030 0 0 I init : SVC_EXEC service 'exec 2 (/system/bin/vdc checkpoint markBootAttempt)' pid 173 (uid 1000 gid 1000+0 context default) started; waiting...
11-01 12:01:02.034 0 0 I rtc-test.2: registered as rtc3
11-01 12:01:02.042 0 0 I init : Command 'exec - system system -- /system/bin/vdc checkpoint markBootAttempt' action=post-fs (/system/etc/init/hw/init.rc:570) took 67ms and succeeded
11-01 12:01:02.055 0 0 I dlkm_loader: Loaded kernel module /vendor/lib/modules/rtc-test.ko
11-01 12:01:02.055 0 0 I dlkm_loader: Loading module /vendor/lib/modules/system_heap.ko with args ''
11-01 12:01:02.056 0 0 I : vdc (173) used greatest stack depth: 11680 bytes left
11-01 12:01:02.060 0 0 I init : Service 'exec 2 (/system/bin/vdc checkpoint markBootAttempt)' (pid 173) exited with status 0 waiting took 0.074000 seconds
11-01 12:01:02.078 0 0 I init : Sending signal 9 to service 'exec 2 (/system/bin/vdc checkpoint markBootAttempt)' (pid 173) process group...
11-01 12:01:02.088 0 0 I libprocessgroup: Successfully killed process cgroup uid 1000 pid 173 in 0ms
11-01 12:01:02.094 0 0 I dlkm_loader: Loaded kernel module /vendor/lib/modules/system_heap.ko
11-01 12:01:02.097 0 0 I init : Command 'chown system cache /cache' action=post-fs (/system/etc/init/hw/init.rc:585) took 0ms and failed: lchown() failed: Read-only file system
11-01 12:01:02.100 0 0 I dlkm_loader: Loading module /vendor/lib/modules/test_meminit.ko with args ''
11-01 12:01:02.109 0 0 I init : Command 'chmod 0770 /cache' action=post-fs (/system/etc/init/hw/init.rc:586) took 0ms and failed: fchmodat() failed: Read-only file system
11-01 12:01:02.123 0 0 E selinux : SELinux: setxattr failed: /cache: Read-only file system
11-01 12:01:02.128 0 0 I init : Command 'mkdir /cache/recovery 0770 system cache' action=post-fs (/system/etc/init/hw/init.rc:592) took 0ms and failed: mkdir() failed on /cache/recovery: Read-only file system
11-01 12:01:02.130 0 0 I test_meminit: all 10 tests in test_pages passed
11-01 12:01:02.140 0 0 I init : Command 'mkdir /cache/backup_stage 0700 system system' action=post-fs (/system/etc/init/hw/init.rc:595) took 0ms and failed: mkdir() failed on /cache/backup_stage: Read-only file system
11-01 12:01:02.147 0 0 I test_meminit: all 40 tests in test_kvmalloc passed
11-01 12:01:02.156 0 0 I init : Command 'mkdir /cache/backup 0700 system system' action=post-fs (/system/etc/init/hw/init.rc:596) took 0ms and failed: mkdir() failed on /cache/backup: Read-only file system
11-01 12:01:02.174 0 0 I init : Command 'mkdir /cache/lost+found 0770 root root' action=post-fs (/system/etc/init/hw/init.rc:620) took 0ms and failed: mkdir() failed on /cache/lost+found: Read-only file system
11-01 12:01:02.186 0 0 I selinux : SELinux: Skipping restorecon on directory(/metadata)
11-01 12:01:02.192 0 0 I selinux : SELinux: Skipping restorecon on directory(/metadata/apex)
11-01 12:01:02.197 0 0 I init : processing action (post-fs) from (/system/etc/init/atrace_userdebug.rc:7)
11-01 12:01:02.203 0 0 I init : processing action (post-fs) from (/system/etc/init/gsid.rc:8)
11-01 12:01:02.208 0 0 I init : processing action (post-fs) from (/system/etc/init/recovery-refresh.rc:1)
11-01 12:01:02.214 0 0 I init : starting service 'exec 3 (/system/bin/recovery-refresh)'...
11-01 12:01:02.237 0 0 I init : ... started service 'exec 3 (/system/bin/recovery-refresh)' has pid 179
11-01 12:01:02.245 0 0 I init : processing action (late-fs) from (/system/etc/init/hw/init.rc:643)
11-01 12:01:02.251 0 0 I init : Service 'exec 3 (/system/bin/recovery-refresh)' (pid 179) exited with status 254 oneshot service took 0.030000 seconds in background
11-01 12:01:02.262 0 0 I init : Sending signal 9 to service 'exec 3 (/system/bin/recovery-refresh)' (pid 179) process group...
11-01 12:01:02.269 0 0 I libprocessgroup: Successfully killed process cgroup uid 1000 pid 179 in 0ms
11-01 12:01:02.275 0 0 I init : starting service 'system_suspend'...
11-01 12:01:02.283 0 0 I init : ... started service 'system_suspend' has pid 180
11-01 12:01:02.288 0 0 I init : starting service 'keystore2'...
11-01 12:01:02.295 0 0 I init : ... started service 'keystore2' has pid 181
11-01 12:01:02.296 0 0 I test_meminit: all 70 tests in test_kmemcache passed
11-01 12:01:02.303 0 0 I init : starting service 'vendor.atrace-hal-1-0'...
11-01 12:01:02.305 0 0 I test_meminit: all 10 tests in test_rcu_persistent passed
11-01 12:01:02.313 0 0 I test_meminit: all 130 tests passed!
11-01 12:01:02.316 0 0 I dlkm_loader: Loaded kernel module /vendor/lib/modules/test_meminit.ko
11-01 12:01:02.321 0 0 I dlkm_loader: Loading module /vendor/lib/modules/usbip-core.ko with args ''
11-01 12:01:02.327 0 0 I servicemanager: getDeviceHalManifest: Reading VINTF information.
11-01 12:01:02.335 0 0 I dlkm_loader: Loaded kernel module /vendor/lib/modules/usbip-core.ko
11-01 12:01:02.335 0 0 I init : ... started service 'vendor.atrace-hal-1-0' has pid 184
11-01 12:01:02.340 0 0 I servicemanager: getDeviceHalManifest: Successfully processed VINTF information
11-01 12:01:02.340 0 0 I servicemanager: getFrameworkHalManifest: Reading VINTF information.
11-01 12:01:02.341 0 0 I servicemanager: getFrameworkHalManifest: Successfully processed VINTF information
11-01 12:01:02.341 0 0 I servicemanager: Found android.system.suspend.ISystemSuspend/default in framework VINTF manifest.
11-01 12:01:02.342 0 0 I dlkm_loader: Loading module /vendor/lib/modules/vhci-hcd.ko with args ''
11-01 12:01:01.470 165 165 I hwservicemanager: getTransport: Cannot find entry android.system.suspend@1.0::ISystemSuspend/default in either framework or device VINTF manifest.
11-01 12:01:01.471 180 180 E HidlServiceManagement: Service android.system.suspend@1.0::ISystemSuspend/default must be in VINTF manifest in order to register/get.
11-01 12:01:02.346 0 0 I init : starting service 'vendor.keymint-default'...
11-01 12:01:01.471 180 180 I android.system.suspend-service: system-suspend HIDL hal not supported, use the AIDL suspend hal for requesting wakelocks
11-01 12:01:01.491 184 184 I HidlServiceManagement: Registered android.hardware.atrace@1.0::IAtraceDevice/default
11-01 12:01:01.491 184 184 I HidlServiceManagement: Removing namespace from process name android.hardware.atrace@1.0-service to atrace@1.0-service.
11-01 12:01:02.369 0 0 I vhci_hcd.0: USB/IP Virtual Host Controller
11-01 12:01:02.377 0 0 I init : ... started service 'vendor.keymint-default' has pid 187
11-01 12:01:02.378 0 0 I vhci_hcd.0: new USB bus registered, assigned bus number 2
11-01 12:01:02.382 0 0 I init : Command 'class_start early_hal' action=late-fs (/system/etc/init/hw/init.rc:650) took 107ms and succeeded
11-01 12:01:02.386 0 0 I vhci_hcd: created sysfs vhci_hcd.0
11-01 12:01:02.391 0 0 I init : starting service 'exec 4 (/system/bin/fsverity_init --load-verified-keys)'...
11-01 12:01:02.398 0 0 I usb2 : New USB device found, idVendor=1d6b, idProduct=0002, bcdDevice= 6.01
11-01 12:01:02.403 0 0 I init : ... started service 'exec 4 (/system/bin/fsverity_init --load-verified-keys)' has pid 188
11-01 12:01:01.535 187 187 I keymaster: patchlevel string does not match expected format. Using patchlevel 0
11-01 12:01:01.535 187 187 I android.hardware.security.keymint-service: adding keymint service instance: android.hardware.security.keymint.IKeyMintDevice/default
11-01 12:01:01.538 187 187 I android.hardware.security.keymint-service: adding keymint service instance: android.hardware.security.secureclock.ISecureClock/default
11-01 12:01:01.538 187 187 I android.hardware.security.keymint-service: adding keymint service instance: android.hardware.security.sharedsecret.ISharedSecret/default
11-01 12:01:01.538 187 187 I android.hardware.security.keymint-service: adding keymint service instance: android.hardware.security.keymint.IRemotelyProvisionedComponent/default
11-01 12:01:02.407 0 0 I usb2 : New USB device strings: Mfr=3, Product=2, SerialNumber=1
11-01 12:01:02.409 0 0 I servicemanager: Found android.hardware.security.keymint.IKeyMintDevice/default in device VINTF manifest.
11-01 12:01:02.409 0 0 I servicemanager: Found android.hardware.security.secureclock.ISecureClock/default in device VINTF manifest.
11-01 12:01:02.409 0 0 I servicemanager: Found android.hardware.security.sharedsecret.ISharedSecret/default in device VINTF manifest.
