11-09 12:52:55.748 4203 4203 I SemMediaResourceHelper: onState
11-09 12:52:55.750 4203 4203 I SemDvfsHyPerManager: acquire hyper - BaseTABoost/4203@23, type = 1090523139
11-09 12:52:55.751 882 978 I HYPER-HAL: [RequestManager.cpp]acquire(): Acquired ID : 8931674 [4203 / 23] HINT : list : [TABoost / 1]
11-09 12:52:56.090 1961 2111 D BtGatt.GattService: onScanResult to scannerId: 4- eventType=0x1b, addressType=1, address=C11662_3, primaryPhy=1, secondaryPhy=0, advertisingSid=0xff, txPower=127, rssi=-35, periodicAdvInt=0x0
11-09 12:52:56.143 1961 2111 D ScanFilter: manu data matches
11-09 12:52:56.144 1961 2111 D BtGatt.GattService: onScanResult to scannerId: 1- eventType=0x1b, addressType=0, address=641CB0_0, primaryPhy=1, secondaryPhy=0, advertisingSid=0xff, txPower=127, rssi=-78, periodicAdvInt=0x0
11-09 12:52:56.257 1734 1734 I wpa_supplicant: Heartbeat 21776
11-09 12:52:56.406 15995 16030 I PipelineWatcher: elapsed: FramesInPipeline(1) > n(0)
11-09 12:52:56.878 914 16284 V APM_AudioPolicyManager: setAppState(portId:400, state:2)
11-09 12:52:56.879 914 16284 V APM_AudioPolicyManager: setAppState(portId:400, state:2)
11-09 12:52:56.993 1268 2846 D FreecessController: org.qtproject.example.vulkanunderqmlapp(state: Initial -> Freezeable, Reason: uidIdle)
11-09 12:52:57.114 1268 1952 V MdnieScenarioControlService: burn_in_prevention_mode(), enabled : true, mBurnInDisableAppEnabled : false , mAutoBrightnessMode : true, mHighBrightnessModeEnabled : false , mBurnInPreventionACL : false , platform_brightness_value : 75 , BURN_IN_PREVENTION_SUPPORT_VALUE : 101 , mBurnInPreventionEnabled : false , mGameAppLauncher : false
11-09 12:52:57.129 655 655 D io_stats: !@ Write_top(KB): kworker/u16:6(20603) 140
11-09 12:52:57.638 24430 28321 I WM-WorkerWrapper: Worker result SUCCESS for Work [ id=f9fd14af-a0c2-40fa-9986-633c7a099b20, tags={ LTC-Executor-LONG, com.samsung.android.sm.scheduled.charge.LongTermChargeWorker } ]
11-09 12:52:57.898 1961 2111 D ScanFilter: manu data matches
11-09 12:52:57.899 1961 2111 D BtGatt.GattService: onScanResult to scannerId: 1- eventType=0x1b, addressType=0, address=641CB0_0, primaryPhy=1, secondaryPhy=0, advertisingSid=0xff, txPower=127, rssi=-73, periodicAdvInt=0x0
11-09 12:52:57.928 1961 2111 D BtGatt.GattService: onScanResult to scannerId: 4- eventType=0x1b, addressType=1, address=C11662_3, primaryPhy=1, secondaryPhy=0, advertisingSid=0xff, txPower=127, rssi=-37, periodicAdvInt=0x0
11-09 12:52:58.002 1961 2111 D ScanFilter: manu data matches
11-09 12:52:58.003 1961 2111 D BtGatt.GattService: onScanResult to scannerId: 1- eventType=0x1b, addressType=0, address=641CB0_0, primaryPhy=1, secondaryPhy=0, advertisingSid=0xff, txPower=127, rssi=-72, periodicAdvInt=0x0
11-09 12:52:58.052 1095 16038 D BufferPoolAccessor2.0: bufferpool2 0xb40000751efe2a98 : 2(48000 size) total buffers - 1(24000 size) used buffers - 7031877/7031936 (recycle/alloc) - 28/1757983 (fetch/transfer)
11-09 12:52:58.187 1268 3103 I ActivityManager: Killing 12944:com.samsung.android.forest/1000 (adj 999): empty #33
11-09 12:52:58.192 1268 3103 I ActivityManager: Killing 12882:com.sec.android.app.clockpackage/u0a178 (adj 999): empty #34
11-09 12:52:58.200 1268 1344 I libprocessgroup: Successfully killed process cgroup uid 1000 pid 12944 in 0ms
11-09 12:52:58.272 847 847 I Zygote : Process 12882 exited due to signal 9 (Killed)
11-09 12:52:58.272 847 847 I Zygote : Process 12944 exited due to signal 9 (Killed)
11-09 12:52:58.273 1268 1344 I libprocessgroup: Successfully killed process cgroup uid 10178 pid 12882 in 0ms
11-09 12:52:58.687 1268 3282 D SemWifiUsabilityStatsMonitor: onWifiUsabilityStats - seqNum 6260, isSameBssidAndFreq true
11-09 12:52:58.691 1268 1600 I SemWifiLinkQualityMonitor: Link Qos query: inf. ms / 0 Mbps
11-09 12:52:58.925 1268 1434 E KernelCpuUidFullTimeReader: Negative delta from freq time for uid: 90000, delta: -148
11-09 12:52:58.925 1268 1434 D CustomizedBinderCallsStatsInternal: reportCpuUsage() : 0%
11-09 12:52:59.955 1961 2111 D BtGatt.GattService: onScanResult to scannerId: 4- eventType=0x1b, addressType=1, address=C11662_3, primaryPhy=1, secondaryPhy=0, advertisingSid=0xff, txPower=127, rssi=-39, periodicAdvInt=0x0
11-09 12:53:00.008 1268 1268 I EyeComfortSolutionService: action : android.intent.action.TIME_TICK
11-09 12:53:00.012 1695 2366 D QSClockBellTower: onReceive(android.intent.action.TIME_TICK) mTimeZoneString:null
11-09 12:53:00.032 1695 1695 D KeyguardUpdateMonitor: received broadcast android.intent.action.TIME_TICK
11-09 12:53:00.033 1695 1695 D QSClockBellTower: He is ready to ring the bell. (((QSClockBellSound - TimeText:12:53, TimeContentDescription:12:53 PM, DateText:Thu, November 9, ShortDateText:Thu, Nov 9, Demo:false, QuickStar-Second(false|12:34:56))))
11-09 12:53:00.035 1695 1695 D QSClockIndicatorView: Home Indicator status_bar_clock 12:53 notifyTimeChanged(QSClockBellSound - TimeText:12:53, TimeContentDescription:12:53 PM, DateText:Thu, November 9, ShortDateText:Thu, Nov 9, Demo:false, QuickStar-Second(false|12:34:56)) ClockVisibleByPolicy:true, ClockVisibleByUser:true, visible?true, parent:android.widget.LinearLayout{dc131da V.E...... ......ID 0,0-97,58 #7f0b04e9 app:id/left_clock_container}
11-09 12:53:00.035 1695 1695 D QSClockBellTower: Everyone heard the bell. run(currentTime:1699530780032, getTime():Thu Nov 09 12:53:00 GMT+01:00 2023, getTimeZone():libcore.util.ZoneInfo[mDstSavings=3600000,mUseDst=true,mDelegate=[id="Europe/Warsaw",mRawOffset=3600000,mEarliestRawOffset=5040000,transitions=165]])
11-09 12:53:00.036 1695 1695 D KeyguardUpdateMonitor: handleTimeUpdate
11-09 12:53:00.036 1695 1695 D FaceWidgetPagesController: onTimeChanged()
11-09 12:53:00.050 1695 1695 I FaceWidgetPositionAlgorithm: getClockContainerHeight() supplier = 309, bottom margin = 0, real height = 544
11-09 12:53:00.050 1695 1695 I FaceWidgetPositionAlgorithm: getClockContainerHeight() supplier = 309, bottom margin = 72, real height = 544
11-09 12:53:00.051 1695 1695 I FaceWidgetPositionAlgorithm: getMediaContainerHeight() height = 0 container Visibility = 8, isValid = false, mIsDozing = false, fraction = 1.0, source = 0, target = 0
11-09 12:53:00.051 1695 1695 I FaceWidgetPositionAlgorithm: getMediaContainerHeight() supplier = 0
11-09 12:53:00.054 1695 1695 V QsExpandAnimator: setQsExpansionPosition 0.0
11-09 12:53:00.063 1695 1695 V QsExpandAnimator: updateAnimators
11-09 12:53:00.064 1695 1695 V QsExpandAnimator: clearAnimationState
11-09 12:53:00.064 1695 1695 V QsExpandAnimator: updateViews
11-09 12:53:00.068 1695 1695 V QsExpandAnimator: updateTileAnimator
11-09 12:53:00.069 1695 1695 V QsExpandAnimator: updateHeaderAnimator
11-09 12:53:00.070 1695 1695 V QsExpandAnimator: updateBarAnimator
11-09 12:53:00.070 1695 1695 V QsExpandAnimator: setQsExpansionPosition 0.0
11-09 12:53:00.070 1695 1695 V QsExpandAnimator: onAnimationAtStart
11-09 12:53:00.111 931 931 D SurfaceFlinger: GPIS:: requestGPIS
11-09 12:53:00.124 931 2737 D NativeSemDvfsManager: acquire:: timeout = 2000 mIsAcquired = 1 mTagName : SurfaceFlinger
11-09 12:53:00.124 931 2737 E NativeCustomFrequencyManager: [NativeCFMS] BpCustomFrequencyManager::acquire()
11-09 12:53:00.125 882 978 I HYPER-HAL: [RequestManager.cpp]acquire(): Acquired ID : 1866346 [931 / 1000] HINT : SF_GPU_MINLOCK list : [TIMEOUT / 2000]
11-09 12:53:00.143 15995 16027 I MediaCodec: setCodecState state(1), called in 6
11-09 12:53:00.143 1268 3103 V ResourceManagerHelper-JNI: JNIMediaResourceHelper::notify eventType : 3, ext1 : 0, ext2 : 0
11-09 12:53:00.144 1268 3103 V ResourceManagerHelper-JNI: notify eventType : 3, ext1 : 0, ext2 : 0
11-09 12:53:00.144 1268 1478 I SemMediaResourceHelper: onState
11-09 12:53:00.144 418 527 V ResourceManagerHelper-JNI: JNIMediaResourceHelper::notify eventType : 3, ext1 : 0, ext2 : 0
11-09 12:53:00.144 418 527 V ResourceManagerHelper-JNI: notify eventType : 3, ext1 : 0, ext2 : 0
11-09 12:53:00.144 4203 4203 I SemMediaResourceHelper: onState
11-09 12:53:00.144 418 1011 I SemMediaResourceHelper: onState
11-09 12:53:00.144 418 1011 I DrmMediaResourceHelper: onStateChanged size = 1
11-09 12:53:00.144 418 1011 I DrmMediaResourceHelper: resource type: 2,,,isSecured : falseIsEncoder : truegetCodecState : 1getpid : 15995
11-09 12:53:00.146 882 978 I HYPER-HAL: [RequestManager.cpp]releaseLocked(): Released ID : 8931674
11-09 12:53:00.352 15995 16028 D BufferPoolAccessor2.0: bufferpool2 0xb4000072bf6bca68 : 5(19200 size) total buffers - 4(15360 size) used buffers - 7032320/7032400 (recycle/alloc) - 926/14064791 (fetch/transfer)
11-09 12:53:00.372 1268 1461 D ActivityTaskManager: SafeActivityOptions created, mOriginalCallingPid=1268, mOriginalCallingUid=1000, options=ActivityOptions(218395509), mPackageName=null, mAnimationType=-1, mStartX=0, mStartY=0, mWidth=0, mHeight=0, caller=com.android.server.am.PendingIntentRecord.sendInner:471 com.android.server.am.ActivityManagerService.sendIntentSender:6570 com.android.server.am.ActivityManagerService.sendIntentSender:6559 android.app.PendingIntent.sendAndReturnResult:1029 android.app.PendingIntent.send:1000 com.android.server.alarm.AlarmManagerService$DeliveryTracker.deliverLocked:6338 com.android.server.alarm.AlarmManagerService.deliverAlarmsLocked:5181
11-09 12:53:00.376 1268 1461 D ActivityManager: Received BROADCAST intent 0xd2ddaa0 Key{broadcastIntent pkg=com.sec.spp.push intent=act=com.sec.spp.smpc.RECEIVER_ACTION_INIT_ALARM pkg=com.sec.spp.push cmp=com.sec.spp.push/com.sec.spp.smpc.receiver.SmpcSystemStateMonitor flags=0x4000000 u=0} requestCode=0 sent=0 from uid 1000
11-09 12:53:00.386 1268 1341 D CompatibilityChangeReporter: Compat change id reported: 135634846; UID 10099; state: DISABLED
11-09 12:53:00.387 1268 1341 D CompatibilityChangeReporter: Compat change id reported: 177438394; UID 10099; state: DISABLED
11-09 12:53:00.388 1268 1341 D CompatibilityChangeReporter: Compat change id reported: 135772972; UID 10099; state: DISABLED
11-09 12:53:00.388 1268 1341 D CompatibilityChangeReporter: Compat change id reported: 135754954; UID 10099; state: ENABLED
11-09 12:53:00.392 1268 1342 D CompatibilityChangeReporter: Compat change id reported: 143937733; UID 10099; state: ENABLED
11-09 12:53:00.425 847 847 D Zygote : Forked child process 28630
11-09 12:53:00.428 1268 1342 I ActivityManager: Start proc 28630:com.sec.spp.push/u0a99 for broadcast {com.sec.spp.push/com.sec.spp.smpc.receiver.SmpcSystemStateMonitor}
11-09 12:53:00.456 28630 28630 I om.sec.spp.push: Using CollectorTypeCC GC.
11-09 12:53:00.464 28630 28630 E om.sec.spp.push: Not starting debugger since process cannot load the jdwp agent.
11-09 12:53:00.469 966 996 I heimdall: insert_task_to_group:67, insert tgid 28630 to group com.samsung.android.privacydashboard, ret = 0
11-09 12:53:00.470 28630 28630 D ActivityThread: setConscryptValidator
11-09 12:53:00.470 28630 28630 D ActivityThread: setConscryptValidator - put
11-09 12:53:00.472 1268 1434 D CompatibilityChangeReporter: Compat change id reported: 168419799; UID 10099; state: DISABLED
11-09 12:53:00.473 1268 1434 I ActivityManager: DSS OFF for com.sec.spp.push
11-09 12:53:00.478 914 13865 V APM_AudioPolicyManager: setAppState(portId:400, state:2)
11-09 12:53:00.479 914 13865 V APM_AudioPolicyManager: setAppState(portId:400, state:2)
11-09 12:53:00.481 28630 28630 D CompatibilityChangeReporter: Compat change id reported: 171979766; UID 10099; state: ENABLED
11-09 12:53:00.481 966 996 I heimdall: insert_task_to_group:67, insert tgid 28630 to group com.sec.spp.push, ret = 0
11-09 12:53:00.503 1695 1988 D NetworkController: SignalStrength from intent slotId=0
11-09 12:53:00.505 1695 1988 D MobileSignalController(0/2147483647): new mSignalStrength level=1 signal strength=SignalStrength:{mCdma=Invalid,mGsm=Invalid,mWcdma=Invalid,mTdscdma=Invalid,mLte=CellSignalStrengthLte: rssi=-113 rsrp=-114 rsrq=-14 rssnr=-2 cqiTableIndex=1 cqi=6 ta=2147483647 level=2 parametersUseForLevel=0,mNr=Invalid,SignalBarInfo{ lteLevel=1 },rat=14,primary=CellSignalStrengthLte}
11-09 12:53:00.507 1695 1988 D MobileSignalController(0/2147483647): notifyListener: enabled=true, connected=true, dataConnected=false, networkType=UNKNOWN (Unknown), emergencyOnly=true, roaming=false, isDefault=false, dataActivity=, level=1, ca=false, mmWave=false, disabledDataIcon=false, simCard=NO_SIM
11-09 12:53:00.567 28630 28630 I MultiDex: VM with version 2.1.0 has multidex support
11-09 12:53:00.567 28630 28630 I MultiDex: Installing application
11-09 12:53:00.567 28630 28630 I MultiDex: VM has multidex support, MultiDex support library is disabled.
11-09 12:53:00.576 28630 28630 W Ads : Disabling data collection. Found google_app_id in strings.xml but Google Analytics for Firebase is missing. Remove this value or add Google Analytics for Firebase to resume data collection.
11-09 12:53:00.590 28630 28630 I FirebaseApp: Device unlocked: initializing all Firebase APIs for app [DEFAULT]
11-09 12:53:00.599 28630 28648 W ziparchive: Unable to open '/data/user_de/0/com.google.android.gms/app_chimera/m/0000009b/DynamiteLoader.dm': No such file or directory
11-09 12:53:00.599 28630 28648 W ziparchive: Unable to open '/data/user_de/0/com.google.android.gms/app_chimera/m/0000009b/DynamiteLoader.dm': No such file or directory
11-09 12:53:00.609 28630 28630 I FirebaseInitProvider: FirebaseApp initialization successful
11-09 12:53:00.614 28630 28648 I DynamiteModule: Considering local module com.google.android.gms.ads.dynamite:0 and remote module com.google.android.gms.ads.dynamite:233702200
11-09 12:53:00.614 28630 28648 I DynamiteModule: Selected remote version of com.google.android.gms.ads.dynamite, version >= 233702200
11-09 12:53:00.620 1268 1434 I GenerationRegistry: mBackingStore.isClosed() : false
11-09 12:53:00.623 1268 1487 D CompatibilityChangeReporter: Compat change id reported: 161145287; UID 10099; state: DISABLED
11-09 12:53:00.646 28630 28658 E SPPClientService: ShipBuild Binary : True
11-09 12:53:00.647 28630 28648 W System : ClassLoader referenced unknown path:
11-09 12:53:00.652 28630 28630 E SPPClientServiceS: [SppEosChecker] Already SPP EOSed. do nothing...
11-09 12:53:00.666 28630 28630 I SmpLog : [SMP] get push type : fcm
11-09 12:53:00.666 28630 28630 I SmpLog : [SMP] get token : ...e8WRx (163)
11-09 12:53:00.667 28630 28630 I SmpLog : [SMP] get push type : fcm
11-09 12:53:00.667 28630 28630 I SmpLog : [SMP] get token : ...e8WRx (163)
11-09 12:53:00.668 28630 28630 I SmpLog : [SMP] init. D:false U:false S:true M:false P:FCM_ONLY_MODE A:a
11-09 12:53:00.673 28630 28648 W ziparchive: Unable to open '/data/user_de/0/com.google.android.gms/app_chimera/m/00000093/dl-AdsFdrDynamite.integ_233702200100000.dm': No such file or directory
11-09 12:53:00.673 28630 28648 W ziparchive: Unable to open '/data/user_de/0/com.google.android.gms/app_chimera/m/00000093/dl-AdsFdrDynamite.integ_233702200100000.dm': No such file or directory
11-09 12:53:00.678 28630 28663 I SmpLog : [SMP] Test mode: false, v:3.3.7.0, com.sec.spp.push
11-09 12:53:00.680 28630 28663 I SmpLog : [SMP] ptype:fcm, token:...e8WRx (163), D:false, U:false, S:false, M:false, P:FCM_ONLY_MODE
11-09 12:53:00.681 28630 28630 I SmpLog : [SMP] opt-in success. optin_time : 1666007897915
11-09 12:53:00.694 1268 3103 D CompatibilityChangeReporter: Compat change id reported: 171306433; UID 10099; state: ENABLED
11-09 12:53:00.694 1268 3103 D CompatibilityChangeReporter: Compat change id reported: 218533173; UID 10099; state: ENABLED
11-09 12:53:00.695 1268 3103 D CompatibilityChangeReporter: Compat change id reported: 226439802; UID 10099; state: DISABLED
11-09 12:53:00.701 28630 28663 I SmpLog : [SMP] SEND BR : smp init success
11-09 12:53:00.702 28630 28630 I SmpLog : [SMP] get push type : fcm
11-09 12:53:00.702 28630 28630 I SmpLog : [SMP] get token : ...e8WRx (163)
11-09 12:53:00.702 28630 28630 I SmpLog : [SMP] init. D:false U:false S:true M:false P:FCM_ONLY_MODE A:a
11-09 12:53:00.702 28630 28630 I SmpLog : [SMP] opt-in success. optin_time : 1666007897915
11-09 12:53:00.729 1268 1487 I ActivityManager: Killing 12646:com.samsung.android.app.routines/u0a41 (adj 999): empty #33
11-09 12:53:00.733 28630 28663 I SmpLog : [SMP] Test mode: false, v:3.3.7.0, com.sec.spp.push
11-09 12:53:00.734 28630 28663 I SmpLog : [SMP] ptype:fcm, token:...e8WRx (163), D:false, U:false, S:false, M:false, P:FCM_ONLY_MODE
11-09 12:53:00.735 914 16284 V APM_AudioPolicyManager: setAppState(portId:400, state:2)
11-09 12:53:00.739 28630 28663 I SmpLog : [SMP] SEND BR : smp init success
11-09 12:53:00.745 1268 1344 I libprocessgroup: Successfully killed process cgroup uid 10041 pid 12646 in 11ms
11-09 12:53:00.806 847 847 I Zygote : Process 12646 exited due to signal 9 (Killed)
11-09 12:53:00.917 874 874 I Sensors : batch(19) - light_cct_sensor try to batching with 200000000
11-09 12:53:00.919 874 874 I Sensors : LightCCT_Sensor old sensor_state 16896, new sensor_state : 987365736727040 en : 1
11-09 12:53:00.920 874 874 I Sensors : enable:: light_cct_sensor(19)
11-09 12:53:00.921 1268 1955 D SensorManager: registerListener :: 33, STK33915 Light CCT, 200000, 0, com.samsung.android.displaysolution.EyeComfortSolutionService$2@c7f6f40
11-09 12:53:01.029 874 1426 I Sensors : lux = 50, CCT = 0, r = 2528, g = 192, b = 1822, c = 65, atime = 46, again = 51, lux_raw = 51, brightness = 75, time = 259397785449000
11-09 12:53:01.032 1268 1955 D SensorService: Calling activate off 33
11-09 12:53:01.033 874 874 I Sensors : LightCCT_Sensor old sensor_state 16896, new sensor_state : 987361441759744 en : 0
11-09 12:53:01.034 874 874 I Sensors : disable:: light_cct_sensor(19)
11-09 12:53:01.035 1268 1955 D SensorManager: unregisterListener :: com.samsung.android.displaysolution.EyeComfortSolutionService$2@c7f6f40
11-09 12:53:01.131 655 655 D io_stats: !@ 8,0 r 1985393 56289180 w 2158254 22870516 d 617192 117685724 f 0 329612 iot 2297052 0 th 0 0 0 pt 0 inp 0 0 208671.434
11-09 12:53:01.131 655 655 D io_stats: !@ Read_top(KB): om.sec.spp.push(28630) 1388 system_server(1268) 20
11-09 12:53:01.131 655 655 D io_stats: !@ Write_top(KB): kworker/u16:6(20603) 144 system_server(1268) 60 om.sec.spp.push(28630) 56
11-09 12:53:01.586 1961 2111 D BtGatt.GattService: onScanResult to scannerId: 4- eventType=0x1b, addressType=1, address=C11662_3, primaryPhy=1, secondaryPhy=0, advertisingSid=0xff, txPower=127, rssi=-34, periodicAdvInt=0x0
11-09 12:53:01.639 1961 2111 D ScanFilter: manu data matches
11-09 12:53:01.639 1961 2111 D BtGatt.GattService: onScanResult to scannerId: 1- eventType=0x1b, addressType=0, address=641CB0_0, primaryPhy=1, secondaryPhy=0, advertisingSid=0xff, txPower=127, rssi=-62, periodicAdvInt=0x0
11-09 12:53:01.652 2500 2539 I [+0100]oneconnect[1.8.09.23_01][BEACON_MANAGER_CONTROL_SERVICE]: BleParserForVD.parseTvPacket - (Extention)|name:($)-[(11)|deviceType:UNKNOWN|discoverType:_BLE|services:None|connected:false[Type]6[Index]0[MNID]0AJK[SETUPID]101[TvStatusString]EXTENSION[TvStatus]32[TvService]97[TvMirrorChannel]0[TvRegisteredDB]null[TvYear]2017[TvOcfInfo]7[TvAcmStatus]0[ExTvStatus]0
11-09 12:53:01.653 2500 2539 I [+0100]oneconnect[1.8.09.23_01][BEACON_MANAGER_CONTROL_SERVICE]: TvOcfParser.onReceive - TV Popup Onboarding is skept - ($)
11-09 12:53:01.715 1268 3282 D SemWifiUsabilityStatsMonitor: onWifiUsabilityStats - seqNum 6261, isSameBssidAndFreq true
11-09 12:53:01.718 1268 1600 I SemWifiLinkQualityMonitor: Link Qos Query: 0.014 ms / 583.095 Mbps (864 / 0.001 / 1.286)
11-09 12:53:01.730 1961 2111 D ScanFilter: manu data matches
11-09 12:53:01.731 1961 2111 D BtGatt.GattService: onScanResult to scannerId: 1- eventType=0x1b, addressType=0, address=641CB0_0, primaryPhy=1, secondaryPhy=0, advertisingSid=0xff, txPower=127, rssi=-69, periodicAdvInt=0x0
11-09 12:53:01.738 2500 2539 I [+0100]oneconnect[1.8.09.23_01][BEACON_MANAGER_CONTROL_SERVICE]: BleParserForVD.parseTvPacket - (Extention)|name:($)-[(11)|deviceType:UNKNOWN|discoverType:_BLE|services:None|connected:false[Type]6[Index]0[MNID]0AJK[SETUPID]101[TvStatusString]EXTENSION[TvStatus]32[TvService]97[TvMirrorChannel]0[TvRegisteredDB]null[TvYear]2017[TvOcfInfo]7[TvAcmStatus]0[ExTvStatus]0
11-09 12:53:01.738 2500 2539 I [+0100]oneconnect[1.8.09.23_01][BEACON_MANAGER_CONTROL_SERVICE]: TvOcfParser.onReceive - TV Popup Onboarding is skept - ($)
11-09 12:53:02.127 882 28627 I HYPER-HAL: [RequestManager.cpp]releaseLocked(): Released ID : 1866346
11-09 12:53:02.187 868 868 I android.hardware.health@2.1-service-samsung: updateLrpSysfs: write: 316
11-09 12:53:02.377 868 894 E BatteryDump: !@new_battery_dump : 4117,2,2300,3150,84,308,306,307,308,0,316,Not-charging,Normal,Good,PDIC,0,Normal,0,0,9600,0x108000,0x1010000,0x0,21,4118,8496,1000,
11-09 12:53:02.985 28249 28266 I oid.mdecservice: oneway function results for code 2 on binder at 0xb4000078cab7a0d0 will be dropped but finished with status UNKNOWN_TRANSACTION
11-09 12:53:03.123 1095 16038 D BufferPoolAccessor2.0: bufferpool2 0xb40000751efe2a98 : 2(48000 size) total buffers - 1(24000 size) used buffers - 7032892/7032951 (recycle/alloc) - 28/1758237 (fetch/transfer)
11-09 12:53:03.132 655 655 D io_stats: !@ 8,0 r 1985393 56289180 w 2158256 22870524 d 617192 117685724 f 0 329612 iot 2297060 0 th 0 0 0 pt 0 inp 0 0 208673.435
11-09 12:53:03.145 15995 16027 I MediaCodec: setCodecState state(0), called in 6
11-09 12:53:03.146 418 527 V ResourceManagerHelper-JNI: JNIMediaResourceHelper::notify eventType : 3, ext1 : 0, ext2 : 0
11-09 12:53:03.146 418 527 V ResourceManagerHelper-JNI: notify eventType : 3, ext1 : 0, ext2 : 0
11-09 12:53:03.146 418 1011 I SemMediaResourceHelper: onState
11-09 12:53:03.146 4203 4203 I SemMediaResourceHelper: onState
11-09 12:53:03.147 418 1011 I DrmMediaResourceHelper: onStateChanged size = 1
11-09 12:53:03.146 1268 3103 V ResourceManagerHelper-JNI: JNIMediaResourceHelper::notify eventType : 3, ext1 : 0, ext2 : 0
11-09 12:53:03.147 1268 3103 V ResourceManagerHelper-JNI: notify eventType : 3, ext1 : 0, ext2 : 0
11-09 12:53:03.147 418 1011 I DrmMediaResourceHelper: resource type: 2,,,isSecured : falseIsEncoder : truegetCodecState : 0getpid : 15995
11-09 12:53:03.147 4203 4203 I SemDvfsHyPerManager: acquire hyper - BaseTABoost/4203@23, type = 1090523139
11-09 12:53:03.147 1268 1478 I SemMediaResourceHelper: onState
11-09 12:53:03.148 882 978 I HYPER-HAL: [RequestManager.cpp]acquire(): Acquired ID : 8931674 [4203 / 23] HINT : list : [TABoost / 1]
11-09 12:53:03.502 1961 2111 D ScanFilter: manu data matches
11-09 12:53:03.502 1961 2111 D BtGatt.GattService: onScanResult to scannerId: 1- eventType=0x1b, addressType=0, address=641CB0_0, primaryPhy=1, secondaryPhy=0, advertisingSid=0xff, txPower=127, rssi=-74, periodicAdvInt=0x0
11-09 12:53:03.535 1268 1492 D InputReader: Btn_touch(6): value=1 when=208673.838110
11-09 12:53:03.536 1268 1492 I InputReader: Touch event's action is 0x0 (id=4, t=0) [pCnt=1, s=0.1971 ] when=208673.838110
11-09 12:53:03.537 1268 1491 I InputDispatcher: Delivering touch to (1695): action: 0x4, f=0x0, d=0, 'a6aa740', t=1
11-09 12:53:03.537 1268 1491 I InputDispatcher: Delivering touch to (532): action: 0x0, f=0x0, d=0, '86ce6f5', t=1
11-09 12:53:03.537 1268 1491 D PowerManagerService: UserActivityStateListenerState: 1
11-09 12:53:03.537 532 532 I ViewRootImpl@846fa1[LauncherActivity]: ViewPostIme pointer 0
11-09 12:53:03.537 1268 1331 I GestureDetector: obtain mCurrentDownEvent. id: 200929042 caller: com.android.server.wm.SystemGesturesPointerEventListener.onPointerEvent:203 com.android.server.wm.PointerEventDispatcher.onInputEvent:53 android.view.InputEventReceiver.dispatchInputEvent:267
11-09 12:53:03.537 532 532 W BaseDragLayer: dispatchTouchEvent, ACTION_DOWN - mTouchDispatchState = 9
11-09 12:53:03.537 931 931 I DisplayDevice: [Display 4633128672291735999 (internal, primary, "samsung lcd ")] ActiveConfigToHWC, ID : 0
11-09 12:53:03.537 1268 1331 I GestureDetector: obtain mCurrentDownEvent. id: 200929042 caller: com.android.server.wm.SystemPerformancePointerEventListener.onPointerEvent:89 com.android.server.wm.PointerEventDispatcher.onInputEvent:53 android.view.InputEventReceiver.dispatchInputEvent:267
11-09 12:53:03.538 931 931 I SurfaceFlinger: Touch - choose 120.00 Hz
11-09 12:53:03.538 4203 4203 I SemDvfsHyPerManager: acquire hyper - TABoost/4203@24, type = 1090523139
11-09 12:53:03.538 532 532 W BaseDragLayer: findActiveController return false mTouchDispatchState = 9
11-09 12:53:03.538 931 931 D SurfaceFlinger: GPIS:: requestGPIS
11-09 12:53:03.538 882 978 I HYPER-HAL: [RequestManager.cpp]acquire(): Acquired ID : 8935902 [4203 / 24] HINT : list : [TABoost / 1] [TIMEOUT / 1500]
11-09 12:53:03.538 532 532 W AppStartUtils: sendActiveLaunchBroadcast() id : 122
11-09 12:53:03.539 867 867 D display : setActiveConfigWithConstraints:: PrimaryDisplay config(3)
11-09 12:53:03.539 867 867 I display : Current VRR MODE is 3
11-09 12:53:03.539 867 867 I display : setActiveConfigWithConstraints:: HFR match - config: 3, base: 3, try: 1
11-09 12:53:03.539 867 867 I display : setActiveConfigWithConstraints::update 1080x2340@120hs
11-09 12:53:03.539 867 867 I display : commit modeset : 1080x2340@120hs
11-09 12:53:03.539 1268 1662 I Pageboost: start alp : org.qtproject.example.vulkanunderqmlapp
11-09 12:53:03.539 1268 1662 D ActivityTaskManager: Checking for the Active launch isPkgEverLaunched :true, isPkgStopped : false, isDataCleared :false, isAutoRunBlocked : false
11-09 12:53:03.539 1268 1666 I Pageboost: alp skip : org.qtproject.example.vulkanunderqmlapp , 2
11-09 12:53:03.539 1268 1662 W ContextImpl: Calling a method in the system process without a qualified user: android.app.ContextImpl.startActivity:1127 com.android.server.wm.ActivityTaskManagerService$ActiveLaunchReceiver.onReceive:1332 android.app.LoadedApk$ReceiverDispatcher$Args.lambda$getRunnable$0$android-app-LoadedApk$ReceiverDispatcher$Args:1918 android.app.LoadedApk$ReceiverDispatcher$Args$$ExternalSyntheticLambda0.run:2 android.os.Handler.handleCallback:942
11-09 12:53:03.539 1268 1662 D ActivityTaskManager: startActivityAsUser: callingPid=1268, callingUid=1000, caller=com.android.server.wm.ActivityTaskManagerService.startActivityAsUser:1809 com.android.server.wm.ActivityTaskManagerService.startActivity:1760 android.app.Instrumentation.execStartActivity:1801 android.app.ContextImpl.startActivity:1145 com.android.server.wm.ActivityTaskManagerService$ActiveLaunchReceiver.onReceive:1332 android.app.LoadedApk$ReceiverDispatcher$Args.lambda$getRunnable$0$android-app-LoadedApk$ReceiverDispatcher$Args:1918 android.app.LoadedApk$ReceiverDispatcher$Args$$ExternalSyntheticLambda0.run:2
11-09 12:53:03.540 1268 1662 D ActivityTaskManager: SafeActivityOptions created, mOriginalCallingPid=1268, mOriginalCallingUid=1000, options=ActivityOptions(164074393), mPackageName=null, mAnimationType=-1, mStartX=0, mStartY=0, mWidth=0, mHeight=0, caller=com.android.server.wm.SafeActivityOptions.fromBundle:82 com.android.server.wm.ActivityStarter.setActivityOptions:4594 com.android.server.wm.ActivityTaskManagerService.startActivityAsUser:1934 com.android.server.wm.ActivityTaskManagerService.startActivityAsUser:1809 com.android.server.wm.ActivityTaskManagerService.startActivity:1760 android.app.Instrumentation.execStartActivity:1801 android.app.ContextImpl.startActivity:1145
11-09 12:53:03.540 1268 1662 D ActivityTaskManager: request preloading for newly launching app
11-09 12:53:03.541 1268 1662 E ActivityTaskManager: TouchDown intent received, starting ActiveLaunch
11-09 12:53:03.541 1268 1662 D ActivityTaskManager: starting Active launch
11-09 12:53:03.541 613 613 I lmkd : check proc pid launching app : 20959
11-09 12:53:03.544 1268 1331 I GestureDetector: obtain mCurrentMotionEventRaw. action: 2 id: 567485190
11-09 12:53:03.544 1268 1331 I GestureDetector: obtain mCurrentMotionEventRaw. action: 2 id: 567485190
11-09 12:53:03.548 1695 1871 D ShellStartingWindow: preload Icon org.qtproject.example.vulkanunderqmlapp
11-09 12:53:03.549 867 972 I display : [compareVsyncPeriod] set the lowest(mode:0) vsync 83 of display(0)
11-09 12:53:03.549 867 972 I display : getFpsForPerformance, performance table found using table(key:120, cpu:255)
11-09 12:53:03.549 867 972 I display : Set m2mMPP capacity(4) for fps(120)
11-09 12:53:03.549 867 972 I display : getFpsForPerformance, performance table found using table(key:120, cpu:255)
11-09 12:53:03.549 867 972 I display : Set Affinity config for fps(120) : cpuIDs : 255
11-09 12:53:03.549 867 972 I display : Set Affinity CPU ID : 0
11-09 12:53:03.549 867 972 I display : Set Affinity CPU ID : 1
11-09 12:53:03.549 867 972 I display : Set Affinity CPU ID : 2
11-09 12:53:03.549 867 972 I display : Set Affinity CPU ID : 3
11-09 12:53:03.549 867 972 I display : Set Affinity CPU ID : 4
11-09 12:53:03.549 867 972 I display : Set Affinity CPU ID : 5
11-09 12:53:03.549 867 972 I display : Set Affinity CPU ID : 6
11-09 12:53:03.549 867 972 I display : Set Affinity CPU ID : 7
11-09 12:53:03.549 867 972 I display : Set affinity HWC : 867
11-09 12:53:03.549 867 972 I display : CPU set : Cluster(0), min_clock(0)
11-09 12:53:03.549 867 972 I display : CPU set : Cluster(1), min_clock(0)
11-09 12:53:03.549 867 972 I display : CPU set : Cluster(2), min_clock(0)
11-09 12:53:03.549 931 2737 D NativeSemDvfsManager: acquire:: timeout = 2000 mIsAcquired = 1 mTagName : SurfaceFlinger
11-09 12:53:03.550 931 2737 E NativeCustomFrequencyManager: [NativeCFMS] BpCustomFrequencyManager::acquire()
11-09 12:53:03.550 882 978 I HYPER-HAL: [RequestManager.cpp]acquire(): Acquired ID : 1866346 [931 / 1000] HINT : SF_GPU_MINLOCK list : [TIMEOUT / 2000]
11-09 12:53:03.557 931 931 I Scheduler: DisplayModeChanged : 0
11-09 12:53:03.557 1268 1333 D LocalDisplayAdapter: updateActiveModeLocked for d=4633128672291735999, mActiveModeId=1, mActiveSfDisplayMode=DisplayMode{id=0, width=1080, height=2340, xDpi=428.625, yDpi=424.542, refreshRate=120.00001, appVsyncOffsetNanos=0, presentationDeadlineNanos=9333333, group=0}
11-09 12:53:03.557 532 532 W BaseDragLayer: findActiveController return false mTouchDispatchState = 9
11-09 12:53:03.557 1268 1333 I DisplayDeviceRepository: Display device changed: DisplayDeviceInfo{"Built-in Screen": uniqueId="local:4633128672291735999", 1080 x 2340, modeId 1, defaultModeId 1, supportedModes [{id=1, width=1080, height=2340, fps=120.00001, alternativeRefreshRates=[10.0, 24.0, 30.0, 48.0, 60.0, 96.0]}, {id=2, width=1080, height=2340, fps=96.0, alternativeRefreshRates=[10.0, 24.0, 30.0, 48.0, 60.0, 120.00001]}, {id=3, width=1080, height=2340, fps=60.0, alternativeRefreshRates=[10.0, 24.0, 30.0, 48.0, 96.0, 120.00001]}, {id=4, width=1080, height=2340, fps=48.0, alternativeRefreshRates=[10.0, 24.0, 30.0, 60.0, 96.0, 120.00001]}, {id=5, width=1080, height=2340, fps=30.0, alternativeRefreshRates=[10.0, 24.0, 48.0, 60.0, 96.0, 120.00001]}, {id=6, width=1080, height=2340, fps=24.0, alternativeRefreshRates=[10.0, 30.0, 48.0, 60.0, 96.0, 120.00001]}, {id=7, width=1080, height=2340, fps=10.0, alternativeRefreshRates=[24.0, 30.0, 48.0, 60.0, 96.0, 120.00001]}], colorMode 0, supportedColorModes [0, 7, 9], hdrCapabilities HdrCapabilities{mSupportedHdrTypes=[2, 3, 4], mMaxLuminance=450.0, mMaxAverageLuminance=120.0, mMinLuminance=5.0E-4}, allmSupported false, gameContentTypeSupported false, density 480, 428.625 x 424.542 dpi, appVsyncOff 0, presDeadline 9333333, cutout DisplayCutout{insets=Rect(0, 81 - 0, 0) waterfall=Insets{left=0, top=0, right=0, bottom=0} boundingRect={Bounds=[Rect(0, 0 - 0, 0), Rect(512, 0 - 568, 81), Rect(0, 0 - 0, 0), Rect(0, 0 - 0, 0)]} cutoutPathParserInfo={CutoutPathParserInfo{displayWidth=1080 displayHeight=2340 physicalDisplayWidth=1080 physicalDisplayHeight=2340 density={3.0} cutoutSpec={M 0,0 H -9.333333333333333 V 27 H 9.333333333333333 V 0 H 0 Z @dp} rotation={0} scale={1.0} physicalPixelDisplaySizeRatio={1.0}}}}, touch INTERNAL, rotation 0, type INTERNAL, address {port=191, model=0x404c2dfae6a049}, deviceProductInfo DeviceProductInfo{name=samsung lcd , manufacturerPnpId=SAM, productId=0, modelYear=null, manufactureDate=ManufactureDate{week=16, year=2020}, connectionToSinkType=0}, state ON, frameRateOverride , brightnessMinimum 0.0, brightnessMaximum 1.0, brightnessDefault 0.5019608, roundedCorners RoundedCorners{[RoundedCorner{position=TopLeft, radius=102, center=Point(102, 102)}, RoundedCorner{position=TopRight, radius=102, center=Point(978, 102)}, RoundedCorner{position=BottomRight, radius=102, center=Point(978, 2238)}, RoundedCorner{position=BottomLeft, radius=102, center=Point(102, 2238)}]}, FLAG_ALLOWED_TO_BE_DEFAULT_DISPLAY, FLAG_ROTATES_WITH_CONTENT, FLAG_SECURE, FLAG_SUPPORTS_PROTECTED_BUFFERS, installOrientation 0}
11-09 12:53:03.561 1268 2856 D LiftUpHandler: [LTW] Stopped already.
11-09 12:53:03.561 1268 1268 D MotionRecognitionService: [DisplayListener] getRefreshRate 120.00001
11-09 12:53:03.561 1268 1268 D SGM:GameManager: onDisplayChanged. displyId: 0, state: 2
11-09 12:53:03.561 1268 1508 D SGM:FgCheckThread: onLooperPrepared(), msg: MSG_LCD_ON
11-09 12:53:03.561 1268 1268 D AODManagerService: requestReCalToTSP IsSingleTouchMode = false / previousDisplayState = ON
11-09 12:53:03.562 1695 1695 D DisplayLifecycle: updateDisplay id = 0
11-09 12:53:03.563 1268 1478 D MotionRecognitionService: [REFRESHRATE] : 120
11-09 12:53:03.563 1268 1478 D SensorService: setSContextDataLocked ints length 3 , byte length 8
11-09 12:53:03.563 1268 1478 D SensorService: setSContextDataLocked 100048c1
11-09 12:53:03.563 874 874 D Sensors : c1 48 00 10 78 00 00 00
11-09 12:53:03.563 874 874 E Sensors : inject_scontext_data: New ssp_data_injection_fd(44)
11-09 12:53:03.563 874 874 D Sensors : SContext Data Injection return 8
11-09 12:53:03.565 532 532 W BaseDragLayer: findActiveController return false mTouchDispatchState = 9
11-09 12:53:03.574 532 532 W BaseDragLayer: findActiveController return false mTouchDispatchState = 9
11-09 12:53:03.582 532 532 W BaseDragLayer: findActiveController return false mTouchDispatchState = 9
11-09 12:53:03.590 532 532 W BaseDragLayer: findActiveController return false mTouchDispatchState = 9
11-09 12:53:03.593 1268 1492 D InputReader: Btn_touch(6): value=0 when=208673.896245
11-09 12:53:03.593 1268 1492 I InputReader: Touch event's action is 0x1 (id=4, t=0) [pCnt=1, s=] when=208673.896245
11-09 12:53:03.593 1268 1491 I InputDispatcher: Delivering touch to (532): action: 0x1, f=0x0, d=0, '86ce6f5', t=1
11-09 12:53:03.593 532 532 W BaseDragLayer: findActiveController return false mTouchDispatchState = 9
11-09 12:53:03.594 532 532 I ViewRootImpl@846fa1[LauncherActivity]: ViewPostIme pointer 1
11-09 12:53:03.594 532 532 W BaseDragLayer: findActiveController return false mTouchDispatchState = 0
11-09 12:53:03.594 532 532 W ItemClickHandler: Icon Clicked
11-09 12:53:03.594 532 532 I DvfsUtil: acquireAppLaunch(intent)
11-09 12:53:03.594 532 532 I SemDvfsHyPerManager: acquire hyper - APP_LAUNCH/532@0, type = -999
11-09 12:53:03.595 882 978 I HYPER-HAL: [RequestManager.cpp]acquire(): Acquired ID : 141778 [532 / 0] HINT : APP_LAUNCH list :
11-09 12:53:03.595 4203 4203 I SemDvfsHyPerManager: acquire hyper - APP_START_SHORT/4203@18, type = -999
11-09 12:53:03.595 882 978 I HYPER-HAL: [ResourceManager.cpp]updateResource(): [CPULittleMinFreq] UpdateResource Request ID : 141778 Value : 1824000
11-09 12:53:03.597 882 978 I HYPER-HAL: [RequestManager.cpp]acquire(): Acquired ID : 8910549 [4203 / 18] HINT : APP_START list : [TIMEOUT / 1500]
11-09 12:53:03.597 532 713 I LauncherActivityInfo: packageName: org.qtproject.example.vulkanunderqmlapp, useThemeIcon: false, height: 216, width: 216, density: 640
11-09 12:53:03.599 1268 4339 D ActivityTaskManager: startActivityAsUser: callingPid=532, callingUid=10141, caller=com.android.server.wm.ActivityTaskManagerService.startActivityAsUser:1809 com.android.server.wm.ActivityTaskManagerService.startActivity:1760 android.app.IActivityTaskManager$Stub.onTransact:1234 com.android.server.wm.ActivityTaskManagerService.onTransact:6541 android.os.Binder.execTransactInternal:1316 android.os.Binder.execTransact:1280
11-09 12:53:03.599 1268 4339 D ActivityTaskManager: SafeActivityOptions created, mOriginalCallingPid=532, mOriginalCallingUid=10141, options=ActivityOptions(240364095), mPackageName=null, mAnimationType=13, mStartX=0, mStartY=0, mWidth=0, mHeight=0, caller=com.android.server.wm.SafeActivityOptions.fromBundle:82 com.android.server.wm.ActivityStarter.setActivityOptions:4594 com.android.server.wm.ActivityTaskManagerService.startActivityAsUser:1934 com.android.server.wm.ActivityTaskManagerService.startActivityAsUser:1809 com.android.server.wm.ActivityTaskManagerService.startActivity:1760 android.app.IActivityTaskManager$Stub.onTransact:1234 com.android.server.wm.ActivityTaskManagerService.onTransact:6541
11-09 12:53:03.599 1268 4339 I Pageboost: onAppLaunch : org.qtproject.example.vulkanunderqmlapp
11-09 12:53:03.599 1268 4339 I Pageboost: stop alp
11-09 12:53:03.600 1268 4339 I ActivityTaskManager: START u0 {act=android.intent.action.MAIN cat=[android.intent.category.LAUNCHER] flg=0x10200000 cmp=org.qtproject.example.vulkanunderqmlapp/org.qtproject.qt.android.bindings.QtActivity bnds=[543,1014][789,1369]} from uid 10141
11-09 12:53:03.600 2962 2962 E pageboostd: Received HALT command code 2
11-09 12:53:03.601 1268 2308 I SemDvfsHyPerManager: acquire hyper - AMS_APP_SWITCH/1268@26, type = -999
11-09 12:53:03.601 1268 4339 I Pageboost: moveTaskToFront : 10402:org.qtproject.example.vulkanunderqmlapp
11-09 12:53:03.601 882 978 I HYPER-HAL: [RequestManager.cpp]acquire(): Acquired ID : 837891 [1268 / 26] HINT : AMS_APP_SWITCH list :
11-09 12:53:03.601 2962 2962 E pageboostd: Received HALT command code 2
11-09 12:53:03.601 1268 2308 D ActivityManagerPerformance: AMP_acquire() APP_SWITCH
11-09 12:53:03.601 4203 4203 I SemDvfsHyPerManager: acquire hyper - APP_START_SHORT/4203@18, type = -999
11-09 12:53:03.601 1268 4339 D InputDispatcher: Focused application(0): ActivityRecord{2444f07 u0 org.qtproject.example.vulkanunderqmlapp/org.qtproject.qt.android.bindings.QtActivity} t291}
11-09 12:53:03.602 882 978 I HYPER-HAL: [ResourceManager.cpp]updateResource(): [CPULittleMinFreq] UpdateResource Request ID : 837891 Value : 1824000
11-09 12:53:03.602 1268 4339 V WindowManager: Changing focus from Window{86ce6f5 u0 com.sec.android.app.launcher/com.sec.android.app.launcher.activities.LauncherActivity} to null displayId=0 Callers=com.android.server.wm.RootWindowContainer.updateFocusedWindowLocked:585 com.android.server.wm.WindowManagerService.updateFocusedWindowLocked:6715 com.android.server.wm.ActivityTaskManagerService.setResumedActivityUncheckLocked:5708 com.android.server.wm.ActivityRecord.moveFocusableActivityToTop:3831
11-09 12:53:03.602 882 978 I HYPER-HAL: [RequestManager.cpp]acquire(): Acquired ID : 8910549 [4203 / 18] HINT : APP_START list : [TIMEOUT / 1500]
11-09 12:53:03.602 1268 4339 D StatusBarManagerService: notifyRequestedSystemKey recent=false home=false
11-09 12:53:03.602 1268 4339 D SGM:FgCheckThread: TaskStackListener.onTaskFocusChanged(), taskId=142, focused=false
11-09 12:53:03.602 1268 4339 D SGM:FgCheckThread: TaskStackListener.onTaskFocusChanged(), taskId=291, focused=true
11-09 12:53:03.602 1268 4339 D SGM:FgCheckThread: sendRunningComponentFocus(), pkgName: org.qtproject.example.vulkanunderqmlapp, userId: 0
11-09 12:53:03.603 1268 1508 D SGM:FgCheckThread: onLooperPrepared(), msg: MSG_TASK_FOCUSED, pkgName: org.qtproject.example.vulkanunderqmlapp, userId: 0
11-09 12:53:03.603 1268 1508 D SGM:FgCheckThread: handleTaskFocused().
11-09 12:53:03.603 1268 1508 D SGM:FgCheckThread: sendFocusOutConditionally() - mPrevNotiPkg: (unknown), userId: 0
11-09 12:53:03.603 1268 1508 D SGM:FgCheckThread: handleTaskFocused(), pkgName: org.qtproject.example.vulkanunderqmlapp, userID:0 mResumedPkgMap does not containsKey.
11-09 12:53:03.603 1268 4339 W WindowManager: Prepare app transition: mNextAppTransitionRequests=[TRANSIT_TO_FRONT], mNextAppTransitionFlags=, displayId: 0 Callers=com.android.server.wm.DisplayContent.prepareAppTransition:6376 com.android.server.wm.DisplayContent.prepareAppTransition:6367 com.android.server.wm.Task.updateTransitLocked:6862 com.android.server.wm.Task.moveTaskToFront:6960 com.android.server.wm.ActivityStarter.setTargetRootTaskIfNeeded:4110
11-09 12:53:03.603 1268 4339 V WindowManager: Checking theme of starting window: 0x0
11-09 12:53:03.603 1268 4339 V WindowManager: rotationForOrientation(orient=SCREEN_ORIENTATION_UNSPECIFIED (-1), last=ROTATION_0 (0)); user=ROTATION_0 (0)
11-09 12:53:03.603 1268 4339 D WindowManager: rotationForOrientation, orientationSource=ActivityRecord{59b5884 u0 com.sec.android.app.launcher/.activities.LauncherActivity} t142}
11-09 12:53:03.603 1268 4339 V WindowManager: Creating SnapshotStartingData
11-09 12:53:03.603 1268 4339 D ActivityTaskManager: Add starting com.android.server.wm.ActivityRecord$AddStartingWindow@d93f834: typeParam=94
11-09 12:53:03.603 1268 4339 V WindowManager: Add starting com.android.server.wm.ActivityRecord$AddStartingWindow@d93f834: startingData=com.android.server.wm.SnapshotStartingData@274d055
11-09 12:53:03.603 1268 4339 V WindowManager: Added starting ActivityRecord{2444f07 u0 org.qtproject.example.vulkanunderqmlapp/org.qtproject.qt.android.bindings.QtActivity} t291}: startingWindow=null startingView=com.android.server.wm.StartingSurfaceController$StartingSurface@9f4ca6a
11-09 12:53:03.606 1268 4339 I SemDvfsHyPerManager: acquire hyper - AMS_APP_LAUNCH/1268@21, type = -999
11-09 12:53:03.607 931 931 I SurfaceFlinger: [86ce6f5 com.sec.android.app.launcher/com.sec.android.app.launcher.activities.LauncherActivity#16486] FrameRatePriority: -1
11-09 12:53:03.607 931 1017 I SurfaceFlinger: id=18762 createSurf flag=80004, 61adff8 SnapshotStartingWindow for taskId=291#18762
11-09 12:53:03.609 1268 4328 V WindowManager: addWindow: ActivityRecord{2444f07 u0 org.qtproject.example.vulkanunderqmlapp/org.qtproject.qt.android.bindings.QtActivity} t291} startingWindow=Window{61adff8 u0 SnapshotStartingWindow for taskId=291}
11-09 12:53:03.610 532 532 I BaseActivity: removeActivityFlags, flags : 16
11-09 12:53:03.610 1268 4385 V WindowManager: Relayout Window{61adff8 u0 SnapshotStartingWindow for taskId=291}: viewVisibility=0 req=-1x-1 d0
11-09 12:53:03.610 1268 4385 D RestrictionPolicy: isScreenCaptureEnabled : ret=true userId=0
11-09 12:53:03.610 532 532 I BaseActivity: removeActivityFlags, flags : 6
11-09 12:53:03.611 532 532 I DragController: endDrag
11-09 12:53:03.611 532 532 W LauncherAppWidgetHost: setShouldListenFlag, mFlags:7 flag:resume on:false isFront:false
11-09 12:53:03.611 931 1017 I SurfaceFlinger: id=18763 createSurf flag=40004, SnapshotStartingWindow for taskId=291$_1695#18763
11-09 12:53:03.611 532 532 I SPayUpdater: updateSpayHandler launcher activity is paused false
11-09 12:53:03.612 1268 4385 D WindowManager: makeSurface duration=1 name=SnapshotStartingWindow for taskId=291$_1695
11-09 12:53:03.613 1268 3103 D MARsPolicyManager: onPackageResumedFG pkgName = org.qtproject.example.vulkanunderqmlapp, userId = 0
11-09 12:53:03.614 1268 4385 V WindowManager: Relayout hash=61adff8, pid=1695, syncId=-1: mAttrs={(0,0)(fillxfill) ty=APPLICATION_STARTING fmt=RGBA_8888 wanim=0x10302f4 if=INPUT_FEATURE_NO_INPUT_CHANNEL
11-09 12:53:03.614 1268 4385 V WindowManager: fl=80010118
11-09 12:53:03.614 1268 4385 V WindowManager: pfl=32020000
11-09 12:53:03.614 1268 4385 V WindowManager: bhv=DEFAULT
11-09 12:53:03.614 1268 4385 V WindowManager: fitSides= naviIconColor=0}
11-09 12:53:03.614 1268 3103 W WindowManager: Prepare app transition: mNextAppTransitionRequests=[TRANSIT_TO_FRONT, TRANSIT_OPEN], mNextAppTransitionFlags=, displayId: 0 Callers=com.android.server.wm.DisplayContent.prepareAppTransition:6376 com.android.server.wm.TaskFragment.resumeTopActivity:1528 com.android.server.wm.TaskFragment.resumeTopActivity:1285 com.android.server.wm.Task.resumeTopActivityInnerLocked:6312 com.android.server.wm.Task.resumeTopActivityUncheckedLocked:6221
11-09 12:53:03.614 1268 3103 V WindowManager: Setting visibility of Window{61adff8 u0 SnapshotStartingWindow for taskId=291}: true, caller=com.android.server.wm.WindowContainer.sendAppVisibilityToClients:1236 com.android.server.wm.WindowToken.setClientVisible:431 com.android.server.wm.ActivityRecord.setClientVisible:7565 com.android.server.wm.ActivityRecord.setVisibility:5985 com.android.server.wm.ActivityRecord.setVisibility:5889
11-09 12:53:03.614 1268 3103 V WindowManager: Setting visibility of Window{900a406 u0 org.qtproject.example.vulkanunderqmlapp/org.qtproject.qt.android.bindings.QtActivity}: true, caller=com.android.server.wm.WindowContainer.sendAppVisibilityToClients:1236 com.android.server.wm.WindowToken.setClientVisible:431 com.android.server.wm.ActivityRecord.setClientVisible:7565 com.android.server.wm.ActivityRecord.setVisibility:5985 com.android.server.wm.ActivityRecord.setVisibility:5889
11-09 12:53:03.614 1268 1268 I CocktailBarManagerServiceContainer: handleMessage: entry what = 6
11-09 12:53:03.615 1268 1333 D SGM:FgCheckThread: notePauseComponent(), received pkgName: com.sec.android.app.launcher, userId: 0
11-09 12:53:03.616 931 931 D SurfaceFlinger: [input] inputWindowCommands.focusRequests size is 1
11-09 12:53:03.617 1268 3103 V WindowManager: rotationForOrientation(orient=SCREEN_ORIENTATION_UNSPECIFIED (-1), last=ROTATION_0 (0)); user=ROTATION_0 (0)
11-09 12:53:03.617 1268 3103 D WindowManager: rotationForOrientation, orientationSource=ActivityRecord{2444f07 u0 org.qtproject.example.vulkanunderqmlapp/org.qtproject.qt.android.bindings.QtActivity} t291}
11-09 12:53:03.617 1268 3103 V WindowManager: rotationForOrientation(orient=SCREEN_ORIENTATION_UNSPECIFIED (-1), last=ROTATION_0 (0)); user=ROTATION_0 (0)
11-09 12:53:03.617 1268 3103 D WindowManager: rotationForOrientation, orientationSource=ActivityRecord{2444f07 u0 org.qtproject.example.vulkanunderqmlapp/org.qtproject.qt.android.bindings.QtActivity} t291}
11-09 12:53:03.617 931 1144 D SurfaceFlinger: [input] setFocusedWindow:
11-09 12:53:03.617 1268 3103 V WindowManager: Computed rotation=ROTATION_0 (0) for display id=0 based on lastOrientation=SCREEN_ORIENTATION_UNSPECIFIED (-1) and oldRotation=ROTATION_0 (0), caller=com.android.server.wm.DisplayRotation.updateOrientation:414 com.android.server.wm.DisplayContent.updateOrientation:1971 com.android.server.wm.DisplayContent.updateOrientation:1872 com.android.server.wm.RootWindowContainer.ensureVisibilityAndConfig:2125 com.android.server.wm.TaskFragment.resumeTopActivity:1607 com.android.server.wm.TaskFragment.resumeTopActivity:1285
11-09 12:53:03.617 1268 4385 D InputDispatcher: Focus request (0): but waiting because NOT_FOCUSABLE
11-09 12:53:03.617 1268 4385 D InputDispatcher: Focus left window (0): 86ce6f5 com.sec.android.app.launcher/com.sec.android.app.launcher.activities.LauncherActivity
11-09 12:53:03.618 1268 3103 D TspStateManager: updateCustomValue customSetting=
11-09 12:53:03.618 1268 3103 V WindowManager: rotationForOrientation(orient=SCREEN_ORIENTATION_UNSPECIFIED (-1), last=ROTATION_0 (0)); user=ROTATION_0 (0)
11-09 12:53:03.618 1268 3103 D WindowManager: rotationForOrientation, orientationSource=ActivityRecord{2444f07 u0 org.qtproject.example.vulkanunderqmlapp/org.qtproject.qt.android.bindings.QtActivity} t291}
