11-09 12:53:03.618 1695 1870 D ShellStartingWindow: Relayout returned: frame=ClientWindowFrames{frame=[0,0][1080,2340] display=[0,0][1080,2340] parentFrame=[0,0][0,0] parentClippedByDisplayCutout=false} topInset=InsetsState: {mDisplayFrame=Rect(0, 0 - 1080, 2340), mDisplayCutout=DisplayCutout{insets=Rect(0, 81 - 0, 0) waterfall=Insets{left=0, top=0, right=0, bottom=0} boundingRect={Bounds=[Rect(0, 0 - 0, 0), Rect(512, 0 - 568, 81), Rect(0, 0 - 0, 0), Rect(0, 0 - 0, 0)]} cutoutPathParserInfo={CutoutPathParserInfo{displayWidth=1080 displayHeight=2340 physicalDisplayWidth=1080 physicalDisplayHeight=2340 density={3.0} cutoutSpec={M 0,0 H -9.333333333333333 V 27 H 9.333333333333333 V 0 H 0 Z @dp} rotation={0} scale={1.0} physicalPixelDisplaySizeRatio={1.0}}}}, mRoundedCorners=RoundedCorners{[RoundedCorner{position=TopLeft, radius=102, center=Point(102, 102)}, RoundedCorner{position=TopRight, radius=102, center=Point(978, 102)}, RoundedCorner{position=BottomRight, radius=102, center=Point(978, 2238)}, RoundedCorner{position=BottomLeft, radius=102, center=Point(102, 2238)}]} mRoundedCornerFrame=Rect(0, 0 - 1080, 2340), mPrivacyIndicatorBounds=PrivacyIndicatorBounds {static bounds=Rect(948, 0 - 1080, 81) rotation=0}, mSources= { InsetsSource: {mType=ITYPE_STATUS_BAR, mFrame=[0,0][1080,81], mVisible=true, mInsetsRoundedCornerFrame=false}, InsetsSource: {mType=ITYPE_NAVIGATION_BAR, mFrame=[0,2196][1080,2340], mVisible=true, mInsetsRoundedCornerFrame=false}, InsetsSource: {mType=ITYPE_LEFT_GESTURES, mFrame=[0,0][0,2340], mVisible=true, mInsetsRoundedCornerFrame=false}, InsetsSource: {mType=ITYPE_RIGHT_GESTURES, mFrame=[1080,0][1080,2340], mVisible=true, mInsetsRoundedCornerFrame=false}, InsetsSource: {mType=ITYPE_TOP_MANDATORY_GESTURES, mFrame=[0,0][1080,117], mVisible=true, mInsetsRoundedCornerFrame=false}, InsetsSource: {mType=ITYPE_BOTTOM_MANDATORY_GESTURES, mFrame=[0,2196][1080,2340], mVisible=true, mInsetsRoundedCornerFrame=false}, InsetsSource: {mType=ITYPE_LEFT_DISPLAY_CUTOUT, mFrame=[0,0][-100000,2340], mVisible=true, mInsetsRoundedCornerFrame=false}, InsetsSource: {mType=ITYPE_TOP_DISPLAY_CUTOUT, mFrame=[0,0][1080,81], mVisible=true, mInsetsRoundedCornerFrame=false}, InsetsSource: {mType=ITYPE_RIGHT_DISPLAY_CUTOUT, mFrame=[100000,0][1080,2340], mVisible=true, mInsetsRoundedCornerFrame=false}, InsetsSource: {mType=ITYPE_BOTTOM_DISPLAY_CUTOUT, mFrame=[0,100000][1080,2340], mVisible=true, mInsetsRoundedCornerFrame=false}, InsetsSource: {mType=ITYPE_TOP_TAPPABLE_ELEMENT, mFrame=[0,0][1080,81], mVisible=true, mInsetsRoundedCornerFrame=false}, InsetsSource: {mType=ITYPE_BOTTOM_TAPPABLE_ELEMENT, mFrame=[0,2196][1080,2340], mVisible=true, mInsetsRoundedCornerFrame=false}, InsetsSource: {mType=ITYPE_IME, mFrame=[0,0][0,0], mVisibleFrame=[0,1314][1080,2340], mVisible=false, mInsetsRoundedCornerFrame=false} }, title=SnapshotStartingWindow for taskId=291
11-09 12:53:03.618 1268 3103 D TspStateManager: updateCustomValue customSetting=
11-09 12:53:03.620 1268 3103 W WindowManager: Execute app transition: mNextAppTransitionRequests=[TRANSIT_TO_FRONT, TRANSIT_OPEN], mNextAppTransitionFlags=, displayId: 0 Callers=com.android.server.wm.RootWindowContainer.executeAppTransitionForAllDisplay:2566 com.android.server.wm.ActivityTaskSupervisor.reportResumedActivityLocked:2218 com.android.server.wm.ActivityRecord.completeResumeLocked:6879 com.android.server.wm.TaskFragment.resumeTopActivity:1698 com.android.server.wm.TaskFragment.resumeTopActivity:1285
11-09 12:53:03.620 1268 3103 D WindowManagerServiceExt: notifyOccludeChangeNotice: cn=ComponentInfo{org.qtproject.example.vulkanunderqmlapp/org.qtproject.qt.android.bindings.QtActivity} occludesParent=true inMultiWindow=false styleFloating=false
11-09 12:53:03.622 532 532 I TopTaskTracker: onTaskMovedToFront : taskId = 291
11-09 12:53:03.622 532 532 I ViewRootImpl@846fa1[LauncherActivity]: MSG_WINDOW_FOCUS_CHANGED 0 0
11-09 12:53:03.622 532 532 I BaseActivity: removeActivityFlags, flags : 8
11-09 12:53:03.622 20959 20959 I ViewRootImpl@cfafa96[QtActivity]: handleAppVisibility mAppVisible = false visible = true
11-09 12:53:03.623 1268 4339 D WindowManager: finishDrawingWindow: Window{61adff8 u0 SnapshotStartingWindow for taskId=291} mDrawState=DRAW_PENDING seqId=2147483647
11-09 12:53:03.623 1268 4339 V WindowManager: Finishing drawing window Window{61adff8 u0 SnapshotStartingWindow for taskId=291}: mDrawState=DRAW_PENDING
11-09 12:53:03.623 1268 4339 V WindowManager: Draw state now committed in Window{61adff8 u0 SnapshotStartingWindow for taskId=291}
11-09 12:53:03.624 1268 1334 D WindowManager: performShow logReadyForDisplay win=Window{61adff8 u0 SnapshotStartingWindow for taskId=291} mToken.waitingToShow:true isTransitionSet:true
11-09 12:53:03.626 1268 1334 D WindowManager: createAnimationAdapter(): container=Task{5500377 #1 type=home ?? U=0 visible=false visibleRequested=false mode=fullscreen translucent=true sz=1}
11-09 12:53:03.626 1268 1334 I WindowManager: Reparenting to leash, surface=Surface(name=Task=1)/@0xa0c1993, leashParent=Surface(name=DefaultTaskDisplayArea)/@0x1a3ddd0
11-09 12:53:03.626 931 2480 I SurfaceFlinger: id=18764 createSurf flag=24000, Surface(name=Task=1)/@0xa0c1993 - animation-leash of app_transition#18764
11-09 12:53:03.627 1268 1334 D WindowManager: makeSurface duration=2 leash=Surface(name=Surface(name=Task=1)/@0xa0c1993 - animation-leash of app_transition)/@0x920f33b
11-09 12:53:03.627 1268 1334 D WindowManager: startAnimation
11-09 12:53:03.627 1268 1334 D WindowManager: createAnimationAdapter(): container=Task{355f4d0 #291 type=standard A=10402:org.qtproject.example.vulkanunderqmlapp U=0 visible=true visibleRequested=true mode=fullscreen translucent=false sz=1}
11-09 12:53:03.627 1268 1334 I WindowManager: Reparenting to leash, surface=Surface(name=Task=291)/@0xc22feef, leashParent=Surface(name=DefaultTaskDisplayArea)/@0x1a3ddd0
11-09 12:53:03.627 931 2480 I SurfaceFlinger: id=18765 createSurf flag=24004, Surface(name=Task=291)/@0xc22feef - animation-leash of app_transition#18765
11-09 12:53:03.628 20959 20959 I ViewRootImpl@cfafa96[QtActivity]: stopped(false) old = true
11-09 12:53:03.628 20959 20959 D ViewRootImpl@cfafa96[QtActivity]: WindowStopped on org.qtproject.example.vulkanunderqmlapp/org.qtproject.qt.android.bindings.QtActivity set to false
11-09 12:53:03.628 1268 1334 D WindowManager: makeSurface duration=1 leash=Surface(name=Surface(name=Task=291)/@0xc22feef - animation-leash of app_transition)/@0x60757b1
11-09 12:53:03.628 1268 1334 D WindowManager: startAnimation
11-09 12:53:03.629 1268 1334 V WindowManager: performShowLocked: mDrawState=HAS_DRAWN in Window{61adff8 u0 SnapshotStartingWindow for taskId=291}
11-09 12:53:03.629 1268 1334 D WindowManager: goodToGo(RemoteAnimationController@1be7496)
11-09 12:53:03.629 1268 1334 D WindowManager: createAppAnimations()
11-09 12:53:03.629 1268 1334 D WindowManager: Add container=Task{355f4d0 #291 type=standard A=10402:org.qtproject.example.vulkanunderqmlapp U=0 visible=true visibleRequested=true mode=fullscreen translucent=false sz=1}
11-09 12:53:03.630 1268 1334 D WindowManager: Add container=Task{5500377 #1 type=home ?? U=0 visible=false visibleRequested=false mode=fullscreen translucent=true sz=1}
11-09 12:53:03.630 1268 1334 D WindowManager: createWallpaperAnimations()
11-09 12:53:03.630 1268 1334 I WindowManager: Reparenting to leash, surface=Surface(name=WallpaperWindowToken{afc033f token=android.os.Binder@c480499})/@0xbbe1950, leashParent=Surface(name=Leaf:0:1)/@0x3106fc
11-09 12:53:03.630 931 2480 I SurfaceFlinger: id=18766 createSurf flag=24000, Surface(name=WallpaperWindowToken{afc033f token=android.os.Binder@c480499})/@0xbbe1950 - animation-leash of window_animation#18766
11-09 12:53:03.631 1268 1334 D WindowManager: makeSurface duration=1 leash=Surface(name=Surface(name=WallpaperWindowToken{afc033f token=android.os.Binder@c480499})/@0xbbe1950 - animation-leash of window_animation)/@0xd88bded
11-09 12:53:03.631 1268 1334 D WindowManager: startAnimation
11-09 12:53:03.631 1268 1334 D WindowManager: createNonAppWindowAnimations()
11-09 12:53:03.633 1268 1334 D WindowManager: goodToGo(RemoteAnimationController@1be7496): onAnimationStart, transit=TRANSIT_OLD_WALLPAPER_CLOSE, apps=2, wallpapers=1, nonApps=0
11-09 12:53:03.633 1268 1334 D WindowManager: startAnimation(): Notify animation start:
11-09 12:53:03.633 1268 1334 I WindowManager: Starting remote animation
11-09 12:53:03.634 1268 2846 D FreecessController: org.qtproject.example.hellovulkancubes is top app, skip to freeze
11-09 12:53:03.634 1268 1334 I WindowManager: container=Task{355f4d0 #291 type=standard A=10402:org.qtproject.example.vulkanunderqmlapp U=0 visible=true visibleRequested=true mode=fullscreen translucent=false sz=1}
11-09 12:53:03.634 1268 1334 I WindowManager: Target:
11-09 12:53:03.634 1268 1334 I WindowManager: mode=0 taskId=291 isTranslucent=false clipRect=[0,0][0,0] contentInsets=[0,81][0,144] prefixOrderIndex=49 position=[0,0] sourceContainerBounds=[0,0][1080,2340] screenSpaceBounds=[0,0][1080,2340] localBounds=[0,0][1080,2340]
11-09 12:53:03.634 1268 1334 I WindowManager: windowConfiguration={ mBounds=Rect(0, 0 - 1080, 2340) mAppBounds=Rect(0, 81 - 1080, 2196) mMaxBounds=Rect(0, 0 - 1080, 2340) mDisplayRotation=ROTATION_0 mWindowingMode=fullscreen mDisplayWindowingMode=fullscreen mActivityType=standard mAlwaysOnTop=undefined mRotation=ROTATION_0 mPopOver=undefined mStageConfig=undefined mFreeformTaskPinningState=unpinned mFreeformStashState=undefined}
11-09 12:53:03.634 1268 1334 I WindowManager: leash=Surface(name=Surface(name=Task=291)/@0xc22feef - animation-leash of app_transition)/@0x60757b1
11-09 12:53:03.634 1268 1334 I WindowManager: taskInfo=TaskInfo{userId=0 taskId=291 displayId=0 isRunning=true baseIntent=Intent { act=android.intent.action.MAIN cat=[android.intent.category.LAUNCHER] flg=0x10200000 cmp=org.qtproject.example.vulkanunderqmlapp/org.qtproject.qt.android.bindings.QtActivity } baseActivity=ComponentInfo{org.qtproject.example.vulkanunderqmlapp/org.qtproject.qt.android.bindings.QtActivity} topActivity=ComponentInfo{org.qtproject.example.vulkanunderqmlapp/org.qtproject.qt.android.bindings.QtActivity} origActivity=null realActivity=ComponentInfo{org.qtproject.example.vulkanunderqmlapp/org.qtproject.qt.android.bindings.QtActivity} numActivities=1 lastActiveTime=259400371 supportsSplitScreenMultiWindow=true supportsMultiWindow=true resizeMode=1 isResizeable=true minWidth=-1 minHeight=-1 defaultMinSize=220 token=WCT{RemoteToken{77a094 Task{355f4d0 #291 type=standard A=10402:org.qtproject.example.vulkanunderqmlapp U=0 visible=true visibleRequested=true mode=fullscreen translucent=false sz=1}}} topActivityType=1 pictureInPictureParams=null shouldDockBigOverlays=false launchIntoPipHostTaskId=0 displayCutoutSafeInsets=Rect(0, 81 - 0, 0) topActivityInfo=ActivityInfo{c54a73d org.qtproject.qt.android.bindings.QtActivity} launchCookies=[android.os.BinderProxy@d2c8eb3] positionInParent=Point(0, 0) parentTaskId=-1 isFocused=true isVisible=true isSleeping=false topActivityInSizeCompat=false topActivityEligibleForLetterboxEducation= false locusId=null displayAreaFeatureId=1 cameraCompatControlState=hidden originallySupportedSplitScreen=true hasWallpaper=false isTopTransparentActivity=true topActivityInFixedAspectRatio=false topActivityInDisplayCompat=false topActivityBounds=null}
11-09 12:53:03.634 1268 1334 I WindowManager: allowEnterPip=true
11-09 12:53:03.634 1268 1334 I WindowManager: windowType=-1 hasAnimatingParent=false backgroundColor=0container=Task{5500377 #1 type=home ?? U=0 visible=false visibleRequested=false mode=fullscreen translucent=true sz=1}
11-09 12:53:03.634 1268 1334 I WindowManager: Target:
11-09 12:53:03.634 1268 1334 I WindowManager: mode=1 taskId=142 isTranslucent=false clipRect=[0,0][0,0] contentInsets=[0,81][0,144] prefixOrderIndex=46 position=[0,0] sourceContainerBounds=[0,0][1080,2340] screenSpaceBounds=[0,0][1080,2340] localBounds=[0,0][1080,2340]
11-09 12:53:03.634 1268 1334 I WindowManager: windowConfiguration={ mBounds=Rect(0, 0 - 1080, 2340) mAppBounds=Rect(0, 81 - 1080, 2196) mMaxBounds=Rect(0, 0 - 1080, 2340) mDisplayRotation=ROTATION_0 mWindowingMode=fullscreen mDisplayWindowingMode=fullscreen mActivityType=home mAlwaysOnTop=undefined mRotation=ROTATION_0 mPopOver=undefined mStageConfig=undefined mFreeformTaskPinningState=unpinned mFreeformStashState=undefined}
11-09 12:53:03.634 1268 1334 I WindowManager: leash=Surface(name=Surface(name=Task=1)/@0xa0c1993 - animation-leash of app_transition)/@0x920f33b
11-09 12:53:03.634 1268 1334 I WindowManager: taskInfo=TaskInfo{userId=0 taskId=142 displayId=0 isRunning=true baseIntent=Intent { act=android.intent.action.MAIN cat=[android.intent.category.HOME] flg=0x10000100 cmp=com.sec.android.app.launcher/.activities.LauncherActivity } baseActivity=ComponentInfo{com.sec.android.app.launcher/com.sec.android.app.launcher.activities.LauncherActivity} topActivity=ComponentInfo{com.sec.android.app.launcher/com.android.launcher3.uioverrides.QuickstepLauncher} origActivity=ComponentInfo{com.sec.android.app.launcher/com.sec.android.app.launcher.activities.LauncherActivity} realActivity=ComponentInfo{com.sec.android.app.launcher/com.android.launcher3.uioverrides.QuickstepLauncher} numActivities=1 lastActiveTime=259400360 supportsSplitScreenMultiWindow=true supportsMultiWindow=true resizeMode=2 isResizeable=true minWidth=-1 minHeight=-1 defaultMinSize=220 token=WCT{RemoteToken{5c606e6 Task{572a84b #142 type=home A=10141:com.sec.android.app.launcher.activities.LauncherActivity U=0 rootTaskId=1 visible=false visibleRequested=false mode=fullscreen translucent=true sz=1}}} topActivityType=2 pictureInPictureParams=null shouldDockBigOverlays=false launchIntoPipHostTaskId=0 displayCutoutSafeInsets=Rect(0, 81 - 0, 0) topActivityInfo=ActivityInfo{74f3427 com.sec.android.app.launcher.activities.LauncherActivity} launchCookies=[] positionInParent=Point(0, 0) parentTaskId=-1 isFocused=false isVisible=false isSleeping=false topActivityInSizeCompat=false topActivityEligibleForLetterboxEducation= false locusId=LocusId[17_chars] displayAreaFeatureId=1 cameraCompatControlState=hidden originallySupportedSplitScreen=true hasWallpaper=false isTopTransparentActivity=false topActivityInFixedAspectRatio=false topActivityInDisplayCompat=false topActivityBounds=null}
11-09 12:53:03.634 1268 1334 I WindowManager: allowEnterPip=true
11-09 12:53:03.634 1268 1334 I WindowManager: windowType=-1 hasAnimatingParent=false backgroundColor=0
11-09 12:53:03.634 1268 2846 D FreecessController: org.qtproject.example.MediaPlayerApp is top app, skip to freeze
11-09 12:53:03.635 532 6699 I LauncherAnimationRunner: onAnimationStart, appTargets : [Lcom.android.systemui.shared.system.RemoteAnimationTargetCompat;@f94e5fd mStartAtFrontOfQueue : true
11-09 12:53:03.635 532 532 W AppTransitionAnimatorImpl: animation with floating icon
11-09 12:53:03.635 15995 16027 I MediaCodec: setCodecState state(1), called in 6
11-09 12:53:03.636 1268 4385 V ResourceManagerHelper-JNI: JNIMediaResourceHelper::notify eventType : 3, ext1 : 0, ext2 : 0
11-09 12:53:03.636 1268 4385 V ResourceManagerHelper-JNI: notify eventType : 3, ext1 : 0, ext2 : 0
11-09 12:53:03.636 532 532 I RemoteAnimationTargets: RemoteAnimationTargets : 291 - 0, 0
11-09 12:53:03.636 532 532 I RemoteAnimationTargets: RemoteAnimationTargets : 142 - 1, 0
11-09 12:53:03.637 532 532 I QuickstepTransition: onCreateAnimation : com.android.launcher3.util.RunnableList@20fd7b5 - com.android.launcher3.g@f762e4a
11-09 12:53:03.637 532 532 I AnimationResult: setAnimation : com.android.launcher3.g@f762e4a
11-09 12:53:03.637 1695 1816 D Bubbles : onLocusVisibilityChanged: LocusId[17_chars] visible=false
11-09 12:53:03.637 931 931 I Layer : Layer [SnapshotStartingWindow for taskId=291$_1695#18763] hidden!! flag(0)
11-09 12:53:03.638 1268 1268 I CocktailBarManagerServiceContainer: handleMessage: entry what = 5
11-09 12:53:03.638 1268 2858 I MediaSessionMonitor: Media session stopped : controllerList empty
11-09 12:53:03.639 1268 1333 I GameSDK@LifeCycle: noteResumeComponent(): package name : org.qtproject.example.vulkanunderqmlapp
11-09 12:53:03.639 1268 1333 D SGM:FgCheckThread: noteResumeComponent(), received pkgName: org.qtproject.example.vulkanunderqmlapp, userId: 0
11-09 12:53:03.639 1268 1508 D SGM:FgCheckThread: onLooperPrepared(), msg: MSG_APP_RESUME, pkgName: org.qtproject.example.vulkanunderqmlapp, userid: 0
11-09 12:53:03.639 1268 1508 D SGM:FgCheckThread: handleResume().
11-09 12:53:03.639 1268 1508 D SGM:FgCheckThread: sendFocusOutConditionally() - mPrevNotiPkg: (unknown), userId: 0
11-09 12:53:03.639 1268 1508 D SGM:FgCheckThread: handleResume(). pkgName: org.qtproject.example.vulkanunderqmlapp, userId: 0, isTunableApp: null
11-09 12:53:03.639 1268 1508 D SGM:FgCheckThread: notifyFocusInOut(). of pkg: org.qtproject.example.vulkanunderqmlapp, type: 4, isTunableApp: false, userId: 0
11-09 12:53:03.639 1268 1508 D SGM:FgCheckThread: notifyFocusInOut(). unexpected mPrevNotiType: -1
11-09 12:53:03.639 1268 1508 D SGM:SystemHelper: callReleaseBlock needReleaseBlock:false
11-09 12:53:03.639 641 641 I ActivityUtils: HomePackage : com.sec.android.app.launcher, resumePackageName : org.qtproject.example.vulkanunderqmlapp
11-09 12:53:03.640 1268 1333 D SGM:GameManager: identifyGamePackage. org.qtproject.example.vulkanunderqmlapp, mCurrentUserId: 0, callerUserId: 0, callingMethodInfo: com.android.server.ssrm.SortingMachine.isGame(SortingMachine.java:162)
11-09 12:53:03.640 1268 1333 D SGM:PkgDataHelper: getGamePkgData(). org.qtproject.example.vulkanunderqmlapp
11-09 12:53:03.641 418 527 V ResourceManagerHelper-JNI: JNIMediaResourceHelper::notify eventType : 3, ext1 : 0, ext2 : 0
11-09 12:53:03.641 418 527 V ResourceManagerHelper-JNI: notify eventType : 3, ext1 : 0, ext2 : 0
11-09 12:53:03.643 1268 1333 D SGM:GameManager: identifyGamePackage. org.qtproject.example.vulkanunderqmlapp, mCurrentUserId: 0, callerUserId: 0, callingMethodInfo: com.samsung.android.game.SemGameManager.isGamePackage(SemGameManager.java:104)
11-09 12:53:03.643 1268 1333 D SGM:PkgDataHelper: getGamePkgData(). org.qtproject.example.vulkanunderqmlapp
11-09 12:53:03.643 1268 1333 D SGM:SemGameManager: isGamePackage(), pkgName=org.qtproject.example.vulkanunderqmlapp, ret=false
11-09 12:53:03.644 418 1011 I SemMediaResourceHelper: onState
11-09 12:53:03.644 418 1011 I DrmMediaResourceHelper: onStateChanged size = 1
11-09 12:53:03.644 418 1011 I DrmMediaResourceHelper: resource type: 2,,,isSecured : falseIsEncoder : truegetCodecState : 1getpid : 15995
11-09 12:53:03.644 20959 20959 I MSHandlerLifeCycle: removeMultiSplitHandler: no exist. decor=DecorView@4ddcf4b[QtActivity]
11-09 12:53:03.645 1268 1333 I ActivityManager: Changes in 10402 15 to 2, 0 to 15
11-09 12:53:03.645 1268 1333 I AppOps : updateUidProcState uid: 10402 procState: 2 capability:15
11-09 12:53:03.645 1268 1333 I AppOps : commitUidPendingStateLocked() :: UID - 10402, 700 > 200, 0 > 15
11-09 12:53:03.646 20959 20959 I ViewRootImpl@cfafa96[QtActivity]: stopped(false) old = false
11-09 12:53:03.647 20959 20959 I DecorView: notifyKeepScreenOnChanged: keepScreenOn=false
11-09 12:53:03.647 914 16284 V APM_AudioPolicyManager: setAppState(portId:400, state:2)
11-09 12:53:03.647 914 16284 V APM_AudioPolicyManager: setAppState(portId:400, state:2)
11-09 12:53:03.648 20959 20959 I MSHandlerLifeCycle: removeMultiSplitHandler: no exist. decor=DecorView@4ddcf4b[QtActivity]
11-09 12:53:03.648 1268 1331 D SSRM:LoadDetectMonitor: PID = 20959, UID = 10402
11-09 12:53:03.649 532 532 W AppTransitionAnimatorImpl: onAnimationStart - APP IN
11-09 12:53:03.650 20959 20959 I SurfaceView@e5fa5c1: onWindowVisibilityChanged(0) false org.qtproject.qt.android.QtSurface{e5fa5c1 V.E...... ........ 0,0-1080,2115 #6} of ViewRootImpl@cfafa96[QtActivity]
11-09 12:53:03.650 20959 20959 D SurfaceView@e5fa5c1: updateSurface: surface is not valid
11-09 12:53:03.651 20959 20959 I SurfaceView@e5fa5c1: releaseSurfaces: viewRoot = ViewRootImpl@cfafa96[QtActivity]
11-09 12:53:03.651 20959 20959 I SurfaceView@e5fa5c1: applyTransactionOnVriDraw: vri = ViewRootImpl@cfafa96[QtActivity] fRS = true t = 0x795ab487b0 android.view.SurfaceView.releaseSurfaces:858 android.view.SurfaceView.updateSurface:998 android.view.SurfaceView.onWindowVisibilityChanged:371
11-09 12:53:03.651 20959 20959 I SurfaceView@e5fa5c1: applyTransactionOnVriDraw: viewRoot.applyTransactionOnDrawFromReleaseSurfaces
11-09 12:53:03.651 20959 20959 I ViewRootImpl@cfafa96[QtActivity]: applyTransactionOnDraw: mRemoved = false isHardwareEnabled = false t = 0x795ab487b0android.view.ViewRootImpl.applyTransactionOnDrawFromReleaseSurfaces:12614 android.view.SurfaceView.applyTransactionOnVriDraw:2047 android.view.SurfaceView.releaseSurfaces:858 android.view.SurfaceView.updateSurface:998 android.view.SurfaceView.onWindowVisibilityChanged:371
11-09 12:53:03.651 1268 1478 I SemMediaResourceHelper: onState
11-09 12:53:03.651 3766 3813 I Rubin : [116] k9.a.c(SourceFile:1) : Notify com.samsung.android.rubin.inferenceengine.contextanalytics.engine.loggers.d's database is updated.
11-09 12:53:03.652 532 1354 I ViewRootImpl@846fa1[LauncherActivity]: mWNT: t=0xb40000795ab613b0 mBlastBufferQueue=0xb40000799ab38030 fn= 65 caller= com.android.systemui.shared.launcher.ViewRootImplCompat.mergeWithNextTransaction:2 com.android.quickstep.util.SurfaceTransactionApplier.lambda$scheduleApply$0:2 com.android.quickstep.util.SurfaceTransactionApplier.b:0
11-09 12:53:03.653 4203 4203 I SemMediaResourceHelper: onState
11-09 12:53:03.653 882 978 I HYPER-HAL: [RequestManager.cpp]releaseLocked(): Released ID : 8931674
11-09 12:53:03.656 20959 20959 D ViewRootImpl@cfafa96[QtActivity]: performTraversals params={(0,0)(fillxfill) sim={adjust=pan forwardNavigation} ty=BASE_APPLICATION fmt=TRANSLUCENT wanim=0x10302f4
11-09 12:53:03.656 20959 20959 D ViewRootImpl@cfafa96[QtActivity]: fl=81810100
11-09 12:53:03.656 20959 20959 D ViewRootImpl@cfafa96[QtActivity]: pfl=16020040
11-09 12:53:03.656 20959 20959 D ViewRootImpl@cfafa96[QtActivity]: bhv=DEFAULT
11-09 12:53:03.656 20959 20959 D ViewRootImpl@cfafa96[QtActivity]: fitSides= naviIconColor=0}
11-09 12:53:03.658 20959 20959 D ViewRootImpl@cfafa96[QtActivity]: performTraversals mFirst=false windowShouldResize=false viewVisibilityChanged=true mForceNextWindowRelayout=false params={(0,0)(fillxfill) sim={adjust=pan forwardNavigation} ty=BASE_APPLICATION fmt=TRANSLUCENT wanim=0x10302f4
11-09 12:53:03.658 20959 20959 D ViewRootImpl@cfafa96[QtActivity]: fl=81810100
11-09 12:53:03.658 20959 20959 D ViewRootImpl@cfafa96[QtActivity]: pfl=16020040
11-09 12:53:03.658 20959 20959 D ViewRootImpl@cfafa96[QtActivity]: bhv=DEFAULT
11-09 12:53:03.658 20959 20959 D ViewRootImpl@cfafa96[QtActivity]: fitSides= naviIconColor=0}
11-09 12:53:03.658 532 1349 I ViewRootImpl@846fa1[LauncherActivity]: mWNT: t=0xb40000795ab4df70 mBlastBufferQueue=0xb40000799ab38030 fn= 66 caller= com.android.systemui.shared.launcher.ViewRootImplCompat.mergeWithNextTransaction:2 com.android.quickstep.util.SurfaceTransactionApplier.lambda$scheduleApply$0:2 com.android.quickstep.util.SurfaceTransactionApplier.b:0
11-09 12:53:03.659 1268 4339 V WindowManager: Relayout Window{900a406 u0 org.qtproject.example.vulkanunderqmlapp/org.qtproject.qt.android.bindings.QtActivity}: viewVisibility=0 req=1080x2340 d0
11-09 12:53:03.659 1268 4339 D RestrictionPolicy: isScreenCaptureEnabled : ret=true userId=0
11-09 12:53:03.660 931 1185 I SurfaceFlinger: id=18767 createSurf flag=40004, org.qtproject.example.vulkanunderqmlapp/org.qtproject.qt.android.bindings.QtActivity$_20959#18767
11-09 12:53:03.661 1268 4339 D WindowManager: makeSurface duration=2 name=org.qtproject.example.vulkanunderqmlapp/org.qtproject.qt.android.bindings.QtActivity$_20959
11-09 12:53:03.663 1268 4339 V WindowManager: Changing focus from null to Window{900a406 u0 org.qtproject.example.vulkanunderqmlapp/org.qtproject.qt.android.bindings.QtActivity} displayId=0 Callers=com.android.server.wm.RootWindowContainer.updateFocusedWindowLocked:585 com.android.server.wm.WindowManagerService.updateFocusedWindowLocked:6715 com.android.server.wm.WindowManagerService.relayoutWindow:2749 com.android.server.wm.Session.relayout:274
11-09 12:53:03.663 1268 4339 I WindowManager: Cancelling animation restarting=true, leash=Surface(name=Surface(name=227ac29 StatusBar)/@0x6c98c44 - animation-leash of insets_animation)/@0x79e6086
11-09 12:53:03.663 1268 4339 I WindowManager: Reparenting to original parent: Surface(name=WindowToken{8c935b0 type=2000 android.os.BinderProxy@13f8b62})/@0xd25a12d, destroy=false, surface=Surface(name=227ac29 StatusBar)/@0x6c98c44
11-09 12:53:03.663 1268 4339 I WindowManager: Reparenting to leash, surface=Surface(name=227ac29 StatusBar)/@0x6c98c44, leashParent=Surface(name=WindowToken{8c935b0 type=2000 android.os.BinderProxy@13f8b62})/@0xd25a12d
11-09 12:53:03.663 931 1185 I SurfaceFlinger: id=18768 createSurf flag=24000, Surface(name=227ac29 StatusBar)/@0x6c98c44 - animation-leash of insets_animation#18768
11-09 12:53:03.664 1268 4339 D WindowManager: makeSurface duration=1 leash=Surface(name=Surface(name=227ac29 StatusBar)/@0x6c98c44 - animation-leash of insets_animation)/@0x1c8bda5
11-09 12:53:03.664 1268 4339 I WindowManager: Cancelling animation restarting=true, leash=Surface(name=Surface(name=a6aa740 NavigationBar0)/@0x3ba43f3 - animation-leash of insets_animation)/@0xaae4974
11-09 12:53:03.664 1268 4339 I WindowManager: Reparenting to original parent: Surface(name=WindowToken{d5362c3 type=2019 android.os.BinderProxy@e9fcf7d})/@0x7f528b0, destroy=false, surface=Surface(name=a6aa740 NavigationBar0)/@0x3ba43f3
11-09 12:53:03.664 1268 4339 I WindowManager: Reparenting to leash, surface=Surface(name=a6aa740 NavigationBar0)/@0x3ba43f3, leashParent=Surface(name=WindowToken{d5362c3 type=2019 android.os.BinderProxy@e9fcf7d})/@0x7f528b0
11-09 12:53:03.664 931 1185 I SurfaceFlinger: id=18769 createSurf flag=24000, Surface(name=a6aa740 NavigationBar0)/@0x3ba43f3 - animation-leash of insets_animation#18769
11-09 12:53:03.665 1268 4339 D WindowManager: makeSurface duration=1 leash=Surface(name=Surface(name=a6aa740 NavigationBar0)/@0x3ba43f3 - animation-leash of insets_animation)/@0xdb1212b
11-09 12:53:03.665 1268 4339 D WindowManager: updateSystemBarAttributes: displayId=0, win=Window{900a406 u0 org.qtproject.example.vulkanunderqmlapp/org.qtproject.qt.android.bindings.QtActivity}, navColorWin=Window{61adff8 u0 SnapshotStartingWindow for taskId=291}, focusedCanBeNavColorWin=false, behavior=1, appearance=0, statusBarAppearanceRegions=[AppearanceRegion{ bounds=[0,0][1080,2340]}], requestedVisibilities=, from=com.android.server.wm.DisplayPolicy.focusChangedLw:3214 com.android.server.wm.DisplayContent.updateFocusedWindowLocked:4564 com.android.server.wm.RootWindowContainer.updateFocusedWindowLocked:585
11-09 12:53:03.666 1268 4339 D StatusBarManagerService: notifyRequestedSystemKey recent=false home=false
11-09 12:53:03.667 532 6699 I TouchInteractionService: onSystemUiStateChanged, stateFlags : 131072 |allow_gesture|
11-09 12:53:03.667 1268 4339 V WindowManager: Relayout hash=900a406, pid=20959, syncId=-1: mAttrs={(0,0)(fillxfill) sim={adjust=pan forwardNavigation} ty=BASE_APPLICATION fmt=TRANSLUCENT wanim=0x10302f4
11-09 12:53:03.667 1268 4339 V WindowManager: fl=81810100
11-09 12:53:03.667 1268 4339 V WindowManager: pfl=16020040
11-09 12:53:03.667 1268 4339 V WindowManager: bhv=DEFAULT
11-09 12:53:03.667 1268 4339 V WindowManager: fitSides= naviIconColor=0}
11-09 12:53:03.667 532 532 I RecentsAnimationDeviceState: setSystemUiFlags, stateFlags : 131072
11-09 12:53:03.667 532 1354 I ViewRootImpl@846fa1[LauncherActivity]: mWNT: t=0xb40000795ab2af30 mBlastBufferQueue=0xb40000799ab38030 fn= 67 caller= com.android.systemui.shared.launcher.ViewRootImplCompat.mergeWithNextTransaction:2 com.android.quickstep.util.SurfaceTransactionApplier.lambda$scheduleApply$0:2 com.android.quickstep.util.SurfaceTransactionApplier.b:0
11-09 12:53:03.667 532 532 I TouchInteractionService: onSystemUiFlagsChanged, lastSysUIFlags : 0
11-09 12:53:03.672 20959 20959 D BLASTBufferQueue: new BLASTBufferQueue, mNativeObject= 0x799ab33b70 name= ViewRootImpl@cfafa96[QtActivity] sc.mNativeObject= 0x792ab44a30 caller= android.view.ViewRootImpl.updateBlastSurfaceIfNeeded:2789 android.view.ViewRootImpl.relayoutWindow:9635 android.view.ViewRootImpl.performTraversals:3759 android.view.ViewRootImpl.doTraversal:2991 android.view.ViewRootImpl$TraversalRunnable.run:10665 android.view.Choreographer$CallbackRecord.run:1301 android.view.Choreographer$CallbackRecord.run:1309 android.view.Choreographer.doCallbacks:923 android.view.Choreographer.doFrame:852 android.view.Choreographer$FrameDisplayEventReceiver.run:1283
11-09 12:53:03.672 20959 20959 D BLASTBufferQueue: update, w= 1080 h= 2340 mNativeObject= 0x799ab33b70 sc.mNativeObject= 0x792ab44a30 format= -3 caller= android.graphics.BLASTBufferQueue.:76 android.view.ViewRootImpl.updateBlastSurfaceIfNeeded:2789 android.view.ViewRootImpl.relayoutWindow:9635 android.view.ViewRootImpl.performTraversals:3759 android.view.ViewRootImpl.doTraversal:2991 android.view.ViewRootImpl$TraversalRunnable.run:10665
11-09 12:53:03.672 20959 20959 I ViewRootImpl@cfafa96[QtActivity]: Relayout returned: old=(0,0,1080,2340) new=(0,0,1080,2340) req=(1080,2340)0 dur=13 res=0x3 s={true 0x7a2ab68420} ch=true seqId=0
11-09 12:53:03.673 20959 20986 W vulkan : CreateSwapchainKHR(VkSwapchainCreateInfoKHR.imageColorSpace = 1000104013) failed: Unsupported color space, but assume as Success for ANGLE.
11-09 12:53:03.673 20959 20959 D ViewRootImpl@cfafa96[QtActivity]: mThreadedRenderer.initialize() mSurface={isValid=true 0x7a2ab68420} hwInitialized=true
11-09 12:53:03.674 20959 20959 I SurfaceView@e5fa5c1: windowStopped(false) true org.qtproject.qt.android.QtSurface{e5fa5c1 V.E...... ........ 0,0-1080,2115 #6} of ViewRootImpl@cfafa96[QtActivity]
11-09 12:53:03.674 20959 20959 I SurfaceView@e5fa5c1: Changes: creating=true format=false size=false visible=true alpha=false hint=false mUseAlpha=false visible=true left=false top=false
11-09 12:53:03.674 931 1185 I SurfaceFlinger: id=18770 createSurf flag=20004, Bounds for - org.qtproject.example.vulkanunderqmlapp/org.qtproject.qt.android.bindings.QtActivity@5#18770
11-09 12:53:03.675 20959 20986 D OpenGLRenderer: eglCreateWindowSurface
11-09 12:53:03.675 931 931 D SurfaceFlinger: Display 4633128672291735999 HWC layers:
11-09 12:53:03.675 931 931 D SurfaceFlinger: CLIENT | 0xb40000791743be50 | 0100 | RGBA_8888 | 630.0 0.0 1710.0 2340.0 | 0 0 1080 2340 | Wallpaper BBQ wrapper#15554
11-09 12:53:03.675 931 931 D SurfaceFlinger: CLIENT | 0xb40000791743b750 | 0100 | RGBA_8888 | 0.0 0.0 1080.0 2340.0 | 0 0 1080 2340 | com.sec.android.app.launcher/com.sec[...]herActivity$_532#18754 (blurRegions)
11-09 12:53:03.675 931 931 D SurfaceFlinger: CLIENT | 0xb40000791742bed0 | 0000 | RGBA_8888 | 0.0 598.0 1080.0 1703.0 | 579 1046 752 1223 | SnapshotStartingWindow for taskId=291$_1695#18763
11-09 12:53:03.675 931 931 D SurfaceFlinger: DEVICE | 0xb40000791741bf50 | 0100 | RGBA_8888 | 0.0 0.0 1080.0 81.0 | 0 0 1080 81 | StatusBar$_1695#87
11-09 12:53:03.675 931 931 D SurfaceFlinger: DEVICE | 0xb400007917431f10 | 0100 | RGBA_8888 | 0.0 0.0 67.0 342.0 | 1013 438 1080 780 | com.samsung.android.app.cocktailbars[...]ervice.CocktailBarService$_641#18445
11-09 12:53:03.675 931 931 D SurfaceFlinger: DEVICE | 0xb40000791743ca90 | 0100 | RGBA_8888 | 0.0 0.0 1080.0 144.0 | 0 2196 1080 2340 | NavigationBar0$_1695#80
11-09 12:53:03.675 931 931 D SurfaceFlinger:
11-09 12:53:03.676 532 1349 I ViewRootImpl@846fa1[LauncherActivity]: mWNT: t=0xb40000795ab4f050 mBlastBufferQueue=0xb40000799ab38030 fn= 68 caller= com.android.systemui.shared.launcher.ViewRootImplCompat.mergeWithNextTransaction:2 com.android.quickstep.util.SurfaceTransactionApplier.lambda$scheduleApply$0:2 com.android.quickstep.util.SurfaceTransactionApplier.b:0
11-09 12:53:03.676 931 2480 I SurfaceFlinger: id=18771 createSurf flag=80004, SurfaceView[org.qtproject.example.vulkanunderqmlapp/org.qtproject.qt.android.bindings.QtActivity]@0#18771
11-09 12:53:03.678 931 2480 I SurfaceFlinger: id=18772 createSurf flag=40000, SurfaceView[org.qtproject.example.vulkanunderqmlapp/org.qtproject.qt.android.bindings.QtActivity]@0(BLAST)#18772
11-09 12:53:03.679 931 2480 I SurfaceFlinger: id=18773 createSurf flag=20404, Background for SurfaceView[org.qtproject.example.vulkanunderqmlapp/org.qtproject.qt.android.bindings.QtActivity]@0#18773
11-09 12:53:03.679 20959 20959 D BLASTBufferQueue: update, w= 1080 h= 2115 mNativeObject= 0x799ab4ac30 sc.mNativeObject= 0x792ab99750 format= 1 caller= android.view.SurfaceView.createBlastSurfaceControls:1384 android.view.SurfaceView.updateSurface:1080 android.view.SurfaceView.setWindowStopped:335 android.view.SurfaceView.surfaceCreated:1854 android.view.ViewRootImpl.notifySurfaceCreated:2704 android.view.ViewRootImpl.performTraversals:4168
11-09 12:53:03.680 20959 20959 I SurfaceView@e5fa5c1: 241149377 Cur surface: Surface(name=null)/@0x8ef2ca7
11-09 12:53:03.680 20959 20959 I SurfaceView@e5fa5c1: pST: sr = Rect(0, 81 - 1080, 2196) sw = 1080 sh = 2115
11-09 12:53:03.680 20959 20959 D SurfaceView@e5fa5c1: performSurfaceTransaction RenderWorker position = [0, 81, 1080, 2196] surfaceSize = 1080x2115
11-09 12:53:03.680 20959 20959 I SurfaceView@e5fa5c1: applyTransactionOnVriDraw: vri = ViewRootImpl@cfafa96[QtActivity] fRS = false t = 0x795ab48f90 android.view.SurfaceView.performSurfaceTransaction:959 android.view.SurfaceView.updateSurface:1106 android.view.SurfaceView.setWindowStopped:335
11-09 12:53:03.680 20959 20959 I ViewRootImpl@cfafa96[QtActivity]: applyTransactionOnDraw: mRemoved = false isHardwareEnabled = true t = 0x795ab48f90android.view.SurfaceView.applyTransactionOnVriDraw:2049 android.view.SurfaceView.performSurfaceTransaction:959 android.view.SurfaceView.updateSurface:1106 android.view.SurfaceView.setWindowStopped:335 android.view.SurfaceView.surfaceCreated:1854
11-09 12:53:03.681 20959 20959 I SurfaceView@e5fa5c1: updateSurface: mVisible = true mSurface.isValid() = true
11-09 12:53:03.681 20959 20959 I SurfaceView@e5fa5c1: updateSurface: mSurfaceCreated = false surfaceChanged = true visibleChanged = true
11-09 12:53:03.681 20959 20959 I SurfaceView@e5fa5c1: visibleChanged -- surfaceCreated
11-09 12:53:03.681 20959 20959 I SurfaceView@e5fa5c1: surfaceCreated 1 #1 org.qtproject.qt.android.QtSurface{e5fa5c1 V.E...... ........ 0,0-1080,2115 #6}
11-09 12:53:03.681 20959 20959 I SurfaceView@e5fa5c1: surfaceChanged -- format=1 w=1080 h=2115
11-09 12:53:03.681 20959 20959 I SurfaceView@e5fa5c1: surfaceChanged (1080,2115) 1 #1 org.qtproject.qt.android.QtSurface{e5fa5c1 V.E...... ........ 0,0-1080,2115 #6}
11-09 12:53:03.681 20959 20959 I SurfaceView@e5fa5c1: surfaceRedrawNeeded
11-09 12:53:03.685 20959 20959 V SurfaceView@e5fa5c1: Layout: x=0 y=81 w=1080 h=2115, frame=Rect(0, 0 - 1080, 2115)
11-09 12:53:03.685 20959 20959 D ViewRootImpl@cfafa96[QtActivity]: reportNextDraw android.view.ViewRootImpl.performTraversals:4313 android.view.ViewRootImpl.doTraversal:2991 android.view.ViewRootImpl$TraversalRunnable.run:10665 android.view.Choreographer$CallbackRecord.run:1301 android.view.Choreographer$CallbackRecord.run:1309
11-09 12:53:03.685 20959 20959 D ViewRootImpl@cfafa96[QtActivity]: Setup new sync id=8
11-09 12:53:03.685 20959 20959 D ViewRootImpl@cfafa96[QtActivity]: Setting syncFrameCallback
11-09 12:53:03.685 20959 20959 E SurfaceSyncer: Failed to find sync for id=0
11-09 12:53:03.685 20959 20959 E SurfaceSyncer: Failed to find sync for id=1
11-09 12:53:03.685 20959 20959 D ViewRootImpl@cfafa96[QtActivity]: registerCallbacksForSync syncBuffer=false
11-09 12:53:03.686 931 931 I Layer : id=18755 removeFromCurrentState Surface(name=227ac29 StatusBar)/@0x6c98c44 - animation-leash of insets_animation#18755 (166)
11-09 12:53:03.687 931 931 I Layer : id=18756 removeFromCurrentState Surface(name=a6aa740 NavigationBar0)/@0x3ba43f3 - animation-leash of insets_animation#18756 (166)
11-09 12:53:03.687 931 931 I Layer : id=68 removeFromCurrentState a6aa740 NavigationBar0#68 (166)
11-09 12:53:03.687 931 931 I Layer : id=80 removeFromCurrentState NavigationBar0$_1695#80 (166)
11-09 12:53:03.687 931 931 I Layer : id=68 addToCurrentState a6aa740 NavigationBar0#68 (166)
11-09 12:53:03.687 931 931 I Layer : id=80 addToCurrentState NavigationBar0$_1695#80 (166)
11-09 12:53:03.687 931 931 I SurfaceFlinger: [900a406 org.qtproject.example.vulkanunderqmlapp/org.qtproject.qt.android.bindings.QtActivity#17997] FrameRatePriority: 1
11-09 12:53:03.687 931 931 D SurfaceFlinger: [input] inputWindowCommands.focusRequests size is 1
11-09 12:53:03.687 931 931 I SurfaceFlinger: id=18755 Removed Surface(name=227ac29 StatusBar)/@0x6c98c44 - animation-leash of insets_animation#18755 (166)
11-09 12:53:03.687 931 931 I SurfaceFlinger: id=18756 Removed Surface(name=a6aa740 NavigationBar0)/@0x3ba43f3 - animation-leash of insets_animation#18756 (166)
11-09 12:53:03.687 931 931 I Layer : id=18755 Destroyed Surface(name=227ac29 StatusBar)/@0x6c98c44 - animation-leash of insets_animation#18755
11-09 12:53:03.687 931 931 I Layer : id=18756 Destroyed Surface(name=a6aa740 NavigationBar0)/@0x3ba43f3 - animation-leash of insets_animation#18756
11-09 12:53:03.687 20959 20992 D SurfaceView@e5fa5c1: updateSurfacePosition RenderWorker, frameNr = 1, position = [0, 81, 1080, 2196] surfaceSize = 1080x2115
11-09 12:53:03.687 20959 20992 I SurfaceView@e5fa5c1: uSP: rtp = Rect(0, 81 - 1080, 2196) rtsw = 1080 rtsh = 2115
11-09 12:53:03.687 20959 20992 I SurfaceView@e5fa5c1: onSSPAndSRT: pl = 0 pt = 81 sx = 1.0 sy = 1.0
11-09 12:53:03.687 20959 20992 I SurfaceView@e5fa5c1: aOrMT: ViewRootImpl@cfafa96[QtActivity] t = android.view.SurfaceControl$Transaction@682aeb5 fN = 1 android.view.SurfaceView.-$$Nest$mapplyOrMergeTransaction:0 android.view.SurfaceView$SurfaceViewPositionUpdateListener.positionChanged:1538 android.graphics.RenderNode$CompositePositionUpdateListener.positionChanged:373
11-09 12:53:03.687 931 1144 D SurfaceFlinger: [input] setFocusedWindow: 900a406 org.qtproject.example.vulkanunderqmlapp/org.qtproject.qt.android.bindings.QtActivity
11-09 12:53:03.687 20959 20992 I ViewRootImpl@cfafa96[QtActivity]: mWNT: t=0x795ab49650 mBlastBufferQueue=0x799ab33b70 fn= 1 caller= android.view.SurfaceView.applyOrMergeTransaction:1456 android.view.SurfaceView.-$$Nest$mapplyOrMergeTransaction:0 android.view.SurfaceView$SurfaceViewPositionUpdateListener.positionChanged:1538
11-09 12:53:03.688 20959 20992 D BLASTBufferQueue: mergeWithNextTransaction, mNativeObject= 0x799ab33b70 t.mNativeObject= 0x795ab49650 frameNumber= 1 caller= android.view.ViewRootImpl.mergeWithNextTransaction:12594 android.view.SurfaceView.applyOrMergeTransaction:1456 android.view.SurfaceView.-$$Nest$mapplyOrMergeTransaction:0 android.view.SurfaceView$SurfaceViewPositionUpdateListener.positionChanged:1538 android.graphics.RenderNode$CompositePositionUpdateListener.positionChanged:373 android.graphics.RenderNode$PositionUpdateListener.callPositionChanged:286
11-09 12:53:03.688 1268 3103 D InputDispatcher: Focus request (0): 900a406 org.qtproject.example.vulkanunderqmlapp/org.qtproject.qt.android.bindings.QtActivity but waiting because NO_WINDOW
11-09 12:53:03.688 20959 20993 I ViewRootImpl@cfafa96[QtActivity]: mWNT: t=0x795ab45f30 mBlastBufferQueue=0x799ab33b70 fn= 1 caller= android.view.ViewRootImpl.lambda$applyTransactionOnDraw$11$android-view-ViewRootImpl:12629 android.view.ViewRootImpl$$ExternalSyntheticLambda1.onFrameDraw:4 android.graphics.HardwareRenderer$FrameDrawingCallback.onFrameDraw:924
11-09 12:53:03.689 20959 20993 D BLASTBufferQueue: mergeWithNextTransaction, mNativeObject= 0x799ab33b70 t.mNativeObject= 0x795ab45f30 frameNumber= 1 caller= android.view.ViewRootImpl.mergeWithNextTransaction:12594 android.view.ViewRootImpl.lambda$applyTransactionOnDraw$11$android-view-ViewRootImpl:12629 android.view.ViewRootImpl$$ExternalSyntheticLambda1.onFrameDraw:4 android.graphics.HardwareRenderer$FrameDrawingCallback.onFrameDraw:924 android.view.ViewRootImpl$6.onFrameDraw:2053 android.view.ThreadedRenderer$1.onFrameDraw:777
11-09 12:53:03.689 532 1354 I ViewRootImpl@846fa1[LauncherActivity]: mWNT: t=0xb40000795ab62130 mBlastBufferQueue=0xb40000799ab38030 fn= 69 caller= com.android.systemui.shared.launcher.ViewRootImplCompat.mergeWithNextTransaction:2 com.android.quickstep.util.SurfaceTransactionApplier.lambda$scheduleApply$0:2 com.android.quickstep.util.SurfaceTransactionApplier.b:0
11-09 12:53:03.689 20959 20993 I ViewRootImpl@cfafa96[QtActivity]: mWNT: t=0x795ab48f90 mBlastBufferQueue=0x799ab33b70 fn= 1 caller= android.view.ViewRootImpl.lambda$applyTransactionOnDraw$11$android-view-ViewRootImpl:12629 android.view.ViewRootImpl$$ExternalSyntheticLambda1.onFrameDraw:4 android.graphics.HardwareRenderer$FrameDrawingCallback.onFrameDraw:924
11-09 12:53:03.690 20959 20993 D BLASTBufferQueue: mergeWithNextTransaction, mNativeObject= 0x799ab33b70 t.mNativeObject= 0x795ab48f90 frameNumber= 1 caller= android.view.ViewRootImpl.mergeWithNextTransaction:12594 android.view.ViewRootImpl.lambda$applyTransactionOnDraw$11$android-view-ViewRootImpl:12629 android.view.ViewRootImpl$$ExternalSyntheticLambda1.onFrameDraw:4 android.graphics.HardwareRenderer$FrameDrawingCallback.onFrameDraw:924 android.view.ViewRootImpl$6.onFrameDraw:2053 android.view.ThreadedRenderer$1.onFrameDraw:777
11-09 12:53:03.690 20959 20993 D ViewRootImpl@cfafa96[QtActivity]: Received frameDrawingCallback syncResult=0 frameNum=1.
11-09 12:53:03.690 20959 20993 D ViewRootImpl@cfafa96[QtActivity]: Setting up sync and frameCommitCallback
11-09 12:53:03.691 20959 20986 D BLASTBufferQueue: [ViewRootImpl@cfafa96[QtActivity]#13](f:0,a:0) onFrameAvailable the first frame is available
11-09 12:53:03.692 20959 20986 D ViewRootImpl@cfafa96[QtActivity]: Received frameCommittedCallback lastAttemptedDrawFrameNum=1 didProduceBuffer=true
11-09 12:53:03.693 20959 20959 D ViewRootImpl@cfafa96[QtActivity]: onSyncComplete
11-09 12:53:03.693 20959 20959 D ViewRootImpl@cfafa96[QtActivity]: setupSync seqId=0 mSyncId=8 fn=1 caller=android.view.ViewRootImpl$$ExternalSyntheticLambda11.accept:6 android.window.SurfaceSyncer.lambda$setupSync$1$android-window-SurfaceSyncer:128 android.window.SurfaceSyncer$$ExternalSyntheticLambda1.accept:8 android.window.SurfaceSyncer$SyncSet.checkIfSyncIsComplete:382 android.window.SurfaceSyncer$SyncSet.markSyncReady:359 android.window.SurfaceSyncer.markSyncReady:151 android.view.ViewRootImpl.performTraversals:4373
11-09 12:53:03.693 20959 20959 D ViewRootImpl@cfafa96[QtActivity]: reportDrawFinished seqId=0 mSyncId=-1 fn=1 mSurfaceChangedTransaction=0x795ab3a230
11-09 12:53:03.694 1268 4339 D WindowManager: finishDrawingWindow: Window{900a406 u0 org.qtproject.example.vulkanunderqmlapp/org.qtproject.qt.android.bindings.QtActivity} mDrawState=DRAW_PENDING seqId=0
11-09 12:53:03.697 1268 1334 V WindowManager: Finish starting ActivityRecord{2444f07 u0 org.qtproject.example.vulkanunderqmlapp/org.qtproject.qt.android.bindings.QtActivity} t291}: first real window is shown, no animation
11-09 12:53:03.697 1268 1334 V WindowManager: Schedule remove starting ActivityRecord{2444f07 u0 org.qtproject.example.vulkanunderqmlapp/org.qtproject.qt.android.bindings.QtActivity} t291} startingWindow=null startingView=null Callers=com.android.server.wm.ActivityRecord.removeStartingWindow:3190 com.android.server.wm.ActivityRecord.onFirstWindowDrawn:7352 com.android.server.wm.WindowState.performShowLocked:5419 com.android.server.wm.WindowStateAnimator.commitFinishDrawingLocked:334 com.android.server.wm.DisplayContent.lambda$new$8:1177
11-09 12:53:03.697 1268 1334 V WindowManager: Removing startingView=com.android.server.wm.StartingSurfaceController$StartingSurface@9f4ca6a
11-09 12:53:03.697 1268 1334 V WindowManager: performShowLocked: mDrawState=HAS_DRAWN in Window{900a406 u0 org.qtproject.example.vulkanunderqmlapp/org.qtproject.qt.android.bindings.QtActivity}
11-09 12:53:03.698 20959 20959 I DecorView: setWindowBackground: isPopOver=false color=ff171717 d=android.graphics.drawable.GradientDrawable@bddb94a
11-09 12:53:03.699 20959 20959 I DecorView: notifyKeepScreenOnChanged: keepScreenOn=false
11-09 12:53:03.699 20959 20959 I SurfaceView@e5fa5c1: onWindowVisibilityChanged(8) false org.qtproject.qt.android.QtSurface{e5fa5c1 V.E...... ........ 0,0-1080,2115 #6} of ViewRootImpl@cfafa96[QtActivity]
11-09 12:53:03.699 20959 20959 I SurfaceView@e5fa5c1: Changes: creating=false format=false size=false visible=true alpha=false hint=false mUseAlpha=false visible=true left=false top=false
11-09 12:53:03.699 20959 20959 I SurfaceView@e5fa5c1: 241149377 Cur surface: Surface(name=null)/@0x8ef2ca7
11-09 12:53:03.699 20959 20959 I SurfaceView@e5fa5c1: applyTransactionOnVriDraw: vri = ViewRootImpl@cfafa96[QtActivity] fRS = false t = 0x795ab4af10 android.view.SurfaceView.performSurfaceTransaction:959 android.view.SurfaceView.updateSurface:1106 android.view.SurfaceView.onWindowVisibilityChanged:371
11-09 12:53:03.699 20959 20959 I ViewRootImpl@cfafa96[QtActivity]: applyTransactionOnDraw: mRemoved = false isHardwareEnabled = true t = 0x795ab4af10android.view.SurfaceView.applyTransactionOnVriDraw:2049 android.view.SurfaceView.performSurfaceTransaction:959 android.view.SurfaceView.updateSurface:1106 android.view.SurfaceView.onWindowVisibilityChanged:371 android.view.View.dispatchDetachedFromWindow:22518
11-09 12:53:03.699 20959 20959 I SurfaceView@e5fa5c1: surfaceDestroyed
11-09 12:53:03.700 20959 20959 I SurfaceView@e5fa5c1: surfaceDestroyed callback.size 1 #2 org.qtproject.qt.android.QtSurface{e5fa5c1 V.E...... ........ 0,0-1080,2115 #6}
11-09 12:53:03.700 20959 20959 I SurfaceView@e5fa5c1: updateSurface: mVisible = false mSurface.isValid() = true
11-09 12:53:03.700 20959 20959 I SurfaceView@e5fa5c1: releaseSurfaces: viewRoot = ViewRootImpl@cfafa96[QtActivity]
11-09 12:53:03.700 20959 20959 I SurfaceView@e5fa5c1: applyTransactionOnVriDraw: vri = ViewRootImpl@cfafa96[QtActivity] fRS = true t = 0x795ab47c70 android.view.SurfaceView.releaseSurfaces:858 android.view.SurfaceView.updateSurface:1173 android.view.SurfaceView.onWindowVisibilityChanged:371
11-09 12:53:03.700 20959 20959 I SurfaceView@e5fa5c1: applyTransactionOnVriDraw: viewRoot.applyTransactionOnDrawFromReleaseSurfaces
11-09 12:53:03.700 20959 20959 I ViewRootImpl@cfafa96[QtActivity]: applyTransactionOnDraw: mRemoved = false isHardwareEnabled = true t = 0x795ab47c70android.view.ViewRootImpl.applyTransactionOnDrawFromReleaseSurfaces:12614 android.view.SurfaceView.applyTransactionOnVriDraw:2047 android.view.SurfaceView.releaseSurfaces:858 android.view.SurfaceView.updateSurface:1173 android.view.SurfaceView.onWindowVisibilityChanged:371
11-09 12:53:03.700 20959 20959 V SurfaceView@e5fa5c1: Layout: x=0 y=81 w=1080 h=2115, frame=Rect(0, 0 - 1080, 2115)
11-09 12:53:03.701 1268 1334 D ActivityTaskManager: mStartingWindow and mStartingData is null for token=ActivityRecord{2444f07 u0 org.qtproject.example.vulkanunderqmlapp/org.qtproject.qt.android.bindings.QtActivity} t291}
11-09 12:53:03.702 1268 4339 D InputDispatcher: Focus entered window (0): 900a406 org.qtproject.example.vulkanunderqmlapp/org.qtproject.qt.android.bindings.QtActivity
11-09 12:53:03.703 532 1349 I ViewRootImpl@846fa1[LauncherActivity]: mWNT: t=0xb40000795ab774f0 mBlastBufferQueue=0xb40000799ab38030 fn= 70 caller= com.android.systemui.shared.launcher.ViewRootImplCompat.mergeWithNextTransaction:2 com.android.quickstep.util.SurfaceTransactionApplier.lambda$scheduleApply$0:2 com.android.quickstep.util.SurfaceTransactionApplier.b:0
11-09 12:53:03.703 20959 20959 I SurfaceView@e5fa5c1: onDetachedFromWindow: tryReleaseSurfaces()
11-09 12:53:03.704 20959 20959 I SurfaceView@e5fa5c1: releaseSurfaces: viewRoot = ViewRootImpl@cfafa96[QtActivity]
11-09 12:53:03.704 20959 20959 I SurfaceView@e5fa5c1: applyTransactionOnVriDraw: vri = ViewRootImpl@cfafa96[QtActivity] fRS = true t = 0x795ab4a970 android.view.SurfaceView.releaseSurfaces:858 android.view.SurfaceView.onDetachedFromWindow:500 android.view.View.dispatchDetachedFromWindow:22527
11-09 12:53:03.704 20959 20959 I SurfaceView@e5fa5c1: applyTransactionOnVriDraw: viewRoot.applyTransactionOnDrawFromReleaseSurfaces
11-09 12:53:03.705 20959 20959 I ViewRootImpl@cfafa96[QtActivity]: applyTransactionOnDraw: mRemoved = false isHardwareEnabled = true t = 0x795ab4a970android.view.ViewRootImpl.applyTransactionOnDrawFromReleaseSurfaces:12614 android.view.SurfaceView.applyTransactionOnVriDraw:2047 android.view.SurfaceView.releaseSurfaces:858 android.view.SurfaceView.onDetachedFromWindow:500 android.view.View.dispatchDetachedFromWindow:22527
11-09 12:53:03.706 20959 20959 I SurfaceView@2c62016: onWindowVisibilityChanged(0) true org.qtproject.qt.android.QtSurface{2c62016 V.E...... ......I. 0,0-0,0 #7} of ViewRootImpl@cfafa96[QtActivity]
11-09 12:53:03.706 20959 20959 D SurfaceView@2c62016: updateSurface: has no frame
11-09 12:53:03.708 20959 20959 I SurfaceView@e5fa5c1: finishedDrawing
11-09 12:53:03.710 1268 1330 D [secipm]: mSecIpmManager report to nap
11-09 12:53:03.711 1268 1330 I PkgPredictorService-SecIpmManagerServiceImpl: reportToNAP uid:10402 org.qtproject.example.vulkanunderqmlapp/org.qtproject.qt.android.bindings.QtActivity thisTime:98
11-09 12:53:03.713 828 828 E audit : type=1400 audit(1699530783.709:9371): avc: denied { search } for pid=926 comm="perfmond" name="host0" dev="sysfs" ino=81220 scontext=u:r:perfmond:s0 tcontext=u:object_r:sysfs_ski_ufs_writable:s0 tclass=dir permissive=0 SEPF_SM-S901B_12_0001 audit_filtered
11-09 12:53:03.713 20959 20959 D ViewRootImpl@cfafa96[QtActivity]: performTraversals params={(0,0)(fillxfill) sim={adjust=pan} ty=BASE_APPLICATION wanim=0x10302f4
11-09 12:53:03.713 20959 20959 D ViewRootImpl@cfafa96[QtActivity]: fl=81810100
