11-09 12:53:03.713 20959 20959 D ViewRootImpl@cfafa96[QtActivity]: pfl=16020040
11-09 12:53:03.713 20959 20959 D ViewRootImpl@cfafa96[QtActivity]: bhv=DEFAULT
11-09 12:53:03.713 20959 20959 D ViewRootImpl@cfafa96[QtActivity]: fitSides= naviIconColor=0}
11-09 12:53:03.713 931 1017 I SurfaceFlinger: id=18752 Removed Background for SurfaceView[org.qtproject.example.vulkanunderqmlapp/org.qtproject.qt.android.bindings.QtActivity]@0#18752 (164)
11-09 12:53:03.714 931 1017 I SurfaceFlinger: id=18750 Removed SurfaceView[org.qtproject.example.vulkanunderqmlapp/org.qtproject.qt.android.bindings.QtActivity]@0#18750 (164)
11-09 12:53:03.714 532 1354 I ViewRootImpl@846fa1[LauncherActivity]: mWNT: t=0xb40000795ab48b10 mBlastBufferQueue=0xb40000799ab38030 fn= 71 caller= com.android.systemui.shared.launcher.ViewRootImplCompat.mergeWithNextTransaction:2 com.android.quickstep.util.SurfaceTransactionApplier.lambda$scheduleApply$0:2 com.android.quickstep.util.SurfaceTransactionApplier.b:0
11-09 12:53:03.715 20959 20959 D ViewRootImpl@cfafa96[QtActivity]: performTraversals mFirst=false windowShouldResize=false viewVisibilityChanged=false mForceNextWindowRelayout=false params={(0,0)(fillxfill) sim={adjust=pan} ty=BASE_APPLICATION fmt=TRANSLUCENT wanim=0x10302f4
11-09 12:53:03.715 20959 20959 D ViewRootImpl@cfafa96[QtActivity]: fl=81810100
11-09 12:53:03.715 20959 20959 D ViewRootImpl@cfafa96[QtActivity]: pfl=16020040
11-09 12:53:03.715 20959 20959 D ViewRootImpl@cfafa96[QtActivity]: bhv=DEFAULT
11-09 12:53:03.715 20959 20959 D ViewRootImpl@cfafa96[QtActivity]: fitSides= naviIconColor=0}
11-09 12:53:03.716 1268 3103 V WindowManager: Relayout Window{900a406 u0 org.qtproject.example.vulkanunderqmlapp/org.qtproject.qt.android.bindings.QtActivity}: viewVisibility=0 req=1080x2340 d0
11-09 12:53:03.719 1268 3103 V WindowManager: Relayout hash=900a406, pid=20959, syncId=-1: mAttrs={(0,0)(fillxfill) sim={adjust=pan} ty=BASE_APPLICATION fmt=TRANSLUCENT wanim=0x10302f4
11-09 12:53:03.719 1268 3103 V WindowManager: fl=81810100
11-09 12:53:03.719 1268 3103 V WindowManager: pfl=16020040
11-09 12:53:03.719 1268 3103 V WindowManager: bhv=DEFAULT
11-09 12:53:03.719 1268 3103 V WindowManager: fitSides= naviIconColor=0}
11-09 12:53:03.722 532 6699 I RecentModel: onTaskStackChangedBackground
11-09 12:53:03.723 20959 20959 D BLASTBufferQueue: update, w= 1080 h= 2340 mNativeObject= 0x799ab33b70 sc.mNativeObject= 0x792ab45690 format= -3 caller= android.view.ViewRootImpl.updateBlastSurfaceIfNeeded:2778 android.view.ViewRootImpl.relayoutWindow:9635 android.view.ViewRootImpl.performTraversals:3759 android.view.ViewRootImpl.doTraversal:2991 android.view.ViewRootImpl$TraversalRunnable.run:10665 android.view.Choreographer$CallbackRecord.run:1301
11-09 12:53:03.723 20959 20959 I ViewRootImpl@cfafa96[QtActivity]: Relayout returned: old=(0,0,1080,2340) new=(0,0,1080,2340) req=(1080,2340)0 dur=7 res=0x0 s={true 0x7a2ab68420} ch=false seqId=0
11-09 12:53:03.723 20959 20959 I ViewRootImpl@cfafa96[QtActivity]: updateBoundsLayer: t = android.view.SurfaceControl$Transaction@d7c00fb sc = Surface(name=Bounds for - org.qtproject.example.vulkanunderqmlapp/org.qtproject.qt.android.bindings.QtActivity@5)/@0x3268d97 frame = 2
11-09 12:53:03.724 20959 20959 I ViewRootImpl@cfafa96[QtActivity]: mWNT: t=0x795ab3c2d0 mBlastBufferQueue=0x799ab33b70 fn= 2 caller= android.view.ViewRootImpl.prepareSurfaces:2865 android.view.ViewRootImpl.performTraversals:4108 android.view.ViewRootImpl.doTraversal:2991
11-09 12:53:03.724 20959 20959 D BLASTBufferQueue: mergeWithNextTransaction, mNativeObject= 0x799ab33b70 t.mNativeObject= 0x795ab3c2d0 frameNumber= 2 caller= android.view.ViewRootImpl.mergeWithNextTransaction:12594 android.view.ViewRootImpl.prepareSurfaces:2865 android.view.ViewRootImpl.performTraversals:4108 android.view.ViewRootImpl.doTraversal:2991 android.view.ViewRootImpl$TraversalRunnable.run:10665 android.view.Choreographer$CallbackRecord.run:1301
11-09 12:53:03.724 20959 20959 D SurfaceView@2c62016: updateSurface: has no frame
11-09 12:53:03.725 20959 20959 I SurfaceView@2c62016: Changes: creating=true format=true size=true visible=true alpha=false hint=false mUseAlpha=false visible=true left=true top=true
11-09 12:53:03.725 931 2480 I SurfaceFlinger: id=18774 createSurf flag=80004, SurfaceView[org.qtproject.example.vulkanunderqmlapp/org.qtproject.qt.android.bindings.QtActivity]@0#18774
11-09 12:53:03.728 931 1184 I SurfaceFlinger: id=18775 createSurf flag=40000, SurfaceView[org.qtproject.example.vulkanunderqmlapp/org.qtproject.qt.android.bindings.QtActivity]@0(BLAST)#18775
11-09 12:53:03.728 931 931 I Layer : id=18752 Destroyed Background for SurfaceView[org.qtproject.example.vulkanunderqmlapp/org.qtproject.qt.android.bindings.QtActivity]@0#18752
11-09 12:53:03.728 931 931 I Layer : id=18750 Destroyed SurfaceView[org.qtproject.example.vulkanunderqmlapp/org.qtproject.qt.android.bindings.QtActivity]@0#18750
11-09 12:53:03.728 532 1349 I ViewRootImpl@846fa1[LauncherActivity]: mWNT: t=0xb40000795ab60870 mBlastBufferQueue=0xb40000799ab38030 fn= 72 caller= com.android.systemui.shared.launcher.ViewRootImplCompat.mergeWithNextTransaction:2 com.android.quickstep.util.SurfaceTransactionApplier.lambda$scheduleApply$0:2 com.android.quickstep.util.SurfaceTransactionApplier.b:0
11-09 12:53:03.730 931 1184 I SurfaceFlinger: id=18776 createSurf flag=20404, Background for SurfaceView[org.qtproject.example.vulkanunderqmlapp/org.qtproject.qt.android.bindings.QtActivity]@0#18776
11-09 12:53:03.731 20959 20959 D BLASTBufferQueue: update, w= 1080 h= 2115 mNativeObject= 0x799ab4ac30 sc.mNativeObject= 0x792ab35410 format= 1 caller= android.view.SurfaceView.createBlastSurfaceControls:1384 android.view.SurfaceView.updateSurface:1080 android.view.SurfaceView.lambda$new$0$android-view-SurfaceView:200 android.view.SurfaceView$$ExternalSyntheticLambda5.onPreDraw:2 android.view.ViewTreeObserver.dispatchOnPreDraw:1121 android.view.ViewRootImpl.performTraversals:4317
11-09 12:53:03.731 20959 20959 I SurfaceView@2c62016: 46538774 Cur surface: Surface(name=null)/@0x587b84
11-09 12:53:03.731 20959 20959 I SurfaceView@2c62016: pST: sr = Rect(0, 81 - 1080, 2196) sw = 1080 sh = 2115
11-09 12:53:03.731 20959 20959 D SurfaceView@2c62016: performSurfaceTransaction RenderWorker position = [0, 81, 1080, 2196] surfaceSize = 1080x2115
11-09 12:53:03.732 20959 20959 I SurfaceView@2c62016: applyTransactionOnVriDraw: vri = ViewRootImpl@cfafa96[QtActivity] fRS = false t = 0x795ab46a70 android.view.SurfaceView.performSurfaceTransaction:959 android.view.SurfaceView.updateSurface:1106 android.view.SurfaceView.lambda$new$0$android-view-SurfaceView:200
11-09 12:53:03.732 20959 20959 I ViewRootImpl@cfafa96[QtActivity]: applyTransactionOnDraw: mRemoved = false isHardwareEnabled = true t = 0x795ab46a70android.view.SurfaceView.applyTransactionOnVriDraw:2049 android.view.SurfaceView.performSurfaceTransaction:959 android.view.SurfaceView.updateSurface:1106 android.view.SurfaceView.lambda$new$0$android-view-SurfaceView:200 android.view.SurfaceView$$ExternalSyntheticLambda5.onPreDraw:2
11-09 12:53:03.732 20959 20959 I SurfaceView@2c62016: updateSurface: mVisible = true mSurface.isValid() = true
11-09 12:53:03.732 20959 20959 I SurfaceView@2c62016: updateSurface: mSurfaceCreated = false surfaceChanged = true visibleChanged = true
11-09 12:53:03.732 20959 20959 I SurfaceView@2c62016: visibleChanged -- surfaceCreated
11-09 12:53:03.732 20959 20959 I SurfaceView@2c62016: surfaceCreated 1 #8 org.qtproject.qt.android.QtSurface{2c62016 V.E...... ......ID 0,0-1080,2115 #7}
11-09 12:53:03.732 20959 20959 I SurfaceView@2c62016: surfaceChanged -- format=1 w=1080 h=2115
11-09 12:53:03.732 20959 20959 I SurfaceView@2c62016: surfaceChanged (1080,2115) 1 #8 org.qtproject.qt.android.QtSurface{2c62016 V.E...... ......ID 0,0-1080,2115 #7}
11-09 12:53:03.732 20959 20959 I SurfaceView@2c62016: surfaceRedrawNeeded
11-09 12:53:03.733 20959 20988 D lkanunderqmlapp: [is_supported_usage] GPU do not support native format(56)
11-09 12:53:03.734 20959 20959 V SurfaceView@2c62016: Layout: x=0 y=81 w=1080 h=2115, frame=Rect(0, 0 - 1080, 2115)
11-09 12:53:03.734 20959 20988 D lkanunderqmlapp: [is_supported_usage] GPU do not support native format(56)
11-09 12:53:03.734 20959 20986 D SurfaceView@e5fa5c1: windowPositionLost, frameNr = 2
11-09 12:53:03.735 20959 20959 I ViewRootImpl@cfafa96[QtActivity]: MSG_WINDOW_FOCUS_CHANGED 1 0
11-09 12:53:03.735 20959 20992 I ViewRootImpl@cfafa96[QtActivity]: mWNT: t=0x795ab4af10 mBlastBufferQueue=0x799ab33b70 fn= 2 caller= android.view.ViewRootImpl.lambda$applyTransactionOnDraw$11$android-view-ViewRootImpl:12629 android.view.ViewRootImpl$$ExternalSyntheticLambda1.onFrameDraw:4 android.graphics.HardwareRenderer$FrameDrawingCallback.onFrameDraw:924
11-09 12:53:03.735 20959 20959 D ViewRootImpl@cfafa96[QtActivity]: mThreadedRenderer.initializeIfNeeded()#2 mSurface={isValid=true 0x7a2ab68420}
11-09 12:53:03.736 20959 20959 D InputMethodManager: startInputInner - Id : 0
11-09 12:53:03.736 20959 20959 I InputMethodManager: startInputInner - mService.startInputOrWindowGainedFocus
11-09 12:53:03.737 1268 3103 V InputMethodManagerService: Unspecified window will hide input
11-09 12:53:03.737 1268 3103 V InputMethodManagerService: hideCurrentInputLocked : canceled, shouldHideSoftInput=false, mInputShown=false, mImeWindowVis=0
11-09 12:53:03.737 1268 3103 I InputMethodBindingController: setCurrentMethodNotVisible: mVisibleBound=false, mHasConnection=true, caller = com.android.server.inputmethod.InputMethodManagerService.hideCurrentInputLocked:4320 com.android.server.inputmethod.InputMethodManagerService.startInputOrWindowGainedFocusInternalLocked:4626 com.android.server.inputmethod.InputMethodManagerService.startInputOrWindowGainedFocusInternal:4404 com.android.server.inputmethod.InputMethodManagerService.startInputOrWindowGainedFocus:4343 com.android.internal.view.IInputMethodManager$Stub.onTransact:509 com.android.server.inputmethod.InputMethodManagerService.onTransact:2275 android.os.Binder.execTransactInternal:1316 android.os.Binder.execTransact:1280
11-09 12:53:03.737 1268 3103 D InputMethodManagerService: DESKTOP MODE! : 2
11-09 12:53:03.737 1268 3103 D InputMethodManagerService: NOT IN KNOX DESKTOP MODE!
11-09 12:53:03.737 1268 3103 V InputMethodManagerService: getDisplayIdOfInputMethodWindowToBeAdded: displayId=0
11-09 12:53:03.738 1268 3103 D InputMethodManagerService: isImeSwitcherDisabledPackage : false
11-09 12:53:03.738 1268 3103 D InputMethodManagerService: shouldShowImeSwitcherLocked : checking vis : 3
11-09 12:53:03.738 1268 3103 D InputMethodManagerService: checkDisplayOfStartInputAndUpdateKeyboard: displayId=0, mFocusedDisplayId=0
11-09 12:53:03.738 1268 3103 D InputTransport: Input channel constructed: 'ClientS', fd=932
11-09 12:53:03.738 1268 3103 D InputTransport: Input channel destroyed: 'ClientS', fd=932
11-09 12:53:03.739 20959 20993 D SurfaceView@2c62016: updateSurfacePosition RenderWorker, frameNr = 2, position = [0, 81, 1080, 2196] surfaceSize = 1080x2115
11-09 12:53:03.739 20959 20959 I SurfaceView@2c62016: finishedDrawing
11-09 12:53:03.739 2280 2280 I HBD : HoneyBoardService onFinishInput
11-09 12:53:03.739 20959 20993 I SurfaceView@2c62016: uSP: rtp = Rect(0, 81 - 1080, 2196) rtsw = 1080 rtsh = 2115
11-09 12:53:03.739 20959 20993 I SurfaceView@2c62016: onSSPAndSRT: pl = 0 pt = 81 sx = 1.0 sy = 1.0
11-09 12:53:03.740 1268 4385 D RestrictionPolicy: isScreenCaptureEnabled : ret=true userId=0
11-09 12:53:03.740 20959 20993 I SurfaceView@2c62016: aOrMT: ViewRootImpl@cfafa96[QtActivity] t = android.view.SurfaceControl$Transaction@fbc6c33 fN = 2 android.view.SurfaceView.-$$Nest$mapplyOrMergeTransaction:0 android.view.SurfaceView$SurfaceViewPositionUpdateListener.positionChanged:1538 android.graphics.RenderNode$CompositePositionUpdateListener.positionChanged:373
11-09 12:53:03.740 20959 20992 D BLASTBufferQueue: mergeWithNextTransaction, mNativeObject= 0x799ab33b70 t.mNativeObject= 0x795ab4af10 frameNumber= 2 caller= android.view.ViewRootImpl.mergeWithNextTransaction:12594 android.view.ViewRootImpl.lambda$applyTransactionOnDraw$11$android-view-ViewRootImpl:12629 android.view.ViewRootImpl$$ExternalSyntheticLambda1.onFrameDraw:4 android.graphics.HardwareRenderer$FrameDrawingCallback.onFrameDraw:924 android.view.ViewRootImpl$6.onFrameDraw:2053 android.view.ThreadedRenderer$1.onFrameDraw:777
11-09 12:53:03.740 1268 4385 I WindowManager: Cancelling animation restarting=true, leash=Surface(name=Surface(name=2dacdb InputMethod)/@0x929ba51 - animation-leash of insets_animation)/@0x7ca3455
11-09 12:53:03.740 1268 4385 I WindowManager: Reparenting to original parent: Surface(name=WindowToken{f512da9 type=2011 android.os.Binder@989cd30})/@0x873096b, destroy=false, surface=Surface(name=2dacdb InputMethod)/@0x929ba51
11-09 12:53:03.740 1268 4385 I WindowManager: Reparenting to leash, surface=Surface(name=2dacdb InputMethod)/@0x929ba51, leashParent=Surface(name=WindowToken{f512da9 type=2011 android.os.Binder@989cd30})/@0x873096b
11-09 12:53:03.740 20959 20993 I ViewRootImpl@cfafa96[QtActivity]: mWNT: t=0x795ab452d0 mBlastBufferQueue=0x799ab33b70 fn= 2 caller= android.view.SurfaceView.applyOrMergeTransaction:1456 android.view.SurfaceView.-$$Nest$mapplyOrMergeTransaction:0 android.view.SurfaceView$SurfaceViewPositionUpdateListener.positionChanged:1538
11-09 12:53:03.740 931 2480 I SurfaceFlinger: id=18777 createSurf flag=24004, Surface(name=2dacdb InputMethod)/@0x929ba51 - animation-leash of insets_animation#18777
11-09 12:53:03.741 20959 20992 I ViewRootImpl@cfafa96[QtActivity]: mWNT: t=0x795ab47c70 mBlastBufferQueue=0x799ab33b70 fn= 2 caller= android.view.ViewRootImpl.lambda$applyTransactionOnDraw$11$android-view-ViewRootImpl:12629 android.view.ViewRootImpl$$ExternalSyntheticLambda1.onFrameDraw:4 android.graphics.HardwareRenderer$FrameDrawingCallback.onFrameDraw:924
11-09 12:53:03.741 20959 20993 D BLASTBufferQueue: mergeWithNextTransaction, mNativeObject= 0x799ab33b70 t.mNativeObject= 0x795ab452d0 frameNumber= 2 caller= android.view.ViewRootImpl.mergeWithNextTransaction:12594 android.view.SurfaceView.applyOrMergeTransaction:1456 android.view.SurfaceView.-$$Nest$mapplyOrMergeTransaction:0 android.view.SurfaceView$SurfaceViewPositionUpdateListener.positionChanged:1538 android.graphics.RenderNode$CompositePositionUpdateListener.positionChanged:373 android.graphics.RenderNode$PositionUpdateListener.callPositionChanged:286
11-09 12:53:03.741 20959 20992 D BLASTBufferQueue: mergeWithNextTransaction, mNativeObject= 0x799ab33b70 t.mNativeObject= 0x795ab47c70 frameNumber= 2 caller= android.view.ViewRootImpl.mergeWithNextTransaction:12594 android.view.ViewRootImpl.lambda$applyTransactionOnDraw$11$android-view-ViewRootImpl:12629 android.view.ViewRootImpl$$ExternalSyntheticLambda1.onFrameDraw:4 android.graphics.HardwareRenderer$FrameDrawingCallback.onFrameDraw:924 android.view.ViewRootImpl$6.onFrameDraw:2053 android.view.ThreadedRenderer$1.onFrameDraw:777
11-09 12:53:03.742 1268 4385 D WindowManager: makeSurface duration=2 leash=Surface(name=Surface(name=2dacdb InputMethod)/@0x929ba51 - animation-leash of insets_animation)/@0x73e9634
11-09 12:53:03.743 931 931 D SurfaceFlinger: Display 4633128672291735999 HWC layers:
11-09 12:53:03.743 931 931 D SurfaceFlinger: CLIENT | 0xb40000791743be50 | 0100 | RGBA_8888 | 630.0 0.0 1710.0 2340.0 | 0 0 1080 2340 | Wallpaper BBQ wrapper#15554
11-09 12:53:03.743 931 931 D SurfaceFlinger: CLIENT | 0xb40000791742f6d0 | 0100 | RGBA_8888 | 0.0 0.0 1080.0 2340.0 | 0 0 1080 2340 | com.sec.android.app.launcher/com.sec[...]herActivity$_532#18754 (blurRegions)
11-09 12:53:03.743 931 931 D SurfaceFlinger: CLIENT | 0xb400007917435a90 | 0100 | RGBA_8888 | 0.0 85.0 1080.0 2248.0 | 532 892 779 1386 | org.qtproject.example.vulkanunderqml[...]oid.bindings.QtActivity$_20959#18767
11-09 12:53:03.743 931 931 D SurfaceFlinger: CLIENT | 0xb40000791742bed0 | 0000 | RGBA_8888 | 0.0 85.0 1080.0 2248.0 | 532 892 779 1386 | SnapshotStartingWindow for taskId=291$_1695#18763
11-09 12:53:03.743 931 931 D SurfaceFlinger: DEVICE | 0xb40000791741bf50 | 0100 | RGBA_8888 | 0.0 0.0 1080.0 81.0 | 0 0 1080 81 | StatusBar$_1695#87
11-09 12:53:03.743 931 931 D SurfaceFlinger: DEVICE | 0xb400007917431f10 | 0100 | RGBA_8888 | 0.0 0.0 67.0 342.0 | 1013 438 1080 780 | com.samsung.android.app.cocktailbars[...]ervice.CocktailBarService$_641#1844
11-09 12:53:03.743 931 931 D SurfaceFlinger: 5
11-09 12:53:03.743 931 931 D SurfaceFlinger: DEVICE | 0xb40000791743ca90 | 0100 | RGBA_8888 | 0.0 0.0 1080.0 144.0 | 0 2196 1080 2340 | NavigationBar0$_1695#80
11-09 12:53:03.743 931 931 D SurfaceFlinger:
11-09 12:53:03.744 2280 2280 I HBD : a IC have been unbinding, RemoteInputConnection{idHash=#c3cde4d}
11-09 12:53:03.744 2280 2280 I HBD : HoneyBoardService [PF_CL][onFinishInput] 5 ms
11-09 12:53:03.745 20959 20992 I ViewRootImpl@cfafa96[QtActivity]: mWNT: t=0x795ab4a970 mBlastBufferQueue=0x799ab33b70 fn= 2 caller= android.view.ViewRootImpl.lambda$applyTransactionOnDraw$11$android-view-ViewRootImpl:12629 android.view.ViewRootImpl$$ExternalSyntheticLambda1.onFrameDraw:4 android.graphics.HardwareRenderer$FrameDrawingCallback.onFrameDraw:924
11-09 12:53:03.745 2280 2280 I HBD : HoneyBoardService [IMI] onStartInput - caller pid : 20959 , caller uid : 10402
11-09 12:53:03.745 2280 2280 I HBD : j updateConfigs
11-09 12:53:03.745 2280 2280 I HBD : j isEnabledNightMode : true
11-09 12:53:03.745 2280 2280 I HBD : a IC have been binding, RemoteInputConnection{idHash=#ce6e050}
11-09 12:53:03.745 2280 2280 I HBD : h [EditorInputType]setPrivateImeOptionsToTable privateImeOptions ( null )
11-09 12:53:03.745 2280 2280 I HBD : b incognitoMode : false
11-09 12:53:03.745 2280 2280 I HBD : a needOff = true , isForceOff = false, isNullInputClass : true
11-09 12:53:03.746 2280 2280 I HBD : h getDefaultInputRange : UNKNOWN
11-09 12:53:03.746 2280 2280 I HBD : h getDefaultInputRange : UNKNOWN
11-09 12:53:03.746 2280 2280 I HBD : h getDefaultInputRange : UNKNOWN
11-09 12:53:03.746 20959 20992 D BLASTBufferQueue: mergeWithNextTransaction, mNativeObject= 0x799ab33b70 t.mNativeObject= 0x795ab4a970 frameNumber= 2 caller= android.view.ViewRootImpl.mergeWithNextTransaction:12594 android.view.ViewRootImpl.lambda$applyTransactionOnDraw$11$android-view-ViewRootImpl:12629 android.view.ViewRootImpl$$ExternalSyntheticLambda1.onFrameDraw:4 android.graphics.HardwareRenderer$FrameDrawingCallback.onFrameDraw:924 android.view.ViewRootImpl$6.onFrameDraw:2053 android.view.ThreadedRenderer$1.onFrameDraw:777
11-09 12:53:03.747 20959 20992 I ViewRootImpl@cfafa96[QtActivity]: mWNT: t=0x795ab46a70 mBlastBufferQueue=0x799ab33b70 fn= 2 caller= android.view.ViewRootImpl.lambda$applyTransactionOnDraw$11$android-view-ViewRootImpl:12629 android.view.ViewRootImpl$$ExternalSyntheticLambda1.onFrameDraw:4 android.graphics.HardwareRenderer$FrameDrawingCallback.onFrameDraw:924
11-09 12:53:03.749 532 1354 I ViewRootImpl@846fa1[LauncherActivity]: mWNT: t=0xb40000795ab45630 mBlastBufferQueue=0xb40000799ab38030 fn= 73 caller= com.android.systemui.shared.launcher.ViewRootImplCompat.mergeWithNextTransaction:2 com.android.quickstep.util.SurfaceTransactionApplier.lambda$scheduleApply$0:2 com.android.quickstep.util.SurfaceTransactionApplier.b:0
11-09 12:53:03.749 20959 20992 D BLASTBufferQueue: mergeWithNextTransaction, mNativeObject= 0x799ab33b70 t.mNativeObject= 0x795ab46a70 frameNumber= 2 caller= android.view.ViewRootImpl.mergeWithNextTransaction:12594 android.view.ViewRootImpl.lambda$applyTransactionOnDraw$11$android-view-ViewRootImpl:12629 android.view.ViewRootImpl$$ExternalSyntheticLambda1.onFrameDraw:4 android.graphics.HardwareRenderer$FrameDrawingCallback.onFrameDraw:924 android.view.ViewRootImpl$6.onFrameDraw:2053 android.view.ThreadedRenderer$1.onFrameDraw:777
11-09 12:53:03.755 1268 4385 D InputMethodManagerService: isImeSwitcherDisabledPackage : false
11-09 12:53:03.756 1268 3103 I SemDvfsHyPerManager: acquire hyper - AMS_RESUME_TAIL/1268@22, type = -999
11-09 12:53:03.756 1268 3103 I SemDvfsHyPerManager: acquire hyper - AMS_ACT_LAZY/1268@23, type = -999
11-09 12:53:03.757 1268 3103 D ActivityManagerPerformance: AMP_acquire() TAIL
11-09 12:53:03.757 1268 3103 D ActivityManagerPerformance: AMP_release() APP_SWITCH
11-09 12:53:03.757 882 978 I HYPER-HAL: [RequestManager.cpp]acquire(): Acquired ID : 832717 [1268 / 22] HINT : AMS_RESUME_TAIL list :
11-09 12:53:03.757 882 978 I HYPER-HAL: [ResourceManager.cpp]removeResource(): [CPULittleMinFreq] RemoveResource Request ID : 837891
11-09 12:53:03.757 882 978 I HYPER-HAL: [RequestManager.cpp]releaseLocked(): Released ID : 837891
11-09 12:53:03.758 931 931 I Layer : id=18761 removeFromCurrentState Surface(name=2dacdb InputMethod)/@0x929ba51 - animation-leash of insets_animation#18761 (166)
11-09 12:53:03.758 931 931 I Layer : id=18772 removeFromCurrentState SurfaceView[org.qtproject.example.vulkanunderqmlapp/org.qtproject.qt.android.bindings.QtActivity]@0(BLAST)#18772 (166)
11-09 12:53:03.758 931 931 I Layer : id=18771 removeFromCurrentState SurfaceView[org.qtproject.example.vulkanunderqmlapp/org.qtproject.qt.android.bindings.QtActivity]@0#18771 (166)
11-09 12:53:03.758 931 931 I Layer : id=18773 removeFromCurrentState Background for SurfaceView[org.qtproject.example.vulkanunderqmlapp/org.qtproject.qt.android.bindings.QtActivity]@0#18773 (166)
11-09 12:53:03.758 931 931 I Layer : id=18773 removeFromCurrentState Background for SurfaceView[org.qtproject.example.vulkanunderqmlapp/org.qtproject.qt.android.bindings.QtActivity]@0#18773 (166)
11-09 12:53:03.764 2280 2280 I HBD : a needOff = true , isForceOff = false, isNullInputClass : true
11-09 12:53:03.764 931 1184 I SurfaceFlinger: id=18761 Removed Surface(name=2dacdb InputMethod)/@0x929ba51 - animation-leash of insets_animation#18761 (166)
11-09 12:53:03.765 532 1349 I ViewRootImpl@846fa1[LauncherActivity]: mWNT: t=0xb40000795ab57510 mBlastBufferQueue=0xb40000799ab38030 fn= 74 caller= com.android.systemui.shared.launcher.ViewRootImplCompat.mergeWithNextTransaction:2 com.android.quickstep.util.SurfaceTransactionApplier.lambda$scheduleApply$0:2 com.android.quickstep.util.SurfaceTransactionApplier.b:0
11-09 12:53:03.765 20959 20999 D BLASTBufferQueue: [SurfaceView[org.qtproject.example.vulkanunderqmlapp/org.qtproject.qt.android.bindings.QtActivity]@0#15](f:0,a:0) onFrameAvailable the first frame is available
11-09 12:53:03.765 2280 2280 I HBD : a update cached prediction status : false
11-09 12:53:03.765 2280 2280 I HBD : h getDefaultInputRange : UNKNOWN
11-09 12:53:03.765 2280 2280 I HBD : a currentState : 0
11-09 12:53:03.769 2280 2280 I HBD : h load selected json path : /data/data/com.samsung.android.honeyboard/files/selected.json
11-09 12:53:03.769 2280 2280 I HBD : h load selected json info : {"version":"4.1","currentLanguageOrder":0,"selected":[{"activeOptionList":["auto_replace","auto_spacing"],"engName":"Polish","id":3211264,"inputType":"qwerty","isUsed":true}]}
11-09 12:53:03.769 2280 2280 I HBD : a [UpdatePolicy] [post] a: 0 cl: 3211264 kit: [0/0] vt: 0 ir: 1
11-09 12:53:03.769 2280 2280 I HBD : a [NRIC] resetNoResponseState
11-09 12:53:03.769 2280 2280 I HBD : a needOff = true , isForceOff = false, isNullInputClass : true
11-09 12:53:03.769 2280 2280 I HBD : a update cached prediction status : false
11-09 12:53:03.771 931 931 I Layer : id=18761 Destroyed Surface(name=2dacdb InputMethod)/@0x929ba51 - animation-leash of insets_animation#18761
11-09 12:53:03.773 1268 1292 I system_server: Background concurrent copying GC freed 432724(19MB) AllocSpace objects, 220(4400KB) LOS objects, 21% free, 89MB/113MB, paused 676us,723us total 158.583ms
11-09 12:53:03.774 532 1354 I ViewRootImpl@846fa1[LauncherActivity]: mWNT: t=0xb40000795ab4f3b0 mBlastBufferQueue=0xb40000799ab38030 fn= 75 caller= com.android.systemui.shared.launcher.ViewRootImplCompat.mergeWithNextTransaction:2 com.android.quickstep.util.SurfaceTransactionApplier.lambda$scheduleApply$0:2 com.android.quickstep.util.SurfaceTransactionApplier.b:0
11-09 12:53:03.774 2280 2280 I HBD : HoneyBoardService [PF_OP][onStartInput] 29 ms
11-09 12:53:03.775 2280 2280 I InputMethodService: removeImeSurface
11-09 12:53:03.775 2280 2280 I MSHandlerLifeCycle: check: return. pkg=com.samsung.android.honeyboard isActivity=false callers=com.android.internal.policy.DecorView.setVisibility:4378 android.app.Dialog.hide:771 android.inputmethodservice.InputMethodService.removeImeSurface:1290 android.inputmethodservice.InputMethodService.scheduleImeSurfaceRemoval:1279 android.inputmethodservice.InputMethodService.-$$Nest$mscheduleImeSurfaceRemoval:0
11-09 12:53:03.775 2280 2280 I MSHandlerLifeCycle: removeMultiSplitHandler: no exist. decor=DecorView@8d0c459[InputMethod]
11-09 12:53:03.777 931 2480 I SurfaceFlinger: id=18772 Removed SurfaceView[org.qtproject.example.vulkanunderqmlapp/org.qtproject.qt.android.bindings.QtActivity]@0(BLAST)#18772 (165)
11-09 12:53:03.777 931 2480 I SurfaceFlinger: id=18771 Removed SurfaceView[org.qtproject.example.vulkanunderqmlapp/org.qtproject.qt.android.bindings.QtActivity]@0#18771 (165)
11-09 12:53:03.777 931 2480 I SurfaceFlinger: id=18773 Removed Background for SurfaceView[org.qtproject.example.vulkanunderqmlapp/org.qtproject.qt.android.bindings.QtActivity]@0#18773 (165)
11-09 12:53:03.781 1268 1952 D MdnieScenarioControlService: packageName : org.qtproject.example.vulkanunderqmlapp className : org.qtproject.qt.android.bindings.QtActivity
11-09 12:53:03.781 931 931 D SurfaceFlinger: Display 4633128672291735999 HWC layers:
11-09 12:53:03.781 931 931 D SurfaceFlinger: CLIENT | 0xb40000791743be50 | 0100 | RGBA_8888 | 630.0 0.0 1710.0 2340.0 | 0 0 1080 2340 | Wallpaper BBQ wrapper#15554
11-09 12:53:03.781 931 931 D SurfaceFlinger: CLIENT | 0xb40000791743b750 | 0100 | RGBA_8888 | 0.0 0.0 1080.0 2340.0 | 0 0 1080 2340 | com.sec.android.app.launcher/com.sec[...]herActivity$_532#18754 (blurRegions)
11-09 12:53:03.781 931 931 D SurfaceFlinger: CLIENT | 0xb400007917412fd0 | 0100 | RGBA_8888 | 0.0 0.0 1080.0 2115.0 | 345 607 884 1663 | SurfaceView[org.qtproject.example.vu[...].bindings.QtActivity]@0(BLAST)#18775
11-09 12:53:03.781 931 931 D SurfaceFlinger: CLIENT | 0xb40000791743a090 | 0100 | RGBA_8888 | 0.0 0.0 1080.0 2340.0 | 345 567 884 1735 | org.qtproject.example.vulkanunderqml[...]oid.bindings.QtActivity$_20959#18767
11-09 12:53:03.781 931 931 D SurfaceFlinger: CLIENT | 0xb40000791742bed0 | 0000 | RGBA_8888 | 0.0 0.0 1080.0 2340.0 | 345 567 884 1735 | SnapshotStartingWindow for taskId=291$_1695#18763
11-09 12:53:03.781 931 931 D SurfaceFlinger: DEVICE | 0xb40000791741bf50 | 0100 | RGBA_8888 | 0.0 0.0 1080.0 81.0 | 0 0 1080 81 | StatusBar$_1695#8
11-09 12:53:03.781 931 931 D SurfaceFlinger: 7
11-09 12:53:03.781 931 931 D SurfaceFlinger: DEVICE | 0xb400007917431f10 | 0100 | RGBA_8888 | 0.0 0.0 67.0 342.0 | 1013 438 1080 780 | com.samsung.android.app.cocktailbars[...]ervice.CocktailBarService$_641#18445
11-09 12:53:03.781 931 931 D SurfaceFlinger: DEVICE | 0xb40000791743ca90 | 0100 | RGBA_8888 | 0.0 0.0 1080.0 144.0 | 0 2196 1080 2340 | NavigationBar0$_1695#80
11-09 12:53:03.781 931 931 D SurfaceFlinger:
11-09 12:53:03.782 931 931 I Layer : id=18771 Destroyed SurfaceView[org.qtproject.example.vulkanunderqmlapp/org.qtproject.qt.android.bindings.QtActivity]@0#18771
11-09 12:53:03.782 931 931 I Layer : id=18772 Destroyed SurfaceView[org.qtproject.example.vulkanunderqmlapp/org.qtproject.qt.android.bindings.QtActivity]@0(BLAST)#18772
11-09 12:53:03.782 931 931 I Layer : id=18773 Destroyed Background for SurfaceView[org.qtproject.example.vulkanunderqmlapp/org.qtproject.qt.android.bindings.QtActivity]@0#18773
11-09 12:53:03.782 1268 1952 V MdnieScenarioControlService: setUIMode from UI function(3)
11-09 12:53:03.784 532 1349 I ViewRootImpl@846fa1[LauncherActivity]: mWNT: t=0xb40000795ab77f10 mBlastBufferQueue=0xb40000799ab38030 fn= 76 caller= com.android.systemui.shared.launcher.ViewRootImplCompat.mergeWithNextTransaction:2 com.android.quickstep.util.SurfaceTransactionApplier.lambda$scheduleApply$0:2 com.android.quickstep.util.SurfaceTransactionApplier.b:0
11-09 12:53:03.790 1268 1294 W System : A resource failed to call close.
11-09 12:53:03.793 1268 1294 W System : A resource failed to call HardwareBuffer.close.
11-09 12:53:03.794 532 1354 I ViewRootImpl@846fa1[LauncherActivity]: mWNT: t=0xb40000795ab81270 mBlastBufferQueue=0xb40000799ab38030 fn= 77 caller= com.android.systemui.shared.launcher.ViewRootImplCompat.mergeWithNextTransaction:2 com.android.quickstep.util.SurfaceTransactionApplier.lambda$scheduleApply$0:2 com.android.quickstep.util.SurfaceTransactionApplier.b:0
11-09 12:53:03.795 1268 2846 D FreecessController: com.google.android.gm(state: Initial -> Freezeable, Reason: uidIdle)
11-09 12:53:03.795 1268 2846 D FreecessController: com.whatsapp(state: Initial -> Freezeable, Reason: uidIdle)
11-09 12:53:03.801 1268 2753 I UMR : ReclaimerPolicyManager: update policy 0 -> 2
11-09 12:53:03.801 1268 2753 I UMR : KswapdReclaimer: suppress begin
11-09 12:53:03.803 532 1349 I ViewRootImpl@846fa1[LauncherActivity]: mWNT: t=0xb40000795ab532b0 mBlastBufferQueue=0xb40000799ab38030 fn= 78 caller= com.android.systemui.shared.launcher.ViewRootImplCompat.mergeWithNextTransaction:2 com.android.quickstep.util.SurfaceTransactionApplier.lambda$scheduleApply$0:2 com.android.quickstep.util.SurfaceTransactionApplier.b:0
11-09 12:53:03.806 1268 4328 D WindowManager: Starting window removed Window{61adff8 u0 SnapshotStartingWindow for taskId=291}
11-09 12:53:03.806 1268 4328 I WindowManager: Reparenting to leash, surface=Surface(name=61adff8 SnapshotStartingWindow for taskId=291)/@0xda3c8a6, leashParent=Surface(name=ActivityRecord{2444f07 u0 org.qtproject.example.vulkanunderqmlapp/org.qtproject.qt.android.bindings.QtActivity})/@0xce39dd5
11-09 12:53:03.807 931 2480 I SurfaceFlinger: id=18778 createSurf flag=24000, Surface(name=61adff8 SnapshotStartingWindow for taskId=291)/@0xda3c8a6 - animation-leash of window_animation#18778
11-09 12:53:03.807 1268 4328 D WindowManager: makeSurface duration=0 leash=Surface(name=Surface(name=61adff8 SnapshotStartingWindow for taskId=291)/@0xda3c8a6 - animation-leash of window_animation)/@0xc4332e7
11-09 12:53:03.813 532 1354 I ViewRootImpl@846fa1[LauncherActivity]: mWNT: t=0xb40000795ab706b0 mBlastBufferQueue=0xb40000799ab38030 fn= 79 caller= com.android.systemui.shared.launcher.ViewRootImplCompat.mergeWithNextTransaction:2 com.android.quickstep.util.SurfaceTransactionApplier.lambda$scheduleApply$0:2 com.android.quickstep.util.SurfaceTransactionApplier.b:0
11-09 12:53:03.826 532 1349 I ViewRootImpl@846fa1[LauncherActivity]: mWNT: t=0xb40000795ab63d50 mBlastBufferQueue=0xb40000799ab38030 fn= 80 caller= com.android.systemui.shared.launcher.ViewRootImplCompat.mergeWithNextTransaction:2 com.android.quickstep.util.SurfaceTransactionApplier.lambda$scheduleApply$0:2 com.android.quickstep.util.SurfaceTransactionApplier.b:0
11-09 12:53:03.837 1268 1268 I GestureDetector: handleMessage TAP
11-09 12:53:03.838 1268 1331 I GestureDetector: handleMessage TAP
11-09 12:53:03.838 532 1354 I ViewRootImpl@846fa1[LauncherActivity]: mWNT: t=0xb40000795ab70d70 mBlastBufferQueue=0xb40000799ab38030 fn= 81 caller= com.android.systemui.shared.launcher.ViewRootImplCompat.mergeWithNextTransaction:2 com.android.quickstep.util.SurfaceTransactionApplier.lambda$scheduleApply$0:2 com.android.quickstep.util.SurfaceTransactionApplier.b:0
11-09 12:53:03.852 532 1349 I ViewRootImpl@846fa1[LauncherActivity]: mWNT: t=0xb40000795ab5f550 mBlastBufferQueue=0xb40000799ab38030 fn= 82 caller= com.android.systemui.shared.launcher.ViewRootImplCompat.mergeWithNextTransaction:2 com.android.quickstep.util.SurfaceTransactionApplier.lambda$scheduleApply$0:2 com.android.quickstep.util.SurfaceTransactionApplier.b:0
11-09 12:53:03.862 532 1354 I ViewRootImpl@846fa1[LauncherActivity]: mWNT: t=0xb40000795ab630f0 mBlastBufferQueue=0xb40000799ab38030 fn= 83 caller= com.android.systemui.shared.launcher.ViewRootImplCompat.mergeWithNextTransaction:2 com.android.quickstep.util.SurfaceTransactionApplier.lambda$scheduleApply$0:2 com.android.quickstep.util.SurfaceTransactionApplier.b:0
11-09 12:53:03.867 1268 1334 I WindowManager: Reparenting to original parent: Surface(name=ActivityRecord{2444f07 u0 org.qtproject.example.vulkanunderqmlapp/org.qtproject.qt.android.bindings.QtActivity})/@0xce39dd5, destroy=true, surface=Surface(name=61adff8 SnapshotStartingWindow for taskId=291)/@0xda3c8a6
11-09 12:53:03.867 1268 1334 E WindowManager: win=Window{61adff8 u0 SnapshotStartingWindow for taskId=291 EXITING} destroySurfaces: appStopped=false cleanupOnResume=false win.mWindowRemovalAllowed=true win.mRemoveOnExit=true win.mViewVisibility=0 caller=com.android.server.wm.WindowState.onExitAnimationDone:5917 com.android.server.wm.WindowStateAnimator.onAnimationFinished:220 com.android.server.wm.WindowState.onAnimationFinished:6142 com.android.server.wm.WindowContainer$$ExternalSyntheticLambda4.onAnimationFinished:2 com.android.server.wm.SurfaceAnimator.lambda$getFinishedCallback$0:140 com.android.server.wm.SurfaceAnimator.$r8$lambda$lRxTVOJy8fX752UbrFno9INW9hE:0 com.android.server.wm.SurfaceAnimator$$ExternalSyntheticLambda1.run:8
11-09 12:53:03.867 1268 1334 I WindowManager: Destroying surface Surface(name=SnapshotStartingWindow for taskId=291$_1695)/@0x6b3c932 called by com.android.server.wm.WindowStateAnimator.destroySurface:907 com.android.server.wm.WindowStateAnimator.destroySurfaceLocked:519 com.android.server.wm.WindowState.destroySurfaceUnchecked:4253 com.android.server.wm.WindowState.destroySurface:4227 com.android.server.wm.WindowState.onExitAnimationDone:5917 com.android.server.wm.WindowStateAnimator.onAnimationFinished:220 com.android.server.wm.WindowState.onAnimationFinished:6142 com.android.server.wm.WindowContainer$$ExternalSyntheticLambda4.onAnimationFinished:2
11-09 12:53:03.877 931 931 I Layer : id=18763 removeFromCurrentState SnapshotStartingWindow for taskId=291$_1695#18763 (163)
11-09 12:53:03.877 931 931 I Layer : id=18762 removeFromCurrentState 61adff8 SnapshotStartingWindow for taskId=291#18762 (163)
11-09 12:53:03.877 931 931 I Layer : id=18778 removeFromCurrentState Surface(name=61adff8 SnapshotStartingWindow for taskId=291)/@0xda3c8a6 - animation-leash of window_animation#18778 (163)
11-09 12:53:03.877 931 931 I Layer : Layer [SnapshotStartingWindow for taskId=291$_1695#18763] hidden!! flag(1)
11-09 12:53:03.877 931 931 I SurfaceFlinger: id=18762 Removed 61adff8 SnapshotStartingWindow for taskId=291#18762 (163)
11-09 12:53:03.877 931 931 I SurfaceFlinger: id=18763 Removed SnapshotStartingWindow for taskId=291$_1695#18763 (163)
11-09 12:53:03.877 532 1349 I ViewRootImpl@846fa1[LauncherActivity]: mWNT: t=0xb40000795ab51c30 mBlastBufferQueue=0xb40000799ab38030 fn= 84 caller= com.android.systemui.shared.launcher.ViewRootImplCompat.mergeWithNextTransaction:2 com.android.quickstep.util.SurfaceTransactionApplier.lambda$scheduleApply$0:2 com.android.quickstep.util.SurfaceTransactionApplier.b:0
11-09 12:53:03.877 931 931 I SurfaceFlinger: id=18778 Removed Surface(name=61adff8 SnapshotStartingWindow for taskId=291)/@0xda3c8a6 - animation-leash of window_animation#18778 (163)
11-09 12:53:03.877 931 931 I Layer : id=18778 Destroyed Surface(name=61adff8 SnapshotStartingWindow for taskId=291)/@0xda3c8a6 - animation-leash of window_animation#18778
11-09 12:53:03.877 931 931 I Layer : id=18762 Destroyed 61adff8 SnapshotStartingWindow for taskId=291#18762
11-09 12:53:03.879 931 931 I Layer : id=18763 Destroyed SnapshotStartingWindow for taskId=291$_1695#18763
11-09 12:53:03.882 1268 1952 V MdnieScenarioControlService: mAclOffEnabled : false mAclPreviewState : false mAclCompensationState : false
11-09 12:53:03.886 1222 1222 D BoundBrokerSvc: onUnbind: Intent { act=com.google.android.gms.auth.api.phone.service.InternalService.START dat=chimera-action:/... cmp=com.google.android.gms/.chimera.GmsInternalApiService }
11-09 12:53:03.890 931 931 D SurfaceFlinger: Display 4633128672291735999 HWC layers:
11-09 12:53:03.890 931 931 D SurfaceFlinger: CLIENT | 0xb40000791743be50 | 0100 | RGBA_8888 | 630.0 0.0 1710.0 2340.0 | 0 0 1080 2340 | Wallpaper BBQ wrapper#15554
11-09 12:53:03.890 931 931 D SurfaceFlinger: CLIENT | 0xb40000791742f6d0 | 0100 | RGBA_8888 | 0.0 0.0 1080.0 2340.0 | 0 0 1080 2340 | com.sec.android.app.launcher/com.sec[...]herActivity$_532#18754 (blurRegions)
11-09 12:53:03.890 931 931 D SurfaceFlinger: CLIENT | 0xb40000791743f110 | 0100 | RGBA_8888 | 0.0 0.0 1080.0 2115.0 | 66 181 1043 2094 | SurfaceView[org.qtproject.example.vu[...].bindings.QtActivity]@0(BLAST)#18775
11-09 12:53:03.890 931 931 D SurfaceFlinger: CLIENT | 0xb40000791743a090 | 0100 | RGBA_8888 | 0.0 0.0 1080.0 2340.0 | 66 108 1043 2224 | org.qtproject.example.vulkanunderqml[...]oid.bindings.QtActivity$_20959#18767
11-09 12:53:03.890 931 931 D SurfaceFlinger: DEVICE | 0xb40000791741bf50 | 0100 | RGBA_8888 | 0.0 0.0 1080.0 81.0 | 0 0 1080 81 | StatusBar$_1695#87
11-09 12:53:03.890 931 931 D SurfaceFlinger: DEVICE | 0xb400007917431f10 | 0100 | RGBA_8888 | 0.0 0.0 67.0 342.0 | 1013 438 1080 780 | com.samsung.android.app.cocktailbars[...]ervice.
11-09 12:53:03.890 931 931 D SurfaceFlinger: CocktailBarService$_641#18445
11-09 12:53:03.890 931 931 D SurfaceFlinger: DEVICE | 0xb40000791743ca90 | 0100 | RGBA_8888 | 0.0 0.0 1080.0 144.0 | 0 2196 1080 2340 | NavigationBar0$_1695#80
11-09 12:53:03.890 931 931 D SurfaceFlinger:
11-09 12:53:03.891 532 1354 I ViewRootImpl@846fa1[LauncherActivity]: mWNT: t=0xb40000795ab68430 mBlastBufferQueue=0xb40000799ab38030 fn= 85 caller= com.android.systemui.shared.launcher.ViewRootImplCompat.mergeWithNextTransaction:2 com.android.quickstep.util.SurfaceTransactionApplier.lambda$scheduleApply$0:2 com.android.quickstep.util.SurfaceTransactionApplier.b:0
11-09 12:53:03.903 532 1349 I ViewRootImpl@846fa1[LauncherActivity]: mWNT: t=0xb40000795ab3f8d0 mBlastBufferQueue=0xb40000799ab38030 fn= 86 caller= com.android.systemui.shared.launcher.ViewRootImplCompat.mergeWithNextTransaction:2 com.android.quickstep.util.SurfaceTransactionApplier.lambda$scheduleApply$0:2 com.android.quickstep.util.SurfaceTransactionApplier.b:0
11-09 12:53:03.915 532 1354 I ViewRootImpl@846fa1[LauncherActivity]: mWNT: t=0xb40000795ab55b30 mBlastBufferQueue=0xb40000799ab38030 fn= 87 caller= com.android.systemui.shared.launcher.ViewRootImplCompat.mergeWithNextTransaction:2 com.android.quickstep.util.SurfaceTransactionApplier.lambda$scheduleApply$0:2 com.android.quickstep.util.SurfaceTransactionApplier.b:0
11-09 12:53:03.927 532 1349 I ViewRootImpl@846fa1[LauncherActivity]: mWNT: t=0xb40000795ab86370 mBlastBufferQueue=0xb40000799ab38030 fn= 88 caller= com.android.systemui.shared.launcher.ViewRootImplCompat.mergeWithNextTransaction:2 com.android.quickstep.util.SurfaceTransactionApplier.lambda$scheduleApply$0:2 com.android.quickstep.util.SurfaceTransactionApplier.b:0
11-09 12:53:03.941 532 1354 I ViewRootImpl@846fa1[LauncherActivity]: mWNT: t=0xb40000795ab69bd0 mBlastBufferQueue=0xb40000799ab38030 fn= 89 caller= com.android.systemui.shared.launcher.ViewRootImplCompat.mergeWithNextTransaction:2 com.android.quickstep.util.SurfaceTransactionApplier.lambda$scheduleApply$0:2 com.android.quickstep.util.SurfaceTransactionApplier.b:0
11-09 12:53:03.941 641 641 I Utils : isCurrentUser current = 0, ownerId = 0
11-09 12:53:03.942 641 641 I TrayVisibilityController: getComputedTrayVisible : keyguardState = 1
11-09 12:53:03.942 641 641 I TrayVisibilityController: updateTrayVisible: State=1 visible=1 mCurrentVisible=1 specificMode=0
11-09 12:53:03.942 641 641 I TrayStateController: onNotifyUpdateTray: state=0
11-09 12:53:03.951 532 1349 I ViewRootImpl@846fa1[LauncherActivity]: mWNT: t=0xb40000795ab26190 mBlastBufferQueue=0xb40000799ab38030 fn= 90 caller= com.android.systemui.shared.launcher.ViewRootImplCompat.mergeWithNextTransaction:2 com.android.quickstep.util.SurfaceTransactionApplier.lambda$scheduleApply$0:2 com.android.quickstep.util.SurfaceTransactionApplier.b:0
11-09 12:53:03.960 532 1354 I ViewRootImpl@846fa1[LauncherActivity]: mWNT: t=0xb40000795ab45090 mBlastBufferQueue=0xb40000799ab38030 fn= 91 caller= com.android.systemui.shared.launcher.ViewRootImplCompat.mergeWithNextTransaction:2 com.android.quickstep.util.SurfaceTransactionApplier.lambda$scheduleApply$0:2 com.android.quickstep.util.SurfaceTransactionApplier.b:0
11-09 12:53:03.970 532 1349 I ViewRootImpl@846fa1[LauncherActivity]: mWNT: t=0xb40000795ab65070 mBlastBufferQueue=0xb40000799ab38030 fn= 92 caller= com.android.systemui.shared.launcher.ViewRootImplCompat.mergeWithNextTransaction:2 com.android.quickstep.util.SurfaceTransactionApplier.lambda$scheduleApply$0:2 com.android.quickstep.util.SurfaceTransactionApplier.b:0
11-09 12:53:03.983 532 1354 I ViewRootImpl@846fa1[LauncherActivity]: mWNT: t=0xb40000795ab693f0 mBlastBufferQueue=0xb40000799ab38030 fn= 93 caller= com.android.systemui.shared.launcher.ViewRootImplCompat.mergeWithNextTransaction:2 com.android.quickstep.util.SurfaceTransactionApplier.lambda$scheduleApply$0:2 com.android.quickstep.util.SurfaceTransactionApplier.b:0
11-09 12:53:03.994 532 1349 I ViewRootImpl@846fa1[LauncherActivity]: mWNT: t=0xb40000795ab66810 mBlastBufferQueue=0xb40000799ab38030 fn= 94 caller= com.android.systemui.shared.launcher.ViewRootImplCompat.mergeWithNextTransaction:2 com.android.quickstep.util.SurfaceTransactionApplier.lambda$scheduleApply$0:2 com.android.quickstep.util.SurfaceTransactionApplier.b:0
11-09 12:53:04.005 532 1354 I ViewRootImpl@846fa1[LauncherActivity]: mWNT: t=0xb40000795ab62a30 mBlastBufferQueue=0xb40000799ab38030 fn= 95 caller= com.android.systemui.shared.launcher.ViewRootImplCompat.mergeWithNextTransaction:2 com.android.quickstep.util.SurfaceTransactionApplier.lambda$scheduleApply$0:2 com.android.quickstep.util.SurfaceTransactionApplier.b:0
11-09 12:53:04.006 532 532 W AppTransitionAnimatorImpl: onAnimationEnd - APP IN, Execution time for each frame : Start-(12)-2-(6)-1-(8)-0-(9)-0-(8)-0-(8)-1-(10)-0-(15)-1-(10)-1-(17)-1-(17)-4-(6)-1-(8)-1-(10)-0-(10)-1-(7)-0-(14)-1-(11)-1-(13)-0-(10)-0-(15)-0-(14)-1-(11)-1-(11)-0-(12)-0-(14)-0-(10)-1-(8)-1-(9)-1-(12)-0-(11)-0-(11)-1-End
11-09 12:53:04.006 532 532 I AnimationResult: AnimationResult finish : onAnimationEnd
11-09 12:53:04.006 532 532 I AnimationResult: finish : false, com.android.launcher3.g@f762e4a
11-09 12:53:04.006 532 712 I AnimationResult: finish callback : com.android.launcher3.g@f762e4a
11-09 12:53:04.007 1268 4385 D WindowManager: app-onAnimationFinished(): mOuter=RemoteAnimationController@1be7496
11-09 12:53:04.007 1268 4385 D WindowManager: onAnimationFinished(RemoteAnimationController@1be7496): mPendingAnimations=2, caller=
11-09 12:53:04.007 1268 4385 D WindowManager: app-release(): mOuter=RemoteAnimationController@1be7496
11-09 12:53:04.007 1268 4385 D WindowManager: onAnimationFinished(): Notify animation finished:
11-09 12:53:04.007 1268 4385 I WindowManager: Reparenting to original parent: Surface(name=DefaultTaskDisplayArea)/@0x1a3ddd0, destroy=true, surface=Surface(name=Task=291)/@0xc22feef
11-09 12:53:04.007 1268 4385 D WindowManager: container=Task{355f4d0 #291 type=standard A=10402:org.qtproject.example.vulkanunderqmlapp U=0 visible=true visibleRequested=true mode=fullscreen translucent=false sz=1}
11-09 12:53:04.007 1268 4385 I WindowManager: Reparenting to original parent: Surface(name=DefaultTaskDisplayArea)/@0x1a3ddd0, destroy=true, surface=Surface(name=Task=1)/@0xa0c1993
11-09 12:53:04.008 1268 4385 V WindowManager: Setting visibility of Window{86ce6f5 u0 com.sec.android.app.launcher/com.sec.android.app.launcher.activities.LauncherActivity}: false, caller=com.android.server.wm.WindowContainer.sendAppVisibilityToClients:1236 com.android.server.wm.WindowToken.setClientVisible:431 com.android.server.wm.ActivityRecord.setClientVisible:7565 com.android.server.wm.ActivityRecord.onAnimationFinished:8423 com.android.server.wm.WindowContainer.doAnimationFinished:3446
11-09 12:53:04.008 1268 4385 D WindowManager: container=Task{5500377 #1 type=home ?? U=0 visible=false visibleRequested=false mode=fullscreen translucent=true sz=1}
11-09 12:53:04.008 1268 4385 I WindowManager: Reparenting to original parent: Surface(name=Leaf:0:1)/@0x3106fc, destroy=true, surface=Surface(name=WallpaperWindowToken{afc033f token=android.os.Binder@c480499})/@0xbbe1950
11-09 12:53:04.008 1268 4385 D WindowManager: wallpaper=WallpaperWindowToken{afc033f token=android.os.Binder@c480499}
11-09 12:53:04.008 1268 4385 I WindowManager: Finishing remote animation
11-09 12:53:04.008 1268 1334 V WindowManager: Setting visibility of Window{bf32ca u0 com.android.systemui.ImageWallpaper}: false, caller=com.android.server.wm.WindowContainer.sendAppVisibilityToClients:1236 com.android.server.wm.WindowToken.setClientVisible:431 com.android.server.wm.WallpaperWindowToken.setVisible:160 com.android.server.wm.WallpaperWindowToken.updateWallpaperWindows:154 com.android.server.wm.WallpaperController.updateWallpaperTokens:674
11-09 12:53:04.008 1695 2867 D WallpaperService: dispatchAppVisibility onVisibilityChanged(): false
11-09 12:53:04.009 1695 1695 D WallpaperService: reportVisibility onVisibilityChanged visible: false
11-09 12:53:04.009 1695 2042 I ImageWallpaper[GLEngine]: onVisibilityChanged false , 0
11-09 12:53:04.011 1268 1333 I ActivityManager: Changes in 10141 2 to 5, 15 to 8
11-09 12:53:04.012 1268 1333 I AppOps : updateUidProcState uid: 10244 procState: 5 capability:15
11-09 12:53:04.012 1268 1333 D PowerManagerService: [api] setScreenDimDurationOverrideFromWindowManagerInternal: timeoutMillis: -1
11-09 12:53:04.012 914 13865 V APM_AudioPolicyManager: setAppState(portId:400, state:2)
11-09 12:53:04.013 914 13865 V APM_AudioPolicyManager: setAppState(portId:400, state:2)
11-09 12:53:04.013 914 13865 V APM_AudioPolicyManager: setAppState(portId:400, state:2)
11-09 12:53:04.018 931 931 I Layer : id=18765 removeFromCurrentState Surface(name=Task=291)/@0xc22feef - animation-leash of app_transition#18765 (160)
11-09 12:53:04.018 931 931 I Layer : id=18766 removeFromCurrentState Surface(name=WallpaperWindowToken{afc033f token=android.os.Binder@c480499})/@0xbbe1950 - animation-leash of window_animation#18766 (160)
11-09 12:53:04.018 931 931 I Layer : id=15551 removeFromCurrentState WallpaperWindowToken{afc033f token=android.os.Binder@c480499}#15551 (160)
11-09 12:53:04.018 931 931 I Layer : id=15552 removeFromCurrentState bf32ca com.android.systemui.ImageWallpaper#15552 (160)
11-09 12:53:04.018 931 931 I Layer : id=15553 removeFromCurrentState com.android.systemui.ImageWallpaper$_1695#15553 (160)
11-09 12:53:04.018 931 931 I Layer : id=15554 removeFromCurrentState Wallpaper BBQ wrapper#15554 (160)
11-09 12:53:04.018 931 931 I Layer : id=15551 addToCurrentState WallpaperWindowToken{afc033f token=android.os.Binder@c480499}#15551 (160)
11-09 12:53:04.018 931 931 I Layer : id=15552 addToCurrentState bf32ca com.android.systemui.ImageWallpaper#15552 (160)
11-09 12:53:04.018 931 931 I Layer : id=15553 addToCurrentState com.android.systemui.ImageWallpaper$_1695#15553 (160)
11-09 12:53:04.018 931 931 I Layer : id=15554 addToCurrentState Wallpaper BBQ wrapper#15554 (160)
11-09 12:53:04.018 931 931 I Layer : id=18764 removeFromCurrentState Surface(name=Task=1)/@0xa0c1993 - animation-leash of app_transition#18764 (160)
11-09 12:53:04.018 931 931 I Layer : Layer [com.sec.android.app.launcher/com.sec.android.app.launcher.activities.LauncherActivity$_532#18754] hidden!! flag(1)
11-09 12:53:04.020 532 1349 I ViewRootImpl@846fa1[LauncherActivity]: mWNT: t=0xb40000795ab80a90 mBlastBufferQueue=0xb40000799ab38030 fn= 96 caller= com.android.systemui.shared.launcher.ViewRootImplCompat.mergeWithNextTransaction:2 com.android.quickstep.util.SurfaceTransactionApplier.lambda$scheduleApply$0:2 com.android.quickstep.util.SurfaceTransactionApplier.b:0
11-09 12:53:04.020 532 532 I AppTransitionAnimatorImpl: resetContentView
11-09 12:53:04.020 532 532 I ViewRootImpl@846fa1[LauncherActivity]: handleAppVisibility mAppVisible = true visible = false
11-09 12:53:04.026 931 931 D SurfaceFlinger: Display 4633128672291735999 HWC layers:
11-09 12:53:04.026 931 931 D SurfaceFlinger: DEVICE | 0xb40000791743f110 | 0100 | RGBA_8888 | 0.0 0.0 1080.0 2115.0 | 0 81 1080 2196 | SurfaceView[org.qtproject.example.vu[...].bindings.QtActivity]@0(BLAST)#18775
11-09 12:53:04.026 931 931 D SurfaceFlinger: DEVICE | 0xb40000791743a090 | 0100 | RGBA_8888 | 0.0 0.0 1080.0 2340.0 | 0 0 1080 2340 | org.qtproject.example.vulkanunderqml[...]oid.bindings.QtActivity$_20959#18767
11-09 12:53:04.026 931 931 D SurfaceFlinger: DEVICE | 0xb40000791741bf50 | 0100 | RGBA_8888 | 0.0 0.0 1080.0 81.0 | 0 0 1080 81 | StatusBar$_1695#87
11-09 12:53:04.026 931 931 D SurfaceFlinger: DEVICE | 0xb400007917431f10 | 0100 | RGBA_8888 | 0.0 0.0 67.0 342.0 | 1013 438 1080 780 | com.samsung.android.app.cocktailbars[...]ervice.CocktailBarService$_641#18445
11-09 12:53:04.026 931 931 D SurfaceFlinger: DEVICE | 0xb40000791743ca90 | 0100 | RGBA_8888 | 0.0 0.0 1080.0 144.0 | 0 2196 1080 2340 | NavigationBar0$_1695#80
11-09 12:53:04.026 931 931 D SurfaceFlinger:
11-09 12:53:04.030 1268 4385 V WindowManager: Relayout Window{86ce6f5 u0 com.sec.android.app.launcher/com.sec.android.app.launcher.activities.LauncherActivity}: viewVisibility=8 req=1080x2340 d0
11-09 12:53:04.032 1268 4385 V WindowManager: Relayout hash=86ce6f5, pid=532, syncId=-1: mAttrs={(0,0)(fillxfill) sim={adjust=nothing} layoutInDisplayCutoutMode=shortEdges ty=BASE_APPLICATION fmt=TRANSPARENT wanim=0x10302f4
11-09 12:53:04.032 1268 4385 V WindowManager: fl=81910100
11-09 12:53:04.032 1268 4385 V WindowManager: pfl=1e020040
11-09 12:53:04.032 1268 4385 V WindowManager: vsysui=1700
11-09 12:53:04.032 1268 4385 V WindowManager: bhv=SHOW_TRANSIENT_BARS_BY_SWIPE
11-09 12:53:04.032 1268 4385 V WindowManager: fitSides= screenDimDuration=200000 naviIconColor=0}
