11-09 12:52:41.215 2500 2539 I [+0100]oneconnect[1.8.09.23_01][BEACON_MANAGER_CONTROL_SERVICE]: BleParserForVD.parseTvPacket - (Extention)|name:($)-[(11)|deviceType:UNKNOWN|discoverType:_BLE|services:None|connected:false[Type]6[Index]0[MNID]0AJK[SETUPID]101[TvStatusString]EXTENSION[TvStatus]32[TvService]97[TvMirrorChannel]0[TvRegisteredDB]null[TvYear]2017[TvOcfInfo]7[TvAcmStatus]0[ExTvStatus]0
11-09 12:52:41.216 2500 2539 I [+0100]oneconnect[1.8.09.23_01][BEACON_MANAGER_CONTROL_SERVICE]: TvOcfParser.onReceive - TV Popup Onboarding is skept - ($)
11-09 12:52:41.323 1961 2111 D BtGatt.GattService: onScanResult to scannerId: 4- eventType=0x1b, addressType=1, address=C11662_3, primaryPhy=1, secondaryPhy=0, advertisingSid=0xff, txPower=127, rssi=-37, periodicAdvInt=0x0
11-09 12:52:41.726 868 868 I android.hardware.health@2.1-service-samsung: updateLrpSysfs: write: 317
11-09 12:52:41.914 868 894 E BatteryDump: !@new_battery_dump : 4116,0,2300,3150,84,308,305,309,308,0,318,Not-charging,Normal,Good,PDIC,0,Normal,0,0,9600,0x108000,0x1010000,0x0,21,4118,8496,1000,
11-09 12:52:42.251 1268 2753 I UMR : ReclaimerPolicyManager: update policy 0 -> 2
11-09 12:52:42.251 1268 2753 I UMR : KswapdReclaimer: suppress begin
11-09 12:52:42.818 1095 16038 D BufferPoolAccessor2.0: bufferpool2 0xb40000751efe2a98 : 2(48000 size) total buffers - 1(24000 size) used buffers - 7028830/7028889 (recycle/alloc) - 28/1757222 (fetch/transfer)
11-09 12:52:42.892 28411 28509 D SemCarrierFeature: [get] phoneId should be 0 or 1
11-09 12:52:42.893 28411 28509 D SemCarrierFeature: [get] phoneId should be 0 or 1
11-09 12:52:42.898 28411 28522 D SemCarrierFeature: [get] phoneId should be 0 or 1
11-09 12:52:42.898 28411 28522 D SemCarrierFeature: [get] phoneId should be 0 or 1
11-09 12:52:42.898 28411 28522 D SemCarrierFeature: [get] phoneId should be 0 or 1
11-09 12:52:42.898 28411 28522 D SemCarrierFeature: [get] phoneId should be 0 or 1
11-09 12:52:42.898 28411 28522 D SemCarrierFeature: [get] phoneId should be 0 or 1
11-09 12:52:42.898 28411 28522 D SemCarrierFeature: [get] phoneId should be 0 or 1
11-09 12:52:42.898 28411 28522 D SemCarrierFeature: [get] phoneId should be 0 or 1
11-09 12:52:42.898 28411 28522 D SemCarrierFeature: [get] phoneId should be 0 or 1
11-09 12:52:42.899 28411 28522 D SemCarrierFeature: [get] phoneId should be 0 or 1
11-09 12:52:42.899 28411 28522 D SemCarrierFeature: [get] phoneId should be 0 or 1
11-09 12:52:42.899 28411 28522 D SemCarrierFeature: [get] phoneId should be 0 or 1
11-09 12:52:42.899 28411 28522 D SemCarrierFeature: [get] phoneId should be 0 or 1
11-09 12:52:42.899 28411 28522 D SemCarrierFeature: [get] phoneId should be 0 or 1
11-09 12:52:42.899 28411 28522 D SemCarrierFeature: [get] phoneId should be 0 or 1
11-09 12:52:42.899 28411 28522 D SemCarrierFeature: [get] phoneId should be 0 or 1
11-09 12:52:42.899 28411 28522 D SemCarrierFeature: [get] phoneId should be 0 or 1
11-09 12:52:42.899 28411 28522 D SemCarrierFeature: [get] phoneId should be 0 or 1
11-09 12:52:42.899 28411 28509 I Bugle : BugleStartup: Registering SIM change receiver...
11-09 12:52:42.900 28411 28509 D SemCarrierFeature: [get] phoneId should be 0 or 1
11-09 12:52:42.900 28411 28509 I Bugle : BugleStartup: Updating app config...
11-09 12:52:42.903 1268 4352 D PackageManager: setEnabledSetting : userId = 0 packageName = com.google.android.apps.messaging cmp = com.google.android.apps.messaging.shared.receiver.SmsReceiver newState = 2 callingPackage = 10242/com.google.android.apps.messaging
11-09 12:52:42.907 1268 4352 D PackageManager: setEnabledSetting : userId = 0 packageName = com.google.android.apps.messaging cmp = com.google.android.apps.messaging.shared.receiver.TelephonyChangeReceiver newState = 1 callingPackage = 10242/com.google.android.apps.messaging
11-09 12:52:42.907 1268 4352 D ApplicationPolicy: getApplicationStateEnabled : pkg = com.google.android.apps.messaging userId : 0
11-09 12:52:42.911 1268 4352 D ApplicationPolicy: getApplicationComponentState : pkg = com.google.android.apps.messaging userId : 0
11-09 12:52:42.912 1268 4352 D PackageManager: setEnabledSetting : userId = 0 packageName = com.google.android.apps.messaging cmp = com.google.android.apps.messaging.shared.receiver.DefaultSmsPackageChangedReceiver newState = 1 callingPackage = 10242/com.google.android.apps.messaging
11-09 12:52:42.913 1268 4352 D ApplicationPolicy: getApplicationStateEnabled : pkg = com.google.android.apps.messaging userId : 0
11-09 12:52:42.913 1268 4352 D ApplicationPolicy: getApplicationComponentState : pkg = com.google.android.apps.messaging userId : 0
11-09 12:52:42.914 1268 4352 D PackageManager: setEnabledSetting : userId = 0 packageName = com.google.android.apps.messaging cmp = com.google.android.apps.messaging.shared.receiver.RestoreReceiver newState = 1 callingPackage = 10242/com.google.android.apps.messaging
11-09 12:52:42.914 1268 4352 D ApplicationPolicy: getApplicationStateEnabled : pkg = com.google.android.apps.messaging userId : 0
11-09 12:52:42.914 1268 4352 D ApplicationPolicy: getApplicationComponentState : pkg = com.google.android.apps.messaging userId : 0
11-09 12:52:42.915 1268 4352 D PackageManager: setEnabledSetting : userId = 0 packageName = com.google.android.apps.messaging cmp = com.google.android.apps.messaging.shared.receiver.SmsRejectedReceiver newState = 2 callingPackage = 10242/com.google.android.apps.messaging
11-09 12:52:42.917 1268 4352 D PackageManager: setEnabledSetting : userId = 0 packageName = com.google.android.apps.messaging cmp = com.google.android.apps.messaging.ui.conversationlist.VideoShareIntentActivity newState = 1 callingPackage = 10242/com.google.android.apps.messaging
11-09 12:52:42.917 1268 4352 D ApplicationPolicy: getApplicationStateEnabled : pkg = com.google.android.apps.messaging userId : 0
11-09 12:52:42.918 1268 4352 D ApplicationPolicy: getApplicationComponentState : pkg = com.google.android.apps.messaging userId : 0
11-09 12:52:42.918 28411 28509 I Bugle : BugleStartup: Done with SIM change receiver & app config.
11-09 12:52:42.918 28411 28509 I Bugle : BugleStartup: Handling shared prefs upgrade & Load MMS Configuration...
11-09 12:52:42.920 28411 28475 D SemCarrierFeature: [get] phoneId should be 0 or 1
11-09 12:52:42.961 28411 28522 I BugleDataModel: ActionExecutorImpl: Timestamp for ACTION_EXECUTE_QUEUED_CountryCodeDetectorAction elapsedRealTime: 259379717 currentTimeMillis: 1699530762961
11-09 12:52:42.964 28411 28497 I BugleDataModel: ActionExecutorImpl: Timestamp for ACTION_BACKGROUND_QUEUED_CountryCodeDetectorAction elapsedRealTime: 259379720 currentTimeMillis: 1699530762964
11-09 12:52:42.966 28411 28574 I BugleRcsEngine: [138] bzwk.c: do not delay first event
11-09 12:52:42.974 28411 28509 I Bugle : BugleStartup: Initializing RCS availability...
11-09 12:52:42.980 28411 28509 I Bugle : BugleStartup: Done with RCS availability.
11-09 12:52:42.980 28411 28509 I Bugle : BugleStartup: Done initializing with enabled individual init failures.
11-09 12:52:42.983 28411 28479 D WM-PackageManagerHelper: Skipping component enablement for androidx.work.impl.background.systemjob.SystemJobService
11-09 12:52:42.983 28411 28479 D WM-Schedulers: Created SystemJobScheduler and enabled SystemJobService
11-09 12:52:42.985 28411 28507 W Bugle : Bugle: SubscriptionMetadataUtils get: unexpected subId = -1, replacing with -1
11-09 12:52:42.988 28411 28507 I Bugle : SubscriptionUtilsAsOfLMR1: getActiveSubscriptionInfo(): empty sub info for subscription{id:-1}
11-09 12:52:42.993 28411 28489 W Bugle : Bugle: SubscriptionMetadataUtils get: unexpected subId = -1, replacing with -1
11-09 12:52:42.993 28411 28489 I Bugle : SubscriptionUtilsAsOfLMR1: getActiveSubscriptionInfo(): empty sub info for subscription{id:-1}
11-09 12:52:42.994 28411 28507 I Bugle : CountryCodeDetector: updateHomeCountry from system locale as fallback. detected country: US
11-09 12:52:42.994 28411 28489 I Bugle : SubscriptionUtilsAsOfLMR1: getSimSerialNumber: system returned empty sub info for subscription{id:-1}
11-09 12:52:42.994 1961 2111 D ScanFilter: manu data matches
11-09 12:52:42.995 1961 2111 D BtGatt.GattService: onScanResult to scannerId: 1- eventType=0x1b, addressType=0, address=641CB0_0, primaryPhy=1, secondaryPhy=0, advertisingSid=0xff, txPower=127, rssi=-72, periodicAdvInt=0x0
11-09 12:52:42.997 28411 28507 W Bugle : Bugle: SubscriptionMetadataUtils get: unexpected subId = -1, replacing with -1
11-09 12:52:42.998 28411 28507 I Bugle : CountryCodeDetector: updateSmsNetworkCountry from default subscription network country. detected country: pl
11-09 12:52:42.999 28411 28507 I BugleDataModel: ActionExecutorImpl: Timestamp for ACTION_RESPONSE_QUEUED_CountryCodeDetectorAction elapsedRealTime: 259379756 currentTimeMillis: 1699530762999
11-09 12:52:43.016 28411 28485 I BugleRcsEngine: [108] bzwk.c: SIM delay is not enabled
11-09 12:52:43.016 28411 28485 W BugleRcsEngine: [108] bzwh.a: (Sim): process intent: android.intent.action.SIM_STATE_CHANGED
11-09 12:52:43.018 1665 2478 E PhoneInterfaceManager: [PhoneIntfMgr] checkCarrierPrivilegesForPackage: Invalid subId
11-09 12:52:43.032 28411 28574 I BugleRcsEngine: [138] bzwh.n: (Sim): Processing an intent
11-09 12:52:43.035 28411 28574 I BugleRcsEngine: [138] bzwh.P: (Sim): SIM state ABSENT
11-09 12:52:43.049 28411 28574 I BugleRcsEngine: [138] bzwh.I: (Sim): Broadcasting Intent { act=com.google.android.ims.SIM_ABSENT }
11-09 12:52:43.052 28411 28411 I Bugle : SimChangeReceiver: action: com.google.android.ims.SIM_ABSENT
11-09 12:52:43.053 28411 28509 D SemCarrierFeature: [get] phoneId should be 0 or 1
11-09 12:52:43.053 28411 28509 D SemCarrierFeature: [get] phoneId should be 0 or 1
11-09 12:52:43.058 28411 28509 W Bugle : Bugle: SubscriptionMetadataUtils get: unexpected subId = -1, replacing with -1
11-09 12:52:43.062 28411 28574 I BugleRcsEngine: [138] bzwh.n: (Sim): Processing an intent
11-09 12:52:43.063 28411 28509 W Bugle : Bugle: SubscriptionMetadataUtils get: unexpected subId = -1, replacing with -1
11-09 12:52:43.064 28411 28574 I BugleRcsEngine: [138] bzwh.y: (Sim): Ignoring duplicate SIM state: ABSENT
11-09 12:52:43.066 28411 28509 W Bugle : Bugle: SubscriptionMetadataUtils get: unexpected subId = -1, replacing with -1
11-09 12:52:43.066 28411 28509 I Bugle : SubscriptionUtilsAsOfLMR1: getActiveSubscriptionInfo(): empty sub info for subscription{id:-1}
11-09 12:52:43.067 28411 28509 W Bugle : Bugle: SubscriptionMetadataUtils get: unexpected subId = -1, replacing with -1
11-09 12:52:43.071 28411 28509 W Bugle : Bugle: SubscriptionMetadataUtils get: unexpected subId = -1, replacing with -1
11-09 12:52:43.074 28411 28485 I BugleRcsEngine: [108] bzwk.c: SIM delay is not enabled
11-09 12:52:43.075 28411 28488 I BugleJobs: Starts to observe table change.
11-09 12:52:43.080 28411 28485 I BugleRcsEngine: [108] bzwk.c: SIM delay is not enabled
11-09 12:52:43.091 28411 28476 I BugleJobs: Icing index repair service is not scheduled. [CONTEXT class_name="IcingMonitoringUtils" ]
11-09 12:52:43.095 28411 28479 I GnpSdk : set is [].
11-09 12:52:43.096 28411 28522 D CompatibilityChangeReporter: Compat change id reported: 194532703; UID 10242; state: ENABLED
11-09 12:52:43.098 1268 4352 D CompatibilityChangeReporter: Compat change id reported: 194532703; UID 10242; state: ENABLED
11-09 12:52:43.098 28411 28473 D CompatibilityChangeReporter: Compat change id reported: 147600208; UID 10242; state: ENABLED
11-09 12:52:43.118 655 655 D io_stats: !@ 8,0 r 1985239 56287448 w 2157707 22865724 d 617102 117683420 f 0 329580 iot 2296632 0 th 0 0 0 pt 0 inp 0 0 208653.420
11-09 12:52:43.122 28411 28515 I Forking : Starting analysis.
11-09 12:52:43.127 28411 28515 I Misthreading: Starting analysis.
11-09 12:52:43.156 28411 28489 D CompatibilityChangeReporter: Compat change id reported: 183155436; UID 10242; state: ENABLED
11-09 12:52:43.171 28411 28489 I FirebaseApp: Device unlocked: initializing all Firebase APIs for app [DEFAULT]
11-09 12:52:43.190 28411 28488 I BugleNetwork: FirebaseRegistrationStartupTask: Enabling Firebase component
11-09 12:52:43.192 533 1140 W BpBinder: Large outgoing transaction of 404628 bytes, interface descriptor , code 4
11-09 12:52:43.196 1268 4352 D PackageManager: setEnabledSetting : userId = 0 packageName = com.google.android.apps.messaging cmp = com.google.android.apps.messaging.shared.fcm.impl.BugleFirebaseMessagingService newState = 1 callingPackage = 10242/com.google.android.apps.messaging
11-09 12:52:43.197 1268 4352 D ApplicationPolicy: getApplicationStateEnabled : pkg = com.google.android.apps.messaging userId : 0
11-09 12:52:43.198 1268 4352 D ApplicationPolicy: getApplicationComponentState : pkg = com.google.android.apps.messaging userId : 0
11-09 12:52:43.211 28411 28488 D SemCarrierFeature: [get] phoneId should be 0 or 1
11-09 12:52:43.251 28411 28488 W BugleAction: Failed to get msisdn from Bugle
11-09 12:52:43.261 28411 28488 W Bugle : Bugle: SubscriptionMetadataUtils get: unexpected subId = -2, replacing with -1
11-09 12:52:43.267 28411 28488 W Bugle : Bugle: SubscriptionMetadataUtils get: unexpected subId = -2, replacing with -1
11-09 12:52:43.268 28411 28488 W Bugle : Bugle: SubscriptionMetadataUtils get: unexpected subId = -2, replacing with -1
11-09 12:52:43.272 28411 28488 W Bugle : Bugle: SubscriptionMetadataUtils get: unexpected subId = -2, replacing with -1
11-09 12:52:43.272 28411 28488 I Bugle : SubscriptionUtilsAsOfLMR1: getActiveSubscriptionInfo(): empty sub info for subscription{id:-1}
11-09 12:52:43.272 28411 28488 I Bugle : SubscriptionUtilsAsOfLMR1: getActiveSubscriptionInfo(): empty sub info for subscription{id:-1}
11-09 12:52:43.273 28411 28488 W Bugle : SubscriptionUtilsAsOfLMR1: getSelfRawNumber: subInfo is null for subscription{id:-1}
11-09 12:52:43.274 28411 28488 W Bugle : Bugle: SubscriptionMetadataUtils get: unexpected subId = -1, replacing with -1
11-09 12:52:43.275 28411 28488 W Bugle : Bugle: SubscriptionMetadataUtils get: unexpected subId = -1, replacing with -1
11-09 12:52:43.277 28411 28488 W BugleAction: No default number, returning empty msisdn
11-09 12:52:43.278 28411 28488 W BugleEtouffee: E2eeStartupTask: Skip prekey checking because MSISDN is empty.
11-09 12:52:43.321 28411 28509 D SemCarrierFeature: [get] phoneId should be 0 or 1
11-09 12:52:43.323 28411 28509 I BugleRcsProvisioning: BugleSystemBindingManager: onBuglePhenotypeFlagChanged
11-09 12:52:43.325 28411 28509 I BugleTransport: onBuglePhenotypeFlagChanged: kicking off updateActiveTransport
11-09 12:52:43.327 28411 28523 W BugleAction: Failed to get msisdn from Bugle
11-09 12:52:43.330 1268 3103 D PackageManager: setEnabledSetting : userId = 0 packageName = com.google.android.apps.messaging cmp = com.google.android.ims.binding.SystemBindingService newState = 1 callingPackage = 10242/com.google.android.apps.messaging
11-09 12:52:43.331 1268 3103 D ApplicationPolicy: getApplicationStateEnabled : pkg = com.google.android.apps.messaging userId : 0
11-09 12:52:43.332 1268 3103 D ApplicationPolicy: getApplicationComponentState : pkg = com.google.android.apps.messaging userId : 0
11-09 12:52:43.338 28411 28523 W Bugle : Bugle: SubscriptionMetadataUtils get: unexpected subId = -2, replacing with -1
11-09 12:52:43.339 28411 28523 W Bugle : Bugle: SubscriptionMetadataUtils get: unexpected subId = -2, replacing with -1
11-09 12:52:43.339 28411 28473 I BugleRcsEngine: [99] bxnn.run: SystemBindingManager: SystemBinding enabled: true
11-09 12:52:43.339 28411 28522 I BugleTransport: isChatAvailable: RcsAvailability is DISABLED_SIM_ABSENT (RCS is disabled due to SIM absent)
11-09 12:52:43.340 28411 28481 I BugleRcsEngine: [104] bxno.b: System Binding updated
11-09 12:52:43.342 1268 1487 D PackageManager: setEnabledSetting : userId = 0 packageName = com.google.android.apps.messaging cmp = com.google.android.apps.messaging.auto.MessagingTemplateScreenServiceModule newState = 2 callingPackage = 10242/com.google.android.apps.messaging
11-09 12:52:43.351 533 533 I Wear_Controller: Wearable module requires a companion app to be installed.
11-09 12:52:43.351 533 533 I WearableService: onCreate: Wearable Services not starting. Wear is not available on this device.
11-09 12:52:43.384 28411 28524 D ProfileInstaller: Skipping profile installation for com.google.android.apps.messaging
11-09 12:52:43.385 28411 28523 W Bugle : Bugle: SubscriptionMetadataUtils get: unexpected subId = -2, replacing with -1
11-09 12:52:43.385 28411 28523 I Bugle : SubscriptionUtilsAsOfLMR1: getActiveSubscriptionInfo(): empty sub info for subscription{id:-1}
11-09 12:52:43.385 28411 28523 I Bugle : SubscriptionUtilsAsOfLMR1: getActiveSubscriptionInfo(): empty sub info for subscription{id:-1}
11-09 12:52:43.385 28411 28523 W Bugle : SubscriptionUtilsAsOfLMR1: getSelfRawNumber: subInfo is null for subscription{id:-1}
11-09 12:52:43.388 533 3589 W WearableService: onGetService: Wear is not available on this device.
11-09 12:52:43.391 28411 28447 D CompatibilityChangeReporter: Compat change id reported: 150939131; UID 10242; state: ENABLED
11-09 12:52:43.393 28411 28507 D MddListenableWorkerFactory: createWorker for class: com.google.android.apps.messaging.shared.datamodel.workqueue.WorkQueueWorkerShim
11-09 12:52:43.395 28411 28522 I BugleMDD: MddBackgroundStartupTask: Scheduled MDD periodic tasks.
11-09 12:52:43.398 28411 28523 W Bugle : Bugle: SubscriptionMetadataUtils get: unexpected subId = -1, replacing with -1
11-09 12:52:43.400 28411 28524 I BugleRcsProvisioning: RcsProvisioningTrigger: Schedule provisioning on app startup
11-09 12:52:43.401 28411 28523 W Bugle : Bugle: SubscriptionMetadataUtils get: unexpected subId = -1, replacing with -1
11-09 12:52:43.401 28411 28524 I BugleRcsProvisioning: RcsProvisioningTrigger: updateAvailabilityForAllSimsAsync : hint = NO_HINT logTriggerEvent = true
11-09 12:52:43.404 28411 28524 I Bugle : RcsAvailabilityUtilForProvisioningEngineV2: updateAvailabilityForAllSimsAsync, hint: NO_HINT
11-09 12:52:43.406 28411 28523 W BugleAction: No default number, returning empty msisdn
11-09 12:52:43.407 28411 28524 I RcsAvailabilityUpdaterL: updateAvailabilityForAllSimsAsync: scheduling updateAvailabilityForRcsProvisioningId call. Hint: NO_HINT, enableWelcomePopupWithoutGoogleTos: false, reshowSuccessPopup: false
11-09 12:52:43.407 28411 28508 I BugleNetwork: Startup: registering tachyon.
11-09 12:52:43.408 28411 28497 I BugleTransport: updateActiveTransport: refreshing chat transport
11-09 12:52:43.408 28411 28496 I RcsAvailabilityUpdaterL: updateRcsAvailabilityForDefaultCallSim: hint: NO_HINT, canReshowWelcomeMessage: false
11-09 12:52:43.410 28411 28523 I BugleRcsProvisioning: scheduleProvisioningForEligibleSims
11-09 12:52:43.411 28411 28523 I BugleRcsProvisioning: scheduleProvisioning using legacy code path
11-09 12:52:43.411 28411 28523 W BugleRcsEngine: [133] byya.d: [SR]: Single Registration is disabled. Skipping Single Registration capability check for subId: -1, OS.isAtLeastS:[true], enableSingleRegistrationProvisioning:[false]
11-09 12:52:43.411 28411 28523 I BugleRcsProvisioning: RcsProvisioningTrigger: DR is active, initializing DR provisioning. DUAL_REG
11-09 12:52:43.412 28411 28497 I BugleTransport: RCS Configuration is empty. Enabled transport is Dual Reg [CONTEXT ratelimit_period="5 SECONDS" ]
11-09 12:52:43.413 28411 28497 I BugleTransport: refreshChatTransport: isChatAvailable: false, enabledTransport: 1, configuration:
11-09 12:52:43.414 28411 28428 I .apps.messaging: JIT allocated 91KB for compiled code of java.lang.Object aeei.n()
11-09 12:52:43.419 28411 28428 I .apps.messaging: Compiler allocated 5774KB to compile java.lang.Object aeei.n()
11-09 12:52:43.421 28411 28508 I BugleNetwork: Startup: skip phone registration because of no sim.
11-09 12:52:43.422 28411 28487 I RcsClientLib: Connecting RcsEngineLifecycleService
11-09 12:52:43.422 28411 28508 I Bugle : VerifiedSmsEnabledCheckerImpl: VSMS is disabled via Phenotype flag.
11-09 12:52:43.424 28411 28488 W BugleRcsEngine: [110] byya.d: [SR]: Single Registration is disabled. Skipping Single Registration capability check for subId: -1, OS.isAtLeastS:[true], enableSingleRegistrationProvisioning:[false]
11-09 12:52:43.426 28411 28488 I BugleRcsEngine: [110] adqf.q: provisioning: Skipping provisioning scheduling since RCS is disabled
11-09 12:52:43.427 28411 28487 I RcsClientLib: shouldUseCarrierServicesJibeService: true, CarrierServices rcs service found: true
11-09 12:52:43.427 28411 28476 I Bugle : VerifiedSmsStartupTask: Checking if Verified SMS tasks should be enqueued. feature supported: false, feature enabled: false, eligible / has registered key: false, C11N: false
11-09 12:52:43.427 28411 28476 I Bugle : VerifiedSmsStartupTask: Not enqueuing VSMS periodic task, VSMS is disabled or not supported.
11-09 12:52:43.427 28411 28502 I Bugle : VerifiedSmsStartupTask: Not calling C11N to get phone numbers.
11-09 12:52:43.435 914 16284 V APM_AudioPolicyManager: setAppState(portId:400, state:2)
11-09 12:52:43.439 28411 28488 I RcsClientLib: com.google.android.rcs.client.lifecycle.RcsEngineLifecycleService connected
11-09 12:52:43.446 2274 2505 I CarrierServices: [115] RcsEngineImpl.triggerStopRcsStack: RcsEngineImpl[DUAL_REG]:[297b945a-65c3]: triggerStopRcsStack for msisdn:redacted-pii:phone_number[chars:0,last2:]
11-09 12:52:43.447 2274 2498 I CarrierServices: [110] efa.handleMessage: RcsEngineImpl[DUAL_REG]:[297b945a-65c3]>Handler: handleMessage processing message:[STOP_RCS_STACK] with [non-null]:RcsEngineImpl reference
11-09 12:52:43.447 2274 2498 I CarrierServices: [110] efa.handleMessage: RcsEngineImpl[DUAL_REG]:[297b945a-65c3]>Handler: RCS engine STOP RCS stack
11-09 12:52:43.447 2274 2498 W CarrierServices: [110] RcsEngineImpl.f: RcsEngineImpl[DUAL_REG]:[297b945a-65c3]: imsModule is null, shutdown not required
11-09 12:52:43.447 2274 2498 I CarrierServices: [110] RcsEngineImpl.stopRcsStackInternal: RcsEngineImpl[DUAL_REG]:[297b945a-65c3]: skipping imsModule.stop
11-09 12:52:43.447 2274 2498 I CarrierServices: [110] efa.handleMessage: RcsEngineImpl[DUAL_REG]:[297b945a-65c3]>Handler: handleMessage processing message:[NOTIFY_UPTIME_IGNORE_STATE_CHANGED] with [non-null]:RcsEngineImpl reference
11-09 12:52:43.448 1665 2478 E PhoneInterfaceManager: [PhoneIntfMgr] getCarrierPrivilegeStatusForUid: Invalid subId
11-09 12:52:43.449 2274 2498 I CarrierServices: [110] edt.b: ProvisioningEngineDataRetriever: RCS Configuration storage in Bugle is disabled by p/h flag, using ProvisioningEngineStateCacheUtil.getProvisioningConfigurationForGivenSimIfExist()
11-09 12:52:43.450 28411 28517 I RcsClientLib: Disconnecting RcsEngineLifecycleService
11-09 12:52:43.456 914 16284 V APM_AudioPolicyManager: setAppState(portId:400, state:2)
11-09 12:52:43.523 1268 3282 D SemWifiUsabilityStatsMonitor: onWifiUsabilityStats - seqNum 6255, isSameBssidAndFreq true
11-09 12:52:43.525 1268 1600 I SemWifiLinkQualityMonitor: Link Qos query: inf. ms / 0 Mbps
11-09 12:52:43.835 28411 28522 I BugleWearable: Start syncing data to wearable devices [CONTEXT class_name="SyncDataToWearableAppHandler" ]
11-09 12:52:43.839 28411 28522 I BugleWearable: WATCH_VERSION_KEY is not saved to SharedPreferences. [CONTEXT class_name="SyncDataToWearableAppHandler" ]
11-09 12:52:43.857 28411 28522 I BugleDataModel: ActionExecutorImpl: Timestamp for ACTION_EXECUTE_QUEUED_CheckWearableAppVersionAction elapsedRealTime: 259380613 currentTimeMillis: 1699530763857
11-09 12:52:43.857 533 3589 W WearableService: onGetService: Wear is not available on this device.
11-09 12:52:43.860 28411 28488 I BugleDataModel: ActionExecutorImpl: Timestamp for ACTION_BACKGROUND_QUEUED_CheckWearableAppVersionAction elapsedRealTime: 259380616 currentTimeMillis: 1699530763860
11-09 12:52:43.865 28411 28522 W Bugle : Bugle: SubscriptionMetadataUtils get: unexpected subId = -1, replacing with -1
11-09 12:52:43.867 28411 28522 W Bugle : Get mms config failed: invalid subId. subId=-1, real subId=-1, map={ }
11-09 12:52:43.868 28411 28487 I BugleDataModel: ActionExecutorImpl: Timestamp for ACTION_RESPONSE_QUEUED_CheckWearableAppVersionAction elapsedRealTime: 259380625 currentTimeMillis: 1699530763868
11-09 12:52:43.882 533 3589 W WearableService: onGetService: Wear is not available on this device.
11-09 12:52:43.894 28411 28476 W BugleWearable: Failed to sync phone config to data client with ApiException. [CONTEXT class_name="SyncDataToWearableAppHandler" ]
11-09 12:52:43.894 28411 28476 W BugleWearable: bvev: 17: API: Wearable.API is not available on this device. Connection failed with: ConnectionResult{statusCode=API_UNAVAILABLE, resolution=null, message=null}
11-09 12:52:43.894 28411 28476 W BugleWearable: at bvjf.a(PG:3)
11-09 12:52:43.894 28411 28476 W BugleWearable: at bvks.a(PG:4)
11-09 12:52:43.894 28411 28476 W BugleWearable: at com.google.android.gms.common.api.internal.BasePendingResult.q(PG:6)
11-09 12:52:43.894 28411 28476 W BugleWearable: at com.google.android.gms.common.api.internal.BasePendingResult.n(PG:6)
11-09 12:52:43.894 28411 28476 W BugleWearable: at bvgc.k(PG:3)
11-09 12:52:43.894 28411 28476 W BugleWearable: at bvfs.d(PG:1)
11-09 12:52:43.894 28411 28476 W BugleWearable: at bvgy.p(PG:7)
11-09 12:52:43.894 28411 28476 W BugleWearable: at bvgy.d(PG:2)
11-09 12:52:43.894 28411 28476 W BugleWearable: at bvgy.g(PG:20)
11-09 12:52:43.894 28411 28476 W BugleWearable: at bvgy.onConnectionFailed(PG:1)
11-09 12:52:43.894 28411 28476 W BugleWearable: at bvkc.a(PG:1)
11-09 12:52:43.894 28411 28476 W BugleWearable: at bvjo.a(PG:1)
11-09 12:52:43.894 28411 28476 W BugleWearable: at bvji.d(PG:6)
11-09 12:52:43.894 28411 28476 W BugleWearable: at bvjj.handleMessage(PG:38)
11-09 12:52:43.894 28411 28476 W BugleWearable: at android.os.Handler.dispatchMessage(Handler.java:106)
11-09 12:52:43.894 28411 28476 W BugleWearable: at bwhr.b(PG:1)
11-09 12:52:43.894 28411 28476 W BugleWearable: at bwhr.dispatchMessage(PG:1)
11-09 12:52:43.894 28411 28476 W BugleWearable: at android.os.Looper.loopOnce(Looper.java:226)
11-09 12:52:43.894 28411 28476 W BugleWearable: at android.os.Looper.loop(Looper.java:313)
11-09 12:52:43.894 28411 28476 W BugleWearable: at android.os.HandlerThread.run(HandlerThread.java:67)
11-09 12:52:43.897 28411 28482 W BugleWearable: Not retrying sync: Failed to sync conversations to wearable with ApiException. [CONTEXT class_name="SyncDataToWearableAppHandler" ]
11-09 12:52:43.897 28411 28482 W BugleWearable: bvev: 17:
11-09 12:52:43.897 28411 28482 W BugleWearable: at bvjf.a(PG:3)
11-09 12:52:43.897 28411 28482 W BugleWearable: at bvks.a(PG:4)
11-09 12:52:43.897 28411 28482 W BugleWearable: at com.google.android.gms.common.api.internal.BasePendingResult.q(PG:6)
11-09 12:52:43.897 28411 28482 W BugleWearable: at com.google.android.gms.common.api.internal.BasePendingResult.n(PG:6)
11-09 12:52:43.897 28411 28482 W BugleWearable: at bvgc.k(PG:3)
11-09 12:52:43.897 28411 28482 W BugleWearable: at bvfs.d(PG:1)
11-09 12:52:43.897 28411 28482 W BugleWearable: at bvgy.p(PG:7)
11-09 12:52:43.897 28411 28482 W BugleWearable: at bvgy.d(PG:2)
11-09 12:52:43.897 28411 28482 W BugleWearable: at bvgy.g(PG:20)
11-09 12:52:43.897 28411 28482 W BugleWearable: at bvgy.onConnectionFailed(PG:1)
11-09 12:52:43.897 28411 28482 W BugleWearable: at bvkc.a(PG:1)
11-09 12:52:43.897 28411 28482 W BugleWearable: at bvjo.a(PG:1)
11-09 12:52:43.897 28411 28482 W BugleWearable: at bvji.d(PG:6)
11-09 12:52:43.897 28411 28482 W BugleWearable: at bvjj.handleMessage(PG:38)
11-09 12:52:43.897 28411 28482 W BugleWearable: at android.os.Handler.dispatchMessage(Handler.java:106)
11-09 12:52:43.897 28411 28482 W BugleWearable: at bwhr.b(PG:1)
11-09 12:52:43.897 28411 28482 W BugleWearable: at bwhr.dispatchMessage(PG:1)
11-09 12:52:43.897 28411 28482 W BugleWearable: at android.os.Looper.loopOnce(Looper.java:226)
11-09 12:52:43.897 28411 28482 W BugleWearable: at android.os.Looper.loop(Looper.java:313)
11-09 12:52:43.897 28411 28482 W BugleWearable: at android.os.HandlerThread.run(HandlerThread.java:67)
11-09 12:52:43.919 28411 28487 I WM-WorkerWrapper: Worker result SUCCESS for Work [ id=aab90240-e1d0-495f-8d0e-5bc5ac39fcde, tags={ com.google.android.apps.messaging.shared.datamodel.workqueue.WorkQueueWorkerShim, sync_data_to_wearable_app- } ]
11-09 12:52:44.440 1268 2750 I UMR : ReclaimerPolicyManager: update policy 2 -> 0
11-09 12:52:44.440 1268 2750 I UMR : KswapdReclaimer: suppress end
11-09 12:52:44.443 1268 2750 I UMR : KswapdReclaimer: default
11-09 12:52:44.885 1961 2111 D ScanFilter: manu data matches
11-09 12:52:44.886 1961 2111 D BtGatt.GattService: onScanResult to scannerId: 1- eventType=0x1b, addressType=0, address=641CB0_0, primaryPhy=1, secondaryPhy=0, advertisingSid=0xff, txPower=127, rssi=-53, periodicAdvInt=0x0
11-09 12:52:44.895 2500 2539 I [+0100]oneconnect[1.8.09.23_01][BEACON_MANAGER_CONTROL_SERVICE]: BleParserForVD.parseTvPacket - (Extention)|name:($)-[(11)|deviceType:UNKNOWN|discoverType:_BLE|services:None|connected:false[Type]6[Index]0[MNID]0AJK[SETUPID]101[TvStatusString]EXTENSION[TvStatus]32[TvService]97[TvMirrorChannel]0[TvRegisteredDB]null[TvYear]2017[TvOcfInfo]7[TvAcmStatus]0[ExTvStatus]0
11-09 12:52:44.896 2500 2539 I [+0100]oneconnect[1.8.09.23_01][BEACON_MANAGER_CONTROL_SERVICE]: TvOcfParser.onReceive - TV Popup Onboarding is skept - ($)
11-09 12:52:44.982 1961 2111 D ScanFilter: manu data matches
11-09 12:52:44.983 1961 2111 D BtGatt.GattService: onScanResult to scannerId: 1- eventType=0x1b, addressType=0, address=641CB0_0, primaryPhy=1, secondaryPhy=0, advertisingSid=0xff, txPower=127, rssi=-54, periodicAdvInt=0x0
11-09 12:52:44.990 2500 2539 I [+0100]oneconnect[1.8.09.23_01][BEACON_MANAGER_CONTROL_SERVICE]: BleParserForVD.parseTvPacket - (Extention)|name:($)-[(11)|deviceType:UNKNOWN|discoverType:_BLE|services:None|connected:false[Type]6[Index]0[MNID]0AJK[SETUPID]101[TvStatusString]EXTENSION[TvStatus]32[TvService]97[TvMirrorChannel]0[TvRegisteredDB]null[TvYear]2017[TvOcfInfo]7[TvAcmStatus]0[ExTvStatus]0
11-09 12:52:44.990 2500 2539 I [+0100]oneconnect[1.8.09.23_01][BEACON_MANAGER_CONTROL_SERVICE]: TvOcfParser.onReceive - TV Popup Onboarding is skept - ($)
11-09 12:52:45.005 1961 2111 D BtGatt.GattService: onScanResult to scannerId: 4- eventType=0x1b, addressType=1, address=C11662_3, primaryPhy=1, secondaryPhy=0, advertisingSid=0xff, txPower=127, rssi=-37, periodicAdvInt=0x0
11-09 12:52:45.119 655 655 D io_stats: !@ 8,0 r 1985281 56287772 w 2158104 22869308 d 617125 117685240 f 0 329598 iot 2296840 0 th 0 0 0 pt 0 inp 0 0 208655.422
11-09 12:52:45.119 655 655 D io_stats: !@ Read_top(KB): .apps.messaging(28411) 392
11-09 12:52:45.119 655 655 D io_stats: !@ Write_top(KB): .gms.persistent(533) 2460 .apps.messaging(28411) 748 kworker/u16:6(20603) 264
11-09 12:52:45.231 15995 16028 D BufferPoolAccessor2.0: bufferpool2 0xb4000072bf6bca68 : 5(19200 size) total buffers - 4(15360 size) used buffers - 7029294/7029374 (recycle/alloc) - 923/14058739 (fetch/transfer)
11-09 12:52:46.248 1734 1734 I wpa_supplicant: Heartbeat 21775
11-09 12:52:46.552 1268 3282 D SemWifiUsabilityStatsMonitor: onWifiUsabilityStats - seqNum 6256, isSameBssidAndFreq true
11-09 12:52:46.556 1268 1600 I SemWifiLinkQualityMonitor: Link Qos query: inf. ms / 0 Mbps
11-09 12:52:46.649 1961 2111 D BtGatt.GattService: onScanResult to scannerId: 4- eventType=0x1b, addressType=1, address=C11662_3, primaryPhy=1, secondaryPhy=0, advertisingSid=0xff, txPower=127, rssi=-32, periodicAdvInt=0x0
11-09 12:52:46.674 1961 2111 D ScanFilter: manu data matches
11-09 12:52:46.675 1961 2111 D BtGatt.GattService: onScanResult to scannerId: 1- eventType=0x1b, addressType=0, address=641CB0_0, primaryPhy=1, secondaryPhy=0, advertisingSid=0xff, txPower=127, rssi=-73, periodicAdvInt=0x0
11-09 12:52:46.761 1961 2111 D ScanFilter: manu data matches
11-09 12:52:46.762 1961 2111 D BtGatt.GattService: onScanResult to scannerId: 1- eventType=0x1b, addressType=0, address=641CB0_0, primaryPhy=1, secondaryPhy=0, advertisingSid=0xff, txPower=127, rssi=-72, periodicAdvInt=0x0
11-09 12:52:46.798 1268 28599 E BinderTransaction: Binder proc file not exist.
11-09 12:52:46.843 1268 1336 E Watchdog: !@Sync: 6942 heap: 108 / 111 FD: 1061 [2023-11-09 12:52:46.842]
11-09 12:52:47.245 874 1426 I Sensors : get_flicker_als_data: flicker lux: 0 (0, 4, dw: 46)
11-09 12:52:47.404 874 1426 I Sensors : get_flicker_als_data: flicker lux: 0 (0, 4, dw: 46)
11-09 12:52:47.644 874 1426 I Sensors : get_flicker_als_data: flicker lux: 0 (0, 4, dw: 46)
11-09 12:52:47.886 874 1426 I Sensors : get_flicker_als_data: flicker lux: 0 (0, 4, dw: 46)
11-09 12:52:47.896 1095 16038 D BufferPoolAccessor2.0: bufferpool2 0xb40000751efe2a98 : 2(48000 size) total buffers - 1(24000 size) used buffers - 7029846/7029905 (recycle/alloc) - 28/1757475 (fetch/transfer)
11-09 12:52:48.205 874 1426 I Sensors : get_flicker_als_data: flicker lux: 0 (0, 4, dw: 46)
11-09 12:52:48.526 874 1426 I Sensors : get_flicker_als_data: flicker lux: 0 (0, 4, dw: 46)
11-09 12:52:48.686 874 1426 I Sensors : get_flicker_als_data: flicker lux: 0 (0, 4, dw: 46)
11-09 12:52:48.720 1961 2111 D BtGatt.GattService: onScanResult to scannerId: 4- eventType=0x1b, addressType=1, address=C11662_3, primaryPhy=1, secondaryPhy=0, advertisingSid=0xff, txPower=127, rssi=-40, periodicAdvInt=0x0
11-09 12:52:48.738 1961 2111 D ScanFilter: manu data matches
11-09 12:52:48.739 1961 2111 D BtGatt.GattService: onScanResult to scannerId: 1- eventType=0x1b, addressType=0, address=641CB0_0, primaryPhy=1, secondaryPhy=0, advertisingSid=0xff, txPower=127, rssi=-71, periodicAdvInt=0x0
11-09 12:52:48.847 1268 1572 D UsbStatsMonitor: 0 0 0 0 0 0 0 0 0 0 0 0 0 0 0 0 0 0 0 0 0 0 0 0 0 0 0 0 0 0 0 0 0 0 0 0 0 0 0 0 0 0 0 0 0 0 0 0 0 0 0 0 70832600645658
11-09 12:52:48.847 1961 2111 D ScanFilter: manu data matches
11-09 12:52:48.848 1961 2111 D BtGatt.GattService: onScanResult to scannerId: 1- eventType=0x1b, addressType=0, address=641CB0_0, primaryPhy=1, secondaryPhy=0, advertisingSid=0xff, txPower=127, rssi=-71, periodicAdvInt=0x0
11-09 12:52:48.949 28411 28411 I BugleDataModel: ActionExecutorImpl: Timestamp for ACTION_EXECUTE_QUEUED_FixupMessageStatusOnStartupAction elapsedRealTime: 259385705 currentTimeMillis: 1699530768949
11-09 12:52:48.950 28411 28411 I BugleDataModel: ActionExecutorImpl: Timestamp for ACTION_EXECUTE_QUEUED_ProcessPendingMessagesAction elapsedRealTime: 259385706 currentTimeMillis: 1699530768950
11-09 12:52:48.998 28411 28522 I BugleDataModel: FixupMessageStatusOnStartupAction: sendFailedCnt: 0, downloadFailedCnt: 0, partsProcessingFailedCnt: 0
11-09 12:52:49.026 28411 28522 I BugleDataModel: PendingMessagesProcessor: process from FixupMessageStatusOnStartupAction due to connectivity changed with delay 0 with queues:
11-09 12:52:49.027 28411 28522 I BugleDataModel: ProcessPendingMessagesTimers: cleared next retry time for channel sms_send
11-09 12:52:49.027 28411 28522 I BugleDataModel: ProcessPendingMessagesTimers: cleared next retry time for channel mms_send
11-09 12:52:49.027 28411 28522 I BugleDataModel: ProcessPendingMessagesTimers: cleared next retry time for channel mms_download
11-09 12:52:49.027 28411 28522 I BugleDataModel: ProcessPendingMessagesTimers: cleared next retry time for channel rcs_send
11-09 12:52:49.027 28411 28522 I BugleDataModel: ProcessPendingMessagesTimers: cleared next retry time for channel rcs_ft_upload
11-09 12:52:49.027 28411 28522 I BugleDataModel: ProcessPendingMessagesTimers: cleared next retry time for channel rcs_ft_download
11-09 12:52:49.027 28411 28522 I BugleDataModel: ProcessPendingMessagesTimers: cleared next retry time for channel cloud_sync_send
11-09 12:52:49.027 28411 28522 I BugleDataModel: ProcessPendingMessagesTimers: cleared next retry time for channel cloud_sync_attachment_download
11-09 12:52:49.038 28411 28522 I BugleDataModel: PendingMessagesProcessor: process from ProcessPendingMessagesAction due to scheduled processing with delay 0 with queues:
11-09 12:52:49.097 28411 28411 I BugleDataModel: ActionExecutorImpl: Timestamp for ACTION_EXECUTE_QUEUED_GenericWorkerQueueAction elapsedRealTime: 259385853 currentTimeMillis: 1699530769097
11-09 12:52:49.098 28411 28522 I BugleDataModel: ActionExecutorImpl: Timestamp for ACTION_BACKGROUND_QUEUED_GenericWorkerQueueAction elapsedRealTime: 259385855 currentTimeMillis: 1699530769098
11-09 12:52:49.107 28411 28488 I BugleJobs: GenericWorkerQueueAction: Bailing early, no work found, no failed work found
11-09 12:52:49.107 28411 28488 I BugleDataModel: ActionExecutorImpl: Timestamp for ACTION_RESPONSE_QUEUED_GenericWorkerQueueAction elapsedRealTime: 259385863 currentTimeMillis: 1699530769107
11-09 12:52:49.121 655 655 D io_stats: !@ 8,0 r 1985281 56287772 w 2158104 22869308 d 617125 117685240 f 0 329598 iot 2296844 0 th 0 0 0 pt 0 inp 0 15 208659.424
11-09 12:52:49.122 655 655 D io_stats: !@ Write_top(KB): kworker/u16:6(20603) 8
11-09 12:52:49.239 28249 28259 W System : A resource failed to call AbstractCursor.close.
11-09 12:52:49.241 28249 28259 W System : A resource failed to call AbstractCursor.close.
11-09 12:52:49.241 28249 28259 W System : A resource failed to call AbstractCursor.close.
11-09 12:52:49.241 28249 28259 W System : A resource failed to call AbstractCursor.close.
11-09 12:52:49.241 28249 28259 W System : A resource failed to call AbstractCursor.close.
11-09 12:52:49.241 28249 28259 W System : A resource failed to call AbstractCursor.close.
11-09 12:52:49.241 28249 28259 W System : A resource failed to call AbstractCursor.close.
11-09 12:52:49.241 28249 28259 W System : A resource failed to call AbstractCursor.close.
11-09 12:52:49.241 28249 28259 W System : A resource failed to call AbstractCursor.close.
11-09 12:52:49.586 1268 3282 D SemWifiUsabilityStatsMonitor: onWifiUsabilityStats - seqNum 6257, isSameBssidAndFreq true
11-09 12:52:49.590 1268 1600 I SemWifiLinkQualityMonitor: Link Qos Query: 0.014 ms / 584.582 Mbps (864 / 0.001 / 1.286)
11-09 12:52:49.591 1695 1695 D NetworkController.WifiSignalController: notifyListener: visible=true, connected=true, inetCondition=1, isDefault=true, wifiTestReported=true, receivedInetCondition=-1, hideDuringMobileSwitching=false
11-09 12:52:49.596 1695 1988 D Tile.WifiTile: handleUpdateState isTransient=false transientEnabling =false cb.isTransient=false state.state = 2 mStateBeforeClick.value =false enabled =true
11-09 12:52:49.652 931 931 D SurfaceFlinger: GPIS:: requestGPIS
11-09 12:52:49.668 931 2737 D NativeSemDvfsManager: acquire:: timeout = 2000 mIsAcquired = 1 mTagName : SurfaceFlinger
11-09 12:52:49.670 882 978 I HYPER-HAL: [RequestManager.cpp]acquire(): Acquired ID : 1866346 [931 / 1000] HINT : SF_GPU_MINLOCK list : [TIMEOUT / 2000]
11-09 12:52:49.671 931 2737 E NativeCustomFrequencyManager: [NativeCFMS] BpCustomFrequencyManager::acquire()
11-09 12:52:49.685 15995 16027 I MediaCodec: setCodecState state(1), called in 6
11-09 12:52:49.686 418 527 V ResourceManagerHelper-JNI: JNIMediaResourceHelper::notify eventType : 3, ext1 : 0, ext2 : 0
11-09 12:52:49.686 418 527 V ResourceManagerHelper-JNI: notify eventType : 3, ext1 : 0, ext2 : 0
11-09 12:52:49.686 418 1011 I SemMediaResourceHelper: onState
11-09 12:52:49.686 418 1011 I DrmMediaResourceHelper: onStateChanged size = 1
11-09 12:52:49.686 418 1011 I DrmMediaResourceHelper: resource type: 2,,,isSecured : falseIsEncoder : truegetCodecState : 1getpid : 15995
11-09 12:52:49.687 4203 4203 I SemMediaResourceHelper: onState
11-09 12:52:49.687 1268 1487 V ResourceManagerHelper-JNI: JNIMediaResourceHelper::notify eventType : 3, ext1 : 0, ext2 : 0
11-09 12:52:49.687 1268 1487 V ResourceManagerHelper-JNI: notify eventType : 3, ext1 : 0, ext2 : 0
11-09 12:52:49.688 1268 1478 I SemMediaResourceHelper: onState
11-09 12:52:49.688 882 978 I HYPER-HAL: [RequestManager.cpp]releaseLocked(): Released ID : 8931674
11-09 12:52:50.283 15995 16028 D BufferPoolAccessor2.0: bufferpool2 0xb4000072bf6bca68 : 5(19200 size) total buffers - 4(15360 size) used buffers - 7030306/7030386 (recycle/alloc) - 924/14060763 (fetch/transfer)
11-09 12:52:50.436 1961 2111 D ScanFilter: manu data matches
11-09 12:52:50.437 1961 2111 D BtGatt.GattService: onScanResult to scannerId: 1- eventType=0x1b, addressType=0, address=641CB0_0, primaryPhy=1, secondaryPhy=0, advertisingSid=0xff, txPower=127, rssi=-77, periodicAdvInt=0x0
11-09 12:52:50.527 1961 2111 D ScanFilter: manu data matches
11-09 12:52:50.528 1961 2111 D BtGatt.GattService: onScanResult to scannerId: 1- eventType=0x1b, addressType=0, address=641CB0_0, primaryPhy=1, secondaryPhy=0, advertisingSid=0xff, txPower=127, rssi=-71, periodicAdvInt=0x0
11-09 12:52:50.541 1961 2111 D BtGatt.GattService: onScanResult to scannerId: 4- eventType=0x1b, addressType=1, address=C11662_3, primaryPhy=1, secondaryPhy=0, advertisingSid=0xff, txPower=127, rssi=-36, periodicAdvInt=0x0
11-09 12:52:50.789 874 874 I Sensors : batch(19) - light_cct_sensor try to batching with 200000000
11-09 12:52:50.791 874 874 I Sensors : LightCCT_Sensor old sensor_state 16896, new sensor_state : 987365736727040 en : 1
11-09 12:52:50.792 874 874 I Sensors : enable:: light_cct_sensor(19)
11-09 12:52:50.794 1268 1955 D SensorManager: registerListener :: 33, STK33915 Light CCT, 200000, 0, com.samsung.android.displaysolution.EyeComfortSolutionService$2@c7f6f40
11-09 12:52:50.904 874 1426 I Sensors : lux = 59, CCT = 0, r = 2848, g = 192, b = 2213, c = 130, atime = 55, again = 59, lux_raw = 59, brightness = 75, time = 259387659179000
11-09 12:52:50.907 1268 1955 D SensorService: Calling activate off 33
11-09 12:52:50.908 874 874 I Sensors : LightCCT_Sensor old sensor_state 16896, new sensor_state : 987361441759744 en : 0
11-09 12:52:50.908 874 874 I Sensors : disable:: light_cct_sensor(19)
11-09 12:52:50.909 1268 1955 D SensorManager: unregisterListener :: com.samsung.android.displaysolution.EyeComfortSolutionService$2@c7f6f40
11-09 12:52:51.123 655 655 D io_stats: !@ 8,0 r 1985281 56287772 w 2158194 22869964 d 617172 117685608 f 0 329605 iot 2296876 0 th 0 0 0 pt 0 inp 0 0 208661.426
11-09 12:52:51.673 882 28605 I HYPER-HAL: [RequestManager.cpp]releaseLocked(): Released ID : 1866346
11-09 12:52:51.928 868 868 I android.hardware.health@2.1-service-samsung: updateLrpSysfs: write: 316
11-09 12:52:52.110 868 894 E BatteryDump: !@new_battery_dump : 4118,25,2300,3150,84,308,306,308,308,0,317,Not-charging,Normal,Good,PDIC,0,Normal,0,0,9600,0x108000,0x1010000,0x0,21,4118,8496,1000,
11-09 12:52:52.279 1961 2111 D ScanFilter: manu data matches
11-09 12:52:52.280 1961 2111 D BtGatt.GattService: onScanResult to scannerId: 1- eventType=0x1b, addressType=0, address=641CB0_0, primaryPhy=1, secondaryPhy=0, advertisingSid=0xff, txPower=127, rssi=-73, periodicAdvInt=0x0
11-09 12:52:52.369 1961 2111 D BtGatt.GattService: onScanResult to scannerId: 4- eventType=0x1b, addressType=1, address=C11662_3, primaryPhy=1, secondaryPhy=0, advertisingSid=0xff, txPower=127, rssi=-36, periodicAdvInt=0x0
11-09 12:52:52.376 1961 2111 D ScanFilter: manu data matches
11-09 12:52:52.377 1961 2111 D BtGatt.GattService: onScanResult to scannerId: 1- eventType=0x1b, addressType=0, address=641CB0_0, primaryPhy=1, secondaryPhy=0, advertisingSid=0xff, txPower=127, rssi=-73, periodicAdvInt=0x0
11-09 12:52:52.621 1268 3282 D SemWifiUsabilityStatsMonitor: onWifiUsabilityStats - seqNum 6258, isSameBssidAndFreq true
11-09 12:52:52.623 1268 1600 I SemWifiLinkQualityMonitor: Link Qos query: inf. ms / 0 Mbps
11-09 12:52:52.625 1695 1695 D NetworkController.WifiSignalController: notifyListener: visible=true, connected=true, inetCondition=1, isDefault=true, wifiTestReported=true, receivedInetCondition=-1, hideDuringMobileSwitching=false
11-09 12:52:52.627 1695 1988 D Tile.WifiTile: handleUpdateState isTransient=false transientEnabling =false cb.isTransient=false state.state = 2 mStateBeforeClick.value =false enabled =true
11-09 12:52:52.687 15995 16027 I MediaCodec: setCodecState state(0), called in 6
11-09 12:52:52.688 418 527 V ResourceManagerHelper-JNI: JNIMediaResourceHelper::notify eventType : 3, ext1 : 0, ext2 : 0
11-09 12:52:52.688 1268 1487 V ResourceManagerHelper-JNI: JNIMediaResourceHelper::notify eventType : 3, ext1 : 0, ext2 : 0
11-09 12:52:52.688 1268 1487 V ResourceManagerHelper-JNI: notify eventType : 3, ext1 : 0, ext2 : 0
11-09 12:52:52.688 418 527 V ResourceManagerHelper-JNI: notify eventType : 3, ext1 : 0, ext2 : 0
11-09 12:52:52.689 1268 1478 I SemMediaResourceHelper: onState
11-09 12:52:52.689 418 1011 I SemMediaResourceHelper: onState
11-09 12:52:52.689 418 1011 I DrmMediaResourceHelper: onStateChanged size = 1
11-09 12:52:52.689 418 1011 I DrmMediaResourceHelper: resource type: 2,,,isSecured : falseIsEncoder : truegetCodecState : 0getpid : 15995
11-09 12:52:52.689 4203 4203 I SemMediaResourceHelper: onState
11-09 12:52:52.690 4203 4203 I SemDvfsHyPerManager: acquire hyper - BaseTABoost/4203@23, type = 1090523139
11-09 12:52:52.690 882 978 I HYPER-HAL: [RequestManager.cpp]acquire(): Acquired ID : 8931674 [4203 / 23] HINT : list : [TABoost / 1]
11-09 12:52:52.712 931 931 I SurfaceFlinger: SFWD update time=208663015520037
11-09 12:52:52.714 931 931 D SurfaceFlinger: GPIS:: requestGPIS
11-09 12:52:52.728 931 2737 D NativeSemDvfsManager: acquire:: timeout = 2000 mIsAcquired = 1 mTagName : SurfaceFlinger
11-09 12:52:52.729 931 2737 E NativeCustomFrequencyManager: [NativeCFMS] BpCustomFrequencyManager::acquire()
11-09 12:52:52.729 882 978 I HYPER-HAL: [RequestManager.cpp]acquire(): Acquired ID : 1866346 [931 / 1000] HINT : SF_GPU_MINLOCK list : [TIMEOUT / 2000]
11-09 12:52:52.741 15995 16027 I MediaCodec: setCodecState state(1), called in 6
11-09 12:52:52.742 1268 1487 V ResourceManagerHelper-JNI: JNIMediaResourceHelper::notify eventType : 3, ext1 : 0, ext2 : 0
11-09 12:52:52.742 418 527 V ResourceManagerHelper-JNI: JNIMediaResourceHelper::notify eventType : 3, ext1 : 0, ext2 : 0
11-09 12:52:52.742 1268 1487 V ResourceManagerHelper-JNI: notify eventType : 3, ext1 : 0, ext2 : 0
11-09 12:52:52.742 418 527 V ResourceManagerHelper-JNI: notify eventType : 3, ext1 : 0, ext2 : 0
11-09 12:52:52.742 1268 1478 I SemMediaResourceHelper: onState
11-09 12:52:52.743 418 1011 I SemMediaResourceHelper: onState
11-09 12:52:52.743 418 1011 I DrmMediaResourceHelper: onStateChanged size = 1
11-09 12:52:52.743 418 1011 I DrmMediaResourceHelper: resource type: 2,,,isSecured : falseIsEncoder : truegetCodecState : 1getpid : 15995
11-09 12:52:52.743 4203 4203 I SemMediaResourceHelper: onState
11-09 12:52:52.744 882 978 I HYPER-HAL: [RequestManager.cpp]releaseLocked(): Released ID : 8931674
11-09 12:52:52.823 1695 1988 D NetworkController: SignalStrength from intent slotId=0
11-09 12:52:52.824 1695 1988 D MobileSignalController(0/2147483647): new mSignalStrength level=1 signal strength=SignalStrength:{mCdma=Invalid,mGsm=Invalid,mWcdma=Invalid,mTdscdma=Invalid,mLte=CellSignalStrengthLte: rssi=-113 rsrp=-112 rsrq=-14 rssnr=0 cqiTableIndex=1 cqi=6 ta=2147483647 level=2 parametersUseForLevel=0,mNr=Invalid,SignalBarInfo{ lteLevel=1 },rat=14,primary=CellSignalStrengthLte}
11-09 12:52:52.828 1695 1988 D MobileSignalController(0/2147483647): notifyListener: enabled=true, connected=true, dataConnected=false, networkType=UNKNOWN (Unknown), emergencyOnly=true, roaming=false, isDefault=false, dataActivity=, level=1, ca=false, mmWave=false, disabledDataIcon=false, simCard=NO_SIM
11-09 12:52:52.973 1095 16038 D BufferPoolAccessor2.0: bufferpool2 0xb40000751efe2a98 : 2(48000 size) total buffers - 1(24000 size) used buffers - 7030861/7030920 (recycle/alloc) - 28/1757729 (fetch/transfer)
11-09 12:52:53.125 655 655 D io_stats: !@ 8,0 r 1985281 56287772 w 2158196 22869972 d 617172 117685608 f 0 329605 iot 2296884 0 th 0 0 0 pt 0 inp 0 0 208663.428
11-09 12:52:53.126 655 655 D io_stats: !@ Write_top(KB): kworker/u16:6(20603) 332 f2fs_ckpt-254:4(694) 120 init(1) 12
11-09 12:52:53.569 874 1426 I Sensors : get_flicker_als_data: flicker lux: 0 (0, 4, dw: 46)
11-09 12:52:53.810 874 1426 I Sensors : get_flicker_als_data: flicker lux: 0 (0, 4, dw: 46)
11-09 12:52:53.969 874 1426 I Sensors : get_flicker_als_data: flicker lux: 0 (0, 4, dw: 46)
11-09 12:52:54.156 1961 2111 D ScanFilter: manu data matches
11-09 12:52:54.157 1961 2111 D BtGatt.GattService: onScanResult to scannerId: 1- eventType=0x1b, addressType=0, address=641CB0_0, primaryPhy=1, secondaryPhy=0, advertisingSid=0xff, txPower=127, rssi=-84, periodicAdvInt=0x0
11-09 12:52:54.731 882 28614 I HYPER-HAL: [RequestManager.cpp]releaseLocked(): Released ID : 1866346
11-09 12:52:55.127 655 655 D io_stats: !@ 8,0 r 1985281 56287772 w 2158199 22870112 d 617172 117685608 f 0 329605 iot 2296888 0 th 0 0 0 pt 0 inp 0 0 208665.430
11-09 12:52:55.309 15995 16028 D BufferPoolAccessor2.0: bufferpool2 0xb4000072bf6bca68 : 5(19200 size) total buffers - 4(15360 size) used buffers - 7031309/7031389 (recycle/alloc) - 925/14062770 (fetch/transfer)
11-09 12:52:55.652 1268 3282 D SemWifiUsabilityStatsMonitor: onWifiUsabilityStats - seqNum 6259, isSameBssidAndFreq true
11-09 12:52:55.656 1268 1600 I SemWifiLinkQualityMonitor: Link Qos query: inf. ms / 0 Mbps
11-09 12:52:55.744 15995 16027 I MediaCodec: setCodecState state(0), called in 6
11-09 12:52:55.746 1268 1487 V ResourceManagerHelper-JNI: JNIMediaResourceHelper::notify eventType : 3, ext1 : 0, ext2 : 0
11-09 12:52:55.746 1268 1487 V ResourceManagerHelper-JNI: notify eventType : 3, ext1 : 0, ext2 : 0
11-09 12:52:55.747 418 527 V ResourceManagerHelper-JNI: JNIMediaResourceHelper::notify eventType : 3, ext1 : 0, ext2 : 0
11-09 12:52:55.747 418 527 V ResourceManagerHelper-JNI: notify eventType : 3, ext1 : 0, ext2 : 0
11-09 12:52:55.747 1268 1478 I SemMediaResourceHelper: onState
11-09 12:52:55.748 418 1011 I SemMediaResourceHelper: onState
11-09 12:52:55.748 418 1011 I DrmMediaResourceHelper: onStateChanged size = 1
11-09 12:52:55.748 418 1011 I DrmMediaResourceHelper: resource type: 2,,,isSecured : falseIsEncoder : truegetCodecState : 0getpid : 15995
