11-09 12:53:04.032 532 532 I ViewRootImpl@846fa1[LauncherActivity]: Relayout returned: old=(0,0,1080,2340) new=(0,0,1080,2340) req=(1080,2340)8 dur=3 res=0x2 s={false 0x0} ch=true seqId=0
11-09 12:53:04.032 532 532 I ViewRootImpl@846fa1[LauncherActivity]: stopped(true) old = false
11-09 12:53:04.033 532 532 I Launcher: !@Boot_DEBUG: Launcher.onStop()
11-09 12:53:04.033 532 532 I Launcher: !@Boot_EBS_D: Launcher.onStop()
11-09 12:53:04.033 532 532 I BaseActivity: removeActivityFlags, flags : 17
11-09 12:53:04.033 532 532 I WallpaperViewBlurController: dispatchTransactionSurface: mCurrentBlur = 150
11-09 12:53:04.034 532 712 I IMM_LC : hsifw() - flag : 0
11-09 12:53:04.034 532 712 I IMM_LC : hsifw() - mService.hideSoftInput
11-09 12:53:04.034 532 532 W LauncherAppWidgetHost: setShouldListenFlag, mFlags:7 flag:start on:false isFront:false
11-09 12:53:04.034 1268 4385 D InputMethodManagerService: hideSoftInput
11-09 12:53:04.034 1268 4328 I AppWidgetServiceImpl: stopListening callbacks : null
11-09 12:53:04.034 532 532 W LauncherAppWidgetHost: stopListening, mFlags:2 isFront:false
11-09 12:53:04.034 532 532 W Launcher.NotificationListener: removeNotificationsChangedListener
11-09 12:53:04.034 532 532 I Launcher.NotificationListener: unregisterObserver, this is not notificationService!!
11-09 12:53:04.034 532 532 I BadgeCountUpdaterImpl: onNotificationsChangedDisConnected
11-09 12:53:04.034 532 532 I DecorView: notifyKeepScreenOnChanged: keepScreenOn=false
11-09 12:53:04.034 1268 4385 W InputMethodManagerService: Ignoring hideSoftInput of uid 10141: com.android.internal.view.IInputMethodClient$Stub$Proxy@4b74c8a
11-09 12:53:04.035 532 532 I MSHandlerLifeCycle: removeMultiSplitHandler: no exist. decor=DecorView@8947856[LauncherActivity]
11-09 12:53:04.036 1268 4328 V WindowManager: Relayout Window{86ce6f5 u0 com.sec.android.app.launcher/com.sec.android.app.launcher.activities.LauncherActivity}: viewVisibility=8 req=1080x2340 d0
11-09 12:53:04.036 532 813 I LiveIconUpdateEventHandler: cancelMinuteChangeAlarm
11-09 12:53:04.038 532 813 I LiveIconUpdateEventHandler: cancelDateChangeAlarm
11-09 12:53:04.038 1268 4328 V WindowManager: Relayout hash=86ce6f5, pid=532, syncId=-1: mAttrs={(0,0)(fillxfill) sim={adjust=nothing} layoutInDisplayCutoutMode=shortEdges ty=BASE_APPLICATION fmt=TRANSPARENT wanim=0x10302f4
11-09 12:53:04.038 1268 4328 V WindowManager: fl=81910100
11-09 12:53:04.038 1268 4328 V WindowManager: pfl=1e020040
11-09 12:53:04.038 1268 4328 V WindowManager: vsysui=1700
11-09 12:53:04.038 1268 4328 V WindowManager: bhv=SHOW_TRANSIENT_BARS_BY_SWIPE
11-09 12:53:04.038 1268 4328 V WindowManager: fitSides= naviIconColor=0}
11-09 12:53:04.038 532 532 I ViewRootImpl@846fa1[LauncherActivity]: Relayout returned: old=(0,0,1080,2340) new=(0,0,1080,2340) req=(1080,2340)8 dur=2 res=0x2 s={false 0x0} ch=false seqId=0
11-09 12:53:04.039 1268 3103 E WindowManager: win=Window{86ce6f5 u0 com.sec.android.app.launcher/com.sec.android.app.launcher.activities.LauncherActivity} destroySurfaces: appStopped=true cleanupOnResume=false win.mWindowRemovalAllowed=false win.mRemoveOnExit=false win.mViewVisibility=8 caller=com.android.server.wm.ActivityRecord.destroySurfaces:6432 com.android.server.wm.ActivityRecord.destroySurfaces:6413 com.android.server.wm.ActivityRecord.notifyAppStopped:6477 com.android.server.wm.ActivityRecord.activityStopped:7064 com.android.server.wm.ActivityClientController.activityStopped:258 android.app.IActivityClientController$Stub.onTransact:613 com.android.server.wm.ActivityClientController.onTransact:136
11-09 12:53:04.039 1268 3103 I WindowManager: Destroying surface Surface(name=com.sec.android.app.launcher/com.sec.android.app.launcher.activities.LauncherActivity$_532)/@0x819d2fb called by com.android.server.wm.WindowStateAnimator.destroySurface:907 com.android.server.wm.WindowStateAnimator.destroySurfaceLocked:519 com.android.server.wm.WindowState.destroySurfaceUnchecked:4253 com.android.server.wm.WindowState.destroySurface:4227 com.android.server.wm.ActivityRecord.destroySurfaces:6432 com.android.server.wm.ActivityRecord.destroySurfaces:6413 com.android.server.wm.ActivityRecord.notifyAppStopped:6477 com.android.server.wm.ActivityRecord.activityStopped:7064
11-09 12:53:04.039 1268 3103 D ActivityTaskManager: mStartingWindow and mStartingData is null for token=ActivityRecord{59b5884 u0 com.sec.android.app.launcher/.activities.LauncherActivity} t142}
11-09 12:53:04.044 931 931 I Layer : id=18754 removeFromCurrentState com.sec.android.app.launcher/com.sec.android.app.launcher.activities.LauncherActivity$_532#18754 (160)
11-09 12:53:04.044 931 1016 I SurfaceFlinger: id=18764 Removed Surface(name=Task=1)/@0xa0c1993 - animation-leash of app_transition#18764 (160)
11-09 12:53:04.044 931 1184 I SurfaceFlinger: id=18766 Removed Surface(name=WallpaperWindowToken{afc033f token=android.os.Binder@c480499})/@0xbbe1950 - animation-leash of window_animation#18766 (160)
11-09 12:53:04.044 931 1184 I SurfaceFlinger: id=18765 Removed Surface(name=Task=291)/@0xc22feef - animation-leash of app_transition#18765 (160)
11-09 12:53:04.045 931 931 D SurfaceFlinger: GPIS:: requestGPIS
11-09 12:53:04.054 931 931 I SurfaceFlinger: id=18754 Removed com.sec.android.app.launcher/com.sec.android.app.launcher.activities.LauncherActivity$_532#18754 (160)
11-09 12:53:04.054 931 931 I Layer : id=18764 Destroyed Surface(name=Task=1)/@0xa0c1993 - animation-leash of app_transition#18764
11-09 12:53:04.054 931 931 I Layer : id=18765 Destroyed Surface(name=Task=291)/@0xc22feef - animation-leash of app_transition#18765
11-09 12:53:04.054 931 931 I Layer : id=18754 Destroyed com.sec.android.app.launcher/com.sec.android.app.launcher.activities.LauncherActivity$_532#18754
11-09 12:53:04.055 931 931 I Layer : id=18766 Destroyed Surface(name=WallpaperWindowToken{afc033f token=android.os.Binder@c480499})/@0xbbe1950 - animation-leash of window_animation#18766
11-09 12:53:04.058 882 28691 I HYPER-HAL: [RequestManager.cpp]releaseLocked(): Released ID : 832717
11-09 12:53:04.111 1179 1179 I dngz : onPause
11-09 12:53:04.171 1268 1952 D MdnieScenarioControlService: packageName : org.qtproject.example.vulkanunderqmlapp className : org.qtproject.qt.android.bindings.QtActivity
11-09 12:53:04.171 1268 1952 V MdnieScenarioControlService: setUIMode from UI function(3)
11-09 12:53:04.245 1268 1333 D SGM:GameManager: identifyForegroundApp. org.qtproject.example.vulkanunderqmlapp, mCurrentUserId: 0, callerUserId: 0
11-09 12:53:04.245 1268 1333 D SGM:PkgDataHelper: getGamePkgData(). org.qtproject.example.vulkanunderqmlapp
11-09 12:53:04.245 1268 1333 D SGM:SemGameManager: isForegroundGame(), ret=false
11-09 12:53:04.245 1268 28703 D TspStateManager: wrote command: cmd=1,45,7,15,702,15,2340, type=1
11-09 12:53:04.246 900 900 I sysinput:Touch: bypassCommand:136, OK set_grip_data,1,45,7,15,702,15,2340
11-09 12:53:04.246 1268 1505 D SysinputHAL_V1_3(V1_2): runTspCmdNoRead(1): set_grip_data,1,45,7,15,702,15,2340(0)
11-09 12:53:04.272 1268 1952 V MdnieScenarioControlService: mAclOffEnabled : false mAclPreviewState : false mAclCompensationState : false
11-09 12:53:04.297 882 28683 I HYPER-HAL: [ResourceManager.cpp]removeResource(): [CPULittleMinFreq] RemoveResource Request ID : 141778
11-09 12:53:04.298 882 28683 I HYPER-HAL: [RequestManager.cpp]releaseLocked(): Released ID : 141778
11-09 12:53:04.439 1179 1179 I dngz : onStop
11-09 12:53:04.553 931 931 D SurfaceFlinger: GPIS:: requestGPIS
11-09 12:53:04.747 1268 3282 D SemWifiUsabilityStatsMonitor: onWifiUsabilityStats - seqNum 6262, isSameBssidAndFreq true
11-09 12:53:04.748 1268 1492 D InputReader: Input event(12): value=1 when=208675.043444
11-09 12:53:04.748 1268 1492 D InputReader: !@notifyKey(116), action=0
11-09 12:53:04.748 1268 1492 D InputManager-JNI: !@interceptKeyBeforeQueueing(116), action=0, interactive=true
11-09 12:53:04.748 1268 1492 D WindowManager: interceptKeyTq keycode=26 interactive=true keyguardActive=false policyFlags=22000000
11-09 12:53:04.749 1268 1492 D PhoneWindowManagerExt: interceptKeyTq code=26 down=true repeatCount=0 displayId=-1 interactive=true
11-09 12:53:04.749 1268 1492 D PhoneWindowManagerExt: systemKeyEventRequested REMOVE_PASS
11-09 12:53:04.749 1268 1492 D WindowManager: interceptKeyTq interceptKeyResult=8
11-09 12:53:04.749 1268 1600 I SemWifiLinkQualityMonitor: Link Qos query: inf. ms / 0 Mbps
11-09 12:53:04.751 1268 1492 D InputManager-JNI: !@handleInterceptActions(116), action=0, wmActions=0
11-09 12:53:04.752 1268 1331 D CompatibilityChangeReporter: Compat change id reported: 173031413; UID 1000; state: ENABLED
11-09 12:53:04.752 1268 1331 D CompatibilityChangeReporter: Compat change id reported: 173031413; UID 1000; state: DISABLED
11-09 12:53:04.811 890 22395 I ExynosC2H264EncComponent: [onUpdateC2Work] got SYNC FRAME
11-09 12:53:04.837 874 1426 I Sensors : AutoRotation: data = -1550279512, time = 0
11-09 12:53:04.839 1268 1331 I WindowOrientationListener: OrientationSensorJudge.onSensorChanged, Rotation: 0
11-09 12:53:04.839 1695 1695 D AppController: AppControlSensorListener.onSensorChanged, Rotation: 0
11-09 12:53:04.839 1268 1331 V WindowManager: rotationForOrientation(orient=SCREEN_ORIENTATION_UNSPECIFIED (-1), last=ROTATION_0 (0)); user=ROTATION_0 (0)
11-09 12:53:04.839 1268 1331 D WindowManager: rotationForOrientation, orientationSource=ActivityRecord{2444f07 u0 org.qtproject.example.vulkanunderqmlapp/org.qtproject.qt.android.bindings.QtActivity} t291}
11-09 12:53:04.839 1268 1331 V WindowManager: Computed rotation=ROTATION_0 (0) for display id=0 based on lastOrientation=SCREEN_ORIENTATION_UNSPECIFIED (-1) and oldRotation=ROTATION_0 (0), caller=com.android.server.wm.DisplayContent.updateRotationUnchecked:2386 com.android.server.wm.WindowManagerService.updateRotationUnchecked:4697 com.android.server.wm.WindowManagerService.updateRotation:4678 com.android.server.wm.DisplayRotation$OrientationListener.onProposedRotationChanged:1865 com.android.server.wm.WindowOrientationListener$OrientationSensorJudge.finalizeRotation:1391 com.android.server.wm.WindowOrientationListener$OrientationSensorJudge.onSensorChanged:1321
11-09 12:53:04.856 1268 1492 D InputReader: Input event(12): value=0 when=208675.158952
11-09 12:53:04.856 1268 1492 D InputReader: !@notifyKey(116), action=1
11-09 12:53:04.856 1268 1492 D InputManager-JNI: !@interceptKeyBeforeQueueing(116), action=1, interactive=true
11-09 12:53:04.856 1268 1492 D WindowManager: interceptKeyTq keycode=26 interactive=true keyguardActive=false policyFlags=22000000
11-09 12:53:04.856 1268 1492 D PhoneWindowManagerExt: interceptKeyTq code=26 down=false repeatCount=0 displayId=-1 interactive=true
11-09 12:53:04.856 1268 1492 D PhoneWindowManagerExt: systemKeyEventRequested REMOVE_PASS
11-09 12:53:04.856 1268 1492 D WindowManager: interceptKeyTq interceptKeyResult=8
11-09 12:53:04.856 1268 1331 D PhoneWindowManagerExt: Can not take screenshot, triggered=false event=KeyEvent { action=ACTION_UP, keyCode=KEYCODE_POWER, scanCode=116, metaState=0, flags=0x8, repeatCount=0, eventTime=208675158952000, downTime=208675043444000, deviceId=2, source=0x101, displayId=-1 }
11-09 12:53:04.856 1268 1331 D PhoneWindowManagerExt: Can not take screenshot, triggered=false event=null
11-09 12:53:04.856 1268 1492 D InputManager-JNI: !@handleInterceptActions(116), action=1, wmActions=0
11-09 12:53:05.027 1268 1268 I SingleKeyGesture: Detect press KEYCODE_POWER, count 1
11-09 12:53:05.027 1268 1268 I Telecom:SamsungTelecomServiceImpl: isRinging - callingPackage : android
11-09 12:53:05.027 1268 1268 D WindowManager: powerPress: eventTime=208675043 interactive=true count=1 beganFromNonInteractive=false mShortPressOnPowerBehavior=1 systemKeyRequested=false
11-09 12:53:05.027 1268 1268 D PowerManagerService: [api] goToSleep (uid: 1000 pid: 1268) eventTime = 208675043
11-09 12:53:05.027 1268 1268 I PowerManagerService: !@Screen__Off(d) - 276 : goToSleep: (uid: 1000 pid: 1268) (power_button)
11-09 12:53:05.027 1268 1268 I PowerGroup: Powering off display group due to power_button (groupId= 0, uid= 1000)...
11-09 12:53:05.027 1268 1268 D InputManager-JNI: setInteractiveForInternalDisplay(false)
11-09 12:53:05.027 1268 1268 I PowerManagerService: Going to sleep due to power_button (uid 1000)...
11-09 12:53:05.028 1268 1268 D InputManager-JNI: setInteractive(false)
11-09 12:53:05.028 1268 1506 D InputMethodManagerService: isImeSwitcherDisabledPackage : false
11-09 12:53:05.028 1268 1367 D DisplayPowerController[0]: animateScreenStateChange: target=1, mLogicalDisplay.isEnabled()=true
11-09 12:53:05.028 1268 1367 D ColorFade: ColorFade start [PREPARE] : mode=3
11-09 12:53:05.029 1268 1268 D PowerManagerService: displayReady: false groupId=0
11-09 12:53:05.029 1268 1367 D ColorFade: ColorFade start display info.
11-09 12:53:05.029 1268 1268 D PowerManagerService: Setting HAL interactive mode to false
11-09 12:53:05.029 20959 20959 D InputMethodManager: startInputInner - Id : 0
11-09 12:53:05.029 20959 20959 I InputMethodManager: startInputInner - mService.startInputOrWindowGainedFocus
11-09 12:53:05.029 867 983 I display : [PrimaryDisplay] getColorModes:: Supported color modes [7, 7] (SRGB)
11-09 12:53:05.029 867 983 I display : [PrimaryDisplay] getColorModes:: Supported color modes [9, 9] (DISPLAY_P3)
11-09 12:53:05.029 867 983 I display : [PrimaryDisplay] getColorModes:: Supported color modes [0, 0] (NATIVE)
11-09 12:53:05.030 1268 1268 I WindowManager: Started going to sleep... (why=OFF_BECAUSE_OF_USER)
11-09 12:53:05.030 1268 3103 D InputMethodManagerService: DESKTOP MODE! : 2
11-09 12:53:05.030 1695 2760 D KeyguardViewMediator: onStartedGoingToSleep(2)
11-09 12:53:05.030 1268 1331 D SEP_UNION_SemUnionMainServiceImpl: screenTurnOff
11-09 12:53:05.030 1268 1331 D SEP_UNION_FriendsManagerService: screenTurnOff
11-09 12:53:05.030 1268 1331 V SEP_UNION_FrsSvc_FrsImpl: executeAction 0x210002
11-09 12:53:05.030 1268 1331 V SEP_UNION_FrsSvc_ActionDispatcher: execute 0x210002
11-09 12:53:05.030 1268 1331 V SEP_UNION_FrsSvc_ExecAccessMgr: system uid
11-09 12:53:05.030 1268 1331 V SEP_UNION_FrsSvc_ActionDispatcher: submit task[276]
11-09 12:53:05.030 1268 3549 V SEP_UNION_FrsSvc_Task: Task[276] begins - action[0x210002]
11-09 12:53:05.030 1268 3549 V SEP_UNION_FrsSvc_ExecScreenTurnedOff: no LockScreen
11-09 12:53:05.030 1268 3549 V SEP_UNION_FrsSvc_Task: Task[276] ends - action[0x210002]
11-09 12:53:05.031 1268 3103 D InputMethodManagerService: NOT IN KNOX DESKTOP MODE!
11-09 12:53:05.031 1268 3103 V InputMethodManagerService: getDisplayIdOfInputMethodWindowToBeAdded: displayId=0
11-09 12:53:05.031 1268 1367 D ColorFade: ColorFade end display info.
11-09 12:53:05.031 1268 1367 D ColorFade: ColorFade start screenshot.
11-09 12:53:05.031 1268 3103 D InputMethodManagerService: isImeSwitcherDisabledPackage : false
11-09 12:53:05.031 1268 3103 D InputMethodManagerService: checkDisplayOfStartInputAndUpdateKeyboard: displayId=0, mFocusedDisplayId=0
11-09 12:53:05.031 1268 3103 D InputTransport: Input channel constructed: 'ClientS', fd=932
11-09 12:53:05.031 1268 3103 D InputTransport: Input channel destroyed: 'ClientS', fd=932
11-09 12:53:05.034 897 28716 I Sec MiscPowerHAL: !@sysfs_write +: /sys/class/sec/tsp/input/enabled: 0
11-09 12:53:05.035 1268 4328 D DARUtil : Device owner status not updated yet...
11-09 12:53:05.035 1268 4328 D DARUtil : Not an enterprise user : 0
11-09 12:53:05.035 1268 4328 D DARUtil : Device owner status not updated yet...
11-09 12:53:05.035 1268 4328 D DARUtil : Not an enterprise user : 0
11-09 12:53:05.035 2280 2280 I HBD : HoneyBoardService onFinishInput
11-09 12:53:05.035 2280 2280 I HBD : a IC have been unbinding, RemoteInputConnection{idHash=#ce6e050}
11-09 12:53:05.035 2280 2280 I HBD : HoneyBoardService [PF_CL][onFinishInput] 0 ms
11-09 12:53:05.035 897 28717 I Sec MiscPowerHAL: !@sysfs_write +: /sys/class/power_supply/battery/lcd: 0
11-09 12:53:05.036 2280 2280 I HBD : HoneyBoardService [IMI] onStartInput - caller pid : 20959 , caller uid : 10402
11-09 12:53:05.036 1695 2760 D KeyguardUpdateMonitor: isUserUnlocked userId:0, unlocked:true
11-09 12:53:05.036 1695 2760 D FactoryTest: checkAutomationTestOption() : option=0
11-09 12:53:05.036 2280 2280 I HBD : j updateConfigs
11-09 12:53:05.037 897 28717 I Sec MiscPowerHAL: !@sysfs_write -: /sys/class/power_supply/battery/lcd: 0
11-09 12:53:05.037 1695 2760 D FactoryTest: checkAutomationTestOption() : mode_screenlock=0
11-09 12:53:05.037 1268 1492 D InputReader: Input event(6): value=1 when=208675.340344
11-09 12:53:05.037 2280 2280 I HBD : j isEnabledNightMode : true
11-09 12:53:05.037 1268 1492 D InputReader: Input event(6): value=0 when=208675.340374
11-09 12:53:05.037 2280 2280 I HBD : a IC have been binding, RemoteInputConnection{idHash=#ce6e050}
11-09 12:53:05.037 2280 2280 I HBD : h [EditorInputType]setPrivateImeOptionsToTable privateImeOptions ( null )
11-09 12:53:05.037 2280 2280 I HBD : b incognitoMode : false
11-09 12:53:05.038 2280 2280 I HBD : a needOff = true , isForceOff = false, isNullInputClass : true
11-09 12:53:05.038 2280 2280 I HBD : h getDefaultInputRange : UNKNOWN
11-09 12:53:05.038 2280 2280 I HBD : h getDefaultInputRange : UNKNOWN
11-09 12:53:05.038 2280 2280 I HBD : h getDefaultInputRange : UNKNOWN
11-09 12:53:05.039 1268 1492 D InputDispatcher: Info: 225 bCancel: 1
11-09 12:53:05.039 882 28675 I HYPER-HAL: [RequestManager.cpp]releaseLocked(): Released ID : 8935902
11-09 12:53:05.039 1695 1695 D PickupController: onStartedGoingToSleep()
11-09 12:53:05.040 1695 1695 I PluginLockMediatorImpl: onStartedGoingToSleep why :2
11-09 12:53:05.040 1268 3103 D DARUtil : Device owner status not updated yet...
11-09 12:53:05.040 1268 3103 D DARUtil : Not an enterprise user : 0
11-09 12:53:05.040 1268 3103 D DARUtil : Device owner status not updated yet...
11-09 12:53:05.040 1268 3103 D DARUtil : Not an enterprise user : 0
11-09 12:53:05.040 1695 1695 D PluginLockDelegateApp: onStartedGoingToSleep enabled: true aodClockTransition : false
11-09 12:53:05.040 1695 1695 I DymLock|DynamicLockManager: onStartedGoingToSleep() aodTransition[false]
11-09 12:53:05.040 1695 1695 I DymLock|DynamicLockManager: notifyAction action[SCREEN_OFF] arg[false]
11-09 12:53:05.040 1695 1695 D PluginLockDelegateSysUi: setViewMode : 0
11-09 12:53:05.041 1695 1695 D PluginLockMediatorImpl: onViewModeChanged mode: 0, mStateListenerList.size(): 13
11-09 12:53:05.041 1695 1695 D KeyguardTouchDymLockInjector: onViewModeChanged mViewMode[0], newMode[0]
11-09 12:53:05.041 1695 1695 D KeyguardSecIndicationController: onViewModeChanged mode: 0
11-09 12:53:05.041 1695 1695 D LockIconViewController: onViewModeChanged mode: 0
11-09 12:53:05.041 1695 1695 D PanelView: onViewModeChanged : 0
11-09 12:53:05.041 1695 1695 D PanelView: setViewMode, newMode:0, oldMode:0
11-09 12:53:05.041 1695 1695 D KeyguardSecBottomAreaView: onViewModeChanged() ShortcutInvisible: false
11-09 12:53:05.041 1695 1695 D LockScreenNotiIconCoordinator: onViewModeChanged, mode: 0
11-09 12:53:05.041 1695 1695 D PluginLockStarManager: onViewModeChanged : 0
11-09 12:53:05.041 1695 1695 D FaceWidgetViewModel: updateLockStarViewMode
11-09 12:53:05.041 1695 1695 D FaceWidgetViewModel: shouldContainerVisible() reason = (view mode) false - keyguard is not visible (false, false)
11-09 12:53:05.041 1695 28719 I DymLock|NotifyActions: notifyActions() screen[0], action[screen_off]
11-09 12:53:05.041 1695 1695 D NotificationShadeWindowController: onViewModeChanged mode : 0
11-09 12:53:05.041 1695 28719 I DymLock|SystemUiUseCase: call action[screen_off]
11-09 12:53:05.041 1695 1695 D NotificationShadeWindowController: prepareToRemoveBlurDimEffect
11-09 12:53:05.041 1695 1695 I DymLock|BaseAnimator: setTouchIgnored() true
11-09 12:53:05.041 1695 1695 I DymLock|DynamicLockContainer: onStartedGoingToSleep(): get lock screen data
11-09 12:53:05.041 1268 3103 I ActivityManager: Changes in 10061 19 to 5, 0 to 8
11-09 12:53:05.044 27427 27440 I DymLock|330531|DynamicLockProvider: call() action[screen_off]
11-09 12:53:05.045 914 914 V APM_AudioPolicyManager: setAppState(portId:400, state:2)
11-09 12:53:05.048 914 914 V APM_AudioPolicyManager: setAppState(portId:400, state:2)
11-09 12:53:05.049 2280 2280 I HBD : a needOff = true , isForceOff = false, isNullInputClass : true
11-09 12:53:05.049 2280 2280 I HBD : a update cached prediction status : false
11-09 12:53:05.049 2280 2280 I HBD : h getDefaultInputRange : UNKNOWN
11-09 12:53:05.049 2280 2280 I HBD : a currentState : 0
11-09 12:53:05.050 1695 1695 I DymLock|WallpaperStore: do action : switch_lock_wallpaper
11-09 12:53:05.050 1695 1695 I DymLock|WallpaperStore: switchLockWallpaper, screen[0] switcher[0] action[1]
11-09 12:53:05.050 1695 1695 D KeyguardUpdateMonitor: updateBiometricListeningState()
11-09 12:53:05.050 1695 1695 D KeyguardFingerprint: shouldListenForFingerprint ( isFingerprintEnabled = false , mKeyguardIsVisible = false , mDeviceInteractive = true , mBouncerIsOrWillBeShowing = false , mBouncerFullyShown = false , mGoingToSleep = true , mSwitchingUser = false , mKeyguardUnlocking = false , mKeyguardGoingAway = true , mKeyguardShowing = false , mKeyguardOccluded = false , mSystemReady = true , mHasFocus = false
11-09 12:53:05.050 1695 1695 D KeyguardFingerprint: updateFingerprintListeningState#mFingerprintRunningState=0 shouldListenForFingerprint=false isUdfpsEnrolled=false bioType : 1
11-09 12:53:05.050 1695 1695 D KeyguardUpdateMonitor: setKeyguardGoingAway( true -> false )
11-09 12:53:05.050 1695 1695 D KeyguardUpdateMonitor: updateBiometricListeningState()
11-09 12:53:05.050 1695 1695 D KeyguardFingerprint: shouldListenForFingerprint ( isFingerprintEnabled = true , mKeyguardIsVisible = false , mDeviceInteractive = true , mBouncerIsOrWillBeShowing = false , mBouncerFullyShown = false , mGoingToSleep = true , mSwitchingUser = false , mKeyguardUnlocking = false , mKeyguardGoingAway = false , mKeyguardShowing = false , mKeyguardOccluded = false , mSystemReady = true , mHasFocus = false
11-09 12:53:05.051 1695 1695 D KeyguardFingerprint: updateFingerprintListeningState#mFingerprintRunningState=0 shouldListenForFingerprint=true isUdfpsEnrolled=false bioType : 1
11-09 12:53:05.051 1695 28719 I DymLock|SystemUiUseCase: call action[get_next_lock_wallpaper]
11-09 12:53:05.051 2280 2280 I HBD : h load selected json path : /data/data/com.samsung.android.honeyboard/files/selected.json
11-09 12:53:05.051 2280 2280 I HBD : h load selected json info : {"version":"4.1","currentLanguageOrder":0,"selected":[{"activeOptionList":["auto_replace","auto_spacing"],"engName":"Polish","id":3211264,"inputType":"qwerty","isUsed":true}]}
11-09 12:53:05.051 27427 27440 I DymLock|330531|DynamicLockProvider: call() action[get_next_lock_wallpaper]
11-09 12:53:05.051 1695 1695 V KeyguardUpdateMonitor: startListeningForFingerprint()
11-09 12:53:05.051 2280 2280 I HBD : a [UpdatePolicy] [post] a: 0 cl: 3211264 kit: [0/0] vt: 0 ir: 1
11-09 12:53:05.052 2280 2280 I HBD : a [NRIC] resetNoResponseState
11-09 12:53:05.052 2280 2280 I HBD : a needOff = true , isForceOff = false, isNullInputClass : true
11-09 12:53:05.052 2280 2280 I HBD : a update cached prediction status : false
11-09 12:53:05.052 1695 1695 V KeyguardFingerprint: startListeningForFingerprint() 273, callers: com.android.keyguard.KeyguardSecUpdateMonitorImpl.updateFingerprintListeningState:3576 com.android.keyguard.KeyguardSecUpdateMonitorImpl.updateBiometricListeningState:3464 com.android.keyguard.KeyguardUpdateMonitor.setKeyguardGoingAway:694 com.android.keyguard.KeyguardSecUpdateMonitorImpl.setKeyguardGoingAway:3493 com.android.keyguard.KeyguardUpdateMonitor.handleKeyguardGoingAway:1975
11-09 12:53:05.052 897 28716 I Sec MiscPowerHAL: !@sysfs_write -: /sys/class/sec/tsp/input/enabled: 0
11-09 12:53:05.053 2280 2280 I HBD : HoneyBoardService [PF_OP][onStartInput] 17 ms
11-09 12:53:05.053 931 2737 D NativeSemDvfsManager: acquire:: timeout = 2000 mIsAcquired = 1 mTagName : SurfaceFlinger
11-09 12:53:05.054 931 2737 E NativeCustomFrequencyManager: [NativeCFMS] BpCustomFrequencyManager::acquire()
11-09 12:53:05.055 1695 28719 I DymLock|WallpaperStore: lockWallpaperChanged : screen[0] action[1] wallpaperChanged[false]
11-09 12:53:05.055 1695 28719 I DymLock|WallpaperStore: lockWallpaperChanged : str is null
11-09 12:53:05.055 882 978 I HYPER-HAL: [RequestManager.cpp]acquire(): Acquired ID : 1866346 [931 / 1000] HINT : SF_GPU_MINLOCK list : [TIMEOUT / 2000]
11-09 12:53:05.055 1268 4328 I FingerprintService: semAuthenticate: [0] from pkg=com.android.systemui
11-09 12:53:05.055 1268 4328 D BiometricUtils: isEncrypted: false isLockdown: false
11-09 12:53:05.056 1268 4328 D WifiDisplayAdapter: getWifiDisplayStatusLocked: result=WifiDisplayStatus{featureState=2, scanState=0, activeDisplayState=0, activeDisplay=null, displays=[], sessionInfo=WifiDisplaySessionInfo:
11-09 12:53:05.056 1268 4328 D WifiDisplayAdapter: Client/Owner: Client
11-09 12:53:05.056 1268 4328 D WifiDisplayAdapter: GroupId:
11-09 12:53:05.056 1268 4328 D WifiDisplayAdapter: Passphrase:
11-09 12:53:05.056 1268 4328 D WifiDisplayAdapter: SessionId: 0
11-09 12:53:05.056 1268 4328 D WifiDisplayAdapter: IP Address: }
11-09 12:53:05.056 931 931 D SurfaceFlinger: GPIS:: requestGPIS
11-09 12:53:05.056 1268 1585 D BiometricScheduler/SemFingerprint30: [Added] {[1041] com.android.server.biometrics.sensors.fingerprint.hidl.FingerprintUpdateActiveUserClient, proto=1, owner=android, cookie=0, requestId=-1, userId=0}, new queue size: 1
11-09 12:53:05.056 1268 1585 D BiometricScheduler/SemFingerprint30: [Polled] {[1041] com.android.server.biometrics.sensors.fingerprint.hidl.FingerprintUpdateActiveUserClient, proto=1, owner=android, cookie=0, requestId=-1, userId=0}, State: 0
11-09 12:53:05.056 1268 1585 D BiometricScheduler/SemFingerprint30: [Started] {[1041] com.android.server.biometrics.sensors.fingerprint.hidl.FingerprintUpdateActiveUserClient, proto=1, owner=android, cookie=0, requestId=-1, userId=0}
11-09 12:53:05.056 1268 1585 D FingerprintUpdateActiveUserClient: Already user: com.android.server.biometrics.sensors.fingerprint.hidl.Fingerprint21$$ExternalSyntheticLambda1@a9889a9, returning
11-09 12:53:05.056 1695 1695 D KeyguardUpdateMonitor: fingerprintRunningState: 1
11-09 12:53:05.056 1268 1585 D BiometricSchedulerOperation: [Finished / destroy]: {[1041] com.android.server.biometrics.sensors.fingerprint.hidl.FingerprintUpdateActiveUserClient, proto=1, owner=android, cookie=0, requestId=-1, userId=0}
11-09 12:53:05.056 1268 1585 V BiometricSchedulerOperation: started: {[1041] com.android.server.biometrics.sensors.fingerprint.hidl.FingerprintUpdateActiveUserClient, proto=1, owner=android, cookie=0, requestId=-1, userId=0}, State: 5
11-09 12:53:05.057 1695 1695 D KeyguardFingerprint: mFpInDisplayState is changed : 0 -> 1
11-09 12:53:05.057 1268 4328 I FingerprintService.Ext: setScreenStatusFromKeyguard: false
11-09 12:53:05.057 1268 1585 D BiometricSysUiManager: bind: started
11-09 12:53:05.057 1695 1695 D KeyguardViewMediator: handleMessage 17
11-09 12:53:05.058 1268 1367 D ColorFade: ColorFade end screenshot.
11-09 12:53:05.058 1695 1695 D KeyguardViewMediator: handleNotifyStartedGoingToSleep
11-09 12:53:05.058 931 2480 I SurfaceFlinger: id=18779 createSurf flag=80004, ColorFade_d0#18779
11-09 12:53:05.058 1695 1695 V SettingsHelper: *** register listener for com.android.systemui.keyguard.KeyguardViewMediatorHelperImpl$$ExternalSyntheticLambda1@8d09614
11-09 12:53:05.058 931 2480 I SurfaceFlinger: id=18780 createSurf flag=40400, ColorFade BLAST_d0#18780
11-09 12:53:05.059 1268 1367 D BLASTBufferQueue: new BLASTBufferQueue, mNativeObject= 0xb40000799ab4c850 name= ColorFade sc.mNativeObject= 0xb40000792aca4350 caller= com.android.server.display.ColorFade.createSurfaceControl:742 com.android.server.display.ColorFade.prepare:245 com.android.server.display.DisplayPowerState.prepareColorFade:233 com.android.server.display.DisplayPowerController.animateScreenStateChange:3324 com.android.server.display.DisplayPowerController.updatePowerState:1839 com.android.server.display.DisplayPowerController.-$$Nest$mupdatePowerState:0 com.android.server.display.DisplayPowerController$DisplayControllerHandler.handleMessage:4178 android.os.Handler.dispatchMessage:106 android.os.Looper.loopOnce:226 android.os.Looper.loop:313
11-09 12:53:05.059 1268 1367 D BLASTBufferQueue: update, w= 1080 h= 2340 mNativeObject= 0xb40000799ab4c850 sc.mNativeObject= 0xb40000792aca4350 format= -1 caller= android.graphics.BLASTBufferQueue.:76 com.android.server.display.ColorFade.createSurfaceControl:742 com.android.server.display.ColorFade.prepare:245 com.android.server.display.DisplayPowerState.prepareColorFade:233 com.android.server.display.DisplayPowerController.animateScreenStateChange:3324 com.android.server.display.DisplayPowerController.updatePowerState:1839
11-09 12:53:05.059 1695 1695 D SecLifecycle: wakefulness=3
11-09 12:53:05.059 1695 1695 D KeyguardWallpaperEventHandler: onStartedGoingToSleep())
11-09 12:53:05.059 1695 1695 D KeyguardWallpaperEventHandler: sendMessage(), what = 833 , obj = null , arg1 = -1 , arg2 = -1
11-09 12:53:05.060 1695 1695 D KeyguardEditModeController: onStartedGoingToSleep
11-09 12:53:05.060 1268 1367 D ColorFade: ColorFade start egl and surface.
11-09 12:53:05.060 1695 1695 D KeyguardSecIndicationPolicy: removeAll
11-09 12:53:05.060 1268 1367 W vulkan : CreateSwapchainKHR(VkSwapchainCreateInfoKHR.imageColorSpace = 1000104013) failed: Unsupported color space, but assume as Success for ANGLE.
11-09 12:53:05.061 1268 1367 D ColorFade: ColorFade setScreenshot
11-09 12:53:05.061 1695 1695 D FaceWidgetViewModel: onStartedGoingToSleep()
11-09 12:53:05.061 1695 1695 D FaceWidgetMusicPageShownManager: mCurrentMediaData is NULL
11-09 12:53:05.061 1695 1695 D FaceWidgetMusicPageShownManager: updateMusicPageShownState() show = false, reattach = false, reason = sleep
11-09 12:53:05.061 1695 1695 D FaceWidgetMusicPageShownManager: skip to show media panel
11-09 12:53:05.061 1695 1695 D FaceWidgetContainerObserver: onChanged() FaceWidgetContainerLiveData{mIsContainerVisible=false, mClipLayoutVisibility=0, mRotation=0, mIsOwnerVisible=8, mOwnerInfoGravity=17, mAdditionalInfoGravity=17, mClockSideStartPadding=72, mClockSideEndPadding=72, mMusicSideStartPadding=30, mMusicSideEndPadding=30, mInfoSideStartPadding=72, mInfoSideEndPadding=72, mClipLayoutWidth = -1, mIsUpdateOwnerInfoText=false, mAdditionalInfoRemoteView=null, mHasCMAS=false, mIsAdditionalViewGoingToSleep=false, mConfig=CustomConfiguration{fontScale=1.0, screenLayout=268435810, orientation=1, screenWidthDp=360, screenHeightDp=705, smallestScreenWidthDp=360, densityDpi=480, uiMode=33, isRTL=false, mConfiguration={1.0 ?mcc?mnc [en_US,pl_PL] ldltr sw360dp w360dp h705dp 480dpi nrml long port night finger -keyb/v/h -nav/h winConfig={ mBounds=Rect(0, 0 - 1080, 2340) mAppBounds=Rect(0, 81 - 1080, 2196) mMaxBounds=Rect(0, 0 - 1080, 2340) mDisplayRotation=ROTATION_0 mWindowingMode=fullscreen mDisplayWindowingMode=fullscreen mActivityType=undefined mAlwaysOnTop=undefined mRotation=ROTATION_0 mPopOver=undefined mStageConfig=undefined mFreeformTaskPinningState=undefined mFreeformStashState=undefined} as.3 s.3295 fontWeightAdjustment=0 ff=0 bf=0 bts=0 desktop/d dm/n ?dc ?dcui themeSeq=0}}}
11-09 12:53:05.061 1695 1695 D FaceWidgetOwnerInfoView: updateOwnerInfo(hasCMAS): 0
11-09 12:53:05.061 1695 1695 D FaceWidgetOwnerInfoManager: getOwnerInfo() bottom concept
11-09 12:53:05.061 1695 1695 D FaceWidgetPagesController: onGravityChanged()
11-09 12:53:05.062 1695 1695 D FaceWidgetClockPage: setClockGravity() gravity = 49
11-09 12:53:05.062 1695 1695 D KeyguardUpdateMonitor: handleDlsBiometricMode(), enabled=false
11-09 12:53:05.062 1268 1367 D ColorFade: ColorFade end egl and surface.
11-09 12:53:05.062 1268 1367 D ColorFade: ColorFade start init GL.
11-09 12:53:05.063 1268 1585 D CompatibilityChangeReporter: Compat change id reported: 168419799; UID 1000; state: DISABLED
11-09 12:53:05.064 1268 1367 D ColorFade: ColorFade end init GL.
11-09 12:53:05.064 1268 1367 D ColorFade: ColorFade start dejank.
11-09 12:53:05.066 1695 1695 D SecVolume.SecVolumeStore: dispatch [ACTION_DISMISS_REQUESTED] with [STATE_NO_DISPATCH]
11-09 12:53:05.066 1695 1695 D SecVolume.SecVolumeStore: > New State : [STATE_NO_DISPATCH]
11-09 12:53:05.066 1268 1585 I FingerprintService: FingerprintClientExt: 11011, 0
11-09 12:53:05.066 1268 1585 D BiometricScheduler/SemFingerprint30: [Added] {[1042] com.android.server.biometrics.sensors.fingerprint.hidl.FingerprintAuthenticationClient, proto=3, owner=com.android.systemui, cookie=0, requestId=273, userId=0}, new queue size: 1
11-09 12:53:05.066 1268 1585 V BiometricScheduler/SemFingerprint30: Not idle, current operation: {[1041] com.android.server.biometrics.sensors.fingerprint.hidl.FingerprintUpdateActiveUserClient, proto=1, owner=android, cookie=0, requestId=-1, userId=0}, State: 5
11-09 12:53:05.066 1268 1585 D BiometricScheduler/SemFingerprint30: [Finishing] {[1041] com.android.server.biometrics.sensors.fingerprint.hidl.FingerprintUpdateActiveUserClient, proto=1, owner=android, cookie=0, requestId=-1, userId=0}, success: true
11-09 12:53:05.066 1268 1585 D BiometricScheduler/SemFingerprint30: [Polled] {[1042] com.android.server.biometrics.sensors.fingerprint.hidl.FingerprintAuthenticationClient, proto=3, owner=com.android.systemui, cookie=0, requestId=273, userId=0}, State: 0
11-09 12:53:05.066 1268 1585 D GestureAvailabilityTracker: Notifying gesture availability, active=false
11-09 12:53:05.066 1268 1585 D BiometricScheduler/SemFingerprint30: [Started] {[1042] com.android.server.biometrics.sensors.fingerprint.hidl.FingerprintAuthenticationClient, proto=3, owner=com.android.systemui, cookie=0, requestId=273, userId=0}
11-09 12:53:05.066 1268 1585 D BiometricCoexCoordinator: addAuthenticationClient(Udfps), client: {[1042] com.android.server.biometrics.sensors.fingerprint.hidl.FingerprintAuthenticationClient, proto=3, owner=com.android.systemui, cookie=0, requestId=273, userId=0}
11-09 12:53:05.066 1268 1585 D BiometricStateCallback: State updated from 0 to 2, client {[1042] com.android.server.biometrics.sensors.fingerprint.hidl.FingerprintAuthenticationClient, proto=3, owner=com.android.systemui, cookie=0, requestId=273, userId=0}
11-09 12:53:05.067 1268 1585 D Biometrics/AuthenticationClient: Requesting auth for com.android.systemui
11-09 12:53:05.067 1104 1104 I vendor.samsung.hardware.biometrics.fingerprint@3.0-service: authenticate(sid=0, gid=0)
11-09 12:53:05.067 1104 1104 I bauth_service: BAuthService, 350
11-09 12:53:05.067 1104 1104 I bauth_service: BAuthService, 65
11-09 12:53:05.071 1104 28722 I bauth_FPBAuthService: wci 76 76
11-09 12:53:05.071 1104 28722 I bauth_FPQCBAuthSensorControl: FPQCBAuthSensorControl, 519
11-09 12:53:05.071 1104 28722 I bauth_FPBAuthService: isi
11-09 12:53:05.071 1104 28722 I bauth_FPBAuthService: acsf 2
11-09 12:53:05.071 1104 28722 I bauth_FPBAuthService: BAuthSessionOpen Skip
11-09 12:53:05.071 1104 28722 I TLC_BAUTH: Call FP cmd 0xc (108)
11-09 12:53:05.071 1104 28722 I bauth_FPBAuthService: check_opcode status = 5, opcode = 0, func_ret_val = 0, function_status = 0, timeout = 0
11-09 12:53:05.071 1104 28722 I bauth_FPQCBAuthSensorControl: FPQCBAuthSensorControl, 188
11-09 12:53:05.071 1104 28722 I qfp-vendorlib: QFPControl_DeviceSpiCtrl 1
11-09 12:53:05.072 1104 28722 I bauth_FPQCBAuthSensorControl: scc 1
11-09 12:53:05.072 1104 28722 I bauth_FPQCBAuthSensorControl: FPQCBAuthSensorControl, 519
11-09 12:53:05.072 1104 28722 I bauth_FPBAuthService: isi
11-09 12:53:05.072 1104 28722 I bauth_FPBAuthService: acsf 2
11-09 12:53:05.072 1104 28722 I bauth_FPBAuthService: sfqdbtz : timestamp:1699530785
11-09 12:53:05.072 1104 28722 I TLC_BAUTH: Call FP cmd 0xc (101)
11-09 12:53:05.072 1104 28722 I TLC_BAUTH: Check Input Data Param buf addr = 0x0x0 , length = 0
11-09 12:53:05.072 1104 1689 I qfp-vendorlib: read ipc cancel count 1
11-09 12:53:05.072 1104 1689 I qfp-vendorlib: QFPControl_DeviceWaitIPC exit with 4
11-09 12:53:05.072 1104 1689 E bauth_FPQCBAuthSensorControl: BAuthDeviceWaitIPC sys call failed : 4
11-09 12:53:05.072 1104 1689 I bauth_FPBAuthService: FPBAuthService, 9721
11-09 12:53:05.072 1104 1689 I bauth_FPQCBAuthSensorControl: FPQCBAuthSensorControl, 264
11-09 12:53:05.072 1104 1689 I qfp-vendorlib: QFPControl_DeviceEnableIPC 0
11-09 12:53:05.073 1104 1689 I bauth_FPBAuthService: FPBAuthService, 9902
11-09 12:53:05.076 1268 1367 D BLASTBufferQueue: [ColorFade#270](f:0,a:0) onFrameAvailable the first frame is available
11-09 12:53:05.078 1104 1104 I bauth_Worker: Worker, 55
11-09 12:53:05.078 1104 1104 I bauth_FPBAuthService: thread id : 3, preenroll_flag : 0, nd cnt : 0, cso : 0, et : 0
11-09 12:53:05.078 1104 1104 I bauth_service: BAuthService, 391
11-09 12:53:05.078 1104 1104 I bauth_service: BAuthService, 2651
11-09 12:53:05.078 1104 1104 I bauth_service: BAuthService, 65
11-09 12:53:05.078 1104 1104 I bauth_service: BAuthService, 81
11-09 12:53:05.078 1104 1104 I bauth_service: BAuthService, 2661
11-09 12:53:05.078 1104 1104 I bauth_service: BAuthService, 2688
11-09 12:53:05.079 1268 1585 V BiometricSchedulerOperation: started: {[1042] com.android.server.biometrics.sensors.fingerprint.hidl.FingerprintAuthenticationClient, proto=3, owner=com.android.systemui, cookie=0, requestId=273, userId=0}, State: 2
11-09 12:53:05.080 20620 20620 I BSS_SysUiManager: handleMessage = 1, 247928677, 4
11-09 12:53:05.092 1268 4328 I UcmService: getKeyguardStorageForCurrentUser : 0
11-09 12:53:05.095 20620 20620 E ThemeUtils: View class com.airbnb.lottie.LottieAnimationView is an AppCompat widget that can only be used with a Theme.AppCompat theme (or descendant).
11-09 12:53:05.099 1268 1367 D ColorFade: ColorFade end dejank.
11-09 12:53:05.099 1268 1367 D ColorFade: ColorFade End [PREPARE] : mode=3,