11-09 12:52:27.953 28411 28502 D StrictMode: at java.util.concurrent.ThreadPoolExecutor.runWorker(ThreadPoolExecutor.java:1145)
11-09 12:52:27.953 28411 28502 D StrictMode: at java.util.concurrent.ThreadPoolExecutor$Worker.run(ThreadPoolExecutor.java:644)
11-09 12:52:27.953 28411 28502 D StrictMode: at cgcw.run(PG:3)
11-09 12:52:27.953 28411 28502 D StrictMode: at cfzd.run(PG:2)
11-09 12:52:27.953 28411 28502 D StrictMode: at java.lang.Thread.run(Thread.java:1012)
11-09 12:52:27.953 28411 28502 D StrictMode: at cgad.run(PG:5)
11-09 12:52:27.953 28411 28502 W FeatureUtil: files does not exist from /omr/carrier/0/customer_carrier_feature.json
11-09 12:52:27.953 28411 28502 D SemCarrierFeature: update default carrier features
11-09 12:52:27.953 28411 28502 D FeatureUtil: filePath /optics/configs/carriers/single/EUX/conf/system/customer_carrier_feature.json carrierGroup EUX canonicalId -1
11-09 12:52:27.954 533 9940 I FontLog : (REDACTED) Received query %s, URI %s
11-09 12:52:27.954 533 9940 I FontLog : (REDACTED) Query [%s] resolved to %s
11-09 12:52:27.956 533 9940 I FontLog : (REDACTED) Fetch %s end status %s
11-09 12:52:27.957 28411 28502 D FeatureUtil: filePath /omr/carrier/1/customer_carrier_feature.json carrierGroup EUX canonicalId -1
11-09 12:52:27.957 28411 28502 W FeatureUtil: files does not exist from /omr/carrier/1/customer_carrier_feature.json
11-09 12:52:27.957 28411 28502 D SemCarrierFeature: update carrier features : 1/-1
11-09 12:52:27.957 28411 28502 D FeatureUtil: filePath /optics/configs/carriers/single/EUX/conf/system/customer_carrier_feature.json carrierGroup EUX canonicalId -1
11-09 12:52:27.960 533 9940 I FontLog : (REDACTED) Pulling font file for id = %d, cache size = %d
11-09 12:52:27.961 28411 28502 D FeatureUtil: filePath /omr/carrier/1/customer_carrier_feature.json carrierGroup EUX canonicalId -1
11-09 12:52:27.961 28411 28502 W FeatureUtil: files does not exist from /omr/carrier/1/customer_carrier_feature.json
11-09 12:52:27.961 28411 28502 D SemCarrierFeature: [get] phoneId should be 0 or 1
11-09 12:52:27.961 28411 28502 D SemCarrierFeature: [get] phoneId should be 0 or 1
11-09 12:52:27.963 28411 28502 W Bugle : Bugle: SubscriptionMetadataUtils get: unexpected subId = -1, replacing with -1
11-09 12:52:27.963 28411 28502 I Bugle : TelephonyManagerFactory: Returning per-subscription TelephonyManager (>= N) subscription{id:-1}
11-09 12:52:27.964 847 847 I Zygote : Process 23918 exited due to signal 9 (Killed)
11-09 12:52:27.964 28411 28502 D StrictMode: StrictMode policy violation: android.os.strictmode.DiskReadViolation
11-09 12:52:27.964 28411 28502 D StrictMode: at android.os.StrictMode$AndroidBlockGuardPolicy.onReadFromDisk(StrictMode.java:1658)
11-09 12:52:27.964 28411 28502 D StrictMode: at libcore.io.BlockGuardOs.access(BlockGuardOs.java:74)
11-09 12:52:27.964 28411 28502 D StrictMode: at libcore.io.ForwardingOs.access(ForwardingOs.java:128)
11-09 12:52:27.964 28411 28502 D StrictMode: at android.app.ActivityThread$AndroidOs.access(ActivityThread.java:8594)
11-09 12:52:27.964 28411 28502 D StrictMode: at java.io.UnixFileSystem.checkAccess(UnixFileSystem.java:313)
11-09 12:52:27.964 28411 28502 D StrictMode: at java.io.File.exists(File.java:813)
11-09 12:52:27.964 28411 28502 D StrictMode: at android.app.ContextImpl.ensurePrivateDirExists(ContextImpl.java:790)
11-09 12:52:27.964 28411 28502 D StrictMode: at android.app.ContextImpl.ensurePrivateDirExists(ContextImpl.java:781)
11-09 12:52:27.964 28411 28502 D StrictMode: at android.app.ContextImpl.getPreferencesDir(ContextImpl.java:737)
11-09 12:52:27.964 28411 28502 D StrictMode: at android.app.ContextImpl.getSharedPreferencesPath(ContextImpl.java:975)
11-09 12:52:27.964 28411 28502 D StrictMode: at android.app.ContextImpl.getSharedPreferences(ContextImpl.java:573)
11-09 12:52:27.964 28411 28502 D StrictMode: at android.content.ContextWrapper.getSharedPreferences(ContextWrapper.java:226)
11-09 12:52:27.964 28411 28502 D StrictMode: at bunc.a(PG:1)
11-09 12:52:27.964 28411 28502 D StrictMode: at buna.d(PG:1)
11-09 12:52:27.964 28411 28502 D StrictMode: at bzvy.q(PG:2)
11-09 12:52:27.964 28411 28502 D StrictMode: at aetd.(PG:26)
11-09 12:52:27.964 28411 28502 D StrictMode: at aeei.a(Unknown Source:4191)
11-09 12:52:27.964 28411 28502 D StrictMode: at aeei.b(PG:2)
11-09 12:52:27.964 28411 28502 D StrictMode: at aeuq.a(PG:3)
11-09 12:52:27.964 28411 28502 D StrictMode: at aesm.E(PG:1)
11-09 12:52:27.964 28411 28502 D StrictMode: at aesm.(PG:20)
11-09 12:52:27.964 28411 28502 D StrictMode: at aesn.a(PG:1)
11-09 12:52:27.964 28411 28502 D StrictMode: at aeei.a(Unknown Source:4438)
11-09 12:52:27.964 28411 28502 D StrictMode: at aeei.b(PG:2)
11-09 12:52:27.964 28411 28502 D StrictMode: at dlyf.b(PG:1)
11-09 12:52:27.964 28411 28502 D StrictMode: at dlye.b(PG:2)
11-09 12:52:27.964 28411 28502 D StrictMode: at zkn.b(PG:20)
11-09 12:52:27.964 28411 28502 D StrictMode: at zmc.v(PG:3)
11-09 12:52:27.964 28411 28502 D StrictMode: at zmc.n(PG:4)
11-09 12:52:27.964 28411 28502 D StrictMode: at zhz.a(PG:7)
11-09 12:52:27.964 28411 28502 D StrictMode: at dphe.c(PG:3)
11-09 12:52:27.964 28411 28502 D StrictMode: at cxss.c(PG:2)
11-09 12:52:27.964 28411 28502 D StrictMode: at dpai.b(PG:2)
11-09 12:52:27.964 28411 28502 D StrictMode: at dpam.a(PG:3)
11-09 12:52:27.964 28411 28502 D StrictMode: at doqw.run(PG:2)
11-09 12:52:27.964 28411 28502 D StrictMode: at dpag.run(PG:2)
11-09 12:52:27.964 28411 28502 D StrictMode: at cgaa.run(PG:1)
11-09 12:52:27.964 28411 28502 D StrictMode: at java.util.concurrent.ThreadPoolExecutor.runWorker(ThreadPoolExecutor.java:1145)
11-09 12:52:27.964 28411 28502 D StrictMode: at java.util.concurrent.ThreadPoolExecutor$Worker.run(ThreadPoolExecutor.java:644)
11-09 12:52:27.964 28411 28502 D StrictMode: at cgcw.run(PG:3)
11-09 12:52:27.964 28411 28502 D StrictMode: at cfzd.run(PG:2)
11-09 12:52:27.964 28411 28502 D StrictMode: at java.lang.Thread.run(Thread.java:1012)
11-09 12:52:27.964 28411 28502 D StrictMode: at cgad.run(PG:5)
11-09 12:52:27.964 28411 28502 D StrictMode: StrictMode policy violation: android.os.strictmode.DiskReadViolation
11-09 12:52:27.964 28411 28502 D StrictMode: at android.os.StrictMode$AndroidBlockGuardPolicy.onReadFromDisk(StrictMode.java:1658)
11-09 12:52:27.964 28411 28502 D StrictMode: at android.app.SharedPreferencesImpl.awaitLoadedLocked(SharedPreferencesImpl.java:275)
11-09 12:52:27.964 28411 28502 D StrictMode: at android.app.SharedPreferencesImpl.contains(SharedPreferencesImpl.java:353)
11-09 12:52:27.964 28411 28502 D StrictMode: at bumx.b(PG:1)
11-09 12:52:27.964 28411 28502 D StrictMode: at buna.d(PG:1)
11-09 12:52:27.964 28411 28502 D StrictMode: at bzvy.q(PG:2)
11-09 12:52:27.964 28411 28502 D StrictMode: at aetd.(PG:26)
11-09 12:52:27.964 28411 28502 D StrictMode: at aeei.a(Unknown Source:4191)
11-09 12:52:27.964 28411 28502 D StrictMode: at aeei.b(PG:2)
11-09 12:52:27.964 28411 28502 D StrictMode: at aeuq.a(PG:3)
11-09 12:52:27.964 28411 28502 D StrictMode: at aesm.E(PG:1)
11-09 12:52:27.964 28411 28502 D StrictMode: at aesm.(PG:20)
11-09 12:52:27.964 28411 28502 D StrictMode: at aesn.a(PG:1)
11-09 12:52:27.964 28411 28502 D StrictMode: at aeei.a(Unknown Source:4438)
11-09 12:52:27.964 28411 28502 D StrictMode: at aeei.b(PG:2)
11-09 12:52:27.964 28411 28502 D StrictMode: at dlyf.b(PG:1)
11-09 12:52:27.964 28411 28502 D StrictMode: at dlye.b(PG:2)
11-09 12:52:27.964 28411 28502 D StrictMode: at zkn.b(PG:20)
11-09 12:52:27.964 28411 28502 D StrictMode: at zmc.v(PG:3)
11-09 12:52:27.964 28411 28502 D StrictMode: at zmc.n(PG:4)
11-09 12:52:27.964 28411 28502 D StrictMode: at zhz.a(PG:7)
11-09 12:52:27.964 28411 28502 D StrictMode: at dphe.c(PG:3)
11-09 12:52:27.964 28411 28502 D StrictMode: at cxss.c(PG:2)
11-09 12:52:27.964 28411 28502 D StrictMode: at dpai.b(PG:2)
11-09 12:52:27.964 28411 28502 D StrictMode: at dpam.a(PG:3)
11-09 12:52:27.964 28411 28502 D StrictMode: at doqw.run(PG:2)
11-09 12:52:27.964 28411 28502 D StrictMode: at dpag.run(PG:2)
11-09 12:52:27.964 28411 28502 D StrictMode: at cgaa.run(PG:1)
11-09 12:52:27.964 28411 28502 D StrictMode: at java.util.concurrent.ThreadPoolExecutor.runWorker(ThreadPoolExecutor.java:1145)
11-09 12:52:27.964 28411 28502 D StrictMode: at java.util.concurrent.ThreadPoolExecutor$Worker.run(ThreadPoolExecutor.java:644)
11-09 12:52:27.964 28411 28502 D StrictMode: at cgcw.run(PG:3)
11-09 12:52:27.964 28411 28502 D StrictMode: at cfzd.run(PG:2)
11-09 12:52:27.964 28411 28502 D StrictMode: at java.lang.Thread.run(Thread.java:1012)
11-09 12:52:27.964 28411 28502 D StrictMode: at cgad.run(PG:5)
11-09 12:52:27.965 533 3589 I FontLog : (REDACTED) Pulling font file for id = %d, cache size = %d
11-09 12:52:27.967 28411 28502 W Bugle : Bugle: SubscriptionMetadataUtils get: unexpected subId = -1, replacing with -1
11-09 12:52:27.968 28411 28502 W Bugle : Bugle: SubscriptionMetadataUtils get: unexpected subId = -1, replacing with -1
11-09 12:52:27.968 28411 28502 I Bugle : SubscriptionUtilsAsOfLMR1: getActiveSubscriptionInfo(): empty sub info for subscription{id:-1}
11-09 12:52:27.968 28411 28502 W Bugle : Bugle: SubscriptionMetadataUtils get: unexpected subId = -1, replacing with -1
11-09 12:52:27.969 28411 28502 W Bugle : Bugle: SubscriptionMetadataUtils get: unexpected subId = -1, replacing with -1
11-09 12:52:27.972 28411 28487 I CarrierServices: [109] bxuy.a: Initializing Carrier Services Logging.
11-09 12:52:27.977 28411 28487 I LogSaver: LogSaver new instance with filename: carrier_services
11-09 12:52:27.978 28411 28487 I BugleBackup: Registering preference change listener for "bugle".
11-09 12:52:27.983 28411 28488 D SemCarrierFeature: [get] phoneId should be 0 or 1
11-09 12:52:27.986 28411 28476 D SemCarrierFeature: [get] phoneId should be 0 or 1
11-09 12:52:28.006 533 1082 W BpBinder: Large outgoing transaction of 404628 bytes, interface descriptor , code 4
11-09 12:52:28.017 28411 28411 D CompatibilityChangeReporter: Compat change id reported: 119147584; UID 10242; state: ENABLED
11-09 12:52:28.024 1961 2111 D ScanFilter: manu data matches
11-09 12:52:28.024 1961 2111 D BtGatt.GattService: onScanResult to scannerId: 1- eventType=0x1b, addressType=0, address=641CB0_0, primaryPhy=1, secondaryPhy=0, advertisingSid=0xff, txPower=127, rssi=-75, periodicAdvInt=0x0
11-09 12:52:28.046 28411 28488 D SemCarrierFeature: [get] phoneId should be 0 or 1
11-09 12:52:28.048 28411 28488 I BugleRcsProvisioning: BugleSystemBindingManager: onBuglePhenotypeFlagChanged
11-09 12:52:28.050 1268 3103 D PackageManager: setEnabledSetting : userId = 0 packageName = com.google.android.apps.messaging cmp = com.google.android.ims.binding.SystemBindingService newState = 1 callingPackage = 10242/com.google.android.apps.messaging
11-09 12:52:28.050 28411 28488 I BugleTransport: onBuglePhenotypeFlagChanged: kicking off updateActiveTransport
11-09 12:52:28.050 1268 3103 D ApplicationPolicy: getApplicationStateEnabled : pkg = com.google.android.apps.messaging userId : 0
11-09 12:52:28.051 1268 3103 D ApplicationPolicy: getApplicationComponentState : pkg = com.google.android.apps.messaging userId : 0
11-09 12:52:28.054 1268 4207 D PackageManager: setEnabledSetting : userId = 0 packageName = com.google.android.apps.messaging cmp = com.google.android.apps.messaging.auto.MessagingTemplateScreenServiceModule newState = 2 callingPackage = 10242/com.google.android.apps.messaging
11-09 12:52:28.054 28411 28509 I BugleRcsEngine: [120] bzhx.i: ProvisioningEngineDataRetriever: RCS Configuration storage in Bugle is disabled by p/h flag, using ProvisioningEngineStateCacheUtil.getProvisioningConfigurationForGivenSimIfExist()
11-09 12:52:28.056 28411 28509 W BugleAction: Failed to get msisdn from Bugle
11-09 12:52:28.056 28411 28509 I Bugle : RcsAvailabilityUtilForProvisioningEngineV2: updateAvailabilityAsync, hint: NO_HINT
11-09 12:52:28.057 28411 28482 I BugleRcsEngine: [105] bxnn.run: SystemBindingManager: SystemBinding enabled: true
11-09 12:52:28.057 28411 28482 I BugleRcsEngine: [105] bxno.b: System Binding updated
11-09 12:52:28.057 28411 28509 I RcsAvailabilityUpdaterL: updateAvailabilityAsync: scheduling updateRcsAvailability call. Hint: NO_HINT, enableWelcomePopupWithoutGoogleTos: false, reshowSuccessPopup: false
11-09 12:52:28.059 28411 28509 W Bugle : Bugle: SubscriptionMetadataUtils get: unexpected subId = -2, replacing with -1
11-09 12:52:28.060 28411 28488 D CompatibilityChangeReporter: Compat change id reported: 160794467; UID 10242; state: ENABLED
11-09 12:52:28.062 1268 4352 D SecContentProvider2: query(), uri = 18 selection = isRCSEnabled
11-09 12:52:28.062 1268 4352 I PhoneRestrictionPolicy: isRCSEnabledInternal(), showMsg: false, columnName: enableRCS
11-09 12:52:28.062 1268 4352 E PhoneRestrictionPolicy: getEmergencyCall >>false
11-09 12:52:28.062 1268 4352 I PhoneRestrictionPolicy: isRCSEnabledInternal(), showMsg: false, columnName: enableRCSForSimSlot1
11-09 12:52:28.062 1268 4352 E PhoneRestrictionPolicy: getEmergencyCall >>false
11-09 12:52:28.062 1268 3103 D SecContentProvider2: query(), uri = 18 selection = isRCSEnabled
11-09 12:52:28.062 1268 3103 I PhoneRestrictionPolicy: isRCSEnabledInternal(), showMsg: false, columnName: enableRCS
11-09 12:52:28.062 1268 3103 E PhoneRestrictionPolicy: getEmergencyCall >>false
11-09 12:52:28.063 1268 3103 I PhoneRestrictionPolicy: isRCSEnabledInternal(), showMsg: false, columnName: enableRCSForSimSlot1
11-09 12:52:28.063 28411 28509 W Bugle : Bugle: SubscriptionMetadataUtils get: unexpected subId = -2, replacing with -1
11-09 12:52:28.063 1268 3103 E PhoneRestrictionPolicy: getEmergencyCall >>false
11-09 12:52:28.064 28411 28509 I BugleBackup: Registering preference change listener for "buglesub_-1".
11-09 12:52:28.064 28411 28507 W BugleRcsEngine: [118] byya.d: [SR]: Single Registration is disabled. Skipping Single Registration capability check for subId: -1, OS.isAtLeastS:[true], enableSingleRegistrationProvisioning:[false]
11-09 12:52:28.065 28411 28497 W BugleRcsEngine: [115] byya.d: [SR]: Single Registration is disabled. Skipping Single Registration capability check for subId: -1, OS.isAtLeastS:[true], enableSingleRegistrationProvisioning:[false]
11-09 12:52:28.065 28411 28507 I RcsAvailabilityUpdaterL: RcsAvailability configuration availability and enabled status: simId: redacted-pii:sim_id[chars:0,last3:], SipConnectionType: DUAL_REG, isConfigurationAvailableAndEnabled: false
11-09 12:52:28.065 28411 28509 W Bugle : Bugle: SubscriptionMetadataUtils get: unexpected subId = -2, replacing with -1
11-09 12:52:28.065 28411 28507 I RcsAvailabilityUpdaterL: updateRcsAvailability: currentAvailability: 1, newAvailability: 9, hint: NO_HINT
11-09 12:52:28.066 28411 28497 I RcsAvailabilityUpdaterL: RcsAvailability configuration availability and enabled status: simId: redacted-pii:sim_id[chars:0,last3:], SipConnectionType: DUAL_REG, isConfigurationAvailableAndEnabled: false
11-09 12:52:28.066 28411 28497 I RcsAvailabilityUpdaterL: updateRcsAvailability: currentAvailability: 1, newAvailability: 9, hint: NO_HINT
11-09 12:52:28.066 28411 28522 I BugleTransport: isChatAvailable: RcsAvailability is DISABLED_SIM_ABSENT (RCS is disabled due to SIM absent)
11-09 12:52:28.067 28411 28509 W Bugle : Bugle: SubscriptionMetadataUtils get: unexpected subId = -2, replacing with -1
11-09 12:52:28.067 28411 28509 I Bugle : SubscriptionUtilsAsOfLMR1: getActiveSubscriptionInfo(): empty sub info for subscription{id:-1}
11-09 12:52:28.067 28411 28509 I Bugle : SubscriptionUtilsAsOfLMR1: getActiveSubscriptionInfo(): empty sub info for subscription{id:-1}
11-09 12:52:28.067 28411 28509 W Bugle : SubscriptionUtilsAsOfLMR1: getSelfRawNumber: subInfo is null for subscription{id:-1}
11-09 12:52:28.068 28411 28509 W Bugle : Bugle: SubscriptionMetadataUtils get: unexpected subId = -1, replacing with -1
11-09 12:52:28.068 28411 28509 W Bugle : Bugle: SubscriptionMetadataUtils get: unexpected subId = -1, replacing with -1
11-09 12:52:28.069 28411 28509 W BugleAction: No default number, returning empty msisdn
11-09 12:52:28.069 28411 28522 I BugleTransport: updateActiveTransport: refreshing chat transport
11-09 12:52:28.070 28411 28522 I BugleTransport: RCS Configuration is empty. Enabled transport is Dual Reg [CONTEXT ratelimit_period="5 SECONDS" ]
11-09 12:52:28.070 28411 28522 I BugleTransport: refreshChatTransport: isChatAvailable: false, enabledTransport: 1, configuration:
11-09 12:52:28.073 28411 28522 I RcsClientLib: Connecting RcsEngineLifecycleService
11-09 12:52:28.074 28411 28522 I RcsClientLib: shouldUseCarrierServicesJibeService: true, CarrierServices rcs service found: true
11-09 12:52:28.077 1268 3103 I ActivityManager: Changes in 10228 10 to 5, 0 to 8
11-09 12:52:28.078 28411 28509 I RcsClientLib: com.google.android.rcs.client.lifecycle.RcsEngineLifecycleService connected
11-09 12:52:28.079 914 16284 V APM_AudioPolicyManager: setAppState(portId:400, state:2)
11-09 12:52:28.079 914 16284 V APM_AudioPolicyManager: setAppState(portId:400, state:2)
11-09 12:52:28.080 2274 2505 I CarrierServices: [115] RcsEngineImpl.triggerStopRcsStack: RcsEngineImpl[DUAL_REG]:[297b945a-65c3]: triggerStopRcsStack for msisdn:redacted-pii:phone_number[chars:0,last2:]
11-09 12:52:28.081 2274 2498 I CarrierServices: [110] efa.handleMessage: RcsEngineImpl[DUAL_REG]:[297b945a-65c3]>Handler: handleMessage processing message:[STOP_RCS_STACK] with [non-null]:RcsEngineImpl reference
11-09 12:52:28.081 28411 28516 I RcsClientLib: Disconnecting RcsEngineLifecycleService
11-09 12:52:28.081 2274 2498 I CarrierServices: [110] efa.handleMessage: RcsEngineImpl[DUAL_REG]:[297b945a-65c3]>Handler: RCS engine STOP RCS stack
11-09 12:52:28.081 2274 2498 W CarrierServices: [110] RcsEngineImpl.f: RcsEngineImpl[DUAL_REG]:[297b945a-65c3]: imsModule is null, shutdown not required
11-09 12:52:28.081 2274 2498 I CarrierServices: [110] RcsEngineImpl.stopRcsStackInternal: RcsEngineImpl[DUAL_REG]:[297b945a-65c3]: skipping imsModule.stop
11-09 12:52:28.081 2274 2498 I CarrierServices: [110] efa.handleMessage: RcsEngineImpl[DUAL_REG]:[297b945a-65c3]>Handler: handleMessage processing message:[NOTIFY_UPTIME_IGNORE_STATE_CHANGED] with [non-null]:RcsEngineImpl reference
11-09 12:52:28.082 1268 3103 I ActivityManager: Changes in 10228 5 to 10, 8 to 0
11-09 12:52:28.083 1665 1950 E PhoneInterfaceManager: [PhoneIntfMgr] getCarrierPrivilegeStatusForUid: Invalid subId
11-09 12:52:28.084 914 16284 V APM_AudioPolicyManager: setAppState(portId:400, state:2)
11-09 12:52:28.084 2274 2498 I CarrierServices: [110] edt.b: ProvisioningEngineDataRetriever: RCS Configuration storage in Bugle is disabled by p/h flag, using ProvisioningEngineStateCacheUtil.getProvisioningConfigurationForGivenSimIfExist()
11-09 12:52:28.129 1961 2111 D ScanFilter: manu data matches
11-09 12:52:28.129 1961 2111 D BtGatt.GattService: onScanResult to scannerId: 1- eventType=0x1b, addressType=0, address=641CB0_0, primaryPhy=1, secondaryPhy=0, advertisingSid=0xff, txPower=127, rssi=-76, periodicAdvInt=0x0
11-09 12:52:28.223 1961 2111 D ScanFilter: manu data matches
11-09 12:52:28.223 1961 2111 D BtGatt.GattService: onScanResult to scannerId: 1- eventType=0x1b, addressType=0, address=641CB0_0, primaryPhy=1, secondaryPhy=0, advertisingSid=0xff, txPower=127, rssi=-63, periodicAdvInt=0x0
11-09 12:52:28.226 2500 2539 I [+0100]oneconnect[1.8.09.23_01][BEACON_MANAGER_CONTROL_SERVICE]: BleParserForVD.parseTvPacket - (Extention)|name:($)-[(11)|deviceType:UNKNOWN|discoverType:_BLE|services:None|connected:false[Type]6[Index]0[MNID]0AJK[SETUPID]101[TvStatusString]EXTENSION[TvStatus]32[TvService]97[TvMirrorChannel]0[TvRegisteredDB]null[TvYear]2017[TvOcfInfo]7[TvAcmStatus]0[ExTvStatus]0
11-09 12:52:28.226 2500 2539 I [+0100]oneconnect[1.8.09.23_01][BEACON_MANAGER_CONTROL_SERVICE]: TvOcfParser.onReceive - TV Popup Onboarding is skept - ($)
11-09 12:52:28.376 1268 3282 D SemWifiUsabilityStatsMonitor: onWifiUsabilityStats - seqNum 6250, isSameBssidAndFreq true
11-09 12:52:28.377 1268 1600 I SemWifiLinkQualityMonitor: Link Qos Query: 0.020 ms / 409.290 Mbps (864 / 0.004 / 1.500)
11-09 12:52:28.378 1695 1695 D NetworkController.WifiSignalController: notifyListener: visible=true, connected=true, inetCondition=1, isDefault=true, wifiTestReported=true, receivedInetCondition=-1, hideDuringMobileSwitching=false
11-09 12:52:28.379 1695 1988 D Tile.WifiTile: handleUpdateState isTransient=false transientEnabling =false cb.isTransient=false state.state = 2 mStateBeforeClick.value =false enabled =true
11-09 12:52:28.441 931 931 D SurfaceFlinger: GPIS:: requestGPIS
11-09 12:52:28.446 931 2737 D NativeSemDvfsManager: acquire:: timeout = 2000 mIsAcquired = 1 mTagName : SurfaceFlinger
11-09 12:52:28.446 931 2737 E NativeCustomFrequencyManager: [NativeCFMS] BpCustomFrequencyManager::acquire()
11-09 12:52:28.447 882 978 I HYPER-HAL: [RequestManager.cpp]acquire(): Acquired ID : 1866346 [931 / 1000] HINT : SF_GPU_MINLOCK list : [TIMEOUT / 2000]
11-09 12:52:28.464 15995 16027 I MediaCodec: setCodecState state(1), called in 6
11-09 12:52:28.464 1268 4207 V ResourceManagerHelper-JNI: JNIMediaResourceHelper::notify eventType : 3, ext1 : 0, ext2 : 0
11-09 12:52:28.464 1268 4207 V ResourceManagerHelper-JNI: notify eventType : 3, ext1 : 0, ext2 : 0
11-09 12:52:28.464 418 527 V ResourceManagerHelper-JNI: JNIMediaResourceHelper::notify eventType : 3, ext1 : 0, ext2 : 0
11-09 12:52:28.464 418 527 V ResourceManagerHelper-JNI: notify eventType : 3, ext1 : 0, ext2 : 0
11-09 12:52:28.464 4203 4203 I SemMediaResourceHelper: onState
11-09 12:52:28.464 418 1011 I SemMediaResourceHelper: onState
11-09 12:52:28.464 1268 1478 I SemMediaResourceHelper: onState
11-09 12:52:28.464 418 1011 I DrmMediaResourceHelper: onStateChanged size = 1
11-09 12:52:28.464 418 1011 I DrmMediaResourceHelper: resource type: 2,,,isSecured : falseIsEncoder : truegetCodecState : 1getpid : 15995
11-09 12:52:28.465 882 978 I HYPER-HAL: [RequestManager.cpp]releaseLocked(): Released ID : 8931674
11-09 12:52:28.487 1695 1988 D NetworkController: SignalStrength from intent slotId=0
11-09 12:52:28.487 1695 1988 D MobileSignalController(0/2147483647): new mSignalStrength level=1 signal strength=SignalStrength:{mCdma=Invalid,mGsm=Invalid,mWcdma=Invalid,mTdscdma=Invalid,mLte=CellSignalStrengthLte: rssi=-113 rsrp=-114 rsrq=-14 rssnr=1 cqiTableIndex=1 cqi=6 ta=2147483647 level=2 parametersUseForLevel=0,mNr=Invalid,SignalBarInfo{ lteLevel=1 },rat=14,primary=CellSignalStrengthLte}
11-09 12:52:28.488 1695 1988 D MobileSignalController(0/2147483647): notifyListener: enabled=true, connected=true, dataConnected=false, networkType=UNKNOWN (Unknown), emergencyOnly=true, roaming=false, isDefault=false, dataActivity=, level=1, ca=false, mmWave=false, disabledDataIcon=false, simCard=NO_SIM
11-09 12:52:28.488 1695 1988 D NetworkController: SignalStrength from intent slotId=0
11-09 12:52:28.489 1695 1988 D MobileSignalController(0/2147483647): new mSignalStrength level=1 signal strength=SignalStrength:{mCdma=Invalid,mGsm=Invalid,mWcdma=Invalid,mTdscdma=Invalid,mLte=CellSignalStrengthLte: rssi=-113 rsrp=-114 rsrq=-14 rssnr=-1 cqiTableIndex=1 cqi=6 ta=2147483647 level=2 parametersUseForLevel=0,mNr=Invalid,SignalBarInfo{ lteLevel=1 },rat=14,primary=CellSignalStrengthLte}
11-09 12:52:28.489 1695 1988 D MobileSignalController(0/2147483647): notifyListener: enabled=true, connected=true, dataConnected=false, networkType=UNKNOWN (Unknown), emergencyOnly=true, roaming=false, isDefault=false, dataActivity=, level=1, ca=false, mmWave=false, disabledDataIcon=false, simCard=NO_SIM
11-09 12:52:28.739 28269 28448 I Policy_13.0.06: [RxCachedThreadScheduler-2][NetworkInterceptor] --> POST https://capi.samsungcloud.com/policy/v1/service?country=USA h2 (18-byte body)
11-09 12:52:28.739 28269 28448 I Policy_13.0.06: [RxCachedThreadScheduler-2][NetworkInterceptor] Content-Type: application/json; charset=UTF-8
11-09 12:52:28.739 28269 28448 I Policy_13.0.06: [RxCachedThreadScheduler-2][NetworkInterceptor] Content-Type: 18
11-09 12:52:28.740 28269 28448 I Policy_13.0.06: [RxCachedThreadScheduler-2][NetworkInterceptor] header : x-sc-appversion: 13.3.00
11-09 12:52:28.740 28269 28448 I Policy_13.0.06: x-sc-salescode: EUX
11-09 12:52:28.740 28269 28448 I Policy_13.0.06: x-sc-model: SM-S901B
11-09 12:52:28.740 28269 28448 I Policy_13.0.06: User-Agent: SM-S901B;S901BXXU2BVKB,S901BXXU2BVKB;com.samsung.android.app.sharelive=13.3.00.36;android sdk=33,sw=13;
11-09 12:52:28.740 28269 28448 I Policy_13.0.06: x-sc-app-id: 62gyqi4msf
11-09 12:52:28.740 28269 28448 I Policy_13.0.06: Content-Type: application/json; charset=UTF-8
11-09 12:52:28.740 28269 28448 I Policy_13.0.06: Content-Length: 18
11-09 12:52:28.740 28269 28448 I Policy_13.0.06: Host: capi.samsungcloud.com
11-09 12:52:28.740 28269 28448 I Policy_13.0.06: Connection: Keep-Alive
11-09 12:52:28.740 28269 28448 I Policy_13.0.06: Accept-Encoding: gzip
11-09 12:52:28.740 28269 28448 I Policy_13.0.06: [RxCachedThreadScheduler-2][NetworkInterceptor] - request -
11-09 12:52:28.740 28269 28448 I Policy_13.0.06: [RxCachedThreadScheduler-2][NetworkInterceptor] {"revision":54472}
11-09 12:52:28.850 28263 28466 I BCL@Common: (BixbyApplications) startDiagMon 11-09 12:52:28.857 28263 28466 I DIAGMON_SDK[605051]: DiagMonAgent type: 2
11-09 12:52:28.858 28263 28466 I DIAGMON_SDK[605051][bp23rgegzo] : generated SR object
11-09 12:52:28.870 1268 2750 I UMR : ReclaimerPolicyManager: update policy 2 -> 0
11-09 12:52:28.871 1268 2750 I UMR : KswapdReclaimer: suppress end
11-09 12:52:28.873 1268 2750 I UMR : KswapdReclaimer: default
11-09 12:52:28.875 28263 28466 I BCL@RepositoryM: (SettingSyncManager) initializeSync
11-09 12:52:28.876 28263 28466 I BCL@RepositoryM: (SettingSyncManager) Setting Sync initialization
11-09 12:52:28.877 4092 4482 I DMASA[D][bp23rgegzo]: [DiagmonProvider]Received msg based on provider : request_deviceid / request_deviceid
11-09 12:52:28.880 28263 28466 I BCL@RepositoryM: (AutoDisposable) AutoDisposable()
11-09 12:52:28.884 4092 4482 I DMASA[D][bp23rgegzo]: [DiagmonProvider]Signature Check Success
11-09 12:52:28.884 4092 4482 I DMASA[D][bp23rgegzo]: [DiagmonProvider]Action : Request deviceID
11-09 12:52:28.886 28263 28466 I BCL@Common: (CommonUtils) isProcessName, processName: com.samsung.android.bixby.agent
11-09 12:52:28.887 4092 4482 W DMASA[D][bp23rgegzo]: [DiagmonProvider]DeviceId failed : user binary or info null
11-09 12:52:28.892 28263 28536 I DIAGMON_SDK[605051][bp23rgegzo] : Agreement value: D
11-09 12:52:28.892 28263 28466 I BCL@RepositoryM: (PromotionProcessHandler) signInInfoUpdate
11-09 12:52:28.892 28263 28536 I DIAGMON_SDK[605051][bp23rgegzo] : Request Service Registration
11-09 12:52:28.895 4092 4482 I DMASA[D][bp23rgegzo]: [DiagmonProvider]Received msg based on provider : registration / register_service
11-09 12:52:28.897 4092 4482 I DMASA[D][bp23rgegzo]: [DiagmonProvider]Signature Check Success
11-09 12:52:28.897 4092 4482 I DMASA[D][bp23rgegzo]: [DiagmonProvider]Action : Register service
11-09 12:52:28.898 4092 4482 I DMASA[D][bp23rgegzo]: [b]Service Agree: true
11-09 12:52:28.898 4092 4482 I DMASA[D][bp23rgegzo]: [b]Device ID is null or empty
11-09 12:52:28.898 4092 4482 I DMASA[D][bp23rgegzo]: [b]Tracking ID is null or empty
11-09 12:52:28.900 4092 4482 I DMASA[D][bp23rgegzo]: [DiagmonProvider]SERVICE INFO already registered to server [bp23rgegzo]
11-09 12:52:28.904 28263 28536 I DIAGMON_SDK[605051][bp23rgegzo] : Results : Success
11-09 12:52:28.905 28263 28466 I BCL@RepositoryM: (SmcsManager) registerOuterEventObserver()
11-09 12:52:28.912 28263 28466 I BCL@Common: (CommonUtils) isProcessName, processName: com.samsung.android.bixby.agent
11-09 12:52:28.914 28263 28464 I BCL@Common: (SaClientImpl) There is no account
11-09 12:52:28.917 28263 28466 I BCL@RepositoryM: (ConversationHistoryRepository) ConversationHistoryRepository
11-09 12:52:28.963 28263 28466 E BCL@HintSuggestion: (BatchJobScheduler) schedulePersonaUpdateByTime: skipped because rubin is not activated
11-09 12:52:28.963 28263 28466 I BCL@Common: (BixbyApplications) deleteGeneratedFilesByDexMaker
11-09 12:52:29.104 655 655 D io_stats: !@ 8,0 r 1985205 56287288 w 2157371 22861968 d 616953 117681748 f 0 329546 iot 2296376 0 th 0 0 0 pt 0 inp 0 0 208639.407
11-09 12:52:29.105 655 655 D io_stats: !@ Read_top(KB): oid.bixby.agent(28263) 19968 d.app.sharelive(28269) 14220 oid.mdecservice(28249) 8744
11-09 12:52:29.105 655 655 D io_stats: !@ Write_top(KB): .gms.persistent(533) 3296 f2fs_ckpt-254:4(694) 392 .apps.messaging(28411) 360
11-09 12:52:29.196 1268 1332 D SettingsProvider: isChangeAllowed() : name = enabled_notification_listeners
11-09 12:52:29.240 28269 28448 I Policy_13.0.06: [RxCachedThreadScheduler-2][NetworkInterceptor] <-- 200 https://capi.samsungcloud.com/policy/v1/service?country=USA (499ms unknown-length)
11-09 12:52:29.244 28269 28448 I Policy_13.0.06: [RxCachedThreadScheduler-2][NetworkInterceptor] - response -
11-09 12:52:29.245 28269 28448 I Policy_13.0.06: [RxCachedThreadScheduler-2][NetworkInterceptor] {"app":{"app_version_type":1,"app_name":"Quick Share","app_version":"12.3.00","app_version_code":"0","app_version_name":"","poll_period":24,"app_use":"y"},"revision":54472,"last_modified":1634695259000}
11-09 12:52:29.245 28269 28448 I Policy_13.0.06: [RxCachedThreadScheduler-2][NetworkInterceptor] <-- END HTTP (202-byte, 160-gzipped-byte body)
11-09 12:52:29.261 28269 28419 I Policy_13.0.06: [RxCachedThreadScheduler-1][SyncPolicyUseCase] Not notify because revision is equal or not normal
11-09 12:52:29.262 28269 28419 I ShareLive: [SLog][RxCachedThreadScheduler-1][ShareLiveApplication] initPolicy done
11-09 12:52:29.959 1268 1598 I SemWifiServiceDetector: Traff. tracking started
11-09 12:52:30.119 1961 2111 D ScanFilter: manu data matches
11-09 12:52:30.121 1961 2111 D BtGatt.GattService: onScanResult to scannerId: 1- eventType=0x1b, addressType=0, address=641CB0_0, primaryPhy=1, secondaryPhy=0, advertisingSid=0xff, txPower=127, rssi=-80, periodicAdvInt=0x0
11-09 12:52:30.166 15995 16028 D BufferPoolAccessor2.0: bufferpool2 0xb4000072bf6bca68 : 5(19200 size) total buffers - 4(15360 size) used buffers - 7026282/7026362 (recycle/alloc) - 920/14052715 (fetch/transfer)
11-09 12:52:30.221 1961 2111 D ScanFilter: manu data matches
11-09 12:52:30.222 1961 2111 D BtGatt.GattService: onScanResult to scannerId: 1- eventType=0x1b, addressType=0, address=641CB0_0, primaryPhy=1, secondaryPhy=0, advertisingSid=0xff, txPower=127, rssi=-81, periodicAdvInt=0x0
11-09 12:52:30.449 882 28527 I HYPER-HAL: [RequestManager.cpp]releaseLocked(): Released ID : 1866346
11-09 12:52:30.463 1268 1598 D SemNscXgbMsL1: Probability - Cloud gaming: [0.025287753]
11-09 12:52:30.465 1268 1598 D SemNscXgbMsL1: Probability - Real time: [0.024504]
11-09 12:52:30.466 1268 1598 D SemNscXgbMsL1: Probability - Non real time: [0.9299621]
11-09 12:52:30.466 1268 1598 D SemNscXgbMsL1: 1 sample inference time: 3.531524 msecs
11-09 12:52:30.469 1268 1598 D SemNscXgbL2Rt: L2 RT 1 sample inference time: 2.594375 msecs
11-09 12:52:30.471 1268 1598 D SemNscXgbL2Nrt: L2 NRT 1 sample inference time: 1.988242 msecs
11-09 12:52:30.533 874 874 I Sensors : batch(19) - light_cct_sensor try to batching with 200000000
11-09 12:52:30.535 874 874 I Sensors : LightCCT_Sensor old sensor_state 16896, new sensor_state : 987365736727040 en : 1
11-09 12:52:30.535 874 874 I Sensors : enable:: light_cct_sensor(19)
11-09 12:52:30.536 1268 1955 D SensorManager: registerListener :: 33, STK33915 Light CCT, 200000, 0, com.samsung.android.displaysolution.EyeComfortSolutionService$2@c7f6f40
11-09 12:52:30.646 874 1426 I Sensors : lux = 58, CCT = 0, r = 2816, g = 192, b = 2213, c = 0, atime = 56, again = 58, lux_raw = 58, brightness = 75, time = 259367401350000
11-09 12:52:30.649 1268 1955 D SensorService: Calling activate off 33
11-09 12:52:30.650 874 874 I Sensors : LightCCT_Sensor old sensor_state 16896, new sensor_state : 987361441759744 en : 0
11-09 12:52:30.651 874 874 I Sensors : disable:: light_cct_sensor(19)
11-09 12:52:30.652 1268 1955 D SensorManager: unregisterListener :: com.samsung.android.displaysolution.EyeComfortSolutionService$2@c7f6f40
11-09 12:52:30.974 1268 1598 D SemNscXgbMsL1: Probability - Cloud gaming: [0.029148739]
11-09 12:52:30.976 1268 1598 D SemNscXgbMsL1: Probability - Real time: [0.01747147]
11-09 12:52:30.977 1268 1598 D SemNscXgbMsL1: Probability - Non real time: [0.91244495]
11-09 12:52:30.977 1268 1598 D SemNscXgbMsL1: 1 sample inference time: 4.223906 msecs
11-09 12:52:30.981 1268 1598 D SemNscXgbL2Rt: L2 RT 1 sample inference time: 3.787188 msecs
11-09 12:52:30.984 1268 1598 D SemNscXgbL2Nrt: L2 NRT 1 sample inference time: 2.762109 msecs
11-09 12:52:31.106 655 655 D io_stats: !@ 8,0 r 1985205 56287288 w 2157440 22862384 d 616981 117682068 f 0 329559 iot 2296416 0 th 0 0 0 pt 0 inp 0 0 208641.409
11-09 12:52:31.401 1268 3282 D SemWifiUsabilityStatsMonitor: onWifiUsabilityStats - seqNum 6251, isSameBssidAndFreq true
11-09 12:52:31.405 1268 1600 I SemWifiLinkQualityMonitor: Link Qos Query: 0.015 ms / 538.388 Mbps (864 / 0.002 / 1.286)
11-09 12:52:31.466 15995 16027 I MediaCodec: setCodecState state(0), called in 6
11-09 12:52:31.468 418 527 V ResourceManagerHelper-JNI: JNIMediaResourceHelper::notify eventType : 3, ext1 : 0, ext2 : 0
11-09 12:52:31.468 418 527 V ResourceManagerHelper-JNI: notify eventType : 3, ext1 : 0, ext2 : 0
11-09 12:52:31.469 4203 4203 I SemMediaResourceHelper: onState
11-09 12:52:31.470 418 1011 I SemMediaResourceHelper: onState
11-09 12:52:31.470 418 1011 I DrmMediaResourceHelper: onStateChanged size = 1
11-09 12:52:31.470 418 1011 I DrmMediaResourceHelper: resource type: 2,,,isSecured : falseIsEncoder : truegetCodecState : 0getpid : 15995
11-09 12:52:31.470 4203 4203 I SemDvfsHyPerManager: acquire hyper - BaseTABoost/4203@23, type = 1090523139
11-09 12:52:31.472 882 978 I HYPER-HAL: [RequestManager.cpp]acquire(): Acquired ID : 8931674 [4203 / 23] HINT : list : [TABoost / 1]
11-09 12:52:31.472 1268 3103 V ResourceManagerHelper-JNI: JNIMediaResourceHelper::notify eventType : 3, ext1 : 0, ext2 : 0
11-09 12:52:31.472 1268 3103 V ResourceManagerHelper-JNI: notify eventType : 3, ext1 : 0, ext2 : 0
11-09 12:52:31.473 1268 1478 I SemMediaResourceHelper: onState
11-09 12:52:31.484 868 868 I android.hardware.health@2.1-service-samsung: updateLrpSysfs: write: 318
11-09 12:52:31.485 1268 1598 D SemNscXgbMsL1: Probability - Cloud gaming: [0.01017797]
11-09 12:52:31.486 1268 1598 D SemNscXgbMsL1: Probability - Real time: [0.019807454]
11-09 12:52:31.487 1268 1598 D SemNscXgbMsL1: Probability - Non real time: [0.88846874]
11-09 12:52:31.487 1268 1598 D SemNscXgbMsL1: 1 sample inference time: 1.488515 msecs
11-09 12:52:31.490 1268 1598 D SemNscXgbL2Rt: L2 RT 1 sample inference time: 2.567461 msecs
11-09 12:52:31.492 1268 1598 D SemNscXgbL2Nrt: L2 NRT 1 sample inference time: 2.08707 msecs
11-09 12:52:31.661 868 894 E BatteryDump: !@new_battery_dump : 4118,5,2300,3150,84,308,305,314,308,0,317,Not-charging,Normal,Good,PDIC,0,Normal,0,0,9600,0x108000,0x1010000,0x0,21,4118,8496,1000,
11-09 12:52:31.886 1961 2111 D ScanFilter: manu data matches
11-09 12:52:31.887 1961 2111 D BtGatt.GattService: onScanResult to scannerId: 1- eventType=0x1b, addressType=0, address=641CB0_0, primaryPhy=1, secondaryPhy=0, advertisingSid=0xff, txPower=127, rssi=-86, periodicAdvInt=0x0
11-09 12:52:31.893 1961 2111 D BtGatt.GattService: onScanResult to scannerId: 4- eventType=0x1b, addressType=1, address=C11662_3, primaryPhy=1, secondaryPhy=0, advertisingSid=0xff, txPower=127, rssi=-37, periodicAdvInt=0x0
11-09 12:52:31.994 1268 1598 D SemNscXgbMsL1: Probability - Cloud gaming: [0.033778213]
11-09 12:52:31.995 1268 1598 D SemNscXgbMsL1: Probability - Real time: [0.010160029]
11-09 12:52:31.995 1268 1598 D SemNscXgbMsL1: Probability - Non real time: [0.93262845]
11-09 12:52:31.996 1268 1598 D SemNscXgbMsL1: 1 sample inference time: 2.275391 msecs
11-09 12:52:32.000 1268 1598 D SemNscXgbL2Rt: L2 RT 1 sample inference time: 3.383086 msecs
11-09 12:52:32.002 1268 1598 D SemNscXgbL2Nrt: L2 NRT 1 sample inference time: 2.228984 msecs
11-09 12:52:32.503 1268 1598 D SemNscXgbMsL1: Probability - Cloud gaming: [0.022599336]
11-09 12:52:32.506 1268 1598 D SemNscXgbMsL1: Probability - Real time: [0.020623857]
11-09 12:52:32.506 1268 1598 D SemNscXgbMsL1: Probability - Non real time: [0.90800285]
11-09 12:52:32.506 1268 1598 D SemNscXgbMsL1: 1 sample inference time: 3.081133 msecs
11-09 12:52:32.510 1268 1598 D SemNscXgbL2Rt: L2 RT 1 sample inference time: 3.253164 msecs
11-09 12:52:32.513 1268 1598 D SemNscXgbL2Nrt: L2 NRT 1 sample inference time: 2.816719 msecs
11-09 12:52:32.769 1095 16038 D BufferPoolAccessor2.0: bufferpool2 0xb40000751efe2a98 : 2(48000 size) total buffers - 1(24000 size) used buffers - 7026821/7026880 (recycle/alloc) - 28/1756719 (fetch/transfer)
11-09 12:52:32.924 1268 1598 I SemWifiServiceDetector: Traff. tracking stopped
11-09 12:52:33.108 655 655 D io_stats: !@ 8,0 r 1985205 56287288 w 2157442 22862392 d 616981 117682068 f 0 329559 iot 2296420 0 th 0 0 0 pt 0 inp 0 0 208643.410
11-09 12:52:33.108 655 655 D io_stats: !@ Write_top(KB): system_server(1268) 156 f2fs_ckpt-254:4(694) 60 init(1) 32
11-09 12:52:33.798 1961 2111 D ScanFilter: manu data matches
11-09 12:52:33.799 1961 2111 D BtGatt.GattService: onScanResult to scannerId: 1- eventType=0x1b, addressType=0, address=641CB0_0, primaryPhy=1, secondaryPhy=0, advertisingSid=0xff, txPower=127, rssi=-66, periodicAdvInt=0x0
11-09 12:52:33.803 2500 2539 I [+0100]oneconnect[1.8.09.23_01][BEACON_MANAGER_CONTROL_SERVICE]: BleParserForVD.parseTvPacket - (Extention)|name:($)-[(11)|deviceType:UNKNOWN|discoverType:_BLE|services:None|connected:false[Type]6[Index]0[MNID]0AJK[SETUPID]101[TvStatusString]EXTENSION[TvStatus]32[TvService]97[TvMirrorChannel]0[TvRegisteredDB]null[TvYear]2017[TvOcfInfo]7[TvAcmStatus]0[ExTvStatus]0
11-09 12:52:33.804 2500 2539 I [+0100]oneconnect[1.8.09.23_01][BEACON_MANAGER_CONTROL_SERVICE]: TvOcfParser.onReceive - TV Popup Onboarding is skept - ($)
11-09 12:52:34.438 1268 3282 D SemWifiUsabilityStatsMonitor: onWifiUsabilityStats - seqNum 6252, isSameBssidAndFreq true
11-09 12:52:34.443 1268 1600 I SemWifiLinkQualityMonitor: Link Qos query: inf. ms / 0 Mbps
11-09 12:52:34.444 1695 1695 D NetworkController.WifiSignalController: notifyListener: visible=true, connected=true, inetCondition=1, isDefault=true, wifiTestReported=true, receivedInetCondition=-1, hideDuringMobileSwitching=false
11-09 12:52:34.448 1695 1988 D Tile.WifiTile: handleUpdateState isTransient=false transientEnabling =false cb.isTransient=false state.state = 2 mStateBeforeClick.value =false enabled =true
11-09 12:52:34.508 931 931 D SurfaceFlinger: GPIS:: requestGPIS
11-09 12:52:34.520 931 2737 D NativeSemDvfsManager: acquire:: timeout = 2000 mIsAcquired = 1 mTagName : SurfaceFlinger
11-09 12:52:34.521 931 2737 E NativeCustomFrequencyManager: [NativeCFMS] BpCustomFrequencyManager::acquire()
11-09 12:52:34.522 882 978 I HYPER-HAL: [RequestManager.cpp]acquire(): Acquired ID : 1866346 [931 / 1000] HINT : SF_GPU_MINLOCK list : [TIMEOUT / 2000]
11-09 12:52:34.539 15995 16027 I MediaCodec: setCodecState state(1), called in 6
11-09 12:52:34.539 1268 3103 V ResourceManagerHelper-JNI: JNIMediaResourceHelper::notify eventType : 3, ext1 : 0, ext2 : 0
11-09 12:52:34.539 1268 3103 V ResourceManagerHelper-JNI: notify eventType : 3, ext1 : 0, ext2 : 0
11-09 12:52:34.539 418 527 V ResourceManagerHelper-JNI: JNIMediaResourceHelper::notify eventType : 3, ext1 : 0, ext2 : 0
11-09 12:52:34.539 418 527 V ResourceManagerHelper-JNI: notify eventType : 3, ext1 : 0, ext2 : 0
11-09 12:52:34.540 4203 4203 I SemMediaResourceHelper: onState
11-09 12:52:34.540 418 1011 I SemMediaResourceHelper: onState
11-09 12:52:34.540 418 1011 I DrmMediaResourceHelper: onStateChanged size = 1
11-09 12:52:34.541 418 1011 I DrmMediaResourceHelper: resource type: 2,,,isSecured : falseIsEncoder : truegetCodecState : 1getpid : 15995
11-09 12:52:34.541 1268 1478 I SemMediaResourceHelper: onState
11-09 12:52:34.541 882 978 I HYPER-HAL: [RequestManager.cpp]releaseLocked(): Released ID : 8931674
11-09 12:52:34.945 28411 28447 V ClearcutMetricXmitter: Transmission is done.
11-09 12:52:34.949 28411 28447 V ClearcutMetricXmitter: Transmission is done.
11-09 12:52:35.110 655 655 D io_stats: !@ 8,0 r 1985225 56287368 w 2157570 22864964 d 617060 117683100 f 0 329562 iot 2296500 0 th 0 0 0 pt 0 inp 0 0 208645.412
11-09 12:52:35.190 15995 16033 D BufferPoolAccessor2.0: bufferpool2 0xb4000072bf6bca68 : 5(19200 size) total buffers - 3(11520 size) used buffers - 7027286/7027366 (recycle/alloc) - 921/14054726 (fetch/transfer)
11-09 12:52:35.812 1961 2111 D BtGatt.GattService: onScanResult to scannerId: 4- eventType=0x1b, addressType=1, address=C11662_3, primaryPhy=1, secondaryPhy=0, advertisingSid=0xff, txPower=127, rssi=-36, periodicAdvInt=0x0
11-09 12:52:36.238 1734 1734 I wpa_supplicant: Heartbeat 21774
11-09 12:52:36.524 882 28559 I HYPER-HAL: [RequestManager.cpp]releaseLocked(): Released ID : 1866346
11-09 12:52:36.567 15995 16030 I PipelineWatcher: elapsed: FramesInPipeline(1) > n(0)
11-09 12:52:37.111 655 655 D io_stats: !@ Read_top(KB): .apps.messaging(28411) 80
11-09 12:52:37.112 655 655 D io_stats: !@ Write_top(KB): kworker/u16:2(10894) 2104 f2fs_ckpt-254:4(694) 264 .apps.messaging(28411) 4
11-09 12:52:37.335 1961 2111 D ScanFilter: manu data matches
11-09 12:52:37.336 1961 2111 D BtGatt.GattService: onScanResult to scannerId: 1- eventType=0x1b, addressType=0, address=641CB0_0, primaryPhy=1, secondaryPhy=0, advertisingSid=0xff, txPower=127, rssi=-72, periodicAdvInt=0x0
11-09 12:52:37.425 1961 2111 D BtGatt.GattService: onScanResult to scannerId: 4- eventType=0x1b, addressType=1, address=C11662_3, primaryPhy=1, secondaryPhy=0, advertisingSid=0xff, txPower=127, rssi=-37, periodicAdvInt=0x0
11-09 12:52:37.431 1961 2111 D ScanFilter: manu data matches
11-09 12:52:37.432 1961 2111 D BtGatt.GattService: onScanResult to scannerId: 1- eventType=0x1b, addressType=0, address=641CB0_0, primaryPhy=1, secondaryPhy=0, advertisingSid=0xff, txPower=127, rssi=-71, periodicAdvInt=0x0
11-09 12:52:37.436 533 27718 I NearbyDiscovery: (REDACTED) loadFastPairModule: checkFeaturesAreAvailable:%d
11-09 12:52:37.436 533 27718 I NearbyDiscovery: loadFastPairModule: FastPair module is downloaded. [CONTEXT service_id=265 ]
11-09 12:52:37.465 1268 3282 D SemWifiUsabilityStatsMonitor: onWifiUsabilityStats - seqNum 6253, isSameBssidAndFreq true
11-09 12:52:37.468 1268 1600 I SemWifiLinkQualityMonitor: Link Qos query: inf. ms / 0 Mbps
11-09 12:52:37.540 15995 16027 I MediaCodec: setCodecState state(0), called in 6
11-09 12:52:37.542 418 527 V ResourceManagerHelper-JNI: JNIMediaResourceHelper::notify eventType : 3, ext1 : 0, ext2 : 0
11-09 12:52:37.542 418 527 V ResourceManagerHelper-JNI: notify eventType : 3, ext1 : 0, ext2 : 0
11-09 12:52:37.542 1268 3103 V ResourceManagerHelper-JNI: JNIMediaResourceHelper::notify eventType : 3, ext1 : 0, ext2 : 0
11-09 12:52:37.542 1268 3103 V ResourceManagerHelper-JNI: notify eventType : 3, ext1 : 0, ext2 : 0
11-09 12:52:37.542 418 1011 I SemMediaResourceHelper: onState
11-09 12:52:37.542 4203 4203 I SemMediaResourceHelper: onState
11-09 12:52:37.542 418 1011 I DrmMediaResourceHelper: onStateChanged size = 1
11-09 12:52:37.542 418 1011 I DrmMediaResourceHelper: resource type: 2,,,isSecured : falseIsEncoder : truegetCodecState : 0getpid : 15995
11-09 12:52:37.543 1268 1478 I SemMediaResourceHelper: onState
11-09 12:52:37.543 4203 4203 I SemDvfsHyPerManager: acquire hyper - BaseTABoost/4203@23, type = 1090523139
11-09 12:52:37.545 882 978 I HYPER-HAL: [RequestManager.cpp]acquire(): Acquired ID : 8931674 [4203 / 23] HINT : list : [TABoost / 1]
11-09 12:52:37.783 1095 16038 D BufferPoolAccessor2.0: bufferpool2 0xb40000751efe2a98 : 2(48000 size) total buffers - 1(24000 size) used buffers - 7027824/7027883 (recycle/alloc) - 28/1756970 (fetch/transfer)
11-09 12:52:39.113 655 655 D io_stats: !@ 8,0 r 1985225 56287368 w 2157607 22865204 d 617068 117683156 f 0 329565 iot 2296516 0 th 0 0 0 pt 0 inp 0 0 208649.416
11-09 12:52:39.127 1961 2111 D ScanFilter: manu data matches
11-09 12:52:39.127 1961 2111 D BtGatt.GattService: onScanResult to scannerId: 1- eventType=0x1b, addressType=0, address=641CB0_0, primaryPhy=1, secondaryPhy=0, advertisingSid=0xff, txPower=127, rssi=-76, periodicAdvInt=0x0
11-09 12:52:39.214 1268 1940 I SLocation: SPManager - need to Login samsung account.
11-09 12:52:39.228 1961 2111 D ScanFilter: manu data matches
11-09 12:52:39.230 1961 2111 D BtGatt.GattService: onScanResult to scannerId: 1- eventType=0x1b, addressType=0, address=641CB0_0, primaryPhy=1, secondaryPhy=0, advertisingSid=0xff, txPower=127, rssi=-53, periodicAdvInt=0x0
11-09 12:52:39.236 2234 2489 I BCMGR[11.0.01.2]: BeaconManager] onReceive - [1 : ST packet!] [2 : bad rssi][3 : bad rssi][4 : ST packet!] [5 : ST packet!] [6 : ST packet!] [7 : ST packet!] [8 : ST packet!] [9 : bad rssi][10 : bad rssi][11 : ST packet!] [12 : ST packet!] [13 : bad rssi][14 : ST packet!] [15 : bad rssi][16 : ST packet!] [17 : ST packet!] [18 : ST packet!] [19 : ST packet!] [20 : bad rssi][21 : bad rssi][22 : bad rssi][23 : ST packet!] [24 : ST packet!] [25 : bad rssi][26 : bad rssi][27 : bad rssi][28 : bad rssi][29 : ST packet!] [30 : bad rssi][31 : bad rssi][32 : bad rssi][33 : bad rssi][34 : bad rssi][35 : bad rssi][36 : bad rssi][37 : bad rssi][38 : bad rssi][39 : bad rssi][40 : bad rssi][41 : bad rssi][42 : ST packet!] [43 : bad rssi][44 : bad rssi][45 : bad rssi][46 : ST packet!] [47 : bad rssi][48 : bad rssi][49 : bad rssi][50 : ST packet!]
11-09 12:52:39.238 2500 2539 I [+0100]oneconnect[1.8.09.23_01][BEACON_MANAGER_CONTROL_SERVICE]: BleParserForVD.parseTvPacket - (Extention)|name:($)-[(11)|deviceType:UNKNOWN|discoverType:_BLE|services:None|connected:false[Type]6[Index]0[MNID]0AJK[SETUPID]101[TvStatusString]EXTENSION[TvStatus]32[TvService]97[TvMirrorChannel]0[TvRegisteredDB]null[TvYear]2017[TvOcfInfo]7[TvAcmStatus]0[ExTvStatus]0
11-09 12:52:39.239 2500 2539 I [+0100]oneconnect[1.8.09.23_01][BEACON_MANAGER_CONTROL_SERVICE]: TvOcfParser.onReceive - TV Popup Onboarding is skept - ($)
11-09 12:52:39.267 1961 2111 D BtGatt.GattService: onScanResult to scannerId: 4- eventType=0x1b, addressType=1, address=C11662_3, primaryPhy=1, secondaryPhy=0, advertisingSid=0xff, txPower=127, rssi=-37, periodicAdvInt=0x0
11-09 12:52:39.633 4203 5114 I SDHMS:D : SIOP:: AP:222(306,100) BAT:308(308,0) USB:305(305,0) CHG:310(310,0) PA:299(299,0) CP:-200(-200,0) WIFI:312(312,0) CF:307(307,0) BLK:0(0,0) SUBBAT:0(0,0) LRP:317(317,0) LRP2:317(317,0) LRF2:312(312) LRB2:317(317) AP2:316(316) CHG2:315(315) WIFI2:317(317) RCV2:311(311) SPK2:300(300) FCAM:305(305) UPSPK:308(308) DNSPK:306(306) AMB:257(257)
11-09 12:52:39.699 1268 8364 I AfterimageCompensationService: AfcThread mLuminance : 103 , AfpcPeriodCount : 608 , rotation : 0 , AOD : false
11-09 12:52:39.718 1268 8364 D system_server: mAFPC_Read - w = 1080, h = 2340, s = 8, f = 4, s_size = 10183680, luminance = 103, count = 608, captureOrientation = 0
11-09 12:52:40.202 15995 16028 D BufferPoolAccessor2.0: bufferpool2 0xb4000072bf6bca68 : 5(19200 size) total buffers - 4(15360 size) used buffers - 7028288/7028368 (recycle/alloc) - 923/14056728 (fetch/transfer)
11-09 12:52:40.499 1268 3282 D SemWifiUsabilityStatsMonitor: onWifiUsabilityStats - seqNum 6254, isSameBssidAndFreq true
11-09 12:52:40.503 1268 1600 I SemWifiLinkQualityMonitor: Link Qos Query: 0.014 ms / 583.095 Mbps (864 / 0.001 / 1.286)
11-09 12:52:40.659 874 874 I Sensors : batch(19) - light_cct_sensor try to batching with 200000000
11-09 12:52:40.661 874 874 I Sensors : LightCCT_Sensor old sensor_state 16896, new sensor_state : 987365736727040 en : 1
11-09 12:52:40.662 874 874 I Sensors : enable:: light_cct_sensor(19)
11-09 12:52:40.663 1268 1955 D SensorManager: registerListener :: 33, STK33915 Light CCT, 200000, 0, com.samsung.android.displaysolution.EyeComfortSolutionService$2@c7f6f40
11-09 12:52:40.774 874 1426 I Sensors : lux = 58, CCT = 0, r = 2832, g = 192, b = 2083, c = 65, atime = 52, again = 58, lux_raw = 58, brightness = 75, time = 259377529215000
11-09 12:52:40.777 1268 1955 D SensorService: Calling activate off 33
11-09 12:52:40.778 874 874 I Sensors : LightCCT_Sensor old sensor_state 16896, new sensor_state : 987361441759744 en : 0
11-09 12:52:40.779 874 874 I Sensors : disable:: light_cct_sensor(19)
11-09 12:52:40.781 1268 1955 D SensorManager: unregisterListener :: com.samsung.android.displaysolution.EyeComfortSolutionService$2@c7f6f40
11-09 12:52:40.948 1268 1340 I ActivityManager: Killing 24405:com.samsung.android.sm.devicesecurity/5012 (adj 999): empty #33
11-09 12:52:40.956 1268 1344 I libprocessgroup: Successfully killed process cgroup uid 5012 pid 24405 in 6ms
11-09 12:52:41.024 847 847 I Zygote : Process 24405 exited due to signal 9 (Killed)
11-09 12:52:41.115 655 655 D io_stats: !@ 8,0 r 1985226 56287380 w 2157661 22865404 d 617093 117683368 f 0 329576 iot 2296556 0 th 0 0 0 pt 0 inp 0 0 208651.418
11-09 12:52:41.116 655 655 D io_stats: !@ Read_top(KB): system_server(1268) 12
11-09 12:52:41.116 655 655 D io_stats: !@ Write_top(KB): kworker/u16:6(20603) 132 f2fs_ckpt-254:4(694) 52 init(1) 16
11-09 12:52:41.203 1961 2111 D ScanFilter: manu data matches
11-09 12:52:41.205 1961 2111 D BtGatt.GattService: onScanResult to scannerId: 1- eventType=0x1b, addressType=0, address=641CB0_0, primaryPhy=1, secondaryPhy=0, advertisingSid=0xff, txPower=127, rssi=-70, periodicAdvInt=0x0
