11-14 14:30:07.590 28874 7838 I ZipLPPopulator: at fzjv.h(PG:2)
11-14 14:30:07.590 28874 7838 I ZipLPPopulator: at bias.a(PG:1)
11-14 14:30:07.590 28874 7838 I ZipLPPopulator: at foxu.apply(PG:2)
11-14 14:30:07.590 28874 7838 I ZipLPPopulator: at ilvn.e(PG:2)
11-14 14:30:07.590 28874 7838 I ZipLPPopulator: at ilvp.run(PG:9)
11-14 14:30:07.590 28874 7838 I ZipLPPopulator: at fjjj.run(PG:1)
11-14 14:30:07.590 28874 7838 I ZipLPPopulator: at java.util.concurrent.ThreadPoolExecutor.runWorker(ThreadPoolExecutor.java:1145)
11-14 14:30:07.590 28874 7838 I ZipLPPopulator: at java.util.concurrent.ThreadPoolExecutor$Worker.run(ThreadPoolExecutor.java:644)
11-14 14:30:07.590 28874 7838 I ZipLPPopulator: at fjir.run(PG:2)
11-14 14:30:07.590 28874 7838 I ZipLPPopulator: at java.lang.Thread.run(Thread.java:1012)
11-14 14:30:07.590 28874 7838 I ZipLPPopulator: at fjjs.run(PG:5)
11-14 14:30:07.590 28874 7838 I ZipLPPopulator: #addNewFileGroups
11-14 14:30:07.590 10000 7783 W Turbo.Logging: Logged to clearcut: 9
11-14 14:30:07.590 28874 7838 I hlqd : #getDownloadableLanguagePacks
11-14 14:30:07.591 28874 29020 I LPRequestState: [ZipfileRequests] #resolveDesiredLanguagePacks
11-14 14:30:07.591 28874 29020 I hlqd : #getInstalledPackages
11-14 14:30:07.591 28874 7851 E SingleDataFileGroupPop: Failed to add file group
11-14 14:30:07.592 28874 7851 I dqau : #schedule SheldonFinetuningPlan refresh.
11-14 14:30:07.592 28874 7851 I dqau : iinp: MEDIUM
11-14 14:30:07.592 28874 7851 I dqau : at dqau.b(PG:1)
11-14 14:30:07.592 28874 7851 I dqau : at fzjv.w(PG:3)
11-14 14:30:07.592 28874 7851 I dqau : at fzjv.h(PG:3)
11-14 14:30:07.592 28874 7851 I dqau : at bias.a(PG:1)
11-14 14:30:07.592 28874 7851 I dqau : at foxu.apply(PG:2)
11-14 14:30:07.592 28874 7851 I dqau : at ilvn.e(PG:2)
11-14 14:30:07.592 28874 7851 I dqau : at ilvp.run(PG:9)
11-14 14:30:07.592 28874 7851 I dqau : at fjjj.run(PG:1)
11-14 14:30:07.592 28874 7851 I dqau : at java.util.concurrent.ThreadPoolExecutor.runWorker(ThreadPoolExecutor.java:1145)
11-14 14:30:07.592 28874 7851 I dqau : at java.util.concurrent.ThreadPoolExecutor$Worker.run(ThreadPoolExecutor.java:644)
11-14 14:30:07.592 28874 7851 I dqau : at fjir.run(PG:2)
11-14 14:30:07.592 28874 7851 I dqau : at java.lang.Thread.run(Thread.java:1012)
11-14 14:30:07.592 28874 7851 I dqau : at fjjs.run(PG:5)
11-14 14:30:07.592 28874 7851 I dqau : Finetuning mdd download flag not enabled, scheduling pack deletion.
11-14 14:30:07.592 28874 7851 I dqau : Purging SheldonFinetuningFileGroup...
11-14 14:30:07.592 28874 7851 I ZipLPPopulator: #scheduleLanguagePackDeletion
11-14 14:30:07.592 28874 7851 I ZipLPPopulator: iinp: MEDIUM
11-14 14:30:07.592 28874 7851 I ZipLPPopulator: at hlqy.b(PG:1)
11-14 14:30:07.592 28874 7851 I ZipLPPopulator: at fzjv.w(PG:3)
11-14 14:30:07.592 28874 7851 I ZipLPPopulator: at fzjv.h(PG:3)
11-14 14:30:07.592 28874 7851 I ZipLPPopulator: at bias.a(PG:1)
11-14 14:30:07.592 28874 7851 I ZipLPPopulator: at foxu.apply(PG:2)
11-14 14:30:07.592 28874 7851 I ZipLPPopulator: at ilvn.e(PG:2)
11-14 14:30:07.592 28874 7851 I ZipLPPopulator: at ilvp.run(PG:9)
11-14 14:30:07.592 28874 7851 I ZipLPPopulator: at fjjj.run(PG:1)
11-14 14:30:07.592 28874 7851 I ZipLPPopulator: at java.util.concurrent.ThreadPoolExecutor.runWorker(ThreadPoolExecutor.java:1145)
11-14 14:30:07.592 28874 7851 I ZipLPPopulator: at java.util.concurrent.ThreadPoolExecutor$Worker.run(ThreadPoolExecutor.java:644)
11-14 14:30:07.592 28874 7851 I ZipLPPopulator: at fjir.run(PG:2)
11-14 14:30:07.592 28874 7851 I ZipLPPopulator: at java.lang.Thread.run(Thread.java:1012)
11-14 14:30:07.592 28874 7851 I ZipLPPopulator: at fjjs.run(PG:5)
11-14 14:30:07.592 28874 7851 I ZipLPPopulator: #addNewFileGroups
11-14 14:30:07.592 28874 7851 I hlqd : #getDownloadableLanguagePacks
11-14 14:30:07.592 28874 7851 I ypq : Download file group for language pack: en-US
11-14 14:30:07.592 28874 7851 W ypq : Locale en-US is not compatible, please check manifest exists
11-14 14:30:07.592 28874 29017 I LPRequestState: [ZipfileRequests] #resolveDesiredLanguagePacks
11-14 14:30:07.593 28874 7851 I ayyl : getLocaleToModelSpecsMap
11-14 14:30:07.593 28874 7851 I ayyl : Fetching latest config from MDD...
11-14 14:30:07.593 28874 29030 I hlqd : #getInstalledPackages
11-14 14:30:07.593 28874 7838 I ypq : Download file group for language pack: en-US
11-14 14:30:07.593 28874 7838 W ypq : Locale en-US is not compatible, please check manifest exists
11-14 14:30:07.594 28874 7838 I ayyl : getLocaleToModelSpecsMap
11-14 14:30:07.594 28874 7838 I ayyl : Fetching latest config from MDD...
11-14 14:30:07.594 28874 7838 I ayyl : Found map of size: 8
11-14 14:30:07.594 10916 7834 I TrainerGrpcBindableService: Scheduling training succeeded [population=aiai/beta/u/pecandau, session=pecandau]
11-14 14:30:07.594 28874 7838 I HotwordModelPopulator: #updateHotwordFileGroup group name: hotword_model_en-US_okhey, raw locale: en-US, locale: en-US
11-14 14:30:07.595 28874 7838 I ayyl : getLocaleToModelSpecsMap
11-14 14:30:07.595 28874 7838 I ayyl : Fetching latest config from MDD...
11-14 14:30:07.595 28874 7838 I ayyl : Found map of size: 8
11-14 14:30:07.596 28874 7838 I HotwordModelPopulator: #updateHotwordFileGroup group name: hotword_model_en-US_okhey, raw locale: en-US, locale: en-US
11-14 14:30:07.596 7765 7765 V GraphicsEnvironment: GLES system driver is 'mali'
11-14 14:30:07.596 7765 7765 V GraphicsEnvironment: Legacy GLES driver is 'mali'
11-14 14:30:07.596 7765 7765 V GraphicsEnvironment: Currently set values for:
11-14 14:30:07.596 7765 7765 V GraphicsEnvironment: angle_gl_driver_selection_pkgs =[]
11-14 14:30:07.596 7765 7765 V GraphicsEnvironment: angle_gl_driver_selection_values =[]
11-14 14:30:07.596 7765 7765 V GraphicsEnvironment: getDriverForPackage(): No per-application setting
11-14 14:30:07.597 7765 7765 V GraphicsEnvironment: ANGLE GameManagerService for com.google.android.apps.maps: false
11-14 14:30:07.597 7765 7765 I GraphicsEnv: Using the (system) Legacy GLES driver for package 'com.google.android.apps.maps'
11-14 14:30:07.597 7765 7765 V GraphicsEnvironment: Neither updatable production driver nor prerelease driver is supported.
11-14 14:30:07.599 28874 7851 I ayyl : Found map of size: 8
11-14 14:30:07.600 28874 7851 I HotwordModelPopulator: #updateHotwordFileGroup group name: hotword_model_en-US_okhey, raw locale: en-US, locale: en-US
11-14 14:30:07.600 7765 7765 D NetworkSecurityConfig: No Network Security Config specified, using platform default
11-14 14:30:07.600 28874 7851 I ayyl : getLocaleToModelSpecsMap
11-14 14:30:07.600 28874 7851 I ayyl : Fetching latest config from MDD...
11-14 14:30:07.600 28874 7851 I ayyl : Found map of size: 8
11-14 14:30:07.600 28874 7851 I HotwordModelPopulator: #updateHotwordFileGroup group name: hotword_model_en-US_okhey, raw locale: en-US, locale: en-US
11-14 14:30:07.601 28874 7851 E PhFileGroupPop: Failed to add file group
11-14 14:30:07.601 28874 7851 E PhFileGroupPop: Failed to add file group
11-14 14:30:07.601 28874 7851 E PhFileGroupPop: Failed to add file group
11-14 14:30:07.601 28874 7851 E PhFileGroupPop: Failed to add file group
11-14 14:30:07.601 28874 7851 E PhFileGroupPop: Failed to add file group
11-14 14:30:07.601 28874 7851 E PhFileGroupPop: Failed to add file group
11-14 14:30:07.601 28874 7851 E PhFileGroupPop: Failed to add file group
11-14 14:30:07.601 28874 7851 E PhFileGroupPop: Failed to add file group
11-14 14:30:07.601 28874 7851 I hchx : Throttled; returning pending refresh
11-14 14:30:07.601 28874 7851 I hchx : Throttled; returning pending refresh
11-14 14:30:07.601 28874 7851 I hchx : Throttled; returning pending refresh
11-14 14:30:07.601 28874 7851 I hchx : Throttled; returning pending refresh
11-14 14:30:07.601 28874 7851 I hchx : Throttled; returning pending refresh
11-14 14:30:07.601 7765 7765 D NetworkSecurityConfig: No Network Security Config specified, using platform default
11-14 14:30:07.602 28874 7851 I bjru : Flag controlled groups: POP, CANTEEN
11-14 14:30:07.602 28874 7851 I bjru : Required groups: [TELEPORT, QUERY_DEEP_LINKS, SODA, APP_ACTIONS, TCLIB, INTENTS, SKIP_COMPONENT_LIST, DICTATION_FORMATTING, CORTEX, SAFT_SEGMENTER, POP, CANTEEN]
11-14 14:30:07.602 28874 7851 I bjpq : Max migration attempts reached, skipping until NGA restarts.
11-14 14:30:07.602 28874 7851 I hchx : Throttled; returning pending refresh
11-14 14:30:07.602 28874 7851 E SingleDataFileGroupPop: Failed to add file group
11-14 14:30:07.603 28874 29028 I hchx : Throttled; returning pending refresh
11-14 14:30:07.603 28874 29028 I hchx : Throttled; returning pending refresh
11-14 14:30:07.603 28874 29028 I hchx : Throttled; returning pending refresh
11-14 14:30:07.603 28874 29028 I hchx : Throttled; returning pending refresh
11-14 14:30:07.603 28874 29028 I hchx : Throttled; returning pending refresh
11-14 14:30:07.603 28874 29028 I bjwh : refreshFileGroupsSkipping called
11-14 14:30:07.603 28874 29028 I bjwo : NGA Sync: beginOnDataPresent
11-14 14:30:07.604 28874 29028 I bjwo : NGA Sync: isNgaSyncEnabled: true; enableFileGroupPopulator: true; requiresMddAssets: true
11-14 14:30:07.605 28874 29028 I bjru : Flag controlled groups: POP, CANTEEN
11-14 14:30:07.606 28874 29028 I bjru : Required groups: [TELEPORT, QUERY_DEEP_LINKS, SODA, APP_ACTIONS, TCLIB, INTENTS, SKIP_COMPONENT_LIST, DICTATION_FORMATTING, CORTEX, SAFT_SEGMENTER, POP, CANTEEN]
11-14 14:30:07.606 28874 29028 I bjwo : NGA Sync: endOnDataPresent
11-14 14:30:07.607 28874 29028 I bjwo : NGA Sync: isNgaSyncEnabled: true; enableFileGroupPopulator: true; requiresMddAssets: true
11-14 14:30:07.607 10916 7835 I TrainerGrpcBindableService: Scheduling training succeeded [population=aiai/beta/u/pecansearchqueryevents, session=pecansearchqueryevents]
11-14 14:30:07.611 28874 28975 I bjrl : Reading embedded SoT config, without catching it afterwards.
11-14 14:30:07.615 10916 7835 I TrainerGrpcBindableService: Scheduling training succeeded [population=aiai/beta/u/pecanconversationsessionevents, session=pecanconversationsessionevents]
11-14 14:30:07.618 28874 7851 I dqau : #schedule SheldonFinetuningPlan refresh.
11-14 14:30:07.618 28874 7851 I dqau : iinp: MEDIUM
11-14 14:30:07.618 28874 7851 I dqau : at dqau.b(PG:1)
11-14 14:30:07.618 28874 7851 I dqau : at fzjv.w(PG:3)
11-14 14:30:07.618 28874 7851 I dqau : at fzjv.A(PG:1)
11-14 14:30:07.618 28874 7851 I dqau : at fzjv.h(PG:1)
11-14 14:30:07.618 28874 7851 I dqau : at bias.a(PG:1)
11-14 14:30:07.618 28874 7851 I dqau : at foxu.apply(PG:2)
11-14 14:30:07.618 28874 7851 I dqau : at ilvn.e(PG:2)
11-14 14:30:07.618 28874 7851 I dqau : at ilvp.run(PG:9)
11-14 14:30:07.618 28874 7851 I dqau : at fjjj.run(PG:1)
11-14 14:30:07.618 28874 7851 I dqau : at java.util.concurrent.ThreadPoolExecutor.runWorker(ThreadPoolExecutor.java:1145)
11-14 14:30:07.618 28874 7851 I dqau : at java.util.concurrent.ThreadPoolExecutor$Worker.run(ThreadPoolExecutor.java:644)
11-14 14:30:07.618 28874 7851 I dqau : at fjir.run(PG:2)
11-14 14:30:07.618 28874 7851 I dqau : at java.lang.Thread.run(Thread.java:1012)
11-14 14:30:07.618 28874 7851 I dqau : at fjjs.run(PG:5)
11-14 14:30:07.618 28874 7851 I dqau : Finetuning mdd download flag not enabled, scheduling pack deletion.
11-14 14:30:07.618 28874 7851 I dqau : Purging SheldonFinetuningFileGroup...
11-14 14:30:07.619 28874 7851 I ZipLPPopulator: #scheduleLanguagePackDeletion
11-14 14:30:07.619 28874 7851 I ZipLPPopulator: iinp: MEDIUM
11-14 14:30:07.619 28874 7851 I ZipLPPopulator: at hlqy.b(PG:1)
11-14 14:30:07.619 28874 7851 I ZipLPPopulator: at fzjv.w(PG:3)
11-14 14:30:07.619 28874 7851 I ZipLPPopulator: at fzjv.A(PG:1)
11-14 14:30:07.619 28874 7851 I ZipLPPopulator: at fzjv.h(PG:1)
11-14 14:30:07.619 28874 7851 I ZipLPPopulator: at bias.a(PG:1)
11-14 14:30:07.619 28874 7851 I ZipLPPopulator: at foxu.apply(PG:2)
11-14 14:30:07.619 28874 7851 I ZipLPPopulator: at ilvn.e(PG:2)
11-14 14:30:07.619 28874 7851 I ZipLPPopulator: at ilvp.run(PG:9)
11-14 14:30:07.619 28874 7851 I ZipLPPopulator: at fjjj.run(PG:1)
11-14 14:30:07.619 28874 7851 I ZipLPPopulator: at java.util.concurrent.ThreadPoolExecutor.runWorker(ThreadPoolExecutor.java:1145)
11-14 14:30:07.619 28874 7851 I ZipLPPopulator: at java.util.concurrent.ThreadPoolExecutor$Worker.run(ThreadPoolExecutor.java:644)
11-14 14:30:07.619 28874 7851 I ZipLPPopulator: at fjir.run(PG:2)
11-14 14:30:07.619 28874 7851 I ZipLPPopulator: at java.lang.Thread.run(Thread.java:1012)
11-14 14:30:07.619 28874 7851 I ZipLPPopulator: at fjjs.run(PG:5)
11-14 14:30:07.619 28874 7851 I ZipLPPopulator: #addNewFileGroups
11-14 14:30:07.619 28874 7851 I hlqd : #getDownloadableLanguagePacks
11-14 14:30:07.620 1472 1986 I ActivityManager: Flag disabled. Ignoring finishAttachApplication from uid: 10188. pid: 7765
11-14 14:30:07.620 28874 7851 I ypq : Download file group for language pack: en-US
11-14 14:30:07.622 10916 7821 I TrainerGrpcBindableService: Scheduling training succeeded [population=aiai/beta/u/contentcapture, session=contentcapture]
11-14 14:30:07.620 28874 7851 W ypq : Locale en-US is not compatible, please check manifest exists
11-14 14:30:07.623 28874 29030 I LPRequestState: [ZipfileRequests] #resolveDesiredLanguagePacks
11-14 14:30:07.623 28874 29030 I hlqd : #getInstalledPackages
11-14 14:30:07.623 28874 7851 I ayyl : getLocaleToModelSpecsMap
11-14 14:30:07.623 28874 7851 I ayyl : Fetching latest config from MDD...
11-14 14:30:07.623 28874 7851 I ayyl : Found map of size: 8
11-14 14:30:07.623 28874 7851 I HotwordModelPopulator: #updateHotwordFileGroup group name: hotword_model_en-US_okhey, raw locale: en-US, locale: en-US
11-14 14:30:07.623 28874 7851 I ayyl : getLocaleToModelSpecsMap
11-14 14:30:07.623 28874 7851 I ayyl : Fetching latest config from MDD...
11-14 14:30:07.624 28874 7851 I ayyl : Found map of size: 8
11-14 14:30:07.624 28874 7851 I HotwordModelPopulator: #updateHotwordFileGroup group name: hotword_model_en-US_okhey, raw locale: en-US, locale: en-US
11-14 14:30:07.628 7765 7765 D CompatibilityChangeReporter: Compat change id reported: 160794467; UID 10188; state: ENABLED
11-14 14:30:07.631 10916 7834 I TrainerGrpcBindableService: Scheduling training succeeded [population=aiai/beta/u/echo, session=echo]
11-14 14:30:07.639 10916 7835 I TrainerGrpcBindableService: Scheduling training succeeded [population=aiai/beta/u/pecanusageevents, session=pecanusageevents]
11-14 14:30:07.649 10916 7835 I TrainerGrpcBindableService: Scheduling training succeeded [population=aiai/beta/u/search, session=search]
11-14 14:30:07.652 10916 7821 I TrainerGrpcBindableService: Scheduling training succeeded [population=aiai/beta/u/pecanwau, session=pecanwau]
11-14 14:30:07.657 1472 1986 D CompatibilityChangeReporter: Compat change id reported: 161145287; UID 10188; state: DISABLED
11-14 14:30:07.661 7765 7856 D CompatibilityChangeReporter: Compat change id reported: 183155436; UID 10188; state: ENABLED
11-14 14:30:07.669 10000 7783 W Turbo.UpdateOfflineModel: Updating the offline model..
11-14 14:30:07.687 7765 7858 W ocess_scheduled: Accessing hidden field Ljava/util/Collections$SynchronizedCollection;->mutex:Ljava/lang/Object; (max-target-o, reflection, denied)
11-14 14:30:07.687 7765 7858 W ocess_scheduled: Accessing hidden method Ljava/util/Collections$SynchronizedSet;->(Ljava/util/Set;Ljava/lang/Object;)V (max-target-o, reflection, denied)
11-14 14:30:07.687 7765 7858 W ocess_scheduled: Accessing hidden method Ljava/util/Collections$SynchronizedCollection;->(Ljava/util/Collection;Ljava/lang/Object;)V (max-target-o, reflection, denied)
11-14 14:30:07.691 7765 7856 I ocess_scheduled: System.exit called, status: 0
11-14 14:30:07.691 7765 7856 I AndroidRuntime: VM exiting with result code 0, cleanup skipped.
11-14 14:30:07.716 28874 7709 D gayo : Starting download: https://dl.google.com/speech-contextual-models/manifests/manifest-nga
11-14 14:30:07.716 28874 7709 V gayo : Is http uri, downloading (uri: https://dl.google.com/speech-contextual-models/manifests/manifest-nga)
11-14 14:30:07.718 28874 29028 I dqau : Attempt to add empty FileGroup completed.
11-14 14:30:07.740 28874 29020 I LPRequestState: [ZipfileRequests] #resolveUnusedLanguagePacks
11-14 14:30:07.740 28874 29020 I LPRequestState: [ZipfileRequests] #resolveDesiredLanguagePacks
11-14 14:30:07.742 1472 4959 I ActivityManager: Process com.google.android.apps.maps:server_recovery_process_scheduled (pid 7765) has died: cch+5 CEM
11-14 14:30:07.743 1472 1700 I libprocessgroup: Successfully killed process cgroup uid 10188 pid 7765 in 0ms
11-14 14:30:07.743 851 851 I Zygote : Process 7765 exited cleanly (0)
11-14 14:30:07.811 28874 28896 I earchbox:search: Background young concurrent copying GC freed 677962(30MB) AllocSpace objects, 133(3960KB) LOS objects, 20% free, 63MB/79MB, paused 289us,100us total 141.115ms
11-14 14:30:07.814 12154 12187 W WM-Processor: Didn't find WorkSpec for id WorkGenerationalId(workSpecId=67db6ee0-e984-406f-b602-e9c32f56541f, generation=0)
11-14 14:30:07.814 12154 12187 W WM-Processor: Didn't find WorkSpec for id WorkGenerationalId(workSpecId=f16c7561-886d-400f-a15e-0b4031b31f74, generation=0)
11-14 14:30:07.814 12154 12187 W WM-Processor: Didn't find WorkSpec for id WorkGenerationalId(workSpecId=3abc5293-d28c-4b6b-b526-3857a0f7c759, generation=0)
11-14 14:30:07.814 12154 12187 W WM-Processor: Didn't find WorkSpec for id WorkGenerationalId(workSpecId=f4f66988-7612-4107-a842-188ce176870b, generation=0)
11-14 14:30:07.814 12154 12187 W WM-Processor: Didn't find WorkSpec for id WorkGenerationalId(workSpecId=58f20062-f22b-4dc6-a1d9-6ace1ef292e7, generation=0)
11-14 14:30:07.815 12154 12187 W WM-Processor: Didn't find WorkSpec for id WorkGenerationalId(workSpecId=c3b4ac2b-9761-4d8a-afae-e7cd065f572c, generation=0)
11-14 14:30:07.815 12154 12187 W WM-Processor: Didn't find WorkSpec for id WorkGenerationalId(workSpecId=80c45635-07aa-4df9-b8df-98d34ac7d6ab, generation=0)
11-14 14:30:07.815 12154 12187 W WM-Processor: Didn't find WorkSpec for id WorkGenerationalId(workSpecId=903fc35c-9827-4729-aaab-f9f3d0119905, generation=0)
11-14 14:30:07.815 12154 12187 W WM-Processor: Didn't find WorkSpec for id WorkGenerationalId(workSpecId=e77b1700-f652-4707-ae58-a34e50a3d29d, generation=0)
11-14 14:30:07.815 12154 12187 W WM-Processor: Didn't find WorkSpec for id WorkGenerationalId(workSpecId=2352d735-83fa-497b-85b3-c3041453b8c0, generation=0)
11-14 14:30:07.815 12154 12187 W WM-Processor: Didn't find WorkSpec for id WorkGenerationalId(workSpecId=1b30b02d-068c-4f35-8520-8f884837bd98, generation=0)
11-14 14:30:07.815 12154 12187 W WM-Processor: Didn't find WorkSpec for id WorkGenerationalId(workSpecId=991a82ab-f2f3-46d3-82cd-e5649d37492a, generation=0)
11-14 14:30:07.815 12154 12187 W WM-Processor: Didn't find WorkSpec for id WorkGenerationalId(workSpecId=34af68ce-3a5e-48e1-bd77-69c8a145caff, generation=0)
11-14 14:30:07.816 12154 12187 W WM-Processor: Didn't find WorkSpec for id WorkGenerationalId(workSpecId=52191a3a-9c1c-4d01-a50a-da281617ecc0, generation=0)
11-14 14:30:07.816 12154 12187 W WM-Processor: Didn't find WorkSpec for id WorkGenerationalId(workSpecId=7937058c-9856-4a5e-ba69-62075f26f605, generation=0)
11-14 14:30:07.839 16945 16972 W Turbo.EvaluateAppBucketsJob: Deleted 5 buckets snapshots, till Nov 13, 2023 10:58:12 AM
11-14 14:30:07.840 28874 28945 I LPRequestState: [ZipfileRequests] #resolveUnusedLanguagePacks
11-14 14:30:07.840 28874 28945 I LPRequestState: [ZipfileRequests] #resolveDesiredLanguagePacks
11-14 14:30:07.856 29151 7861 W WM-Processor: Didn't find WorkSpec for id WorkGenerationalId(workSpecId=a5b6f35e-91b8-408c-baec-7eb75720bbbf, generation=0)
11-14 14:30:07.864 28874 28874 I ccet : Starting PERIODIC background task MDH_WIPEOUT.
11-14 14:30:07.866 29151 7862 W WM-Processor: Didn't find WorkSpec for id WorkGenerationalId(workSpecId=2dd82fe7-e92e-44be-9095-73f8d73cf883, generation=0)
11-14 14:30:07.868 29151 7861 W WM-Processor: Didn't find WorkSpec for id WorkGenerationalId(workSpecId=6d3b5abf-e5dc-4ea2-995b-a576bc8253da, generation=0)
11-14 14:30:07.871 10000 7783 I esj : Loaded native library: tensorflowlite_jni
11-14 14:30:07.889 28874 7863 V MDH : Opening MDH wipeout table.
11-14 14:30:07.892 10000 7783 I esj : Didn't load native library: tensorflowlite_jni_gms_client
11-14 14:30:07.901 28874 29002 W aqxj : Abort, client detached.
11-14 14:30:07.901 28874 29002 W aqxj : Abort, client detached.
11-14 14:30:07.901 28874 29002 W aqxj : Abort, client detached.
11-14 14:30:07.901 28874 29002 W aqxj : Abort, client detached.
11-14 14:30:07.907 28874 28874 I ccet : Starting PERIODIC background task OPA_ASSISTANT_LANGUAGE_TRANSITION_TASK.
11-14 14:30:07.909 10000 7783 I tflite : Initialized TensorFlow Lite runtime.
11-14 14:30:07.918 28874 29002 W aqxj : Abort, client detached.
11-14 14:30:07.919 28874 29002 W aqxj : Abort, client detached.
11-14 14:30:07.919 28874 29002 W aqxj : Abort, client detached.
11-14 14:30:07.919 28874 29002 W aqxj : Abort, client detached.
11-14 14:30:07.927 28874 28874 I ccet : Starting PERIODIC background task PCP_V1_BACKGROUND_REFRESH.
11-14 14:30:07.942 28874 7846 I cfvf : Scheduling the PCP local calendar periodic scheduler worker
11-14 14:30:07.949 29151 29151 I SyncManagerImpl: #sync(). Running Synclets and scheduling next sync.
11-14 14:30:07.966 29151 29195 I SyncManagerImpl: Starting synclet: com.google.android.apps.messaging.shared.profile.data.peopleapi.cache.KeyValueProfileCacheModule_Companion_provideProfileCacheConfig_ExpiredEntrySyncletModule
11-14 14:30:07.970 29151 29218 I SyncManagerImpl: Starting synclet: WipeoutSynclet
11-14 14:30:08.023 28874 7850 E MDD : FileGroupManager verifyIsolatedFileUris unable to get isolated file uri! android://com.google.android.googlequicksearchbox/files/datadownload/shared/links/public/speech-contextual-models_bc3f73f80ad4411fdb6044b06e49351aa7deeb078ec21fb1bc0be1013c702bf8/2f22b35956c7edc4b85017874467e5c50288829f.fst android://com.google.android.googlequicksearchbox/files/datadownload/shared/public/datadownloadfile_1686166430515
11-14 14:30:08.023 28874 7850 E MDD : FileGroupManager verifyIsolatedFileUris unable to get isolated file uri! android://com.google.android.googlequicksearchbox/files/datadownload/shared/links/public/speech-contextual-models_bc3f73f80ad4411fdb6044b06e49351aa7deeb078ec21fb1bc0be1013c702bf8/4da55b864021cb8b8b2474d67f48c4142fe25c76.txt android://com.google.android.googlequicksearchbox/files/datadownload/shared/public/datadownloadfile_1686166430726
11-14 14:30:08.023 28874 7850 E MDD : FileGroupManager verifyIsolatedFileUris unable to get isolated file uri! android://com.google.android.googlequicksearchbox/files/datadownload/shared/links/public/speech-contextual-models_bc3f73f80ad4411fdb6044b06e49351aa7deeb078ec21fb1bc0be1013c702bf8/bb60f7d89c3c9c9abd1c0461105c860b5447cfd2.txt android://com.google.android.googlequicksearchbox/files/datadownload/shared/public/datadownloadfile_1686166430727
11-14 14:30:08.023 28874 7850 E MDD : FileGroupManager verifyIsolatedFileUris unable to get isolated file uri! android://com.google.android.googlequicksearchbox/files/datadownload/shared/links/public/speech-contextual-models_bc3f73f80ad4411fdb6044b06e49351aa7deeb078ec21fb1bc0be1013c702bf8/d70593867fcb5c83e6cdb69a229b76e769673d09.fst android://com.google.android.googlequicksearchbox/files/datadownload/shared/public/datadownloadfile_1686166430518
11-14 14:30:08.023 28874 7850 E MDD : FileGroupManager verifyIsolatedFileUris unable to get isolated file uri! android://com.google.android.googlequicksearchbox/files/datadownload/shared/links/public/speech-contextual-models_bc3f73f80ad4411fdb6044b06e49351aa7deeb078ec21fb1bc0be1013c702bf8/a22c596ebbf938ca79eec21d70265bddaf163a20.fst android://com.google.android.googlequicksearchbox/files/datadownload/shared/public/datadownloadfile_1686166430519
11-14 14:30:08.023 29151 29182 I SyncManagerImpl: Completed sync. Scheduling next wakeup
11-14 14:30:08.023 28874 7850 E MDD : FileGroupManager verifyIsolatedFileUris unable to get isolated file uri! android://com.google.android.googlequicksearchbox/files/datadownload/shared/links/public/speech-contextual-models_bc3f73f80ad4411fdb6044b06e49351aa7deeb078ec21fb1bc0be1013c702bf8/16e8fc94c5c32862d3727b4ff3f84930f0c471c2.txt android://com.google.android.googlequicksearchbox/files/datadownload/shared/public/datadownloadfile_1686166430728
11-14 14:30:08.024 28874 7850 E MDD : FileGroupManager verifyIsolatedFileUris unable to get isolated file uri! android://com.google.android.googlequicksearchbox/files/datadownload/shared/links/public/speech-contextual-models_bc3f73f80ad4411fdb6044b06e49351aa7deeb078ec21fb1bc0be1013c702bf8/a82a8ff91014561c930fe216a938b92487b29b03.txt android://com.google.android.googlequicksearchbox/files/datadownload/shared/public/datadownloadfile_1686166430521
11-14 14:30:08.024 29151 29182 I SyncWorkManagerOneTimeS: Scheduling next onetime WorkManager workers
11-14 14:30:08.024 28874 7850 E MDD : FileGroupManager verifyIsolatedFileUris unable to get isolated file uri! android://com.google.android.googlequicksearchbox/files/datadownload/shared/links/public/speech-contextual-models_bc3f73f80ad4411fdb6044b06e49351aa7deeb078ec21fb1bc0be1013c702bf8/da30f57dbd3eee028068dac81616af0172c44f63.fst android://com.google.android.googlequicksearchbox/files/datadownload/shared/public/datadownloadfile_1686166430522
11-14 14:30:08.024 28874 7850 E MDD : FileGroupManager verifyIsolatedFileUris unable to get isolated file uri! android://com.google.android.googlequicksearchbox/files/datadownload/shared/links/public/speech-contextual-models_bc3f73f80ad4411fdb6044b06e49351aa7deeb078ec21fb1bc0be1013c702bf8/639b2cc9393c8e7997bd34d98d2e11b37ad2af08.txt android://com.google.android.googlequicksearchbox/files/datadownload/shared/public/datadownloadfile_1686166430729
11-14 14:30:08.024 28874 7850 E MDD : FileGroupManager verifyIsolatedFileUris unable to get isolated file uri! android://com.google.android.googlequicksearchbox/files/datadownload/shared/links/public/speech-contextual-models_bc3f73f80ad4411fdb6044b06e49351aa7deeb078ec21fb1bc0be1013c702bf8/6db77e11bb2dd7ee033f6a5c80b46a83267e7915.fst android://com.google.android.googlequicksearchbox/files/datadownload/shared/public/datadownloadfile_1686166430524
11-14 14:30:08.024 28874 7850 E MDD : FileGroupManager verifyIsolatedFileUris unable to get isolated file uri! android://com.google.android.googlequicksearchbox/files/datadownload/shared/links/public/speech-contextual-models_bc3f73f80ad4411fdb6044b06e49351aa7deeb078ec21fb1bc0be1013c702bf8/83b3f2a859686a0f0bc5bf33b570652928444710.txt android://com.google.android.googlequicksearchbox/files/datadownload/shared/public/datadownloadfile_1686166430730
11-14 14:30:08.024 28874 7850 E MDD : FileGroupManager verifyIsolatedFileUris unable to get isolated file uri! android://com.google.android.googlequicksearchbox/files/datadownload/shared/links/public/speech-contextual-models_bc3f73f80ad4411fdb6044b06e49351aa7deeb078ec21fb1bc0be1013c702bf8/e4ccd8e88c61dbe0f981e8b32a22bc6b4bbbe7f3.fst android://com.google.android.googlequicksearchbox/files/datadownload/shared/public/datadownloadfile_1686166430526
11-14 14:30:08.025 28874 7850 E MDD : FileGroupManager verifyIsolatedFileUris unable to get isolated file uri! android://com.google.android.googlequicksearchbox/files/datadownload/shared/links/public/speech-contextual-models_bc3f73f80ad4411fdb6044b06e49351aa7deeb078ec21fb1bc0be1013c702bf8/71f147a7fc8f33625232027eefb7cc05cc466a13.txt android://com.google.android.googlequicksearchbox/files/datadownload/shared/public/datadownloadfile_1686166430731
11-14 14:30:08.025 28874 7850 E MDD : FileGroupManager verifyIsolatedFileUris unable to get isolated file uri! android://com.google.android.googlequicksearchbox/files/datadownload/shared/links/public/speech-contextual-models_bc3f73f80ad4411fdb6044b06e49351aa7deeb078ec21fb1bc0be1013c702bf8/20ade859bce6819612efb6987e7b1728d3a22da9.txt android://com.google.android.googlequicksearchbox/files/datadownload/shared/public/datadownloadfile_1686166430528
11-14 14:30:08.025 28874 7850 E MDD : FileGroupManager verifyIsolatedFileUris unable to get isolated file uri! android://com.google.android.googlequicksearchbox/files/datadownload/shared/links/public/speech-contextual-models_bc3f73f80ad4411fdb6044b06e49351aa7deeb078ec21fb1bc0be1013c702bf8/853120c80f7486ec47c70fcfe9a7783fa9824875.txt android://com.google.android.googlequicksearchbox/files/datadownload/shared/public/datadownloadfile_1686166430529
11-14 14:30:08.025 28874 7850 E MDD : FileGroupManager verifyIsolatedFileUris unable to get isolated file uri! android://com.google.android.googlequicksearchbox/files/datadownload/shared/links/public/speech-contextual-models_bc3f73f80ad4411fdb6044b06e49351aa7deeb078ec21fb1bc0be1013c702bf8/5669ad9eaeed153c05617d4c912a4deb608466cb.txt android://com.google.android.googlequicksearchbox/files/datadownload/shared/public/datadownloadfile_1686166430530
11-14 14:30:08.025 28874 7850 E MDD : FileGroupManager verifyIsolatedFileUris unable to get isolated file uri! android://com.google.android.googlequicksearchbox/files/datadownload/shared/links/public/speech-contextual-models_bc3f73f80ad4411fdb6044b06e49351aa7deeb078ec21fb1bc0be1013c702bf8/afecf579639686ef94d7a08e40eb9ccf0c75c419.txt android://com.google.android.googlequicksearchbox/files/datadownload/shared/public/datadownloadfile_1686166430531
11-14 14:30:08.025 28874 7850 E MDD : FileGroupManager verifyIsolatedFileUris unable to get isolated file uri! android://com.google.android.googlequicksearchbox/files/datadownload/shared/links/public/speech-contextual-models_bc3f73f80ad4411fdb6044b06e49351aa7deeb078ec21fb1bc0be1013c702bf8/d5adb45d9aa2c0153e4ddc12924195a87b65b8c4.txt android://com.google.android.googlequicksearchbox/files/datadownload/shared/public/datadownloadfile_1686166430532
11-14 14:30:08.025 28874 7850 E MDD : FileGroupManager verifyIsolatedFileUris unable to get isolated file uri! android://com.google.android.googlequicksearchbox/files/datadownload/shared/links/public/speech-contextual-models_bc3f73f80ad4411fdb6044b06e49351aa7deeb078ec21fb1bc0be1013c702bf8/347486396e1f388bd7e8c23c0a0fc5deff127650.txt android://com.google.android.googlequicksearchbox/files/datadownload/shared/public/datadownloadfile_1686166430533
11-14 14:30:08.025 28874 7850 E MDD : FileGroupManager verifyIsolatedFileUris unable to get isolated file uri! android://com.google.android.googlequicksearchbox/files/datadownload/shared/links/public/speech-contextual-models_bc3f73f80ad4411fdb6044b06e49351aa7deeb078ec21fb1bc0be1013c702bf8/74665bac4d53c4c6d1104806f4991eaef852567e.txt android://com.google.android.googlequicksearchbox/files/datadownload/shared/public/datadownloadfile_1686166430534
11-14 14:30:08.026 28874 7850 E MDD : FileGroupManager verifyIsolatedFileUris unable to get isolated file uri! android://com.google.android.googlequicksearchbox/files/datadownload/shared/links/public/speech-contextual-models_bc3f73f80ad4411fdb6044b06e49351aa7deeb078ec21fb1bc0be1013c702bf8/ffb8eaeb14e177ee393bdf5d926f288854c5a0f9.txt android://com.google.android.googlequicksearchbox/files/datadownload/shared/public/datadownloadfile_1686166430535
11-14 14:30:08.026 28874 7850 E MDD : FileGroupManager verifyIsolatedFileUris unable to get isolated file uri! android://com.google.android.googlequicksearchbox/files/datadownload/shared/links/public/speech-contextual-models_bc3f73f80ad4411fdb6044b06e49351aa7deeb078ec21fb1bc0be1013c702bf8/9a2966d91fbd32b5d98d6d68b0290338dafb2fd1.txt android://com.google.android.googlequicksearchbox/files/datadownload/shared/public/datadownloadfile_1686166430536
11-14 14:30:08.026 28874 7850 E MDD : FileGroupManager verifyIsolatedFileUris unable to get isolated file uri! android://com.google.android.googlequicksearchbox/files/datadownload/shared/links/public/speech-contextual-models_bc3f73f80ad4411fdb6044b06e49351aa7deeb078ec21fb1bc0be1013c702bf8/CONFIG android://com.google.android.googlequicksearchbox/files/datadownload/shared/public/datadownloadfile_1686166430732
11-14 14:30:08.026 28874 7850 W MDD : FileGroupManager: Detected corruption of isolated structure for group speech-contextual-models 2f22b35956c7edc4b85017874467e5c50288829f
11-14 14:30:08.031 29151 29175 I SyncManagerImpl: #sync() complete
11-14 14:30:08.034 28874 28896 I earchbox:search: Background young concurrent copying GC freed 119370(6840KB) AllocSpace objects, 32(972KB) LOS objects, 0% free, 94MB/94MB, paused 397us,113us total 157.758ms
11-14 14:30:08.062 10000 7783 W libc : Access denied finding property "ro.mediatek.platform"
11-14 14:30:08.062 10000 7783 W libc : Access denied finding property "ro.chipname"
11-14 14:30:08.062 10000 7783 W libc : Access denied finding property "ro.hardware.chipname"
11-14 14:30:08.071 28874 28874 I cfvf : Local calendar periodic scheduler worker starts.
11-14 14:30:08.071 28874 28874 I A : Scheduling the PCP local calendar update worker.
11-14 14:30:08.072 28874 29020 I A : Calendar refresh worker found. Do not schedule new one.
11-14 14:30:08.072 28874 28976 I WM-WorkerWrapper: Worker result SUCCESS for Work [ id=aab7003f-dae1-402e-8a47-88eaa01503b8, tags={ com.google.apps.tiktok.contrib.work.TikTokListenableWorker,TikTokWorker#com.google.apps.tiktok.contrib.work.impl.WipeoutWorker } ]
11-14 14:30:08.074 28874 28976 I WM-WorkerWrapper: Worker result SUCCESS for Work [ id=1d1fb621-0236-4d60-96c6-8584107d2e9d, tags={ com.google.apps.tiktok.contrib.work.TikTokListenableWorker,TikTokWorker#com.google.android.apps.search.assistant.platform.pcp.featuredata.localcalendar.LocalCalendarPeriodicSchedulerWorker } ]
11-14 14:30:08.141 29151 7861 I SyncWorkManagerOneTimeS: Successfully scheduled next onetime workers
11-14 14:30:08.317 10000 7783 W Turbo.UpdateOfflineModel: Updated system brightness curve for display:
11-14 14:30:08.319 10000 7783 W Turbo.Logging: Logged to clearcut: 5
11-14 14:30:08.326 1472 1986 W JobScheduler: Job didn't exist in JobStore: 493ab90 #u0a149/108 com.google.android.apps.turbo/com.google.android.libraries.smartbattery.brightness.library.UpdateOfflineModelJob
11-14 14:30:08.334 28874 28874 I ccet : Starting PERIODIC background task UPLOAD_HOTWORD_SETTINGS.
11-14 14:30:08.337 28874 29002 W aqxj : Abort, client detached.
11-14 14:30:08.337 28874 29002 W aqxj : Abort, client detached.
11-14 14:30:08.337 28874 29002 W aqxj : Abort, client detached.
11-14 14:30:08.338 28874 29002 W aqxj : Abort, client detached.
11-14 14:30:08.338 28874 29002 W aqxj : Abort, client detached.
11-14 14:30:08.346 1472 1986 D ActivityManager: sync unfroze 2726 com.google.android.carrier
11-14 14:30:08.364 6189 6222 I DynamiteModule: Considering local module com.google.android.gms.cronet_dynamite:0 and remote module com.google.android.gms.cronet_dynamite:2611
11-14 14:30:08.364 6189 6222 I DynamiteModule: Selected remote version of com.google.android.gms.cronet_dynamite, version >= 2611
11-14 14:30:08.366 6189 6222 W System : ClassLoader referenced unknown path:
11-14 14:30:08.367 6189 6222 D nativeloader: Configuring clns-8 for other apk . target_sdk_version=34, uses_libraries=, library_path=/data/app/~~sZIviM2N6fP_A3_Zp9h7Sw==/com.google.android.gms-mJS7CQyBpQmNiM0wLfWaAg==/lib/arm64:/data/app/~~sZIviM2N6fP_A3_Zp9h7Sw==/com.google.android.gms-mJS7CQyBpQmNiM0wLfWaAg==/base.apk!/lib/arm64-v8a, permitted_path=/data:/mnt/expand:/data/user/0/com.google.android.gms
11-14 14:30:08.378 6189 6222 W ziparchive: Unable to open '/data/user_de/0/com.google.android.gms/app_chimera/m/0000015e/CronetDynamite.dm': No such file or directory
11-14 14:30:08.382 28874 28896 I earchbox:search: Background concurrent copying GC freed 845909(38MB) AllocSpace objects, 73(2144KB) LOS objects, 58% free, 67MB/163MB, paused 77us,186us total 347.420ms
11-14 14:30:08.393 2726 16360 I ParisPhenotypeCommitter: Phenotype update committed.
11-14 14:30:08.415 28874 28899 W System : A resource failed to call close.
11-14 14:30:08.415 28874 28899 W System : A resource failed to call SQLiteConnectionPool.close.
11-14 14:30:08.415 28874 28899 W SQLiteConnectionPool: A SQLiteConnection object for database '/data/user/0/com.google.android.googlequicksearchbox/databases/icing-mdh.db' was leaked! Please fix your application to end transactions in progress properly and to close the database when it is no longer needed.
11-14 14:30:08.415 28874 28899 W System : A resource failed to call SQLiteConnection.close.
11-14 14:30:08.424 1472 1472 D ActivityManager: sync unfroze 2005 com.google.android.flipendo
11-14 14:30:08.434 6189 6222 D nativeloader: Configuring clns-9 for other apk . target_sdk_version=34, uses_libraries=ALL, library_path=/data/user_de/0/com.google.android.gms/app_chimera/m/0000015e/CronetDynamite.apk!/lib/arm64-v8a, permitted_path=/data:/mnt/expand
11-14 14:30:08.434 6189 6222 D nativeloader: Extending system_exposed_libraries: libedgetpu_dba.google.so
11-14 14:30:08.437 2005 2005 I CleaningJobSvc: cleaning allowed app list
11-14 14:30:08.449 1472 4959 D ConnectivityService: requestNetwork for uid/pid:10140/6189 activeRequest: null callbackRequest: 2058 [NetworkRequest [ REQUEST id=2059, [ Capabilities: INTERNET&NOT_RESTRICTED&TRUSTED&NOT_VCN_MANAGED Uid: 10140 RequestorUid: 10140 RequestorPkg: com.google.android.gms UnderlyingNetworks: Null] ]] callback flags: 0 order: 2147483647
11-14 14:30:08.452 1472 1863 D WifiNetworkFactory: got request NetworkRequest [ REQUEST id=2059, [ Capabilities: INTERNET&NOT_RESTRICTED&TRUSTED&NOT_VCN_MANAGED Uid: 10140 RequestorUid: 10140 RequestorPkg: com.google.android.gms UnderlyingNetworks: Null] ]
11-14 14:30:08.453 1472 1863 D UntrustedWifiNetworkFactory: got request NetworkRequest [ REQUEST id=2059, [ Capabilities: INTERNET&NOT_RESTRICTED&TRUSTED&NOT_VCN_MANAGED Uid: 10140 RequestorUid: 10140 RequestorPkg: com.google.android.gms UnderlyingNetworks: Null] ]
11-14 14:30:08.453 1472 1863 D OemPaidWifiNetworkFactory: got request NetworkRequest [ REQUEST id=2059, [ Capabilities: INTERNET&NOT_RESTRICTED&TRUSTED&NOT_VCN_MANAGED Uid: 10140 RequestorUid: 10140 RequestorPkg: com.google.android.gms UnderlyingNetworks: Null] ]
11-14 14:30:08.453 1472 1863 D MultiInternetWifiNetworkFactory: got request NetworkRequest [ REQUEST id=2059, [ Capabilities: INTERNET&NOT_RESTRICTED&TRUSTED&NOT_VCN_MANAGED Uid: 10140 RequestorUid: 10140 RequestorPkg: com.google.android.gms UnderlyingNetworks: Null] ]
11-14 14:30:08.453 1472 1871 D ConnectivityService: NetReassign [2059 : null → 174] [c 0] [a 1] [i 2]
11-14 14:30:08.457 1472 1871 D ConnectivityService: NetReassign [no changes] [c 0] [a 0] [i 3]
11-14 14:30:08.472 6189 6222 I cr_CronetLibraryLoader: Cronet version: 114.0.5735.33, arch: aarch64
11-14 14:30:08.484 1472 4959 D ActivityManager: sync unfroze 5791 com.google.android.webview:webview_service
11-14 14:30:08.553 6189 7872 D TrafficStats: tagSocket(165) with statsTag=0x7901, statsUid=10140
11-14 14:30:08.557 28874 29030 I hchx : Running throttled refresh
11-14 14:30:08.557 28874 28945 I hchx : Running throttled refresh
11-14 14:30:08.557 28874 29029 I hchx : Running throttled refresh
11-14 14:30:08.557 28874 29020 I hchx : Running throttled refresh
11-14 14:30:08.567 28874 29028 I hchx : Running throttled refresh
11-14 14:30:08.569 28874 29030 I hchx : Running throttled refresh
11-14 14:30:08.569 28874 29029 I hchx : Running throttled refresh
11-14 14:30:08.569 28874 29028 I hchx : Running throttled refresh
11-14 14:30:08.569 28874 29020 I hchx : Running throttled refresh
11-14 14:30:08.569 28874 29017 I hchx : Running throttled refresh
11-14 14:30:08.570 28874 29029 I hchx : Running throttled refresh
11-14 14:30:08.577 28874 28978 W MDD : GddFileGroupPopulator: Account was not provided, skipping private sync for corpus: GDD_APA_LIGHTWEIGHT_TOKENS, configuration: GddAgsaApaLightweightTokens
11-14 14:30:08.577 28874 28978 W MDD : GddFileGroupPopulator: Account was not provided, skipping private sync for corpus: GDD_APA_SMART_ACTION_MODELS, configuration: GddAgsaApaSmartActionModels
11-14 14:30:08.577 28874 28978 W MDD : GddFileGroupPopulator: Account was not provided, skipping private sync for corpus: GDD_AIP_TOAST_QUALITY, configuration: GddAipToastQuality
11-14 14:30:08.577 28874 28977 W MDD : GddFileGroupPopulator: Account was not provided, skipping private sync for corpus: GDD_APA_DICTATION_FORMATTING, configuration: GddAgsaApaDictationFormatting
11-14 14:30:08.577 28874 28978 W MDD : GddFileGroupPopulator: Account was not provided, skipping private sync for corpus: GDD_APA_CORRECTIONS, configuration: GddAgsaApaCorrections
11-14 14:30:08.578 28874 28975 W MDD : GddFileGroupPopulator: Account was not provided, skipping private sync for corpus: GDD_APA_BISTO, configuration: GddAgsaApaBisto
11-14 14:30:08.578 28874 28978 W MDD : GddFileGroupPopulator: Account was not provided, skipping private sync for corpus: GDD_APA_POP, configuration: GddAgsaApaPop
11-14 14:30:08.578 28874 29030 I fmwo : Starting batch sync for corpora: [1034]
11-14 14:30:08.578 28874 28945 I fmwo : Starting batch sync for corpora: [1008]
11-14 14:30:08.578 28874 29017 I fmwo : Starting batch sync for corpora: [1015]
11-14 14:30:08.578 28874 28976 W MDD : GddFileGroupPopulator: Account was not provided, skipping private sync for corpus: GDD_APA_WARMACTIONS, configuration: GddAgsaApaWarmActions
11-14 14:30:08.578 28874 29029 I fmwo : Starting batch sync for corpora: [1012]
11-14 14:30:08.579 28874 28978 W MDD : GddFileGroupPopulator: Account was not provided, skipping private sync for corpus: GDD_AGSA_APA_CONTACT, configuration: GddAgsaApaContact
11-14 14:30:08.580 28874 28945 I fmwo : Starting batch sync for corpora: [1022]
11-14 14:30:08.580 28874 28978 W MDD : GddFileGroupPopulator: Account was not provided, skipping private sync for corpus: GDD_APA_HOTWORD_MODEL, configuration: GddAgsaApaHotword
11-14 14:30:08.581 28874 29020 I fmwo : Starting batch sync for corpora: [1005]
11-14 14:30:08.581 28874 29020 I fmwo : Starting batch sync for corpora: [1044]
11-14 14:30:08.581 28874 29029 I fmwo : Starting batch sync for corpora: [1004]
11-14 14:30:08.582 28874 28976 E SQLiteLog: (1) no such table: geller_metadata_table in "SELECT DISTINCT metadata FROM geller_metadata_table WHERE data_type = ? AND key = ?"
11-14 14:30:08.582 28874 29028 I fmwo : Starting batch sync for corpora: [1013]
11-14 14:30:08.582 28874 28977 I gxvb : Building Device Properties.
11-14 14:30:08.582 28874 28977 I gxvb : Building Device Properties.
11-14 14:30:08.583 28874 28977 I gxvb : Building Device Properties.
11-14 14:30:08.583 28874 29020 I fmwo : Starting batch sync for corpora: [1010]
11-14 14:30:08.589 6189 7872 D TrafficStats: tagSocket(166) with statsTag=0x7901, statsUid=10140
11-14 14:30:08.602 28874 7851 E SQLiteLog: (1) no such table: geller_key_table in "SELECT geller_data_table.data FROM (SELECT DISTINCT data_id, timestamp_micro FROM ( SELECT data_id, timestamp_micro, ROW_NUMBER() OVER ( PARTITION BY key ORDER BY timestamp_
11-14 14:30:08.602 28874 28977 E SQLiteLog: (1) no such table: geller_metadata_table in "SELECT DISTINCT metadata FROM geller_metadata_table WHERE data_type = ? AND key = ?"
11-14 14:30:08.603 28874 28978 I gxvb : Building Device Properties.
11-14 14:30:08.603 28874 28976 E fnbd : Read metadata failed
11-14 14:30:08.603 28874 28976 E fnbd : android.database.sqlite.SQLiteException: no such table: geller_metadata_table (code 1 SQLITE_ERROR): , while compiling: SELECT DISTINCT metadata FROM geller_metadata_table WHERE data_type = ? AND key = ?
11-14 14:30:08.603 28874 28976 E fnbd : at android.database.sqlite.SQLiteConnection.nativePrepareStatement(Native Method)
11-14 14:30:08.603 28874 28976 E fnbd : at android.database.sqlite.SQLiteConnection.acquirePreparedStatement(SQLiteConnection.java:1069)
11-14 14:30:08.603 28874 28976 E fnbd : at android.database.sqlite.SQLiteConnection.prepare(SQLiteConnection.java:673)
11-14 14:30:08.603 28874 28976 E fnbd : at android.database.sqlite.SQLiteSession.prepare(SQLiteSession.java:590)
11-14 14:30:08.603 28874 28976 E fnbd : at android.database.sqlite.SQLiteProgram.(SQLiteProgram.java:62)
11-14 14:30:08.603 28874 28976 E fnbd : at android.database.sqlite.SQLiteQuery.(SQLiteQuery.java:37)
11-14 14:30:08.603 28874 28976 E fnbd : at android.database.sqlite.SQLiteDirectCursorDriver.query(SQLiteDirectCursorDriver.java:46)
11-14 14:30:08.603 28874 28976 E fnbd : at android.database.sqlite.SQLiteDatabase.rawQueryWithFactory(SQLiteDatabase.java:1714)
11-14 14:30:08.603 28874 28976 E fnbd : at android.database.sqlite.SQLiteDatabase.queryWithFactory(SQLiteDatabase.java:1561)
11-14 14:30:08.603 28874 28976 E fnbd : at android.database.sqlite.SQLiteDatabase.query(SQLiteDatabase.java:1432)
11-14 14:30:08.603 28874 28976 E fnbd : at fnbe.d(PG:4)
11-14 14:30:08.603 28874 28976 E fnbd : at fnbd.readMetadata(PG:2)
11-14 14:30:08.603 28874 28976 E fnbd : at com.google.android.libraries.geller.portable.Geller.nativeReadMetadata(Native Method)
11-14 14:30:08.603 28874 28976 E fnbd : at com.google.android.libraries.geller.portable.Geller.d(PG:4)
11-14 14:30:08.603 28874 28976 E fnbd : at hbyl.apply(PG:1)
11-14 14:30:08.603 28874 28976 E fnbd : at hbyx.a(PG:5)
11-14 14:30:08.603 28874 28976 E fnbd : at htox.a(PG:3)
11-14 14:30:08.603 28874 28976 E fnbd : at ilxj.a(PG:1)
11-14 14:30:08.603 28874 28976 E fnbd : at ilzf.run(PG:4)
11-14 14:30:08.603 28874 28976 E fnbd : at fjjj.run(PG:1)
11-14 14:30:08.603 28874 28976 E fnbd : at java.util.concurrent.ThreadPoolExecutor.runWorker(ThreadPoolExecutor.java:1145)
11-14 14:30:08.603 28874 28976 E fnbd : at java.util.concurrent.ThreadPoolExecutor$Worker.run(ThreadPoolExecutor.java:644)
11-14 14:30:08.603 28874 28976 E fnbd : at fjin.run(PG:2)
11-14 14:30:08.603 28874 28976 E fnbd : at java.lang.Thread.run(Thread.java:1012)
11-14 14:30:08.603 28874 28976 E fnbd : at fjjs.run(PG:5)
11-14 14:30:08.604 28874 28976 E fnbd : An error occurred. No action was taken because the error reason is unknown.
11-14 14:30:08.604 28874 28976 E fnbd : android.database.sqlite.SQLiteException: no such table: geller_metadata_table (code 1 SQLITE_ERROR): , while compiling: SELECT DISTINCT metadata FROM geller_metadata_table WHERE data_type = ? AND key = ?
11-14 14:30:08.604 28874 28976 E fnbd : at android.database.sqlite.SQLiteConnection.nativePrepareStatement(Native Method)
11-14 14:30:08.604 28874 28976 E fnbd : at android.database.sqlite.SQLiteConnection.acquirePreparedStatement(SQLiteConnection.java:1069)
11-14 14:30:08.604 28874 28976 E fnbd : at android.database.sqlite.SQLiteConnection.prepare(SQLiteConnection.java:673)
11-14 14:30:08.604 28874 28976 E fnbd : at android.database.sqlite.SQLiteSession.prepare(SQLiteSession.java:590)
11-14 14:30:08.604 28874 28976 E fnbd : at android.database.sqlite.SQLiteProgram.(SQLiteProgram.java:62)
11-14 14:30:08.604 28874 28976 E fnbd : at android.database.sqlite.SQLiteQuery.(SQLiteQuery.java:37)
11-14 14:30:08.604 28874 28976 E fnbd : at android.database.sqlite.SQLiteDirectCursorDriver.query(SQLiteDirectCursorDriver.java:46)
11-14 14:30:08.604 28874 28976 E fnbd : at android.database.sqlite.SQLiteDatabase.rawQueryWithFactory(SQLiteDatabase.java:1714)
11-14 14:30:08.604 28874 28976 E fnbd : at android.database.sqlite.SQLiteDatabase.queryWithFactory(SQLiteDatabase.java:1561)
11-14 14:30:08.604 28874 28976 E fnbd : at android.database.sqlite.SQLiteDatabase.query(SQLiteDatabase.java:1432)
11-14 14:30:08.604 28874 28976 E fnbd : at fnbe.d(PG:4)
11-14 14:30:08.604 28874 28976 E fnbd : at fnbd.readMetadata(PG:2)
11-14 14:30:08.604 28874 28976 E fnbd : at com.google.android.libraries.geller.portable.Geller.nativeReadMetadata(Native Method)
11-14 14:30:08.604 28874 28976 E fnbd : at com.google.android.libraries.geller.portable.Geller.d(PG:4)
11-14 14:30:08.604 28874 28976 E fnbd : at hbyl.apply(PG:1)
11-14 14:30:08.604 28874 28976 E fnbd : at hbyx.a(PG:5)
11-14 14:30:08.604 28874 28976 E fnbd : at htox.a(PG:3)
11-14 14:30:08.604 28874 28976 E fnbd : at ilxj.a(PG:1)
11-14 14:30:08.604 28874 28976 E fnbd : at ilzf.run(PG:4)
11-14 14:30:08.604 28874 28976 E fnbd : at fjjj.run(PG:1)
11-14 14:30:08.604 28874 28976 E fnbd : at java.util.concurrent.ThreadPoolExecutor.runWorker(ThreadPoolExecutor.java:1145)
11-14 14:30:08.604 28874 28976 E fnbd : at java.util.concurrent.ThreadPoolExecutor$Worker.run(ThreadPoolExecutor.java:644)
11-14 14:30:08.604 28874 28976 E fnbd : at fjin.run(PG:2)
11-14 14:30:08.604 28874 28976 E fnbd : at java.lang.Thread.run(Thread.java:1012)
11-14 14:30:08.604 28874 28976 E fnbd : at fjjs.run(PG:5)
11-14 14:30:08.606 28874 28977 E fnbd : Read metadata failed
11-14 14:30:08.606 28874 28977 E fnbd : android.database.sqlite.SQLiteException: no such table: geller_metadata_table (code 1 SQLITE_ERROR): , while compiling: SELECT DISTINCT metadata FROM geller_metadata_table WHERE data_type = ? AND key = ?
11-14 14:30:08.606 28874 28977 E fnbd : at android.database.sqlite.SQLiteConnection.nativePrepareStatement(Native Method)
11-14 14:30:08.606 28874 28977 E fnbd : at android.database.sqlite.SQLiteConnection.acquirePreparedStatement(SQLiteConnection.java:1069)
11-14 14:30:08.606 28874 28977 E fnbd : at android.database.sqlite.SQLiteConnection.prepare(SQLiteConnection.java:673)
11-14 14:30:08.606 28874 28977 E fnbd : at android.database.sqlite.SQLiteSession.prepare(SQLiteSession.java:590)
11-14 14:30:08.606 28874 28977 E fnbd : at android.database.sqlite.SQLiteProgram.(SQLiteProgram.java:62)
11-14 14:30:08.606 28874 28977 E fnbd : at android.database.sqlite.SQLiteQuery.(SQLiteQuery.java:37)
11-14 14:30:08.606 28874 28977 E fnbd : at android.database.sqlite.SQLiteDirectCursorDriver.query(SQLiteDirectCursorDriver.java:46)
11-14 14:30:08.606 28874 28977 E fnbd : at android.database.sqlite.SQLiteDatabase.rawQueryWithFactory(SQLiteDatabase.java:1714)
11-14 14:30:08.606 28874 28977 E fnbd : at android.database.sqlite.SQLiteDatabase.queryWithFactory(SQLiteDatabase.java:1561)
