11-13 15:28:45.125 1472 1696 D AppWidgetServiceImpl: Provider info from ComponentInfo{com.google.android.apps.youtube.music/com.google.android.apps.youtube.music.player.widget.gm3.FreeformMusicWidgetProvider} won't be persisted.
11-13 15:28:45.125 1472 1696 D AppWidgetServiceImpl: Provider info from ComponentInfo{com.google.android.apps.youtube.music/com.google.android.apps.youtube.music.player.widget.gm3.NowPlayingWidgetProvider} won't be persisted.
11-13 15:28:45.178 1472 4785 D CompatibilityChangeReporter: Compat change id reported: 261072174; UID 10167; state: DISABLED
11-13 15:28:45.189 1472 4785 D CompatibilityChangeReporter: Compat change id reported: 161145287; UID 10167; state: DISABLED
11-13 15:28:45.243 1472 4785 I ActivityManager: Flag disabled. Ignoring finishAttachApplication from uid: 10167. pid: 28451
11-13 15:28:45.267 1472 4938 D CompatibilityChangeReporter: Compat change id reported: 253665015; UID 10167; state: ENABLED
11-13 15:28:45.267 1472 4938 D CompatibilityChangeReporter: Compat change id reported: 194532703; UID 10167; state: ENABLED
11-13 15:28:45.267 1472 4938 E JobScheduler.JobStatus: App com.google.android.apps.youtube.music became active but still in NEVER bucket
11-13 15:28:45.277 1472 1697 D ActivityManager: sync unfroze 8510 com.google.android.apps.messaging
11-13 15:28:45.282 1472 1695 D ActivityManager: sync unfroze 12154 com.google.android.apps.wellbeing
11-13 15:28:45.392 1472 2129 D ActivityManager: sync unfroze 25489 android.process.acore
11-13 15:28:45.438 1472 4947 D CompatibilityChangeReporter: Compat change id reported: 161252188; UID 10167; state: DISABLED
11-13 15:28:45.581 1472 4785 E JobScheduler.JobStatus: App com.google.android.apps.youtube.music became active but still in NEVER bucket
11-13 15:28:46.149 1472 4786 D CompatibilityChangeReporter: Compat change id reported: 271850009; UID 10167; state: ENABLED
11-13 15:28:46.150 1472 4786 E JobScheduler.JobStatus: App com.google.android.apps.youtube.music became active but still in NEVER bucket
11-13 15:28:46.222 1472 4944 E JobScheduler.JobStatus: App com.google.android.apps.youtube.music became active but still in NEVER bucket
11-13 15:28:46.967 1472 4801 I ActivityManager: Background started FGS: Allowed [callingPackage: com.android.vending; callingUid: 10136; uidState: TRNB; uidBFSL: n/a; intent: Intent { act=com.google.android.finsky.BIND_DOWNLOAD_SERVICE pkg=com.android.vending (has extras) }; code:BACKGROUND_ACTIVITY_PERMISSION; tempAllowListReason:<,reasonCode:SYSTEM_ALLOW_LISTED,duration:9223372036854775807,callingUid:-1>; targetSdkVersion:34; callerTargetSdkVersion:34; startForegroundCount:0; bindFromPackage:null: isBindService:false]
11-13 15:28:47.189 1472 1472 W NotificationHistory: Attempted to add notif for locked/gone/disabled user 0
11-13 15:28:55.299 1472 1807 D ActivityManager: freezing 8510 com.google.android.apps.messaging
11-13 15:28:58.615 1472 1621 W AppOps : Noting op not finished: uid 10158 pkg com.google.android.apps.scone code 79 startTime of in progress event=1699756224413
11-13 15:29:08.674 1472 1807 D ActivityManager: freezing 18662 com.google.process.gapps
11-13 15:29:08.678 1472 1807 D ActivityManager: freezing 19250 com.android.vending:instant_app_installer
11-13 15:29:08.681 1472 1807 D ActivityManager: freezing 19396 com.android.vending:quick_launch
11-13 15:29:09.169 1472 1807 D ActivityManager: freezing 19084 com.android.vending:background
11-13 15:29:10.527 1472 1807 D ActivityManager: freezing 2098 com.google.android.permissioncontroller
11-13 15:29:10.801 1472 1807 D ActivityManager: freezing 20437 com.google.android.gms
11-13 15:29:10.806 1472 1807 D ActivityManager: freezing 7533 com.google.android.adservices.api
11-13 15:29:14.942 1472 1807 D ActivityManager: freezing 28451 com.google.android.apps.youtube.music
11-13 15:29:19.693 1472 1721 D ActivityManager: sync unfroze 19084 com.android.vending:background
11-13 15:29:19.695 1472 1721 D ActivityManager: sync unfroze 19250 com.android.vending:instant_app_installer
11-13 15:29:19.696 1472 1721 D ActivityManager: sync unfroze 19396 com.android.vending:quick_launch
11-13 15:29:19.701 1472 1721 I PackageManager: Integrity check passed for file:///data/app/vmdl2018915519.tmp
11-13 15:29:19.719 1472 1721 I PackageManager: Continuing with installation of file:///data/app/vmdl2018915519.tmp
11-13 15:29:19.732 1472 1721 W PackageParsing: No actions in intent-filter at /data/app/vmdl2018915519.tmp/base.apk Binary XML file line #1315
11-13 15:29:19.743 1472 1697 I ActivityManager: Force stopping com.google.android.apps.messaging appid=10135 user=-1: installPackageLI
11-13 15:29:19.744 1472 1697 I ActivityManager: Killing 8510:com.google.android.apps.messaging/u0a135 (adj 905): stop com.google.android.apps.messaging due to installPackageLI
11-13 15:29:19.744 1472 1721 I PackageManager: Update system package com.google.android.apps.messaging code path from /data/app/~~n-oWo64UP1rKQs6Skyq78g==/com.google.android.apps.messaging-KvQTcQPftNEhI6pSgAcaew== to /data/app/~~OOjfVW2mD6uQ-8mUXs2TZQ==/com.google.android.apps.messaging-HeCsRY5ARMVza_HxBrTBlQ==; Retain data and using new
11-13 15:29:19.745 1472 1721 I AppsFilter: interaction: PackageSetting{a971eec org.qtproject.example.qmlchart/10248} -> PackageSetting{d7631cc com.google.android.apps.messaging/10135} BLOCKED
11-13 15:29:19.745 1472 1721 I AppsFilter: interaction: PackageSetting{c7356c0 org.qtproject.example.vulkanunderqml/10267} -> PackageSetting{d7631cc com.google.android.apps.messaging/10135} BLOCKED
11-13 15:29:19.745 1472 1721 I AppsFilter: interaction: PackageSetting{473e1f2 com.qt.finweather/10286} -> PackageSetting{d7631cc com.google.android.apps.messaging/10135} BLOCKED
11-13 15:29:19.745 1472 1721 I AppsFilter: interaction: PackageSetting{b6720a7 org.qtproject.example.appQTBUG_38700_example/10269} -> PackageSetting{d7631cc com.google.android.apps.messaging/10135} BLOCKED
11-13 15:29:19.745 1472 1721 I AppsFilter: interaction: PackageSetting{e968aaf org.qtproject.example.minimal_qml/10262} -> PackageSetting{d7631cc com.google.android.apps.messaging/10135} BLOCKED
11-13 15:29:19.745 1472 1721 I AppsFilter: interaction: PackageSetting{d5ddbb7 org.qtproject.example.qmloscilloscope/10255} -> PackageSetting{d7631cc com.google.android.apps.messaging/10135} BLOCKED
11-13 15:29:19.745 1472 1721 I AppsFilter: interaction: PackageSetting{1bb2e8f org.qtproject.example.calqlatrexample/10266} -> PackageSetting{d7631cc com.google.android.apps.messaging/10135} BLOCKED
11-13 15:29:19.745 1472 1721 I AppsFilter: interaction: PackageSetting{6b2f6e1 org.qtproject.example.appqt66beta1androidquickexample/10256} -> PackageSetting{d7631cc com.google.android.apps.messaging/10135} BLOCKED
11-13 15:29:19.745 1472 1721 I AppsFilter: interaction: PackageSetting{5cde19a org.qtproject.example.coffee/10279} -> PackageSetting{d7631cc com.google.android.apps.messaging/10135} BLOCKED
11-13 15:29:19.745 1472 1721 I AppsFilter: interaction: PackageSetting{681d2eb org.qtproject.example.contactlist/10252} -> PackageSetting{d7631cc com.google.android.apps.messaging/10135} BLOCKED
11-13 15:29:19.745 1472 1721 I AppsFilter: interaction: PackageSetting{2c049b9 org.qtproject.example.appmuu/10287} -> PackageSetting{d7631cc com.google.android.apps.messaging/10135} BLOCKED
11-13 15:29:19.745 1472 1721 I AppsFilter: interaction: PackageSetting{4264ce2 org.qtproject.example.qtbug98766_compat/10289} -> PackageSetting{d7631cc com.google.android.apps.messaging/10135} BLOCKED
11-13 15:29:19.745 1472 1721 I AppsFilter: interaction: PackageSetting{e48a5d7 org.qtproject.example.galleryexample/10265} -> PackageSetting{d7631cc com.google.android.apps.messaging/10135} BLOCKED
11-13 15:29:19.745 1472 1721 I AppsFilter: interaction: PackageSetting{32cb918 org.qtproject.example.objectlistmodelexample/10263} -> PackageSetting{d7631cc com.google.android.apps.messaging/10135} BLOCKED
11-13 15:29:19.745 1472 1721 I AppsFilter: interaction: PackageSetting{54ce4c9 org.qtproject.example.testFont/10270} -> PackageSetting{d7631cc com.google.android.apps.messaging/10135} BLOCKED
11-13 15:29:19.745 1472 1721 I AppsFilter: interaction: PackageSetting{d136cd0 org.qtproject.example.widgetdeom/10259} -> PackageSetting{d7631cc com.google.android.apps.messaging/10135} BLOCKED
11-13 15:29:19.745 1472 1721 I AppsFilter: interaction: PackageSetting{88b8d1b org.qtproject.example.declarative_camera/10253} -> PackageSetting{d7631cc com.google.android.apps.messaging/10135} BLOCKED
11-13 15:29:19.745 1472 1721 I AppsFilter: interaction: PackageSetting{246c121 com.test.ouluweather/10268} -> PackageSetting{d7631cc com.google.android.apps.messaging/10135} BLOCKED
11-13 15:29:19.745 1472 1721 I AppsFilter: interaction: PackageSetting{5638a6e com.google.android.microdroid.empty_payload/10246} -> PackageSetting{d7631cc com.google.android.apps.messaging/10135} BLOCKED
11-13 15:29:19.745 1472 1721 I AppsFilter: interaction: PackageSetting{b8bf670 org.qtproject.example.calendarwidget/10278} -> PackageSetting{d7631cc com.google.android.apps.messaging/10135} BLOCKED
11-13 15:29:19.745 1472 1721 I AppsFilter: interaction: PackageSetting{e574d7d org.qtproject.example.QTBUG97503/10284} -> PackageSetting{d7631cc com.google.android.apps.messaging/10135} BLOCKED
11-13 15:29:19.745 1472 1721 I AppsFilter: interaction: PackageSetting{59c4cd3 org.qtproject.example.unicode_bug/10280} -> PackageSetting{d7631cc com.google.android.apps.messaging/10135} BLOCKED
11-13 15:29:19.745 1472 1721 I AppsFilter: interaction: PackageSetting{277dda4 com.example.qtbug/10276} -> PackageSetting{d7631cc com.google.android.apps.messaging/10135} BLOCKED
11-13 15:29:19.745 1472 1721 I AppsFilter: interaction: PackageSetting{607ced1 org.qtproject.example.implicit_height/10275} -> PackageSetting{d7631cc com.google.android.apps.messaging/10135} BLOCKED
11-13 15:29:19.745 1472 1721 I AppsFilter: interaction: PackageSetting{a26c3f org.qtproject.example.simplemqttclient/10254} -> PackageSetting{d7631cc com.google.android.apps.messaging/10135} BLOCKED
11-13 15:29:19.745 1472 1721 I AppsFilter: interaction: PackageSetting{171305e org.qtproject.example.qtbug90324/10271} -> PackageSetting{d7631cc com.google.android.apps.messaging/10135} BLOCKED
11-13 15:29:19.745 1472 1721 I AppsFilter: interaction: PackageSetting{739d6f org.qtproject.example.qtbug87334/10247} -> PackageSetting{d7631cc com.google.android.apps.messaging/10135} BLOCKED
11-13 15:29:19.745 1472 1721 I AppsFilter: interaction: PackageSetting{d740599 org.qtproject.example.qtbug40728/10273} -> PackageSetting{d7631cc com.google.android.apps.messaging/10135} BLOCKED
11-13 15:29:19.745 1472 1721 I AppsFilter: interaction: PackageSetting{89b3c9d org.qtproject.example.Android_keyboard_cover/10283} -> PackageSetting{d7631cc com.google.android.apps.messaging/10135} BLOCKED
11-13 15:29:19.745 1472 1721 I AppsFilter: interaction: PackageSetting{fde6ec8 org.qtproject.example.appqtbug98776_for_qtbug114437/10281} -> PackageSetting{d7631cc com.google.android.apps.messaging/10135} BLOCKED
11-13 15:29:19.745 1472 1721 I AppsFilter: interaction: PackageSetting{2cd19b0 org.qtproject.example/10282} -> PackageSetting{d7631cc com.google.android.apps.messaging/10135} BLOCKED
11-13 15:29:19.745 1472 1721 I AppsFilter: interaction: PackageSetting{d382e57 org.qtproject.example.textfinder/10272} -> PackageSetting{d7631cc com.google.android.apps.messaging/10135} BLOCKED
11-13 15:29:19.746 1472 1721 I AppsFilter: interaction: PackageSetting{47d83f1 org.qtproject.example.openglunderqml/10251} -> PackageSetting{d7631cc com.google.android.apps.messaging/10135} BLOCKED
11-13 15:29:19.746 1472 1721 I AppsFilter: interaction: PackageSetting{143ef98 org.qtproject.example.texteditor/10285} -> PackageSetting{d7631cc com.google.android.apps.messaging/10135} BLOCKED
11-13 15:29:19.746 1472 1721 I AppsFilter: interaction: PackageSetting{59234ac org.qtproject.example.hellocube/10258} -> PackageSetting{d7631cc com.google.android.apps.messaging/10135} BLOCKED
11-13 15:29:19.746 1472 1721 I AppsFilter: interaction: PackageSetting{a174853 org.qtproject.example.texteditorexample/10290} -> PackageSetting{d7631cc com.google.android.apps.messaging/10135} BLOCKED
11-13 15:29:19.746 1472 1721 I AppsFilter: interaction: PackageSetting{2c11bbd org.qtproject.example.contactlistexample/10277} -> PackageSetting{d7631cc com.google.android.apps.messaging/10135} BLOCKED
11-13 15:29:19.746 1472 1721 I AppsFilter: interaction: PackageSetting{f13b073 org.qtproject.example.highdpi/10288} -> PackageSetting{d7631cc com.google.android.apps.messaging/10135} BLOCKED
11-13 15:29:19.746 1472 1721 I AppsFilter: interaction: PackageSetting{cae2aca org.qtproject.example.deleteme/10291} -> PackageSetting{d7631cc com.google.android.apps.messaging/10135} BLOCKED
11-13 15:29:19.746 1472 1721 I AppsFilter: interaction: PackageSetting{c514d9b org.qtproject.example.quickspeech/10274} -> PackageSetting{d7631cc com.google.android.apps.messaging/10135} BLOCKED
11-13 15:29:19.769 1472 1721 I PermissionManager: Permission ownership changed. Updating all permissions.
11-13 15:29:19.854 1472 1697 I ActivityManager: Killing 28337:com.google.android.apps.messaging:rcs/u0a135 (adj 200): stop com.google.android.apps.messaging due to installPackageLI
11-13 15:29:19.855 1472 1686 D DisplayManagerService: Drop pending events for gone uid 10135
11-13 15:29:19.921 1472 4944 V ActivityManager: Got obituary of 8510:com.google.android.apps.messaging
11-13 15:29:19.921 1472 4791 V ActivityManager: Got obituary of 28337:com.google.android.apps.messaging:rcs
11-13 15:29:24.823 1472 1807 D ActivityManager: freezing 25489 android.process.acore
11-13 15:29:24.824 1472 1807 D ActivityManager: freezing 12154 com.google.android.apps.wellbeing
11-13 15:29:24.825 1472 1807 D ActivityManager: freezing 3999 com.android.keychain
11-13 15:29:24.826 1472 1807 D ActivityManager: freezing 30461 com.android.settings
11-13 15:29:24.999 1472 1721 D ActivityManager: sync unfroze 20437 com.google.android.gms
11-13 15:29:25.000 1472 1721 D ActivityManager: sync unfroze 7533 com.google.android.adservices.api
11-13 15:29:25.001 1472 1721 D ActivityManager: sync unfroze 1160 com.google.android.gms.unstable
11-13 15:29:25.001 1472 1721 D ActivityManager: sync unfroze 18662 com.google.process.gapps
11-13 15:29:25.002 1472 1721 D ActivityManager: sync unfroze 10221 com.google.android.gms:snet
11-13 15:29:25.002 1472 1721 D ActivityManager: sync unfroze 28565 com.google.android.gms.feedback
11-13 15:29:25.003 1472 1721 D ActivityManager: sync unfroze 28551 com.google.android.gms.ui
11-13 15:29:25.006 1472 1721 I AppsFilter: interaction: PackageSetting{a971eec org.qtproject.example.qmlchart/10248} -> PackageSetting{dcc525f com.google.android.apps.messaging/10135} BLOCKED
11-13 15:29:25.006 1472 1721 I AppsFilter: interaction: PackageSetting{c7356c0 org.qtproject.example.vulkanunderqml/10267} -> PackageSetting{dcc525f com.google.android.apps.messaging/10135} BLOCKED
11-13 15:29:25.006 1472 1721 I AppsFilter: interaction: PackageSetting{473e1f2 com.qt.finweather/10286} -> PackageSetting{dcc525f com.google.android.apps.messaging/10135} BLOCKED
11-13 15:29:25.006 1472 1721 I AppsFilter: interaction: PackageSetting{b6720a7 org.qtproject.example.appQTBUG_38700_example/10269} -> PackageSetting{dcc525f com.google.android.apps.messaging/10135} BLOCKED
11-13 15:29:25.006 1472 1721 I AppsFilter: interaction: PackageSetting{e968aaf org.qtproject.example.minimal_qml/10262} -> PackageSetting{dcc525f com.google.android.apps.messaging/10135} BLOCKED
11-13 15:29:25.006 1472 1721 I AppsFilter: interaction: PackageSetting{d5ddbb7 org.qtproject.example.qmloscilloscope/10255} -> PackageSetting{dcc525f com.google.android.apps.messaging/10135} BLOCKED
11-13 15:29:25.006 1472 1721 I AppsFilter: interaction: PackageSetting{1bb2e8f org.qtproject.example.calqlatrexample/10266} -> PackageSetting{dcc525f com.google.android.apps.messaging/10135} BLOCKED
11-13 15:29:25.006 1472 1721 I AppsFilter: interaction: PackageSetting{6b2f6e1 org.qtproject.example.appqt66beta1androidquickexample/10256} -> PackageSetting{dcc525f com.google.android.apps.messaging/10135} BLOCKED
11-13 15:29:25.006 1472 1721 I AppsFilter: interaction: PackageSetting{5cde19a org.qtproject.example.coffee/10279} -> PackageSetting{dcc525f com.google.android.apps.messaging/10135} BLOCKED
11-13 15:29:25.006 1472 1721 I AppsFilter: interaction: PackageSetting{681d2eb org.qtproject.example.contactlist/10252} -> PackageSetting{dcc525f com.google.android.apps.messaging/10135} BLOCKED
11-13 15:29:25.006 1472 1721 I AppsFilter: interaction: PackageSetting{2c049b9 org.qtproject.example.appmuu/10287} -> PackageSetting{dcc525f com.google.android.apps.messaging/10135} BLOCKED
11-13 15:29:25.006 1472 1721 I AppsFilter: interaction: PackageSetting{4264ce2 org.qtproject.example.qtbug98766_compat/10289} -> PackageSetting{dcc525f com.google.android.apps.messaging/10135} BLOCKED
11-13 15:29:25.006 1472 1721 I AppsFilter: interaction: PackageSetting{e48a5d7 org.qtproject.example.galleryexample/10265} -> PackageSetting{dcc525f com.google.android.apps.messaging/10135} BLOCKED
11-13 15:29:25.006 1472 1721 I AppsFilter: interaction: PackageSetting{32cb918 org.qtproject.example.objectlistmodelexample/10263} -> PackageSetting{dcc525f com.google.android.apps.messaging/10135} BLOCKED
11-13 15:29:25.006 1472 1721 I AppsFilter: interaction: PackageSetting{54ce4c9 org.qtproject.example.testFont/10270} -> PackageSetting{dcc525f com.google.android.apps.messaging/10135} BLOCKED
11-13 15:29:25.006 1472 1721 I AppsFilter: interaction: PackageSetting{d136cd0 org.qtproject.example.widgetdeom/10259} -> PackageSetting{dcc525f com.google.android.apps.messaging/10135} BLOCKED
11-13 15:29:25.006 1472 1721 I AppsFilter: interaction: PackageSetting{88b8d1b org.qtproject.example.declarative_camera/10253} -> PackageSetting{dcc525f com.google.android.apps.messaging/10135} BLOCKED
11-13 15:29:25.006 1472 1721 I AppsFilter: interaction: PackageSetting{246c121 com.test.ouluweather/10268} -> PackageSetting{dcc525f com.google.android.apps.messaging/10135} BLOCKED
11-13 15:29:25.006 1472 1721 I AppsFilter: interaction: PackageSetting{5638a6e com.google.android.microdroid.empty_payload/10246} -> PackageSetting{dcc525f com.google.android.apps.messaging/10135} BLOCKED
11-13 15:29:25.007 1472 1721 I AppsFilter: interaction: PackageSetting{b8bf670 org.qtproject.example.calendarwidget/10278} -> PackageSetting{dcc525f com.google.android.apps.messaging/10135} BLOCKED
11-13 15:29:25.007 1472 1721 I AppsFilter: interaction: PackageSetting{e574d7d org.qtproject.example.QTBUG97503/10284} -> PackageSetting{dcc525f com.google.android.apps.messaging/10135} BLOCKED
11-13 15:29:25.007 1472 1721 I AppsFilter: interaction: PackageSetting{59c4cd3 org.qtproject.example.unicode_bug/10280} -> PackageSetting{dcc525f com.google.android.apps.messaging/10135} BLOCKED
11-13 15:29:25.007 1472 1721 I AppsFilter: interaction: PackageSetting{277dda4 com.example.qtbug/10276} -> PackageSetting{dcc525f com.google.android.apps.messaging/10135} BLOCKED
11-13 15:29:25.007 1472 1721 I AppsFilter: interaction: PackageSetting{607ced1 org.qtproject.example.implicit_height/10275} -> PackageSetting{dcc525f com.google.android.apps.messaging/10135} BLOCKED
11-13 15:29:25.007 1472 1721 I AppsFilter: interaction: PackageSetting{a26c3f org.qtproject.example.simplemqttclient/10254} -> PackageSetting{dcc525f com.google.android.apps.messaging/10135} BLOCKED
11-13 15:29:25.007 1472 1721 I AppsFilter: interaction: PackageSetting{171305e org.qtproject.example.qtbug90324/10271} -> PackageSetting{dcc525f com.google.android.apps.messaging/10135} BLOCKED
11-13 15:29:25.007 1472 1721 I AppsFilter: interaction: PackageSetting{739d6f org.qtproject.example.qtbug87334/10247} -> PackageSetting{dcc525f com.google.android.apps.messaging/10135} BLOCKED
11-13 15:29:25.007 1472 1721 I AppsFilter: interaction: PackageSetting{d740599 org.qtproject.example.qtbug40728/10273} -> PackageSetting{dcc525f com.google.android.apps.messaging/10135} BLOCKED
11-13 15:29:25.007 1472 1721 I AppsFilter: interaction: PackageSetting{89b3c9d org.qtproject.example.Android_keyboard_cover/10283} -> PackageSetting{dcc525f com.google.android.apps.messaging/10135} BLOCKED
11-13 15:29:25.007 1472 1721 I AppsFilter: interaction: PackageSetting{fde6ec8 org.qtproject.example.appqtbug98776_for_qtbug114437/10281} -> PackageSetting{dcc525f com.google.android.apps.messaging/10135} BLOCKED
11-13 15:29:25.007 1472 1721 I AppsFilter: interaction: PackageSetting{2cd19b0 org.qtproject.example/10282} -> PackageSetting{dcc525f com.google.android.apps.messaging/10135} BLOCKED
11-13 15:29:25.007 1472 1721 I AppsFilter: interaction: PackageSetting{d382e57 org.qtproject.example.textfinder/10272} -> PackageSetting{dcc525f com.google.android.apps.messaging/10135} BLOCKED
11-13 15:29:25.007 1472 1721 I AppsFilter: interaction: PackageSetting{47d83f1 org.qtproject.example.openglunderqml/10251} -> PackageSetting{dcc525f com.google.android.apps.messaging/10135} BLOCKED
11-13 15:29:25.007 1472 1721 I AppsFilter: interaction: PackageSetting{143ef98 org.qtproject.example.texteditor/10285} -> PackageSetting{dcc525f com.google.android.apps.messaging/10135} BLOCKED
11-13 15:29:25.007 1472 1721 I AppsFilter: interaction: PackageSetting{59234ac org.qtproject.example.hellocube/10258} -> PackageSetting{dcc525f com.google.android.apps.messaging/10135} BLOCKED
11-13 15:29:25.007 1472 1721 I AppsFilter: interaction: PackageSetting{a174853 org.qtproject.example.texteditorexample/10290} -> PackageSetting{dcc525f com.google.android.apps.messaging/10135} BLOCKED
11-13 15:29:25.007 1472 1721 I AppsFilter: interaction: PackageSetting{2c11bbd org.qtproject.example.contactlistexample/10277} -> PackageSetting{dcc525f com.google.android.apps.messaging/10135} BLOCKED
11-13 15:29:25.007 1472 1721 I AppsFilter: interaction: PackageSetting{f13b073 org.qtproject.example.highdpi/10288} -> PackageSetting{dcc525f com.google.android.apps.messaging/10135} BLOCKED
11-13 15:29:25.007 1472 1721 I AppsFilter: interaction: PackageSetting{cae2aca org.qtproject.example.deleteme/10291} -> PackageSetting{dcc525f com.google.android.apps.messaging/10135} BLOCKED
11-13 15:29:25.007 1472 1721 I AppsFilter: interaction: PackageSetting{c514d9b org.qtproject.example.quickspeech/10274} -> PackageSetting{dcc525f com.google.android.apps.messaging/10135} BLOCKED
11-13 15:29:25.070 1472 1721 I ActivityManager: Force stopping com.google.android.apps.messaging appid=10135 user=0: pkg removed
11-13 15:29:25.084 1472 1721 I ActivityManager: Force stopping com.google.android.apps.messaging appid=10135 user=0: pkg removed
11-13 15:29:25.120 1472 1721 D CompatibilityChangeReporter: Compat change id reported: 168419799; UID 10135; state: DISABLED
11-13 15:29:25.121 1472 1721 D CompatibilityChangeReporter: Compat change id reported: 273564678; UID 10135; state: DISABLED
11-13 15:29:25.143 1472 1472 D ActivityManager: sync unfroze 3999 com.android.keychain
11-13 15:29:25.144 1472 1472 D ActivityManager: sync unfroze 30461 com.android.settings
11-13 15:29:25.186 1472 1721 D PackageInstallerSession: Marking session 2018915519 as applied
11-13 15:29:25.188 1472 1697 D CompatibilityChangeReporter: Compat change id reported: 135634846; UID 10135; state: DISABLED
11-13 15:29:25.188 1472 1697 D CompatibilityChangeReporter: Compat change id reported: 177438394; UID 10135; state: DISABLED
11-13 15:29:25.188 1472 1697 D CompatibilityChangeReporter: Compat change id reported: 135772972; UID 10135; state: DISABLED
11-13 15:29:25.188 1472 1697 D CompatibilityChangeReporter: Compat change id reported: 135754954; UID 10135; state: ENABLED
11-13 15:29:25.188 1472 1698 D CompatibilityChangeReporter: Compat change id reported: 143937733; UID 10135; state: ENABLED
11-13 15:29:25.203 1472 1697 D ActivityManager: sync unfroze 2098 com.google.android.permissioncontroller
11-13 15:29:25.209 1472 1698 I ActivityManager: Start proc 28796:com.google.android.apps.messaging/u0a135 for broadcast {com.google.android.apps.messaging/com.google.android.libraries.internal.growth.growthkit.tiktok.GrowthKitBootCompletedListener_Receiver}
11-13 15:29:25.214 1472 1840 D LocaleManagerService: getApplicationLocales: fetching locales for package com.google.android.apps.messaging and user 0
11-13 15:29:25.214 1472 1840 W PackageConfigPersister: App-specific configuration not found for packageName: com.google.android.apps.messaging and userId: 0
11-13 15:29:25.214 1472 1840 D LocaleManagerService: getApplicationLocales: application config not found for com.google.android.apps.messaging and user id 0
11-13 15:29:25.215 1472 1472 I Telecom : CarModeTracker: Package com.google.android.apps.messaging is not tracked.: SSH.oR@Pvg
11-13 15:29:25.215 1472 1472 I Telecom : InCallController: updateCarModeForConnections: car mode apps: : SSH.oR@Pvg
11-13 15:29:25.221 1472 1472 D TransparencyService: com.google.android.apps.messaging was updated. Scheduling measurement...
11-13 15:29:25.221 1472 1472 I TransparencyService: Scheduling binary content-digest computation job
11-13 15:29:25.221 1472 1472 D TransparencyService: A measurement job has already been scheduled.
11-13 15:29:25.254 1472 1797 D CompatibilityChangeReporter: Compat change id reported: 265195908; UID 10135; state: ENABLED
11-13 15:29:25.255 1472 1696 W WindowMagnificationMgr: requestConnection duplicated request: connect=false, mConnectionState=DISCONNECTED
11-13 15:29:25.262 1472 4950 D CompatibilityChangeReporter: Compat change id reported: 170503758; UID 10135; state: ENABLED
11-13 15:29:25.278 1472 1696 W WindowMagnificationMgr: requestConnection duplicated request: connect=false, mConnectionState=DISCONNECTED
11-13 15:29:25.413 1472 1696 D CompatibilityChangeReporter: Compat change id reported: 135634846; UID 10135; state: DISABLED
11-13 15:29:25.413 1472 1696 D CompatibilityChangeReporter: Compat change id reported: 177438394; UID 10135; state: DISABLED
11-13 15:29:25.413 1472 1696 D CompatibilityChangeReporter: Compat change id reported: 135772972; UID 10135; state: DISABLED
11-13 15:29:25.414 1472 1696 D CompatibilityChangeReporter: Compat change id reported: 135754954; UID 10135; state: ENABLED
11-13 15:29:25.414 1472 1698 D CompatibilityChangeReporter: Compat change id reported: 143937733; UID 10135; state: ENABLED
11-13 15:29:25.436 1472 1698 I ActivityManager: Start proc 28817:com.google.android.apps.messaging:rcs/u0a135 for service {com.google.android.apps.messaging/com.google.android.ims.binding.SystemBindingService}
11-13 15:29:25.608 1472 1987 D ActivityManager: sync unfroze 12154 com.google.android.apps.wellbeing
11-13 15:29:25.647 1472 4960 I ActivityManager: Flag disabled. Ignoring finishAttachApplication from uid: 10135. pid: 28796
11-13 15:29:25.664 1472 4950 D CompatibilityChangeReporter: Compat change id reported: 161145287; UID 10135; state: DISABLED
11-13 15:29:25.738 1472 4960 D CompatibilityChangeReporter: Compat change id reported: 271850009; UID 10135; state: ENABLED
11-13 15:29:25.738 1472 4960 D CompatibilityChangeReporter: Compat change id reported: 253665015; UID 10135; state: ENABLED
11-13 15:29:25.738 1472 4960 D CompatibilityChangeReporter: Compat change id reported: 194532703; UID 10135; state: ENABLED
11-13 15:29:25.776 1472 4959 D CompatibilityChangeReporter: Compat change id reported: 161252188; UID 10135; state: DISABLED
11-13 15:29:25.782 1472 4959 I ActivityManager: Flag disabled. Ignoring finishAttachApplication from uid: 10135. pid: 28817
11-13 15:29:26.117 1472 1987 I ActivityManager: Background started FGS: Allowed [callingPackage: com.google.android.apps.messaging; callingUid: 10135; uidState: BFGS; uidBFSL: [BFSL]; intent: Intent { cmp=com.google.android.apps.messaging/com.google.apps.tiktok.concurrent.InternalForegroundService (has extras) }; code:PROC_STATE_BFGS; tempAllowListReason:<9a678da android.intent.action.MY_PACKAGE_REPLACED/u0,reasonCode:PACKAGE_REPLACED,duration:20000,callingUid:1000>; targetSdkVersion:34; callerTargetSdkVersion:34; startForegroundCount:0; bindFromPackage:null: isBindService:false]
11-13 15:29:26.125 1472 4950 D CompatibilityChangeReporter: Compat change id reported: 170668199; UID 10135; state: ENABLED
11-13 15:29:26.125 1472 4950 W ActivityManager: Foreground service started from background can not have location/camera/microphone access: service com.google.android.apps.messaging/com.google.apps.tiktok.concurrent.InternalForegroundService
11-13 15:29:26.125 1472 4950 D CompatibilityChangeReporter: Compat change id reported: 255038118; UID 10135; state: ENABLED
11-13 15:29:26.127 28796 28796 E AndroidRuntime: FATAL EXCEPTION: main
11-13 15:29:26.127 28796 28796 E AndroidRuntime: Process: com.google.android.apps.messaging, PID: 28796
11-13 15:29:26.127 28796 28796 E AndroidRuntime: java.lang.RuntimeException: Unable to start service com.google.apps.tiktok.concurrent.InternalForegroundService@adb4f66 with Intent { cmp=com.google.android.apps.messaging/com.google.apps.tiktok.concurrent.InternalForegroundService (has extras) }: android.app.InvalidForegroundServiceTypeException: Starting FGS with type none callerApp=ProcessRecord{16fa3e5 28796:com.google.android.apps.messaging/u0a135} targetSDK=34 has been prohibited
11-13 15:29:26.127 28796 28796 E AndroidRuntime: at android.app.ActivityThread.handleServiceArgs(ActivityThread.java:4837)
11-13 15:29:26.127 28796 28796 E AndroidRuntime: at android.app.ActivityThread.-$$Nest$mhandleServiceArgs(Unknown Source:0)
11-13 15:29:26.127 28796 28796 E AndroidRuntime: at android.app.ActivityThread$H.handleMessage(ActivityThread.java:2288)
11-13 15:29:26.127 28796 28796 E AndroidRuntime: at android.os.Handler.dispatchMessage(Handler.java:106)
11-13 15:29:26.127 28796 28796 E AndroidRuntime: at android.os.Looper.loopOnce(Looper.java:205)
11-13 15:29:26.127 28796 28796 E AndroidRuntime: at android.os.Looper.loop(Looper.java:294)
11-13 15:29:26.127 28796 28796 E AndroidRuntime: at android.app.ActivityThread.main(ActivityThread.java:8170)
11-13 15:29:26.127 28796 28796 E AndroidRuntime: at java.lang.reflect.Method.invoke(Native Method)
11-13 15:29:26.127 28796 28796 E AndroidRuntime: at com.android.internal.os.RuntimeInit$MethodAndArgsCaller.run(RuntimeInit.java:552)
11-13 15:29:26.127 28796 28796 E AndroidRuntime: at com.android.internal.os.ZygoteInit.main(ZygoteInit.java:971)
11-13 15:29:26.127 28796 28796 E AndroidRuntime: Caused by: android.app.InvalidForegroundServiceTypeException: Starting FGS with type none callerApp=ProcessRecord{16fa3e5 28796:com.google.android.apps.messaging/u0a135} targetSDK=34 has been prohibited
11-13 15:29:26.127 28796 28796 E AndroidRuntime: at android.app.InvalidForegroundServiceTypeException$1.createFromParcel(InvalidForegroundServiceTypeException.java:53)
11-13 15:29:26.127 28796 28796 E AndroidRuntime: at android.app.InvalidForegroundServiceTypeException$1.createFromParcel(InvalidForegroundServiceTypeException.java:49)
11-13 15:29:26.127 28796 28796 E AndroidRuntime: at android.os.Parcel.readParcelableInternal(Parcel.java:4870)
11-13 15:29:26.127 28796 28796 E AndroidRuntime: at android.os.Parcel.readParcelable(Parcel.java:4852)
11-13 15:29:26.127 28796 28796 E AndroidRuntime: at android.os.Parcel.createExceptionOrNull(Parcel.java:3052)
11-13 15:29:26.127 28796 28796 E AndroidRuntime: at android.os.Parcel.createException(Parcel.java:3041)
11-13 15:29:26.127 28796 28796 E AndroidRuntime: at android.os.Parcel.readException(Parcel.java:3024)
11-13 15:29:26.127 28796 28796 E AndroidRuntime: at android.os.Parcel.readException(Parcel.java:2966)
11-13 15:29:26.127 28796 28796 E AndroidRuntime: at android.app.IActivityManager$Stub$Proxy.setServiceForeground(IActivityManager.java:6557)
11-13 15:29:26.127 28796 28796 E AndroidRuntime: at android.app.Service.startForeground(Service.java:862)
11-13 15:29:26.127 28796 28796 E AndroidRuntime: at cvlc.c(PG:4)
11-13 15:29:26.127 28796 28796 E AndroidRuntime: at cvkf.onStartCommand(PG:11)
11-13 15:29:26.127 28796 28796 E AndroidRuntime: at android.app.ActivityThread.handleServiceArgs(ActivityThread.java:4819)
11-13 15:29:26.127 28796 28796 E AndroidRuntime: ... 9 more
11-13 15:29:26.360 1472 1697 D CompatibilityChangeReporter: Compat change id reported: 135634846; UID 10135; state: DISABLED
11-13 15:29:26.361 1472 1697 D CompatibilityChangeReporter: Compat change id reported: 177438394; UID 10135; state: DISABLED
11-13 15:29:26.361 1472 1697 D CompatibilityChangeReporter: Compat change id reported: 135772972; UID 10135; state: DISABLED
11-13 15:29:26.361 1472 1697 D CompatibilityChangeReporter: Compat change id reported: 135754954; UID 10135; state: ENABLED
11-13 15:29:26.363 1472 1698 D CompatibilityChangeReporter: Compat change id reported: 143937733; UID 10135; state: ENABLED
11-13 15:29:26.366 1472 29067 I DropBoxManagerService: add tag=system_app_crash isTagEnabled=true flags=0x2
11-13 15:29:26.377 1472 1698 I ActivityManager: Start proc 29068:com.google.android.apps.messaging:crash_report/u0a135 for broadcast {com.google.android.apps.messaging/com.google.android.apps.messaging.shared.app.UncaughtExceptionReceiver}
11-13 15:29:26.638 1472 4950 I ActivityManager: Flag disabled. Ignoring finishAttachApplication from uid: 10135. pid: 29068
11-13 15:29:26.717 1472 4959 I ActivityManager: Process com.google.android.apps.messaging (pid 28796) has died: fg TRNB
11-13 15:29:26.719 1472 4959 W ActivityManager: Scheduling restart of crashed service com.google.android.apps.messaging/androidx.work.impl.background.systemjob.SystemJobService in 1000ms for connection
11-13 15:29:26.719 1472 4959 W ActivityManager: Scheduling restart of crashed service com.google.android.apps.messaging/com.google.android.libraries.internal.growth.growthkit.internal.jobs.impl.GrowthKitJobService in 11000ms for connection
11-13 15:29:26.953 1472 4960 I DropBoxManagerService: add tag=platform_stats_bookmark isTagEnabled=true flags=0x2
11-13 15:29:27.667 1472 4960 I ActivityManager: Background started FGS: Allowed [callingPackage: com.android.vending; callingUid: 10136; uidState: TRNB; uidBFSL: n/a; intent: Intent { act=com.google.android.finsky.BIND_DOWNLOAD_SERVICE pkg=com.android.vending (has extras) }; code:BACKGROUND_ACTIVITY_PERMISSION; tempAllowListReason:<,reasonCode:SYSTEM_ALLOW_LISTED,duration:9223372036854775807,callingUid:-1>; targetSdkVersion:34; callerTargetSdkVersion:34; startForegroundCount:0; bindFromPackage:null: isBindService:false]
11-13 15:29:27.720 1472 1697 D CompatibilityChangeReporter: Compat change id reported: 135634846; UID 10135; state: DISABLED
11-13 15:29:27.720 1472 1697 D CompatibilityChangeReporter: Compat change id reported: 177438394; UID 10135; state: DISABLED
11-13 15:29:27.720 1472 1697 D CompatibilityChangeReporter: Compat change id reported: 135772972; UID 10135; state: DISABLED
11-13 15:29:27.720 1472 1697 D CompatibilityChangeReporter: Compat change id reported: 135754954; UID 10135; state: ENABLED
11-13 15:29:27.721 1472 1698 D CompatibilityChangeReporter: Compat change id reported: 143937733; UID 10135; state: ENABLED
11-13 15:29:27.743 1472 1698 I ActivityManager: Start proc 29151:com.google.android.apps.messaging/u0a135 for service {com.google.android.apps.messaging/androidx.work.impl.background.systemjob.SystemJobService}
11-13 15:29:27.876 1472 1472 W NotificationHistory: Attempted to add notif for locked/gone/disabled user 0
11-13 15:29:27.985 1472 4950 I ActivityManager: Flag disabled. Ignoring finishAttachApplication from uid: 10135. pid: 29151
11-13 15:29:28.055 1472 4959 W JobScheduler: Job didn't exist in JobStore: a67dd82 #u0a135/2821 com.google.android.apps.messaging/androidx.work.impl.background.systemjob.SystemJobService
11-13 15:29:28.736 1472 3644 E NotificationService: Package enqueue rate is 6.270934. Shedding 0|com.android.vending|-56862258|null|10136. package=com.android.vending
11-13 15:29:40.313 1472 3644 W AppOps : Noting op not finished: uid 10158 pkg com.google.android.apps.scone code 79 startTime of in progress event=1699756224413
11-13 15:29:46.757 1472 1807 D ActivityManager: freezing 19250 com.android.vending:instant_app_installer
11-13 15:29:46.761 1472 1807 D ActivityManager: freezing 19396 com.android.vending:quick_launch
11-13 15:29:49.407 1472 1807 D ActivityManager: freezing 19084 com.android.vending:background
11-13 15:29:51.095 1472 1807 D ActivityManager: freezing 2098 com.google.android.permissioncontroller
11-13 15:29:52.016 1472 1807 D ActivityManager: freezing 20437 com.google.android.gms
11-13 15:29:52.022 1472 1807 D ActivityManager: freezing 7533 com.google.android.adservices.api
11-13 15:29:52.024 1472 1807 D ActivityManager: freezing 28551 com.google.android.gms.ui
11-13 15:29:52.026 1472 1807 D ActivityManager: freezing 1160 com.google.android.gms.unstable
11-13 15:29:52.028 1472 1807 D ActivityManager: freezing 28565 com.google.android.gms.feedback
11-13 15:29:52.030 1472 1807 D ActivityManager: freezing 10221 com.google.android.gms:snet
11-13 15:29:53.047 1472 1697 D ActivityManager: sync unfroze 28451 com.google.android.apps.youtube.music
11-13 15:29:54.985 1472 1807 D ActivityManager: freezing 10682 com.google.android.euicc
11-13 15:29:58.876 1472 1721 D ActivityManager: sync unfroze 19084 com.android.vending:background
11-13 15:29:58.877 1472 1721 D ActivityManager: sync unfroze 19250 com.android.vending:instant_app_installer
11-13 15:29:58.879 1472 1721 D ActivityManager: sync unfroze 19396 com.android.vending:quick_launch
11-13 15:29:58.881 1472 1721 I PackageManager: Integrity check passed for file:///data/app/vmdl827286548.tmp
11-13 15:29:58.901 1472 1721 I PackageManager: Continuing with installation of file:///data/app/vmdl827286548.tmp
11-13 15:29:58.933 1472 1697 I ActivityManager: Force stopping com.google.android.youtube appid=10191 user=-1: installPackageLI
11-13 15:29:58.934 1472 1697 I ActivityManager: Killing 9105:com.google.android.youtube/u0a191 (adj 945): stop com.google.android.youtube due to installPackageLI
11-13 15:29:58.935 1472 1686 D DisplayManagerService: Drop pending events for gone uid 10191
11-13 15:29:58.936 1472 1721 I PackageManager: Update system package com.google.android.youtube code path from /data/app/~~cPeBnNvHDoH8TDnWgIyqsA==/com.google.android.youtube-FJDmG9tHgwV8TxjmFI_0sg== to /data/app/~~gFxKjzJWRUpAlxLIKwJtcg==/com.google.android.youtube-O8dNQW_LJZXI0oSZKScyag==; Retain data and using new
11-13 15:29:58.936 1472 1721 I AppsFilter: interaction: PackageSetting{a971eec org.qtproject.example.qmlchart/10248} -> PackageSetting{cb38748 com.google.android.youtube/10191} BLOCKED
11-13 15:29:58.936 1472 1721 I AppsFilter: interaction: PackageSetting{c7356c0 org.qtproject.example.vulkanunderqml/10267} -> PackageSetting{cb38748 com.google.android.youtube/10191} BLOCKED
11-13 15:29:58.936 1472 1721 I AppsFilter: interaction: PackageSetting{473e1f2 com.qt.finweather/10286} -> PackageSetting{cb38748 com.google.android.youtube/10191} BLOCKED
11-13 15:29:58.936 1472 1721 I AppsFilter: interaction: PackageSetting{b6720a7 org.qtproject.example.appQTBUG_38700_example/10269} -> PackageSetting{cb38748 com.google.android.youtube/10191} BLOCKED
11-13 15:29:58.936 1472 1721 I AppsFilter: interaction: PackageSetting{e968aaf org.qtproject.example.minimal_qml/10262} -> PackageSetting{cb38748 com.google.android.youtube/10191} BLOCKED
11-13 15:29:58.937 1472 1721 I AppsFilter: interaction: PackageSetting{d5ddbb7 org.qtproject.example.qmloscilloscope/10255} -> PackageSetting{cb38748 com.google.android.youtube/10191} BLOCKED
11-13 15:29:58.937 1472 1721 I AppsFilter: interaction: PackageSetting{1bb2e8f org.qtproject.example.calqlatrexample/10266} -> PackageSetting{cb38748 com.google.android.youtube/10191} BLOCKED
11-13 15:29:58.937 1472 1721 I AppsFilter: interaction: PackageSetting{6b2f6e1 org.qtproject.example.appqt66beta1androidquickexample/10256} -> PackageSetting{cb38748 com.google.android.youtube/10191} BLOCKED
11-13 15:29:58.937 1472 1721 I AppsFilter: interaction: PackageSetting{5cde19a org.qtproject.example.coffee/10279} -> PackageSetting{cb38748 com.google.android.youtube/10191} BLOCKED
11-13 15:29:58.937 1472 1721 I AppsFilter: interaction: PackageSetting{681d2eb org.qtproject.example.contactlist/10252} -> PackageSetting{cb38748 com.google.android.youtube/10191} BLOCKED
11-13 15:29:58.937 1472 1721 I AppsFilter: interaction: PackageSetting{2c049b9 org.qtproject.example.appmuu/10287} -> PackageSetting{cb38748 com.google.android.youtube/10191} BLOCKED
11-13 15:29:58.937 1472 1721 I AppsFilter: interaction: PackageSetting{4264ce2 org.qtproject.example.qtbug98766_compat/10289} -> PackageSetting{cb38748 com.google.android.youtube/10191} BLOCKED
11-13 15:29:58.937 1472 1721 I AppsFilter: interaction: PackageSetting{e48a5d7 org.qtproject.example.galleryexample/10265} -> PackageSetting{cb38748 com.google.android.youtube/10191} BLOCKED
11-13 15:29:58.937 1472 1721 I AppsFilter: interaction: PackageSetting{32cb918 org.qtproject.example.objectlistmodelexample/10263} -> PackageSetting{cb38748 com.google.android.youtube/10191} BLOCKED
11-13 15:29:58.937 1472 1721 I AppsFilter: interaction: PackageSetting{54ce4c9 org.qtproject.example.testFont/10270} -> PackageSetting{cb38748 com.google.android.youtube/10191} BLOCKED
11-13 15:29:58.937 1472 1721 I AppsFilter: interaction: PackageSetting{d136cd0 org.qtproject.example.widgetdeom/10259} -> PackageSetting{cb38748 com.google.android.youtube/10191} BLOCKED
11-13 15:29:58.937 1472 1721 I AppsFilter: interaction: PackageSetting{88b8d1b org.qtproject.example.declarative_camera/10253} -> PackageSetting{cb38748 com.google.android.youtube/10191} BLOCKED
11-13 15:29:58.937 1472 1721 I AppsFilter: interaction: PackageSetting{246c121 com.test.ouluweather/10268} -> PackageSetting{cb38748 com.google.android.youtube/10191} BLOCKED
11-13 15:29:58.937 1472 1721 I AppsFilter: interaction: PackageSetting{5638a6e com.google.android.microdroid.empty_payload/10246} -> PackageSetting{cb38748 com.google.android.youtube/10191} BLOCKED
11-13 15:29:58.937 1472 1721 I AppsFilter: interaction: PackageSetting{b8bf670 org.qtproject.example.calendarwidget/10278} -> PackageSetting{cb38748 com.google.android.youtube/10191} BLOCKED
11-13 15:29:58.937 1472 1721 I AppsFilter: interaction: PackageSetting{e574d7d org.qtproject.example.QTBUG97503/10284} -> PackageSetting{cb38748 com.google.android.youtube/10191} BLOCKED
11-13 15:29:58.937 1472 1721 I AppsFilter: interaction: PackageSetting{59c4cd3 org.qtproject.example.unicode_bug/10280} -> PackageSetting{cb38748 com.google.android.youtube/10191} BLOCKED
11-13 15:29:58.937 1472 1721 I AppsFilter: interaction: PackageSetting{277dda4 com.example.qtbug/10276} -> PackageSetting{cb38748 com.google.android.youtube/10191} BLOCKED
11-13 15:29:58.937 1472 1721 I AppsFilter: interaction: PackageSetting{607ced1 org.qtproject.example.implicit_height/10275} -> PackageSetting{cb38748 com.google.android.youtube/10191} BLOCKED
11-13 15:29:58.937 1472 1721 I AppsFilter: interaction: PackageSetting{a26c3f org.qtproject.example.simplemqttclient/10254} -> PackageSetting{cb38748 com.google.android.youtube/10191} BLOCKED
11-13 15:29:58.937 1472 1721 I AppsFilter: interaction: PackageSetting{171305e org.qtproject.example.qtbug90324/10271} -> PackageSetting{cb38748 com.google.android.youtube/10191} BLOCKED
11-13 15:29:58.937 1472 1721 I AppsFilter: interaction: PackageSetting{739d6f org.qtproject.example.qtbug87334/10247} -> PackageSetting{cb38748 com.google.android.youtube/10191} BLOCKED
11-13 15:29:58.937 1472 1721 I AppsFilter: interaction: PackageSetting{d740599 org.qtproject.example.qtbug40728/10273} -> PackageSetting{cb38748 com.google.android.youtube/10191} BLOCKED
11-13 15:29:58.937 1472 1721 I AppsFilter: interaction: PackageSetting{89b3c9d org.qtproject.example.Android_keyboard_cover/10283} -> PackageSetting{cb38748 com.google.android.youtube/10191} BLOCKED
11-13 15:29:58.937 1472 1721 I AppsFilter: interaction: PackageSetting{fde6ec8 org.qtproject.example.appqtbug98776_for_qtbug114437/10281} -> PackageSetting{cb38748 com.google.android.youtube/10191} BLOCKED
11-13 15:29:58.937 1472 1721 I AppsFilter: interaction: PackageSetting{2cd19b0 org.qtproject.example/10282} -> PackageSetting{cb38748 com.google.android.youtube/10191} BLOCKED
11-13 15:29:58.937 1472 1721 I AppsFilter: interaction: PackageSetting{d382e57 org.qtproject.example.textfinder/10272} -> PackageSetting{cb38748 com.google.android.youtube/10191} BLOCKED
11-13 15:29:58.937 1472 1721 I AppsFilter: interaction: PackageSetting{47d83f1 org.qtproject.example.openglunderqml/10251} -> PackageSetting{cb38748 com.google.android.youtube/10191} BLOCKED
11-13 15:29:58.937 1472 1721 I AppsFilter: interaction: PackageSetting{143ef98 org.qtproject.example.texteditor/10285} -> PackageSetting{cb38748 com.google.android.youtube/10191} BLOCKED
11-13 15:29:58.937 1472 1721 I AppsFilter: interaction: PackageSetting{59234ac org.qtproject.example.hellocube/10258} -> PackageSetting{cb38748 com.google.android.youtube/10191} BLOCKED
11-13 15:29:58.937 1472 1721 I AppsFilter: interaction: PackageSetting{a174853 org.qtproject.example.texteditorexample/10290} -> PackageSetting{cb38748 com.google.android.youtube/10191} BLOCKED
11-13 15:29:58.937 1472 1721 I AppsFilter: interaction: PackageSetting{2c11bbd org.qtproject.example.contactlistexample/10277} -> PackageSetting{cb38748 com.google.android.youtube/10191} BLOCKED
11-13 15:29:58.937 1472 1721 I AppsFilter: interaction: PackageSetting{f13b073 org.qtproject.example.highdpi/10288} -> PackageSetting{cb38748 com.google.android.youtube/10191} BLOCKED
11-13 15:29:58.937 1472 1721 I AppsFilter: interaction: PackageSetting{cae2aca org.qtproject.example.deleteme/10291} -> PackageSetting{cb38748 com.google.android.youtube/10191} BLOCKED
11-13 15:29:58.937 1472 1721 I AppsFilter: interaction: PackageSetting{c514d9b org.qtproject.example.quickspeech/10274} -> PackageSetting{cb38748 com.google.android.youtube/10191} BLOCKED
11-13 15:29:58.954 1472 1721 I PermissionManager: Permission ownership changed. Updating all permissions.
11-13 15:29:59.026 1472 1697 D ActivityManager: sync unfroze 3310 com.android.chrome
11-13 15:29:59.047 1472 2557 V ActivityManager: Got obituary of 9105:com.google.android.youtube
11-13 15:29:59.049 1472 2544 D ActivityManager: sync unfroze 20437 com.google.android.gms
11-13 15:29:59.049 1472 2544 D ActivityManager: sync unfroze 7533 com.google.android.adservices.api
11-13 15:30:01.012 1472 4960 D CompatibilityChangeReporter: Compat change id reported: 261072174; UID 10135; state: DISABLED
11-13 15:30:03.046 1472 1721 I AppsFilter: interaction: PackageSetting{a971eec org.qtproject.example.qmlchart/10248} -> PackageSetting{5257538 com.google.android.youtube/10191} BLOCKED
11-13 15:30:03.046 1472 1721 I AppsFilter: interaction: PackageSetting{c7356c0 org.qtproject.example.vulkanunderqml/10267} -> PackageSetting{5257538 com.google.android.youtube/10191} BLOCKED
11-13 15:30:03.046 1472 1721 I AppsFilter: interaction: PackageSetting{473e1f2 com.qt.finweather/10286} -> PackageSetting{5257538 com.google.android.youtube/10191} BLOCKED
11-13 15:30:03.046 1472 1721 I AppsFilter: interaction: PackageSetting{b6720a7 org.qtproject.example.appQTBUG_38700_example/10269} -> PackageSetting{5257538 com.google.android.youtube/10191} BLOCKED
11-13 15:30:03.046 1472 1721 I AppsFilter: interaction: PackageSetting{e968aaf org.qtproject.example.minimal_qml/10262} -> PackageSetting{5257538 com.google.android.youtube/10191} BLOCKED
11-13 15:30:03.046 1472 1721 I AppsFilter: interaction: PackageSetting{d5ddbb7 org.qtproject.example.qmloscilloscope/10255} -> PackageSetting{5257538 com.google.android.youtube/10191} BLOCKED
11-13 15:30:03.046 1472 1721 I AppsFilter: interaction: PackageSetting{1bb2e8f org.qtproject.example.calqlatrexample/10266} -> PackageSetting{5257538 com.google.android.youtube/10191} BLOCKED
11-13 15:30:03.046 1472 1721 I AppsFilter: interaction: PackageSetting{6b2f6e1 org.qtproject.example.appqt66beta1androidquickexample/10256} -> PackageSetting{5257538 com.google.android.youtube/10191} BLOCKED
11-13 15:30:03.046 1472 1721 I AppsFilter: interaction: PackageSetting{5cde19a org.qtproject.example.coffee/10279} -> PackageSetting{5257538 com.google.android.youtube/10191} BLOCKED
11-13 15:30:03.046 1472 1721 I AppsFilter: interaction: PackageSetting{681d2eb org.qtproject.example.contactlist/10252} -> PackageSetting{5257538 com.google.android.youtube/10191} BLOCKED
11-13 15:30:03.046 1472 1721 I AppsFilter: interaction: PackageSetting{2c049b9 org.qtproject.example.appmuu/10287} -> PackageSetting{5257538 com.google.android.youtube/10191} BLOCKED
11-13 15:30:03.046 1472 1721 I AppsFilter: interaction: PackageSetting{4264ce2 org.qtproject.example.qtbug98766_compat/10289} -> PackageSetting{5257538 com.google.android.youtube/10191} BLOCKED
11-13 15:30:03.047 1472 1721 I AppsFilter: interaction: PackageSetting{e48a5d7 org.qtproject.example.galleryexample/10265} -> PackageSetting{5257538 com.google.android.youtube/10191} BLOCKED
11-13 15:30:03.047 1472 1721 I AppsFilter: interaction: PackageSetting{32cb918 org.qtproject.example.objectlistmodelexample/10263} -> PackageSetting{5257538 com.google.android.youtube/10191} BLOCKED
11-13 15:30:03.047 1472 1721 I AppsFilter: interaction: PackageSetting{54ce4c9 org.qtproject.example.testFont/10270} -> PackageSetting{5257538 com.google.android.youtube/10191} BLOCKED
11-13 15:30:03.047 1472 1721 I AppsFilter: interaction: PackageSetting{d136cd0 org.qtproject.example.widgetdeom/10259} -> PackageSetting{5257538 com.google.android.youtube/10191} BLOCKED
11-13 15:30:03.047 1472 1721 I AppsFilter: interaction: PackageSetting{88b8d1b org.qtproject.example.declarative_camera/10253} -> PackageSetting{5257538 com.google.android.youtube/10191} BLOCKED
