11-14 14:26:33.238 1655 1677 I pixel-thermal: VIRTUAL-SKIN-HINT:33.635 raw data: VIRTUAL-NEUTRAL:33284.5 VIRTUAL-NEUTRAL-SKIN2:33635 VIRTUAL-QUIET-NEUTRAL:33007.4 VIRTUAL-SKIN-HINT:33635
11-14 14:26:35.031 7190 7190 I trusty_metricsd: starting trusty_metricsd
11-14 14:26:35.032 7190 7190 I trusty_metricsd: trusty dev: /dev/trusty-ipc-dev0
11-14 14:26:35.036 7190 7190 E libtrusty: tipc_connect: can't connect to tipc service "com.android.trusty.metrics" (err=107)
11-14 14:26:35.037 7190 7190 E trusty_metricsd: failed to open TrustyMetricsPixel: failed to connect to Trusty metrics TA: Transport endpoint is not connected
11-14 14:26:35.037 7190 7190 E trusty_metricsd: failed to open Trusty metrics client
11-14 14:26:35.072 7191 7191 I flags_health_check: ServerConfigurableFlagsReset reset_mode value: 1
11-14 14:26:35.072 7191 7191 I flags_health_check: ServerConfigurableFlagsReset updatable crashing detected, resetting flags.
11-14 14:26:37.022 936 2866 I WifiHAL : Creating message to get link statistics; iface = 47
11-14 14:26:37.139 936 2866 I WifiHAL : In GetLinkStatsCommand::handleResponse
11-14 14:26:37.143 936 2866 E IPCThreadState: binder thread pool (1 threads) starved for 121 ms
11-14 14:26:37.189 1472 1871 D ConnectivityService: NetReassign [no changes] [c 0] [a 1] [i 3]
11-14 14:26:39.384 1472 1807 D ActivityManager: freezing 30461 com.android.settings
11-14 14:26:39.392 1472 1807 D ActivityManager: freezing 8423 com.google.android.turboadapter
11-14 14:26:40.051 7199 7199 I trusty_metricsd: starting trusty_metricsd
11-14 14:26:40.052 7199 7199 I trusty_metricsd: trusty dev: /dev/trusty-ipc-dev0
11-14 14:26:40.056 7199 7199 E libtrusty: tipc_connect: can't connect to tipc service "com.android.trusty.metrics" (err=107)
11-14 14:26:40.056 7199 7199 E trusty_metricsd: failed to open TrustyMetricsPixel: failed to connect to Trusty metrics TA: Transport endpoint is not connected
11-14 14:26:40.056 7199 7199 E trusty_metricsd: failed to open Trusty metrics client
11-14 14:26:40.093 7200 7200 I flags_health_check: ServerConfigurableFlagsReset reset_mode value: 1
11-14 14:26:40.093 7200 7200 I flags_health_check: ServerConfigurableFlagsReset updatable crashing detected, resetting flags.
11-14 14:26:40.248 1655 1677 I pixel-thermal: neutral_therm:32.351 raw data: neutral_therm:32351
11-14 14:26:40.252 1655 1677 I pixel-thermal: cellular-emergency:33.6866 raw data: VIRTUAL-NEUTRAL:33319.1 VIRTUAL-NEUTRAL-SKIN2:33686.6 VIRTUAL-QUIET-NEUTRAL:33036.3 cellular-emergency:33686.6 disp_therm:31794 gnss_tcxo_therm:32996 neutral_therm:32351 quiet_therm:33330 skin_therm1:33486 skin_therm2:36803
11-14 14:26:40.253 1655 1677 I pixel-thermal: VIRTUAL-SKIN-CPU:33.6866 raw data: VIRTUAL-NEUTRAL:33319.1 VIRTUAL-NEUTRAL-SKIN2:33686.6 VIRTUAL-QUIET-NEUTRAL:33036.3 VIRTUAL-SKIN-CPU:33686.6
11-14 14:26:40.253 1655 1677 I pixel-thermal: VIRTUAL-SKIN:33.6866 raw data: VIRTUAL-NEUTRAL:33319.1 VIRTUAL-NEUTRAL-SKIN2:33686.6 VIRTUAL-QUIET-NEUTRAL:33036.3 VIRTUAL-SKIN:33686.6
11-14 14:26:40.253 1655 1677 I pixel-thermal: VIRTUAL-SKIN-CHARGE:33.6866 raw data: VIRTUAL-NEUTRAL:33319.1 VIRTUAL-NEUTRAL-SKIN2:33686.6 VIRTUAL-QUIET-NEUTRAL:33036.3 VIRTUAL-SKIN-CHARGE:33686.6
11-14 14:26:40.253 1655 1677 I pixel-thermal: VIRTUAL-SKIN-CPU-GPU:33.6866 raw data: VIRTUAL-NEUTRAL:33319.1 VIRTUAL-NEUTRAL-SKIN2:33686.6 VIRTUAL-QUIET-NEUTRAL:33036.3 VIRTUAL-SKIN-CPU-GPU:33686.6
11-14 14:26:40.253 1655 1677 I pixel-thermal: VIRTUAL-SKIN-HINT:33.6866 raw data: VIRTUAL-NEUTRAL:33319.1 VIRTUAL-NEUTRAL-SKIN2:33686.6 VIRTUAL-QUIET-NEUTRAL:33036.3 VIRTUAL-SKIN-HINT:33686.6
11-14 14:26:43.186 936 2866 I WifiHAL : Creating message to get link statistics; iface = 47
11-14 14:26:43.304 936 2866 I WifiHAL : In GetLinkStatsCommand::handleResponse
11-14 14:26:43.308 936 2866 E IPCThreadState: binder thread pool (1 threads) starved for 122 ms
11-14 14:26:43.354 1472 1871 D ConnectivityService: NetReassign [no changes] [c 1] [a 0] [i 3]
11-14 14:26:45.067 7207 7207 I trusty_metricsd: starting trusty_metricsd
11-14 14:26:45.067 7207 7207 I trusty_metricsd: trusty dev: /dev/trusty-ipc-dev0
11-14 14:26:45.071 7207 7207 E libtrusty: tipc_connect: can't connect to tipc service "com.android.trusty.metrics" (err=107)
11-14 14:26:45.071 7207 7207 E trusty_metricsd: failed to open TrustyMetricsPixel: failed to connect to Trusty metrics TA: Transport endpoint is not connected
11-14 14:26:45.071 7207 7207 E trusty_metricsd: failed to open Trusty metrics client
11-14 14:26:45.105 7208 7208 I flags_health_check: ServerConfigurableFlagsReset reset_mode value: 1
11-14 14:26:45.106 7208 7208 I flags_health_check: ServerConfigurableFlagsReset updatable crashing detected, resetting flags.
11-14 14:26:47.095 6189 6189 D BoundBrokerSvc: onUnbind: Intent { act=com.google.android.gms.safetynet.service.START pkg=com.google.android.gms }
11-14 14:26:47.262 1655 1677 I pixel-thermal: neutral_therm:32.373 raw data: neutral_therm:32373
11-14 14:26:47.267 1655 1677 I pixel-thermal: cellular-emergency:33.7086 raw data: VIRTUAL-NEUTRAL:33359.2 VIRTUAL-NEUTRAL-SKIN2:33708.6 VIRTUAL-QUIET-NEUTRAL:33089.8 cellular-emergency:33708.6 disp_therm:31861 gnss_tcxo_therm:33063 neutral_therm:32373 quiet_therm:33397 skin_therm1:33531 skin_therm2:36825
11-14 14:26:47.267 1655 1677 I pixel-thermal: VIRTUAL-SKIN-CPU:33.7086 raw data: VIRTUAL-NEUTRAL:33359.2 VIRTUAL-NEUTRAL-SKIN2:33708.6 VIRTUAL-QUIET-NEUTRAL:33089.8 VIRTUAL-SKIN-CPU:33708.6
11-14 14:26:47.267 1655 1677 I pixel-thermal: VIRTUAL-SKIN:33.7086 raw data: VIRTUAL-NEUTRAL:33359.2 VIRTUAL-NEUTRAL-SKIN2:33708.6 VIRTUAL-QUIET-NEUTRAL:33089.8 VIRTUAL-SKIN:33708.6
11-14 14:26:47.267 1655 1677 I pixel-thermal: VIRTUAL-SKIN-CHARGE:33.7086 raw data: VIRTUAL-NEUTRAL:33359.2 VIRTUAL-NEUTRAL-SKIN2:33708.6 VIRTUAL-QUIET-NEUTRAL:33089.8 VIRTUAL-SKIN-CHARGE:33708.6
11-14 14:26:47.267 1655 1677 I pixel-thermal: VIRTUAL-SKIN-CPU-GPU:33.7086 raw data: VIRTUAL-NEUTRAL:33359.2 VIRTUAL-NEUTRAL-SKIN2:33708.6 VIRTUAL-QUIET-NEUTRAL:33089.8 VIRTUAL-SKIN-CPU-GPU:33708.6
11-14 14:26:47.268 1655 1677 I pixel-thermal: VIRTUAL-SKIN-HINT:33.7086 raw data: VIRTUAL-NEUTRAL:33359.2 VIRTUAL-NEUTRAL-SKIN2:33708.6 VIRTUAL-QUIET-NEUTRAL:33089.8 VIRTUAL-SKIN-HINT:33708.6
11-14 14:26:48.950 28917 29007 I bbrb : getHotwordActive::active query: null, watch: false, devices connected: []
11-14 14:26:49.354 936 2866 I WifiHAL : Creating message to get link statistics; iface = 47
11-14 14:26:49.465 936 2866 I WifiHAL : In GetLinkStatsCommand::handleResponse
11-14 14:26:49.467 936 2866 E IPCThreadState: binder thread pool (1 threads) starved for 114 ms
11-14 14:26:49.508 1472 1871 D ConnectivityService: NetReassign [no changes] [c 1] [a 0] [i 4]
11-14 14:26:50.078 7223 7223 I trusty_metricsd: starting trusty_metricsd
11-14 14:26:50.078 7223 7223 I trusty_metricsd: trusty dev: /dev/trusty-ipc-dev0
11-14 14:26:50.084 7223 7223 E libtrusty: tipc_connect: can't connect to tipc service "com.android.trusty.metrics" (err=107)
11-14 14:26:50.084 7223 7223 E trusty_metricsd: failed to open TrustyMetricsPixel: failed to connect to Trusty metrics TA: Transport endpoint is not connected
11-14 14:26:50.084 7223 7223 E trusty_metricsd: failed to open Trusty metrics client
11-14 14:26:50.119 7225 7225 I flags_health_check: ServerConfigurableFlagsReset reset_mode value: 1
11-14 14:26:50.119 7225 7225 I flags_health_check: ServerConfigurableFlagsReset updatable crashing detected, resetting flags.
11-14 14:26:54.277 1655 1677 I pixel-thermal: neutral_therm:32.418 raw data: neutral_therm:32418
11-14 14:26:54.281 1655 1677 I pixel-thermal: cellular-emergency:33.7536 raw data: VIRTUAL-NEUTRAL:33406.1 VIRTUAL-NEUTRAL-SKIN2:33753.6 VIRTUAL-QUIET-NEUTRAL:33134.8 cellular-emergency:33753.6 disp_therm:31883 gnss_tcxo_therm:33130 neutral_therm:32418 quiet_therm:33442 skin_therm1:33575 skin_therm2:36870
11-14 14:26:54.281 1655 1677 I pixel-thermal: VIRTUAL-SKIN-CPU:33.7536 raw data: VIRTUAL-NEUTRAL:33406.1 VIRTUAL-NEUTRAL-SKIN2:33753.6 VIRTUAL-QUIET-NEUTRAL:33134.8 VIRTUAL-SKIN-CPU:33753.6
11-14 14:26:54.282 1655 1677 I pixel-thermal: VIRTUAL-SKIN:33.7536 raw data: VIRTUAL-NEUTRAL:33406.1 VIRTUAL-NEUTRAL-SKIN2:33753.6 VIRTUAL-QUIET-NEUTRAL:33134.8 VIRTUAL-SKIN:33753.6
11-14 14:26:54.282 1655 1677 I pixel-thermal: VIRTUAL-SKIN-CHARGE:33.7536 raw data: VIRTUAL-NEUTRAL:33406.1 VIRTUAL-NEUTRAL-SKIN2:33753.6 VIRTUAL-QUIET-NEUTRAL:33134.8 VIRTUAL-SKIN-CHARGE:33753.6
11-14 14:26:54.282 1655 1677 I pixel-thermal: VIRTUAL-SKIN-CPU-GPU:33.7536 raw data: VIRTUAL-NEUTRAL:33406.1 VIRTUAL-NEUTRAL-SKIN2:33753.6 VIRTUAL-QUIET-NEUTRAL:33134.8 VIRTUAL-SKIN-CPU-GPU:33753.6
11-14 14:26:54.282 1655 1677 I pixel-thermal: VIRTUAL-SKIN-HINT:33.7536 raw data: VIRTUAL-NEUTRAL:33406.1 VIRTUAL-NEUTRAL-SKIN2:33753.6 VIRTUAL-QUIET-NEUTRAL:33134.8 VIRTUAL-SKIN-HINT:33753.6
11-14 14:26:55.094 7231 7231 I trusty_metricsd: starting trusty_metricsd
11-14 14:26:55.094 7231 7231 I trusty_metricsd: trusty dev: /dev/trusty-ipc-dev0
11-14 14:26:55.098 7231 7231 E libtrusty: tipc_connect: can't connect to tipc service "com.android.trusty.metrics" (err=107)
11-14 14:26:55.098 7231 7231 E trusty_metricsd: failed to open TrustyMetricsPixel: failed to connect to Trusty metrics TA: Transport endpoint is not connected
11-14 14:26:55.098 7231 7231 E trusty_metricsd: failed to open Trusty metrics client
11-14 14:26:55.138 7232 7232 I flags_health_check: ServerConfigurableFlagsReset reset_mode value: 1
11-14 14:26:55.138 7232 7232 I flags_health_check: ServerConfigurableFlagsReset updatable crashing detected, resetting flags.
11-14 14:26:55.337 1942 1942 D DLObserver: onReceive(); android.intent.action.BATTERY_CHANGED
11-14 14:26:55.337 1942 1942 D DLObserver: plugged=2
11-14 14:26:55.345 1942 3398 D PowerUI : can't show warning due to - plugged: true status unknown: false
11-14 14:26:55.348 1942 1942 D PowerNotificationWarningsGoogleImpl: onReceive: android.intent.action.BATTERY_CHANGED
11-14 14:26:55.348 1942 1942 D BatteryDefenderNotification: isPlugged: true | isOverheated: false | defenderEnabled: false | isCharged: false | isPluggedInDock: false
11-14 14:26:55.348 1942 1942 D IncompatibleChargerNotification: dispatchIntent: android.intent.action.BATTERY_CHANGED
11-14 14:26:55.504 936 2866 I WifiHAL : Creating message to get link statistics; iface = 47
11-14 14:26:55.618 936 2866 I WifiHAL : In GetLinkStatsCommand::handleResponse
11-14 14:26:55.621 936 2866 E IPCThreadState: binder thread pool (1 threads) starved for 117 ms
11-14 14:26:55.669 1472 1871 D ConnectivityService: NetReassign [no changes] [c 1] [a 0] [i 4]
11-14 14:26:57.159 1472 1807 D ActivityManager: freezing 6189 com.google.android.gms
11-14 14:27:00.023 3715 3900 I AiAiEcho: Predicting[7]: { Feature:1, creation:2023-11-14T10:24:07Z, expiry:2023-11-14T11:00:00Z, isExpired: true}, { Feature:1, creation:2023-11-14T11:00:00Z, expiry:2023-11-14T12:00:00Z, isExpired: true}, { Feature:1, creation:2023-11-14T12:00:00Z, expiry:2023-11-14T13:00:00Z, isExpired: false}, { Feature:1, creation:2023-11-14T13:00:00Z, expiry:2023-11-14T14:00:00Z, isExpired: true}, { Feature:1, creation:2023-11-14T14:00:00Z, expiry:2023-11-14T15:00:00Z, isExpired: true}, { Feature:1, creation:2023-11-14T15:00:00Z, expiry:2023-11-14T16:00:00Z, isExpired: true}, { Feature:1, creation:2023-11-14T16:00:00Z, expiry:2023-11-14T16:24:07Z, isExpired: true}
11-14 14:27:00.025 3715 3900 I AiAiEcho: EchoTargets: Feature:1
11-14 14:27:00.025 3715 3900 I AiAiEcho: Filtered by AiAi flag check:
11-14 14:27:00.026 3715 3900 I AiAiEcho: Ranked targets strategy: WEIGHTED, count: 1, ranking metadata: { cardId: WEATHER-569377245, card type: 1, update time: 2023-11-14T12:00:00Z, expiration time: 2023-11-14T13:00:00Z, ranking metadata: RankingMetaData(urgency=0.634, priority=0.3, recency=1.0, rankScore=0.19020002, importantTimePoints=# mta@7bca4) }
11-14 14:27:00.027 3715 3900 I AiAiEcho: #weatherTwiddler: Weather removes SubtitleSupplementalItem in surface: lockscreen
11-14 14:27:00.036 3715 3900 I AiAiEcho: #postPredictionTargets: Sending updates to UISurface lockscreen with targets# 1 (types=[1])
11-14 14:27:00.045 1942 1942 W PageIndicator: Total number of pages invalid: 0. Assuming 1 page.
11-14 14:27:00.075 7238 7238 I trusty_metricsd: starting trusty_metricsd
11-14 14:27:00.075 7238 7238 I trusty_metricsd: trusty dev: /dev/trusty-ipc-dev0
11-14 14:27:00.078 7238 7238 E libtrusty: tipc_connect: can't connect to tipc service "com.android.trusty.metrics" (err=107)
11-14 14:27:00.078 7238 7238 E trusty_metricsd: failed to open TrustyMetricsPixel: failed to connect to Trusty metrics TA: Transport endpoint is not connected
11-14 14:27:00.078 7238 7238 E trusty_metricsd: failed to open Trusty metrics client
11-14 14:27:00.112 7240 7240 I flags_health_check: ServerConfigurableFlagsReset reset_mode value: 1
11-14 14:27:00.112 7240 7240 I flags_health_check: ServerConfigurableFlagsReset updatable crashing detected, resetting flags.
11-14 14:27:01.291 1655 1677 I pixel-thermal: neutral_therm:32.462 raw data: neutral_therm:32462
11-14 14:27:01.296 1655 1677 I pixel-thermal: cellular-emergency:33.8111 raw data: VIRTUAL-NEUTRAL:33443.9 VIRTUAL-NEUTRAL-SKIN2:33811.1 VIRTUAL-QUIET-NEUTRAL:33148 cellular-emergency:33811.1 disp_therm:31928 gnss_tcxo_therm:33108 neutral_therm:32462 quiet_therm:33442 skin_therm1:33620 skin_therm2:36959
11-14 14:27:01.296 1655 1677 I pixel-thermal: VIRTUAL-SKIN-CPU:33.8111 raw data: VIRTUAL-NEUTRAL:33443.9 VIRTUAL-NEUTRAL-SKIN2:33811.1 VIRTUAL-QUIET-NEUTRAL:33148 VIRTUAL-SKIN-CPU:33811.1
11-14 14:27:01.296 1655 1677 I pixel-thermal: VIRTUAL-SKIN:33.8111 raw data: VIRTUAL-NEUTRAL:33443.9 VIRTUAL-NEUTRAL-SKIN2:33811.1 VIRTUAL-QUIET-NEUTRAL:33148 VIRTUAL-SKIN:33811.1
11-14 14:27:01.296 1655 1677 I pixel-thermal: VIRTUAL-SKIN-CHARGE:33.8111 raw data: VIRTUAL-NEUTRAL:33443.9 VIRTUAL-NEUTRAL-SKIN2:33811.1 VIRTUAL-QUIET-NEUTRAL:33148 VIRTUAL-SKIN-CHARGE:33811.1
11-14 14:27:01.297 1655 1677 I pixel-thermal: VIRTUAL-SKIN-CPU-GPU:33.8111 raw data: VIRTUAL-NEUTRAL:33443.9 VIRTUAL-NEUTRAL-SKIN2:33811.1 VIRTUAL-QUIET-NEUTRAL:33148 VIRTUAL-SKIN-CPU-GPU:33811.1
11-14 14:27:01.297 1655 1677 I pixel-thermal: VIRTUAL-SKIN-HINT:33.8111 raw data: VIRTUAL-NEUTRAL:33443.9 VIRTUAL-NEUTRAL-SKIN2:33811.1 VIRTUAL-QUIET-NEUTRAL:33148 VIRTUAL-SKIN-HINT:33811.1
11-14 14:27:01.667 936 2866 I WifiHAL : Creating message to get link statistics; iface = 47
11-14 14:27:01.783 936 2866 I WifiHAL : In GetLinkStatsCommand::handleResponse
11-14 14:27:01.787 936 2866 E IPCThreadState: binder thread pool (1 threads) starved for 120 ms
11-14 14:27:01.830 1472 1871 D ConnectivityService: NetReassign [no changes] [c 1] [a 0] [i 3]
11-14 14:27:02.047 1472 4940 D ActivityManager: sync unfroze 6189 com.google.android.gms
11-14 14:27:02.053 6189 6189 D BoundBrokerSvc: onBind: Intent { act=com.google.android.gms.safetynet.service.START pkg=com.google.android.gms }
11-14 14:27:02.054 6189 6189 D BoundBrokerSvc: Loading bound service for intent: Intent { act=com.google.android.gms.safetynet.service.START pkg=com.google.android.gms }
11-14 14:27:05.121 7245 7245 I trusty_metricsd: starting trusty_metricsd
11-14 14:27:05.121 7245 7245 I trusty_metricsd: trusty dev: /dev/trusty-ipc-dev0
11-14 14:27:05.125 7245 7245 E libtrusty: tipc_connect: can't connect to tipc service "com.android.trusty.metrics" (err=107)
11-14 14:27:05.125 7245 7245 E trusty_metricsd: failed to open TrustyMetricsPixel: failed to connect to Trusty metrics TA: Transport endpoint is not connected
11-14 14:27:05.125 7245 7245 E trusty_metricsd: failed to open Trusty metrics client
11-14 14:27:05.159 7246 7246 I flags_health_check: ServerConfigurableFlagsReset reset_mode value: 1
11-14 14:27:05.159 7246 7246 I flags_health_check: ServerConfigurableFlagsReset updatable crashing detected, resetting flags.
11-14 14:27:05.863 1472 1807 D ActivityManager: freezing 19704 com.google.android.apps.turbo
11-14 14:27:07.833 936 2866 I WifiHAL : Creating message to get link statistics; iface = 47
11-14 14:27:07.894 936 2866 I WifiHAL : In GetLinkStatsCommand::handleResponse
11-14 14:27:07.951 1472 1871 D ConnectivityService: NetReassign [no changes] [c 1] [a 0] [i 4]
11-14 14:27:08.306 1655 1677 I pixel-thermal: neutral_therm:32.507 raw data: neutral_therm:32507
11-14 14:27:08.311 1655 1677 I pixel-thermal: cellular-emergency:33.8357 raw data: VIRTUAL-NEUTRAL:33496.1 VIRTUAL-NEUTRAL-SKIN2:33835.7 VIRTUAL-QUIET-NEUTRAL:33254.6 cellular-emergency:33835.7 disp_therm:32017 gnss_tcxo_therm:33197 neutral_therm:32507 quiet_therm:33575 skin_therm1:33686 skin_therm2:36936
11-14 14:27:08.311 1655 1677 I pixel-thermal: VIRTUAL-SKIN-CPU:33.8357 raw data: VIRTUAL-NEUTRAL:33496.1 VIRTUAL-NEUTRAL-SKIN2:33835.7 VIRTUAL-QUIET-NEUTRAL:33254.6 VIRTUAL-SKIN-CPU:33835.7
11-14 14:27:08.311 1655 1677 I pixel-thermal: VIRTUAL-SKIN:33.8357 raw data: VIRTUAL-NEUTRAL:33496.1 VIRTUAL-NEUTRAL-SKIN2:33835.7 VIRTUAL-QUIET-NEUTRAL:33254.6 VIRTUAL-SKIN:33835.7
11-14 14:27:08.311 1655 1677 I pixel-thermal: VIRTUAL-SKIN-CHARGE:33.8357 raw data: VIRTUAL-NEUTRAL:33496.1 VIRTUAL-NEUTRAL-SKIN2:33835.7 VIRTUAL-QUIET-NEUTRAL:33254.6 VIRTUAL-SKIN-CHARGE:33835.7
11-14 14:27:08.311 1655 1677 I pixel-thermal: VIRTUAL-SKIN-CPU-GPU:33.8357 raw data: VIRTUAL-NEUTRAL:33496.1 VIRTUAL-NEUTRAL-SKIN2:33835.7 VIRTUAL-QUIET-NEUTRAL:33254.6 VIRTUAL-SKIN-CPU-GPU:33835.7
11-14 14:27:08.312 1655 1677 I pixel-thermal: VIRTUAL-SKIN-HINT:33.8357 raw data: VIRTUAL-NEUTRAL:33496.1 VIRTUAL-NEUTRAL-SKIN2:33835.7 VIRTUAL-QUIET-NEUTRAL:33254.6 VIRTUAL-SKIN-HINT:33835.7
11-14 14:27:10.137 7252 7252 I trusty_metricsd: starting trusty_metricsd
11-14 14:27:10.137 7252 7252 I trusty_metricsd: trusty dev: /dev/trusty-ipc-dev0
11-14 14:27:10.142 7252 7252 E libtrusty: tipc_connect: can't connect to tipc service "com.android.trusty.metrics" (err=107)
11-14 14:27:10.142 7252 7252 E trusty_metricsd: failed to open TrustyMetricsPixel: failed to connect to Trusty metrics TA: Transport endpoint is not connected
11-14 14:27:10.142 7252 7252 E trusty_metricsd: failed to open Trusty metrics client
11-14 14:27:10.180 7253 7253 I flags_health_check: ServerConfigurableFlagsReset reset_mode value: 1
11-14 14:27:10.180 7253 7253 I flags_health_check: ServerConfigurableFlagsReset updatable crashing detected, resetting flags.
11-14 14:27:12.547 1942 1942 D DLObserver: onReceive(); android.intent.action.BATTERY_CHANGED
11-14 14:27:12.547 1942 1942 D DLObserver: plugged=2
11-14 14:27:12.548 1942 3404 D PowerUI : can't show warning due to - plugged: true status unknown: false
11-14 14:27:12.550 1942 1942 D PowerNotificationWarningsGoogleImpl: onReceive: android.intent.action.BATTERY_CHANGED
11-14 14:27:12.550 1942 1942 D BatteryDefenderNotification: isPlugged: true | isOverheated: false | defenderEnabled: false | isCharged: false | isPluggedInDock: false
11-14 14:27:12.550 1942 1942 D IncompatibleChargerNotification: dispatchIntent: android.intent.action.BATTERY_CHANGED
11-14 14:27:13.948 936 2866 I WifiHAL : Creating message to get link statistics; iface = 47
11-14 14:27:14.010 936 2866 I WifiHAL : In GetLinkStatsCommand::handleResponse
11-14 14:27:14.059 1472 1871 D ConnectivityService: NetReassign [no changes] [c 1] [a 0] [i 4]
11-14 14:27:15.150 7260 7260 I trusty_metricsd: starting trusty_metricsd
11-14 14:27:15.151 7260 7260 I trusty_metricsd: trusty dev: /dev/trusty-ipc-dev0
11-14 14:27:15.155 7260 7260 E libtrusty: tipc_connect: can't connect to tipc service "com.android.trusty.metrics" (err=107)
11-14 14:27:15.156 7260 7260 E trusty_metricsd: failed to open TrustyMetricsPixel: failed to connect to Trusty metrics TA: Transport endpoint is not connected
11-14 14:27:15.156 7260 7260 E trusty_metricsd: failed to open Trusty metrics client
11-14 14:27:15.190 7261 7261 I flags_health_check: ServerConfigurableFlagsReset reset_mode value: 1
11-14 14:27:15.191 7261 7261 I flags_health_check: ServerConfigurableFlagsReset updatable crashing detected, resetting flags.
11-14 14:27:15.321 1655 1677 I pixel-thermal: neutral_therm:32.529 raw data: neutral_therm:32529
11-14 14:27:15.326 1655 1677 I pixel-thermal: cellular-emergency:33.858 raw data: VIRTUAL-NEUTRAL:33516.3 VIRTUAL-NEUTRAL-SKIN2:33858 VIRTUAL-QUIET-NEUTRAL:33245.8 cellular-emergency:33858 disp_therm:32017 gnss_tcxo_therm:33219 neutral_therm:32529 quiet_therm:33553 skin_therm1:33709 skin_therm2:36959
11-14 14:27:15.327 1655 1677 I pixel-thermal: VIRTUAL-SKIN-CPU:33.858 raw data: VIRTUAL-NEUTRAL:33516.3 VIRTUAL-NEUTRAL-SKIN2:33858 VIRTUAL-QUIET-NEUTRAL:33245.8 VIRTUAL-SKIN-CPU:33858
11-14 14:27:15.327 1655 1677 I pixel-thermal: VIRTUAL-SKIN:33.858 raw data: VIRTUAL-NEUTRAL:33516.3 VIRTUAL-NEUTRAL-SKIN2:33858 VIRTUAL-QUIET-NEUTRAL:33245.8 VIRTUAL-SKIN:33858
11-14 14:27:15.327 1655 1677 I pixel-thermal: VIRTUAL-SKIN-CHARGE:33.858 raw data: VIRTUAL-NEUTRAL:33516.3 VIRTUAL-NEUTRAL-SKIN2:33858 VIRTUAL-QUIET-NEUTRAL:33245.8 VIRTUAL-SKIN-CHARGE:33858
11-14 14:27:15.327 1655 1677 I pixel-thermal: VIRTUAL-SKIN-CPU-GPU:33.858 raw data: VIRTUAL-NEUTRAL:33516.3 VIRTUAL-NEUTRAL-SKIN2:33858 VIRTUAL-QUIET-NEUTRAL:33245.8 VIRTUAL-SKIN-CPU-GPU:33858
11-14 14:27:15.327 1655 1677 I pixel-thermal: VIRTUAL-SKIN-HINT:33.858 raw data: VIRTUAL-NEUTRAL:33516.3 VIRTUAL-NEUTRAL-SKIN2:33858 VIRTUAL-QUIET-NEUTRAL:33245.8 VIRTUAL-SKIN-HINT:33858
11-14 14:27:17.094 6189 6189 D BoundBrokerSvc: onUnbind: Intent { act=com.google.android.gms.safetynet.service.START pkg=com.google.android.gms }
11-14 14:27:20.061 936 2866 I WifiHAL : Creating message to get link statistics; iface = 47
11-14 14:27:20.129 936 2866 I WifiHAL : In GetLinkStatsCommand::handleResponse
11-14 14:27:20.163 7267 7267 I trusty_metricsd: starting trusty_metricsd
11-14 14:27:20.164 7267 7267 I trusty_metricsd: trusty dev: /dev/trusty-ipc-dev0
11-14 14:27:20.167 7267 7267 E libtrusty: tipc_connect: can't connect to tipc service "com.android.trusty.metrics" (err=107)
11-14 14:27:20.167 7267 7267 E trusty_metricsd: failed to open TrustyMetricsPixel: failed to connect to Trusty metrics TA: Transport endpoint is not connected
11-14 14:27:20.167 7267 7267 E trusty_metricsd: failed to open Trusty metrics client
11-14 14:27:20.175 1472 1871 D ConnectivityService: NetReassign [no changes] [c 0] [a 0] [i 3]
11-14 14:27:20.205 7268 7268 I flags_health_check: ServerConfigurableFlagsReset reset_mode value: 1
11-14 14:27:20.205 7268 7268 I flags_health_check: ServerConfigurableFlagsReset updatable crashing detected, resetting flags.
11-14 14:27:21.317 1655 1677 I pixel-thermal: VIRTUAL-USB-UI:0 raw data: USB2-MINUS-CHG:-4830 VIRTUAL-USB-UI:0 charger_skin_therm:37782 usb_pwr_therm2:32952
11-14 14:27:21.321 1655 1677 I pixel-thermal: VIRTUAL-USB-THROTTLING:0 raw data: USB2-MINUS-CHG:-4830 VIRTUAL-USB-THROTTLING:0 usb_pwr_therm2:32952
11-14 14:27:22.327 1655 1677 I pixel-thermal: neutral_therm:32.573 raw data: neutral_therm:32573
11-14 14:27:22.332 1655 1677 I pixel-thermal: cellular-emergency:33.902 raw data: VIRTUAL-NEUTRAL:33549.3 VIRTUAL-NEUTRAL-SKIN2:33902 VIRTUAL-QUIET-NEUTRAL:33274.4 cellular-emergency:33902 disp_therm:32039 gnss_tcxo_therm:33241 neutral_therm:32573 quiet_therm:33575 skin_therm1:33731 skin_therm2:37003
11-14 14:27:22.332 1655 1677 I pixel-thermal: VIRTUAL-SKIN-CPU:33.902 raw data: VIRTUAL-NEUTRAL:33549.3 VIRTUAL-NEUTRAL-SKIN2:33902 VIRTUAL-QUIET-NEUTRAL:33274.4 VIRTUAL-SKIN-CPU:33902
11-14 14:27:22.332 1655 1677 I pixel-thermal: VIRTUAL-SKIN:33.902 raw data: VIRTUAL-NEUTRAL:33549.3 VIRTUAL-NEUTRAL-SKIN2:33902 VIRTUAL-QUIET-NEUTRAL:33274.4 VIRTUAL-SKIN:33902
11-14 14:27:22.332 1655 1677 I pixel-thermal: VIRTUAL-SKIN-CHARGE:33.902 raw data: VIRTUAL-NEUTRAL:33549.3 VIRTUAL-NEUTRAL-SKIN2:33902 VIRTUAL-QUIET-NEUTRAL:33274.4 VIRTUAL-SKIN-CHARGE:33902
11-14 14:27:22.332 1655 1677 I pixel-thermal: VIRTUAL-SKIN-CPU-GPU:33.902 raw data: VIRTUAL-NEUTRAL:33549.3 VIRTUAL-NEUTRAL-SKIN2:33902 VIRTUAL-QUIET-NEUTRAL:33274.4 VIRTUAL-SKIN-CPU-GPU:33902
11-14 14:27:22.333 1655 1677 I pixel-thermal: VIRTUAL-SKIN-HINT:33.902 raw data: VIRTUAL-NEUTRAL:33549.3 VIRTUAL-NEUTRAL-SKIN2:33902 VIRTUAL-QUIET-NEUTRAL:33274.4 VIRTUAL-SKIN-HINT:33902
11-14 14:27:25.178 7274 7274 I trusty_metricsd: starting trusty_metricsd
11-14 14:27:25.179 7274 7274 I trusty_metricsd: trusty dev: /dev/trusty-ipc-dev0
11-14 14:27:25.185 7274 7274 E libtrusty: tipc_connect: can't connect to tipc service "com.android.trusty.metrics" (err=107)
11-14 14:27:25.185 7274 7274 E trusty_metricsd: failed to open TrustyMetricsPixel: failed to connect to Trusty metrics TA: Transport endpoint is not connected
11-14 14:27:25.185 7274 7274 E trusty_metricsd: failed to open Trusty metrics client
11-14 14:27:25.221 7275 7275 I flags_health_check: ServerConfigurableFlagsReset reset_mode value: 1
11-14 14:27:25.221 7275 7275 I flags_health_check: ServerConfigurableFlagsReset updatable crashing detected, resetting flags.
11-14 14:27:26.180 936 2866 I WifiHAL : Creating message to get link statistics; iface = 47
11-14 14:27:26.241 936 2866 I WifiHAL : In GetLinkStatsCommand::handleResponse
11-14 14:27:26.293 1472 1871 D ConnectivityService: NetReassign [no changes] [c 1] [a 0] [i 4]
11-14 14:27:27.150 1472 1807 D ActivityManager: freezing 6189 com.google.android.gms
11-14 14:27:29.342 1655 1677 I pixel-thermal: neutral_therm:32.618 raw data: neutral_therm:32618
11-14 14:27:29.346 1655 1677 I pixel-thermal: cellular-emergency:33.9602 raw data: VIRTUAL-NEUTRAL:33609.7 VIRTUAL-NEUTRAL-SKIN2:33960.2 VIRTUAL-QUIET-NEUTRAL:33334.8 cellular-emergency:33960.2 disp_therm:32084 gnss_tcxo_therm:33330 neutral_therm:32618 quiet_therm:33642 skin_therm1:33776 skin_therm2:37092
11-14 14:27:29.346 1655 1677 I pixel-thermal: VIRTUAL-SKIN-CPU:33.9602 raw data: VIRTUAL-NEUTRAL:33609.7 VIRTUAL-NEUTRAL-SKIN2:33960.2 VIRTUAL-QUIET-NEUTRAL:33334.8 VIRTUAL-SKIN-CPU:33960.2
11-14 14:27:29.346 1655 1677 I pixel-thermal: VIRTUAL-SKIN:33.9602 raw data: VIRTUAL-NEUTRAL:33609.7 VIRTUAL-NEUTRAL-SKIN2:33960.2 VIRTUAL-QUIET-NEUTRAL:33334.8 VIRTUAL-SKIN:33960.2
11-14 14:27:29.347 1655 1677 I pixel-thermal: VIRTUAL-SKIN-CHARGE:33.9602 raw data: VIRTUAL-NEUTRAL:33609.7 VIRTUAL-NEUTRAL-SKIN2:33960.2 VIRTUAL-QUIET-NEUTRAL:33334.8 VIRTUAL-SKIN-CHARGE:33960.2
11-14 14:27:29.347 1655 1677 I pixel-thermal: VIRTUAL-SKIN-CPU-GPU:33.9602 raw data: VIRTUAL-NEUTRAL:33609.7 VIRTUAL-NEUTRAL-SKIN2:33960.2 VIRTUAL-QUIET-NEUTRAL:33334.8 VIRTUAL-SKIN-CPU-GPU:33960.2
11-14 14:27:29.347 1655 1677 I pixel-thermal: VIRTUAL-SKIN-HINT:33.9602 raw data: VIRTUAL-NEUTRAL:33609.7 VIRTUAL-NEUTRAL-SKIN2:33960.2 VIRTUAL-QUIET-NEUTRAL:33334.8 VIRTUAL-SKIN-HINT:33960.2
11-14 14:27:29.407 889 901 D ContextHubHal: Got message from nanoapp: ID 0x476f6f676c00100b
11-14 14:27:29.407 1128 1349 D CHRE : @ 1882392.858: Parsed nanoapp message from host: app ID 0x476f6f676c00100b endpoint 0x6a msgType 112 payload size 10
11-14 14:27:29.407 1128 1349 I CHRE : @ 1882392.859: [NanoMinion] received MSG Type 0x70, Version 1, 6 bytes
11-14 14:27:29.407 1128 1349 I CHRE : @ 1882392.859: [AR] request.query
11-14 14:27:29.407 1128 1349 I CHRE : @ 1882392.859: [NanoMinion] sent MSG Type 0x71, Version 0, 18 bytes, MessageId 8
11-14 14:27:29.407 1128 1349 I CHRE : @ 1882392.859: [AR] send response=0
11-14 14:27:29.407 1441 1450 I CapoDetector: handleNanoappMessage, Id 5147455389092024331, type 1025, size 26
11-14 14:27:29.410 889 901 D ContextHubHal: Got message from nanoapp: ID 0x476f6f676c00100b
11-14 14:27:29.410 1441 1450 I CapoDetector: handleNanoappMessage, Id 5147455389092024331, type 1025, size 28
11-14 14:27:29.410 1128 1349 D CHRE : @ 1882392.862: Parsed nanoapp message from host: app ID 0x476f6f676c00100b endpoint 0x6a msgType 112 payload size 10
11-14 14:27:29.410 1128 1349 I CHRE : @ 1882392.862: [NanoMinion] received MSG Type 0x70, Version 1, 6 bytes
11-14 14:27:29.410 1128 1349 I CHRE : @ 1882392.862: [AR] request.flush
11-14 14:27:29.410 1128 1349 I CHRE : @ 1882392.862: [AR] send to host, reason=3, sampleSize=0, transitionSize=0, lastAccelTime = 1881653405, lastAudioTime = 0
11-14 14:27:29.410 1128 1349 I CHRE : @ 1882392.862: [NanoMinion] sent MSG Type 0x72, Version 0, 20 bytes, MessageId 9
11-14 14:27:29.422 1472 4801 W AppOps : Noting op not finished: uid 10140 pkg com.google.android.gms code 79 startTime of in progress event=1699961662547
11-14 14:27:29.431 1472 4940 W AppOps : Noting op not finished: uid 10140 pkg com.google.android.gms code 113 startTime of in progress event=1699961662547
11-14 14:27:29.442 1472 4940 W AppOps : Noting op not finished: uid 10140 pkg com.google.android.gms code 113 startTime of in progress event=1699961662547
11-14 14:27:30.189 7284 7284 I trusty_metricsd: starting trusty_metricsd
11-14 14:27:30.189 7284 7284 I trusty_metricsd: trusty dev: /dev/trusty-ipc-dev0
11-14 14:27:30.196 7284 7284 E libtrusty: tipc_connect: can't connect to tipc service "com.android.trusty.metrics" (err=107)
11-14 14:27:30.196 7284 7284 E trusty_metricsd: failed to open TrustyMetricsPixel: failed to connect to Trusty metrics TA: Transport endpoint is not connected
11-14 14:27:30.196 7284 7284 E trusty_metricsd: failed to open Trusty metrics client
11-14 14:27:30.233 7285 7285 I flags_health_check: ServerConfigurableFlagsReset reset_mode value: 1
11-14 14:27:30.233 7285 7285 I flags_health_check: ServerConfigurableFlagsReset updatable crashing detected, resetting flags.
11-14 14:27:32.083 1472 4801 D ActivityManager: sync unfroze 6189 com.google.android.gms
11-14 14:27:32.086 6189 6189 D BoundBrokerSvc: onBind: Intent { act=com.google.android.gms.safetynet.service.START pkg=com.google.android.gms }
11-14 14:27:32.087 6189 6189 D BoundBrokerSvc: Loading bound service for intent: Intent { act=com.google.android.gms.safetynet.service.START pkg=com.google.android.gms }
11-14 14:27:32.293 936 2866 I WifiHAL : Creating message to get link statistics; iface = 47
11-14 14:27:32.364 936 2866 I WifiHAL : In GetLinkStatsCommand::handleResponse
11-14 14:27:32.413 1472 1871 D ConnectivityService: NetReassign [no changes] [c 1] [a 0] [i 3]
11-14 14:27:35.202 7290 7290 I trusty_metricsd: starting trusty_metricsd
11-14 14:27:35.203 7290 7290 I trusty_metricsd: trusty dev: /dev/trusty-ipc-dev0
11-14 14:27:35.207 7290 7290 E libtrusty: tipc_connect: can't connect to tipc service "com.android.trusty.metrics" (err=107)
11-14 14:27:35.207 7290 7290 E trusty_metricsd: failed to open TrustyMetricsPixel: failed to connect to Trusty metrics TA: Transport endpoint is not connected
11-14 14:27:35.207 7290 7290 E trusty_metricsd: failed to open Trusty metrics client
11-14 14:27:35.241 7291 7291 I flags_health_check: ServerConfigurableFlagsReset reset_mode value: 1
11-14 14:27:35.241 7291 7291 I flags_health_check: ServerConfigurableFlagsReset updatable crashing detected, resetting flags.
11-14 14:27:36.356 1655 1677 I pixel-thermal: neutral_therm:32.596 raw data: neutral_therm:32596
11-14 14:27:36.361 1655 1677 I pixel-thermal: cellular-emergency:33.9448 raw data: VIRTUAL-NEUTRAL:33613.1 VIRTUAL-NEUTRAL-SKIN2:33944.8 VIRTUAL-QUIET-NEUTRAL:33343.6 cellular-emergency:33944.8 disp_therm:32151 gnss_tcxo_therm:33330 neutral_therm:32596 quiet_therm:33664 skin_therm1:33798 skin_therm2:37092
11-14 14:27:36.361 1655 1677 I pixel-thermal: VIRTUAL-SKIN-CPU:33.9448 raw data: VIRTUAL-NEUTRAL:33613.1 VIRTUAL-NEUTRAL-SKIN2:33944.8 VIRTUAL-QUIET-NEUTRAL:33343.6 VIRTUAL-SKIN-CPU:33944.8
11-14 14:27:36.361 1655 1677 I pixel-thermal: VIRTUAL-SKIN:33.9448 raw data: VIRTUAL-NEUTRAL:33613.1 VIRTUAL-NEUTRAL-SKIN2:33944.8 VIRTUAL-QUIET-NEUTRAL:33343.6 VIRTUAL-SKIN:33944.8
11-14 14:27:36.361 1655 1677 I pixel-thermal: VIRTUAL-SKIN-CHARGE:33.9448 raw data: VIRTUAL-NEUTRAL:33613.1 VIRTUAL-NEUTRAL-SKIN2:33944.8 VIRTUAL-QUIET-NEUTRAL:33343.6 VIRTUAL-SKIN-CHARGE:33944.8
11-14 14:27:36.361 1655 1677 I pixel-thermal: VIRTUAL-SKIN-CPU-GPU:33.9448 raw data: VIRTUAL-NEUTRAL:33613.1 VIRTUAL-NEUTRAL-SKIN2:33944.8 VIRTUAL-QUIET-NEUTRAL:33343.6 VIRTUAL-SKIN-CPU-GPU:33944.8
11-14 14:27:36.362 1655 1677 I pixel-thermal: VIRTUAL-SKIN-HINT:33.9448 raw data: VIRTUAL-NEUTRAL:33613.1 VIRTUAL-NEUTRAL-SKIN2:33944.8 VIRTUAL-QUIET-NEUTRAL:33343.6 VIRTUAL-SKIN-HINT:33944.8
11-14 14:27:38.415 936 2866 I WifiHAL : Creating message to get link statistics; iface = 47
11-14 14:27:38.487 936 2866 I WifiHAL : In GetLinkStatsCommand::handleResponse
11-14 14:27:38.533 1472 1871 D ConnectivityService: NetReassign [no changes] [c 0] [a 1] [i 3]
11-14 14:27:40.219 7300 7300 I trusty_metricsd: starting trusty_metricsd
11-14 14:27:40.219 7300 7300 I trusty_metricsd: trusty dev: /dev/trusty-ipc-dev0
11-14 14:27:40.222 7300 7300 E libtrusty: tipc_connect: can't connect to tipc service "com.android.trusty.metrics" (err=107)
11-14 14:27:40.223 7300 7300 E trusty_metricsd: failed to open TrustyMetricsPixel: failed to connect to Trusty metrics TA: Transport endpoint is not connected
11-14 14:27:40.223 7300 7300 E trusty_metricsd: failed to open Trusty metrics client
11-14 14:27:40.262 7302 7302 I flags_health_check: ServerConfigurableFlagsReset reset_mode value: 1
11-14 14:27:40.262 7302 7302 I flags_health_check: ServerConfigurableFlagsReset updatable crashing detected, resetting flags.
11-14 14:27:43.016 1942 1942 D DLObserver: onReceive(); android.intent.action.BATTERY_CHANGED
11-14 14:27:43.016 1942 1942 D DLObserver: plugged=2
11-14 14:27:43.019 1472 1697 D ActivityManager: sync unfroze 19704 com.google.android.apps.turbo
11-14 14:27:43.020 1942 1942 D PowerNotificationWarningsGoogleImpl: onReceive: android.intent.action.BATTERY_CHANGED
11-14 14:27:43.020 1942 1942 D BatteryDefenderNotification: isPlugged: true | isOverheated: false | defenderEnabled: false | isCharged: false | isPluggedInDock: false
11-14 14:27:43.021 1942 1942 D IncompatibleChargerNotification: dispatchIntent: android.intent.action.BATTERY_CHANGED
11-14 14:27:43.023 1472 1697 D ActivityManager: sync unfroze 30461 com.android.settings
11-14 14:27:43.025 30461 30461 D BatteryUsageBroadcastReceiver: onReceive:android.intent.action.BATTERY_LEVEL_CHANGED
11-14 14:27:43.052 1942 3314 D PowerUI : can't show warning due to - plugged: true status unknown: false
11-14 14:27:43.054 1942 1981 D BatteryInfoBroadcast: onReceive: android.intent.action.BATTERY_CHANGED, saverMode: false, remainingTime: 399212544
11-14 14:27:43.062 1472 4940 D ActivityManager: sync unfroze 8423 com.google.android.turboadapter
11-14 14:27:43.065 1942 1942 D DLObserver: onReceive(); android.intent.action.BATTERY_CHANGED
11-14 14:27:43.065 1942 1942 D DLObserver: plugged=2
11-14 14:27:43.066 1942 2553 D PowerUI : can't show warning due to - plugged: true status unknown: false
11-14 14:27:43.066 1942 1942 D PowerNotificationWarningsGoogleImpl: onReceive: android.intent.action.BATTERY_CHANGED
11-14 14:27:43.066 1942 1942 D BatteryDefenderNotification: isPlugged: true | isOverheated: false | defenderEnabled: false | isCharged: false | isPluggedInDock: false
11-14 14:27:43.066 1942 1942 D IncompatibleChargerNotification: dispatchIntent: android.intent.action.BATTERY_CHANGED
11-14 14:27:43.372 1655 1677 I pixel-thermal: neutral_therm:32.64 raw data: neutral_therm:32640
11-14 14:27:43.377 1655 1677 I pixel-thermal: cellular-emergency:33.9822 raw data: VIRTUAL-NEUTRAL:33642.9 VIRTUAL-NEUTRAL-SKIN2:33982.2 VIRTUAL-QUIET-NEUTRAL:33388.3 cellular-emergency:33982.2 disp_therm:32128 gnss_tcxo_therm:33353 neutral_therm:32640 quiet_therm:33709 skin_therm1:33842 skin_therm2:37114
11-14 14:27:43.377 1655 1677 I pixel-thermal: VIRTUAL-SKIN-CPU:33.9822 raw data: VIRTUAL-NEUTRAL:33642.9 VIRTUAL-NEUTRAL-SKIN2:33982.2 VIRTUAL-QUIET-NEUTRAL:33388.3 VIRTUAL-SKIN-CPU:33982.2
11-14 14:27:43.377 1655 1677 I pixel-thermal: VIRTUAL-SKIN:33.9822 raw data: VIRTUAL-NEUTRAL:33642.9 VIRTUAL-NEUTRAL-SKIN2:33982.2 VIRTUAL-QUIET-NEUTRAL:33388.3 VIRTUAL-SKIN:33982.2
11-14 14:27:43.377 1655 1677 I pixel-thermal: VIRTUAL-SKIN-CHARGE:33.9822 raw data: VIRTUAL-NEUTRAL:33642.9 VIRTUAL-NEUTRAL-SKIN2:33982.2 VIRTUAL-QUIET-NEUTRAL:33388.3 VIRTUAL-SKIN-CHARGE:33982.2
11-14 14:27:43.377 1655 1677 I pixel-thermal: VIRTUAL-SKIN-CPU-GPU:33.9822 raw data: VIRTUAL-NEUTRAL:33642.9 VIRTUAL-NEUTRAL-SKIN2:33982.2 VIRTUAL-QUIET-NEUTRAL:33388.3 VIRTUAL-SKIN-CPU-GPU:33982.2
11-14 14:27:43.377 1655 1677 I pixel-thermal: VIRTUAL-SKIN-HINT:33.9822 raw data: VIRTUAL-NEUTRAL:33642.9 VIRTUAL-NEUTRAL-SKIN2:33982.2 VIRTUAL-QUIET-NEUTRAL:33388.3 VIRTUAL-SKIN-HINT:33982.2
11-14 14:27:44.534 936 2866 I WifiHAL : Creating message to get link statistics; iface = 47
11-14 14:27:44.598 936 2866 I WifiHAL : In GetLinkStatsCommand::handleResponse
11-14 14:27:44.649 1472 1871 D ConnectivityService: NetReassign [no changes] [c 1] [a 0] [i 4]
11-14 14:27:45.227 7317 7317 I trusty_metricsd: starting trusty_metricsd
11-14 14:27:45.227 7317 7317 I trusty_metricsd: trusty dev: /dev/trusty-ipc-dev0
11-14 14:27:45.234 7317 7317 E libtrusty: tipc_connect: can't connect to tipc service "com.android.trusty.metrics" (err=107)
11-14 14:27:45.234 7317 7317 E trusty_metricsd: failed to open TrustyMetricsPixel: failed to connect to Trusty metrics TA: Transport endpoint is not connected
11-14 14:27:45.234 7317 7317 E trusty_metricsd: failed to open Trusty metrics client
11-14 14:27:45.268 7318 7318 I flags_health_check: ServerConfigurableFlagsReset reset_mode value: 1
11-14 14:27:45.268 7318 7318 I flags_health_check: ServerConfigurableFlagsReset updatable crashing detected, resetting flags.
11-14 14:27:47.120 6189 6189 D BoundBrokerSvc: onUnbind: Intent { act=com.google.android.gms.safetynet.service.START pkg=com.google.android.gms }
11-14 14:27:48.951 28917 29001 I bbrb : getHotwordActive::active query: null, watch: false, devices connected: []
11-14 14:27:50.246 7324 7324 I trusty_metricsd: starting trusty_metricsd
11-14 14:27:50.246 7324 7324 I trusty_metricsd: trusty dev: /dev/trusty-ipc-dev0
11-14 14:27:50.251 7324 7324 E libtrusty: tipc_connect: can't connect to tipc service "com.android.trusty.metrics" (err=107)
11-14 14:27:50.251 7324 7324 E trusty_metricsd: failed to open TrustyMetricsPixel: failed to connect to Trusty metrics TA: Transport endpoint is not connected
11-14 14:27:50.251 7324 7324 E trusty_metricsd: failed to open Trusty metrics client
11-14 14:27:50.286 7335 7335 I flags_health_check: ServerConfigurableFlagsReset reset_mode value: 1
11-14 14:27:50.286 7335 7335 I flags_health_check: ServerConfigurableFlagsReset updatable crashing detected, resetting flags.
11-14 14:27:50.387 1655 1677 I pixel-thermal: neutral_therm:32.707 raw data: neutral_therm:32707
11-14 14:27:50.392 1655 1677 I pixel-thermal: cellular-emergency:34.0426 raw data: VIRTUAL-NEUTRAL:33684.4 VIRTUAL-NEUTRAL-SKIN2:34042.6 VIRTUAL-QUIET-NEUTRAL:33455.3 cellular-emergency:34042.6 disp_therm:32151 gnss_tcxo_therm:33375 neutral_therm:32707 quiet_therm:33776 skin_therm1:33865 skin_therm2:37159
11-14 14:27:50.392 1655 1677 I pixel-thermal: VIRTUAL-SKIN-CPU:34.0426 raw data: VIRTUAL-NEUTRAL:33684.4 VIRTUAL-NEUTRAL-SKIN2:34042.6 VIRTUAL-QUIET-NEUTRAL:33455.3 VIRTUAL-SKIN-CPU:34042.6
11-14 14:27:50.392 1655 1677 I pixel-thermal: VIRTUAL-SKIN:34.0426 raw data: VIRTUAL-NEUTRAL:33684.4 VIRTUAL-NEUTRAL-SKIN2:34042.6 VIRTUAL-QUIET-NEUTRAL:33455.3 VIRTUAL-SKIN:34042.6
11-14 14:27:50.392 1655 1677 I pixel-thermal: VIRTUAL-SKIN-CHARGE:34.0426 raw data: VIRTUAL-NEUTRAL:33684.4 VIRTUAL-NEUTRAL-SKIN2:34042.6 VIRTUAL-QUIET-NEUTRAL:33455.3 VIRTUAL-SKIN-CHARGE:34042.6
11-14 14:27:50.392 1655 1677 I pixel-thermal: VIRTUAL-SKIN-CPU-GPU:34.0426 raw data: VIRTUAL-NEUTRAL:33684.4 VIRTUAL-NEUTRAL-SKIN2:34042.6 VIRTUAL-QUIET-NEUTRAL:33455.3 VIRTUAL-SKIN-CPU-GPU:34042.6
11-14 14:27:50.392 1655 1677 I pixel-thermal: VIRTUAL-SKIN-HINT:34.0426 raw data: VIRTUAL-NEUTRAL:33684.4 VIRTUAL-NEUTRAL-SKIN2:34042.6 VIRTUAL-QUIET-NEUTRAL:33455.3 VIRTUAL-SKIN-HINT:34042.6
11-14 14:27:50.650 936 2866 I WifiHAL : Creating message to get link statistics; iface = 47
11-14 14:27:50.714 936 2866 I WifiHAL : In GetLinkStatsCommand::handleResponse
11-14 14:27:50.765 1472 1871 D ConnectivityService: NetReassign [no changes] [c 0] [a 1] [i 3]
11-14 14:27:53.085 1472 1807 D ActivityManager: freezing 30461 com.android.settings
11-14 14:27:53.091 1472 1807 D ActivityManager: freezing 8423 com.google.android.turboadapter
11-14 14:27:55.262 7347 7347 I trusty_metricsd: starting trusty_metricsd
11-14 14:27:55.262 7347 7347 I trusty_metricsd: trusty dev: /dev/trusty-ipc-dev0
11-14 14:27:55.269 7347 7347 E libtrusty: tipc_connect: can't connect to tipc service "com.android.trusty.metrics" (err=107)
11-14 14:27:55.269 7347 7347 E trusty_metricsd: failed to open TrustyMetricsPixel: failed to connect to Trusty metrics TA: Transport endpoint is not connected
11-14 14:27:55.269 7347 7347 E trusty_metricsd: failed to open Trusty metrics client
11-14 14:27:55.304 7348 7348 I flags_health_check: ServerConfigurableFlagsReset reset_mode value: 1
11-14 14:27:55.304 7348 7348 I flags_health_check: ServerConfigurableFlagsReset updatable crashing detected, resetting flags.
11-14 14:27:55.343 1942 1942 D DLObserver: onReceive(); android.intent.action.BATTERY_CHANGED
11-14 14:27:55.343 1942 1942 D DLObserver: plugged=2
11-14 14:27:55.344 1942 3354 D PowerUI : can't show warning due to - plugged: true status unknown: false
11-14 14:27:55.346 1942 1942 D PowerNotificationWarningsGoogleImpl: onReceive: android.intent.action.BATTERY_CHANGED
11-14 14:27:55.347 1942 1942 D BatteryDefenderNotification: isPlugged: true | isOverheated: false | defenderEnabled: false | isCharged: false | isPluggedInDock: false
11-14 14:27:55.347 1942 1942 D IncompatibleChargerNotification: dispatchIntent: android.intent.action.BATTERY_CHANGED
11-14 14:27:56.758 936 2866 I WifiHAL : Creating message to get link statistics; iface = 47
11-14 14:27:56.875 936 2866 I WifiHAL : In GetLinkStatsCommand::handleResponse
11-14 14:27:56.880 936 2866 E IPCThreadState: binder thread pool (1 threads) starved for 121 ms
11-14 14:27:56.920 1472 1871 D ConnectivityService: NetReassign [no changes] [c 0] [a 1] [i 3]
11-14 14:27:57.141 1472 1807 D ActivityManager: freezing 6189 com.google.android.gms
11-14 14:27:57.401 1655 1677 I pixel-thermal: neutral_therm:32.729 raw data: neutral_therm:32729
11-14 14:27:57.406 1655 1677 I pixel-thermal: cellular-emergency:34.0781 raw data: VIRTUAL-NEUTRAL:33724.1 VIRTUAL-NEUTRAL-SKIN2:34078.1 VIRTUAL-QUIET-NEUTRAL:33430.4 cellular-emergency:34078.1 disp_therm:32195 gnss_tcxo_therm:33397 neutral_therm:32729 quiet_therm:33731 skin_therm1:33931 skin_therm2:37226
11-14 14:27:57.406 1655 1677 I pixel-thermal: VIRTUAL-SKIN-CPU:34.0781 raw data: VIRTUAL-NEUTRAL:33724.1 VIRTUAL-NEUTRAL-SKIN2:34078.1 VIRTUAL-QUIET-NEUTRAL:33430.4 VIRTUAL-SKIN-CPU:34078.1
11-14 14:27:57.406 1655 1677 I pixel-thermal: VIRTUAL-SKIN:34.0781 raw data: VIRTUAL-NEUTRAL:33724.1 VIRTUAL-NEUTRAL-SKIN2:34078.1 VIRTUAL-QUIET-NEUTRAL:33430.4 VIRTUAL-SKIN:34078.1
11-14 14:27:57.406 1655 1677 I pixel-thermal: VIRTUAL-SKIN-CHARGE:34.0781 raw data: VIRTUAL-NEUTRAL:33724.1 VIRTUAL-NEUTRAL-SKIN2:34078.1 VIRTUAL-QUIET-NEUTRAL:33430.4 VIRTUAL-SKIN-CHARGE:34078.1
11-14 14:27:57.406 1655 1677 I pixel-thermal: VIRTUAL-SKIN-CPU-GPU:34.0781 raw data: VIRTUAL-NEUTRAL:33724.1 VIRTUAL-NEUTRAL-SKIN2:34078.1 VIRTUAL-QUIET-NEUTRAL:33430.4 VIRTUAL-SKIN-CPU-GPU:34078.1
11-14 14:27:57.407 1655 1677 I pixel-thermal: VIRTUAL-SKIN-HINT:34.0781 raw data: VIRTUAL-NEUTRAL:33724.1 VIRTUAL-NEUTRAL-SKIN2:34078.1 VIRTUAL-QUIET-NEUTRAL:33430.4 VIRTUAL-SKIN-HINT:34078.1
11-14 14:28:00.024 3715 3900 I AiAiEcho: Predicting[7]: { Feature:1, creation:2023-11-14T10:24:07Z, expiry:2023-11-14T11:00:00Z, isExpired: true}, { Feature:1, creation:2023-11-14T11:00:00Z, expiry:2023-11-14T12:00:00Z, isExpired: true}, { Feature:1, creation:2023-11-14T12:00:00Z, expiry:2023-11-14T13:00:00Z, isExpired: false}, { Feature:1, creation:2023-11-14T13:00:00Z, expiry:2023-11-14T14:00:00Z, isExpired: true}, { Feature:1, creation:2023-11-14T14:00:00Z, expiry:2023-11-14T15:00:00Z, isExpired: true}, { Feature:1, creation:2023-11-14T15:00:00Z, expiry:2023-11-14T16:00:00Z, isExpired: true}, { Feature:1, creation:2023-11-14T16:00:00Z, expiry:2023-11-14T16:24:07Z, isExpired: true}
11-14 14:28:00.026 3715 3900 I AiAiEcho: EchoTargets: Feature:1
11-14 14:28:00.026 3715 3900 I AiAiEcho: Filtered by AiAi flag check:
11-14 14:28:00.026 3715 3900 I AiAiEcho: Ranked targets strategy: WEIGHTED, count: 1, ranking metadata: { cardId: WEATHER-569377245, card type: 1, update time: 2023-11-14T12:00:00Z, expiration time: 2023-11-14T13:00:00Z, ranking metadata: RankingMetaData(urgency=0.591, priority=0.3, recency=1.0, rankScore=0.1773, importantTimePoints=# mta@7bca4) }
11-14 14:28:00.026 3715 3900 I AiAiEcho: #weatherTwiddler: Weather removes SubtitleSupplementalItem in surface: lockscreen
11-14 14:28:00.031 3715 3900 I AiAiEcho: #postPredictionTargets: Sending updates to UISurface lockscreen with targets# 1 (types=[1])
11-14 14:28:00.044 1942 1942 W PageIndicator: Total number of pages invalid: 0. Assuming 1 page.
11-14 14:28:00.279 7358 7358 I trusty_metricsd: starting trusty_metricsd
11-14 14:28:00.279 7358 7358 I trusty_metricsd: trusty dev: /dev/trusty-ipc-dev0
11-14 14:28:00.285 7358 7358 E libtrusty: tipc_connect: can't connect to tipc service "com.android.trusty.metrics" (err=107)
11-14 14:28:00.286 7358 7358 E trusty_metricsd: failed to open TrustyMetricsPixel: failed to connect to Trusty metrics TA: Transport endpoint is not connected
11-14 14:28:00.286 7358 7358 E trusty_metricsd: failed to open Trusty metrics client
11-14 14:28:00.322 7359 7359 I flags_health_check: ServerConfigurableFlagsReset reset_mode value: 1
11-14 14:28:00.322 7359 7359 I flags_health_check: ServerConfigurableFlagsReset updatable crashing detected, resetting flags.
11-14 14:28:02.114 1472 1986 D ActivityManager: sync unfroze 6189 com.google.android.gms
11-14 14:28:02.120 6189 6189 D BoundBrokerSvc: onBind: Intent { act=com.google.android.gms.safetynet.service.START pkg=com.google.android.gms }
11-14 14:28:02.120 6189 6189 D BoundBrokerSvc: Loading bound service for intent: Intent { act=com.google.android.gms.safetynet.service.START pkg=com.google.android.gms }
11-14 14:28:02.920 936 2866 I WifiHAL : Creating message to get link statistics; iface = 47
11-14 14:28:03.041 936 2866 I WifiHAL : In GetLinkStatsCommand::handleResponse
11-14 14:28:03.046 936 2866 E IPCThreadState: binder thread pool (1 threads) starved for 126 ms
11-14 14:28:03.089 1472 1871 D ConnectivityService: NetReassign [no changes] [c 1] [a 0] [i 3]
11-14 14:28:04.416 1655 1677 I pixel-thermal: neutral_therm:32.796 raw data: neutral_therm:32796
11-14 14:28:04.421 1655 1677 I pixel-thermal: cellular-emergency:34.125 raw data: VIRTUAL-NEUTRAL:33754.4 VIRTUAL-NEUTRAL-SKIN2:34125 VIRTUAL-QUIET-NEUTRAL:33528.2 cellular-emergency:34125 disp_therm:32217 gnss_tcxo_therm:33442 neutral_therm:32796 quiet_therm:33842 skin_therm1:33909 skin_therm2:37226
11-14 14:28:04.421 1655 1677 I pixel-thermal: VIRTUAL-SKIN-CPU:34.125 raw data: VIRTUAL-NEUTRAL:33754.4 VIRTUAL-NEUTRAL-SKIN2:34125 VIRTUAL-QUIET-NEUTRAL:33528.2 VIRTUAL-SKIN-CPU:34125
11-14 14:28:04.421 1655 1677 I pixel-thermal: VIRTUAL-SKIN:34.125 raw data: VIRTUAL-NEUTRAL:33754.4 VIRTUAL-NEUTRAL-SKIN2:34125 VIRTUAL-QUIET-NEUTRAL:33528.2 VIRTUAL-SKIN:34125
11-14 14:28:04.421 1655 1677 I pixel-thermal: VIRTUAL-SKIN-CHARGE:34.125 raw data: VIRTUAL-NEUTRAL:33754.4 VIRTUAL-NEUTRAL-SKIN2:34125 VIRTUAL-QUIET-NEUTRAL:33528.2 VIRTUAL-SKIN-CHARGE:34125
11-14 14:28:04.421 1655 1677 I pixel-thermal: VIRTUAL-SKIN-CPU-GPU:34.125 raw data: VIRTUAL-NEUTRAL:33754.4 VIRTUAL-NEUTRAL-SKIN2:34125 VIRTUAL-QUIET-NEUTRAL:33528.2 VIRTUAL-SKIN-CPU-GPU:34125
11-14 14:28:04.422 1655 1677 I pixel-thermal: VIRTUAL-SKIN-HINT:34.125 raw data: VIRTUAL-NEUTRAL:33754.4 VIRTUAL-NEUTRAL-SKIN2:34125 VIRTUAL-QUIET-NEUTRAL:33528.2 VIRTUAL-SKIN-HINT:34125
11-14 14:28:05.296 7364 7364 I trusty_metricsd: starting trusty_metricsd
11-14 14:28:05.296 7364 7364 I trusty_metricsd: trusty dev: /dev/trusty-ipc-dev0
11-14 14:28:05.300 7364 7364 E libtrusty: tipc_connect: can't connect to tipc service "com.android.trusty.metrics" (err=107)
11-14 14:28:05.300 7364 7364 E trusty_metricsd: failed to open TrustyMetricsPixel: failed to connect to Trusty metrics TA: Transport endpoint is not connected
11-14 14:28:05.300 7364 7364 E trusty_metricsd: failed to open Trusty metrics client
11-14 14:28:05.332 7366 7366 I flags_health_check: ServerConfigurableFlagsReset reset_mode value: 1
11-14 14:28:05.332 7366 7366 I flags_health_check: ServerConfigurableFlagsReset updatable crashing detected, resetting flags.
11-14 14:28:09.086 936 2866 I WifiHAL : Creating message to get link statistics; iface = 47
11-14 14:28:09.206 936 2866 I WifiHAL : In GetLinkStatsCommand::handleResponse
11-14 14:28:09.210 936 2866 E IPCThreadState: binder thread pool (1 threads) starved for 125 ms
11-14 14:28:09.253 1472 1871 D ConnectivityService: NetReassign [no changes] [c 1] [a 0] [i 4]
11-14 14:28:10.312 7373 7373 I trusty_metricsd: starting trusty_metricsd
11-14 14:28:10.312 7373 7373 I trusty_metricsd: trusty dev: /dev/trusty-ipc-dev0
11-14 14:28:10.317 7373 7373 E libtrusty: tipc_connect: can't connect to tipc service "com.android.trusty.metrics" (err=107)
11-14 14:28:10.317 7373 7373 E trusty_metricsd: failed to open TrustyMetricsPixel: failed to connect to Trusty metrics TA: Transport endpoint is not connected
11-14 14:28:10.317 7373 7373 E trusty_metricsd: failed to open Trusty metrics client
11-14 14:28:10.351 7374 7374 I flags_health_check: ServerConfigurableFlagsReset reset_mode value: 1
11-14 14:28:10.351 7374 7374 I flags_health_check: ServerConfigurableFlagsReset updatable crashing detected, resetting flags.
11-14 14:28:11.431 1655 1677 I pixel-thermal: neutral_therm:32.863 raw data: neutral_therm:32863
11-14 14:28:11.436 1655 1677 I pixel-thermal: cellular-emergency:34.1986 raw data: VIRTUAL-NEUTRAL:33837.8 VIRTUAL-NEUTRAL-SKIN2:34198.6 VIRTUAL-QUIET-NEUTRAL:33579.8 cellular-emergency:34198.6 disp_therm:32329 gnss_tcxo_therm:33508 neutral_therm:32863 quiet_therm:33887 skin_therm1:34020 skin_therm2:37315
