11-08 21:56:08.609 15079 15079 F DEBUG : #43 pc 00000000002ef9a4 /apex/com.android.art/lib64/libart.so (art_quick_invoke_stub+612) (BuildId: 795394ec989f53bb14e1be11d740f42d)
11-08 21:56:08.609 15079 15079 F DEBUG : #44 pc 000000000026ca00 /apex/com.android.art/lib64/libart.so (art::ArtMethod::Invoke(art::Thread*, unsigned int*, unsigned int, art::JValue*, char const*)+220) (BuildId: 795394ec989f53bb14e1be11d740f42d)
11-08 21:56:08.609 15079 15079 F DEBUG : #45 pc 00000000004a3524 /apex/com.android.art/lib64/libart.so (art::Thread::CreateCallback(void*)+1348) (BuildId: 795394ec989f53bb14e1be11d740f42d)
11-08 21:56:08.609 15079 15079 F DEBUG : #46 pc 00000000000c9a8c /apex/com.android.runtime/lib64/bionic/libc.so (__pthread_start(void*)+204) (BuildId: 615795acfdad572400ed7dc55b9bed59)
11-08 21:56:08.609 15079 15079 F DEBUG : #47 pc 000000000005d540 /apex/com.android.runtime/lib64/bionic/libc.so (__start_thread+64) (BuildId: 615795acfdad572400ed7dc55b9bed59)
11-09 08:49:51.983 19482 19524 F libc : Fatal signal 6 (SIGABRT), code -1 (SI_QUEUE) in tid 19524 (qtMainLoopThrea), pid 19482 (example.highdpi)
11-09 08:49:52.636 20276 20276 F DEBUG : *** *** *** *** *** *** *** *** *** *** *** *** *** *** *** ***
11-09 08:49:52.636 20276 20276 F DEBUG : Build fingerprint: 'google/bluejay_beta/bluejay:UpsideDownCake/UPB2.230407.019/10170211:user/release-keys'
11-09 08:49:52.636 20276 20276 F DEBUG : Revision: 'MP1.0'
11-09 08:49:52.636 20276 20276 F DEBUG : ABI: 'arm64'
11-09 08:49:52.636 20276 20276 F DEBUG : Timestamp: 2023-11-09 08:49:52.131474472+0200
11-09 08:49:52.636 20276 20276 F DEBUG : Process uptime: 421s
11-09 08:49:52.636 20276 20276 F DEBUG : Cmdline: org.qtproject.example.highdpi
11-09 08:49:52.636 20276 20276 F DEBUG : pid: 19482, tid: 19524, name: qtMainLoopThrea >>> org.qtproject.example.highdpi <<<
11-09 08:49:52.636 20276 20276 F DEBUG : uid: 10288
11-09 08:49:52.636 20276 20276 F DEBUG : tagged_addr_ctrl: 0000000000000001 (PR_TAGGED_ADDR_ENABLE)
11-09 08:49:52.636 20276 20276 F DEBUG : signal 6 (SIGABRT), code -1 (SI_QUEUE), fault addr --------
11-09 08:49:52.636 20276 20276 F DEBUG : Abort message: 'ASSERT: "window->backingStore()" in file /home/rami/dev/qt6-dev-20230814/qt6/qtbase/src/plugins/platforms/android/qandroidplatformscreen.cpp, line 175'
11-09 08:49:52.636 20276 20276 F DEBUG : x0 0000000000000000 x1 0000000000004c44 x2 0000000000000006 x3 0000006f3e56bee0
11-09 08:49:52.636 20276 20276 F DEBUG : x4 21282764716e7352 x5 21282764716e7352 x6 21282764716e7352 x7 7f7f7f7f7f7f7f7f
11-09 08:49:52.636 20276 20276 F DEBUG : x8 00000000000000f0 x9 000000725d851050 x10 0000000000000001 x11 000000725d89a5a0
11-09 08:49:52.636 20276 20276 F DEBUG : x12 0000000000001142 x13 0000000000000098 x14 0000006f3e56a6b0 x15 00001ff74ae7c2eb
11-09 08:49:52.636 20276 20276 F DEBUG : x16 000000725d906cf8 x17 000000725d8e3220 x18 0000006f3dcfa000 x19 0000000000004c1a
11-09 08:49:52.636 20276 20276 F DEBUG : x20 0000000000004c44 x21 00000000ffffffff x22 000000726982b360 x23 000000726982b360
11-09 08:49:52.636 20276 20276 F DEBUG : x24 0000006f3e56db80 x25 0000000000000000 x26 0000000000000071 x27 000000726982fe90
11-09 08:49:52.636 20276 20276 F DEBUG : x28 0000006f3e56da50 x29 0000006f3e56bf60
11-09 08:49:52.636 20276 20276 F DEBUG : lr 000000725d88abb8 sp 0000006f3e56bec0 pc 000000725d88abe4 pst 0000000000001000
11-09 08:49:52.636 20276 20276 F DEBUG : backtrace:
11-09 08:49:52.636 20276 20276 F DEBUG : #00 pc 000000000005bbe4 /apex/com.android.runtime/lib64/bionic/libc.so (abort+164) (BuildId: 615795acfdad572400ed7dc55b9bed59)
11-09 08:49:52.636 20276 20276 F DEBUG : #01 pc 00000000004b8228 /data/app/~~hvFyR4TjSsiasHSm5g1Uyw==/org.qtproject.example.highdpi-4nk3q_Byc3PBhKOd6QJVBw==/lib/arm64/libQt6Core_arm64-v8a.so (qAbort()+8) (BuildId: 1d70da51b35b5ad1ab7f31df77036d82396b47a3)
11-09 08:49:52.636 20276 20276 F DEBUG : #02 pc 00000000004c3630 /data/app/~~hvFyR4TjSsiasHSm5g1Uyw==/org.qtproject.example.highdpi-4nk3q_Byc3PBhKOd6QJVBw==/lib/arm64/libQt6Core_arm64-v8a.so (qt_message_fatal(QtMsgType, QMessageLogContext const&, QString const&)+24) (BuildId: 1d70da51b35b5ad1ab7f31df77036d82396b47a3)
11-09 08:49:52.636 20276 20276 F DEBUG : #03 pc 00000000004c563c /data/app/~~hvFyR4TjSsiasHSm5g1Uyw==/org.qtproject.example.highdpi-4nk3q_Byc3PBhKOd6QJVBw==/lib/arm64/libQt6Core_arm64-v8a.so (QMessageLogger::fatal(char const*, ...) const+280) (BuildId: 1d70da51b35b5ad1ab7f31df77036d82396b47a3)
11-09 08:49:52.636 20276 20276 F DEBUG : #04 pc 00000000004b6cd8 /data/app/~~hvFyR4TjSsiasHSm5g1Uyw==/org.qtproject.example.highdpi-4nk3q_Byc3PBhKOd6QJVBw==/lib/arm64/libQt6Core_arm64-v8a.so (qt_assert(char const*, char const*, int)+72) (BuildId: 1d70da51b35b5ad1ab7f31df77036d82396b47a3)
11-09 08:49:52.636 20276 20276 F DEBUG : #05 pc 0000000000107390 /data/app/~~hvFyR4TjSsiasHSm5g1Uyw==/org.qtproject.example.highdpi-4nk3q_Byc3PBhKOd6QJVBw==/lib/arm64/libplugins_platforms_qtforandroid_arm64-v8a.so (QAndroidPlatformScreen::addWindow(QAndroidPlatformWindow*)+80) (BuildId: 3d663bd2c1c061d2117afb24261f2296171cefcf)
11-09 08:49:52.636 20276 20276 F DEBUG : #06 pc 000000000012067c /data/app/~~hvFyR4TjSsiasHSm5g1Uyw==/org.qtproject.example.highdpi-4nk3q_Byc3PBhKOd6QJVBw==/lib/arm64/libplugins_platforms_qtforandroid_arm64-v8a.so (QAndroidPlatformWindow::setVisible(bool)+424) (BuildId: 3d663bd2c1c061d2117afb24261f2296171cefcf)
11-09 08:49:52.636 20276 20276 F DEBUG : #07 pc 00000000006e9b14 /data/app/~~hvFyR4TjSsiasHSm5g1Uyw==/org.qtproject.example.highdpi-4nk3q_Byc3PBhKOd6QJVBw==/lib/arm64/libQt6Gui_arm64-v8a.so (QWindowPrivate::setVisible(bool)+692) (BuildId: 04d1b87b6bd73a64b2f6b814a438a0fdb6076ebf)
11-09 08:49:52.636 20276 20276 F DEBUG : #08 pc 00000000006eb144 /data/app/~~hvFyR4TjSsiasHSm5g1Uyw==/org.qtproject.example.highdpi-4nk3q_Byc3PBhKOd6QJVBw==/lib/arm64/libQt6Gui_arm64-v8a.so (QWindow::setVisible(bool)+60) (BuildId: 04d1b87b6bd73a64b2f6b814a438a0fdb6076ebf)
11-09 08:49:52.636 20276 20276 F DEBUG : #09 pc 00000000006e6908 /data/app/~~hvFyR4TjSsiasHSm5g1Uyw==/org.qtproject.example.highdpi-4nk3q_Byc3PBhKOd6QJVBw==/lib/arm64/libQt6Quick_arm64-v8a.so (QQuickWindowQmlImpl::setVisible(bool)+148) (BuildId: 35b3bd8c30536c47eb4cf4241e1523193767b40d)
11-09 08:49:52.636 20276 20276 F DEBUG : #10 pc 00000000006e7540 /data/app/~~hvFyR4TjSsiasHSm5g1Uyw==/org.qtproject.example.highdpi-4nk3q_Byc3PBhKOd6QJVBw==/lib/arm64/libQt6Quick_arm64-v8a.so (QQuickWindowQmlImpl::setWindowVisibility()+1092) (BuildId: 35b3bd8c30536c47eb4cf4241e1523193767b40d)
11-09 08:49:52.636 20276 20276 F DEBUG : #11 pc 00000000006e6f40 /data/app/~~hvFyR4TjSsiasHSm5g1Uyw==/org.qtproject.example.highdpi-4nk3q_Byc3PBhKOd6QJVBw==/lib/arm64/libQt6Quick_arm64-v8a.so (QQuickWindowQmlImpl::componentComplete()+772) (BuildId: 35b3bd8c30536c47eb4cf4241e1523193767b40d)
11-09 08:49:52.636 20276 20276 F DEBUG : #12 pc 00000000009f4900 /data/app/~~hvFyR4TjSsiasHSm5g1Uyw==/org.qtproject.example.highdpi-4nk3q_Byc3PBhKOd6QJVBw==/lib/arm64/libQt6Qml_arm64-v8a.so (QQmlObjectCreator::finalize(QQmlInstantiationInterrupt&)+1344) (BuildId: 8056502e16bf238aa686c0d8ba84348005342418)
11-09 08:49:52.636 20276 20276 F DEBUG : #13 pc 000000000085a4d4 /data/app/~~hvFyR4TjSsiasHSm5g1Uyw==/org.qtproject.example.highdpi-4nk3q_Byc3PBhKOd6QJVBw==/lib/arm64/libQt6Qml_arm64-v8a.so (QQmlComponentPrivate::complete(QQmlEnginePrivate*, QQmlComponentPrivate::ConstructionState*)+72) (BuildId: 8056502e16bf238aa686c0d8ba84348005342418)
11-09 08:49:52.636 20276 20276 F DEBUG : #14 pc 0000000000858058 /data/app/~~hvFyR4TjSsiasHSm5g1Uyw==/org.qtproject.example.highdpi-4nk3q_Byc3PBhKOd6QJVBw==/lib/arm64/libQt6Qml_arm64-v8a.so (QQmlComponentPrivate::completeCreate()+400) (BuildId: 8056502e16bf238aa686c0d8ba84348005342418)
11-09 08:49:52.636 20276 20276 F DEBUG : #15 pc 000000000085cb14 /data/app/~~hvFyR4TjSsiasHSm5g1Uyw==/org.qtproject.example.highdpi-4nk3q_Byc3PBhKOd6QJVBw==/lib/arm64/libQt6Qml_arm64-v8a.so (QQmlComponent::completeCreate()+32) (BuildId: 8056502e16bf238aa686c0d8ba84348005342418)
11-09 08:49:52.636 20276 20276 F DEBUG : #16 pc 000000000085a30c /data/app/~~hvFyR4TjSsiasHSm5g1Uyw==/org.qtproject.example.highdpi-4nk3q_Byc3PBhKOd6QJVBw==/lib/arm64/libQt6Qml_arm64-v8a.so (QQmlComponentPrivate::createWithProperties(QObject*, QMap const&, QQmlContext*, QQmlComponentPrivate::CreateBehavior)+256) (BuildId: 8056502e16bf238aa686c0d8ba84348005342418)
11-09 08:49:52.636 20276 20276 F DEBUG : #17 pc 000000000085a1cc /data/app/~~hvFyR4TjSsiasHSm5g1Uyw==/org.qtproject.example.highdpi-4nk3q_Byc3PBhKOd6QJVBw==/lib/arm64/libQt6Qml_arm64-v8a.so (QQmlComponent::create(QQmlContext*)+100) (BuildId: 8056502e16bf238aa686c0d8ba84348005342418)
11-09 08:49:52.636 20276 20276 F DEBUG : #18 pc 00000000008200b8 /data/app/~~hvFyR4TjSsiasHSm5g1Uyw==/org.qtproject.example.highdpi-4nk3q_Byc3PBhKOd6QJVBw==/lib/arm64/libQt6Qml_arm64-v8a.so (QQmlApplicationEnginePrivate::finishLoad(QQmlComponent*)+348) (BuildId: 8056502e16bf238aa686c0d8ba84348005342418)
11-09 08:49:52.636 20276 20276 F DEBUG : #19 pc 000000000081fe00 /data/app/~~hvFyR4TjSsiasHSm5g1Uyw==/org.qtproject.example.highdpi-4nk3q_Byc3PBhKOd6QJVBw==/lib/arm64/libQt6Qml_arm64-v8a.so (QQmlApplicationEnginePrivate::ensureLoadingFinishes(QQmlComponent*)+76) (BuildId: 8056502e16bf238aa686c0d8ba84348005342418)
11-09 08:49:52.636 20276 20276 F DEBUG : #20 pc 000000000081fd84 /data/app/~~hvFyR4TjSsiasHSm5g1Uyw==/org.qtproject.example.highdpi-4nk3q_Byc3PBhKOd6QJVBw==/lib/arm64/libQt6Qml_arm64-v8a.so (QQmlApplicationEnginePrivate::startLoad(QUrl const&, QByteArray const&, bool)+552) (BuildId: 8056502e16bf238aa686c0d8ba84348005342418)
11-09 08:49:52.636 20276 20276 F DEBUG : #21 pc 0000000000820780 /data/app/~~hvFyR4TjSsiasHSm5g1Uyw==/org.qtproject.example.highdpi-4nk3q_Byc3PBhKOd6QJVBw==/lib/arm64/libQt6Qml_arm64-v8a.so (QQmlApplicationEngine::load(QUrl const&)+92) (BuildId: 8056502e16bf238aa686c0d8ba84348005342418)
11-09 08:49:52.636 20276 20276 F DEBUG : #22 pc 0000000000004ab4 /data/app/~~hvFyR4TjSsiasHSm5g1Uyw==/org.qtproject.example.highdpi-4nk3q_Byc3PBhKOd6QJVBw==/lib/arm64/libhighdpi_arm64-v8a.so (main+176) (BuildId: 2fd2e9219ff1d52bab12b41e64f85e20980ebdb7)
11-09 08:49:52.636 20276 20276 F DEBUG : #23 pc 00000000000a2e70 /data/app/~~hvFyR4TjSsiasHSm5g1Uyw==/org.qtproject.example.highdpi-4nk3q_Byc3PBhKOd6QJVBw==/lib/arm64/libplugins_platforms_qtforandroid_arm64-v8a.so (startQtApplication(_JNIEnv*, _jclass*)+604) (BuildId: 3d663bd2c1c061d2117afb24261f2296171cefcf)
11-09 08:49:52.636 20276 20276 F DEBUG : #24 pc 0000000000306430 /apex/com.android.art/lib64/libart.so (art_quick_generic_jni_trampoline+144) (BuildId: 795394ec989f53bb14e1be11d740f42d)
11-09 08:49:52.636 20276 20276 F DEBUG : #25 pc 00000000002efc80 /apex/com.android.art/lib64/libart.so (art_quick_invoke_static_stub+640) (BuildId: 795394ec989f53bb14e1be11d740f42d)
11-09 08:49:52.636 20276 20276 F DEBUG : #26 pc 00000000002db708 /apex/com.android.art/lib64/libart.so (bool art::interpreter::DoCall(art::ArtMethod*, art::Thread*, art::ShadowFrame&, art::Instruction const*, unsigned short, bool, art::JValue*)+1224) (BuildId: 795394ec989f53bb14e1be11d740f42d)
11-09 08:49:52.636 20276 20276 F DEBUG : #27 pc 000000000043ed68 /apex/com.android.art/lib64/libart.so (void art::interpreter::ExecuteSwitchImplCpp(art::interpreter::SwitchImplContext*)+828) (BuildId: 795394ec989f53bb14e1be11d740f42d)
11-09 08:49:52.636 20276 20276 F DEBUG : #28 pc 0000000000308bd8 /apex/com.android.art/lib64/libart.so (ExecuteSwitchImplAsm+8) (BuildId: 795394ec989f53bb14e1be11d740f42d)
11-09 08:49:52.636 20276 20276 F DEBUG : #29 pc 000000000009bb80 [anon:dalvik-classes.dex extracted in memory from /data/app/~~hvFyR4TjSsiasHSm5g1Uyw==/org.qtproject.example.highdpi-4nk3q_Byc3PBhKOd6QJVBw==/base.apk] (org.qtproject.qt.android.QtNative$7.run+0)
11-09 08:49:52.636 20276 20276 F DEBUG : #30 pc 00000000002dd208 /apex/com.android.art/lib64/libart.so (art::interpreter::Execute(art::Thread*, art::CodeItemDataAccessor const&, art::ShadowFrame&, art::JValue, bool, bool) (.__uniq.112435418011751916792819755956732575238.llvm.15355690473143037639)+476) (BuildId: 795394ec989f53bb14e1be11d740f42d)
11-09 08:49:52.636 20276 20276 F DEBUG : #31 pc 00000000002db570 /apex/com.android.art/lib64/libart.so (bool art::interpreter::DoCall(art::ArtMethod*, art::Thread*, art::ShadowFrame&, art::Instruction const*, unsigned short, bool, art::JValue*)+816) (BuildId: 795394ec989f53bb14e1be11d740f42d)
11-09 08:49:52.636 20276 20276 F DEBUG : #32 pc 000000000043ed68 /apex/com.android.art/lib64/libart.so (void art::interpreter::ExecuteSwitchImplCpp(art::interpreter::SwitchImplContext*)+828) (BuildId: 795394ec989f53bb14e1be11d740f42d)
11-09 08:49:52.636 20276 20276 F DEBUG : #33 pc 0000000000308bd8 /apex/com.android.art/lib64/libart.so (ExecuteSwitchImplAsm+8) (BuildId: 795394ec989f53bb14e1be11d740f42d)
11-09 08:49:52.636 20276 20276 F DEBUG : #34 pc 000000000009deac [anon:dalvik-classes.dex extracted in memory from /data/app/~~hvFyR4TjSsiasHSm5g1Uyw==/org.qtproject.example.highdpi-4nk3q_Byc3PBhKOd6QJVBw==/base.apk] (org.qtproject.qt.android.QtThread$1.run+0)
11-09 08:49:52.636 20276 20276 F DEBUG : #35 pc 00000000002dd208 /apex/com.android.art/lib64/libart.so (art::interpreter::Execute(art::Thread*, art::CodeItemDataAccessor const&, art::ShadowFrame&, art::JValue, bool, bool) (.__uniq.112435418011751916792819755956732575238.llvm.15355690473143037639)+476) (BuildId: 795394ec989f53bb14e1be11d740f42d)
11-09 08:49:52.636 20276 20276 F DEBUG : #36 pc 00000000002db570 /apex/com.android.art/lib64/libart.so (bool art::interpreter::DoCall(art::ArtMethod*, art::Thread*, art::ShadowFrame&, art::Instruction const*, unsigned short, bool, art::JValue*)+816) (BuildId: 795394ec989f53bb14e1be11d740f42d)
11-09 08:49:52.636 20276 20276 F DEBUG : #37 pc 000000000043ed68 /apex/com.android.art/lib64/libart.so (void art::interpreter::ExecuteSwitchImplCpp(art::interpreter::SwitchImplContext*)+828) (BuildId: 795394ec989f53bb14e1be11d740f42d)
11-09 08:49:52.636 20276 20276 F DEBUG : #38 pc 0000000000308bd8 /apex/com.android.art/lib64/libart.so (ExecuteSwitchImplAsm+8) (BuildId: 795394ec989f53bb14e1be11d740f42d)
11-09 08:49:52.636 20276 20276 F DEBUG : #39 pc 000000000010d6c8 /apex/com.android.art/javalib/core-oj.jar (java.lang.Thread.run+0)
11-09 08:49:52.636 20276 20276 F DEBUG : #40 pc 00000000002dd208 /apex/com.android.art/lib64/libart.so (art::interpreter::Execute(art::Thread*, art::CodeItemDataAccessor const&, art::ShadowFrame&, art::JValue, bool, bool) (.__uniq.112435418011751916792819755956732575238.llvm.15355690473143037639)+476) (BuildId: 795394ec989f53bb14e1be11d740f42d)
11-09 08:49:52.636 20276 20276 F DEBUG : #41 pc 00000000004ac2b4 /apex/com.android.art/lib64/libart.so (artQuickToInterpreterBridge+1056) (BuildId: 795394ec989f53bb14e1be11d740f42d)
11-09 08:49:52.636 20276 20276 F DEBUG : #42 pc 0000000000306568 /apex/com.android.art/lib64/libart.so (art_quick_to_interpreter_bridge+88) (BuildId: 795394ec989f53bb14e1be11d740f42d)
11-09 08:49:52.636 20276 20276 F DEBUG : #43 pc 00000000002ef9a4 /apex/com.android.art/lib64/libart.so (art_quick_invoke_stub+612) (BuildId: 795394ec989f53bb14e1be11d740f42d)
11-09 08:49:52.636 20276 20276 F DEBUG : #44 pc 000000000026ca00 /apex/com.android.art/lib64/libart.so (art::ArtMethod::Invoke(art::Thread*, unsigned int*, unsigned int, art::JValue*, char const*)+220) (BuildId: 795394ec989f53bb14e1be11d740f42d)
11-09 08:49:52.636 20276 20276 F DEBUG : #45 pc 00000000004a3524 /apex/com.android.art/lib64/libart.so (art::Thread::CreateCallback(void*)+1348) (BuildId: 795394ec989f53bb14e1be11d740f42d)
11-09 08:49:52.636 20276 20276 F DEBUG : #46 pc 00000000000c9a8c /apex/com.android.runtime/lib64/bionic/libc.so (__pthread_start(void*)+204) (BuildId: 615795acfdad572400ed7dc55b9bed59)
11-09 08:49:52.636 20276 20276 F DEBUG : #47 pc 000000000005d540 /apex/com.android.runtime/lib64/bionic/libc.so (__start_thread+64) (BuildId: 615795acfdad572400ed7dc55b9bed59)
11-09 23:40:19.826 28317 28317 E AndroidRuntime: FATAL EXCEPTION: main
11-09 23:40:19.826 28317 28317 E AndroidRuntime: Process: com.google.android.apps.messaging, PID: 28317
11-09 23:40:19.826 28317 28317 E AndroidRuntime: java.lang.RuntimeException: Unable to start service com.google.apps.tiktok.concurrent.InternalForegroundService@4a3e489 with Intent { cmp=com.google.android.apps.messaging/com.google.apps.tiktok.concurrent.InternalForegroundService (has extras) }: android.app.InvalidForegroundServiceTypeException: Starting FGS with type none callerApp=ProcessRecord{d821f4b 28317:com.google.android.apps.messaging/u0a135} targetSDK=34 has been prohibited
11-09 23:40:19.826 28317 28317 E AndroidRuntime: at android.app.ActivityThread.handleServiceArgs(ActivityThread.java:4837)
11-09 23:40:19.826 28317 28317 E AndroidRuntime: at android.app.ActivityThread.-$$Nest$mhandleServiceArgs(Unknown Source:0)
11-09 23:40:19.826 28317 28317 E AndroidRuntime: at android.app.ActivityThread$H.handleMessage(ActivityThread.java:2288)
11-09 23:40:19.826 28317 28317 E AndroidRuntime: at android.os.Handler.dispatchMessage(Handler.java:106)
11-09 23:40:19.826 28317 28317 E AndroidRuntime: at android.os.Looper.loopOnce(Looper.java:205)
11-09 23:40:19.826 28317 28317 E AndroidRuntime: at android.os.Looper.loop(Looper.java:294)
11-09 23:40:19.826 28317 28317 E AndroidRuntime: at android.app.ActivityThread.main(ActivityThread.java:8170)
11-09 23:40:19.826 28317 28317 E AndroidRuntime: at java.lang.reflect.Method.invoke(Native Method)
11-09 23:40:19.826 28317 28317 E AndroidRuntime: at com.android.internal.os.RuntimeInit$MethodAndArgsCaller.run(RuntimeInit.java:552)
11-09 23:40:19.826 28317 28317 E AndroidRuntime: at com.android.internal.os.ZygoteInit.main(ZygoteInit.java:971)
11-09 23:40:19.826 28317 28317 E AndroidRuntime: Caused by: android.app.InvalidForegroundServiceTypeException: Starting FGS with type none callerApp=ProcessRecord{d821f4b 28317:com.google.android.apps.messaging/u0a135} targetSDK=34 has been prohibited
11-09 23:40:19.826 28317 28317 E AndroidRuntime: at android.app.InvalidForegroundServiceTypeException$1.createFromParcel(InvalidForegroundServiceTypeException.java:53)
11-09 23:40:19.826 28317 28317 E AndroidRuntime: at android.app.InvalidForegroundServiceTypeException$1.createFromParcel(InvalidForegroundServiceTypeException.java:49)
11-09 23:40:19.826 28317 28317 E AndroidRuntime: at android.os.Parcel.readParcelableInternal(Parcel.java:4870)
11-09 23:40:19.826 28317 28317 E AndroidRuntime: at android.os.Parcel.readParcelable(Parcel.java:4852)
11-09 23:40:19.826 28317 28317 E AndroidRuntime: at android.os.Parcel.createExceptionOrNull(Parcel.java:3052)
11-09 23:40:19.826 28317 28317 E AndroidRuntime: at android.os.Parcel.createException(Parcel.java:3041)
11-09 23:40:19.826 28317 28317 E AndroidRuntime: at android.os.Parcel.readException(Parcel.java:3024)
11-09 23:40:19.826 28317 28317 E AndroidRuntime: at android.os.Parcel.readException(Parcel.java:2966)
11-09 23:40:19.826 28317 28317 E AndroidRuntime: at android.app.IActivityManager$Stub$Proxy.setServiceForeground(IActivityManager.java:6557)
11-09 23:40:19.826 28317 28317 E AndroidRuntime: at android.app.Service.startForeground(Service.java:862)
11-09 23:40:19.826 28317 28317 E AndroidRuntime: at cvmv.c(PG:4)
11-09 23:40:19.826 28317 28317 E AndroidRuntime: at cvly.onStartCommand(PG:11)
11-09 23:40:19.826 28317 28317 E AndroidRuntime: at android.app.ActivityThread.handleServiceArgs(ActivityThread.java:4819)
11-09 23:40:19.826 28317 28317 E AndroidRuntime: ... 9 more
11-11 16:28:18.748 14969 15083 E AndroidRuntime: FATAL EXCEPTION: ImplStager
11-11 16:28:18.748 14969 15083 E AndroidRuntime: Process: com.google.android.projection.gearhead:shared, PID: 14969
11-11 16:28:18.748 14969 15083 E AndroidRuntime: java.lang.SecurityException: Writable dex file '/data/user/0/com.google.android.projection.gearhead/app_impl/sdk_impl.jar' is not allowed.
11-11 16:28:18.748 14969 15083 E AndroidRuntime: at dalvik.system.DexFile.openDexFileNative(Native Method)
11-11 16:28:18.748 14969 15083 E AndroidRuntime: at dalvik.system.DexFile.openDexFile(DexFile.java:406)
11-11 16:28:18.748 14969 15083 E AndroidRuntime: at dalvik.system.DexFile.(DexFile.java:128)
11-11 16:28:18.748 14969 15083 E AndroidRuntime: at dalvik.system.DexFile.(DexFile.java:101)
11-11 16:28:18.748 14969 15083 E AndroidRuntime: at dalvik.system.DexPathList.loadDexFile(DexPathList.java:438)
11-11 16:28:18.748 14969 15083 E AndroidRuntime: at dalvik.system.DexPathList.makeDexElements(DexPathList.java:397)
11-11 16:28:18.748 14969 15083 E AndroidRuntime: at dalvik.system.DexPathList.(DexPathList.java:166)
11-11 16:28:18.748 14969 15083 E AndroidRuntime: at dalvik.system.BaseDexClassLoader.(BaseDexClassLoader.java:160)
11-11 16:28:18.748 14969 15083 E AndroidRuntime: at dalvik.system.BaseDexClassLoader.(BaseDexClassLoader.java:105)
11-11 16:28:18.748 14969 15083 E AndroidRuntime: at dalvik.system.DexClassLoader.(DexClassLoader.java:55)
11-11 16:28:18.748 14969 15083 E AndroidRuntime: at kop.c(SourceFile:39)
11-11 16:28:18.748 14969 15083 E AndroidRuntime: at kvt.run(SourceFile:3)
11-11 16:29:32.595 15469 15907 E AndroidRuntime: FATAL EXCEPTION: ImplStager
11-11 16:29:32.595 15469 15907 E AndroidRuntime: Process: com.google.android.projection.gearhead:shared, PID: 15469
11-11 16:29:32.595 15469 15907 E AndroidRuntime: java.lang.SecurityException: Writable dex file '/data/user/0/com.google.android.projection.gearhead/app_impl/sdk_impl.jar' is not allowed.
11-11 16:29:32.595 15469 15907 E AndroidRuntime: at dalvik.system.DexFile.openDexFileNative(Native Method)
11-11 16:29:32.595 15469 15907 E AndroidRuntime: at dalvik.system.DexFile.openDexFile(DexFile.java:406)
11-11 16:29:32.595 15469 15907 E AndroidRuntime: at dalvik.system.DexFile.(DexFile.java:128)
11-11 16:29:32.595 15469 15907 E AndroidRuntime: at dalvik.system.DexFile.(DexFile.java:101)
11-11 16:29:32.595 15469 15907 E AndroidRuntime: at dalvik.system.DexPathList.loadDexFile(DexPathList.java:438)
11-11 16:29:32.595 15469 15907 E AndroidRuntime: at dalvik.system.DexPathList.makeDexElements(DexPathList.java:397)
11-11 16:29:32.595 15469 15907 E AndroidRuntime: at dalvik.system.DexPathList.(DexPathList.java:166)
11-11 16:29:32.595 15469 15907 E AndroidRuntime: at dalvik.system.BaseDexClassLoader.(BaseDexClassLoader.java:160)
11-11 16:29:32.595 15469 15907 E AndroidRuntime: at dalvik.system.BaseDexClassLoader.(BaseDexClassLoader.java:105)
11-11 16:29:32.595 15469 15907 E AndroidRuntime: at dalvik.system.DexClassLoader.(DexClassLoader.java:55)
11-11 16:29:32.595 15469 15907 E AndroidRuntime: at kop.c(SourceFile:39)
11-11 16:29:32.595 15469 15907 E AndroidRuntime: at kvt.run(SourceFile:3)
11-12 10:30:39.783 18691 20507 E AndroidRuntime: FATAL EXCEPTION: ImplStager
11-12 10:30:39.783 18691 20507 E AndroidRuntime: Process: com.google.android.projection.gearhead:shared, PID: 18691
11-12 10:30:39.783 18691 20507 E AndroidRuntime: java.lang.SecurityException: Writable dex file '/data/user/0/com.google.android.projection.gearhead/app_impl/sdk_impl.jar' is not allowed.
11-12 10:30:39.783 18691 20507 E AndroidRuntime: at dalvik.system.DexFile.openDexFileNative(Native Method)
11-12 10:30:39.783 18691 20507 E AndroidRuntime: at dalvik.system.DexFile.openDexFile(DexFile.java:406)
11-12 10:30:39.783 18691 20507 E AndroidRuntime: at dalvik.system.DexFile.(DexFile.java:128)
11-12 10:30:39.783 18691 20507 E AndroidRuntime: at dalvik.system.DexFile.(DexFile.java:101)
11-12 10:30:39.783 18691 20507 E AndroidRuntime: at dalvik.system.DexPathList.loadDexFile(DexPathList.java:438)
11-12 10:30:39.783 18691 20507 E AndroidRuntime: at dalvik.system.DexPathList.makeDexElements(DexPathList.java:397)
11-12 10:30:39.783 18691 20507 E AndroidRuntime: at dalvik.system.DexPathList.(DexPathList.java:166)
11-12 10:30:39.783 18691 20507 E AndroidRuntime: at dalvik.system.BaseDexClassLoader.(BaseDexClassLoader.java:160)
11-12 10:30:39.783 18691 20507 E AndroidRuntime: at dalvik.system.BaseDexClassLoader.(BaseDexClassLoader.java:105)
11-12 10:30:39.783 18691 20507 E AndroidRuntime: at dalvik.system.DexClassLoader.(DexClassLoader.java:55)
11-12 10:30:39.783 18691 20507 E AndroidRuntime: at kop.c(SourceFile:39)
11-12 10:30:39.783 18691 20507 E AndroidRuntime: at kvt.run(SourceFile:3) --------- beginning of system
11-12 10:30:49.424 1472 1807 D ActivityManager: freezing 6472 com.google.android.odad
11-12 10:30:49.426 1472 1807 D ActivityManager: freezing 9105 com.google.android.youtube
11-12 10:30:49.428 1472 1807 D ActivityManager: freezing 13752 com.google.android.videos
11-12 10:30:49.430 1472 1807 D ActivityManager: freezing 28565 com.google.android.gms.feedback
11-12 10:30:49.431 1472 1807 D ActivityManager: freezing 10221 com.google.android.gms:snet
11-12 10:30:49.432 1472 1807 D ActivityManager: freezing 14998 com.google.android.projection.gearhead:car
11-12 10:30:49.433 1472 1807 D ActivityManager: freezing 15281 com.google.android.apps.maps
11-12 10:30:49.435 1472 1807 D ActivityManager: freezing 4760 com.google.android.apps.wallpaper
11-12 10:30:49.437 1472 1807 D ActivityManager: freezing 10000 com.google.android.apps.turbo:ssb
11-12 10:30:49.437 1472 1807 D ActivityManager: freezing 9086 com.google.android.apps.docs
11-12 10:30:49.439 1472 1807 D ActivityManager: freezing 15854 com.google.android.contacts
11-12 10:30:49.440 1472 1807 D ActivityManager: freezing 3415 com.google.android.gm
11-12 10:30:49.442 1472 1807 D ActivityManager: freezing 28551 com.google.android.gms.ui
11-12 10:30:49.444 1472 1807 D ActivityManager: freezing 2609 com.google.android.cellbroadcastreceiver
11-12 10:30:49.445 1472 1807 D ActivityManager: freezing 16993 com.google.android.calendar
11-12 10:30:49.447 1472 1807 D ActivityManager: freezing 6263 com.google.android.rkpdapp
11-12 10:30:49.448 1472 1807 D ActivityManager: freezing 4624 android.process.media
11-12 10:30:49.449 1472 1807 D ActivityManager: freezing 8918 com.google.android.apps.photos
11-12 10:30:49.451 1472 1807 D ActivityManager: freezing 18481 com.google.android.setupwizard
11-12 10:30:49.451 1472 1807 D ActivityManager: freezing 18570 com.google.android.soundpicker
11-12 10:30:49.452 1472 1807 D ActivityManager: freezing 18234 com.google.android.webview
11-12 10:30:49.453 1472 1807 D ActivityManager: freezing 18781 com.google.android.apps.nbu.files
11-12 10:30:49.456 1472 1807 D ActivityManager: freezing 18802 com.google.android.apps.healthdata
11-12 10:30:49.457 1472 1807 D ActivityManager: freezing 18837 com.google.android.dialer
11-12 10:30:49.458 1472 1807 D ActivityManager: freezing 2724 com.google.android.googlequicksearchbox:train
11-12 10:30:49.460 1472 1807 D ActivityManager: freezing 1220 com.google.android.apps.carrier.log
11-12 10:30:49.461 1472 1807 D ActivityManager: freezing 7778 com.google.RilConfigService
11-12 10:30:49.462 1472 1807 D ActivityManager: freezing 19396 com.android.vending:quick_launch
11-12 10:30:49.463 1472 1807 D ActivityManager: freezing 2098 com.google.android.permissioncontroller
11-12 10:30:49.465 1472 1807 D ActivityManager: freezing 10682 com.google.android.euicc
11-12 10:30:49.466 1472 1807 D ActivityManager: freezing 5139 com.android.providers.calendar
11-12 10:30:49.467 1472 1807 D ActivityManager: freezing 8423 com.google.android.turboadapter
11-12 10:30:49.468 1472 1807 D ActivityManager: freezing 16945 com.google.android.apps.turbo:aab
11-12 10:30:49.469 1472 1807 D ActivityManager: freezing 31669 org.qtproject.example.deleteme
11-12 10:30:49.775 1472 1807 D ActivityManager: freezing 3999 com.android.keychain
11-12 10:30:49.776 1472 1807 D ActivityManager: freezing 6647 com.google.android.configupdater
11-12 10:30:49.777 1472 1807 D ActivityManager: freezing 7681 com.google.android.apps.work.oobconfig
11-12 10:30:49.812 1472 1807 D ActivityManager: freezing 18456 com.google.android.apps.restore
11-12 10:30:49.871 1472 1807 D ActivityManager: freezing 15085 com.google.android.projection.gearhead:primes_lifeboat
11-12 10:30:49.939 1472 1807 D ActivityManager: freezing 9135 com.google.android.apps.carrier.carrierwifi
11-12 10:30:49.956 1472 1807 D ActivityManager: freezing 18747 com.google.audio.hearing.visualization.accessibility.scribe
11-12 10:30:50.004 1472 1807 D ActivityManager: freezing 17097 com.google.android.partnersetup
11-12 10:30:50.188 1472 1807 D ActivityManager: freezing 11615 com.google.android.tts
11-12 10:30:50.288 1472 1807 D ActivityManager: freezing 12046 com.google.android.apps.safetyhub
11-12 10:30:50.331 1472 1472 I ContentCaptureManagerService: Content capture data sharing session terminated successfully for package 'com.google.android.googlequicksearchbox'
11-12 10:30:50.559 1472 1697 D ActivityManager: sync unfroze 2724 com.google.android.googlequicksearchbox:train
11-12 10:30:50.695 1472 1807 D ActivityManager: freezing 12068 com.google.android.apps.gcs
11-12 10:30:50.976 1472 1807 D ActivityManager: freezing 12137 com.google.android.apps.betterbug
11-12 10:30:51.141 1472 1807 D ActivityManager: freezing 12364 com.google.android.settings.intelligence
11-12 10:30:51.145 1472 1807 D ActivityManager: freezing 30461 com.android.settings
11-12 10:30:51.305 595 20584 I keystore2: system/security/keystore2/src/watchdog.rs:319 - Watchdog thread idle -> terminating. Have a great day.
11-12 10:30:54.199 1472 1807 D ActivityManager: freezing 12154 com.google.android.apps.wellbeing
11-12 10:30:54.203 1472 1807 D ActivityManager: freezing 29482 com.google.android.deskclock
11-12 10:30:56.556 1472 1807 D ActivityManager: freezing 18500 com.google.android.apps.youtube.music
11-12 10:31:00.268 1472 1807 D ActivityManager: freezing 19250 com.android.vending:instant_app_installer
11-12 10:31:00.498 1472 1721 D ActivityManager: sync unfroze 19250 com.android.vending:instant_app_installer
11-12 10:31:00.499 1472 1721 D ActivityManager: sync unfroze 19396 com.android.vending:quick_launch
11-12 10:31:00.504 1472 1721 I PackageManager: Integrity check passed for file:///data/app/vmdl1134720351.tmp
11-12 10:31:00.537 1472 1721 I PackageManager: Continuing with installation of file:///data/app/vmdl1134720351.tmp
11-12 10:31:00.559 1472 1807 D ActivityManager: freezing 2724 com.google.android.googlequicksearchbox:train
11-12 10:31:00.571 1472 1721 W PackageParsing: No actions in intent-filter at /data/app/vmdl1134720351.tmp/base.apk Binary XML file line #1050
11-12 10:31:00.591 1472 1697 I ActivityManager: Force stopping com.google.android.calendar appid=10173 user=-1: installPackageLI
11-12 10:31:00.592 1472 1697 I ActivityManager: Killing 16993:com.google.android.calendar/u0a173 (adj 945): stop com.google.android.calendar due to installPackageLI
11-12 10:31:00.594 1472 1686 D DisplayManagerService: Drop pending events for gone uid 10173
11-12 10:31:00.595 1472 1721 I PackageManager: Update system package com.google.android.calendar code path from /data/app/~~p1Qd4VXximiab_PuWnEBiw==/com.google.android.calendar-DWCfYyTXBouVtS3tzOvBvw== to /data/app/~~-QVqkkTq9MJw7uC4GMHD6A==/com.google.android.calendar-wXAaMJ8OEDW9LUMpKleznQ==; Retain data and using new
11-12 10:31:00.596 1472 1721 I AppsFilter: interaction: PackageSetting{a971eec org.qtproject.example.qmlchart/10248} -> PackageSetting{6dbdd1b com.google.android.calendar/10173} BLOCKED
11-12 10:31:00.596 1472 1721 I AppsFilter: interaction: PackageSetting{c7356c0 org.qtproject.example.vulkanunderqml/10267} -> PackageSetting{6dbdd1b com.google.android.calendar/10173} BLOCKED
11-12 10:31:00.596 1472 1721 I AppsFilter: interaction: PackageSetting{473e1f2 com.qt.finweather/10286} -> PackageSetting{6dbdd1b com.google.android.calendar/10173} BLOCKED
11-12 10:31:00.596 1472 1721 I AppsFilter: interaction: PackageSetting{b6720a7 org.qtproject.example.appQTBUG_38700_example/10269} -> PackageSetting{6dbdd1b com.google.android.calendar/10173} BLOCKED
11-12 10:31:00.596 1472 1721 I AppsFilter: interaction: PackageSetting{e968aaf org.qtproject.example.minimal_qml/10262} -> PackageSetting{6dbdd1b com.google.android.calendar/10173} BLOCKED
11-12 10:31:00.596 1472 1721 I AppsFilter: interaction: PackageSetting{d5ddbb7 org.qtproject.example.qmloscilloscope/10255} -> PackageSetting{6dbdd1b com.google.android.calendar/10173} BLOCKED
11-12 10:31:00.596 1472 1721 I AppsFilter: interaction: PackageSetting{1bb2e8f org.qtproject.example.calqlatrexample/10266} -> PackageSetting{6dbdd1b com.google.android.calendar/10173} BLOCKED
11-12 10:31:00.596 1472 1721 I AppsFilter: interaction: PackageSetting{6b2f6e1 org.qtproject.example.appqt66beta1androidquickexample/10256} -> PackageSetting{6dbdd1b com.google.android.calendar/10173} BLOCKED
11-12 10:31:00.596 1472 1721 I AppsFilter: interaction: PackageSetting{5cde19a org.qtproject.example.coffee/10279} -> PackageSetting{6dbdd1b com.google.android.calendar/10173} BLOCKED
11-12 10:31:00.596 1472 1721 I AppsFilter: interaction: PackageSetting{681d2eb org.qtproject.example.contactlist/10252} -> PackageSetting{6dbdd1b com.google.android.calendar/10173} BLOCKED
11-12 10:31:00.596 1472 1721 I AppsFilter: interaction: PackageSetting{2c049b9 org.qtproject.example.appmuu/10287} -> PackageSetting{6dbdd1b com.google.android.calendar/10173} BLOCKED
11-12 10:31:00.596 1472 1721 I AppsFilter: interaction: PackageSetting{4264ce2 org.qtproject.example.qtbug98766_compat/10289} -> PackageSetting{6dbdd1b com.google.android.calendar/10173} BLOCKED
11-12 10:31:00.596 1472 1721 I AppsFilter: interaction: PackageSetting{e48a5d7 org.qtproject.example.galleryexample/10265} -> PackageSetting{6dbdd1b com.google.android.calendar/10173} BLOCKED
11-12 10:31:00.596 1472 1721 I AppsFilter: interaction: PackageSetting{32cb918 org.qtproject.example.objectlistmodelexample/10263} -> PackageSetting{6dbdd1b com.google.android.calendar/10173} BLOCKED
11-12 10:31:00.596 1472 1721 I AppsFilter: interaction: PackageSetting{54ce4c9 org.qtproject.example.testFont/10270} -> PackageSetting{6dbdd1b com.google.android.calendar/10173} BLOCKED
11-12 10:31:00.596 1472 1721 I AppsFilter: interaction: PackageSetting{d136cd0 org.qtproject.example.widgetdeom/10259} -> PackageSetting{6dbdd1b com.google.android.calendar/10173} BLOCKED
11-12 10:31:00.596 1472 1721 I AppsFilter: interaction: PackageSetting{88b8d1b org.qtproject.example.declarative_camera/10253} -> PackageSetting{6dbdd1b com.google.android.calendar/10173} BLOCKED
11-12 10:31:00.596 1472 1721 I AppsFilter: interaction: PackageSetting{246c121 com.test.ouluweather/10268} -> PackageSetting{6dbdd1b com.google.android.calendar/10173} BLOCKED
11-12 10:31:00.596 1472 1721 I AppsFilter: interaction: PackageSetting{5638a6e com.google.android.microdroid.empty_payload/10246} -> PackageSetting{6dbdd1b com.google.android.calendar/10173} BLOCKED
11-12 10:31:00.596 1472 1721 I AppsFilter: interaction: PackageSetting{b8bf670 org.qtproject.example.calendarwidget/10278} -> PackageSetting{6dbdd1b com.google.android.calendar/10173} BLOCKED
11-12 10:31:00.596 1472 1721 I AppsFilter: interaction: PackageSetting{e574d7d org.qtproject.example.QTBUG97503/10284} -> PackageSetting{6dbdd1b com.google.android.calendar/10173} BLOCKED
11-12 10:31:00.596 1472 1721 I AppsFilter: interaction: PackageSetting{59c4cd3 org.qtproject.example.unicode_bug/10280} -> PackageSetting{6dbdd1b com.google.android.calendar/10173} BLOCKED
11-12 10:31:00.596 1472 1721 I AppsFilter: interaction: PackageSetting{277dda4 com.example.qtbug/10276} -> PackageSetting{6dbdd1b com.google.android.calendar/10173} BLOCKED
11-12 10:31:00.596 1472 1721 I AppsFilter: interaction: PackageSetting{607ced1 org.qtproject.example.implicit_height/10275} -> PackageSetting{6dbdd1b com.google.android.calendar/10173} BLOCKED
11-12 10:31:00.596 1472 1721 I AppsFilter: interaction: PackageSetting{a26c3f org.qtproject.example.simplemqttclient/10254} -> PackageSetting{6dbdd1b com.google.android.calendar/10173} BLOCKED
11-12 10:31:00.597 1472 1721 I AppsFilter: interaction: PackageSetting{171305e org.qtproject.example.qtbug90324/10271} -> PackageSetting{6dbdd1b com.google.android.calendar/10173} BLOCKED
11-12 10:31:00.597 1472 1721 I AppsFilter: interaction: PackageSetting{739d6f org.qtproject.example.qtbug87334/10247} -> PackageSetting{6dbdd1b com.google.android.calendar/10173} BLOCKED
11-12 10:31:00.597 1472 1721 I AppsFilter: interaction: PackageSetting{d740599 org.qtproject.example.qtbug40728/10273} -> PackageSetting{6dbdd1b com.google.android.calendar/10173} BLOCKED
11-12 10:31:00.597 1472 1721 I AppsFilter: interaction: PackageSetting{89b3c9d org.qtproject.example.Android_keyboard_cover/10283} -> PackageSetting{6dbdd1b com.google.android.calendar/10173} BLOCKED
11-12 10:31:00.597 1472 1721 I AppsFilter: interaction: PackageSetting{fde6ec8 org.qtproject.example.appqtbug98776_for_qtbug114437/10281} -> PackageSetting{6dbdd1b com.google.android.calendar/10173} BLOCKED
11-12 10:31:00.597 1472 1721 I AppsFilter: interaction: PackageSetting{2cd19b0 org.qtproject.example/10282} -> PackageSetting{6dbdd1b com.google.android.calendar/10173} BLOCKED
11-12 10:31:00.597 1472 1721 I AppsFilter: interaction: PackageSetting{d382e57 org.qtproject.example.textfinder/10272} -> PackageSetting{6dbdd1b com.google.android.calendar/10173} BLOCKED
11-12 10:31:00.597 1472 1721 I AppsFilter: interaction: PackageSetting{47d83f1 org.qtproject.example.openglunderqml/10251} -> PackageSetting{6dbdd1b com.google.android.calendar/10173} BLOCKED
11-12 10:31:00.597 1472 1721 I AppsFilter: interaction: PackageSetting{143ef98 org.qtproject.example.texteditor/10285} -> PackageSetting{6dbdd1b com.google.android.calendar/10173} BLOCKED
11-12 10:31:00.597 1472 1721 I AppsFilter: interaction: PackageSetting{59234ac org.qtproject.example.hellocube/10258} -> PackageSetting{6dbdd1b com.google.android.calendar/10173} BLOCKED
11-12 10:31:00.597 1472 1721 I AppsFilter: interaction: PackageSetting{a174853 org.qtproject.example.texteditorexample/10290} -> PackageSetting{6dbdd1b com.google.android.calendar/10173} BLOCKED
11-12 10:31:00.597 1472 1721 I AppsFilter: interaction: PackageSetting{2c11bbd org.qtproject.example.contactlistexample/10277} -> PackageSetting{6dbdd1b com.google.android.calendar/10173} BLOCKED
11-12 10:31:00.597 1472 1721 I AppsFilter: interaction: PackageSetting{f13b073 org.qtproject.example.highdpi/10288} -> PackageSetting{6dbdd1b com.google.android.calendar/10173} BLOCKED
11-12 10:31:00.597 1472 1721 I AppsFilter: interaction: PackageSetting{cae2aca org.qtproject.example.deleteme/10291} -> PackageSetting{6dbdd1b com.google.android.calendar/10173} BLOCKED
11-12 10:31:00.597 1472 1721 I AppsFilter: interaction: PackageSetting{c514d9b org.qtproject.example.quickspeech/10274} -> PackageSetting{6dbdd1b com.google.android.calendar/10173} BLOCKED
11-12 10:31:00.619 1472 1721 I PermissionManager: Permission ownership changed. Updating all permissions.
11-12 10:31:00.695 1472 4954 V ActivityManager: Got obituary of 16993:com.google.android.calendar
11-12 10:31:01.157 1472 1807 D ActivityManager: freezing 1160 com.google.android.gms.unstable
11-12 10:31:01.392 1472 4954 D CompatibilityChangeReporter: Compat change id reported: 261072174; UID 10140; state: DISABLED
11-12 10:31:01.392 1472 4954 D CompatibilityChangeReporter: Compat change id reported: 261072174; UID 10149; state: DISABLED
11-12 10:31:02.185 1472 1721 I AppsFilter: interaction: PackageSetting{a971eec org.qtproject.example.qmlchart/10248} -> PackageSetting{92bb5e1 com.google.android.calendar/10173} BLOCKED
11-12 10:31:02.185 1472 1721 I AppsFilter: interaction: PackageSetting{c7356c0 org.qtproject.example.vulkanunderqml/10267} -> PackageSetting{92bb5e1 com.google.android.calendar/10173} BLOCKED
11-12 10:31:02.185 1472 1721 I AppsFilter: interaction: PackageSetting{473e1f2 com.qt.finweather/10286} -> PackageSetting{92bb5e1 com.google.android.calendar/10173} BLOCKED
11-12 10:31:02.185 1472 1721 I AppsFilter: interaction: PackageSetting{b6720a7 org.qtproject.example.appQTBUG_38700_example/10269} -> PackageSetting{92bb5e1 com.google.android.calendar/10173} BLOCKED
11-12 10:31:02.185 1472 1721 I AppsFilter: interaction: PackageSetting{e968aaf org.qtproject.example.minimal_qml/10262} -> PackageSetting{92bb5e1 com.google.android.calendar/10173} BLOCKED
11-12 10:31:02.185 1472 1721 I AppsFilter: interaction: PackageSetting{d5ddbb7 org.qtproject.example.qmloscilloscope/10255} -> PackageSetting{92bb5e1 com.google.android.calendar/10173} BLOCKED
11-12 10:31:02.185 1472 1721 I AppsFilter: interaction: PackageSetting{1bb2e8f org.qtproject.example.calqlatrexample/10266} -> PackageSetting{92bb5e1 com.google.android.calendar/10173} BLOCKED
11-12 10:31:02.185 1472 1721 I AppsFilter: interaction: PackageSetting{6b2f6e1 org.qtproject.example.appqt66beta1androidquickexample/10256} -> PackageSetting{92bb5e1 com.google.android.calendar/10173} BLOCKED
11-12 10:31:02.185 1472 1721 I AppsFilter: interaction: PackageSetting{5cde19a org.qtproject.example.coffee/10279} -> PackageSetting{92bb5e1 com.google.android.calendar/10173} BLOCKED
11-12 10:31:02.185 1472 1721 I AppsFilter: interaction: PackageSetting{681d2eb org.qtproject.example.contactlist/10252} -> PackageSetting{92bb5e1 com.google.android.calendar/10173} BLOCKED
11-12 10:31:02.185 1472 1721 I AppsFilter: interaction: PackageSetting{2c049b9 org.qtproject.example.appmuu/10287} -> PackageSetting{92bb5e1 com.google.android.calendar/10173} BLOCKED
11-12 10:31:02.185 1472 1721 I AppsFilter: interaction: PackageSetting{4264ce2 org.qtproject.example.qtbug98766_compat/10289} -> PackageSetting{92bb5e1 com.google.android.calendar/10173} BLOCKED
11-12 10:31:02.186 1472 1721 I AppsFilter: interaction: PackageSetting{e48a5d7 org.qtproject.example.galleryexample/10265} -> PackageSetting{92bb5e1 com.google.android.calendar/10173} BLOCKED
11-12 10:31:02.186 1472 1721 I AppsFilter: interaction: PackageSetting{32cb918 org.qtproject.example.objectlistmodelexample/10263} -> PackageSetting{92bb5e1 com.google.android.calendar/10173} BLOCKED
11-12 10:31:02.186 1472 1721 I AppsFilter: interaction: PackageSetting{54ce4c9 org.qtproject.example.testFont/10270} -> PackageSetting{92bb5e1 com.google.android.calendar/10173} BLOCKED
11-12 10:31:02.186 1472 1721 I AppsFilter: interaction: PackageSetting{d136cd0 org.qtproject.example.widgetdeom/10259} -> PackageSetting{92bb5e1 com.google.android.calendar/10173} BLOCKED
11-12 10:31:02.186 1472 1721 I AppsFilter: interaction: PackageSetting{88b8d1b org.qtproject.example.declarative_camera/10253} -> PackageSetting{92bb5e1 com.google.android.calendar/10173} BLOCKED
11-12 10:31:02.186 1472 1721 I AppsFilter: interaction: PackageSetting{246c121 com.test.ouluweather/10268} -> PackageSetting{92bb5e1 com.google.android.calendar/10173} BLOCKED
11-12 10:31:02.186 1472 1721 I AppsFilter: interaction: PackageSetting{5638a6e com.google.android.microdroid.empty_payload/10246} -> PackageSetting{92bb5e1 com.google.android.calendar/10173} BLOCKED
11-12 10:31:02.186 1472 1721 I AppsFilter: interaction: PackageSetting{b8bf670 org.qtproject.example.calendarwidget/10278} -> PackageSetting{92bb5e1 com.google.android.calendar/10173} BLOCKED
11-12 10:31:02.186 1472 1721 I AppsFilter: interaction: PackageSetting{e574d7d org.qtproject.example.QTBUG97503/10284} -> PackageSetting{92bb5e1 com.google.android.calendar/10173} BLOCKED
11-12 10:31:02.186 1472 1721 I AppsFilter: interaction: PackageSetting{59c4cd3 org.qtproject.example.unicode_bug/10280} -> PackageSetting{92bb5e1 com.google.android.calendar/10173} BLOCKED
11-12 10:31:02.186 1472 1721 I AppsFilter: interaction: PackageSetting{277dda4 com.example.qtbug/10276} -> PackageSetting{92bb5e1 com.google.android.calendar/10173} BLOCKED
11-12 10:31:02.186 1472 1721 I AppsFilter: interaction: PackageSetting{607ced1 org.qtproject.example.implicit_height/10275} -> PackageSetting{92bb5e1 com.google.android.calendar/10173} BLOCKED
11-12 10:31:02.186 1472 1721 I AppsFilter: interaction: PackageSetting{a26c3f org.qtproject.example.simplemqttclient/10254} -> PackageSetting{92bb5e1 com.google.android.calendar/10173} BLOCKED
11-12 10:31:02.187 1472 1721 I AppsFilter: interaction: PackageSetting{171305e org.qtproject.example.qtbug90324/10271} -> PackageSetting{92bb5e1 com.google.android.calendar/10173} BLOCKED
11-12 10:31:02.187 1472 1721 I AppsFilter: interaction: PackageSetting{739d6f org.qtproject.example.qtbug87334/10247} -> PackageSetting{92bb5e1 com.google.android.calendar/10173} BLOCKED
11-12 10:31:02.187 1472 1721 I AppsFilter: interaction: PackageSetting{d740599 org.qtproject.example.qtbug40728/10273} -> PackageSetting{92bb5e1 com.google.android.calendar/10173} BLOCKED
11-12 10:31:02.187 1472 1721 I AppsFilter: interaction: PackageSetting{89b3c9d org.qtproject.example.Android_keyboard_cover/10283} -> PackageSetting{92bb5e1 com.google.android.calendar/10173} BLOCKED
11-12 10:31:02.187 1472 1721 I AppsFilter: interaction: PackageSetting{fde6ec8 org.qtproject.example.appqtbug98776_for_qtbug114437/10281} -> PackageSetting{92bb5e1 com.google.android.calendar/10173} BLOCKED
11-12 10:31:02.187 1472 1721 I AppsFilter: interaction: PackageSetting{2cd19b0 org.qtproject.example/10282} -> PackageSetting{92bb5e1 com.google.android.calendar/10173} BLOCKED
11-12 10:31:02.187 1472 1721 I AppsFilter: interaction: PackageSetting{d382e57 org.qtproject.example.textfinder/10272} -> PackageSetting{92bb5e1 com.google.android.calendar/10173} BLOCKED
11-12 10:31:02.187 1472 1721 I AppsFilter: interaction: PackageSetting{47d83f1 org.qtproject.example.openglunderqml/10251} -> PackageSetting{92bb5e1 com.google.android.calendar/10173} BLOCKED
11-12 10:31:02.187 1472 1721 I AppsFilter: interaction: PackageSetting{143ef98 org.qtproject.example.texteditor/10285} -> PackageSetting{92bb5e1 com.google.android.calendar/10173} BLOCKED
11-12 10:31:02.187 1472 1721 I AppsFilter: interaction: PackageSetting{59234ac org.qtproject.example.hellocube/10258} -> PackageSetting{92bb5e1 com.google.android.calendar/10173} BLOCKED
11-12 10:31:02.187 1472 1721 I AppsFilter: interaction: PackageSetting{a174853 org.qtproject.example.texteditorexample/10290} -> PackageSetting{92bb5e1 com.google.android.calendar/10173} BLOCKED
11-12 10:31:02.187 1472 1721 I AppsFilter: interaction: PackageSetting{2c11bbd org.qtproject.example.contactlistexample/10277} -> PackageSetting{92bb5e1 com.google.android.calendar/10173} BLOCKED
11-12 10:31:02.187 1472 1721 I AppsFilter: interaction: PackageSetting{f13b073 org.qtproject.example.highdpi/10288} -> PackageSetting{92bb5e1 com.google.android.calendar/10173} BLOCKED
11-12 10:31:02.187 1472 1721 I AppsFilter: interaction: PackageSetting{cae2aca org.qtproject.example.deleteme/10291} -> PackageSetting{92bb5e1 com.google.android.calendar/10173} BLOCKED
11-12 10:31:02.188 1472 1721 I AppsFilter: interaction: PackageSetting{c514d9b org.qtproject.example.quickspeech/10274} -> PackageSetting{92bb5e1 com.google.android.calendar/10173} BLOCKED
11-12 10:31:02.227 1472 1721 I ActivityManager: Force stopping com.google.android.calendar appid=10173 user=0: pkg removed
11-12 10:31:02.255 1472 1721 I ActivityManager: Force stopping com.google.android.calendar appid=10173 user=0: pkg removed
11-12 10:31:02.298 1472 1721 D CompatibilityChangeReporter: Compat change id reported: 168419799; UID 10173; state: DISABLED
11-12 10:31:02.298 1472 1721 D CompatibilityChangeReporter: Compat change id reported: 273564678; UID 10173; state: DISABLED
11-12 10:31:02.307 1472 1472 D ActivityManager: sync unfroze 30461 com.android.settings
11-12 10:31:02.308 1472 1472 D ActivityManager: sync unfroze 3999 com.android.keychain
11-12 10:31:02.334 1472 4944 D ActivityManager: sync unfroze 10682 com.google.android.euicc
11-12 10:31:02.352 1472 1721 D PackageInstallerSession: Marking session 1134720351 as applied
11-12 10:31:02.356 1472 1697 D CompatibilityChangeReporter: Compat change id reported: 177438394; UID 10173; state: DISABLED
11-12 10:31:02.356 1472 1697 D CompatibilityChangeReporter: Compat change id reported: 135772972; UID 10173; state: DISABLED
11-12 10:31:02.356 1472 1697 D CompatibilityChangeReporter: Compat change id reported: 135754954; UID 10173; state: ENABLED
11-12 10:31:02.357 1472 1698 D CompatibilityChangeReporter: Compat change id reported: 143937733; UID 10173; state: ENABLED
11-12 10:31:02.365 1472 1697 D ActivityManager: sync unfroze 2098 com.google.android.permissioncontroller
11-12 10:31:02.380 1472 1698 I ActivityManager: Start proc 20815:com.google.android.calendar/u0a173 for broadcast {com.google.android.calendar/com.google.android.apps.calendar.panlingual.impl.PanlingualBroadcastReceiver}
11-12 10:31:02.382 1472 1472 I Telecom : CarModeTracker: Package com.google.android.calendar is not tracked.: SSH.oR@Pj0
11-12 10:31:02.383 1472 1472 I Telecom : InCallController: updateCarModeForConnections: car mode apps: : SSH.oR@Pj0
11-12 10:31:02.426 1472 1840 D LocaleManagerService: getApplicationLocales: fetching locales for package com.google.android.calendar and user 0
11-12 10:31:02.426 1472 1840 W PackageConfigPersister: App-specific configuration not found for packageName: com.google.android.calendar and userId: 0
11-12 10:31:02.426 1472 1840 D LocaleManagerService: getApplicationLocales: application config not found for com.google.android.calendar and user id 0
11-12 10:31:02.435 1472 1472 D TransparencyService: com.google.android.calendar was updated. Scheduling measurement...
11-12 10:31:02.435 1472 1472 I TransparencyService: Scheduling binary content-digest computation job
11-12 10:31:02.435 1472 1472 D TransparencyService: A measurement job has already been scheduled.
11-12 10:31:02.457 1472 1797 D CompatibilityChangeReporter: Compat change id reported: 265195908; UID 10173; state: ENABLED
11-12 10:31:02.465 1472 4954 D CompatibilityChangeReporter: Compat change id reported: 170503758; UID 10173; state: ENABLED
11-12 10:31:02.543 1472 4785 D CompatibilityChangeReporter: Compat change id reported: 271850009; UID 10136; state: ENABLED
