11-14 05:09:43.767 1472 1472 I ExplicitHealthCheckController: Explicit health check service is bound
11-14 05:09:43.771 1472 1472 I ExplicitHealthCheckController: Explicit health check service is connected ComponentInfo{com.google.android.ext.services/android.ext.services.watchdog.ExplicitHealthCheckServiceImpl}
11-14 05:09:43.772 1472 1472 I ExplicitHealthCheckController: Service initialized, syncing requests
11-14 05:09:43.773 1472 1813 I RescueParty: Starting to observe: [android, com.android.systemui], updated namespace: configuration
11-14 05:09:43.774 1472 1472 I PackageWatchdog: Syncing health check requests for packages: {}
11-14 05:09:43.774 1472 1472 D ExplicitHealthCheckController: Getting health check supported packages
11-14 05:09:43.775 1472 3338 I ExplicitHealthCheckController: Explicit health check supported packages [PackageConfig{com.google.android.networkstack, 86400000}]
11-14 05:09:43.775 1472 3338 D PackageWatchdog: Received supported packages [PackageConfig{com.google.android.networkstack, 86400000}]
11-14 05:09:43.775 1472 4946 D CoreBackPreview: Window{dd60af8 u0 com.google.android.apps.nexuslauncher/com.google.android.apps.nexuslauncher.NexusLauncherActivity}: Setting back callback null
11-14 05:09:43.776 1472 4938 D SearchUiPerUserService: Removing all callbacks for session Id=com.google.android.apps.nexuslauncher:d309ef94-02fb-4b1a-891b-8ae13050a690,0 and 0 callbacks.
11-14 05:09:43.776 1472 3338 D ExplicitHealthCheckController: Getting health check requested packages
11-14 05:09:43.779 1472 1696 I PackageWatchdog: Syncing state, reason: observing new packages
11-14 05:09:43.779 1472 1696 D PackageWatchdog: rescue-party-observer added the following packages to monitor [android, com.android.systemui]
11-14 05:09:43.779 1472 1696 I PackageWatchdog: Syncing state, reason: updated observers
11-14 05:09:43.779 1472 1696 I PackageWatchdog: Not pruning observers, elapsed time: 0ms
11-14 05:09:43.780 1472 1696 I PackageWatchdog: Saving observer state to file
11-14 05:09:43.780 1472 4946 I ExplicitHealthCheckController: Explicit health check requested packages []
11-14 05:09:43.780 1472 4946 I ExplicitHealthCheckController: No more health check requests, unbinding...
11-14 05:09:43.781 1472 4946 I ExplicitHealthCheckController: Explicit health check service is unbound
11-14 05:09:43.784 1472 1472 I PackageWatchdog: Syncing health check requests for packages: {}
11-14 05:09:43.784 1472 1472 I ExplicitHealthCheckController: Service not ready to get health check supported packages. Binding...
11-14 05:09:43.787 1472 1813 I RescueParty: Starting to observe: [com.android.systemui], updated namespace: companion
11-14 05:09:43.788 1472 1696 I PackageWatchdog: Syncing state, reason: observing new packages
11-14 05:09:43.788 1472 1696 D PackageWatchdog: rescue-party-observer added the following packages to monitor [com.android.systemui]
11-14 05:09:43.788 1472 1696 I PackageWatchdog: Syncing state, reason: updated observers
11-14 05:09:43.788 1472 1696 I PackageWatchdog: Not pruning observers, elapsed time: 0ms
11-14 05:09:43.788 1472 1696 I PackageWatchdog: Saving observer state to file
11-14 05:09:43.788 1472 1472 I ExplicitHealthCheckController: Explicit health check service is bound
11-14 05:09:43.795 1472 1472 I PackageWatchdog: Syncing health check requests for packages: {}
11-14 05:09:43.795 1472 1472 I ExplicitHealthCheckController: Service not ready to get health check supported packages. Binding...
11-14 05:09:43.795 1472 1472 I ExplicitHealthCheckController: Not binding to service, service already connecting
11-14 05:09:43.795 1472 1472 I ExplicitHealthCheckController: Explicit health check service is connected ComponentInfo{com.google.android.ext.services/android.ext.services.watchdog.ExplicitHealthCheckServiceImpl}
11-14 05:09:43.796 1472 1472 I ExplicitHealthCheckController: Service initialized, syncing requests
11-14 05:09:43.796 1472 1472 I PackageWatchdog: Syncing health check requests for packages: {}
11-14 05:09:43.796 1472 1472 D ExplicitHealthCheckController: Getting health check supported packages
11-14 05:09:43.800 1472 2129 I ExplicitHealthCheckController: Explicit health check supported packages [PackageConfig{com.google.android.networkstack, 86400000}]
11-14 05:09:43.800 1472 2129 D PackageWatchdog: Received supported packages [PackageConfig{com.google.android.networkstack, 86400000}]
11-14 05:09:43.800 1472 2129 D ExplicitHealthCheckController: Getting health check requested packages
11-14 05:09:43.801 1472 2129 I ExplicitHealthCheckController: Explicit health check requested packages []
11-14 05:09:43.801 1472 2129 I ExplicitHealthCheckController: No more health check requests, unbinding...
11-14 05:09:43.801 1472 2129 I ExplicitHealthCheckController: Explicit health check service is unbound
11-14 05:09:43.805 1472 1813 I RescueParty: Starting to observe: [android, com.android.systemui], updated namespace: package_manager_service
11-14 05:09:43.806 1472 1696 I PackageWatchdog: Syncing state, reason: observing new packages
11-14 05:09:43.806 1472 1696 D PackageWatchdog: rescue-party-observer added the following packages to monitor [android, com.android.systemui]
11-14 05:09:43.806 1472 1696 I PackageWatchdog: Syncing state, reason: updated observers
11-14 05:09:43.806 1472 1696 I PackageWatchdog: Not pruning observers, elapsed time: 0ms
11-14 05:09:43.806 1472 1696 I PackageWatchdog: Saving observer state to file
11-14 05:09:43.815 1472 1813 I RescueParty: Starting to observe: [android, com.google.android.permissioncontroller, com.android.settings, com.android.systemui], updated namespace: privacy
11-14 05:09:43.823 1472 1813 I RescueParty: Starting to observe: [com.android.systemui], updated namespace: intelligence_bubbles
11-14 05:09:43.831 1472 1813 I RescueParty: Starting to observe: [android, com.google.android.as, com.android.settings, com.android.systemui], updated namespace: systemui
11-14 05:09:43.831 1472 1472 I PackageWatchdog: Syncing health check requests for packages: {}
11-14 05:09:43.831 1472 1472 I ExplicitHealthCheckController: Service not ready to get health check supported packages. Binding...
11-14 05:09:43.833 1472 1696 I PackageWatchdog: Syncing state, reason: observing new packages
11-14 05:09:43.834 1472 1696 D PackageWatchdog: rescue-party-observer added the following packages to monitor [android, com.google.android.permissioncontroller, com.android.settings, com.android.systemui]
11-14 05:09:43.834 1472 1696 I PackageWatchdog: Syncing state, reason: updated observers
11-14 05:09:43.834 1472 1696 I PackageWatchdog: Not pruning observers, elapsed time: 0ms
11-14 05:09:43.834 1472 1696 I PackageWatchdog: Syncing state, reason: observing new packages
11-14 05:09:43.834 1472 1696 I PackageWatchdog: Not pruning observers, elapsed time: 0ms
11-14 05:09:43.834 1472 1696 D PackageWatchdog: rescue-party-observer added the following packages to monitor [com.android.systemui]
11-14 05:09:43.834 1472 1696 I PackageWatchdog: Syncing state, reason: updated observers
11-14 05:09:43.834 1472 1696 I PackageWatchdog: Not pruning observers, elapsed time: 0ms
11-14 05:09:43.834 1472 1696 I PackageWatchdog: Syncing state, reason: observing new packages
11-14 05:09:43.834 1472 1696 I PackageWatchdog: Not pruning observers, elapsed time: 0ms
11-14 05:09:43.834 1472 1696 D PackageWatchdog: rescue-party-observer added the following packages to monitor [android, com.google.android.as, com.android.settings, com.android.systemui]
11-14 05:09:43.834 1472 1696 I PackageWatchdog: Syncing state, reason: updated observers
11-14 05:09:43.834 1472 1696 I PackageWatchdog: Not pruning observers, elapsed time: 0ms
11-14 05:09:43.835 1472 1696 I PackageWatchdog: Saving observer state to file
11-14 05:09:43.836 1472 1472 I ExplicitHealthCheckController: Explicit health check service is bound
11-14 05:09:43.841 1472 1623 E SettingsToPropertiesMapper: key=persist.device_config.configuration.AdbWritableFlags__adb_writable_flags_list value=adservices/disable_sdk_sandbox,adservices/enforce_broadcast_receiver_restrictions,adservices/fledge_ad_selection_enforce_foreground_status_custom_audience,adservices/fledge_custom_audience_max_count,adservices/fledge_custom_audience_max_num_ads,adservices/fledge_custom_audience_max_owner_count,adservices/fledge_custom_audience_per_app_max_count,adservices/fledge_js_isolate_enforce_max_heap_size,adservices/fledge_js_isolate_max_heap_size_bytes,adservices/sdk_request_permits_per_second,adservices/sdksandbox_customized_sdk_context_enabled,configuration/namespace_to_package_mapping,constrain_display_apis/always_constrain_display_apis,constrain_display_apis/never_constrain_display_apis,constrain_display_apis/never_constrain_display_apis_all_packages,device_policy_manager/disable_resources_updatability,flipendo/default_savings_mode_launch,flipendo/essential_apps,flipendo/flipendo_enabled_launch,flipendo/grayscale_enabled_launch,flipendo/lever_ble_scanning_enabled_launch,flipendo/lever_hotspot_enabled_launch,flipendo/lever_work_profile_enabled_launch,flipendo/resuspend_delay_minutes,namespace/key,namespace1/key1,namespace1/key2,namespace2/key1,namespace2/key2,package_manager_service/incfs_default_timeouts,package_manager_service/known_digesters_list,privacy/location_access_check_periodic_interval_millis,rollback/enable_rollback_timeout,rollback/watchdog_explicit_health_check_enabled,rollback/watchdog_request_timeout_millis,rollback/watchdog_trigger_failure_count,rollback/watchdog_trigger_failure_duration_millis,rollback_boot/rollback_lifetime_in_millis,systemui/nas_generate_actions,systemui/nas_generate_replies,systemui/nas_max_messages_to_extract,systemui/nas_max_suggestions,testspace/another,testspace/flagname,textclassifier/config_updater_model_enabled,textclassifier/key,textclassifier/key2,textclassifier/manifest_url_annotator_en,textclassifier/manifest_url_annotator_ru,textclassifier/model_download_backoff_delay_in_millis,textclassifier/model_download_manager_enabled,textclassifier/multi_language_support_enabled,textclassifier/testing_locale_list_override,textclassifier/textclassifier_service_package_override,window_manager/enable_default_rescind_bal_privileges_from_pending_intent_sender,wrong/nas_generate_replies, exceeds system property max length.
11-14 05:09:43.844 1472 1813 I RescueParty: Starting to observe: [android, com.android.systemui], updated namespace: media
11-14 05:09:43.844 1472 1696 I PackageWatchdog: Syncing state, reason: observing new packages
11-14 05:09:43.845 1472 1696 D PackageWatchdog: rescue-party-observer added the following packages to monitor [android, com.android.systemui]
11-14 05:09:43.845 1472 1696 I PackageWatchdog: Syncing state, reason: updated observers
11-14 05:09:43.845 1472 1696 I PackageWatchdog: Not pruning observers, elapsed time: 0ms
11-14 05:09:43.845 1472 1696 I PackageWatchdog: Saving observer state to file
11-14 05:09:43.851 1472 1472 I ExplicitHealthCheckController: Explicit health check service is connected ComponentInfo{com.google.android.ext.services/android.ext.services.watchdog.ExplicitHealthCheckServiceImpl}
11-14 05:09:43.851 1472 1472 I ExplicitHealthCheckController: Service initialized, syncing requests
11-14 05:09:43.854 1472 1472 I PackageWatchdog: Syncing health check requests for packages: {}
11-14 05:09:43.854 1472 1472 D ExplicitHealthCheckController: Getting health check supported packages
11-14 05:09:43.857 1472 3338 I ExplicitHealthCheckController: Explicit health check supported packages [PackageConfig{com.google.android.networkstack, 86400000}]
11-14 05:09:43.857 1472 3338 D PackageWatchdog: Received supported packages [PackageConfig{com.google.android.networkstack, 86400000}]
11-14 05:09:43.857 1472 3338 D ExplicitHealthCheckController: Getting health check requested packages
11-14 05:09:43.858 1472 4946 I ExplicitHealthCheckController: Explicit health check requested packages []
11-14 05:09:43.858 1472 4946 I ExplicitHealthCheckController: No more health check requests, unbinding...
11-14 05:09:43.860 1472 4946 I ExplicitHealthCheckController: Explicit health check service is unbound
11-14 05:09:43.901 1472 3338 D SearchUiPerUserService: Creating SearchSessionInfo for session Id=com.google.android.apps.nexuslauncher:ddb8c861-7bc3-4660-b945-43b4edcac772,0
11-14 05:09:43.927 1472 1813 I RescueParty: Starting to observe: [android, com.android.systemui], updated namespace: alarm_manager
11-14 05:09:43.929 1472 1696 I PackageWatchdog: Syncing state, reason: observing new packages
11-14 05:09:43.929 1472 1696 D PackageWatchdog: rescue-party-observer added the following packages to monitor [android, com.android.systemui]
11-14 05:09:43.929 1472 1696 I PackageWatchdog: Syncing state, reason: updated observers
11-14 05:09:43.929 1472 1696 I PackageWatchdog: Not pruning observers, elapsed time: 0ms
11-14 05:09:43.929 1472 1696 I PackageWatchdog: Saving observer state to file
11-14 05:09:43.932 1472 1472 I PackageWatchdog: Syncing health check requests for packages: {}
11-14 05:09:43.932 1472 1472 I ExplicitHealthCheckController: Service not ready to get health check supported packages. Binding...
11-14 05:09:43.935 1472 1472 I ExplicitHealthCheckController: Explicit health check service is bound
11-14 05:09:43.938 1472 1472 I ExplicitHealthCheckController: Explicit health check service is connected ComponentInfo{com.google.android.ext.services/android.ext.services.watchdog.ExplicitHealthCheckServiceImpl}
11-14 05:09:43.938 1472 1472 I ExplicitHealthCheckController: Service initialized, syncing requests
11-14 05:09:43.938 1472 1813 I RescueParty: Starting to observe: [com.android.systemui], updated namespace: notification_assistant
11-14 05:09:43.938 1472 1472 I PackageWatchdog: Syncing health check requests for packages: {}
11-14 05:09:43.938 1472 1472 D ExplicitHealthCheckController: Getting health check supported packages
11-14 05:09:43.939 1472 1696 I PackageWatchdog: Syncing state, reason: observing new packages
11-14 05:09:43.939 1472 1696 D PackageWatchdog: rescue-party-observer added the following packages to monitor [com.android.systemui]
11-14 05:09:43.939 1472 1696 I PackageWatchdog: Syncing state, reason: updated observers
11-14 05:09:43.939 1472 1696 I PackageWatchdog: Not pruning observers, elapsed time: 0ms
11-14 05:09:43.939 1472 1696 I PackageWatchdog: Saving observer state to file
11-14 05:09:43.941 1472 4938 I ExplicitHealthCheckController: Explicit health check supported packages [PackageConfig{com.google.android.networkstack, 86400000}]
11-14 05:09:43.947 1472 1472 I PackageWatchdog: Syncing health check requests for packages: {}
11-14 05:09:43.947 1472 1472 D ExplicitHealthCheckController: Getting health check supported packages
11-14 05:09:43.948 1472 4938 D PackageWatchdog: Received supported packages [PackageConfig{com.google.android.networkstack, 86400000}]
11-14 05:09:43.949 1472 4938 D ExplicitHealthCheckController: Getting health check requested packages
11-14 05:09:43.949 1472 4954 I ExplicitHealthCheckController: Explicit health check supported packages [PackageConfig{com.google.android.networkstack, 86400000}]
11-14 05:09:43.949 1472 4954 D PackageWatchdog: Received supported packages [PackageConfig{com.google.android.networkstack, 86400000}]
11-14 05:09:43.949 1472 4954 D ExplicitHealthCheckController: Getting health check requested packages
11-14 05:09:43.950 1472 4954 I ExplicitHealthCheckController: Explicit health check requested packages []
11-14 05:09:43.950 1472 4954 I ExplicitHealthCheckController: No more health check requests, unbinding...
11-14 05:09:43.950 1472 3338 I ExplicitHealthCheckController: Explicit health check requested packages []
11-14 05:09:43.951 1472 4954 I ExplicitHealthCheckController: Explicit health check service is unbound
11-14 05:09:43.951 1472 3338 I ExplicitHealthCheckController: No more health check requests, unbinding...
11-14 05:09:43.951 1472 3338 I ExplicitHealthCheckController: Explicit health check service is unbound
11-14 05:09:43.955 1472 4938 D CoreBackPreview: Window{a2cf63c u0 com.google.android.apps.nexuslauncher/com.google.android.apps.nexuslauncher.NexusLauncherActivity}: Setting back callback OnBackInvokedCallbackInfo{mCallback=android.window.IOnBackInvokedCallback$Stub$Proxy@712f979, mPriority=0}
11-14 05:09:43.958 1472 1813 I RescueParty: Starting to observe: [android, com.google.android.permissioncontroller, com.android.settings, com.android.systemui], updated namespace: app_hibernation
11-14 05:09:43.959 1472 3338 I ActivityTaskManager: Activity reported stop, but no longer stopping: ActivityRecord{188b444 u0 com.google.android.apps.nexuslauncher/.NexusLauncherActivity t350} STOPPED
11-14 05:09:43.959 1472 1696 I PackageWatchdog: Syncing state, reason: observing new packages
11-14 05:09:43.959 1472 1696 D PackageWatchdog: rescue-party-observer added the following packages to monitor [android, com.google.android.permissioncontroller, com.android.settings, com.android.systemui]
11-14 05:09:43.959 1472 1696 I PackageWatchdog: Syncing state, reason: updated observers
11-14 05:09:43.959 1472 1696 I PackageWatchdog: Not pruning observers, elapsed time: 0ms
11-14 05:09:43.959 1472 1696 I PackageWatchdog: Saving observer state to file
11-14 05:09:43.965 1472 1472 I PackageWatchdog: Syncing health check requests for packages: {}
11-14 05:09:43.965 1472 1472 I ExplicitHealthCheckController: Service not ready to get health check supported packages. Binding...
11-14 05:09:43.969 1472 1472 I ExplicitHealthCheckController: Explicit health check service is bound
11-14 05:09:43.969 1472 1472 D AppHibernationService: App hibernation changed to enabled=true
11-14 05:09:43.972 1472 1472 I ExplicitHealthCheckController: Explicit health check service is connected ComponentInfo{com.google.android.ext.services/android.ext.services.watchdog.ExplicitHealthCheckServiceImpl}
11-14 05:09:43.972 1472 1472 I ExplicitHealthCheckController: Service initialized, syncing requests
11-14 05:09:43.973 1472 1472 I PackageWatchdog: Syncing health check requests for packages: {}
11-14 05:09:43.973 1472 1472 D ExplicitHealthCheckController: Getting health check supported packages
11-14 05:09:43.974 1472 3338 I ExplicitHealthCheckController: Explicit health check supported packages [PackageConfig{com.google.android.networkstack, 86400000}]
11-14 05:09:43.974 1472 3338 D PackageWatchdog: Received supported packages [PackageConfig{com.google.android.networkstack, 86400000}]
11-14 05:09:43.974 1472 3338 D ExplicitHealthCheckController: Getting health check requested packages
11-14 05:09:43.974 1472 4954 I ExplicitHealthCheckController: Explicit health check requested packages []
11-14 05:09:43.974 1472 4954 I ExplicitHealthCheckController: No more health check requests, unbinding...
11-14 05:09:43.975 1472 4954 I ExplicitHealthCheckController: Explicit health check service is unbound
11-14 05:09:43.988 1472 1813 I RescueParty: Starting to observe: [android, com.android.systemui], updated namespace: window_manager
11-14 05:09:43.988 1472 1696 I PackageWatchdog: Syncing state, reason: observing new packages
11-14 05:09:43.988 1472 1696 D PackageWatchdog: rescue-party-observer added the following packages to monitor [android, com.android.systemui]
11-14 05:09:43.988 1472 1696 I PackageWatchdog: Syncing state, reason: updated observers
11-14 05:09:43.988 1472 1696 I PackageWatchdog: Not pruning observers, elapsed time: 0ms
11-14 05:09:43.988 1472 1696 I PackageWatchdog: Saving observer state to file
11-14 05:09:43.993 1472 1472 I PackageWatchdog: Syncing health check requests for packages: {}
11-14 05:09:43.994 1472 1472 I ExplicitHealthCheckController: Service not ready to get health check supported packages. Binding...
11-14 05:09:43.998 1472 1472 I ExplicitHealthCheckController: Explicit health check service is bound
11-14 05:09:43.999 1472 1472 I ExplicitHealthCheckController: Explicit health check service is connected ComponentInfo{com.google.android.ext.services/android.ext.services.watchdog.ExplicitHealthCheckServiceImpl}
11-14 05:09:44.000 1472 1472 I ExplicitHealthCheckController: Service initialized, syncing requests
11-14 05:09:44.000 1472 1472 I PackageWatchdog: Syncing health check requests for packages: {}
11-14 05:09:44.000 1472 1472 D ExplicitHealthCheckController: Getting health check supported packages
11-14 05:09:44.001 1472 3338 I ExplicitHealthCheckController: Explicit health check supported packages [PackageConfig{com.google.android.networkstack, 86400000}]
11-14 05:09:44.001 1472 3338 D PackageWatchdog: Received supported packages [PackageConfig{com.google.android.networkstack, 86400000}]
11-14 05:09:44.001 1472 3338 D ExplicitHealthCheckController: Getting health check requested packages
11-14 05:09:44.001 1472 3338 I ExplicitHealthCheckController: Explicit health check requested packages []
11-14 05:09:44.001 1472 3338 I ExplicitHealthCheckController: No more health check requests, unbinding...
11-14 05:09:44.002 1472 3338 I ExplicitHealthCheckController: Explicit health check service is unbound
11-14 05:09:44.010 1472 1813 I RescueParty: Starting to observe: [android, com.android.systemui], updated namespace: attention_manager_service
11-14 05:09:44.011 1472 1696 I PackageWatchdog: Syncing state, reason: observing new packages
11-14 05:09:44.011 1472 1696 D PackageWatchdog: rescue-party-observer added the following packages to monitor [android, com.android.systemui]
11-14 05:09:44.011 1472 1696 I PackageWatchdog: Syncing state, reason: updated observers
11-14 05:09:44.011 1472 1696 I PackageWatchdog: Not pruning observers, elapsed time: 0ms
11-14 05:09:44.011 1472 1696 I PackageWatchdog: Saving observer state to file
11-14 05:09:44.014 1472 1472 I PackageWatchdog: Syncing health check requests for packages: {}
11-14 05:09:44.014 1472 1472 I ExplicitHealthCheckController: Service not ready to get health check supported packages. Binding...
11-14 05:09:44.018 1472 1472 I ExplicitHealthCheckController: Explicit health check service is bound
11-14 05:09:44.019 1472 1472 I ScreenUndimDetector: onDeviceConfigChange; key=post_dim_check_duration_millis
11-14 05:09:44.019 1472 1472 I ScreenUndimDetector: Ignoring change on post_dim_check_duration_millis
11-14 05:09:44.019 1472 1472 I ScreenUndimDetector: onDeviceConfigChange; key=max_extension_millis
11-14 05:09:44.019 1472 1472 I ScreenUndimDetector: Ignoring change on max_extension_millis
11-14 05:09:44.019 1472 1472 I ScreenUndimDetector: onDeviceConfigChange; key=keep_screen_on_for_millis
11-14 05:09:44.019 1472 1472 I ScreenUndimDetector: readValuesFromDeviceConfig():
11-14 05:09:44.019 1472 1472 I ScreenUndimDetector: mKeepScreenOnForMillis=300000
11-14 05:09:44.019 1472 1472 I ScreenUndimDetector: mKeepScreenOnNotificationEnabled=false
11-14 05:09:44.019 1472 1472 I ScreenUndimDetector: mUndimsRequired=2
11-14 05:09:44.019 1472 1472 I AttentionManagerService: Ignoring change on post_dim_check_duration_millis
11-14 05:09:44.019 1472 1472 I AttentionManagerService: Ignoring change on max_extension_millis
11-14 05:09:44.019 1472 1472 I AttentionManagerService: Ignoring change on keep_screen_on_for_millis
11-14 05:09:44.019 1472 1472 I AttentionManagerService: Ignoring change on keep_screen_on_enabled
11-14 05:09:44.019 1472 1472 I AttentionManagerService: Ignoring change on enable_flip_to_screen_off
11-14 05:09:44.019 1472 1472 I AttentionManagerService: Ignoring change on pre_dim_check_duration_millis
11-14 05:09:44.019 1472 1472 I AttentionDetector: readValuesFromDeviceConfig():
11-14 05:09:44.019 1472 1472 I AttentionDetector: mMaximumExtensionMillis=330000
11-14 05:09:44.019 1472 1472 I AttentionDetector: mPreDimCheckDurationMillis=2100
11-14 05:09:44.019 1472 1472 I AttentionDetector: mRequestedPostDimTimeoutMillis=0
11-14 05:09:44.019 1472 1472 I FaceDownDetector: Ignoring change on post_dim_check_duration_millis
11-14 05:09:44.019 1472 1472 I FaceDownDetector: Ignoring change on max_extension_millis
11-14 05:09:44.019 1472 1472 I FaceDownDetector: Ignoring change on keep_screen_on_for_millis
11-14 05:09:44.019 1472 1472 I FaceDownDetector: Ignoring change on keep_screen_on_enabled
11-14 05:09:44.020 1472 1472 I FaceDownDetector: readValuesFromDeviceConfig():
11-14 05:09:44.020 1472 1472 I FaceDownDetector: mAccelerationThreshold=0.2
11-14 05:09:44.020 1472 1472 I FaceDownDetector: mZAccelerationThreshold=-9.5
11-14 05:09:44.020 1472 1472 I FaceDownDetector: mTimeThreshold=PT1S
11-14 05:09:44.020 1472 1472 I FaceDownDetector: mIsEnabled=true
11-14 05:09:44.020 1472 1472 I ExplicitHealthCheckController: Explicit health check service is connected ComponentInfo{com.google.android.ext.services/android.ext.services.watchdog.ExplicitHealthCheckServiceImpl}
11-14 05:09:44.020 1472 1472 I ExplicitHealthCheckController: Service initialized, syncing requests
11-14 05:09:44.020 1472 1472 I PackageWatchdog: Syncing health check requests for packages: {}
11-14 05:09:44.020 1472 1472 D ExplicitHealthCheckController: Getting health check supported packages
11-14 05:09:44.025 1472 4954 I ExplicitHealthCheckController: Explicit health check supported packages [PackageConfig{com.google.android.networkstack, 86400000}]
11-14 05:09:44.025 1472 4954 D PackageWatchdog: Received supported packages [PackageConfig{com.google.android.networkstack, 86400000}]
11-14 05:09:44.025 1472 4954 D ExplicitHealthCheckController: Getting health check requested packages
11-14 05:09:44.026 1472 4954 I ExplicitHealthCheckController: Explicit health check requested packages []
11-14 05:09:44.026 1472 4954 I ExplicitHealthCheckController: No more health check requests, unbinding...
11-14 05:09:44.028 1472 4954 I ExplicitHealthCheckController: Explicit health check service is unbound
11-14 05:09:44.029 1472 1813 I RescueParty: Starting to observe: [android, com.android.systemui], updated namespace: game_overlay
11-14 05:09:44.029 1472 1696 I PackageWatchdog: Syncing state, reason: observing new packages
11-14 05:09:44.030 1472 1696 D PackageWatchdog: rescue-party-observer added the following packages to monitor [android, com.android.systemui]
11-14 05:09:44.030 1472 1696 I PackageWatchdog: Syncing state, reason: updated observers
11-14 05:09:44.030 1472 1696 I PackageWatchdog: Not pruning observers, elapsed time: 0ms
11-14 05:09:44.030 1472 1696 I PackageWatchdog: Saving observer state to file
11-14 05:09:44.037 1472 1472 I PackageWatchdog: Syncing health check requests for packages: {}
11-14 05:09:44.037 1472 1472 I ExplicitHealthCheckController: Service not ready to get health check supported packages. Binding...
11-14 05:09:44.042 1472 1472 I ExplicitHealthCheckController: Explicit health check service is bound
11-14 05:09:44.050 1472 1472 I ExplicitHealthCheckController: Explicit health check service is connected ComponentInfo{com.google.android.ext.services/android.ext.services.watchdog.ExplicitHealthCheckServiceImpl}
11-14 05:09:44.050 1472 1472 I ExplicitHealthCheckController: Service initialized, syncing requests
11-14 05:09:44.050 1472 1472 I PackageWatchdog: Syncing health check requests for packages: {}
11-14 05:09:44.050 1472 1472 D ExplicitHealthCheckController: Getting health check supported packages
11-14 05:09:44.051 1472 3338 I ExplicitHealthCheckController: Explicit health check supported packages [PackageConfig{com.google.android.networkstack, 86400000}]
11-14 05:09:44.052 1472 3338 D PackageWatchdog: Received supported packages [PackageConfig{com.google.android.networkstack, 86400000}]
11-14 05:09:44.052 1472 3338 D ExplicitHealthCheckController: Getting health check requested packages
11-14 05:09:44.052 1472 3338 I ExplicitHealthCheckController: Explicit health check requested packages []
11-14 05:09:44.052 1472 3338 I ExplicitHealthCheckController: No more health check requests, unbinding...
11-14 05:09:44.054 1472 3338 I ExplicitHealthCheckController: Explicit health check service is unbound
11-14 05:09:44.057 1472 1813 I RescueParty: Starting to observe: [com.android.systemui], updated namespace: tv_hdr_output_control
11-14 05:09:44.057 1472 1696 I PackageWatchdog: Syncing state, reason: observing new packages
11-14 05:09:44.057 1472 1696 D PackageWatchdog: rescue-party-observer added the following packages to monitor [com.android.systemui]
11-14 05:09:44.057 1472 1696 I PackageWatchdog: Syncing state, reason: updated observers
11-14 05:09:44.057 1472 1696 I PackageWatchdog: Not pruning observers, elapsed time: 0ms
11-14 05:09:44.057 1472 1696 I PackageWatchdog: Saving observer state to file
11-14 05:09:44.062 1472 1472 I PackageWatchdog: Syncing health check requests for packages: {}
11-14 05:09:44.062 1472 1472 I ExplicitHealthCheckController: Service not ready to get health check supported packages. Binding...
11-14 05:09:44.066 1472 1472 I ExplicitHealthCheckController: Explicit health check service is bound
11-14 05:09:44.068 1472 1472 I ExplicitHealthCheckController: Explicit health check service is connected ComponentInfo{com.google.android.ext.services/android.ext.services.watchdog.ExplicitHealthCheckServiceImpl}
11-14 05:09:44.069 1472 1472 I ExplicitHealthCheckController: Service initialized, syncing requests
11-14 05:09:44.069 1472 1472 I PackageWatchdog: Syncing health check requests for packages: {}
11-14 05:09:44.069 1472 1472 D ExplicitHealthCheckController: Getting health check supported packages
11-14 05:09:44.069 1472 1813 I RescueParty: Starting to observe: [android, com.google.android.bluetooth, com.android.systemui], updated namespace: bluetooth
11-14 05:09:44.070 1472 1696 I PackageWatchdog: Syncing state, reason: observing new packages
11-14 05:09:44.070 1472 1696 D PackageWatchdog: rescue-party-observer added the following packages to monitor [android, com.google.android.bluetooth, com.android.systemui]
11-14 05:09:44.070 1472 1696 I PackageWatchdog: Syncing state, reason: updated observers
11-14 05:09:44.070 1472 1696 I PackageWatchdog: Not pruning observers, elapsed time: 0ms
11-14 05:09:44.070 1472 1696 I PackageWatchdog: Saving observer state to file
11-14 05:09:44.070 1472 4938 I ExplicitHealthCheckController: Explicit health check supported packages [PackageConfig{com.google.android.networkstack, 86400000}]
11-14 05:09:44.073 1472 1472 I PackageWatchdog: Syncing health check requests for packages: {}
11-14 05:09:44.073 1472 1472 D ExplicitHealthCheckController: Getting health check supported packages
11-14 05:09:44.073 1472 4938 D PackageWatchdog: Received supported packages [PackageConfig{com.google.android.networkstack, 86400000}]
11-14 05:09:44.074 1472 4954 I ExplicitHealthCheckController: Explicit health check supported packages [PackageConfig{com.google.android.networkstack, 86400000}]
11-14 05:09:44.074 1472 4954 D PackageWatchdog: Received supported packages [PackageConfig{com.google.android.networkstack, 86400000}]
11-14 05:09:44.074 1472 4954 D ExplicitHealthCheckController: Getting health check requested packages
11-14 05:09:44.075 1472 4938 D ExplicitHealthCheckController: Getting health check requested packages
11-14 05:09:44.075 1472 4954 I ExplicitHealthCheckController: Explicit health check requested packages []
11-14 05:09:44.075 1472 4954 I ExplicitHealthCheckController: No more health check requests, unbinding...
11-14 05:09:44.077 1472 4954 I ExplicitHealthCheckController: Explicit health check service is unbound
11-14 05:09:44.077 1472 4938 I ExplicitHealthCheckController: Explicit health check requested packages []
11-14 05:09:44.077 1472 4938 I ExplicitHealthCheckController: No more health check requests, unbinding...
11-14 05:09:44.077 1472 4938 I ExplicitHealthCheckController: Explicit health check service is unbound
11-14 05:09:44.083 1472 1813 I RescueParty: Starting to observe: [com.android.systemui], updated namespace: system_scheduler
11-14 05:09:44.083 1472 1696 I PackageWatchdog: Syncing state, reason: observing new packages
11-14 05:09:44.083 1472 1696 D PackageWatchdog: rescue-party-observer added the following packages to monitor [com.android.systemui]
11-14 05:09:44.083 1472 1696 I PackageWatchdog: Syncing state, reason: updated observers
11-14 05:09:44.083 1472 1696 I PackageWatchdog: Not pruning observers, elapsed time: 0ms
11-14 05:09:44.083 1472 1696 I PackageWatchdog: Saving observer state to file
11-14 05:09:44.086 1472 1472 I PackageWatchdog: Syncing health check requests for packages: {}
11-14 05:09:44.086 1472 1472 I ExplicitHealthCheckController: Service not ready to get health check supported packages. Binding...
11-14 05:09:44.090 1472 1472 I ExplicitHealthCheckController: Explicit health check service is bound
11-14 05:09:44.094 1472 1472 I ExplicitHealthCheckController: Explicit health check service is connected ComponentInfo{com.google.android.ext.services/android.ext.services.watchdog.ExplicitHealthCheckServiceImpl}
11-14 05:09:44.094 1472 1472 I ExplicitHealthCheckController: Service initialized, syncing requests
11-14 05:09:44.095 1472 1472 I PackageWatchdog: Syncing health check requests for packages: {}
11-14 05:09:44.095 1472 1472 D ExplicitHealthCheckController: Getting health check supported packages
11-14 05:09:44.096 1472 1813 I RescueParty: Starting to observe: [android, com.google.android.apps.nexuslauncher, com.android.systemui], updated namespace: latency_tracker
11-14 05:09:44.096 1472 4938 I ExplicitHealthCheckController: Explicit health check supported packages [PackageConfig{com.google.android.networkstack, 86400000}]
11-14 05:09:44.096 1472 4938 D PackageWatchdog: Received supported packages [PackageConfig{com.google.android.networkstack, 86400000}]
11-14 05:09:44.096 1472 4938 D ExplicitHealthCheckController: Getting health check requested packages
11-14 05:09:44.097 1472 1696 I PackageWatchdog: Syncing state, reason: observing new packages
11-14 05:09:44.098 1472 1696 D PackageWatchdog: rescue-party-observer added the following packages to monitor [android, com.google.android.apps.nexuslauncher, com.android.systemui]
11-14 05:09:44.098 1472 1696 I PackageWatchdog: Syncing state, reason: updated observers
11-14 05:09:44.098 1472 1696 I PackageWatchdog: Not pruning observers, elapsed time: 0ms
11-14 05:09:44.098 1472 1696 I PackageWatchdog: Saving observer state to file
11-14 05:09:44.100 1472 4938 I ExplicitHealthCheckController: Explicit health check requested packages []
11-14 05:09:44.100 1472 4938 I ExplicitHealthCheckController: No more health check requests, unbinding...
11-14 05:09:44.103 1472 1813 I RescueParty: Starting to observe: [android, com.android.systemui], updated namespace: battery_saver
11-14 05:09:44.103 1472 1696 I PackageWatchdog: Syncing state, reason: observing new packages
11-14 05:09:44.103 1472 4938 I ExplicitHealthCheckController: Explicit health check service is unbound
11-14 05:09:44.103 1472 1696 D PackageWatchdog: rescue-party-observer added the following packages to monitor [android, com.android.systemui]
11-14 05:09:44.103 1472 1696 I PackageWatchdog: Syncing state, reason: updated observers
11-14 05:09:44.103 1472 1696 I PackageWatchdog: Not pruning observers, elapsed time: 0ms
11-14 05:09:44.103 1472 1696 I PackageWatchdog: Saving observer state to file
11-14 05:09:44.107 1472 1472 I PackageWatchdog: Syncing health check requests for packages: {}
11-14 05:09:44.108 1472 1472 I ExplicitHealthCheckController: Service not ready to get health check supported packages. Binding...
11-14 05:09:44.111 1472 1813 I RescueParty: Starting to observe: [android, com.android.systemui], updated namespace: constrain_display_apis
11-14 05:09:44.111 1472 1472 I ExplicitHealthCheckController: Explicit health check service is bound
11-14 05:09:44.113 1472 1696 I PackageWatchdog: Syncing state, reason: observing new packages
11-14 05:09:44.114 1472 1696 D PackageWatchdog: rescue-party-observer added the following packages to monitor [android, com.android.systemui]
11-14 05:09:44.114 1472 1696 I PackageWatchdog: Syncing state, reason: updated observers
11-14 05:09:44.114 1472 1696 I PackageWatchdog: Not pruning observers, elapsed time: 0ms
11-14 05:09:44.114 1472 1696 I PackageWatchdog: Saving observer state to file
11-14 05:09:44.118 1472 1472 I PackageWatchdog: Syncing health check requests for packages: {}
11-14 05:09:44.118 1472 1472 I ExplicitHealthCheckController: Service not ready to get health check supported packages. Binding...
11-14 05:09:44.118 1472 1472 I ExplicitHealthCheckController: Not binding to service, service already connecting
11-14 05:09:44.118 1472 1472 I ExplicitHealthCheckController: Explicit health check service is connected ComponentInfo{com.google.android.ext.services/android.ext.services.watchdog.ExplicitHealthCheckServiceImpl}
11-14 05:09:44.119 1472 1472 I ExplicitHealthCheckController: Service initialized, syncing requests
11-14 05:09:44.119 1472 1472 I PackageWatchdog: Syncing health check requests for packages: {}
11-14 05:09:44.119 1472 1472 D ExplicitHealthCheckController: Getting health check supported packages
11-14 05:09:44.120 1472 2129 I ExplicitHealthCheckController: Explicit health check supported packages [PackageConfig{com.google.android.networkstack, 86400000}]
11-14 05:09:44.121 1472 2129 D PackageWatchdog: Received supported packages [PackageConfig{com.google.android.networkstack, 86400000}]
11-14 05:09:44.121 1472 2129 D ExplicitHealthCheckController: Getting health check requested packages
11-14 05:09:44.121 1472 2129 I ExplicitHealthCheckController: Explicit health check requested packages []
11-14 05:09:44.121 1472 2129 I ExplicitHealthCheckController: No more health check requests, unbinding...
11-14 05:09:44.123 1472 1813 I RescueParty: Starting to observe: [android, com.android.systemui], updated namespace: backup_and_restore
11-14 05:09:44.123 1472 2129 I ExplicitHealthCheckController: Explicit health check service is unbound
11-14 05:09:44.124 1472 1696 I PackageWatchdog: Syncing state, reason: observing new packages
11-14 05:09:44.124 1472 1696 D PackageWatchdog: rescue-party-observer added the following packages to monitor [android, com.android.systemui]
11-14 05:09:44.124 1472 1696 I PackageWatchdog: Syncing state, reason: updated observers
11-14 05:09:44.124 1472 1696 I PackageWatchdog: Not pruning observers, elapsed time: 0ms
11-14 05:09:44.124 1472 1696 I PackageWatchdog: Saving observer state to file
11-14 05:09:44.126 1472 1472 I PackageWatchdog: Syncing health check requests for packages: {}
11-14 05:09:44.126 1472 1472 I ExplicitHealthCheckController: Service not ready to get health check supported packages. Binding...
11-14 05:09:44.130 1472 1472 I ExplicitHealthCheckController: Explicit health check service is bound
11-14 05:09:44.132 1472 1472 I ExplicitHealthCheckController: Explicit health check service is connected ComponentInfo{com.google.android.ext.services/android.ext.services.watchdog.ExplicitHealthCheckServiceImpl}
11-14 05:09:44.133 1472 1472 I ExplicitHealthCheckController: Service initialized, syncing requests
11-14 05:09:44.133 1472 1472 I PackageWatchdog: Syncing health check requests for packages: {}
11-14 05:09:44.133 1472 1472 D ExplicitHealthCheckController: Getting health check supported packages
11-14 05:09:44.135 1472 4938 I ExplicitHealthCheckController: Explicit health check supported packages [PackageConfig{com.google.android.networkstack, 86400000}]
11-14 05:09:44.135 1472 4938 D PackageWatchdog: Received supported packages [PackageConfig{com.google.android.networkstack, 86400000}]
11-14 05:09:44.135 1472 4938 D ExplicitHealthCheckController: Getting health check requested packages
11-14 05:09:44.135 1472 4938 I ExplicitHealthCheckController: Explicit health check requested packages []
11-14 05:09:44.136 1472 4938 I ExplicitHealthCheckController: No more health check requests, unbinding...
11-14 05:09:44.136 1472 1813 I RescueParty: Starting to observe: [android, com.android.systemui], updated namespace: nnapi_native
11-14 05:09:44.136 1472 1696 I PackageWatchdog: Syncing state, reason: observing new packages
11-14 05:09:44.137 1472 1696 D PackageWatchdog: rescue-party-observer added the following packages to monitor [android, com.android.systemui]
11-14 05:09:44.137 1472 4938 I ExplicitHealthCheckController: Explicit health check service is unbound
11-14 05:09:44.137 1472 1696 I PackageWatchdog: Syncing state, reason: updated observers
11-14 05:09:44.137 1472 1696 I PackageWatchdog: Not pruning observers, elapsed time: 0ms
11-14 05:09:44.137 1472 1696 I PackageWatchdog: Saving observer state to file
11-14 05:09:44.148 1472 1472 I PackageWatchdog: Syncing health check requests for packages: {}
11-14 05:09:44.148 1472 1472 I ExplicitHealthCheckController: Service not ready to get health check supported packages. Binding...
11-14 05:09:44.151 1472 1813 I RescueParty: Starting to observe: [android, com.google.android.networkstack, com.android.systemui], updated namespace: tethering
11-14 05:09:44.151 1472 1696 I PackageWatchdog: Syncing state, reason: observing new packages
11-14 05:09:44.152 1472 1696 D PackageWatchdog: rescue-party-observer added the following packages to monitor [android, com.google.android.networkstack, com.android.systemui]
11-14 05:09:44.152 1472 1696 I PackageWatchdog: Syncing state, reason: updated observers
11-14 05:09:44.152 1472 1696 I PackageWatchdog: Not pruning observers, elapsed time: 0ms
11-14 05:09:44.152 1472 1696 I PackageWatchdog: Saving observer state to file
11-14 05:09:44.152 1472 1472 I ExplicitHealthCheckController: Explicit health check service is bound
11-14 05:09:44.156 1472 1623 E SettingsToPropertiesMapper: Unable to set property persist.device_config.tethering.mdns_type_allowlist_flags value ''
11-14 05:09:44.156 1472 1623 E SettingsToPropertiesMapper: java.lang.RuntimeException: failed to set system property (check logcat for reason)
11-14 05:09:44.156 1472 1623 E SettingsToPropertiesMapper: at android.os.SystemProperties.native_set(Native Method)
11-14 05:09:44.156 1472 1623 E SettingsToPropertiesMapper: at android.os.SystemProperties.set(SystemProperties.java:235)
11-14 05:09:44.156 1472 1623 E SettingsToPropertiesMapper: at com.android.server.am.SettingsToPropertiesMapper.setProperty(SettingsToPropertiesMapper.java:256)
11-14 05:09:44.156 1472 1623 E SettingsToPropertiesMapper: at com.android.server.am.SettingsToPropertiesMapper.lambda$updatePropertiesFromSettings$0(SettingsToPropertiesMapper.java:170)
11-14 05:09:44.156 1472 1623 E SettingsToPropertiesMapper: at com.android.server.am.SettingsToPropertiesMapper.$r8$lambda$7dmMc42oRK0FQ6jpTa0oSm0eFHo(SettingsToPropertiesMapper.java:0)
11-14 05:09:44.156 1472 1623 E SettingsToPropertiesMapper: at com.android.server.am.SettingsToPropertiesMapper$$ExternalSyntheticLambda0.onPropertiesChanged(R8$$SyntheticClass:0)
11-14 05:09:44.156 1472 1623 E SettingsToPropertiesMapper: at android.provider.DeviceConfig.lambda$handleChange$0(DeviceConfig.java:1466)
11-14 05:09:44.156 1472 1623 E SettingsToPropertiesMapper: at android.provider.DeviceConfig$$ExternalSyntheticLambda0.run(Unknown Source:4)
11-14 05:09:44.156 1472 1623 E SettingsToPropertiesMapper: at java.util.concurrent.ThreadPoolExecutor.runWorker(ThreadPoolExecutor.java:1145)
11-14 05:09:44.156 1472 1623 E SettingsToPropertiesMapper: at java.util.concurrent.ThreadPoolExecutor$Worker.run(ThreadPoolExecutor.java:644)
11-14 05:09:44.156 1472 1623 E SettingsToPropertiesMapper: at java.lang.Thread.run(Thread.java:1012)
11-14 05:09:44.157 1472 1472 I PackageWatchdog: Syncing health check requests for packages: {}
11-14 05:09:44.157 1472 1472 I ExplicitHealthCheckController: Service not ready to get health check supported packages. Binding...
11-14 05:09:44.157 1472 1472 I ExplicitHealthCheckController: Not binding to service, service already connecting
11-14 05:09:44.157 1472 1472 I ExplicitHealthCheckController: Explicit health check service is connected ComponentInfo{com.google.android.ext.services/android.ext.services.watchdog.ExplicitHealthCheckServiceImpl}
11-14 05:09:44.158 1472 1472 I ExplicitHealthCheckController: Service initialized, syncing requests
11-14 05:09:44.158 1472 1472 I PackageWatchdog: Syncing health check requests for packages: {}
11-14 05:09:44.158 1472 1472 D ExplicitHealthCheckController: Getting health check supported packages
11-14 05:09:44.160 1472 1623 E SettingsToPropertiesMapper: Unable to set property persist.device_config.tethering.mdns_discovery_manager_allowlist_presence_version value '0'
11-14 05:09:44.160 1472 1623 E SettingsToPropertiesMapper: java.lang.RuntimeException: failed to set system property (check logcat for reason)
11-14 05:09:44.160 1472 1623 E SettingsToPropertiesMapper: at android.os.SystemProperties.native_set(Native Method)
11-14 05:09:44.160 1472 1623 E SettingsToPropertiesMapper: at android.os.SystemProperties.set(SystemProperties.java:235)
11-14 05:09:44.160 1472 1623 E SettingsToPropertiesMapper: at com.android.server.am.SettingsToPropertiesMapper.setProperty(SettingsToPropertiesMapper.java:256)
11-14 05:09:44.160 1472 1623 E SettingsToPropertiesMapper: at com.android.server.am.SettingsToPropertiesMapper.lambda$updatePropertiesFromSettings$0(SettingsToPropertiesMapper.java:170)
11-14 05:09:44.160 1472 1623 E SettingsToPropertiesMapper: at com.android.server.am.SettingsToPropertiesMapper.$r8$lambda$7dmMc42oRK0FQ6jpTa0oSm0eFHo(SettingsToPropertiesMapper.java:0)
11-14 05:09:44.160 1472 1623 E SettingsToPropertiesMapper: at com.android.server.am.SettingsToPropertiesMapper$$ExternalSyntheticLambda0.onPropertiesChanged(R8$$SyntheticClass:0)
11-14 05:09:44.160 1472 1623 E SettingsToPropertiesMapper: at android.provider.DeviceConfig.lambda$handleChange$0(DeviceConfig.java:1466)
11-14 05:09:44.160 1472 1623 E SettingsToPropertiesMapper: at android.provider.DeviceConfig$$ExternalSyntheticLambda0.run(Unknown Source:4)
11-14 05:09:44.160 1472 1623 E SettingsToPropertiesMapper: at java.util.concurrent.ThreadPoolExecutor.runWorker(ThreadPoolExecutor.java:1145)
11-14 05:09:44.160 1472 1623 E SettingsToPropertiesMapper: at java.util.concurrent.ThreadPoolExecutor$Worker.run(ThreadPoolExecutor.java:644)
11-14 05:09:44.160 1472 1623 E SettingsToPropertiesMapper: at java.lang.Thread.run(Thread.java:1012)
11-14 05:09:44.161 1472 1623 E SettingsToPropertiesMapper: Unable to set property persist.device_config.tethering.mdns_advertiser_allowlist_presence_version value '0'
11-14 05:09:44.161 1472 1623 E SettingsToPropertiesMapper: java.lang.RuntimeException: failed to set system property (check logcat for reason)
11-14 05:09:44.161 1472 1623 E SettingsToPropertiesMapper: at android.os.SystemProperties.native_set(Native Method)
11-14 05:09:44.161 1472 1623 E SettingsToPropertiesMapper: at android.os.SystemProperties.set(SystemProperties.java:235)
11-14 05:09:44.161 1472 1623 E SettingsToPropertiesMapper: at com.android.server.am.SettingsToPropertiesMapper.setProperty(SettingsToPropertiesMapper.java:256)
11-14 05:09:44.161 1472 1623 E SettingsToPropertiesMapper: at com.android.server.am.SettingsToPropertiesMapper.lambda$updatePropertiesFromSettings$0(SettingsToPropertiesMapper.java:170)
11-14 05:09:44.161 1472 1623 E SettingsToPropertiesMapper: at com.android.server.am.SettingsToPropertiesMapper.$r8$lambda$7dmMc42oRK0FQ6jpTa0oSm0eFHo(SettingsToPropertiesMapper.java:0)
11-14 05:09:44.161 1472 1623 E SettingsToPropertiesMapper: at com.android.server.am.SettingsToPropertiesMapper$$ExternalSyntheticLambda0.onPropertiesChanged(R8$$SyntheticClass:0)
11-14 05:09:44.161 1472 1623 E SettingsToPropertiesMapper: at android.provider.DeviceConfig.lambda$handleChange$0(DeviceConfig.java:1466)
11-14 05:09:44.161 1472 1623 E SettingsToPropertiesMapper: at android.provider.DeviceConfig$$ExternalSyntheticLambda0.run(Unknown Source:4)
11-14 05:09:44.161 1472 1623 E SettingsToPropertiesMapper: at java.util.concurrent.ThreadPoolExecutor.runWorker(ThreadPoolExecutor.java:1145)
11-14 05:09:44.161 1472 1623 E SettingsToPropertiesMapper: at java.util.concurrent.ThreadPoolExecutor$Worker.run(ThreadPoolExecutor.java:644)
11-14 05:09:44.161 1472 1623 E SettingsToPropertiesMapper: at java.lang.Thread.run(Thread.java:1012)
11-14 05:09:44.163 1472 1623 E SettingsToPropertiesMapper: Unable to set property persist.device_config.tethering.destroy_frozen_sockets_version value '0'
11-14 05:09:44.163 1472 1623 E SettingsToPropertiesMapper: java.lang.RuntimeException: failed to set system property (check logcat for reason)
11-14 05:09:44.163 1472 1623 E SettingsToPropertiesMapper: at android.os.SystemProperties.native_set(Native Method)
11-14 05:09:44.163 1472 1623 E SettingsToPropertiesMapper: at android.os.SystemProperties.set(SystemProperties.java:235)
11-14 05:09:44.163 1472 1623 E SettingsToPropertiesMapper: at com.android.server.am.SettingsToPropertiesMapper.setProperty(SettingsToPropertiesMapper.java:256)
11-14 05:09:44.163 1472 1623 E SettingsToPropertiesMapper: at com.android.server.am.SettingsToPropertiesMapper.lambda$updatePropertiesFromSettings$0(SettingsToPropertiesMapper.java:170)
11-14 05:09:44.163 1472 1623 E SettingsToPropertiesMapper: at com.android.server.am.SettingsToPropertiesMapper.$r8$lambda$7dmMc42oRK0FQ6jpTa0oSm0eFHo(SettingsToPropertiesMapper.java:0)
11-14 05:09:44.163 1472 1623 E SettingsToPropertiesMapper: at com.android.server.am.SettingsToPropertiesMapper$$ExternalSyntheticLambda0.onPropertiesChanged(R8$$SyntheticClass:0)
11-14 05:09:44.163 1472 1623 E SettingsToPropertiesMapper: at android.provider.DeviceConfig.lambda$handleChange$0(DeviceConfig.java:1466)
11-14 05:09:44.163 1472 1623 E SettingsToPropertiesMapper: at android.provider.DeviceConfig$$ExternalSyntheticLambda0.run(Unknown Source:4)
11-14 05:09:44.163 1472 1623 E SettingsToPropertiesMapper: at java.util.concurrent.ThreadPoolExecutor.runWorker(ThreadPoolExecutor.java:1145)
11-14 05:09:44.163 1472 1623 E SettingsToPropertiesMapper: at java.util.concurrent.ThreadPoolExecutor$Worker.run(ThreadPoolExecutor.java:644)
