11-14 14:17:54.384 2357 2612 D EuiccConnector: processMsg: UnavailableState
11-14 14:17:54.385 2357 2357 D CarrierSvcBindHelper: No carrier app for: 0
11-14 14:17:54.385 2357 2612 D EuiccConnector: transitionTo: destState=AvailableState
11-14 14:17:54.388 2357 2612 D EuiccConnector: handleMessage: new destination call exit/enter
11-14 14:17:54.388 2357 2612 D EuiccConnector: setupTempStateStackWithStatesToEnter: X mTempStateStackCount=1,curStateInfo: state=UnavailableState,active=true,parent=null
11-14 14:17:54.388 2357 2612 D EuiccConnector: invokeExitMethods: AvailableState
11-14 14:17:54.388 2357 2612 D EuiccConnector: moveTempStackToStateStack: i=0,j=1
11-14 14:17:54.388 2357 2612 D EuiccConnector: moveTempStackToStateStack: X mStateStackTop=1,startingIndex=1,Top=AvailableState
11-14 14:17:54.388 2357 2612 D EuiccConnector: invokeEnterMethods: AvailableState
11-14 14:17:54.388 2357 2612 D EuiccConnector: handleMessage: X
11-14 14:17:54.388 2357 2612 D EuiccConnector: handleMessage: E msg.what=1
11-14 14:17:54.388 2357 2612 D EuiccConnector: processMsg: AvailableState
11-14 14:17:54.388 2357 2612 D EuiccConnector: processMsg: UnavailableState
11-14 14:17:54.389 2357 2612 D EuiccConnector: transitionTo: destState=AvailableState
11-14 14:17:54.390 2357 2612 D EuiccConnector: handleMessage: new destination call exit/enter
11-14 14:17:54.390 2357 2612 D EuiccConnector: setupTempStateStackWithStatesToEnter: X mTempStateStackCount=1,curStateInfo: state=UnavailableState,active=true,parent=null
11-14 14:17:54.390 2357 2612 D EuiccConnector: invokeExitMethods: AvailableState
11-14 14:17:54.390 2357 2612 D EuiccConnector: moveTempStackToStateStack: i=0,j=1
11-14 14:17:54.390 2357 2612 D EuiccConnector: moveTempStackToStateStack: X mStateStackTop=1,startingIndex=1,Top=AvailableState
11-14 14:17:54.390 2357 2612 D EuiccConnector: invokeEnterMethods: AvailableState
11-14 14:17:54.390 2357 2612 D EuiccConnector: handleMessage: X
11-14 14:17:54.390 2357 2612 D EuiccConnector: handleMessage: E msg.what=103
11-14 14:17:54.390 2357 2612 D EuiccConnector: processMsg: AvailableState
11-14 14:17:54.390 2357 2612 D EuiccConnector: deferMessage: msg=103
11-14 14:17:54.390 2357 2612 D EuiccConnector: transitionTo: destState=BindingState
11-14 14:17:54.391 2357 2612 D EuiccConnector: handleMessage: new destination call exit/enter
11-14 14:17:54.391 2357 2612 D EuiccConnector: setupTempStateStackWithStatesToEnter: X mTempStateStackCount=1,curStateInfo: null
11-14 14:17:54.391 2357 2612 D EuiccConnector: invokeExitMethods: AvailableState
11-14 14:17:54.391 2357 2612 D EuiccConnector: invokeExitMethods: UnavailableState
11-14 14:17:54.391 2357 2612 D EuiccConnector: moveTempStackToStateStack: i=0,j=0
11-14 14:17:54.391 2357 2612 D EuiccConnector: moveTempStackToStateStack: X mStateStackTop=0,startingIndex=0,Top=BindingState
11-14 14:17:54.391 2357 2612 D EuiccConnector: invokeEnterMethods: BindingState
11-14 14:17:54.394 1472 1685 V WindowManager: Sent Transition #216 createdAt=11-14 14:17:54.220 via request=TransitionRequestInfo { type = CLOSE, triggerTask = TaskInfo{userId=0 taskId=407 displayId=0 isRunning=false baseIntent=Intent { flg=0x10000000 cmp=org.qtproject.example.contactlistexample/org.qtproject.qt.android.bindings.QtActivity } baseActivity=null topActivity=null origActivity=null realActivity=ComponentInfo{org.qtproject.example.contactlistexample/org.qtproject.qt.android.bindings.QtActivity} numActivities=0 lastActiveTime=1881650461 supportsMultiWindow=true resizeMode=1 isResizeable=true minWidth=-1 minHeight=-1 defaultMinSize=220 token=WCT{RemoteToken{edfb405 Task{d1b612e #407 type=standard A=10277:org.qtproject.example.contactlistexample}}} topActivityType=1 pictureInPictureParams=null shouldDockBigOverlays=false launchIntoPipHostTaskId=-1 lastParentTaskIdBeforePip=-1 displayCutoutSafeInsets=Rect(0, 132 - 0, 0) topActivityInfo=null launchCookies=[] positionInParent=Point(0, 0) parentTaskId=-1 isFocused=true isVisible=true isSleeping=false topActivityInSizeCompat=false topActivityEligibleForLetterboxEducation= false topActivityLetterboxed= false isFromDoubleTap= false topActivityLetterboxVerticalPosition= -1 topActivityLetterboxHorizontalPosition= -1 topActivityLetterboxWidth=-1 topActivityLetterboxHeight=-1 locusId=null displayAreaFeatureId=1 cameraCompatControlState=hidden}, remoteTransition = null, displayChange = null }
11-14 14:17:54.394 1472 1685 V WindowManager: startWCT=WindowContainerTransaction { changes = {} hops = [] errorCallbackToken=null taskFragmentOrganizer=null }
11-14 14:17:54.394 1472 1685 V WindowManager: info={id=216 t=CLOSE f=0x0 r=[0@Point(0, 0)] c=[{WCT{RemoteToken{b4e2d72 Task{d91fcd9 #1 type=home}}} m=SHOW f=SHOW_WALLPAPER leash=Surface(name=Task=1)/@0x666b647 sb=Rect(0, 0 - 1080, 2400) eb=Rect(0, 0 - 1080, 2400) d=0}]}
11-14 14:17:54.401 1472 4946 D CompatibilityChangeReporter: Compat change id reported: 161252188; UID 10155; state: DISABLED
11-14 14:17:54.403 1472 4946 D ActivityManager: sync unfroze 5451 com.google.android.euicc
11-14 14:17:54.405 2357 2612 D EuiccConnector: transitionTo: destState=DisconnectedState
11-14 14:17:54.405 2357 2612 D EuiccConnector: moveDeferredMessageAtFrontOfQueue; what=103
11-14 14:17:54.405 2357 2612 D EuiccConnector: handleMessage: new destination call exit/enter
11-14 14:17:54.405 2357 2612 D EuiccConnector: setupTempStateStackWithStatesToEnter: X mTempStateStackCount=1,curStateInfo: null
11-14 14:17:54.405 2357 2612 D EuiccConnector: invokeExitMethods: BindingState
11-14 14:17:54.405 2357 2612 D EuiccConnector: moveTempStackToStateStack: i=0,j=0
11-14 14:17:54.405 2357 2612 D EuiccConnector: moveTempStackToStateStack: X mStateStackTop=0,startingIndex=0,Top=DisconnectedState
11-14 14:17:54.405 2357 2612 D EuiccConnector: invokeEnterMethods: DisconnectedState
11-14 14:17:54.405 2357 2612 D EuiccConnector: handleMessage: X
11-14 14:17:54.405 2357 2612 D EuiccConnector: handleMessage: E msg.what=103
11-14 14:17:54.405 2357 2612 D EuiccConnector: processMsg: DisconnectedState
11-14 14:17:54.405 2357 2612 D EuiccConnector: deferMessage: msg=103
11-14 14:17:54.405 2357 2612 D EuiccConnector: handleMessage: X
11-14 14:17:54.413 1942 1956 W System : A resource failed to call release.
11-14 14:17:54.413 1942 1956 W System : A resource failed to call release.
11-14 14:17:54.413 1942 1956 W System : A resource failed to call release.
11-14 14:17:54.417 1472 1472 D ActivityManager: sync unfroze 30461 com.android.settings
11-14 14:17:54.418 1472 1472 D ActivityManager: sync unfroze 3999 com.android.keychain
11-14 14:17:54.452 5451 5451 I EuiccGoogle: [2] EuiccServiceImpl.onCreate: onCreate Single-SIM mode: simCardState is 0
11-14 14:17:54.456 2357 2357 E VvmPkgInstalledRcvr: cannot create TelephonyManager from ComponentInfo{com.android.phone/com.android.services.telephony.TelephonyConnectionService}, E, UserHandle{0}
11-14 14:17:54.457 1472 1721 D PackageInstallerSession: Marking session 882627450 as applied
11-14 14:17:54.457 1056 20326 E installd: Couldn't opendir /data/app/vmdl882627450.tmp: No such file or directory
11-14 14:17:54.457 1472 1472 W binder:1472_13: type=1400 audit(0.0:8519): avc: denied { getopt } for scontext=u:r:system_server:s0 tcontext=u:r:shell:s0 tclass=unix_stream_socket permissive=0
11-14 14:17:54.457 1472 1472 W binder:1472_13: type=1400 audit(0.0:8520): avc: denied { getopt } for scontext=u:r:system_server:s0 tcontext=u:r:shell:s0 tclass=unix_stream_socket permissive=0
11-14 14:17:54.457 1472 1472 W binder:1472_13: type=1400 audit(0.0:8521): avc: denied { getopt } for scontext=u:r:system_server:s0 tcontext=u:r:shell:s0 tclass=unix_stream_socket permissive=0
11-14 14:17:54.459 1056 20326 E installd: Failed to delete /data/app/vmdl882627450.tmp: No such file or directory
11-14 14:17:54.460 1472 1472 I Telecom : CarModeTracker: Package org.qtproject.example.contactlistexample is not tracked.: SSH.oR@P7A
11-14 14:17:54.460 1472 1472 I Telecom : InCallController: updateCarModeForConnections: car mode apps: : SSH.oR@P7A
11-14 14:17:54.461 1472 1821 I InputReader: Reconfiguring input devices, changes=KEYBOARD_LAYOUTS |
11-14 14:17:54.465 2357 2357 D ImsResolver: maybeAddedImsService, packageName: org.qtproject.example.contactlistexample
11-14 14:17:54.469 3536 3536 I Finsky : [2] wpt.g(1): wpt - Received: android.intent.action.PACKAGE_REMOVED, [bTEBHWCYArBB1n9RcbL9b68-dcarW5hI57e8OJdVaAA]
11-14 14:17:54.477 3850 3850 D RegisteredNfcFServicesCache: Service unchanged, not updating
11-14 14:17:54.477 2247 2278 D SecureElementService: getReaders() for com.android.nfc
11-14 14:17:54.479 5451 5451 I EuiccGoogle: [2] Partner.getResourceEntry$ar$ds$ar$class_merging$ar$class_merging: Partner app=com.google.android.euiccoverlay, Resource name=esim_supported_countries, type=string, id = 0
11-14 14:17:54.479 5451 5451 I EuiccGoogle: [2] Partner.getResourceEntry$ar$ds$ar$class_merging$ar$class_merging: Partner app=com.google.android.euiccoverlay, Resource name=esim_unsupported_countries, type=string, id = 2131689520
11-14 14:17:54.482 1942 1942 D ControlsListingControllerImpl: ServiceConfig reloaded, count: 0
11-14 14:17:54.490 3536 5979 I Finsky : [139] phh.run(202): Wrote row to frosting DB: 6454
11-14 14:17:54.494 2357 2612 D EuiccConnector: handleMessage: E msg.what=4
11-14 14:17:54.494 2357 2612 D EuiccConnector: processMsg: DisconnectedState
11-14 14:17:54.494 2357 2612 D EuiccConnector: transitionTo: destState=ConnectedState
11-14 14:17:54.494 2357 2612 D EuiccConnector: handleMessage: new destination call exit/enter
11-14 14:17:54.494 2357 2612 D EuiccConnector: setupTempStateStackWithStatesToEnter: X mTempStateStackCount=1,curStateInfo: state=DisconnectedState,active=true,parent=null
11-14 14:17:54.494 2357 2612 D EuiccConnector: moveTempStackToStateStack: i=0,j=1
11-14 14:17:54.494 2357 2612 D EuiccConnector: moveTempStackToStateStack: X mStateStackTop=1,startingIndex=1,Top=ConnectedState
11-14 14:17:54.494 2357 2612 D EuiccConnector: invokeEnterMethods: ConnectedState
11-14 14:17:54.494 2357 2612 D EuiccConnector: moveDeferredMessageAtFrontOfQueue; what=103
11-14 14:17:54.494 2357 2612 D EuiccConnector: handleMessage: X
11-14 14:17:54.494 2357 2612 D EuiccConnector: handleMessage: E msg.what=103
11-14 14:17:54.494 2357 2612 D EuiccConnector: processMsg: ConnectedState
11-14 14:17:54.494 2357 2612 D EuiccConnector: handleMessage: X
11-14 14:17:54.495 5451 5984 I EuiccGoogle: [61] EuiccServiceImpl.onGetEuiccProfileInfoList: onGetEuiccProfileInfoList: slotId = -1
11-14 14:17:54.499 5451 5984 W EuiccGoogle: [61] EuiccServiceImpl.onGetEuiccProfileInfoList: slotId=-1. No eUICC is active. Return null.
11-14 14:17:54.500 2357 2612 D EuiccConnector: handleMessage: E msg.what=6
11-14 14:17:54.500 2357 2612 D EuiccConnector: processMsg: ConnectedState
11-14 14:17:54.501 2357 2612 D EuiccConnector: handleMessage: X
11-14 14:17:54.501 2357 2612 D EuiccConnector: handleMessage: E msg.what=103
11-14 14:17:54.501 2357 2612 D EuiccConnector: processMsg: ConnectedState
11-14 14:17:54.501 2357 2612 D EuiccConnector: handleMessage: X
11-14 14:17:54.502 5451 5986 I EuiccGoogle: [62] EuiccServiceImpl.onGetEuiccProfileInfoList: onGetEuiccProfileInfoList: slotId = -1
11-14 14:17:54.504 3536 5979 I Finsky : [139] phh.run(202): Wrote row to frosting DB: 6455
11-14 14:17:54.504 5451 5986 W EuiccGoogle: [62] EuiccServiceImpl.onGetEuiccProfileInfoList: slotId=-1. No eUICC is active. Return null.
11-14 14:17:54.505 3536 5982 I Finsky : [142] qnm.accept(67): IQ: handled package removed
11-14 14:17:54.507 2357 2612 D EuiccConnector: handleMessage: E msg.what=6
11-14 14:17:54.507 2357 2612 D EuiccConnector: processMsg: ConnectedState
11-14 14:17:54.507 2357 2612 D EuiccConnector: handleMessage: X
11-14 14:17:54.509 1472 1916 I SdkSandboxManager: No SDKs used. Skipping SDK data reconcilation for CallingInfo{mUid=10277, mPackageName='org.qtproject.example.contactlistexample, mAppProcessToken='null'}
11-14 14:17:54.512 1472 1697 D ActivityManager: sync unfroze 2098 com.google.android.permissioncontroller
11-14 14:17:54.512 1472 1916 I SdkSandboxManager: No SDKs used. Skipping SDK data reconcilation for CallingInfo{mUid=10277, mPackageName='org.qtproject.example.contactlistexample, mAppProcessToken='null'}
11-14 14:17:54.513 1472 1821 I InputReader: Reconfiguring input devices, changes=KEYBOARD_LAYOUTS |
11-14 14:17:54.516 1942 1942 D ControlsListingControllerImpl: ServiceConfig reloaded, count: 0
11-14 14:17:54.516 1472 1821 I InputReader: Reconfiguring input devices, changes=KEYBOARD_LAYOUTS |
11-14 14:17:54.517 1472 1840 D LocaleManagerService: getApplicationLocales: fetching locales for package org.qtproject.example.contactlistexample and user 0
11-14 14:17:54.517 1472 1840 W PackageConfigPersister: App-specific configuration not found for packageName: org.qtproject.example.contactlistexample and userId: 0
11-14 14:17:54.517 1472 1840 D LocaleManagerService: getApplicationLocales: application config not found for org.qtproject.example.contactlistexample and user id 0
11-14 14:17:54.517 1942 1942 D ControlsListingControllerImpl: ServiceConfig reloaded, count: 0
11-14 14:17:54.517 1472 1840 D SystemAppUpdateTracker: isUpdatedSystemApp: Package not found org.qtproject.example.contactlistexample
11-14 14:17:54.517 3536 3536 I Finsky : [2] wpt.g(1): wpt - Received: android.intent.action.PACKAGE_ADDED, [bTEBHWCYArBB1n9RcbL9b68-dcarW5hI57e8OJdVaAA]
11-14 14:17:54.518 1472 4938 D ActivityManager: sync unfroze 12154 com.google.android.apps.wellbeing
11-14 14:17:54.525 12154 12270 E TraceManagerImpl: Trace WorkManager:TikTokListenableWorker startWork timed out after 11279942 ms. Complete trace: # kvp@5c8f9a1e
11-14 14:17:54.525 12154 12270 E TraceManagerImpl: kvv:
11-14 14:17:54.525 12154 12270 E TraceManagerImpl: at tk_trace.DELETE FROM auxiliary_app_data WHERE package_id=? AND storage_id=?(Started After:0)
11-14 14:17:54.531 12154 12231 E TraceManagerImpl: Trace Broadcast to com.google.android.apps.wellbeing.time.delta.CheckTimeDeltaBroadcastReceiver_Receiver android.intent.action.TIME_SET timed out after 2612129 ms. Complete trace: # kvp@fb246467
11-14 14:17:54.531 12154 12231 E TraceManagerImpl: kvv:
11-14 14:17:54.531 12154 12231 E TraceManagerImpl: at tk_trace.Update PackageSuspensionHandlerPreferences(Started After:0)
11-14 14:17:54.533 1472 1472 V BackupManagerConstants: getFullBackupIntervalMilliseconds(...) returns 86400000
11-14 14:17:54.533 1472 1472 V BackupManagerConstants: getFullBackupRequiredNetworkType(...) returns 2
11-14 14:17:54.533 1472 1472 V BackupManagerConstants: getFullBackupRequireCharging(...) returns true
11-14 14:17:54.533 2098 2098 I SafetyLabelChangedBroadcastReceiver: received broadcast packageName: org.qtproject.example.contactlistexample, current user: UserHandle{0}, packageChangeEvent: UPDATE, intent user: UserHandle{0}
11-14 14:17:54.533 3536 3536 I Finsky : [2] rnd.aiH(13): DTU: Received onPackageAdded, replacing: true
11-14 14:17:54.535 12154 12185 W TimedProcessReaper: Memory state is: 100
11-14 14:17:54.537 3536 5979 I Finsky : [139] phh.run(202): Wrote row to frosting DB: 6456
11-14 14:17:54.541 1942 1966 V WindowManagerShell: Transition animation finished (aborted=false), notifying core (#216)android.os.BinderProxy@44a24d1
11-14 14:17:54.543 1472 1685 V WindowManager: Finish Transition #216: created at
11-14 14:17:54.220 collect-started=0.069ms request-sent=0.214ms started=55.704ms ready=64.447ms sent=81.481ms finished=321.68ms
11-14 14:17:54.543 2098 21104 I PermissionControllerServiceImpl: Updating user sensitive for uid 10277
11-14 14:17:54.543 1472 1472 D CompatibilityChangeReporter: Compat change id reported: 218533173; UID 10277; state: ENABLED
11-14 14:17:54.543 1472 1472 D CompatibilityChangeReporter: Compat change id reported: 171306433; UID 10277; state: ENABLED
11-14 14:17:54.543 1472 1472 W AlarmManager: Package org.qtproject.example.contactlistexample, uid 10277 lost permission to set exact alarms!
11-14 14:17:54.544 1942 1966 V WindowManagerShell: All active transition animations finished
11-14 14:17:54.550 3536 5979 I Finsky : [139] phh.run(202): Wrote row to frosting DB: 6457
11-14 14:17:54.551 1472 1696 W WindowMagnificationMgr: requestConnection duplicated request: connect=false, mConnectionState=DISCONNECTED
11-14 14:17:54.555 3536 3536 I Finsky : [2] wpt.g(1): wpt - Received: android.intent.action.PACKAGE_ADDED, [bTEBHWCYArBB1n9RcbL9b68-dcarW5hI57e8OJdVaAA]
11-14 14:17:54.565 1472 1696 W WindowMagnificationMgr: requestConnection duplicated request: connect=false, mConnectionState=DISCONNECTED
11-14 14:17:54.565 3536 5979 I Finsky : [139] phh.run(202): Wrote row to frosting DB: 6458
11-14 14:17:54.567 3536 3536 I Finsky : [2] wpt.g(1): wpt - Deduping intent android.intent.action.PACKAGE_ADDED
11-14 14:17:54.568 3536 3536 I Finsky : [2] wpt.g(1): wpt - Received: android.intent.action.PACKAGE_ADDED, [bTEBHWCYArBB1n9RcbL9b68-dcarW5hI57e8OJdVaAA]
11-14 14:17:54.573 3536 3536 I Finsky : [2] wpt.g(1): wpt - Deduping intent android.intent.action.PACKAGE_ADDED
11-14 14:17:54.576 3536 5979 I Finsky : [139] phh.run(202): Wrote row to frosting DB: 6459
11-14 14:17:54.582 3536 3605 I Finsky : [53] yyj.accept(345): SCH: Scheduling phonesky job Id: 12-1, CT: 1699964274491, Constraints: [{ L: 15000, D: 86400000, C: 1, I: 1, N: 1 }]
11-14 14:17:54.582 1472 1617 I system_server: Background concurrent copying GC freed 1668696(62MB) AllocSpace objects, 33(884KB) LOS objects, 64% free, 53MB/149MB, paused 307us,269us total 259.382ms
11-14 14:17:54.587 3536 3536 I Finsky : [2] VerifyInstallTask.ajA(58): VerifyApps: Verification complete: id=122, package_name=org.qtproject.example.contactlistexample
11-14 14:17:54.590 3536 3606 I Finsky : [54] zjm.apply(81): SCH: Scheduling 1 system job(s)
11-14 14:17:54.591 3536 3606 I Finsky : [54] aahf.d(263): SCH: Scheduling system job Id: 9612, L: 14901, D: 45401726, C: false, I: false, N: 1
11-14 14:17:54.597 1472 1619 W System : A resource failed to call HardwareBuffer.close.
11-14 14:17:54.597 1472 1619 W System : A resource failed to call HardwareBuffer.close.
11-14 14:17:54.597 1472 1619 W System : A resource failed to call close.
11-14 14:17:54.598 1472 1619 W System : A resource failed to call release.
11-14 14:17:54.609 3536 3597 I Finsky : [45] lef.ahy(65): [ContentSync] finished, scheduled=true
11-14 14:17:54.609 1472 1619 W System : A resource failed to call close.
11-14 14:17:54.610 3536 3607 I Finsky : [55] yyj.accept(345): SCH: Scheduling phonesky job Id: 12-1, CT: 1699964274535, Constraints: [{ L: 15000, D: 86400000, C: 1, I: 1, N: 1 }]
11-14 14:17:54.613 3536 3605 I Finsky : [53] zjm.apply(81): SCH: Scheduling 0 system job(s)
11-14 14:17:54.614 3536 3605 I Finsky : [53] lef.ahy(65): [ContentSync] finished, scheduled=true
11-14 14:17:54.640 1472 2549 I ActivityManager: Force stopping org.qtproject.example.contactlistexample appid=10277 user=0: from pid 5992
11-14 14:17:54.642 1472 2549 I AppsFilter: interaction: PackageSetting{90d1ed3 org.qtproject.example.qmlchart/10248} -> PackageSetting{db32c87 org.qtproject.example.contactlistexample/10277} BLOCKED
11-14 14:17:54.642 1472 2549 I AppsFilter: interaction: PackageSetting{64ea909 org.qtproject.example.vulkanunderqml/10267} -> PackageSetting{db32c87 org.qtproject.example.contactlistexample/10277} BLOCKED
11-14 14:17:54.642 1472 2549 I AppsFilter: interaction: PackageSetting{cf4e70e com.qt.finweather/10286} -> PackageSetting{db32c87 org.qtproject.example.contactlistexample/10277} BLOCKED
11-14 14:17:54.642 1472 2549 I AppsFilter: interaction: PackageSetting{580d52f org.qtproject.example.appQTBUG_38700_example/10269} -> PackageSetting{db32c87 org.qtproject.example.contactlistexample/10277} BLOCKED
11-14 14:17:54.642 1472 2549 I AppsFilter: interaction: PackageSetting{a29473c org.qtproject.example.minimal_qml/10262} -> PackageSetting{db32c87 org.qtproject.example.contactlistexample/10277} BLOCKED
11-14 14:17:54.642 1472 2549 I AppsFilter: interaction: PackageSetting{bafccc5 org.qtproject.example.qmloscilloscope/10255} -> PackageSetting{db32c87 org.qtproject.example.contactlistexample/10277} BLOCKED
11-14 14:17:54.642 1472 2549 I AppsFilter: interaction: PackageSetting{f9c661a org.qtproject.example.calqlatrexample/10266} -> PackageSetting{db32c87 org.qtproject.example.contactlistexample/10277} BLOCKED
11-14 14:17:54.642 1472 2549 I AppsFilter: interaction: PackageSetting{ecf954b org.qtproject.example.appqt66beta1androidquickexample/10256} -> PackageSetting{db32c87 org.qtproject.example.contactlistexample/10277} BLOCKED
11-14 14:17:54.642 1472 2549 I AppsFilter: interaction: PackageSetting{e19b28 org.qtproject.example.coffee/10279} -> PackageSetting{db32c87 org.qtproject.example.contactlistexample/10277} BLOCKED
11-14 14:17:54.642 1472 2549 I AppsFilter: interaction: PackageSetting{6457041 org.qtproject.example.contactlist/10252} -> PackageSetting{db32c87 org.qtproject.example.contactlistexample/10277} BLOCKED
11-14 14:17:54.642 1472 2549 I AppsFilter: interaction: PackageSetting{70ac9e6 org.qtproject.example.appmuu/10287} -> PackageSetting{db32c87 org.qtproject.example.contactlistexample/10277} BLOCKED
11-14 14:17:54.642 1472 2549 I AppsFilter: interaction: PackageSetting{7003b27 org.qtproject.example.qtbug98766_compat/10289} -> PackageSetting{db32c87 org.qtproject.example.contactlistexample/10277} BLOCKED
11-14 14:17:54.642 1472 2549 I AppsFilter: interaction: PackageSetting{44941d4 org.qtproject.example.galleryexample/10265} -> PackageSetting{db32c87 org.qtproject.example.contactlistexample/10277} BLOCKED
11-14 14:17:54.642 1472 2549 I AppsFilter: interaction: PackageSetting{337cf7d org.qtproject.example.objectlistmodelexample/10263} -> PackageSetting{db32c87 org.qtproject.example.contactlistexample/10277} BLOCKED
11-14 14:17:54.642 1472 2549 I AppsFilter: interaction: PackageSetting{7a99e72 org.qtproject.example.testFont/10270} -> PackageSetting{db32c87 org.qtproject.example.contactlistexample/10277} BLOCKED
11-14 14:17:54.642 1472 2549 I AppsFilter: interaction: PackageSetting{fab62c3 org.qtproject.example.widgetdeom/10259} -> PackageSetting{db32c87 org.qtproject.example.contactlistexample/10277} BLOCKED
11-14 14:17:54.642 1472 2549 I AppsFilter: interaction: PackageSetting{9e2a740 org.qtproject.example.declarative_camera/10253} -> PackageSetting{db32c87 org.qtproject.example.contactlistexample/10277} BLOCKED
11-14 14:17:54.642 1472 2549 I AppsFilter: interaction: PackageSetting{ff6e679 com.test.ouluweather/10268} -> PackageSetting{db32c87 org.qtproject.example.contactlistexample/10277} BLOCKED
11-14 14:17:54.642 1472 2549 I AppsFilter: interaction: PackageSetting{ef2fbe com.google.android.microdroid.empty_payload/10246} -> PackageSetting{db32c87 org.qtproject.example.contactlistexample/10277} BLOCKED
11-14 14:17:54.642 1472 2549 I AppsFilter: interaction: PackageSetting{157681f org.qtproject.example.calendarwidget/10278} -> PackageSetting{db32c87 org.qtproject.example.contactlistexample/10277} BLOCKED
11-14 14:17:54.642 1472 2549 I AppsFilter: interaction: PackageSetting{aeaf76c org.qtproject.example.QTBUG97503/10284} -> PackageSetting{db32c87 org.qtproject.example.contactlistexample/10277} BLOCKED
11-14 14:17:54.642 1472 2549 I AppsFilter: interaction: PackageSetting{6f67135 org.qtproject.example.unicode_bug/10280} -> PackageSetting{db32c87 org.qtproject.example.contactlistexample/10277} BLOCKED
11-14 14:17:54.642 1472 2549 I AppsFilter: interaction: PackageSetting{16a89ca com.example.qtbug/10276} -> PackageSetting{db32c87 org.qtproject.example.contactlistexample/10277} BLOCKED
11-14 14:17:54.642 1472 2549 I AppsFilter: interaction: PackageSetting{c94673b org.qtproject.example.implicit_height/10275} -> PackageSetting{db32c87 org.qtproject.example.contactlistexample/10277} BLOCKED
11-14 14:17:54.642 1472 2549 I AppsFilter: interaction: PackageSetting{5461e58 org.qtproject.example.simplemqttclient/10254} -> PackageSetting{db32c87 org.qtproject.example.contactlistexample/10277} BLOCKED
11-14 14:17:54.642 1472 2549 I AppsFilter: interaction: PackageSetting{c29ebb1 org.qtproject.example.qtbug90324/10271} -> PackageSetting{db32c87 org.qtproject.example.contactlistexample/10277} BLOCKED
11-14 14:17:54.642 1472 2549 I AppsFilter: interaction: PackageSetting{f8f7896 org.qtproject.example.qtbug87334/10247} -> PackageSetting{db32c87 org.qtproject.example.contactlistexample/10277} BLOCKED
11-14 14:17:54.642 1472 2549 I AppsFilter: interaction: PackageSetting{d83c17 org.qtproject.example.qtbug40728/10273} -> PackageSetting{db32c87 org.qtproject.example.contactlistexample/10277} BLOCKED
11-14 14:17:54.642 1472 2549 I AppsFilter: interaction: PackageSetting{f2ac804 org.qtproject.example.Android_keyboard_cover/10283} -> PackageSetting{db32c87 org.qtproject.example.contactlistexample/10277} BLOCKED
11-14 14:17:54.642 1472 2549 I AppsFilter: interaction: PackageSetting{54091ed org.qtproject.example.appqtbug98776_for_qtbug114437/10281} -> PackageSetting{db32c87 org.qtproject.example.contactlistexample/10277} BLOCKED
11-14 14:17:54.643 1472 2549 I AppsFilter: interaction: PackageSetting{3428822 org.qtproject.example/10282} -> PackageSetting{db32c87 org.qtproject.example.contactlistexample/10277} BLOCKED
11-14 14:17:54.643 1472 2549 I AppsFilter: interaction: PackageSetting{51a82b3 org.qtproject.example.textfinder/10272} -> PackageSetting{db32c87 org.qtproject.example.contactlistexample/10277} BLOCKED
11-14 14:17:54.643 1472 2549 I AppsFilter: interaction: PackageSetting{98e6070 org.qtproject.example.openglunderqml/10251} -> PackageSetting{db32c87 org.qtproject.example.contactlistexample/10277} BLOCKED
11-14 14:17:54.643 1472 2549 I AppsFilter: interaction: PackageSetting{9a15fe9 org.qtproject.example.texteditor/10285} -> PackageSetting{db32c87 org.qtproject.example.contactlistexample/10277} BLOCKED
11-14 14:17:54.643 1472 2549 I AppsFilter: interaction: PackageSetting{c25046e org.qtproject.example.hellocube/10258} -> PackageSetting{db32c87 org.qtproject.example.contactlistexample/10277} BLOCKED
11-14 14:17:54.643 1472 2549 I AppsFilter: interaction: PackageSetting{e30970f org.qtproject.example.texteditorexample/10290} -> PackageSetting{db32c87 org.qtproject.example.contactlistexample/10277} BLOCKED
11-14 14:17:54.643 1472 2549 I AppsFilter: interaction: PackageSetting{62711a5 org.qtproject.example.highdpi/10288} -> PackageSetting{db32c87 org.qtproject.example.contactlistexample/10277} BLOCKED
11-14 14:17:54.643 1472 2549 I AppsFilter: interaction: PackageSetting{a0f97a org.qtproject.example.deleteme/10291} -> PackageSetting{db32c87 org.qtproject.example.contactlistexample/10277} BLOCKED
11-14 14:17:54.643 1472 2549 I AppsFilter: interaction: PackageSetting{ee9952b org.qtproject.example.quickspeech/10274} -> PackageSetting{db32c87 org.qtproject.example.contactlistexample/10277} BLOCKED
11-14 14:17:54.645 2357 2357 D CarrierSvcBindHelper: onHandleForceStop: [org.qtproject.example.contactlistexample]
11-14 14:17:54.645 2357 2612 D EuiccConnector: handleMessage: E msg.what=1
11-14 14:17:54.645 2357 2612 D EuiccConnector: processMsg: ConnectedState
11-14 14:17:54.645 2357 2612 D EuiccConnector: processMsg: DisconnectedState
11-14 14:17:54.645 2357 2357 D CarrierSvcBindHelper: No carrier app for: 0
11-14 14:17:54.646 2357 2612 D EuiccConnector: handleMessage: X
11-14 14:17:54.662 3850 3850 D RegisteredNfcFServicesCache: Service unchanged, not updating
11-14 14:17:54.662 2247 2278 D SecureElementService: getReaders() for com.android.nfc
11-14 14:17:54.665 3715 3715 I AiAiEcho: AppFetcherImpl onPackageChanged org.qtproject.example.contactlistexample.
11-14 14:17:54.666 3715 5998 I AiAiEcho: AppIndexer Package:[org.qtproject.example.contactlistexample] UserProfile:[0] Enabled:[true].
11-14 14:17:54.666 3715 5998 I AiAiEcho: AppFetcherImplV2 updateApps package:[org.qtproject.example.contactlistexample], userId:[0], reason:[package is updated.].
11-14 14:17:54.765 1472 2549 D CompatibilityChangeReporter: Compat change id reported: 265464455; UID 10277; state: DISABLED
11-14 14:17:54.765 1472 2549 D CompatibilityChangeReporter: Compat change id reported: 265452344; UID 10277; state: DISABLED
11-14 14:17:54.765 1472 2549 D CompatibilityChangeReporter: Compat change id reported: 266124927; UID 10277; state: DISABLED
11-14 14:17:54.765 1472 2549 D CompatibilityChangeReporter: Compat change id reported: 265451093; UID 10277; state: DISABLED
11-14 14:17:54.765 1472 2549 D CompatibilityChangeReporter: Compat change id reported: 265456536; UID 10277; state: DISABLED
11-14 14:17:54.765 1472 2549 D CompatibilityChangeReporter: Compat change id reported: 255940284; UID 10277; state: DISABLED
11-14 14:17:54.765 1472 2549 D CompatibilityChangeReporter: Compat change id reported: 236283604; UID 10277; state: DISABLED
11-14 14:17:54.766 1472 2549 D CompatibilityChangeReporter: Compat change id reported: 263959004; UID 10277; state: DISABLED
11-14 14:17:54.766 1472 2549 D CompatibilityChangeReporter: Compat change id reported: 264304459; UID 10277; state: DISABLED
11-14 14:17:54.766 1472 2549 D CompatibilityChangeReporter: Compat change id reported: 264301586; UID 10277; state: DISABLED
11-14 14:17:54.766 1472 2549 D CompatibilityChangeReporter: Compat change id reported: 254631730; UID 10277; state: DISABLED
11-14 14:17:54.766 1472 2549 D CompatibilityChangeReporter: Compat change id reported: 273509367; UID 10277; state: DISABLED
11-14 14:17:54.766 1472 2549 D CompatibilityChangeReporter: Compat change id reported: 263259275; UID 10277; state: DISABLED
11-14 14:17:54.771 1472 2549 D CompatibilityChangeReporter: Compat change id reported: 194480991; UID 10277; state: ENABLED
11-14 14:17:54.773 1472 2549 D CompatibilityChangeReporter: Compat change id reported: 174042980; UID 10277; state: DISABLED
11-14 14:17:54.777 1472 2549 D CompatibilityChangeReporter: Compat change id reported: 184838306; UID 10277; state: DISABLED
11-14 14:17:54.777 1472 2549 D CompatibilityChangeReporter: Compat change id reported: 185004937; UID 10277; state: DISABLED
11-14 14:17:54.777 1472 2549 D CompatibilityChangeReporter: Compat change id reported: 181136395; UID 10277; state: DISABLED
11-14 14:17:54.777 1472 2549 D CompatibilityChangeReporter: Compat change id reported: 174042936; UID 10277; state: DISABLED
11-14 14:17:54.779 1472 2549 D CompatibilityChangeReporter: Compat change id reported: 197654537; UID 10277; state: ENABLED
11-14 14:17:54.781 1472 2549 D CompatibilityChangeReporter: Compat change id reported: 205907456; UID 10277; state: ENABLED
11-14 14:17:54.783 1472 2549 I ActivityTaskManager: START u0 {flg=0x10000000 cmp=org.qtproject.example.contactlistexample/org.qtproject.qt.android.bindings.QtActivity} with LAUNCH_SINGLE_TOP from uid 2000 (BAL_ALLOW_PERMISSION) result code=0
11-14 14:17:54.784 1942 1966 V WindowManagerShell: Transition requested: android.os.BinderProxy@82b9d09 TransitionRequestInfo { type = OPEN, triggerTask = TaskInfo{userId=0 taskId=408 displayId=0 isRunning=true baseIntent=Intent { flg=0x10000000 cmp=org.qtproject.example.contactlistexample/org.qtproject.qt.android.bindings.QtActivity } baseActivity=ComponentInfo{org.qtproject.example.contactlistexample/org.qtproject.qt.android.bindings.QtActivity} topActivity=ComponentInfo{org.qtproject.example.contactlistexample/org.qtproject.qt.android.bindings.QtActivity} origActivity=null realActivity=ComponentInfo{org.qtproject.example.contactlistexample/org.qtproject.qt.android.bindings.QtActivity} numActivities=1 lastActiveTime=1881825194 supportsMultiWindow=true resizeMode=1 isResizeable=true minWidth=-1 minHeight=-1 defaultMinSize=220 token=WCT{android.window.IWindowContainerToken$Stub$Proxy@260cb0e} topActivityType=1 pictureInPictureParams=null shouldDockBigOverlays=false launchIntoPipHostTaskId=-1 lastParentTaskIdBeforePip=-1 displayCutoutSafeInsets=Rect(0, 132 - 0, 0) topActivityInfo=ActivityInfo{be8e92f org.qtproject.qt.android.bindings.QtActivity} launchCookies=[] positionInParent=Point(0, 0) parentTaskId=-1 isFocused=false isVisible=false isSleeping=false topActivityInSizeCompat=false topActivityEligibleForLetterboxEducation= false topActivityLetterboxed= false isFromDoubleTap= false topActivityLetterboxVerticalPosition= -1 topActivityLetterboxHorizontalPosition= -1 topActivityLetterboxWidth=-1 topActivityLetterboxHeight=-1 locusId=null displayAreaFeatureId=1 cameraCompatControlState=hidden}, remoteTransition = null, displayChange = null }
11-14 14:17:54.784 1942 1966 E RecentsTransitionHandler: RecentsTransitionHandler.handleRequest: Unexpected transition request
11-14 14:17:54.790 612 612 I BpBinder: onLastStrongRef automatically unlinking death recipients:
11-14 14:17:54.791 1472 1688 D CompatibilityChangeReporter: Compat change id reported: 135634846; UID 10277; state: DISABLED
11-14 14:17:54.791 1472 1688 D CompatibilityChangeReporter: Compat change id reported: 177438394; UID 10277; state: DISABLED
11-14 14:17:54.791 1472 1688 D CompatibilityChangeReporter: Compat change id reported: 135772972; UID 10277; state: DISABLED
11-14 14:17:54.791 1472 1688 D CompatibilityChangeReporter: Compat change id reported: 135754954; UID 10277; state: ENABLED
11-14 14:17:54.794 1472 1698 D CompatibilityChangeReporter: Compat change id reported: 143937733; UID 10277; state: ENABLED
11-14 14:17:54.795 1472 1797 D CompatibilityChangeReporter: Compat change id reported: 265195908; UID 10277; state: ENABLED
11-14 14:17:54.798 1472 4785 D CoreBackPreview: Window{86dbc09 u0 Splash Screen org.qtproject.example.contactlistexample}: Setting back callback OnBackInvokedCallbackInfo{mCallback=android.window.IOnBackInvokedCallback$Stub$Proxy@bada02f, mPriority=0}
11-14 14:17:54.802 851 851 D Zygote : Forked child process 6010
11-14 14:17:54.802 1472 1698 I ActivityManager: Start proc 6010:org.qtproject.example.contactlistexample/u0a277 for next-top-activity {org.qtproject.example.contactlistexample/org.qtproject.qt.android.bindings.QtActivity}
11-14 14:17:54.807 1472 1685 V WindowManager: Sent Transition #217 createdAt=11-14 14:17:54.772 via request=TransitionRequestInfo { type = OPEN, triggerTask = TaskInfo{userId=0 taskId=408 displayId=0 isRunning=true baseIntent=Intent { flg=0x10000000 cmp=org.qtproject.example.contactlistexample/org.qtproject.qt.android.bindings.QtActivity } baseActivity=ComponentInfo{org.qtproject.example.contactlistexample/org.qtproject.qt.android.bindings.QtActivity} topActivity=ComponentInfo{org.qtproject.example.contactlistexample/org.qtproject.qt.android.bindings.QtActivity} origActivity=null realActivity=ComponentInfo{org.qtproject.example.contactlistexample/org.qtproject.qt.android.bindings.QtActivity} numActivities=1 lastActiveTime=1881825194 supportsMultiWindow=true resizeMode=1 isResizeable=true minWidth=-1 minHeight=-1 defaultMinSize=220 token=WCT{RemoteToken{4d3e341 Task{a4436a4 #408 type=standard A=10277:org.qtproject.example.contactlistexample}}} topActivityType=1 pictureInPictureParams=null shouldDockBigOverlays=false launchIntoPipHostTaskId=-1 lastParentTaskIdBeforePip=-1 displayCutoutSafeInsets=Rect(0, 132 - 0, 0) topActivityInfo=ActivityInfo{2bbc0e6 org.qtproject.qt.android.bindings.QtActivity} launchCookies=[] positionInParent=Point(0, 0) parentTaskId=-1 isFocused=false isVisible=false isSleeping=false topActivityInSizeCompat=false topActivityEligibleForLetterboxEducation= false topActivityLetterboxed= false isFromDoubleTap= false topActivityLetterboxVerticalPosition= -1 topActivityLetterboxHorizontalPosition= -1 topActivityLetterboxWidth=-1 topActivityLetterboxHeight=-1 locusId=null displayAreaFeatureId=1 cameraCompatControlState=hidden}, remoteTransition = null, displayChange = null }
11-14 14:17:54.807 1472 1685 V WindowManager: startWCT=WindowContainerTransaction { changes = {} hops = [] errorCallbackToken=null taskFragmentOrganizer=null }
11-14 14:17:54.807 1472 1685 V WindowManager: info={id=217 t=OPEN f=0x0 r=[0@Point(0, 0)] c=[{WCT{RemoteToken{4d3e341 Task{a4436a4 #408 type=standard A=10277:org.qtproject.example.contactlistexample}}} m=OPEN f=NONE leash=Surface(name=Task=408)/@0xc2d0fc5 sb=Rect(0, 0 - 1080, 2400) eb=Rect(0, 0 - 1080, 2400) d=0},{WCT{RemoteToken{b4e2d72 Task{d91fcd9 #1 type=home}}} m=HIDE f=SHOW_WALLPAPER|TRANSLUCENT leash=Surface(name=Task=1)/@0x666b647 sb=Rect(0, 0 - 1080, 2400) eb=Rect(0, 0 - 1080, 2400) d=0}]}
11-14 14:17:54.807 1942 1966 V WindowManagerShell: onTransitionReady android.os.BinderProxy@82b9d09: {id=217 t=OPEN f=0x0 r=[0@Point(0, 0)] c=[{WCT{android.window.IWindowContainerToken$Stub$Proxy@aa3eb40} m=OPEN f=NONE leash=Surface(name=Task=408)/@0xcf8da79 sb=Rect(0, 0 - 1080, 2400) eb=Rect(0, 0 - 1080, 2400) d=0},{WCT{android.window.IWindowContainerToken$Stub$Proxy@b1c13be} m=HIDE f=SHOW_WALLPAPER|TRANSLUCENT leash=Surface(name=Task=1)/@0xbec7c1f sb=Rect(0, 0 - 1080, 2400) eb=Rect(0, 0 - 1080, 2400) d=0}]}
11-14 14:17:54.807 1942 1966 V WindowManagerShell: Playing animation for (#217)android.os.BinderProxy@82b9d09
11-14 14:17:54.807 1942 1966 V WindowManagerShell: try handler com.android.wm.shell.transition.DefaultMixedHandler@9baf2d2
11-14 14:17:54.807 1942 1966 V WindowManagerShell: try handler com.android.wm.shell.activityembedding.ActivityEmbeddingController@b018fa3
11-14 14:17:54.807 1942 1966 V WindowManagerShell: try handler com.android.wm.shell.recents.RecentsTransitionHandler@48002a0
11-14 14:17:54.807 1942 1966 V WindowManagerShell: RecentsTransitionHandler.startAnimation: no controller found
11-14 14:17:54.807 1942 1966 V WindowManagerShell: try handler com.android.wm.shell.pip.PipTransition@30e0e59
11-14 14:17:54.807 1942 1966 V WindowManagerShell: try handler com.android.wm.shell.splitscreen.StageCoordinator@7316a1e
11-14 14:17:54.807 1942 1966 V WindowManagerShell: try handler com.android.wm.shell.transition.RemoteTransitionHandler@f9382ff
11-14 14:17:54.807 1942 1966 V WindowManagerShell: Transition doesn't have explicit remote, search filters for match for {id=217 t=OPEN f=0x0 r=[0@Point(0, 0)] c=[{WCT{android.window.IWindowContainerToken$Stub$Proxy@aa3eb40} m=OPEN f=NONE leash=Surface(name=Task=408)/@0xcf8da79 sb=Rect(0, 0 - 1080, 2400) eb=Rect(0, 0 - 1080, 2400) d=0},{WCT{android.window.IWindowContainerToken$Stub$Proxy@b1c13be} m=HIDE f=SHOW_WALLPAPER|TRANSLUCENT leash=Surface(name=Task=1)/@0xbec7c1f sb=Rect(0, 0 - 1080, 2400) eb=Rect(0, 0 - 1080, 2400) d=0}]}
11-14 14:17:54.807 1942 1966 V WindowManagerShell: Checking filter Pair{{types=[] flags=0x0] notFlags=0x100 checks=[{atype=home independent=true modes=[OPEN,SHOW] flags=NONE mustBeTask=false order=TOP topActivity=ComponentInfo{com.google.android.apps.nexuslauncher/com.google.android.apps.nexuslauncher.NexusLauncherActivity}},{atype=standard independent=true modes=[CLOSE,HIDE] flags=NONE mustBeTask=false order=ANY topActivity=null}]} RemoteTransition { remoteTransition = android.window.IRemoteTransition$Stub$Proxy@bf36f0f, appThread = android.app.IApplicationThread$Stub$Proxy@7170b9c, debugName = QuickstepLaunchHome }}
11-14 14:17:54.807 1942 1966 V WindowManagerShell: Checking filter Pair{{types=[] flags=0x40] notFlags=0x0 checks=[{atype=dream independent=false modes=[OPEN,SHOW] flags=OCCLUDES_KEYGUARD mustBeTask=false order=ANY topActivity=null},{NOT atype=undefined independent=false modes=[CLOSE,HIDE] flags=OCCLUDES_KEYGUARD mustBeTask=false order=ANY topActivity=null}]} RemoteTransition { remoteTransition = com.android.systemui.keyguard.KeyguardService$1@ef4f4b9, appThread = android.app.ActivityThread$ApplicationThread@3f2a8cc, debugName = KeyguardOccludeByDream }}
11-14 14:17:54.807 1942 1966 V WindowManagerShell: Checking filter Pair{{types=[KEYGUARD_UNOCCLUDE] flags=0x0] notFlags=0x0 checks=[]} RemoteTransition { remoteTransition = com.android.systemui.keyguard.KeyguardService$3@7730680, appThread = android.app.ActivityThread$ApplicationThread@3f2a8cc, debugName = KeyguardUnocclude }}
11-14 14:17:54.807 1942 1966 V WindowManagerShell: Checking filter Pair{{types=[KEYGUARD_OCCLUDE] flags=0x0] notFlags=0x0 checks=[]} RemoteTransition { remoteTransition = com.android.systemui.keyguard.KeyguardService$3@650b703, appThread = android.app.ActivityThread$ApplicationThread@3f2a8cc, debugName = KeyguardOcclude }}
11-14 14:17:54.807 1942 1966 V WindowManagerShell: Checking filter Pair{{types=[] flags=0x40] notFlags=0x0 checks=[{NOT atype=undefined independent=false modes=[OPEN,SHOW] flags=OCCLUDES_KEYGUARD mustBeTask=false order=ANY topActivity=null},{atype=undefined independent=false modes=[CLOSE,HIDE] flags=NONE mustBeTask=true order=ANY topActivity=null}]} RemoteTransition { remoteTransition = com.android.systemui.keyguard.KeyguardService$3@7730680, appThread = android.app.ActivityThread$ApplicationThread@3f2a8cc, debugName = KeyguardUnocclude }}
11-14 14:17:54.808 1942 1966 V WindowManagerShell: Checking filter Pair{{types=[] flags=0x40] notFlags=0x0 checks=[{atype=undefined independent=false modes=[OPEN,SHOW] flags=OCCLUDES_KEYGUARD mustBeTask=false order=ANY topActivity=null},{NOT atype=undefined independent=false modes=[CLOSE,HIDE] flags=OCCLUDES_KEYGUARD mustBeTask=false order=ANY topActivity=null}]} RemoteTransition { remoteTransition = com.android.systemui.keyguard.KeyguardService$3@650b703, appThread = android.app.ActivityThread$ApplicationThread@3f2a8cc, debugName = KeyguardOcclude }}
11-14 14:17:54.808 1942 1966 V WindowManagerShell: Checking filter Pair{{types=[] flags=0x100] notFlags=0x0 checks=[]} RemoteTransition { remoteTransition = com.android.systemui.keyguard.KeyguardService$1@d7a9bb2, appThread = android.app.ActivityThread$ApplicationThread@3f2a8cc, debugName = ExitKeyguard }}
11-14 14:17:54.808 1942 1966 V WindowManagerShell: Delegate animation for #217 to null
11-14 14:17:54.808 1942 1966 V WindowManagerShell: try handler com.android.wm.shell.transition.DefaultTransitionHandler@711090e
11-14 14:17:54.808 1942 1966 V WindowManagerShell: start default transition animation, info = {id=217 t=OPEN f=0x0 r=[0@Point(0, 0)] c=[{WCT{android.window.IWindowContainerToken$Stub$Proxy@aa3eb40} m=OPEN f=NONE leash=Surface(name=Task=408)/@0xcf8da79 sb=Rect(0, 0 - 1080, 2400) eb=Rect(0, 0 - 1080, 2400) d=0},{WCT{android.window.IWindowContainerToken$Stub$Proxy@b1c13be} m=HIDE f=SHOW_WALLPAPER|TRANSLUCENT leash=Surface(name=Task=1)/@0xbec7c1f sb=Rect(0, 0 - 1080, 2400) eb=Rect(0, 0 - 1080, 2400) d=0}]}
11-14 14:17:54.808 1942 1966 V WindowManagerShell: loadAnimation: anim=android.view.animation.AnimationSet@423a535 animAttr=0x13 type=OPEN isEntrance=false
11-14 14:17:54.808 1942 1966 V WindowManagerShell: loadAnimation: anim=android.view.animation.AnimationSet@f65fb1 animAttr=0x12 type=OPEN isEntrance=true
11-14 14:17:54.808 1942 1966 V WindowManagerShell: animated by com.android.wm.shell.transition.DefaultTransitionHandler@711090e
11-14 14:17:54.808 6010 6010 I tactlistexample: Late-enabling -Xcheck:jni
11-14 14:17:54.822 6010 6010 I tactlistexample: Using CollectorTypeCC GC.
11-14 14:17:54.824 3703 3703 W MediaProvider: WorkProfileOwnerApps cache is empty
11-14 14:17:54.825 28917 28917 I GsaVoiceInteractionSrv: O received Intent { act=android.intent.action.PACKAGE_REMOVED dat=package: flg=0x4000010 (has extras) }
11-14 14:17:54.827 28917 28917 I GsaVoiceInteractionSrv: O received Intent { act=android.intent.action.PACKAGE_ADDED dat=package: flg=0x4000010 (has extras) }
11-14 14:17:54.827 2159 2159 V MediaPlayerList: mPackageChangedBroadcastReceiver: action: android.intent.action.PACKAGE_REMOVED
11-14 14:17:54.827 2159 2159 V MediaPlayerList: mPackageChangedBroadcastReceiver: action: android.intent.action.PACKAGE_ADDED
11-14 14:17:54.827 1157 1186 I adbd : jdwp connection from 6010
11-14 14:17:54.828 28917 29012 I cujt : Invalidating 1 caches for APP_NAMES_CONTEXT_CHANGE
11-14 14:17:54.828 28917 29012 I givc : Invalidation request: APP_NAMES (436126002) [CONTEXT session="TNG:MA-SBCP@27867e117313c57a" ]
11-14 14:17:54.828 28917 29012 I cujt : Invalidating 1 caches for APP_NAMES_CONTEXT_CHANGE
11-14 14:17:54.828 28917 29012 I givc : Invalidation request: APP_NAMES (436126002) [CONTEXT session="TNG:MA-SBCP@27867e117313c57a" ]
11-14 14:17:54.828 28917 28917 I GsaVoiceInteractionSrv: O received Intent { act=android.intent.action.PACKAGE_REPLACED dat=package: flg=0x4000010 (has extras) }
11-14 14:17:54.829 28917 29012 I gyeu : Invalidated ContextKey: APP_NAMES (436126002) for SessionToken: TNG:MA-SBCP@27867e117313c57a; RequestId: 29; SpeakerId: 0.
11-14 14:17:54.829 28917 29012 I gyfe : Fetching context keys [APP_NAMES (436126002)]. SessionToken: TNG:MA-SBCP@27867e117313c57a; RequestId: 29; SpeakerId: 0
11-14 14:17:54.829 28917 29012 I gyfe : Fetching ContextResult for ContextKey: LOCALE (456993644). SessionToken: TNG:MA-SBCP@27867e117313c57a; RequestId: 29; SpeakerId: 0
11-14 14:17:54.830 28917 29012 I gyfe : Fetching ContextResult for ContextKey: APP_NAMES (436126002). SessionToken: TNG:MA-SBCP@27867e117313c57a; RequestId: 29; SpeakerId: 0
11-14 14:17:54.830 28917 29012 I gyeu : Invalidated ContextKey: APP_NAMES (436126002) for SessionToken: TNG:MA-SBCP@27867e117313c57a; RequestId: 30; SpeakerId: 0.
11-14 14:17:54.831 28917 29012 I gyfe : Fetching context keys [APP_NAMES (436126002)]. SessionToken: TNG:MA-SBCP@27867e117313c57a; RequestId: 30; SpeakerId: 0
11-14 14:17:54.831 28917 29012 I gyfe : Fetching ContextResult for ContextKey: LOCALE (456993644). SessionToken: TNG:MA-SBCP@27867e117313c57a; RequestId: 30; SpeakerId: 0
11-14 14:17:54.831 28917 29012 I gyfe : Fetching ContextResult for ContextKey: APP_NAMES (436126002). SessionToken: TNG:MA-SBCP@27867e117313c57a; RequestId: 30; SpeakerId: 0
11-14 14:17:54.832 28917 28997 I giwu : GetContext(LOCALE (456993644), SYNCHRONIZED_CACHE): Sharing from synchronized cache (status: DONE) [CONTEXT request=80 accessSessionKey="SBCP@4d7c5005fc7df80a" accessSession="a509a7f82bcfbed9" session="TNG:MA-SBCP@27867e117313c57a" ]
11-14 14:17:54.832 28917 29013 I giwu : GetContext(LOCALE (456993644), SYNCHRONIZED_CACHE): Sharing from synchronized cache (status: DONE) [CONTEXT request=82 accessSessionKey="SBCP@4d7c5005fc7df80a" accessSession="a509a7f82bcfbed9" session="TNG:MA-SBCP@27867e117313c57a" ]
11-14 14:17:54.832 28917 28997 I gyfe : ContextResult succeeded for ContextKey: LOCALE (456993644). SessionToken: TNG:MA-SBCP@27867e117313c57a; RequestId: 29; SpeakerId: 0
11-14 14:17:54.832 28917 29013 I gyfe : ContextResult succeeded for ContextKey: LOCALE (456993644). SessionToken: TNG:MA-SBCP@27867e117313c57a; RequestId: 30; SpeakerId: 0
11-14 14:17:54.833 28917 28997 I gyey : Primary Locale: en-US and preferred locales: [en-US], returned from Context API. SessionToken: TNG:MA-SBCP@27867e117313c57a; RequestId: 29; SpeakerId: 0
11-14 14:17:54.833 28917 29013 I gyey : Primary Locale: en-US and preferred locales: [en-US], returned from Context API. SessionToken: TNG:MA-SBCP@27867e117313c57a; RequestId: 30; SpeakerId: 0
11-14 14:17:54.833 28917 29013 I gitg : GetContext(APP_NAMES (436126002), SYNCHRONIZED_CACHE): Fetching from provider [CONTEXT request=83 accessSessionKey="SBCP@4d7c5005fc7df80a" accessSession="a509a7f82bcfbed9" session="TNG:MA-SBCP@27867e117313c57a" ]
11-14 14:17:54.833 28917 29010 W gmmi : Failed to notify listeners
11-14 14:17:54.833 28917 29010 W gmmi : java.util.concurrent.CancellationException
11-14 14:17:54.833 28917 29010 W gmmi : at java.util.concurrent.FutureTask.report(FutureTask.java:121)
11-14 14:17:54.833 28917 29010 W gmmi : at java.util.concurrent.FutureTask.get(FutureTask.java:191)
11-14 14:17:54.833 28917 29010 W gmmi : at ilyc.get(PG:1)
11-14 14:17:54.833 28917 29010 W gmmi : at imam.a(PG:1)
11-14 14:17:54.833 28917 29010 W gmmi : at ilyq.r(PG:2)
11-14 14:17:54.833 28917 29010 W gmmi : at ilyj.run(PG:3)
11-14 14:17:54.833 28917 29010 W gmmi : at ilxn.execute(PG:1)
11-14 14:17:54.833 28917 29010 W gmmi : at ilxq.c(PG:1)
11-14 14:17:54.833 28917 29010 W gmmi : at ilxq.b(PG:3)
11-14 14:17:54.833 28917 29010 W gmmi : at ilzh.done(PG:1)
11-14 14:17:54.833 28917 29010 W gmmi : at java.util.concurrent.FutureTask.finishCompletion(FutureTask.java:381)
11-14 14:17:54.833 28917 29010 W gmmi : at java.util.concurrent.FutureTask.cancel(FutureTask.java:179)
11-14 14:17:54.833 28917 29010 W gmmi : at ilyc.cancel(PG:1)
11-14 14:17:54.833 28917 29010 W gmmi : at gmlx.run(PG:1)
11-14 14:17:54.833 28917 29010 W gmmi : at htow.run(PG:3)
11-14 14:17:54.833 28917 29010 W gmmi : at java.util.concurrent.Executors$RunnableAdapter.call(Executors.java:487)
11-14 14:17:54.833 28917 29010 W gmmi : at imaj.a(PG:1)
11-14 14:17:54.833 28917 29010 W gmmi : at ilzf.run(PG:4)
11-14 14:17:54.833 28917 29010 W gmmi : at imak.run(PG:1)
11-14 14:17:54.833 28917 29010 W gmmi : at fjjj.run(PG:1)
11-14 14:17:54.833 28917 29010 W gmmi : at java.util.concurrent.ThreadPoolExecutor.runWorker(ThreadPoolExecutor.java:1145)
11-14 14:17:54.833 28917 29010 W gmmi : at java.util.concurrent.ThreadPoolExecutor$Worker.run(ThreadPoolExecutor.java:644)
11-14 14:17:54.833 28917 29010 W gmmi : at fjin.run(PG:2)
11-14 14:17:54.833 28917 29010 W gmmi : at java.lang.Thread.run(Thread.java:1012)
11-14 14:17:54.833 28917 29010 W gmmi : at fjjs.run(PG:5)
11-14 14:17:54.834 28917 28997 I giwu : GetContext(APP_NAMES (436126002), SYNCHRONIZED_CACHE): Fetching from synchronized cache (status: RUNNING) [CONTEXT request=81 accessSessionKey="SBCP@4d7c5005fc7df80a" accessSession="a509a7f82bcfbed9" session="TNG:MA-SBCP@27867e117313c57a" ]
11-14 14:17:54.842 6010 6010 D CompatibilityChangeReporter: Compat change id reported: 171979766; UID 10277; state: ENABLED
11-14 14:17:54.842 6010 6010 D CompatibilityChangeReporter: Compat change id reported: 242716250; UID 10277; state: DISABLED
11-14 14:17:54.847 1472 4940 D CompatibilityChangeReporter: Compat change id reported: 170503758; UID 10277; state: ENABLED
11-14 14:17:54.851 6010 6010 W ziparchive: Unable to open '/data/app/~~GuFYj1jfuzM_pE9wINyUvg==/org.qtproject.example.contactlistexample-WZG8elZ8gUGk_m7HE7y1tQ==/base.dm': No such file or directory
