11-14 14:14:00.818 1472 1621 D BiometricService/PreAuthInfo: Package: com.google.android.gms Sensor ID: 0 Modality: 2 Status: 7
11-14 14:14:00.818 1472 1621 D BiometricService/PreAuthInfo: getCanAuthenticateInternal Modality: 2 AuthenticatorStatus: 7
11-14 14:14:00.818 1472 1621 D AuthService: canAuthenticate, userId: 0, callingUserId: 0, authenticators: 255, result: 11
11-14 14:14:01.447 1472 1807 D ActivityManager: freezing 6472 com.google.android.odad
11-14 14:14:01.449 1472 1807 D ActivityManager: freezing 2724 com.google.android.googlequicksearchbox:train
11-14 14:14:01.451 1472 1807 D ActivityManager: freezing 11615 com.google.android.tts
11-14 14:14:01.668 1472 1807 D ActivityManager: freezing 3310 com.android.chrome
11-14 14:14:01.684 1472 1807 D ActivityManager: freezing 2098 com.google.android.permissioncontroller
11-14 14:14:01.719 1472 1807 D ActivityManager: freezing 18837 com.google.android.dialer
11-14 14:14:01.726 1472 1807 D ActivityManager: freezing 10221 com.google.android.gms:snet
11-14 14:14:01.729 1472 1807 D ActivityManager: freezing 28565 com.google.android.gms.feedback
11-14 14:14:01.731 1472 1807 D ActivityManager: freezing 28551 com.google.android.gms.ui
11-14 14:14:01.733 1472 1807 D ActivityManager: freezing 3415 com.google.android.gm
11-14 14:14:01.748 1472 1807 D ActivityManager: freezing 29482 com.google.android.deskclock
11-14 14:14:01.750 1472 1807 D ActivityManager: freezing 31802 com.google.android.contacts
11-14 14:14:02.018 1472 1807 D ActivityManager: freezing 12154 com.google.android.apps.wellbeing
11-14 14:14:02.033 1942 1966 V WindowManagerShell: RecentsTransitionHandler.startRecentsTransition
11-14 14:14:02.033 1942 1966 V WindowManagerShell: Directly starting a new transition type=3 wct=WindowContainerTransaction { changes = {} hops = [{PendingIntent: options=Bundle[mParcelledData.dataSize=332]}] errorCallbackToken=null taskFragmentOrganizer=null } handler=com.android.wm.shell.recents.RecentsTransitionHandler@48002a0
11-14 14:14:02.042 1942 1966 V WindowManagerShell: RecentsController.setTransition: id=android.os.BinderProxy@64306c6
11-14 14:14:02.083 1472 1685 V WindowManager: Sent Transition #214 createdAt=11-14 14:14:02.034
11-14 14:14:02.083 1942 1966 V WindowManagerShell: onTransitionReady android.os.BinderProxy@64306c6: {id=214 t=TO_FRONT f=0x80 r=[0@Point(0, 0)] c=[{WCT{android.window.IWindowContainerToken$Stub$Proxy@9be6687} m=SHOW f=SHOW_WALLPAPER leash=Surface(name=Task=1)/@0xcb8f9b4 sb=Rect(0, 0 - 1080, 2400) eb=Rect(0, 0 - 1080, 2400) d=0},{WCT{android.window.IWindowContainerToken$Stub$Proxy@c0f59dd} m=HIDE f=NONE leash=Surface(name=Task=406)/@0xdd8c952 sb=Rect(0, 0 - 1080, 2400) eb=Rect(0, 0 - 1080, 2400) d=0}]}
11-14 14:14:02.083 1942 1966 V WindowManagerShell: Playing animation for (#214)android.os.BinderProxy@64306c6
11-14 14:14:02.083 1942 1966 V WindowManagerShell: try firstHandler com.android.wm.shell.recents.RecentsTransitionHandler@48002a0
11-14 14:14:02.085 1472 1685 V WindowManager: startWCT=WindowContainerTransaction { changes = {} hops = [{PendingIntent: options=Bundle[{android.activity.splashScreenStyle=-1, android.activity.sourceInfo=android.app.ActivityOptions$SourceInfo@d8137ce, android.activity.transientLaunch=true}]}] errorCallbackToken=null taskFragmentOrganizer=null }
11-14 14:14:02.085 1472 1685 V WindowManager: info={id=214 t=TO_FRONT f=0x80 r=[0@Point(0, 0)] c=[{WCT{RemoteToken{b4e2d72 Task{d91fcd9 #1 type=home}}} m=SHOW f=SHOW_WALLPAPER leash=Surface(name=Task=1)/@0x666b647 sb=Rect(0, 0 - 1080, 2400) eb=Rect(0, 0 - 1080, 2400) d=0},{WCT{RemoteToken{73f242a Task{e7b8179 #406 type=standard A=10288:org.qtproject.example.highdpi}}} m=HIDE f=NONE leash=Surface(name=Task=406)/@0xc2ce41e sb=Rect(0, 0 - 1080, 2400) eb=Rect(0, 0 - 1080, 2400) d=0}]}
11-14 14:14:02.088 1942 1966 V WindowManagerShell: RecentsController.start
11-14 14:14:02.088 1942 1966 V WindowManagerShell: adding pausing taskId=406
11-14 14:14:02.089 1942 1966 V WindowManagerShell: RecentsController.start: calling onAnimationStart
11-14 14:14:02.089 1942 1966 V WindowManagerShell: animated by firstHandler
11-14 14:14:02.099 1942 1966 V WindowManagerShell: RecentsController.setInputConsumerEnabled: set focus to recents
11-14 14:14:02.103 1472 1830 E HandwritingModeController: Cannot get requestId: Handwriting was not initialized.
11-14 14:14:02.104 1472 1830 E HandwritingModeController: Cannot get requestId: Handwriting was not initialized.
11-14 14:14:02.107 1472 1688 V WindowManager: Unknown focus tokens, dropping reportFocusChanged
11-14 14:14:02.114 1472 1807 D ActivityManager: freezing 10000 com.google.android.apps.turbo:ssb
11-14 14:14:02.116 1472 1807 D ActivityManager: freezing 18802 com.google.android.apps.healthdata
11-14 14:14:02.118 1472 1807 D ActivityManager: freezing 20815 com.google.android.calendar
11-14 14:14:02.121 1472 1807 D ActivityManager: freezing 4461 com.google.android.apps.maps
11-14 14:14:02.122 1472 1830 E HandwritingModeController: Cannot get requestId: Handwriting was not initialized.
11-14 14:14:02.124 1472 1807 D ActivityManager: freezing 3999 com.android.keychain
11-14 14:14:02.309 1472 1697 D ActivityManager: sync unfroze 1220 com.google.android.apps.carrier.log
11-14 14:14:02.316 1472 1697 D ActivityManager: sync unfroze 7778 com.google.RilConfigService
11-14 14:14:02.322 1472 2557 D CompatibilityChangeReporter: Compat change id reported: 229362273; UID 10140; state: ENABLED
11-14 14:14:02.341 1472 1697 D ActivityManager: sync unfroze 19084 com.android.vending:background
11-14 14:14:02.457 1942 22900 V WindowManagerShell: RecentsController.screenshotTask: taskId=406
11-14 14:14:02.458 31668 5002 W PackageParser: Unknown element under : queries at /data/user_de/0/com.google.android.gms/app_chimera/m/000000c9/dl-AdsFdrDynamite.integ_233012802100000.apk Binary XML file line #15
11-14 14:14:02.466 31668 5002 W PackageParser: Unknown element under : queries at /data/user_de/0/com.google.android.gms/app_chimera/m/0000013d/dl-AdsFdrDynamite.integ_233702200100000.apk Binary XML file line #15
11-14 14:14:02.491 1942 22900 V WindowManagerShell: RecentsController.detachNavigationBarFromApp
11-14 14:14:02.738 31668 31740 W PackageParser: Unknown element under : queries at /data/user_de/0/com.google.android.gms/app_chimera/m/000000c9/dl-AdsFdrDynamite.integ_233012802100000.apk Binary XML file line #15
11-14 14:14:02.746 31668 31740 W PackageParser: Unknown element under : queries at /data/user_de/0/com.google.android.gms/app_chimera/m/0000013d/dl-AdsFdrDynamite.integ_233702200100000.apk Binary XML file line #15
11-14 14:14:02.830 1472 1694 D ActivityManager: sync unfroze 3310 com.android.chrome
11-14 14:14:02.831 1472 4946 D CoreBackPreview: Window{296c049 u0 com.google.android.apps.nexuslauncher/com.google.android.apps.nexuslauncher.NexusLauncherActivity}: Setting back callback OnBackInvokedCallbackInfo{mCallback=android.window.IOnBackInvokedCallback$Stub$Proxy@6aa5e09, mPriority=0}
11-14 14:14:02.831 1472 1807 D ActivityManager: freezing 2609 com.google.android.cellbroadcastreceiver
11-14 14:14:03.040 1942 1966 V WindowManagerShell: RecentsController.finishInner: toHome=true userLeaveHint=false willFinishToHome=true
11-14 14:14:03.040 1942 1966 V WindowManagerShell: normal finish
11-14 14:14:03.040 1942 1966 V WindowManagerShell: RecentsController.cleanup
11-14 14:14:03.040 1942 1966 V WindowManagerShell: Transition animation finished (aborted=false), notifying core (#214)android.os.BinderProxy@64306c6
11-14 14:14:03.041 1472 1685 V WindowManager: Finish Transition #214: created at
11-14 14:14:02.034 collect-started=0.116ms started=0.18ms ready=6.959ms sent=48.122ms finished=1006.249ms
11-14 14:14:03.051 1942 1966 V WindowManagerShell: All active transition animations finished
11-14 14:14:03.062 1472 1688 V WindowManager: Unknown focus tokens, dropping reportFocusChanged
11-14 14:14:03.464 1472 1697 D ActivityManager: sync unfroze 2724 com.google.android.googlequicksearchbox:train
11-14 14:14:03.600 1472 1688 I ActivityManager: Killing 31669:org.qtproject.example.deleteme/u0a291 (adj 900): remove task
11-14 14:14:03.693 1472 4959 I WindowManager: WIN DEATH: Window{96b04b7 u0 org.qtproject.example.deleteme/org.qtproject.qt5.android.bindings.QtActivity}
11-14 14:14:03.700 1472 1686 D DisplayManagerService: Drop pending events for gone uid 10291
11-14 14:14:03.703 1472 1688 W ActivityManager: setHasOverlayUi called on unknown pid: 31669
11-14 14:14:03.705 1472 1696 W UsageStatsService: Unexpected activity event reported! (org.qtproject.example.deleteme/org.qtproject.qt5.android.bindings.QtActivity event : 23 instanceId : 207729337)
11-14 14:14:03.767 1472 2549 I WindowManager: WIN DEATH: Window{f28f16c u0 org.qtproject.example.highdpi/org.qtproject.qt.android.bindings.QtActivity}
11-14 14:14:03.768 1472 1694 I ActivityManager: Process org.qtproject.example.highdpi (pid 21236) has died: cch+5 CEM
11-14 14:14:03.770 1472 1686 D DisplayManagerService: Drop pending events for gone uid 10288
11-14 14:14:03.778 1472 1694 D ActivityManager: sync unfroze 8000 com.android.hotwordenrollment.okgoogle
11-14 14:14:03.779 1472 1694 D ActivityManager: sync unfroze 6495 com.google.android.hardwareinfo
11-14 14:14:03.779 1472 1694 D ActivityManager: sync unfroze 7906 com.android.imsserviceentitlement
11-14 14:14:03.780 1472 1694 D ActivityManager: sync unfroze 21005 com.google.android.webview:webview_apk
11-14 14:14:03.780 1472 1694 D ActivityManager: sync unfroze 1317 com.google.android.documentsui
11-14 14:14:03.780 1472 1694 D ActivityManager: sync unfroze 5382 com.android.externalstorage
11-14 14:14:03.781 1472 1694 D ActivityManager: sync unfroze 11432 com.android.shell
11-14 14:14:03.781 1472 1694 D ActivityManager: sync unfroze 5833 com.android.angle
11-14 14:14:03.782 1472 1694 D ActivityManager: sync unfroze 4356 com.android.traceur
11-14 14:14:03.782 1472 1694 D ActivityManager: sync unfroze 7205 com.google.android.healthconnect.controller
11-14 14:14:03.782 1472 1694 D ActivityManager: sync unfroze 6399 com.google.android.packageinstaller
11-14 14:14:03.783 1472 1694 D ActivityManager: sync unfroze 2005 com.google.android.flipendo
11-14 14:14:03.783 1472 1694 D ActivityManager: sync unfroze 9447 com.google.android.as.oss:learning_bg
11-14 14:14:03.784 1472 1694 D ActivityManager: sync unfroze 10916 com.google.android.as.oss
11-14 14:14:03.784 1472 1694 D ActivityManager: sync unfroze 5791 com.google.android.webview:webview_service
11-14 14:14:03.785 1472 1694 D ActivityManager: sync unfroze 1650 com.google.android.marvin.talkback
11-14 14:14:03.785 1472 1694 D ActivityManager: sync unfroze 8763 com.google.android.accessibility.soundamplifier
11-14 14:14:03.786 1472 1694 D ActivityManager: sync unfroze 8898 com.google.android.apps.wearables.maestro.companion
11-14 14:14:03.786 1472 1694 D ActivityManager: sync unfroze 8936 com.google.android.accessibility.switchaccess
11-14 14:14:03.787 1472 1694 D ActivityManager: sync unfroze 8985 com.google.android.apps.accessibility.voiceaccess
11-14 14:14:03.787 1472 1694 D ActivityManager: sync unfroze 9034 com.google.android.calculator
11-14 14:14:03.788 1472 1694 D ActivityManager: sync unfroze 9120 com.google.android.apps.tips
11-14 14:14:03.788 1472 1694 D ActivityManager: sync unfroze 9135 com.google.android.apps.carrier.carrierwifi
11-14 14:14:03.788 1472 1694 D ActivityManager: sync unfroze 18570 com.google.android.soundpicker
11-14 14:14:03.789 1472 1694 D ActivityManager: sync unfroze 18234 com.google.android.webview
11-14 14:14:03.789 1472 1694 D ActivityManager: sync unfroze 18747 com.google.audio.hearing.visualization.accessibility.scribe
11-14 14:14:03.790 1472 1694 D ActivityManager: sync unfroze 18837 com.google.android.dialer
11-14 14:14:03.791 1472 1694 D ActivityManager: sync unfroze 19331 com.google.android.projection.gearhead:provider
11-14 14:14:03.791 1472 1694 D ActivityManager: sync unfroze 15085 com.google.android.projection.gearhead:primes_lifeboat
11-14 14:14:03.792 1472 1694 D ActivityManager: sync unfroze 18456 com.google.android.apps.restore
11-14 14:14:03.792 1472 1694 D ActivityManager: sync unfroze 6647 com.google.android.configupdater
11-14 14:14:03.793 1472 1694 D ActivityManager: sync unfroze 7681 com.google.android.apps.work.oobconfig
11-14 14:14:03.793 1472 1694 D ActivityManager: sync unfroze 3999 com.android.keychain
11-14 14:14:03.794 1472 1694 D ActivityManager: sync unfroze 10000 com.google.android.apps.turbo:ssb
11-14 14:14:03.795 1472 1694 D ActivityManager: sync unfroze 9086 com.google.android.apps.docs
11-14 14:14:03.795 1472 1694 D ActivityManager: sync unfroze 31802 com.google.android.contacts
11-14 14:14:03.796 1472 1694 D ActivityManager: sync unfroze 31926 com.google.android.projection.gearhead:shared
11-14 14:14:03.796 1472 1694 D ActivityManager: sync unfroze 14998 com.google.android.projection.gearhead:car
11-14 14:14:03.797 1472 1694 D ActivityManager: sync unfroze 4760 com.google.android.apps.wallpaper
11-14 14:14:03.797 1472 1694 D ActivityManager: sync unfroze 2726 com.google.android.carrier
11-14 14:14:03.798 1472 1694 D ActivityManager: sync unfroze 3415 com.google.android.gm
11-14 14:14:03.798 1472 1694 D ActivityManager: sync unfroze 19396 com.android.vending:quick_launch
11-14 14:14:03.799 1472 1694 D ActivityManager: sync unfroze 18481 com.google.android.setupwizard
11-14 14:14:03.800 1472 1694 D ActivityManager: sync unfroze 28551 com.google.android.gms.ui
11-14 14:14:03.800 1472 1694 D ActivityManager: sync unfroze 28565 com.google.android.gms.feedback
11-14 14:14:03.801 1472 1694 D ActivityManager: sync unfroze 10221 com.google.android.gms:snet
11-14 14:14:03.802 1472 1694 D ActivityManager: sync unfroze 3536 com.android.vending
11-14 14:14:03.802 1472 1694 D ActivityManager: sync unfroze 11615 com.google.android.tts
11-14 14:14:03.803 1472 1694 D ActivityManager: sync unfroze 2098 com.google.android.permissioncontroller
11-14 14:14:03.804 1472 1694 D ActivityManager: sync unfroze 6472 com.google.android.odad
11-14 14:14:03.804 1472 1694 D ActivityManager: sync unfroze 29482 com.google.android.deskclock
11-14 14:14:03.805 1472 1694 D ActivityManager: sync unfroze 18802 com.google.android.apps.healthdata
11-14 14:14:03.807 1472 1694 D ActivityManager: sync unfroze 20815 com.google.android.calendar
11-14 14:14:03.808 1472 1694 D ActivityManager: sync unfroze 4461 com.google.android.apps.maps
11-14 14:14:03.809 1472 1694 D ActivityManager: sync unfroze 12154 com.google.android.apps.wellbeing
11-14 14:14:03.809 1472 1694 D ActivityManager: sync unfroze 6090 com.google.android.uvexposurereporter
11-14 14:14:03.810 1472 1694 D ActivityManager: sync unfroze 2609 com.google.android.cellbroadcastreceiver
11-14 14:14:03.814 1472 1688 W ActivityManager: setHasOverlayUi called on unknown pid: 21236
11-14 14:14:04.053 1472 1688 I ActivityTaskManager: Destroy timeout of remove-task, attempt to kill Task{e7b8179 #406 type=standard A=10288:org.qtproject.example.highdpi}
11-14 14:14:05.055 1472 1686 W ActivityTaskManager: getAssistContextExtras failed: timeout retrieving from ActivityRecord{a13c503 u0 org.qtproject.example.deleteme/org.qtproject.qt5.android.bindings.QtActivity t-1 f}}
11-14 14:14:10.780 595 5259 I keystore2: system/security/keystore2/src/watchdog.rs:319 - Watchdog thread idle -> terminating. Have a great day.
11-14 14:14:12.339 1472 4938 W JobScheduler: Job didn't exist in JobStore: 5274686 #u0a150/1 com.google.android.configupdater/.MainJobService
11-14 14:14:12.353 1472 2549 W JobScheduler: Job didn't exist in JobStore: 3016c9d #u0a156/5 com.google.android.apps.work.oobconfig/.gservices.GservicesChangedObserverService
11-14 14:14:13.828 1472 1807 D ActivityManager: freezing 8000 com.android.hotwordenrollment.okgoogle
11-14 14:14:13.831 1472 1807 D ActivityManager: freezing 6495 com.google.android.hardwareinfo
11-14 14:14:13.833 1472 1807 D ActivityManager: freezing 7906 com.android.imsserviceentitlement
11-14 14:14:13.835 1472 1807 D ActivityManager: freezing 21005 com.google.android.webview:webview_apk
11-14 14:14:13.836 1472 1807 D ActivityManager: freezing 1317 com.google.android.documentsui
11-14 14:14:13.838 1472 1807 D ActivityManager: freezing 5382 com.android.externalstorage
11-14 14:14:13.839 1472 1807 D ActivityManager: freezing 11432 com.android.shell
11-14 14:14:13.841 1472 1807 D ActivityManager: freezing 5833 com.android.angle
11-14 14:14:13.843 1472 1807 D ActivityManager: freezing 4356 com.android.traceur
11-14 14:14:13.845 1472 1807 D ActivityManager: freezing 7205 com.google.android.healthconnect.controller
11-14 14:14:13.846 1472 1807 D ActivityManager: freezing 6399 com.google.android.packageinstaller
11-14 14:14:13.848 1472 1807 D ActivityManager: freezing 2005 com.google.android.flipendo
11-14 14:14:13.850 1472 1807 D ActivityManager: freezing 9447 com.google.android.as.oss:learning_bg
11-14 14:14:13.852 1472 1807 D ActivityManager: freezing 10916 com.google.android.as.oss
11-14 14:14:13.853 1472 1807 D ActivityManager: freezing 5791 com.google.android.webview:webview_service
11-14 14:14:13.854 1472 1807 D ActivityManager: freezing 1650 com.google.android.marvin.talkback
11-14 14:14:13.856 1472 1807 D ActivityManager: freezing 8763 com.google.android.accessibility.soundamplifier
11-14 14:14:13.857 1472 1807 D ActivityManager: freezing 8898 com.google.android.apps.wearables.maestro.companion
11-14 14:14:13.858 1472 1807 D ActivityManager: freezing 8936 com.google.android.accessibility.switchaccess
11-14 14:14:13.860 1472 1807 D ActivityManager: freezing 8985 com.google.android.apps.accessibility.voiceaccess
11-14 14:14:13.861 1472 1807 D ActivityManager: freezing 9034 com.google.android.calculator
11-14 14:14:13.863 1472 1807 D ActivityManager: freezing 9120 com.google.android.apps.tips
11-14 14:14:13.864 1472 1807 D ActivityManager: freezing 9135 com.google.android.apps.carrier.carrierwifi
11-14 14:14:13.865 1472 1807 D ActivityManager: freezing 18570 com.google.android.soundpicker
11-14 14:14:13.866 1472 1807 D ActivityManager: freezing 18234 com.google.android.webview
11-14 14:14:13.868 1472 1807 D ActivityManager: freezing 18747 com.google.audio.hearing.visualization.accessibility.scribe
11-14 14:14:13.869 1472 1807 D ActivityManager: freezing 19331 com.google.android.projection.gearhead:provider
11-14 14:14:13.870 1472 1807 D ActivityManager: freezing 15085 com.google.android.projection.gearhead:primes_lifeboat
11-14 14:14:13.871 1472 1807 D ActivityManager: freezing 18456 com.google.android.apps.restore
11-14 14:14:13.872 1472 1807 D ActivityManager: freezing 3999 com.android.keychain
11-14 14:14:13.873 1472 1807 D ActivityManager: freezing 10000 com.google.android.apps.turbo:ssb
11-14 14:14:13.874 1472 1807 D ActivityManager: freezing 9086 com.google.android.apps.docs
11-14 14:14:13.876 1472 1807 D ActivityManager: freezing 31802 com.google.android.contacts
11-14 14:14:13.878 1472 1807 D ActivityManager: freezing 31926 com.google.android.projection.gearhead:shared
11-14 14:14:13.878 1472 1807 D ActivityManager: freezing 14998 com.google.android.projection.gearhead:car
11-14 14:14:13.880 1472 1807 D ActivityManager: freezing 4760 com.google.android.apps.wallpaper
11-14 14:14:13.881 1472 1807 D ActivityManager: freezing 2726 com.google.android.carrier
11-14 14:14:13.882 1472 1807 D ActivityManager: freezing 3415 com.google.android.gm
11-14 14:14:13.884 1472 1807 D ActivityManager: freezing 19396 com.android.vending:quick_launch
11-14 14:14:13.886 1472 1807 D ActivityManager: freezing 18481 com.google.android.setupwizard
11-14 14:14:13.887 1472 1807 D ActivityManager: freezing 28551 com.google.android.gms.ui
11-14 14:14:13.888 1472 1807 D ActivityManager: freezing 28565 com.google.android.gms.feedback
11-14 14:14:13.890 1472 1807 D ActivityManager: freezing 10221 com.google.android.gms:snet
11-14 14:14:13.892 1472 1807 D ActivityManager: freezing 3536 com.android.vending
11-14 14:14:13.894 1472 1807 D ActivityManager: freezing 11615 com.google.android.tts
11-14 14:14:13.896 1472 1807 D ActivityManager: freezing 2098 com.google.android.permissioncontroller
11-14 14:14:13.898 1472 1807 D ActivityManager: freezing 6472 com.google.android.odad
11-14 14:14:13.900 1472 1807 D ActivityManager: freezing 29482 com.google.android.deskclock
11-14 14:14:13.901 1472 1807 D ActivityManager: freezing 18802 com.google.android.apps.healthdata
11-14 14:14:13.902 1472 1807 D ActivityManager: freezing 12154 com.google.android.apps.wellbeing
11-14 14:14:13.904 1472 1807 D ActivityManager: freezing 6090 com.google.android.uvexposurereporter
11-14 14:14:13.905 1472 1807 D ActivityManager: freezing 2609 com.google.android.cellbroadcastreceiver
11-14 14:14:13.906 1472 1807 D ActivityManager: freezing 5139 com.android.providers.calendar
11-14 14:14:13.908 1472 1807 D ActivityManager: freezing 16945 com.google.android.apps.turbo:aab
11-14 14:14:13.909 1472 1807 D ActivityManager: freezing 4624 android.process.media
11-14 14:14:13.910 1472 1807 D ActivityManager: freezing 8423 com.google.android.turboadapter
11-14 14:14:13.912 1472 1807 D ActivityManager: freezing 8918 com.google.android.apps.photos
11-14 14:14:13.914 1472 1807 D ActivityManager: freezing 12046 com.google.android.apps.safetyhub
11-14 14:14:13.915 1472 1807 D ActivityManager: freezing 29322 com.google.android.youtube
11-14 14:14:13.919 1472 1807 D ActivityManager: freezing 4441 com.google.android.apps.youtube.music
11-14 14:14:13.922 1472 1807 D ActivityManager: freezing 13752 com.google.android.videos
11-14 14:14:13.924 1472 1807 D ActivityManager: freezing 19250 com.android.vending:instant_app_installer
11-14 14:14:13.926 1472 1807 D ActivityManager: freezing 12137 com.google.android.apps.betterbug
11-14 14:14:13.927 1472 1807 D ActivityManager: freezing 6263 com.google.android.rkpdapp
11-14 14:14:13.929 1472 1807 D ActivityManager: freezing 30461 com.android.settings
11-14 14:14:13.930 1472 1807 D ActivityManager: freezing 18781 com.google.android.apps.nbu.files
11-14 14:14:13.932 1472 1807 D ActivityManager: freezing 12364 com.google.android.settings.intelligence
11-14 14:14:13.934 1472 1807 D ActivityManager: freezing 17097 com.google.android.partnersetup
11-14 14:14:13.935 1472 1807 D ActivityManager: freezing 1220 com.google.android.apps.carrier.log
11-14 14:14:13.936 1472 1807 D ActivityManager: freezing 7778 com.google.RilConfigService
11-14 14:14:13.937 1472 1807 D ActivityManager: freezing 12068 com.google.android.apps.gcs
11-14 14:14:13.939 1472 1807 D ActivityManager: freezing 29151 com.google.android.apps.messaging
11-14 14:14:13.942 1472 1807 D ActivityManager: freezing 2724 com.google.android.googlequicksearchbox:train
11-14 14:14:15.475 1472 1807 D ActivityManager: freezing 18837 com.google.android.dialer
11-14 14:14:15.477 1472 1807 D ActivityManager: freezing 20815 com.google.android.calendar
11-14 14:14:15.480 1472 1807 D ActivityManager: freezing 4461 com.google.android.apps.maps
11-14 14:14:15.481 1472 1807 D ActivityManager: freezing 19084 com.android.vending:background
11-14 14:14:16.477 1472 1807 D ActivityManager: freezing 1160 com.google.android.gms.unstable
11-14 14:14:22.368 1472 1807 D ActivityManager: freezing 6647 com.google.android.configupdater
11-14 14:14:22.371 1472 1807 D ActivityManager: freezing 7681 com.google.android.apps.work.oobconfig
11-14 14:14:31.655 1472 1807 D ActivityManager: freezing 19704 com.google.android.apps.turbo
11-14 14:14:36.491 1942 3355 D PowerUI : can't show warning due to - plugged: true status unknown: false
11-14 14:14:50.949 1472 1472 I ContentCaptureManagerService: Content capture data sharing session terminated successfully for package 'com.google.android.googlequicksearchbox'
11-14 14:14:55.263 1472 1697 D ActivityManager: sync unfroze 19704 com.google.android.apps.turbo
11-14 14:14:55.266 1472 1697 D ActivityManager: sync unfroze 30461 com.android.settings
11-14 14:14:55.324 1472 4938 D ActivityManager: sync unfroze 8423 com.google.android.turboadapter
11-14 14:14:55.336 1942 3359 D PowerUI : can't show warning due to - plugged: true status unknown: false
11-14 14:14:57.790 1472 1721 D ActivityManager: sync unfroze 19084 com.android.vending:background
11-14 14:14:57.791 1472 1721 D ActivityManager: sync unfroze 19250 com.android.vending:instant_app_installer
11-14 14:14:57.792 1472 1721 D ActivityManager: sync unfroze 3536 com.android.vending
11-14 14:14:57.792 1472 1721 D ActivityManager: sync unfroze 19396 com.android.vending:quick_launch
11-14 14:14:57.820 1472 1721 I PackageManager: Integrity check passed for file:///data/app/vmdl313635068.tmp
11-14 14:14:58.600 1472 1721 I PackageManager: Continuing with installation of file:///data/app/vmdl313635068.tmp
11-14 14:14:58.739 1472 1697 I ActivityManager: Force stopping org.qtproject.example.contactlistexample appid=10277 user=-1: installPackageLI
11-14 14:14:58.740 1472 1721 I PackageManager: Update package org.qtproject.example.contactlistexample code path from /data/app/~~V-RAJvRtRCfMeFCJK7aWoA==/org.qtproject.example.contactlistexample-dzdyok0MYLZ99TNd8gWaag== to /data/app/~~yCoD-ICmKUQ37UBUbkQn_g==/org.qtproject.example.contactlistexample-amadqofmvoo10bbbB_r15w==; Retain data and using new
11-14 14:14:58.741 1472 1721 I AppsFilter: interaction: PackageSetting{a971eec org.qtproject.example.qmlchart/10248} -> PackageSetting{76e7b9f org.qtproject.example.contactlistexample/10277} BLOCKED
11-14 14:14:58.741 1472 1721 I AppsFilter: interaction: PackageSetting{c7356c0 org.qtproject.example.vulkanunderqml/10267} -> PackageSetting{76e7b9f org.qtproject.example.contactlistexample/10277} BLOCKED
11-14 14:14:58.741 1472 1721 I AppsFilter: interaction: PackageSetting{473e1f2 com.qt.finweather/10286} -> PackageSetting{76e7b9f org.qtproject.example.contactlistexample/10277} BLOCKED
11-14 14:14:58.741 1472 1721 I AppsFilter: interaction: PackageSetting{b6720a7 org.qtproject.example.appQTBUG_38700_example/10269} -> PackageSetting{76e7b9f org.qtproject.example.contactlistexample/10277} BLOCKED
11-14 14:14:58.741 1472 1721 I AppsFilter: interaction: PackageSetting{e968aaf org.qtproject.example.minimal_qml/10262} -> PackageSetting{76e7b9f org.qtproject.example.contactlistexample/10277} BLOCKED
11-14 14:14:58.741 1472 1721 I AppsFilter: interaction: PackageSetting{d5ddbb7 org.qtproject.example.qmloscilloscope/10255} -> PackageSetting{76e7b9f org.qtproject.example.contactlistexample/10277} BLOCKED
11-14 14:14:58.741 1472 1721 I AppsFilter: interaction: PackageSetting{1bb2e8f org.qtproject.example.calqlatrexample/10266} -> PackageSetting{76e7b9f org.qtproject.example.contactlistexample/10277} BLOCKED
11-14 14:14:58.741 1472 1721 I AppsFilter: interaction: PackageSetting{6b2f6e1 org.qtproject.example.appqt66beta1androidquickexample/10256} -> PackageSetting{76e7b9f org.qtproject.example.contactlistexample/10277} BLOCKED
11-14 14:14:58.741 1472 1721 I AppsFilter: interaction: PackageSetting{5cde19a org.qtproject.example.coffee/10279} -> PackageSetting{76e7b9f org.qtproject.example.contactlistexample/10277} BLOCKED
11-14 14:14:58.741 1472 1721 I AppsFilter: interaction: PackageSetting{681d2eb org.qtproject.example.contactlist/10252} -> PackageSetting{76e7b9f org.qtproject.example.contactlistexample/10277} BLOCKED
11-14 14:14:58.741 1472 1721 I AppsFilter: interaction: PackageSetting{2c049b9 org.qtproject.example.appmuu/10287} -> PackageSetting{76e7b9f org.qtproject.example.contactlistexample/10277} BLOCKED
11-14 14:14:58.741 1472 1721 I AppsFilter: interaction: PackageSetting{4264ce2 org.qtproject.example.qtbug98766_compat/10289} -> PackageSetting{76e7b9f org.qtproject.example.contactlistexample/10277} BLOCKED
11-14 14:14:58.741 1472 1721 I AppsFilter: interaction: PackageSetting{e48a5d7 org.qtproject.example.galleryexample/10265} -> PackageSetting{76e7b9f org.qtproject.example.contactlistexample/10277} BLOCKED
11-14 14:14:58.741 1472 1721 I AppsFilter: interaction: PackageSetting{32cb918 org.qtproject.example.objectlistmodelexample/10263} -> PackageSetting{76e7b9f org.qtproject.example.contactlistexample/10277} BLOCKED
11-14 14:14:58.741 1472 1721 I AppsFilter: interaction: PackageSetting{54ce4c9 org.qtproject.example.testFont/10270} -> PackageSetting{76e7b9f org.qtproject.example.contactlistexample/10277} BLOCKED
11-14 14:14:58.741 1472 1721 I AppsFilter: interaction: PackageSetting{d136cd0 org.qtproject.example.widgetdeom/10259} -> PackageSetting{76e7b9f org.qtproject.example.contactlistexample/10277} BLOCKED
11-14 14:14:58.741 1472 1721 I AppsFilter: interaction: PackageSetting{88b8d1b org.qtproject.example.declarative_camera/10253} -> PackageSetting{76e7b9f org.qtproject.example.contactlistexample/10277} BLOCKED
11-14 14:14:58.741 1472 1721 I AppsFilter: interaction: PackageSetting{246c121 com.test.ouluweather/10268} -> PackageSetting{76e7b9f org.qtproject.example.contactlistexample/10277} BLOCKED
11-14 14:14:58.741 1472 1721 I AppsFilter: interaction: PackageSetting{5638a6e com.google.android.microdroid.empty_payload/10246} -> PackageSetting{76e7b9f org.qtproject.example.contactlistexample/10277} BLOCKED
11-14 14:14:58.741 1472 1721 I AppsFilter: interaction: PackageSetting{b8bf670 org.qtproject.example.calendarwidget/10278} -> PackageSetting{76e7b9f org.qtproject.example.contactlistexample/10277} BLOCKED
11-14 14:14:58.741 1472 1721 I AppsFilter: interaction: PackageSetting{e574d7d org.qtproject.example.QTBUG97503/10284} -> PackageSetting{76e7b9f org.qtproject.example.contactlistexample/10277} BLOCKED
11-14 14:14:58.741 1472 1721 I AppsFilter: interaction: PackageSetting{59c4cd3 org.qtproject.example.unicode_bug/10280} -> PackageSetting{76e7b9f org.qtproject.example.contactlistexample/10277} BLOCKED
11-14 14:14:58.741 1472 1721 I AppsFilter: interaction: PackageSetting{277dda4 com.example.qtbug/10276} -> PackageSetting{76e7b9f org.qtproject.example.contactlistexample/10277} BLOCKED
11-14 14:14:58.741 1472 1721 I AppsFilter: interaction: PackageSetting{607ced1 org.qtproject.example.implicit_height/10275} -> PackageSetting{76e7b9f org.qtproject.example.contactlistexample/10277} BLOCKED
11-14 14:14:58.741 1472 1721 I AppsFilter: interaction: PackageSetting{a26c3f org.qtproject.example.simplemqttclient/10254} -> PackageSetting{76e7b9f org.qtproject.example.contactlistexample/10277} BLOCKED
11-14 14:14:58.741 1472 1721 I AppsFilter: interaction: PackageSetting{171305e org.qtproject.example.qtbug90324/10271} -> PackageSetting{76e7b9f org.qtproject.example.contactlistexample/10277} BLOCKED
11-14 14:14:58.741 1472 1721 I AppsFilter: interaction: PackageSetting{739d6f org.qtproject.example.qtbug87334/10247} -> PackageSetting{76e7b9f org.qtproject.example.contactlistexample/10277} BLOCKED
11-14 14:14:58.741 1472 1721 I AppsFilter: interaction: PackageSetting{d740599 org.qtproject.example.qtbug40728/10273} -> PackageSetting{76e7b9f org.qtproject.example.contactlistexample/10277} BLOCKED
11-14 14:14:58.741 1472 1721 I AppsFilter: interaction: PackageSetting{89b3c9d org.qtproject.example.Android_keyboard_cover/10283} -> PackageSetting{76e7b9f org.qtproject.example.contactlistexample/10277} BLOCKED
11-14 14:14:58.741 1472 1721 I AppsFilter: interaction: PackageSetting{fde6ec8 org.qtproject.example.appqtbug98776_for_qtbug114437/10281} -> PackageSetting{76e7b9f org.qtproject.example.contactlistexample/10277} BLOCKED
11-14 14:14:58.741 1472 1721 I AppsFilter: interaction: PackageSetting{2cd19b0 org.qtproject.example/10282} -> PackageSetting{76e7b9f org.qtproject.example.contactlistexample/10277} BLOCKED
11-14 14:14:58.741 1472 1721 I AppsFilter: interaction: PackageSetting{d382e57 org.qtproject.example.textfinder/10272} -> PackageSetting{76e7b9f org.qtproject.example.contactlistexample/10277} BLOCKED
11-14 14:14:58.741 1472 1721 I AppsFilter: interaction: PackageSetting{47d83f1 org.qtproject.example.openglunderqml/10251} -> PackageSetting{76e7b9f org.qtproject.example.contactlistexample/10277} BLOCKED
11-14 14:14:58.741 1472 1721 I AppsFilter: interaction: PackageSetting{143ef98 org.qtproject.example.texteditor/10285} -> PackageSetting{76e7b9f org.qtproject.example.contactlistexample/10277} BLOCKED
11-14 14:14:58.741 1472 1721 I AppsFilter: interaction: PackageSetting{59234ac org.qtproject.example.hellocube/10258} -> PackageSetting{76e7b9f org.qtproject.example.contactlistexample/10277} BLOCKED
11-14 14:14:58.741 1472 1721 I AppsFilter: interaction: PackageSetting{a174853 org.qtproject.example.texteditorexample/10290} -> PackageSetting{76e7b9f org.qtproject.example.contactlistexample/10277} BLOCKED
11-14 14:14:58.741 1472 1721 I AppsFilter: interaction: PackageSetting{f13b073 org.qtproject.example.highdpi/10288} -> PackageSetting{76e7b9f org.qtproject.example.contactlistexample/10277} BLOCKED
11-14 14:14:58.741 1472 1721 I AppsFilter: interaction: PackageSetting{cae2aca org.qtproject.example.deleteme/10291} -> PackageSetting{76e7b9f org.qtproject.example.contactlistexample/10277} BLOCKED
11-14 14:14:58.741 1472 1721 I AppsFilter: interaction: PackageSetting{c514d9b org.qtproject.example.quickspeech/10274} -> PackageSetting{76e7b9f org.qtproject.example.contactlistexample/10277} BLOCKED
11-14 14:14:58.742 1472 1721 I AppsFilter: interaction: PackageSetting{a971eec org.qtproject.example.qmlchart/10248} -> PackageSetting{2c11bbd org.qtproject.example.contactlistexample/10277} BLOCKED
11-14 14:14:58.742 1472 1721 I AppsFilter: interaction: PackageSetting{c7356c0 org.qtproject.example.vulkanunderqml/10267} -> PackageSetting{2c11bbd org.qtproject.example.contactlistexample/10277} BLOCKED
11-14 14:14:58.742 1472 1721 I AppsFilter: interaction: PackageSetting{473e1f2 com.qt.finweather/10286} -> PackageSetting{2c11bbd org.qtproject.example.contactlistexample/10277} BLOCKED
11-14 14:14:58.742 1472 1721 I AppsFilter: interaction: PackageSetting{b6720a7 org.qtproject.example.appQTBUG_38700_example/10269} -> PackageSetting{2c11bbd org.qtproject.example.contactlistexample/10277} BLOCKED
11-14 14:14:58.742 1472 1721 I AppsFilter: interaction: PackageSetting{e968aaf org.qtproject.example.minimal_qml/10262} -> PackageSetting{2c11bbd org.qtproject.example.contactlistexample/10277} BLOCKED
11-14 14:14:58.742 1472 1721 I AppsFilter: interaction: PackageSetting{d5ddbb7 org.qtproject.example.qmloscilloscope/10255} -> PackageSetting{2c11bbd org.qtproject.example.contactlistexample/10277} BLOCKED
11-14 14:14:58.742 1472 1721 I AppsFilter: interaction: PackageSetting{1bb2e8f org.qtproject.example.calqlatrexample/10266} -> PackageSetting{2c11bbd org.qtproject.example.contactlistexample/10277} BLOCKED
11-14 14:14:58.742 1472 1721 I AppsFilter: interaction: PackageSetting{6b2f6e1 org.qtproject.example.appqt66beta1androidquickexample/10256} -> PackageSetting{2c11bbd org.qtproject.example.contactlistexample/10277} BLOCKED
11-14 14:14:58.742 1472 1721 I AppsFilter: interaction: PackageSetting{5cde19a org.qtproject.example.coffee/10279} -> PackageSetting{2c11bbd org.qtproject.example.contactlistexample/10277} BLOCKED
11-14 14:14:58.742 1472 1721 I AppsFilter: interaction: PackageSetting{681d2eb org.qtproject.example.contactlist/10252} -> PackageSetting{2c11bbd org.qtproject.example.contactlistexample/10277} BLOCKED
11-14 14:14:58.742 1472 1721 I AppsFilter: interaction: PackageSetting{2c049b9 org.qtproject.example.appmuu/10287} -> PackageSetting{2c11bbd org.qtproject.example.contactlistexample/10277} BLOCKED
11-14 14:14:58.742 1472 1721 I AppsFilter: interaction: PackageSetting{4264ce2 org.qtproject.example.qtbug98766_compat/10289} -> PackageSetting{2c11bbd org.qtproject.example.contactlistexample/10277} BLOCKED
11-14 14:14:58.742 1472 1721 I AppsFilter: interaction: PackageSetting{e48a5d7 org.qtproject.example.galleryexample/10265} -> PackageSetting{2c11bbd org.qtproject.example.contactlistexample/10277} BLOCKED
11-14 14:14:58.742 1472 1721 I AppsFilter: interaction: PackageSetting{32cb918 org.qtproject.example.objectlistmodelexample/10263} -> PackageSetting{2c11bbd org.qtproject.example.contactlistexample/10277} BLOCKED
11-14 14:14:58.742 1472 1721 I AppsFilter: interaction: PackageSetting{54ce4c9 org.qtproject.example.testFont/10270} -> PackageSetting{2c11bbd org.qtproject.example.contactlistexample/10277} BLOCKED
11-14 14:14:58.742 1472 1721 I AppsFilter: interaction: PackageSetting{d136cd0 org.qtproject.example.widgetdeom/10259} -> PackageSetting{2c11bbd org.qtproject.example.contactlistexample/10277} BLOCKED
11-14 14:14:58.742 1472 1721 I AppsFilter: interaction: PackageSetting{88b8d1b org.qtproject.example.declarative_camera/10253} -> PackageSetting{2c11bbd org.qtproject.example.contactlistexample/10277} BLOCKED
11-14 14:14:58.742 1472 1721 I AppsFilter: interaction: PackageSetting{246c121 com.test.ouluweather/10268} -> PackageSetting{2c11bbd org.qtproject.example.contactlistexample/10277} BLOCKED
11-14 14:14:58.742 1472 1721 I AppsFilter: interaction: PackageSetting{5638a6e com.google.android.microdroid.empty_payload/10246} -> PackageSetting{2c11bbd org.qtproject.example.contactlistexample/10277} BLOCKED
11-14 14:14:58.742 1472 1721 I AppsFilter: interaction: PackageSetting{b8bf670 org.qtproject.example.calendarwidget/10278} -> PackageSetting{2c11bbd org.qtproject.example.contactlistexample/10277} BLOCKED
11-14 14:14:58.742 1472 1721 I AppsFilter: interaction: PackageSetting{e574d7d org.qtproject.example.QTBUG97503/10284} -> PackageSetting{2c11bbd org.qtproject.example.contactlistexample/10277} BLOCKED
11-14 14:14:58.742 1472 1721 I AppsFilter: interaction: PackageSetting{59c4cd3 org.qtproject.example.unicode_bug/10280} -> PackageSetting{2c11bbd org.qtproject.example.contactlistexample/10277} BLOCKED
11-14 14:14:58.742 1472 1721 I AppsFilter: interaction: PackageSetting{277dda4 com.example.qtbug/10276} -> PackageSetting{2c11bbd org.qtproject.example.contactlistexample/10277} BLOCKED
11-14 14:14:58.742 1472 1721 I AppsFilter: interaction: PackageSetting{607ced1 org.qtproject.example.implicit_height/10275} -> PackageSetting{2c11bbd org.qtproject.example.contactlistexample/10277} BLOCKED
11-14 14:14:58.742 1472 1721 I AppsFilter: interaction: PackageSetting{a26c3f org.qtproject.example.simplemqttclient/10254} -> PackageSetting{2c11bbd org.qtproject.example.contactlistexample/10277} BLOCKED
11-14 14:14:58.742 1472 1721 I AppsFilter: interaction: PackageSetting{171305e org.qtproject.example.qtbug90324/10271} -> PackageSetting{2c11bbd org.qtproject.example.contactlistexample/10277} BLOCKED
11-14 14:14:58.742 1472 1721 I AppsFilter: interaction: PackageSetting{739d6f org.qtproject.example.qtbug87334/10247} -> PackageSetting{2c11bbd org.qtproject.example.contactlistexample/10277} BLOCKED
11-14 14:14:58.742 1472 1721 I AppsFilter: interaction: PackageSetting{d740599 org.qtproject.example.qtbug40728/10273} -> PackageSetting{2c11bbd org.qtproject.example.contactlistexample/10277} BLOCKED
11-14 14:14:58.742 1472 1721 I AppsFilter: interaction: PackageSetting{89b3c9d org.qtproject.example.Android_keyboard_cover/10283} -> PackageSetting{2c11bbd org.qtproject.example.contactlistexample/10277} BLOCKED
11-14 14:14:58.742 1472 1721 I AppsFilter: interaction: PackageSetting{fde6ec8 org.qtproject.example.appqtbug98776_for_qtbug114437/10281} -> PackageSetting{2c11bbd org.qtproject.example.contactlistexample/10277} BLOCKED
11-14 14:14:58.742 1472 1721 I AppsFilter: interaction: PackageSetting{2cd19b0 org.qtproject.example/10282} -> PackageSetting{2c11bbd org.qtproject.example.contactlistexample/10277} BLOCKED
11-14 14:14:58.742 1472 1721 I AppsFilter: interaction: PackageSetting{d382e57 org.qtproject.example.textfinder/10272} -> PackageSetting{2c11bbd org.qtproject.example.contactlistexample/10277} BLOCKED
11-14 14:14:58.742 1472 1721 I AppsFilter: interaction: PackageSetting{47d83f1 org.qtproject.example.openglunderqml/10251} -> PackageSetting{2c11bbd org.qtproject.example.contactlistexample/10277} BLOCKED
11-14 14:14:58.742 1472 1721 I AppsFilter: interaction: PackageSetting{143ef98 org.qtproject.example.texteditor/10285} -> PackageSetting{2c11bbd org.qtproject.example.contactlistexample/10277} BLOCKED
11-14 14:14:58.742 1472 1721 I AppsFilter: interaction: PackageSetting{59234ac org.qtproject.example.hellocube/10258} -> PackageSetting{2c11bbd org.qtproject.example.contactlistexample/10277} BLOCKED
11-14 14:14:58.742 1472 1721 I AppsFilter: interaction: PackageSetting{a174853 org.qtproject.example.texteditorexample/10290} -> PackageSetting{2c11bbd org.qtproject.example.contactlistexample/10277} BLOCKED
11-14 14:14:58.742 1472 1721 I AppsFilter: interaction: PackageSetting{f13b073 org.qtproject.example.highdpi/10288} -> PackageSetting{2c11bbd org.qtproject.example.contactlistexample/10277} BLOCKED
11-14 14:14:58.742 1472 1721 I AppsFilter: interaction: PackageSetting{cae2aca org.qtproject.example.deleteme/10291} -> PackageSetting{2c11bbd org.qtproject.example.contactlistexample/10277} BLOCKED
11-14 14:14:58.742 1472 1721 I AppsFilter: interaction: PackageSetting{c514d9b org.qtproject.example.quickspeech/10274} -> PackageSetting{2c11bbd org.qtproject.example.contactlistexample/10277} BLOCKED
11-14 14:14:58.746 1472 1721 I PermissionManager: Permission ownership changed. Updating all permissions.
11-14 14:14:58.928 1472 1721 I AppsFilter: interaction: PackageSetting{a971eec org.qtproject.example.qmlchart/10248} -> PackageSetting{2c11bbd org.qtproject.example.contactlistexample/10277} BLOCKED
11-14 14:14:58.928 1472 1721 I AppsFilter: interaction: PackageSetting{c7356c0 org.qtproject.example.vulkanunderqml/10267} -> PackageSetting{2c11bbd org.qtproject.example.contactlistexample/10277} BLOCKED
11-14 14:14:58.928 1472 1721 I AppsFilter: interaction: PackageSetting{473e1f2 com.qt.finweather/10286} -> PackageSetting{2c11bbd org.qtproject.example.contactlistexample/10277} BLOCKED
11-14 14:14:58.928 1472 1721 I AppsFilter: interaction: PackageSetting{b6720a7 org.qtproject.example.appQTBUG_38700_example/10269} -> PackageSetting{2c11bbd org.qtproject.example.contactlistexample/10277} BLOCKED
11-14 14:14:58.928 1472 1721 I AppsFilter: interaction: PackageSetting{e968aaf org.qtproject.example.minimal_qml/10262} -> PackageSetting{2c11bbd org.qtproject.example.contactlistexample/10277} BLOCKED
11-14 14:14:58.928 1472 1721 I AppsFilter: interaction: PackageSetting{d5ddbb7 org.qtproject.example.qmloscilloscope/10255} -> PackageSetting{2c11bbd org.qtproject.example.contactlistexample/10277} BLOCKED
11-14 14:14:58.928 1472 1721 I AppsFilter: interaction: PackageSetting{1bb2e8f org.qtproject.example.calqlatrexample/10266} -> PackageSetting{2c11bbd org.qtproject.example.contactlistexample/10277} BLOCKED
11-14 14:14:58.928 1472 1721 I AppsFilter: interaction: PackageSetting{6b2f6e1 org.qtproject.example.appqt66beta1androidquickexample/10256} -> PackageSetting{2c11bbd org.qtproject.example.contactlistexample/10277} BLOCKED
11-14 14:14:58.928 1472 1721 I AppsFilter: interaction: PackageSetting{5cde19a org.qtproject.example.coffee/10279} -> PackageSetting{2c11bbd org.qtproject.example.contactlistexample/10277} BLOCKED
11-14 14:14:58.928 1472 1721 I AppsFilter: interaction: PackageSetting{681d2eb org.qtproject.example.contactlist/10252} -> PackageSetting{2c11bbd org.qtproject.example.contactlistexample/10277} BLOCKED
11-14 14:14:58.928 1472 1721 I AppsFilter: interaction: PackageSetting{2c049b9 org.qtproject.example.appmuu/10287} -> PackageSetting{2c11bbd org.qtproject.example.contactlistexample/10277} BLOCKED
11-14 14:14:58.928 1472 1721 I AppsFilter: interaction: PackageSetting{4264ce2 org.qtproject.example.qtbug98766_compat/10289} -> PackageSetting{2c11bbd org.qtproject.example.contactlistexample/10277} BLOCKED
11-14 14:14:58.929 1472 1721 I AppsFilter: interaction: PackageSetting{e48a5d7 org.qtproject.example.galleryexample/10265} -> PackageSetting{2c11bbd org.qtproject.example.contactlistexample/10277} BLOCKED
11-14 14:14:58.929 1472 1721 I AppsFilter: interaction: PackageSetting{32cb918 org.qtproject.example.objectlistmodelexample/10263} -> PackageSetting{2c11bbd org.qtproject.example.contactlistexample/10277} BLOCKED
11-14 14:14:58.929 1472 1721 I AppsFilter: interaction: PackageSetting{54ce4c9 org.qtproject.example.testFont/10270} -> PackageSetting{2c11bbd org.qtproject.example.contactlistexample/10277} BLOCKED
11-14 14:14:58.929 1472 1721 I AppsFilter: interaction: PackageSetting{d136cd0 org.qtproject.example.widgetdeom/10259} -> PackageSetting{2c11bbd org.qtproject.example.contactlistexample/10277} BLOCKED
11-14 14:14:58.929 1472 1721 I AppsFilter: interaction: PackageSetting{88b8d1b org.qtproject.example.declarative_camera/10253} -> PackageSetting{2c11bbd org.qtproject.example.contactlistexample/10277} BLOCKED
11-14 14:14:58.929 1472 1721 I AppsFilter: interaction: PackageSetting{246c121 com.test.ouluweather/10268} -> PackageSetting{2c11bbd org.qtproject.example.contactlistexample/10277} BLOCKED
11-14 14:14:58.929 1472 1721 I AppsFilter: interaction: PackageSetting{5638a6e com.google.android.microdroid.empty_payload/10246} -> PackageSetting{2c11bbd org.qtproject.example.contactlistexample/10277} BLOCKED
11-14 14:14:58.929 1472 1721 I AppsFilter: interaction: PackageSetting{b8bf670 org.qtproject.example.calendarwidget/10278} -> PackageSetting{2c11bbd org.qtproject.example.contactlistexample/10277} BLOCKED
11-14 14:14:58.929 1472 1721 I AppsFilter: interaction: PackageSetting{e574d7d org.qtproject.example.QTBUG97503/10284} -> PackageSetting{2c11bbd org.qtproject.example.contactlistexample/10277} BLOCKED
11-14 14:14:58.929 1472 1721 I AppsFilter: interaction: PackageSetting{59c4cd3 org.qtproject.example.unicode_bug/10280} -> PackageSetting{2c11bbd org.qtproject.example.contactlistexample/10277} BLOCKED
11-14 14:14:58.929 1472 1721 I AppsFilter: interaction: PackageSetting{277dda4 com.example.qtbug/10276} -> PackageSetting{2c11bbd org.qtproject.example.contactlistexample/10277} BLOCKED
11-14 14:14:58.929 1472 1721 I AppsFilter: interaction: PackageSetting{607ced1 org.qtproject.example.implicit_height/10275} -> PackageSetting{2c11bbd org.qtproject.example.contactlistexample/10277} BLOCKED
11-14 14:14:58.929 1472 1721 I AppsFilter: interaction: PackageSetting{a26c3f org.qtproject.example.simplemqttclient/10254} -> PackageSetting{2c11bbd org.qtproject.example.contactlistexample/10277} BLOCKED
11-14 14:14:58.929 1472 1721 I AppsFilter: interaction: PackageSetting{171305e org.qtproject.example.qtbug90324/10271} -> PackageSetting{2c11bbd org.qtproject.example.contactlistexample/10277} BLOCKED
11-14 14:14:58.929 1472 1721 I AppsFilter: interaction: PackageSetting{739d6f org.qtproject.example.qtbug87334/10247} -> PackageSetting{2c11bbd org.qtproject.example.contactlistexample/10277} BLOCKED
11-14 14:14:58.929 1472 1721 I AppsFilter: interaction: PackageSetting{d740599 org.qtproject.example.qtbug40728/10273} -> PackageSetting{2c11bbd org.qtproject.example.contactlistexample/10277} BLOCKED
11-14 14:14:58.929 1472 1721 I AppsFilter: interaction: PackageSetting{89b3c9d org.qtproject.example.Android_keyboard_cover/10283} -> PackageSetting{2c11bbd org.qtproject.example.contactlistexample/10277} BLOCKED
11-14 14:14:58.929 1472 1721 I AppsFilter: interaction: PackageSetting{fde6ec8 org.qtproject.example.appqtbug98776_for_qtbug114437/10281} -> PackageSetting{2c11bbd org.qtproject.example.contactlistexample/10277} BLOCKED
11-14 14:14:58.929 1472 1721 I AppsFilter: interaction: PackageSetting{2cd19b0 org.qtproject.example/10282} -> PackageSetting{2c11bbd org.qtproject.example.contactlistexample/10277} BLOCKED
11-14 14:14:58.929 1472 1721 I AppsFilter: interaction: PackageSetting{d382e57 org.qtproject.example.textfinder/10272} -> PackageSetting{2c11bbd org.qtproject.example.contactlistexample/10277} BLOCKED
11-14 14:14:58.929 1472 1721 I AppsFilter: interaction: PackageSetting{47d83f1 org.qtproject.example.openglunderqml/10251} -> PackageSetting{2c11bbd org.qtproject.example.contactlistexample/10277} BLOCKED
11-14 14:14:58.929 1472 1721 I AppsFilter: interaction: PackageSetting{143ef98 org.qtproject.example.texteditor/10285} -> PackageSetting{2c11bbd org.qtproject.example.contactlistexample/10277} BLOCKED
11-14 14:14:58.929 1472 1721 I AppsFilter: interaction: PackageSetting{59234ac org.qtproject.example.hellocube/10258} -> PackageSetting{2c11bbd org.qtproject.example.contactlistexample/10277} BLOCKED
11-14 14:14:58.929 1472 1721 I AppsFilter: interaction: PackageSetting{a174853 org.qtproject.example.texteditorexample/10290} -> PackageSetting{2c11bbd org.qtproject.example.contactlistexample/10277} BLOCKED
11-14 14:14:58.929 1472 1721 I AppsFilter: interaction: PackageSetting{f13b073 org.qtproject.example.highdpi/10288} -> PackageSetting{2c11bbd org.qtproject.example.contactlistexample/10277} BLOCKED
11-14 14:14:58.929 1472 1721 I AppsFilter: interaction: PackageSetting{cae2aca org.qtproject.example.deleteme/10291} -> PackageSetting{2c11bbd org.qtproject.example.contactlistexample/10277} BLOCKED
11-14 14:14:58.929 1472 1721 I AppsFilter: interaction: PackageSetting{c514d9b org.qtproject.example.quickspeech/10274} -> PackageSetting{2c11bbd org.qtproject.example.contactlistexample/10277} BLOCKED
11-14 14:14:59.343 1472 1721 I ActivityManager: Force stopping org.qtproject.example.contactlistexample appid=10277 user=0: pkg removed
11-14 14:14:59.378 1472 1472 D ActivityManager: sync unfroze 3999 com.android.keychain
11-14 14:14:59.380 1472 1721 D CompatibilityChangeReporter: Compat change id reported: 168419799; UID 10277; state: DISABLED
11-14 14:14:59.380 1472 1721 D CompatibilityChangeReporter: Compat change id reported: 273564678; UID 10277; state: DISABLED
11-14 14:14:59.405 1472 1840 D LocaleManagerService: getApplicationLocales: fetching locales for package org.qtproject.example.contactlistexample and user 0
11-14 14:14:59.405 1472 1840 W PackageConfigPersister: App-specific configuration not found for packageName: org.qtproject.example.contactlistexample and userId: 0
