11-13 04:32:08.725 1472 1472 D ActivityManager: sync unfroze 19084 com.android.vending:background
11-13 04:32:08.792 1472 2129 W UriGrantsManagerService: No permission grants found for com.google.android.apps.photos
11-13 04:32:08.803 1472 2129 W UriGrantsManagerService: No permission grants found for com.google.android.apps.photos
11-13 04:32:08.886 1472 2129 W UriGrantsManagerService: No permission grants found for com.google.android.apps.photos
11-13 04:32:08.894 1472 2129 W UriGrantsManagerService: No permission grants found for com.google.android.apps.photos
11-13 04:32:08.895 1472 2557 D ActivityManager: sync unfroze 19250 com.android.vending:instant_app_installer
11-13 04:32:08.923 1472 4960 W JobScheduler: Job didn't exist in JobStore: 4414a89 #u0a136/165064389 com.android.vending/com.google.android.finsky.instantapps.metrics.LogFlushJob
11-13 04:32:08.931 1472 4960 D ActivityManager: sync unfroze 12154 com.google.android.apps.wellbeing
11-13 04:32:09.678 1472 1622 D IntervalStats: Unable to parse usage stats packages: [265, 267, 273, 290]
11-13 04:32:09.680 1472 1622 D IntervalStats: Unable to parse usage stats packages: [265, 267, 273, 290, 292]
11-13 04:32:09.684 1472 1622 D IntervalStats: Unable to parse usage stats packages: [296, 311]
11-13 04:32:09.780 1472 2129 D ActivityManager: sync unfroze 19396 com.android.vending:quick_launch
11-13 04:32:11.236 1472 2129 W ActivityManager: Unable to start service Intent { act=grpc.io.action.BIND cmp=com.google.android.apps.nest.dockmanager.app/.service.DockManagerAndroidService } U=0: not found
11-13 04:32:11.238 1472 2129 W ActivityManager: Unbind failed: could not find connection for android.os.BinderProxy@f15a9aa
11-13 04:32:11.268 1472 2557 D LocaleManagerService: getApplicationLocales: fetching locales for package com.google.android.googlequicksearchbox and user 0
11-13 04:32:11.268 1472 2557 W PackageConfigPersister: App-specific configuration not found for packageName: com.google.android.googlequicksearchbox and userId: 0
11-13 04:32:11.268 1472 2557 D LocaleManagerService: getApplicationLocales: application config not found for com.google.android.googlequicksearchbox and user id 0
11-13 04:32:11.496 1472 4801 I DropBoxManagerService: add tag=platform_stats_bookmark isTagEnabled=true flags=0x2
11-13 04:32:11.776 1472 4801 I DropBoxManagerService: add tag=platform_stats_bookmark isTagEnabled=true flags=0x2
11-13 04:32:15.397 1472 1807 D ActivityManager: freezing 5139 com.android.providers.calendar
11-13 04:32:15.400 1472 1807 D ActivityManager: freezing 20815 com.google.android.calendar
11-13 04:32:15.949 1472 1697 D ActivityManager: sync unfroze 18837 com.google.android.dialer
11-13 04:32:15.978 1472 2129 W ActivityManager: Unable to start service Intent { act=grpc.io.action.BIND cmp=com.google.android.apps.nest.dockmanager.app/.service.DockManagerAndroidService } U=0: not found
11-13 04:32:15.986 1472 4959 W ActivityManager: Unbind failed: could not find connection for android.os.BinderProxy@f058bdc
11-13 04:32:16.313 1472 1807 D ActivityManager: freezing 16945 com.google.android.apps.turbo:aab
11-13 04:32:16.572 1472 1807 D ActivityManager: freezing 8423 com.google.android.turboadapter
11-13 04:32:18.545 1472 1807 D ActivityManager: freezing 17097 com.google.android.partnersetup
11-13 04:32:18.636 1472 1807 D ActivityManager: freezing 12046 com.google.android.apps.safetyhub
11-13 04:32:18.941 1472 1807 D ActivityManager: freezing 19250 com.android.vending:instant_app_installer
11-13 04:32:19.239 1472 1807 D ActivityManager: freezing 12137 com.google.android.apps.betterbug
11-13 04:32:19.288 1472 1807 D ActivityManager: freezing 12154 com.google.android.apps.wellbeing
11-13 04:32:19.669 1472 1807 D ActivityManager: freezing 12068 com.google.android.apps.gcs
11-13 04:32:20.370 1472 1807 D ActivityManager: freezing 20517 com.android.vending
11-13 04:32:20.863 1472 1807 D ActivityManager: freezing 3999 com.android.keychain
11-13 04:32:21.138 1472 1807 D ActivityManager: freezing 8918 com.google.android.apps.photos
11-13 04:32:21.548 1472 4959 W ActivityManager: Unable to start service Intent { act=grpc.io.action.BIND cmp=com.google.android.apps.nest.dockmanager.app/.service.DockManagerAndroidService } U=0: not found
11-13 04:32:21.549 1472 4959 W ActivityManager: Unbind failed: could not find connection for android.os.BinderProxy@854aa4b
11-13 04:32:22.662 1472 1807 D ActivityManager: freezing 30461 com.android.settings
11-13 04:32:24.655 1472 1807 D ActivityManager: freezing 8510 com.google.android.apps.messaging
11-13 04:32:26.060 1472 1807 D ActivityManager: freezing 18837 com.google.android.dialer
11-13 04:32:27.918 1472 1807 D ActivityManager: freezing 1160 com.google.android.gms.unstable
11-13 04:32:29.935 1472 1807 D ActivityManager: freezing 19084 com.android.vending:background
11-13 04:32:30.094 1472 1807 D ActivityManager: freezing 19396 com.android.vending:quick_launch
11-13 04:32:31.886 1472 1987 W ActivityManager: Unable to start service Intent { act=grpc.io.action.BIND cmp=com.google.android.apps.nest.dockmanager.app/.service.DockManagerAndroidService } U=0: not found
11-13 04:32:31.887 1472 1987 W ActivityManager: Unbind failed: could not find connection for android.os.BinderProxy@67d0d41
11-13 04:32:35.238 1472 1807 D ActivityManager: freezing 12364 com.google.android.settings.intelligence
11-13 04:32:35.930 1472 1697 D ActivityManager: sync unfroze 1160 com.google.android.gms.unstable
11-13 04:36:14.923 1472 1472 W Looper : Slow delivery took 200ms main h=android.os.Handler c=android.telecom.Logging.SessionManager$$ExternalSyntheticLambda0@3d516eb m=0
11-13 04:39:05.892 1472 1472 W Looper : Drained
11-13 04:43:20.444 1472 1807 D ActivityManager: freezing 19704 com.google.android.apps.turbo
11-13 04:49:32.934 1472 1807 D ActivityManager: freezing 7533 com.google.android.adservices.api
11-13 04:49:32.938 1472 1807 D ActivityManager: freezing 20437 com.google.android.gms
11-13 04:49:32.941 1472 1807 D ActivityManager: freezing 1160 com.google.android.gms.unstable
11-13 04:49:33.466 1472 1622 W ActivityManager: Unable to start service Intent { act=grpc.io.action.BIND cmp=com.google.android.apps.nest.dockmanager.app/.service.DockManagerAndroidService } U=0: not found
11-13 04:49:33.467 1472 1622 W ActivityManager: Unbind failed: could not find connection for android.os.BinderProxy@b3ab3a3
11-13 05:00:00.024 1472 1697 D ActivityManager: sync unfroze 30461 com.android.settings
11-13 05:00:00.034 1472 1697 D ActivityManager: sync unfroze 3999 com.android.keychain
11-13 05:19:32.853 1472 1697 D ActivityManager: sync unfroze 19704 com.google.android.apps.turbo
11-13 05:27:42.854 1472 1697 D ActivityManager: sync unfroze 2724 com.google.android.googlequicksearchbox:train
11-13 05:27:56.842 1472 4801 I ContentCaptureManagerService: Data share request accepted by Content Capture service
11-13 05:31:43.888 1472 1807 D ActivityManager: freezing 32484 com.google.process.gservices
11-13 05:31:43.890 1472 1807 D ActivityManager: freezing 18662 com.google.process.gapps
11-13 05:31:43.891 1472 1807 D ActivityManager: freezing 25489 android.process.acore
11-13 05:31:43.898 1472 1807 D ActivityManager: freezing 4624 android.process.media
11-13 05:36:46.869 1472 4954 D ActivityManager: sync unfroze 2098 com.google.android.permissioncontroller
11-13 06:10:53.471 1472 1472 W Looper : Slow delivery took 213ms main h=android.os.Handler c=com.android.internal.os.BinderCallsStats$1@2e0d16a m=0
11-13 06:10:53.487 1472 1472 W Looper : Drained
11-13 06:11:09.461 1472 1797 D ActivityManager: sync unfroze 8510 com.google.android.apps.messaging
11-13 06:11:09.474 1472 1797 D ActivityManager: sync unfroze 16945 com.google.android.apps.turbo:aab
11-13 06:11:09.478 1472 1622 W AlarmManager: Alarms must either supply a PendingIntent or an AlarmReceiver
11-13 06:11:09.484 1472 1622 W AlarmManager: Alarms must either supply a PendingIntent or an AlarmReceiver
11-13 06:11:09.498 1472 4801 D ActivityManager: sync unfroze 25489 android.process.acore
11-13 06:11:09.506 1472 4801 W AppOps : Noting op not finished: uid 10140 pkg com.google.android.gms code 113 startTime of in progress event=1699829998109
11-13 06:11:09.521 1472 4949 W AppOps : Noting op not finished: uid 10140 pkg com.google.android.gms code 113 startTime of in progress event=1699829998109
11-13 06:11:09.530 1472 4801 W AppOps : Noting op not finished: uid 10140 pkg com.google.android.gms code 79 startTime of in progress event=1699829998109
11-13 06:11:09.563 1472 4949 D ActivityManager: sync unfroze 8423 com.google.android.turboadapter
11-13 06:11:09.603 1472 4960 D ActivityManager: sync unfroze 32484 com.google.process.gservices
11-13 06:11:09.620 1472 4954 W AlarmManager: Alarms must either supply a PendingIntent or an AlarmReceiver
11-13 06:11:09.622 1472 4960 W AlarmManager: Alarms must either supply a PendingIntent or an AlarmReceiver
11-13 06:11:09.635 1472 4960 W AppOps : Noting op not finished: uid 10140 pkg com.google.android.gms code 113 startTime of in progress event=1699829998109
11-13 06:11:09.647 1472 4954 W AppOps : Noting op not finished: uid 10140 pkg com.google.android.gms code 113 startTime of in progress event=1699829998109
11-13 06:11:09.657 1472 4954 W AppOps : Noting op not finished: uid 10140 pkg com.google.android.gms code 79 startTime of in progress event=1699829998109
11-13 06:11:09.685 1472 4949 D ActivityManager: sync unfroze 20437 com.google.android.gms
11-13 06:11:09.686 1472 4949 D ActivityManager: sync unfroze 7533 com.google.android.adservices.api
11-13 06:11:09.906 1472 1697 D ActivityManager: sync unfroze 1160 com.google.android.gms.unstable
11-13 06:11:12.455 1472 1797 D ActivityManager: sync unfroze 20517 com.android.vending
11-13 06:11:12.465 1472 1797 D ActivityManager: sync unfroze 12046 com.google.android.apps.safetyhub
11-13 06:11:12.481 1472 1797 D ActivityManager: sync unfroze 12364 com.google.android.settings.intelligence
11-13 06:11:12.488 1472 1797 D ActivityManager: sync unfroze 17097 com.google.android.partnersetup
11-13 06:11:12.495 1472 1797 D ActivityManager: sync unfroze 12068 com.google.android.apps.gcs
11-13 06:11:12.520 1472 1472 I StorageManagerService: Storage lifetime: 1
11-13 06:11:12.521 1472 1472 I StorageManagerService: Set smart idle maintenance: latest write amount: 13, average write amount: 199, min segment threshold: 512, dirty reclaim rate: 0.5, segment reclaim weight: 2.0, period(min): 60, min gc sleep time(ms): 5000, target dirty ratio: 80
11-13 06:11:12.523 548 560 I vold : Enough free segments: 42851
11-13 06:11:12.523 1472 1472 I SmartStorageMaintIdler: Got smart storage maintenance service completion callback
11-13 06:11:12.536 1472 4960 W JobScheduler: Job didn't exist in JobStore: ae2f927 #u0a115/4096 com.google.android.partnersetup/.InstalledAppJobService
11-13 06:11:12.548 1472 4960 D ActivityManager: sync unfroze 12137 com.google.android.apps.betterbug
11-13 06:11:12.558 1472 1472 W JobScheduler: Job didn't exist in JobStore: d99f70d #1000/2808 android/com.android.server.SmartStorageMaintIdler
11-13 06:11:12.565 1472 1472 D ActivityManager: sync unfroze 12154 com.google.android.apps.wellbeing
11-13 06:11:12.591 1472 4949 W ActivityManager: Unable to start service Intent { act=grpc.io.action.BIND cmp=com.google.android.apps.wear.companion/.wearappbridge.server.service.ExportedEndpointService } U=0: not found
11-13 06:11:12.591 1472 4949 W ActivityManager: Unbind failed: could not find connection for android.os.BinderProxy@c6aaedd
11-13 06:11:12.597 1472 4960 W JobScheduler: Job didn't exist in JobStore: 51f2e04 #u0a113/1733 com.google.android.apps.gcs/androidx.work.impl.background.systemjob.SystemJobService
11-13 06:11:13.465 1472 4947 W ActivityManager: Unable to start service Intent { act=grpc.io.action.BIND cmp=com.google.android.apps.wear.companion/.wearappbridge.server.service.ExportedEndpointService } U=0: not found
11-13 06:11:13.467 1472 4947 W ActivityManager: Unbind failed: could not find connection for android.os.BinderProxy@799c02
11-13 06:11:15.096 1472 4947 W ActivityManager: Unable to start service Intent { act=grpc.io.action.BIND cmp=com.google.android.apps.wear.companion/.wearappbridge.server.service.ExportedEndpointService } U=0: not found
11-13 06:11:15.098 1472 4947 W ActivityManager: Unbind failed: could not find connection for android.os.BinderProxy@ada4750
11-13 06:15:15.301 1472 2557 W ActivityManager: Unable to start service Intent { act=grpc.io.action.BIND cmp=com.google.android.apps.wear.companion/.wearappbridge.server.service.ExportedEndpointService } U=0: not found
11-13 06:15:15.302 1472 2557 W ActivityManager: Unbind failed: could not find connection for android.os.BinderProxy@1c7536f
11-13 06:15:42.878 1472 2557 W AppOps : Noting op not finished: uid 10140 pkg com.google.android.gms code 113 startTime of in progress event=1699829998109
11-13 06:15:42.896 1472 4785 W AppOps : Noting op not finished: uid 10140 pkg com.google.android.gms code 113 startTime of in progress event=1699829998109
11-13 06:15:42.905 1472 4947 W AppOps : Noting op not finished: uid 10140 pkg com.google.android.gms code 79 startTime of in progress event=1699829998109
11-13 06:15:42.985 1472 1807 D ActivityManager: freezing 2724 com.google.android.googlequicksearchbox:train
11-13 06:15:43.902 1472 1807 D ActivityManager: freezing 8423 com.google.android.turboadapter
11-13 06:15:44.036 1472 1807 D ActivityManager: freezing 16945 com.google.android.apps.turbo:aab
11-13 06:15:44.172 1472 1807 D ActivityManager: freezing 7533 com.google.android.adservices.api
11-13 06:15:44.174 1472 1807 D ActivityManager: freezing 1160 com.google.android.gms.unstable
11-13 06:17:10.811 1472 1807 D ActivityManager: freezing 17097 com.google.android.partnersetup
11-13 06:17:10.839 1472 1807 D ActivityManager: freezing 20517 com.android.vending
11-13 06:17:10.948 1472 1807 D ActivityManager: freezing 12068 com.google.android.apps.gcs
11-13 06:17:10.950 1472 1807 D ActivityManager: freezing 12364 com.google.android.settings.intelligence
11-13 06:17:10.952 1472 1807 D ActivityManager: freezing 20437 com.google.android.gms
11-13 06:17:10.954 1472 1807 D ActivityManager: freezing 12137 com.google.android.apps.betterbug
11-13 06:17:10.955 1472 1807 D ActivityManager: freezing 12046 com.google.android.apps.safetyhub
11-13 06:17:10.957 1472 1807 D ActivityManager: freezing 12154 com.google.android.apps.wellbeing
11-13 06:20:12.948 1472 4960 W AppOps : Noting op not finished: uid 10140 pkg com.google.android.gms code 113 startTime of in progress event=1699829998109
11-13 06:20:12.955 1472 2129 W AppOps : Noting op not finished: uid 10140 pkg com.google.android.gms code 113 startTime of in progress event=1699829998109
11-13 06:20:12.961 1472 4947 W AppOps : Noting op not finished: uid 10140 pkg com.google.android.gms code 79 startTime of in progress event=1699829998109
11-13 06:21:43.859 1472 1807 D ActivityManager: freezing 30461 com.android.settings
11-13 06:21:43.863 1472 1807 D ActivityManager: freezing 3999 com.android.keychain
11-13 06:21:44.388 1472 1807 D ActivityManager: freezing 8510 com.google.android.apps.messaging
11-13 06:24:43.008 1472 2129 W AppOps : Noting op not finished: uid 10140 pkg com.google.android.gms code 113 startTime of in progress event=1699829998109
11-13 06:24:43.016 1472 2129 W AppOps : Noting op not finished: uid 10140 pkg com.google.android.gms code 113 startTime of in progress event=1699829998109
11-13 06:24:43.020 1472 4947 W AppOps : Noting op not finished: uid 10140 pkg com.google.android.gms code 79 startTime of in progress event=1699829998109
11-13 06:33:47.921 1472 4960 E JobScheduler.JobStatus: App com.google.android.inputmethod.latin became active but still in NEVER bucket
11-13 06:33:47.930 1472 4947 W AlarmManager: Alarms must either supply a PendingIntent or an AlarmReceiver
11-13 06:33:50.461 1472 1472 I ContentCaptureManagerService: Content capture data sharing session terminated successfully for package 'com.google.android.googlequicksearchbox'
11-13 06:33:50.928 1472 1797 D ActivityManager: sync unfroze 12046 com.google.android.apps.safetyhub
11-13 06:33:50.935 1472 2557 W ActivityManager: Unable to start service Intent { act=grpc.io.action.BIND cmp=com.google.android.apps.wear.companion/.wearappbridge.server.service.ExportedEndpointService } U=0: not found
11-13 06:33:50.937 1472 2557 W ActivityManager: Unbind failed: could not find connection for android.os.BinderProxy@635872f
11-13 06:33:57.690 1472 1807 D ActivityManager: freezing 2098 com.google.android.permissioncontroller
11-13 06:34:25.600 1472 2129 W ActivityManager: Unable to start service Intent { act=grpc.io.action.BIND cmp=com.google.android.apps.wear.companion/.wearappbridge.server.service.ExportedEndpointService } U=0: not found
11-13 06:34:25.601 1472 2129 W ActivityManager: Unbind failed: could not find connection for android.os.BinderProxy@a4843e6
11-13 06:34:26.482 1472 1807 D ActivityManager: freezing 19704 com.google.android.apps.turbo
11-13 06:34:42.411 1472 2129 W AppOps : Noting op not finished: uid 10140 pkg com.google.android.gms code 113 startTime of in progress event=1699829998109
11-13 06:34:42.422 1472 2557 W AppOps : Noting op not finished: uid 10140 pkg com.google.android.gms code 113 startTime of in progress event=1699829998109
11-13 06:34:42.430 1472 2557 W AppOps : Noting op not finished: uid 10140 pkg com.google.android.gms code 79 startTime of in progress event=1699829998109
11-13 06:34:43.278 1472 1807 D ActivityManager: freezing 12046 com.google.android.apps.safetyhub
11-13 06:34:48.802 1472 2557 W AppOps : Noting op not finished: uid 10158 pkg com.google.android.apps.scone code 79 startTime of in progress event=1699756224413
11-13 06:35:19.823 1472 1863 W ContextImpl: Calling a method in the system process without a qualified user: android.app.ContextImpl.sendStickyBroadcast:1626 com.android.server.wifi.ClientModeImpl.sendNetworkChangeBroadcast:2995 com.android.server.wifi.ClientModeImpl.lambda$sendNetworkChangeBroadcastWithCurrentState$14:2972 com.android.server.wifi.ClientModeImpl.$r8$lambda$q-j88Pjw4gROgoJFr8wBlBVbuJI:0 com.android.server.wifi.ClientModeImpl$$ExternalSyntheticLambda4.send:0
11-13 06:35:23.687 1472 1863 W ContextImpl: Calling a method in the system process without a qualified user: android.app.ContextImpl.sendStickyBroadcast:1626 com.android.server.wifi.ClientModeImpl.sendNetworkChangeBroadcast:2995 com.android.server.wifi.ClientModeImpl.lambda$sendNetworkChangeBroadcastWithCurrentState$14:2972 com.android.server.wifi.ClientModeImpl.$r8$lambda$q-j88Pjw4gROgoJFr8wBlBVbuJI:0 com.android.server.wifi.ClientModeImpl$$ExternalSyntheticLambda4.send:0
11-13 06:35:24.232 1472 3338 W AlarmManager: Alarms must either supply a PendingIntent or an AlarmReceiver
11-13 06:35:27.778 1472 1863 W ContextImpl: Calling a method in the system process without a qualified user: android.app.ContextImpl.sendStickyBroadcast:1626 com.android.server.wifi.ClientModeImpl.sendNetworkChangeBroadcast:2995 com.android.server.wifi.ClientModeImpl.lambda$sendNetworkChangeBroadcastWithCurrentState$14:2972 com.android.server.wifi.ClientModeImpl.$r8$lambda$q-j88Pjw4gROgoJFr8wBlBVbuJI:0 com.android.server.wifi.ClientModeImpl$$ExternalSyntheticLambda4.send:0
11-13 06:35:27.816 1472 1863 W ContextImpl: Calling a method in the system process without a qualified user: android.app.ContextImpl.sendStickyBroadcast:1626 com.android.server.wifi.ClientModeImpl.sendNetworkChangeBroadcast:2995 com.android.server.wifi.ClientModeImpl.lambda$sendNetworkChangeBroadcastWithCurrentState$14:2972 com.android.server.wifi.ClientModeImpl.$r8$lambda$q-j88Pjw4gROgoJFr8wBlBVbuJI:0 com.android.server.wifi.ClientModeImpl$$ExternalSyntheticLambda4.send:0
11-13 06:35:28.131 1472 1871 W ContextImpl: Calling a method in the system process without a qualified user: android.app.ContextImpl.sendStickyBroadcast:1626 android.net.connectivity.com.android.server.ConnectivityService.sendStickyBroadcast:3117 android.net.connectivity.com.android.server.ConnectivityService.sendLegacyNetworkBroadcast:9874 android.net.connectivity.com.android.server.ConnectivityService$LegacyTypeTracker.remove:1145 android.net.connectivity.com.android.server.ConnectivityService.updateLegacyTypeTrackerAndVpnLockdownForRematch:9400
11-13 06:35:28.134 1472 1871 W ContextImpl: Calling a method in the system process without a qualified user: android.app.ContextImpl.sendStickyBroadcast:1626 android.net.connectivity.com.android.server.ConnectivityService.sendStickyBroadcast:3117 android.net.connectivity.com.android.server.ConnectivityService.sendGeneralBroadcast:3087 android.net.connectivity.com.android.server.ConnectivityService.sendConnectedBroadcast:3060 android.net.connectivity.com.android.server.ConnectivityService.sendLegacyNetworkBroadcast:9846
11-13 06:35:28.642 1472 1697 D ActivityManager: sync unfroze 7533 com.google.android.adservices.api
11-13 06:35:28.645 1472 1697 D ActivityManager: sync unfroze 20437 com.google.android.gms
11-13 06:35:28.649 1472 1697 D ActivityManager: sync unfroze 8510 com.google.android.apps.messaging
11-13 06:35:29.354 1472 1807 D ActivityManager: freezing 25489 android.process.acore
11-13 06:35:29.357 1472 1807 D ActivityManager: freezing 32484 com.google.process.gservices
11-13 06:35:56.180 1472 4954 W AlarmManager: Alarms must either supply a PendingIntent or an AlarmReceiver
11-13 06:35:56.756 1472 4804 E BatteryStatsService: Invalid uid for waking network packet: -1
11-13 06:35:56.757 1472 4804 E BatteryStatsService: Invalid uid for waking network packet: -1
11-13 06:36:19.792 1472 4954 E BatteryStatsService: Invalid uid for waking network packet: -1
11-13 06:36:19.850 1472 4954 W AppOps : Noting op not finished: uid 10158 pkg com.google.android.apps.scone code 79 startTime of in progress event=1699756224413
11-13 06:36:39.826 1472 3338 E BatteryStatsService: Invalid uid for waking network packet: -1
11-13 06:36:39.826 1472 4940 E BatteryStatsService: Invalid uid for waking network packet: -1
11-13 06:36:39.827 1472 4940 E BatteryStatsService: Invalid uid for waking network packet: -1
11-13 06:36:58.292 1472 4938 E BatteryStatsService: Invalid uid for waking network packet: -1
11-13 06:36:58.292 1472 4938 E BatteryStatsService: Invalid uid for waking network packet: -1
11-13 06:36:58.293 1472 4938 E BatteryStatsService: Invalid uid for waking network packet: -1
11-13 06:37:16.661 1472 1807 D ActivityManager: freezing 7533 com.google.android.adservices.api
11-13 06:37:16.663 1472 1807 D ActivityManager: freezing 20437 com.google.android.gms
11-13 06:37:16.666 1472 1807 D ActivityManager: freezing 8510 com.google.android.apps.messaging
11-13 06:37:58.110 1472 3338 E BatteryStatsService: Invalid uid for waking network packet: -1
11-13 06:37:58.111 1472 3338 E BatteryStatsService: Invalid uid for waking network packet: -1
11-13 06:37:58.111 1472 3338 E BatteryStatsService: Invalid uid for waking network packet: -1
11-13 06:38:06.701 1472 3338 E BatteryStatsService: Invalid uid for waking network packet: -1
11-13 06:38:06.702 1472 3338 E BatteryStatsService: Invalid uid for waking network packet: -1
11-13 06:38:36.804 1472 3338 E BatteryStatsService: Invalid uid for waking network packet: -1
11-13 06:38:36.805 1472 3338 E BatteryStatsService: Invalid uid for waking network packet: -1
11-13 06:38:36.805 1472 3338 E BatteryStatsService: Invalid uid for waking network packet: -1
11-13 06:39:15.812 1472 4804 E BatteryStatsService: Invalid uid for waking network packet: -1
11-13 06:39:15.812 1472 4804 E BatteryStatsService: Invalid uid for waking network packet: -1
11-13 06:39:15.813 1472 3338 E BatteryStatsService: Invalid uid for waking network packet: -1
11-13 06:39:15.857 1472 4804 W AppOps : Noting op not finished: uid 10140 pkg com.google.android.gms code 113 startTime of in progress event=1699829998109
11-13 06:39:15.863 1472 3338 W AppOps : Noting op not finished: uid 10140 pkg com.google.android.gms code 113 startTime of in progress event=1699829998109
11-13 06:39:15.868 1472 4804 W AppOps : Noting op not finished: uid 10140 pkg com.google.android.gms code 79 startTime of in progress event=1699829998109
11-13 06:39:33.815 1472 4938 E BatteryStatsService: Invalid uid for waking network packet: -1
11-13 06:39:33.816 1472 4938 E BatteryStatsService: Invalid uid for waking network packet: -1
11-13 06:39:59.751 1472 3338 E BatteryStatsService: Invalid uid for waking network packet: -1
11-13 06:39:59.752 1472 3338 E BatteryStatsService: Invalid uid for waking network packet: -1
11-13 06:39:59.752 1472 3338 E BatteryStatsService: Invalid uid for waking network packet: -1
11-13 06:40:01.159 1472 4804 E BatteryStatsService: Invalid uid for waking network packet: -1
11-13 06:40:56.035 1472 1797 E JobScheduler.Quota: <0>com.google.android.dialer has 0 EJ quota without running anything
11-13 06:40:56.068 1472 1797 E JobScheduler.Quota: <0>com.google.android.contacts has 0 EJ quota without running anything
11-13 06:41:34.617 1472 4804 E BatteryStatsService: Invalid uid for waking network packet: -1
11-13 06:41:34.618 1472 4804 E BatteryStatsService: Invalid uid for waking network packet: -1
11-13 06:41:34.834 1472 1863 W ContextImpl: Calling a method in the system process without a qualified user: android.app.ContextImpl.sendStickyBroadcast:1626 com.android.server.wifi.ClientModeImpl.sendNetworkChangeBroadcast:2995 com.android.server.wifi.ClientModeImpl.lambda$sendNetworkChangeBroadcastWithCurrentState$14:2972 com.android.server.wifi.ClientModeImpl.$r8$lambda$q-j88Pjw4gROgoJFr8wBlBVbuJI:0 com.android.server.wifi.ClientModeImpl$$ExternalSyntheticLambda4.send:0
11-13 06:41:34.861 1067 1067 I wificond: Receive notifyCountryCodeChanged
11-13 06:41:34.861 1067 1067 I wificond: UpdateBandInfo
11-13 06:41:34.894 1067 1067 I wificond: 2.4Ghz frequencies: 2412 2417 2422 2427 2432 2437 2442 2447 2452 2457 2462 2467 2472
11-13 06:41:34.894 1067 1067 I wificond: 5Ghz non-DFS frequencies: 5745 5765 5785 5805 5825
11-13 06:41:34.894 1067 1067 I wificond: 5Ghz DFS frequencies: 5180 5200 5220 5240 5260 5280 5300 5320 5500 5520 5540 5560 5580 5600 5620 5640 5660 5680 5700
11-13 06:41:34.894 1067 1067 I wificond: 6Ghz frequencies: 5955 5975 5995 6015 6035 6055 6075 6095 6115 6135 6155 6175 6195 6215 6235 6255 6275 6295 6315 6335 6355 6375 6395 6415
11-13 06:41:34.894 1067 1067 I wificond: 60Ghz frequencies:
11-13 06:41:34.903 936 936 D vendor.google.wifi_ext-service-vendor: SetMacAddress succeeded on wlan0
11-13 06:41:34.931 1067 1067 I wificond: Pno scan started for frequencies: 2412, 2462,
11-13 06:41:34.937 1472 1871 W ContextImpl: Calling a method in the system process without a qualified user: android.app.ContextImpl.sendStickyBroadcast:1626 android.net.connectivity.com.android.server.ConnectivityService.sendStickyBroadcast:3117 android.net.connectivity.com.android.server.ConnectivityService.sendLegacyNetworkBroadcast:9874 android.net.connectivity.com.android.server.ConnectivityService$LegacyTypeTracker.remove:1145 android.net.connectivity.com.android.server.ConnectivityService$LegacyTypeTracker.remove:1162
11-13 06:41:34.985 1472 4785 W ContextImpl: Calling a method in the system process without a qualified user: android.app.ContextImpl.sendBroadcastMultiplePermissions:1270 android.content.Context.sendBroadcastMultiplePermissions:2476 com.android.server.TelephonyRegistry.broadcastServiceStateChanged:3540 com.android.server.TelephonyRegistry.notifyServiceStateForPhoneId:1728 com.android.internal.telephony.ITelephonyRegistry$Stub.onTransact:534
11-13 06:41:34.986 1472 4785 W ContextImpl: Calling a method in the system process without a qualified user: android.app.ContextImpl.sendBroadcastMultiplePermissions:1303 com.android.server.TelephonyRegistry.broadcastServiceStateChanged:3545 com.android.server.TelephonyRegistry.notifyServiceStateForPhoneId:1728 com.android.internal.telephony.ITelephonyRegistry$Stub.onTransact:534 android.os.Binder.execTransactInternal:1339
11-13 06:41:34.987 1472 4785 W ContextImpl: Calling a method in the system process without a qualified user: android.app.ContextImpl.sendBroadcastMultiplePermissions:1303 com.android.server.TelephonyRegistry.broadcastServiceStateChanged:3554 com.android.server.TelephonyRegistry.notifyServiceStateForPhoneId:1728 com.android.internal.telephony.ITelephonyRegistry$Stub.onTransact:534 android.os.Binder.execTransactInternal:1339
11-13 06:41:34.988 1472 4785 W ContextImpl: Calling a method in the system process without a qualified user: android.app.ContextImpl.sendBroadcastMultiplePermissions:1303 com.android.server.TelephonyRegistry.broadcastServiceStateChanged:3560 com.android.server.TelephonyRegistry.notifyServiceStateForPhoneId:1728 com.android.internal.telephony.ITelephonyRegistry$Stub.onTransact:534 android.os.Binder.execTransactInternal:1339
11-13 06:41:34.989 1472 1697 D ActivityManager: sync unfroze 2609 com.google.android.cellbroadcastreceiver
11-13 06:41:35.378 1472 1697 D ActivityManager: sync unfroze 12364 com.google.android.settings.intelligence
11-13 06:41:35.442 1472 1697 D ActivityManager: sync unfroze 7533 com.google.android.adservices.api
11-13 06:41:35.445 1472 1697 D ActivityManager: sync unfroze 20437 com.google.android.gms
11-13 06:41:35.448 1472 1697 D ActivityManager: sync unfroze 8510 com.google.android.apps.messaging
11-13 06:41:45.041 1472 1807 D ActivityManager: freezing 2609 com.google.android.cellbroadcastreceiver
11-13 06:41:45.445 1472 1807 D ActivityManager: freezing 7533 com.google.android.adservices.api
11-13 06:41:45.450 1472 1807 D ActivityManager: freezing 20437 com.google.android.gms
11-13 06:41:45.482 1472 1807 D ActivityManager: freezing 8510 com.google.android.apps.messaging
11-13 06:41:57.687 1472 4956 D ActivityManager: sync unfroze 32484 com.google.process.gservices
11-13 06:42:10.466 1472 1807 D ActivityManager: freezing 12364 com.google.android.settings.intelligence
11-13 06:43:45.894 1472 4956 W AppOps : Noting op not finished: uid 10140 pkg com.google.android.gms code 113 startTime of in progress event=1699829998109
11-13 06:43:45.903 1472 4956 W AppOps : Noting op not finished: uid 10140 pkg com.google.android.gms code 113 startTime of in progress event=1699829998109
11-13 06:43:45.909 1472 4956 W AppOps : Noting op not finished: uid 10140 pkg com.google.android.gms code 79 startTime of in progress event=1699829998109
11-13 06:43:45.947 1472 4960 W AppOps : Noting op not finished: uid 10140 pkg com.google.android.gms code 113 startTime of in progress event=1699829998109
11-13 06:43:45.953 1472 4785 W AppOps : Noting op not finished: uid 10140 pkg com.google.android.gms code 113 startTime of in progress event=1699829998109
11-13 06:43:45.959 1472 4960 W AppOps : Noting op not finished: uid 10140 pkg com.google.android.gms code 79 startTime of in progress event=1699829998109
11-13 06:44:20.976 1472 4785 W AppOps : Noting op not finished: uid 10158 pkg com.google.android.apps.scone code 79 startTime of in progress event=1699756224413
11-13 06:46:12.219 1472 4960 W AlarmManager: Alarms must either supply a PendingIntent or an AlarmReceiver
11-13 06:46:12.244 1472 4960 W AppOps : Noting op not finished: uid 10140 pkg com.google.android.gms code 113 startTime of in progress event=1699829998109
11-13 06:46:12.250 1472 4956 W AppOps : Noting op not finished: uid 10140 pkg com.google.android.gms code 113 startTime of in progress event=1699829998109
11-13 06:46:12.255 1472 4959 W AppOps : Noting op not finished: uid 10140 pkg com.google.android.gms code 79 startTime of in progress event=1699829998109
11-13 06:46:12.938 1067 1067 I wificond: Unexpected empty scan result!
11-13 06:48:27.862 1472 4960 W AppOps : Noting op not finished: uid 10140 pkg com.google.android.gms code 113 startTime of in progress event=1699829998109
11-13 06:48:27.868 1472 4959 W AppOps : Noting op not finished: uid 10140 pkg com.google.android.gms code 113 startTime of in progress event=1699829998109
11-13 06:48:27.873 1472 4956 W AppOps : Noting op not finished: uid 10140 pkg com.google.android.gms code 79 startTime of in progress event=1699829998109
11-13 06:48:27.911 1472 4959 W AppOps : Noting op not finished: uid 10140 pkg com.google.android.gms code 113 startTime of in progress event=1699829998109
11-13 06:48:27.916 1472 4956 W AppOps : Noting op not finished: uid 10140 pkg com.google.android.gms code 113 startTime of in progress event=1699829998109
11-13 06:48:27.924 1472 4956 W AppOps : Noting op not finished: uid 10140 pkg com.google.android.gms code 79 startTime of in progress event=1699829998109
11-13 06:48:41.817 1472 4959 W AppOps : Noting op not finished: uid 10140 pkg com.google.android.gms code 113 startTime of in progress event=1699829998109
11-13 06:48:41.827 1472 4959 W AppOps : Noting op not finished: uid 10140 pkg com.google.android.gms code 113 startTime of in progress event=1699829998109
11-13 06:48:41.831 1472 4959 W AppOps : Noting op not finished: uid 10140 pkg com.google.android.gms code 79 startTime of in progress event=1699829998109
11-13 06:48:41.849 1472 4959 W AlarmManager: Alarms must either supply a PendingIntent or an AlarmReceiver
11-13 06:48:41.863 1472 4959 W AppOps : Noting op not finished: uid 10140 pkg com.google.android.gms code 113 startTime of in progress event=1699829998109
11-13 06:48:41.868 1472 4956 W AppOps : Noting op not finished: uid 10140 pkg com.google.android.gms code 113 startTime of in progress event=1699829998109
11-13 06:48:41.873 1472 4785 W AppOps : Noting op not finished: uid 10140 pkg com.google.android.gms code 79 startTime of in progress event=1699829998109
11-13 06:48:59.927 1472 4785 W AppOps : Noting op not finished: uid 10140 pkg com.google.android.gms code 113 startTime of in progress event=1699829998109
11-13 06:48:59.937 1472 4956 W AppOps : Noting op not finished: uid 10140 pkg com.google.android.gms code 113 startTime of in progress event=1699829998109
11-13 06:48:59.944 1472 4960 W AppOps : Noting op not finished: uid 10140 pkg com.google.android.gms code 79 startTime of in progress event=1699829998109
11-13 06:49:18.044 1472 4785 W AppOps : Noting op not finished: uid 10140 pkg com.google.android.gms code 113 startTime of in progress event=1699829998109
11-13 06:49:18.056 1472 4785 W AppOps : Noting op not finished: uid 10140 pkg com.google.android.gms code 113 startTime of in progress event=1699829998109
11-13 06:49:18.063 1472 4960 W AppOps : Noting op not finished: uid 10140 pkg com.google.android.gms code 79 startTime of in progress event=1699829998109
11-13 06:49:33.257 1472 1807 D ActivityManager: freezing 32484 com.google.process.gservices
11-13 06:53:21.852 1472 4785 W AlarmManager: Alarms must either supply a PendingIntent or an AlarmReceiver
11-13 06:53:21.870 1472 4785 W AppOps : Noting op not finished: uid 10140 pkg com.google.android.gms code 113 startTime of in progress event=1699829998109
11-13 06:53:21.881 1472 4785 W AppOps : Noting op not finished: uid 10140 pkg com.google.android.gms code 113 startTime of in progress event=1699829998109
11-13 06:53:21.886 1472 4785 W AppOps : Noting op not finished: uid 10140 pkg com.google.android.gms code 79 startTime of in progress event=1699829998109
11-13 06:53:41.081 1472 1472 W Looper : Slow delivery took 226ms main h=android.os.Handler c=com.android.internal.os.BinderCallsStats$1@2e0d16a m=0
11-13 06:54:41.759 1472 1472 W Looper : Drained
11-13 06:57:15.134 1472 4785 W AlarmManager: Alarms must either supply a PendingIntent or an AlarmReceiver
11-13 06:57:25.864 1472 4785 W AppOps : Noting op not finished: uid 10140 pkg com.google.android.gms code 113 startTime of in progress event=1699829998109
11-13 06:57:25.874 1472 4960 W AppOps : Noting op not finished: uid 10140 pkg com.google.android.gms code 113 startTime of in progress event=1699829998109
11-13 06:57:25.879 1472 4960 W AppOps : Noting op not finished: uid 10140 pkg com.google.android.gms code 79 startTime of in progress event=1699829998109
11-13 07:00:00.837 1472 1697 D ActivityManager: sync unfroze 30461 com.android.settings
11-13 07:00:00.839 1472 1697 D ActivityManager: sync unfroze 3999 com.android.keychain
11-13 07:00:00.843 1472 1472 D ConditionProviders.SCP: onReceive ScheduleConditionProvider.EVALUATE
11-13 07:00:00.844 1472 1472 D ConditionProviders.SCP: evaluateSubscriptionLocked cal=ScheduleCalendar[mDays={1, 2, 3, 4, 5, 6, 7}, mSchedule=ScheduleInfo{days=[1, 2, 3, 4, 5, 6, 7], startHour=22, startMinute=0, endHour=7, endMinute=0, exitAtAlarm=true, nextAlarm=Thu Jan 01 02:00:00 GMT+02:00 1970 (0)}], now=Mon Nov 13 07:00:00 GMT+02:00 2023 (1699851600843), nextUserAlarmTime=Thu Jan 01 02:00:00 GMT+02:00 1970 (0)
11-13 07:00:00.844 1472 1472 D ConditionProviders.SCP: notifyCondition condition://android/schedule?days=1.2.3.4.5.6.7&start=22.0&end=7.0&exitAtAlarm=true STATE_FALSE reason=!meetsSchedule
11-13 07:00:00.845 1472 1472 D ConditionProviders.SCP: Scheduling evaluate for Mon Nov 13 22:00:00 GMT+02:00 2023 (1699905600000), in +14h59m59s157ms, now=Mon Nov 13 07:00:00 GMT+02:00 2023 (1699851600843)
11-13 07:01:29.219 1472 1472 I ContentCaptureManagerService: Content capture data sharing session terminated successfully for package 'com.google.android.googlequicksearchbox'
11-13 07:01:29.703 1472 3849 W AppOps : Noting op not finished: uid 10140 pkg com.google.android.gms code 113 startTime of in progress event=1699829998109
11-13 07:01:29.710 1472 4960 W AppOps : Noting op not finished: uid 10140 pkg com.google.android.gms code 113 startTime of in progress event=1699829998109
11-13 07:01:29.714 1472 4959 W AppOps : Noting op not finished: uid 10140 pkg com.google.android.gms code 79 startTime of in progress event=1699829998109
11-13 07:05:33.858 1472 3849 W AlarmManager: Alarms must either supply a PendingIntent or an AlarmReceiver
11-13 07:05:33.869 1472 1986 W JobScheduler: Job didn't exist in JobStore: d677f62 #u0a158/201471527 com.google.android.apps.scone/.awareness.OosObserver
11-13 07:05:33.875 1472 4960 W AppOps : Noting op not finished: uid 10140 pkg com.google.android.gms code 113 startTime of in progress event=1699829998109
11-13 07:05:33.881 1472 4956 W AppOps : Noting op not finished: uid 10140 pkg com.google.android.gms code 113 startTime of in progress event=1699829998109
11-13 07:05:33.886 1472 3338 W AppOps : Noting op not finished: uid 10140 pkg com.google.android.gms code 79 startTime of in progress event=1699829998109
11-13 07:05:33.903 1067 1067 I wificond: Pno scan stopped
11-13 07:05:36.894 1472 1797 D ActivityManager: sync unfroze 19704 com.google.android.apps.turbo
11-13 07:05:36.903 1472 1797 D ActivityManager: sync unfroze 12046 com.google.android.apps.safetyhub
11-13 07:05:36.908 1472 1797 D ActivityManager: sync unfroze 12364 com.google.android.settings.intelligence
11-13 07:05:36.911 1472 3849 W ActivityManager: Unable to start service Intent { act=grpc.io.action.BIND cmp=com.google.android.apps.wear.companion/.wearappbridge.server.service.ExportedEndpointService } U=0: not found
11-13 07:05:36.917 1472 3338 W ActivityManager: Unbind failed: could not find connection for android.os.BinderProxy@21dc23
11-13 07:05:41.608 1472 1696 I UsageStatsService: User[0] Flushing usage stats to disk
11-13 07:05:46.945 1472 1807 D ActivityManager: freezing 19704 com.google.android.apps.turbo
11-13 07:05:46.949 1472 1807 D ActivityManager: freezing 12364 com.google.android.settings.intelligence
11-13 07:05:46.951 1472 1807 D ActivityManager: freezing 12046 com.google.android.apps.safetyhub
11-13 07:05:47.923 1472 1807 D ActivityManager: freezing 30461 com.android.settings
11-13 07:05:47.929 1472 1807 D ActivityManager: freezing 3999 com.android.keychain
11-13 07:06:34.008 1067 1067 I wificond: Pno scan started for frequencies: 2412, 2462,
11-13 07:06:36.115 1472 1697 D ActivityManager: sync unfroze 19704 com.google.android.apps.turbo
11-13 07:06:36.117 1472 1697 D ActivityManager: sync unfroze 30461 com.android.settings
11-13 07:06:36.174 1472 3338 D ActivityManager: sync unfroze 8423 com.google.android.turboadapter
11-13 07:06:36.198 1472 3338 E JobScheduler.JobStatus: App com.google.android.inputmethod.latin became active but still in NEVER bucket
11-13 07:06:46.167 1472 1807 D ActivityManager: freezing 30461 com.android.settings
11-13 07:06:46.227 1472 1807 D ActivityManager: freezing 8423 com.google.android.turboadapter
11-13 07:07:34.039 1067 1067 I wificond: Pno scan stopped
11-13 07:07:39.308 1472 1472 I ContentCaptureManagerService: Content capture data sharing session terminated successfully for package 'com.google.android.googlequicksearchbox'
11-13 07:07:44.001 1472 1807 D ActivityManager: freezing 19704 com.google.android.apps.turbo
11-13 07:08:18.067 1472 4960 W AlarmManager: Alarms must either supply a PendingIntent or an AlarmReceiver
11-13 07:09:37.874 1472 4959 W AppOps : Noting op not finished: uid 10140 pkg com.google.android.gms code 113 startTime of in progress event=1699829998109
11-13 07:09:37.885 1472 4956 W AppOps : Noting op not finished: uid 10140 pkg com.google.android.gms code 113 startTime of in progress event=1699829998109
11-13 07:09:37.898 1472 3338 W AppOps : Noting op not finished: uid 10140 pkg com.google.android.gms code 79 startTime of in progress event=1699852098968
11-13 07:13:41.862 1472 3849 W AppOps : Noting op not finished: uid 10140 pkg com.google.android.gms code 113 startTime of in progress event=1699829998109
11-13 07:13:41.869 1472 3849 W AppOps : Noting op not finished: uid 10140 pkg com.google.android.gms code 113 startTime of in progress event=1699829998109
11-13 07:13:41.876 1472 4956 W AppOps : Noting op not finished: uid 10140 pkg com.google.android.gms code 79 startTime of in progress event=1699852098968
11-13 07:15:48.037 1472 3338 W AppOps : Noting op not finished: uid 10140 pkg com.google.android.gms code 113 startTime of in progress event=1699829998109
11-13 07:15:48.044 1472 3849 W AppOps : Noting op not finished: uid 10140 pkg com.google.android.gms code 113 startTime of in progress event=1699829998109
11-13 07:15:48.049 1472 4956 W AppOps : Noting op not finished: uid 10140 pkg com.google.android.gms code 79 startTime of in progress event=1699852098968
11-13 07:15:48.060 1472 4956 W AlarmManager: Alarms must either supply a PendingIntent or an AlarmReceiver
11-13 07:15:48.068 1472 4956 W AppOps : Noting op not finished: uid 10140 pkg com.google.android.gms code 113 startTime of in progress event=1699829998109
11-13 07:15:48.073 1472 3849 W AppOps : Noting op not finished: uid 10140 pkg com.google.android.gms code 113 startTime of in progress event=1699829998109
11-13 07:15:48.077 1472 3338 W AppOps : Noting op not finished: uid 10140 pkg com.google.android.gms code 79 startTime of in progress event=1699852098968
11-13 07:16:06.850 1472 4959 W AppOps : Noting op not finished: uid 10140 pkg com.google.android.gms code 113 startTime of in progress event=1699829998109
11-13 07:16:06.859 1472 4956 W AppOps : Noting op not finished: uid 10140 pkg com.google.android.gms code 113 startTime of in progress event=1699829998109
11-13 07:16:06.863 1472 4956 W AppOps : Noting op not finished: uid 10140 pkg com.google.android.gms code 79 startTime of in progress event=1699852098968
11-13 07:16:06.887 1472 3849 W AlarmManager: Alarms must either supply a PendingIntent or an AlarmReceiver
11-13 07:16:06.916 1472 3849 D ActivityManager: sync unfroze 32484 com.google.process.gservices
11-13 07:16:08.715 1472 3849 I PowerGroup: Waking up power group from Dozing (groupId=0, uid=10216, reason=WAKE_REASON_LIFT, details=com.android.systemui:NODOZE pickup)...
11-13 07:16:08.716 1472 3849 I PowerManagerService: Waking up from Dozing (uid=10216, reason=WAKE_REASON_LIFT, details=com.android.systemui:NODOZE pickup)...
11-13 07:16:08.719 1472 1472 E ActivityManager: Cancel pending or running compactions as system is awake
11-13 07:16:08.734 1472 1715 I DisplayPowerController2[0]: Blocking screen on until initial contents have been drawn.
11-13 07:16:08.734 1472 1715 I DisplayBrightnessStrategySelector: Changing the DisplayBrightnessStrategy from ScreenOffBrightnessStrategy toInvalidBrightnessStrategy for display 0
11-13 07:16:08.749 1472 1715 V DisplayPowerController2[0]: Brightness [0.0037629898] reason changing to: 'screen_off_brightness_sensor', previous reason: 'screen_off'.
11-13 07:16:08.749 1472 1715 I DisplayPowerController2[0]: BrightnessEvent: disp=0, physDisp=local:4619827677550801152, brt=0.0037629898, initBrt=0.0, rcmdBrt=NaN, preBrt=NaN, lux=0.0, preLux=0.0, hbmMax=0.62, hbmMode=off, rbcStrength=50, thrmMax=1.0, powerFactor=1.0, wasShortTermModelActive=false, flags=, reason=screen_off_brightness_sensor, autoBrightness=true, strategy=InvalidBrightnessStrategy
11-13 07:16:08.750 1472 1688 D DisplayManagerService: Ignore redundant display event 0/4 to 10186/3310
11-13 07:16:08.750 1472 1688 D DisplayManagerService: Ignore redundant display event 0/4 to 10190/13752
11-13 07:16:08.750 1472 1688 D DisplayManagerService: Ignore redundant display event 0/4 to 10291/31669
11-13 07:16:08.751 1472 1688 I DisplayDeviceRepository: Display device changed state: "Built-in Screen", ON
11-13 07:16:08.753 1472 3338 I DisplayDevice: [0] Layerstack set to 0 for local:4619827677550801152
11-13 07:16:08.774 1472 1697 D ActivityManager: sync unfroze 6090 com.google.android.uvexposurereporter
11-13 07:16:08.807 1472 1715 V DisplayPowerController2[0]: Brightness [0.0037629898] reason changing to: 'automatic', previous reason: 'screen_off_brightness_sensor'.
11-13 07:16:08.807 1472 1715 I DisplayPowerController2[0]: BrightnessEvent: disp=0, physDisp=local:4619827677550801152, brt=0.0037629898, initBrt=0.0037629898, rcmdBrt=NaN, preBrt=NaN, lux=0.0, preLux=0.0, hbmMax=0.62, hbmMode=off, rbcStrength=50, thrmMax=1.0, powerFactor=1.0, wasShortTermModelActive=false, flags=, reason=automatic, autoBrightness=true, strategy=InvalidBrightnessStrategy
11-13 07:16:08.809 1472 1472 I BrightnessSynchronizer: [273] New Update 0.0037629898(f) set brightness values: 2(i)
11-13 07:16:08.811 1472 1472 I BrightnessSynchronizer: New PendingUpdate: {[274] 0.0037629898(f), mUpdatedTypes=0, mConfirmedTypes=0, mTimeUpdated=0}, prev=null
11-13 07:16:08.818 1472 1472 I BrightnessSynchronizer: Swallowing update of 2(i) by update: {[273] 0.0037629898(f), mUpdatedTypes=1, mConfirmedTypes=1, mTimeUpdated=337424956}
11-13 07:16:08.818 1472 1472 I BrightnessSynchronizer: Completed Update: {[273] 0.0037629898(f), mUpdatedTypes=1, mConfirmedTypes=1, mTimeUpdated=337424956}
11-13 07:16:08.819 1472 1697 D ActivityManager: sync unfroze 7533 com.google.android.adservices.api
11-13 07:16:08.821 1472 1697 D ActivityManager: sync unfroze 20437 com.google.android.gms
11-13 07:16:08.845 1472 1697 D ActivityManager: sync unfroze 1160 com.google.android.gms.unstable
11-13 07:16:08.911 1472 4960 W ContextImpl: Calling a method in the system process without a qualified user: android.app.ContextImpl.sendBroadcastMultiplePermissions:1270 android.content.Context.sendBroadcastMultiplePermissions:2476 com.android.server.TelephonyRegistry.broadcastServiceStateChanged:3540 com.android.server.TelephonyRegistry.notifyServiceStateForPhoneId:1728 com.android.internal.telephony.ITelephonyRegistry$Stub.onTransact:534
11-13 07:16:08.912 1472 4960 W ContextImpl: Calling a method in the system process without a qualified user: android.app.ContextImpl.sendBroadcastMultiplePermissions:1303 com.android.server.TelephonyRegistry.broadcastServiceStateChanged:3545 com.android.server.TelephonyRegistry.notifyServiceStateForPhoneId:1728 com.android.internal.telephony.ITelephonyRegistry$Stub.onTransact:534 android.os.Binder.execTransactInternal:1339
11-13 07:16:08.912 1472 4960 W ContextImpl: Calling a method in the system process without a qualified user: android.app.ContextImpl.sendBroadcastMultiplePermissions:1303 com.android.server.TelephonyRegistry.broadcastServiceStateChanged:3554 com.android.server.TelephonyRegistry.notifyServiceStateForPhoneId:1728 com.android.internal.telephony.ITelephonyRegistry$Stub.onTransact:534 android.os.Binder.execTransactInternal:1339
11-13 07:16:08.913 1472 4960 W ContextImpl: Calling a method in the system process without a qualified user: android.app.ContextImpl.sendBroadcastMultiplePermissions:1303 com.android.server.TelephonyRegistry.broadcastServiceStateChanged:3560 com.android.server.TelephonyRegistry.notifyServiceStateForPhoneId:1728 com.android.internal.telephony.ITelephonyRegistry$Stub.onTransact:534 android.os.Binder.execTransactInternal:1339
11-13 07:16:08.914 1472 1697 D ActivityManager: sync unfroze 2609 com.google.android.cellbroadcastreceiver
11-13 07:16:09.016 1472 1715 I DisplayPowerController2[0]: Unblocked screen on after 283 ms
11-13 07:16:09.016 1472 1688 I DisplayDeviceRepository: Display device changed state: "Built-in Screen", ON
11-13 07:16:09.019 1472 1715 W PowerManagerService: Screen on took 304 ms
11-13 07:16:09.019 1472 1715 I DreamManagerService: Gently waking up from dream.
11-13 07:16:09.019 1472 1688 D DisplayManagerService: Ignore redundant display event 0/2 to 10186/3310
11-13 07:16:09.020 1472 1688 D DisplayManagerService: Ignore redundant display event 0/2 to 10190/13752
11-13 07:16:09.020 1472 1688 D DisplayManagerService: Ignore redundant display event 0/2 to 10291/31669
11-13 07:16:09.026 1472 4785 I DreamManagerService: Leaving dreamland.
11-13 07:16:09.028 1472 1685 I DreamController: Stopping dream: name=ComponentInfo{com.android.systemui/com.android.systemui.doze.DozeService}, isPreviewMode=false, canDoze=true, userId=0, reason='finished self'(from 'power manager request')
11-13 07:16:10.232 1472 1697 D ActivityManager: sync unfroze 30461 com.android.settings
11-13 07:16:10.236 1472 1697 D ActivityManager: sync unfroze 3999 com.android.keychain
11-13 07:16:16.721 1472 1715 V DisplayPowerController2[0]: Brightness [0.0] reason changing to: 'automatic [ dim ]', previous reason: 'automatic'.
