11-14 14:25:00.048 3715 3900 I AiAiEcho: Predicting[7]: { Feature:1, creation:2023-11-14T10:24:07Z, expiry:2023-11-14T11:00:00Z, isExpired: true}, { Feature:1, creation:2023-11-14T11:00:00Z, expiry:2023-11-14T12:00:00Z, isExpired: true}, { Feature:1, creation:2023-11-14T12:00:00Z, expiry:2023-11-14T13:00:00Z, isExpired: false}, { Feature:1, creation:2023-11-14T13:00:00Z, expiry:2023-11-14T14:00:00Z, isExpired: true}, { Feature:1, creation:2023-11-14T14:00:00Z, expiry:2023-11-14T15:00:00Z, isExpired: true}, { Feature:1, creation:2023-11-14T15:00:00Z, expiry:2023-11-14T16:00:00Z, isExpired: true}, { Feature:1, creation:2023-11-14T16:00:00Z, expiry:2023-11-14T16:24:07Z, isExpired: true}
11-14 14:25:00.050 3715 3900 I AiAiEcho: EchoTargets: Feature:1
11-14 14:25:00.050 3715 3900 I AiAiEcho: Filtered by AiAi flag check:
11-14 14:25:00.050 3715 3900 I AiAiEcho: Ranked targets strategy: WEIGHTED, count: 1, ranking metadata: { cardId: WEATHER-569377245, card type: 1, update time: 2023-11-14T12:00:00Z, expiration time: 2023-11-14T13:00:00Z, ranking metadata: RankingMetaData(urgency=0.714, priority=0.3, recency=1.0, rankScore=0.2142, importantTimePoints=# mta@7bca4) }
11-14 14:25:00.050 3715 3900 I AiAiEcho: #weatherTwiddler: Weather removes SubtitleSupplementalItem in surface: lockscreen
11-14 14:25:00.055 3715 3900 I AiAiEcho: #postPredictionTargets: Sending updates to UISurface lockscreen with targets# 1 (types=[1])
11-14 14:25:00.065 1942 1942 W PageIndicator: Total number of pages invalid: 0. Assuming 1 page.
11-14 14:25:00.388 905 1405 D usf_sensor_hal: pressure: Enter Activate. Enable = 0.
11-14 14:25:00.389 1127 1127 D AOC : A3:MSG: usf_sensor.cc, 1481: USF: Received stop sampling request for ICP10101 Pressure Sensor.
11-14 14:25:00.389 1127 1127 D AOC : A3:MSG: icp10101_device.cc, 161: USF: ICP10101: Barometer stops sampling.
11-14 14:25:00.390 1127 1127 D AOC : A3:MSG: icp10101_device.cc, 147: USF: ICP10101: Barometer starts sampling: period_ns = 40000000, max_latency_ns = 10000
11-14 14:25:01.950 1472 4940 D ActivityManager: sync unfroze 6189 com.google.android.gms
11-14 14:25:01.955 6189 6189 D BoundBrokerSvc: onBind: Intent { act=com.google.android.gms.safetynet.service.START pkg=com.google.android.gms }
11-14 14:25:01.955 6189 6189 D BoundBrokerSvc: Loading bound service for intent: Intent { act=com.google.android.gms.safetynet.service.START pkg=com.google.android.gms }
11-14 14:25:04.755 7055 7055 I trusty_metricsd: starting trusty_metricsd
11-14 14:25:04.755 7055 7055 I trusty_metricsd: trusty dev: /dev/trusty-ipc-dev0
11-14 14:25:04.761 7055 7055 E libtrusty: tipc_connect: can't connect to tipc service "com.android.trusty.metrics" (err=107)
11-14 14:25:04.761 7055 7055 E trusty_metricsd: failed to open TrustyMetricsPixel: failed to connect to Trusty metrics TA: Transport endpoint is not connected
11-14 14:25:04.762 7055 7055 E trusty_metricsd: failed to open Trusty metrics client
11-14 14:25:04.792 7056 7056 I flags_health_check: ServerConfigurableFlagsReset reset_mode value: 1
11-14 14:25:04.792 7056 7056 I flags_health_check: ServerConfigurableFlagsReset updatable crashing detected, resetting flags.
11-14 14:25:04.983 936 2866 I WifiHAL : Creating message to get link statistics; iface = 47
11-14 14:25:05.045 936 2866 I WifiHAL : In GetLinkStatsCommand::handleResponse
11-14 14:25:05.094 1472 1871 D ConnectivityService: NetReassign [no changes] [c 1] [a 0] [i 3]
11-14 14:25:09.773 7062 7062 I trusty_metricsd: starting trusty_metricsd
11-14 14:25:09.773 7062 7062 I trusty_metricsd: trusty dev: /dev/trusty-ipc-dev0
11-14 14:25:09.777 7062 7062 E libtrusty: tipc_connect: can't connect to tipc service "com.android.trusty.metrics" (err=107)
11-14 14:25:09.778 7062 7062 E trusty_metricsd: failed to open TrustyMetricsPixel: failed to connect to Trusty metrics TA: Transport endpoint is not connected
11-14 14:25:09.778 7062 7062 E trusty_metricsd: failed to open Trusty metrics client
11-14 14:25:09.814 7063 7063 I flags_health_check: ServerConfigurableFlagsReset reset_mode value: 1
11-14 14:25:09.815 7063 7063 I flags_health_check: ServerConfigurableFlagsReset updatable crashing detected, resetting flags.
11-14 14:25:10.428 936 2866 I WifiHAL : Creating message to get link statistics; iface = 47
11-14 14:25:10.491 936 2866 I WifiHAL : In GetLinkStatsCommand::handleResponse
11-14 14:25:10.507 866 929 I bthal.activitywatcher: getStateResidency: ActivityStat{0 : totalTimeMs 1220284271 totalEntryCount 2056526 lastEntryMs 4302777}
11-14 14:25:10.507 866 929 I bthal.activitywatcher: getStateResidency: ActivityStat{1 : totalTimeMs 55319945 totalEntryCount 2058544 lastEntryMs 4302937}
11-14 14:25:10.507 866 929 I bthal.activitywatcher: getStateResidency: ActivityStat{2 : totalTimeMs 1019440 totalEntryCount 31702 lastEntryMs 4304573}
11-14 14:25:10.507 866 929 I bthal.activitywatcher: getStateResidency: ActivityStat{3 : totalTimeMs 2731876 totalEntryCount 4121619 lastEntryMs 4302766}
11-14 14:25:10.518 866 929 I bthal.activitywatcher: send_hci_activities_vsc: Sent VSC <[4]{89, 253, 1, 1}>
11-14 14:25:10.519 866 1117 I bthal.flowcontrol: HciEventPreProcess: HCI Event 0xe Opcode 0xfd59 Length 22 unhandled by ControllerActivityWatcher
11-14 14:25:10.520 866 1117 I bthal.activitywatcher: filter_hci_activities_vse: Filtered <[103]{14, 101, 1, 89, 253, 0, 1, 0, 0, 0, 0, 0, 0, 0, 0, 132, 212, 35, 0, 0, 0, 0, 0, 123, 213, 35, 0, 0, 0, 0, 0, 1, 0, 0, 0, 0, 0, 0, 0, 123, 213, 35, 0, 0, 0, 0, 0, 132, 212, 35, 0, 0, 0, 0, 0, 0, 0, 0, 0, 0, 0, 0, 0, 37, 204, 35, 0, 0, 0, 0, 0, 81, 204, 35, 0, 0, 0, 0, 0, 0, 0, 0, 0, 0, 0, 0, 0, 121, 212, 35, 0, 0, 0, 0, 0, 121, 212, 35, 0, 0, 0, 0, 0}>
11-14 14:25:10.520 866 1117 I bthal.flowcontrol: HciEventPreProcess: HCI Event 0xe Opcode 0xfd59 Length 103 handled by ControllerActivityWatcher
11-14 14:25:10.528 902 902 W android.hardware.power.stats-service.pixel: getStateResidency latency for Bluetooth exceeded time allowed: 21001us
11-14 14:25:10.531 1127 1127 D AOC : A3:MSG: controller.cc, 273: CNTRL: cmd ID: 0x000a, tag: 0x61 [cntr = 34403]
11-14 14:25:10.531 1127 1127 D AOC : A3:MSG: controller.cc, 811: CNTRL: ipc: control, cmd ID: 0x000a, tag: 0x61, rc: 0
11-14 14:25:10.534 1127 1127 D AOC : A3:MSG: controller.cc, 273: CNTRL: cmd ID: 0x000a, tag: 0x62 [cntr = 34404]
11-14 14:25:10.534 1127 1127 D AOC : A3:MSG: controller.cc, 811: CNTRL: ipc: control, cmd ID: 0x000a, tag: 0x62, rc: 0
11-14 14:25:10.535 1127 1127 D AOC : A3:MSG: controller.cc, 273: CNTRL: cmd ID: 0x000a, tag: 0x63 [cntr = 34405]
11-14 14:25:10.535 1127 1127 D AOC : A3:MSG: controller.cc, 811: CNTRL: ipc: control, cmd ID: 0x000a, tag: 0x63, rc: 0
11-14 14:25:10.537 1127 1127 D AOC : A3:MSG: controller.cc, 273: CNTRL: cmd ID: 0x000a, tag: 0x64 [cntr = 34406]
11-14 14:25:10.537 1127 1127 D AOC : A3:MSG: controller.cc, 811: CNTRL: ipc: control, cmd ID: 0x000a, tag: 0x64, rc: 0
11-14 14:25:10.540 1127 1127 D AOC : A3:MSG: controller.cc, 273: CNTRL: cmd ID: 0x000a, tag: 0x65 [cntr = 34407]
11-14 14:25:10.540 1127 1127 D AOC : A3:MSG: controller.cc, 811: CNTRL: ipc: control, cmd ID: 0x000a, tag: 0x65, rc: 0
11-14 14:25:10.541 1127 1127 D AOC : A3:MSG: controller.cc, 273: CNTRL: cmd ID: 0x000a, tag: 0x66 [cntr = 34408]
11-14 14:25:10.541 1127 1127 D AOC : A3:MSG: controller.cc, 811: CNTRL: ipc: control, cmd ID: 0x000a, tag: 0x66, rc: 0
11-14 14:25:10.543 1127 1127 D AOC : A3:MSG: controller.cc, 273: CNTRL: cmd ID: 0x000a, tag: 0x67 [cntr = 34409]
11-14 14:25:10.543 1127 1127 D AOC : A3:MSG: controller.cc, 811: CNTRL: ipc: control, cmd ID: 0x000a, tag: 0x67, rc: 0
11-14 14:25:10.545 1127 1127 D AOC : A3:MSG: controller.cc, 273: CNTRL: cmd ID: 0x000a, tag: 0x68 [cntr = 34410]
11-14 14:25:10.546 1127 1127 D AOC : A3:MSG: controller.cc, 811: CNTRL: ipc: control, cmd ID: 0x000a, tag: 0x68, rc: 0
11-14 14:25:10.548 1127 1127 D AOC : A3:MSG: controller.cc, 273: CNTRL: cmd ID: 0x000a, tag: 0x69 [cntr = 34411]
11-14 14:25:10.548 1127 1127 D AOC : A3:MSG: controller.cc, 811: CNTRL: ipc: control, cmd ID: 0x000a, tag: 0x69, rc: 0
11-14 14:25:10.550 1127 1127 D AOC : A3:MSG: controller.cc, 273: CNTRL: cmd ID: 0x000a, tag: 0x6a [cntr = 34412]
11-14 14:25:10.550 1127 1127 D AOC : A3:MSG: controller.cc, 811: CNTRL: ipc: control, cmd ID: 0x000a, tag: 0x6a, rc: 0
11-14 14:25:10.553 1127 1127 D AOC : A3:MSG: controller.cc, 273: CNTRL: cmd ID: 0x000a, tag: 0x6b [cntr = 34413]
11-14 14:25:10.553 1127 1127 D AOC : A3:MSG: controller.cc, 811: CNTRL: ipc: control, cmd ID: 0x000a, tag: 0x6b, rc: 0
11-14 14:25:10.555 1127 1127 D AOC : A3:MSG: controller.cc, 273: CNTRL: cmd ID: 0x000a, tag: 0x6c [cntr = 34414]
11-14 14:25:10.555 1127 1127 D AOC : A3:MSG: controller.cc, 811: CNTRL: ipc: control, cmd ID: 0x000a, tag: 0x6c, rc: 0
11-14 14:25:10.558 1127 1127 D AOC : A3:MSG: controller.cc, 273: CNTRL: cmd ID: 0x000a, tag: 0x6d [cntr = 34415]
11-14 14:25:10.558 1127 1127 D AOC : A3:MSG: controller.cc, 811: CNTRL: ipc: control, cmd ID: 0x000a, tag: 0x6d, rc: 0
11-14 14:25:10.560 1127 1127 D AOC : A3:MSG: controller.cc, 273: CNTRL: cmd ID: 0x000a, tag: 0x6e [cntr = 34416]
11-14 14:25:10.560 1127 1127 D AOC : A3:MSG: controller.cc, 811: CNTRL: ipc: control, cmd ID: 0x000a, tag: 0x6e, rc: 0
11-14 14:25:10.563 1127 1127 D AOC : A3:MSG: controller.cc, 273: CNTRL: cmd ID: 0x000a, tag: 0x6f [cntr = 34417]
11-14 14:25:10.563 1127 1127 D AOC : A3:MSG: controller.cc, 811: CNTRL: ipc: control, cmd ID: 0x000a, tag: 0x6f, rc: 0
11-14 14:25:10.565 1127 1127 D AOC : A3:MSG: controller.cc, 273: CNTRL: cmd ID: 0x000a, tag: 0x70 [cntr = 34418]
11-14 14:25:10.565 1127 1127 D AOC : A3:MSG: controller.cc, 811: CNTRL: ipc: control, cmd ID: 0x000a, tag: 0x70, rc: 0
11-14 14:25:10.568 1127 1127 D AOC : A3:MSG: controller.cc, 273: CNTRL: cmd ID: 0x000a, tag: 0x71 [cntr = 34419]
11-14 14:25:10.568 1127 1127 D AOC : A3:MSG: controller.cc, 811: CNTRL: ipc: control, cmd ID: 0x000a, tag: 0x71, rc: 0
11-14 14:25:10.581 1472 4940 D TelephonyManager: requestModemActivityInfo: Sending result to app: ModemActivityInfo{ mTimestamp=1882260989 mSleepTimeMs=1792907913 mIdleTimeMs=7456117 mActivityStatsTechSpecificInfo=[{mRat=UNKNOWN,mFrequencyRange=UNKNOWN,mTxTimeMs[]=[0, 0, 0, 0, 0],mRxTimeMs=49819067}]}
11-14 14:25:11.092 936 2866 I WifiHAL : Creating message to get link statistics; iface = 47
11-14 14:25:11.154 936 2866 I WifiHAL : In GetLinkStatsCommand::handleResponse
11-14 14:25:11.201 1472 1871 D ConnectivityService: NetReassign [no changes] [c 1] [a 0] [i 3]
11-14 14:25:13.504 1472 1697 D ActivityManager: sync unfroze 19704 com.google.android.apps.turbo
11-14 14:25:13.507 1472 1697 D ActivityManager: sync unfroze 30461 com.android.settings
11-14 14:25:13.508 1942 1942 D DLObserver: onReceive(); android.intent.action.BATTERY_CHANGED
11-14 14:25:13.508 1942 1942 D DLObserver: plugged=2
11-14 14:25:13.509 30461 30461 D BatteryUsageBroadcastReceiver: onReceive:android.intent.action.BATTERY_LEVEL_CHANGED
11-14 14:25:13.516 1942 1942 D PowerNotificationWarningsGoogleImpl: onReceive: android.intent.action.BATTERY_CHANGED
11-14 14:25:13.516 1942 1942 D BatteryDefenderNotification: isPlugged: true | isOverheated: false | defenderEnabled: false | isCharged: false | isPluggedInDock: false
11-14 14:25:13.516 1942 1942 D IncompatibleChargerNotification: dispatchIntent: android.intent.action.BATTERY_CHANGED
11-14 14:25:13.532 1942 3314 D PowerUI : can't show warning due to - plugged: true status unknown: false
11-14 14:25:13.546 1942 1942 D DLObserver: onReceive(); android.intent.action.BATTERY_CHANGED
11-14 14:25:13.546 1942 1942 D DLObserver: plugged=2
11-14 14:25:13.549 1942 2553 D PowerUI : can't show warning due to - plugged: true status unknown: false
11-14 14:25:13.550 1942 1942 D PowerNotificationWarningsGoogleImpl: onReceive: android.intent.action.BATTERY_CHANGED
11-14 14:25:13.550 1942 1942 D BatteryDefenderNotification: isPlugged: true | isOverheated: false | defenderEnabled: false | isCharged: false | isPluggedInDock: false
11-14 14:25:13.550 1942 1942 D IncompatibleChargerNotification: dispatchIntent: android.intent.action.BATTERY_CHANGED
11-14 14:25:13.558 1472 4940 D ActivityManager: sync unfroze 8423 com.google.android.turboadapter
11-14 14:25:13.559 1942 1981 D BatteryInfoBroadcast: onReceive: android.intent.action.BATTERY_CHANGED, saverMode: false, remainingTime: 382363087
11-14 14:25:14.788 7076 7076 I trusty_metricsd: starting trusty_metricsd
11-14 14:25:14.788 7076 7076 I trusty_metricsd: trusty dev: /dev/trusty-ipc-dev0
11-14 14:25:14.794 7076 7076 E libtrusty: tipc_connect: can't connect to tipc service "com.android.trusty.metrics" (err=107)
11-14 14:25:14.794 7076 7076 E trusty_metricsd: failed to open TrustyMetricsPixel: failed to connect to Trusty metrics TA: Transport endpoint is not connected
11-14 14:25:14.794 7076 7076 E trusty_metricsd: failed to open Trusty metrics client
11-14 14:25:14.829 7077 7077 I flags_health_check: ServerConfigurableFlagsReset reset_mode value: 1
11-14 14:25:14.830 7077 7077 I flags_health_check: ServerConfigurableFlagsReset updatable crashing detected, resetting flags.
11-14 14:25:17.006 6189 6189 D BoundBrokerSvc: onUnbind: Intent { act=com.google.android.gms.safetynet.service.START pkg=com.google.android.gms }
11-14 14:25:17.198 936 2866 I WifiHAL : Creating message to get link statistics; iface = 47
11-14 14:25:17.311 936 2866 I WifiHAL : In GetLinkStatsCommand::handleResponse
11-14 14:25:17.315 936 2866 E IPCThreadState: binder thread pool (1 threads) starved for 117 ms
11-14 14:25:17.360 1472 1871 D ConnectivityService: NetReassign [no changes] [c 1] [a 0] [i 4]
11-14 14:25:19.802 7083 7083 I trusty_metricsd: starting trusty_metricsd
11-14 14:25:19.802 7083 7083 I trusty_metricsd: trusty dev: /dev/trusty-ipc-dev0
11-14 14:25:19.806 7083 7083 E libtrusty: tipc_connect: can't connect to tipc service "com.android.trusty.metrics" (err=107)
11-14 14:25:19.806 7083 7083 E trusty_metricsd: failed to open TrustyMetricsPixel: failed to connect to Trusty metrics TA: Transport endpoint is not connected
11-14 14:25:19.807 7083 7083 E trusty_metricsd: failed to open Trusty metrics client
11-14 14:25:19.839 7084 7084 I flags_health_check: ServerConfigurableFlagsReset reset_mode value: 1
11-14 14:25:19.840 7084 7084 I flags_health_check: ServerConfigurableFlagsReset updatable crashing detected, resetting flags.
11-14 14:25:21.292 1655 1677 I pixel-thermal: VIRTUAL-USB-UI:0 raw data: USB2-MINUS-CHG:-4986 VIRTUAL-USB-UI:0 charger_skin_therm:37137 usb_pwr_therm2:32151
11-14 14:25:21.295 1655 1677 I pixel-thermal: VIRTUAL-USB-THROTTLING:0 raw data: USB2-MINUS-CHG:-4986 VIRTUAL-USB-THROTTLING:0 usb_pwr_therm2:32151
11-14 14:25:21.295 1655 1677 I pixel-thermal: neutral_therm:31.883 raw data: neutral_therm:31883
11-14 14:25:23.361 936 2866 I WifiHAL : Creating message to get link statistics; iface = 47
11-14 14:25:23.478 936 2866 I WifiHAL : In GetLinkStatsCommand::handleResponse
11-14 14:25:23.483 936 2866 E IPCThreadState: binder thread pool (1 threads) starved for 122 ms
11-14 14:25:23.530 1472 1871 D ConnectivityService: NetReassign [no changes] [c 1] [a 0] [i 3]
11-14 14:25:23.532 1472 1807 D ActivityManager: freezing 30461 com.android.settings
11-14 14:25:23.669 1472 1807 D ActivityManager: freezing 8423 com.google.android.turboadapter
11-14 14:25:24.820 7089 7089 I trusty_metricsd: starting trusty_metricsd
11-14 14:25:24.820 7089 7089 I trusty_metricsd: trusty dev: /dev/trusty-ipc-dev0
11-14 14:25:24.825 7089 7089 E libtrusty: tipc_connect: can't connect to tipc service "com.android.trusty.metrics" (err=107)
11-14 14:25:24.825 7089 7089 E trusty_metricsd: failed to open TrustyMetricsPixel: failed to connect to Trusty metrics TA: Transport endpoint is not connected
11-14 14:25:24.825 7089 7089 E trusty_metricsd: failed to open Trusty metrics client
11-14 14:25:24.859 7091 7091 I flags_health_check: ServerConfigurableFlagsReset reset_mode value: 1
11-14 14:25:24.859 7091 7091 I flags_health_check: ServerConfigurableFlagsReset updatable crashing detected, resetting flags.
11-14 14:25:27.023 1472 1807 D ActivityManager: freezing 6189 com.google.android.gms
11-14 14:25:29.529 936 2866 I WifiHAL : Creating message to get link statistics; iface = 47
11-14 14:25:29.647 936 2866 I WifiHAL : In GetLinkStatsCommand::handleResponse
11-14 14:25:29.654 936 2866 E IPCThreadState: binder thread pool (1 threads) starved for 125 ms
11-14 14:25:29.698 1472 1871 D ConnectivityService: NetReassign [no changes] [c 1] [a 0] [i 4]
11-14 14:25:29.831 7096 7096 I trusty_metricsd: starting trusty_metricsd
11-14 14:25:29.831 7096 7096 I trusty_metricsd: trusty dev: /dev/trusty-ipc-dev0
11-14 14:25:29.836 7096 7096 E libtrusty: tipc_connect: can't connect to tipc service "com.android.trusty.metrics" (err=107)
11-14 14:25:29.836 7096 7096 E trusty_metricsd: failed to open TrustyMetricsPixel: failed to connect to Trusty metrics TA: Transport endpoint is not connected
11-14 14:25:29.836 7096 7096 E trusty_metricsd: failed to open Trusty metrics client
11-14 14:25:29.869 7097 7097 I flags_health_check: ServerConfigurableFlagsReset reset_mode value: 1
11-14 14:25:29.869 7097 7097 I flags_health_check: ServerConfigurableFlagsReset updatable crashing detected, resetting flags.
11-14 14:25:31.979 1472 4949 D ActivityManager: sync unfroze 6189 com.google.android.gms
11-14 14:25:31.986 6189 6189 D BoundBrokerSvc: onBind: Intent { act=com.google.android.gms.safetynet.service.START pkg=com.google.android.gms }
11-14 14:25:31.986 6189 6189 D BoundBrokerSvc: Loading bound service for intent: Intent { act=com.google.android.gms.safetynet.service.START pkg=com.google.android.gms }
11-14 14:25:34.849 7103 7103 I trusty_metricsd: starting trusty_metricsd
11-14 14:25:34.850 7103 7103 I trusty_metricsd: trusty dev: /dev/trusty-ipc-dev0
11-14 14:25:34.854 7103 7103 E libtrusty: tipc_connect: can't connect to tipc service "com.android.trusty.metrics" (err=107)
11-14 14:25:34.854 7103 7103 E trusty_metricsd: failed to open TrustyMetricsPixel: failed to connect to Trusty metrics TA: Transport endpoint is not connected
11-14 14:25:34.854 7103 7103 E trusty_metricsd: failed to open Trusty metrics client
11-14 14:25:34.888 7104 7104 I flags_health_check: ServerConfigurableFlagsReset reset_mode value: 1
11-14 14:25:34.888 7104 7104 I flags_health_check: ServerConfigurableFlagsReset updatable crashing detected, resetting flags.
11-14 14:25:35.696 936 2866 I WifiHAL : Creating message to get link statistics; iface = 47
11-14 14:25:35.802 936 2866 I WifiHAL : In GetLinkStatsCommand::handleResponse
11-14 14:25:35.807 936 2866 E IPCThreadState: binder thread pool (1 threads) starved for 111 ms
11-14 14:25:35.838 1942 1942 D StatusBarIconController: ignoring old pipeline callback because the new wifi icon is enabled
11-14 14:25:35.848 1472 1871 D ConnectivityService: NetReassign [no changes] [c 0] [a 1] [i 3]
11-14 14:25:37.781 1655 1677 I pixel-thermal: THERMAL_GENL_EVENT_TZ_TRIP_UP
11-14 14:25:37.781 1655 1677 I pixel-thermal: Thermal zone id: 6
11-14 14:25:37.781 1655 1677 I pixel-thermal: Thermal zone trip id: 0
11-14 14:25:37.781 1655 1677 I pixel-thermal: TZ Path: /sys/devices/virtual/thermal/thermal_zone6/type
11-14 14:25:37.784 1655 1677 I pixel-thermal: TZ type: neutral_therm
11-14 14:25:37.785 1655 1677 I pixel-thermal: neutral_therm:32.017 raw data: neutral_therm:32017
11-14 14:25:37.796 1655 1677 I pixel-thermal: cellular-emergency:33.346 raw data: VIRTUAL-NEUTRAL:33019.9 VIRTUAL-NEUTRAL-SKIN2:33346 VIRTUAL-QUIET-NEUTRAL:32686.9 cellular-emergency:33346 disp_therm:31483 gnss_tcxo_therm:32752 neutral_therm:32017 quiet_therm:32974 skin_therm1:33241 skin_therm2:36447
11-14 14:25:37.797 1655 1677 I pixel-thermal: VIRTUAL-SKIN-CPU:33.346 raw data: VIRTUAL-NEUTRAL:33019.9 VIRTUAL-NEUTRAL-SKIN2:33346 VIRTUAL-QUIET-NEUTRAL:32686.9 VIRTUAL-SKIN-CPU:33346 disp_therm:31483 gnss_tcxo_therm:32752 neutral_therm:32017 quiet_therm:32974 skin_therm1:33241 skin_therm2:36447
11-14 14:25:37.799 1655 1677 I pixel-thermal: VIRTUAL-SKIN:33.346 raw data: VIRTUAL-NEUTRAL:33019.9 VIRTUAL-NEUTRAL-SKIN2:33346 VIRTUAL-QUIET-NEUTRAL:32686.9 VIRTUAL-SKIN:33346 disp_therm:31483 gnss_tcxo_therm:32752 neutral_therm:32017 quiet_therm:32974 skin_therm1:33241 skin_therm2:36447
11-14 14:25:37.800 1655 1677 I pixel-thermal: VIRTUAL-SKIN-CHARGE:33.346 raw data: VIRTUAL-NEUTRAL:33019.9 VIRTUAL-NEUTRAL-SKIN2:33346 VIRTUAL-QUIET-NEUTRAL:32686.9 VIRTUAL-SKIN-CHARGE:33346 disp_therm:31483 gnss_tcxo_therm:32752 neutral_therm:32017 quiet_therm:32974 skin_therm1:33241 skin_therm2:36447
11-14 14:25:37.801 1655 1677 I pixel-thermal: VIRTUAL-SKIN-CPU-GPU:33.346 raw data: VIRTUAL-NEUTRAL:33019.9 VIRTUAL-NEUTRAL-SKIN2:33346 VIRTUAL-QUIET-NEUTRAL:32686.9 VIRTUAL-SKIN-CPU-GPU:33346 disp_therm:31483 gnss_tcxo_therm:32752 neutral_therm:32017 quiet_therm:32974 skin_therm1:33241 skin_therm2:36447
11-14 14:25:37.803 1655 1677 I pixel-thermal: VIRTUAL-SKIN-HINT:33.346 raw data: VIRTUAL-NEUTRAL:33019.9 VIRTUAL-NEUTRAL-SKIN2:33346 VIRTUAL-QUIET-NEUTRAL:32686.9 VIRTUAL-SKIN-HINT:33346 disp_therm:31483 gnss_tcxo_therm:32752 neutral_therm:32017 quiet_therm:32974 skin_therm1:33241 skin_therm2:36447
11-14 14:25:39.867 7110 7110 I trusty_metricsd: starting trusty_metricsd
11-14 14:25:39.867 7110 7110 I trusty_metricsd: trusty dev: /dev/trusty-ipc-dev0
11-14 14:25:39.873 7110 7110 E libtrusty: tipc_connect: can't connect to tipc service "com.android.trusty.metrics" (err=107)
11-14 14:25:39.873 7110 7110 E trusty_metricsd: failed to open TrustyMetricsPixel: failed to connect to Trusty metrics TA: Transport endpoint is not connected
11-14 14:25:39.873 7110 7110 E trusty_metricsd: failed to open Trusty metrics client
11-14 14:25:39.912 7111 7111 I flags_health_check: ServerConfigurableFlagsReset reset_mode value: 1
11-14 14:25:39.912 7111 7111 I flags_health_check: ServerConfigurableFlagsReset updatable crashing detected, resetting flags.
11-14 14:25:41.844 936 2866 I WifiHAL : Creating message to get link statistics; iface = 47
11-14 14:25:41.906 936 2866 I WifiHAL : In GetLinkStatsCommand::handleResponse
11-14 14:25:41.954 1472 1871 D ConnectivityService: NetReassign [no changes] [c 1] [a 0] [i 3]
11-14 14:25:44.812 1655 1677 I pixel-thermal: neutral_therm:31.995 raw data: neutral_therm:31995
11-14 14:25:44.817 1655 1677 I pixel-thermal: cellular-emergency:33.3372 raw data: VIRTUAL-NEUTRAL:33011.1 VIRTUAL-NEUTRAL-SKIN2:33337.2 VIRTUAL-QUIET-NEUTRAL:32695.7 cellular-emergency:33337.2 disp_therm:31483 gnss_tcxo_therm:32774 neutral_therm:31995 quiet_therm:32996 skin_therm1:33197 skin_therm2:36469
11-14 14:25:44.817 1655 1677 I pixel-thermal: VIRTUAL-SKIN-CPU:33.3372 raw data: VIRTUAL-NEUTRAL:33011.1 VIRTUAL-NEUTRAL-SKIN2:33337.2 VIRTUAL-QUIET-NEUTRAL:32695.7 VIRTUAL-SKIN-CPU:33337.2
11-14 14:25:44.817 1655 1677 I pixel-thermal: VIRTUAL-SKIN:33.3372 raw data: VIRTUAL-NEUTRAL:33011.1 VIRTUAL-NEUTRAL-SKIN2:33337.2 VIRTUAL-QUIET-NEUTRAL:32695.7 VIRTUAL-SKIN:33337.2
11-14 14:25:44.817 1655 1677 I pixel-thermal: VIRTUAL-SKIN-CHARGE:33.3372 raw data: VIRTUAL-NEUTRAL:33011.1 VIRTUAL-NEUTRAL-SKIN2:33337.2 VIRTUAL-QUIET-NEUTRAL:32695.7 VIRTUAL-SKIN-CHARGE:33337.2
11-14 14:25:44.817 1655 1677 I pixel-thermal: VIRTUAL-SKIN-CPU-GPU:33.3372 raw data: VIRTUAL-NEUTRAL:33011.1 VIRTUAL-NEUTRAL-SKIN2:33337.2 VIRTUAL-QUIET-NEUTRAL:32695.7 VIRTUAL-SKIN-CPU-GPU:33337.2
11-14 14:25:44.818 1655 1677 I pixel-thermal: VIRTUAL-SKIN-HINT:33.3372 raw data: VIRTUAL-NEUTRAL:33011.1 VIRTUAL-NEUTRAL-SKIN2:33337.2 VIRTUAL-QUIET-NEUTRAL:32695.7 VIRTUAL-SKIN-HINT:33337.2
11-14 14:25:44.885 7118 7118 I trusty_metricsd: starting trusty_metricsd
11-14 14:25:44.885 7118 7118 I trusty_metricsd: trusty dev: /dev/trusty-ipc-dev0
11-14 14:25:44.889 7118 7118 E libtrusty: tipc_connect: can't connect to tipc service "com.android.trusty.metrics" (err=107)
11-14 14:25:44.889 7118 7118 E trusty_metricsd: failed to open TrustyMetricsPixel: failed to connect to Trusty metrics TA: Transport endpoint is not connected
11-14 14:25:44.889 7118 7118 E trusty_metricsd: failed to open Trusty metrics client
11-14 14:25:44.924 7119 7119 I flags_health_check: ServerConfigurableFlagsReset reset_mode value: 1
11-14 14:25:44.924 7119 7119 I flags_health_check: ServerConfigurableFlagsReset updatable crashing detected, resetting flags.
11-14 14:25:47.023 6189 6189 D BoundBrokerSvc: onUnbind: Intent { act=com.google.android.gms.safetynet.service.START pkg=com.google.android.gms }
11-14 14:25:47.952 936 2866 I WifiHAL : Creating message to get link statistics; iface = 47
11-14 14:25:48.019 936 2866 I WifiHAL : In GetLinkStatsCommand::handleResponse
11-14 14:25:48.070 1942 1942 D StatusBarIconController: ignoring old pipeline callback because the new wifi icon is enabled
11-14 14:25:48.074 1472 1871 D ConnectivityService: NetReassign [no changes] [c 0] [a 0] [i 4]
11-14 14:25:48.950 28917 29008 I bbrb : getHotwordActive::active query: null, watch: false, devices connected: []
11-14 14:25:49.903 7126 7126 I trusty_metricsd: starting trusty_metricsd
11-14 14:25:49.903 7126 7126 I trusty_metricsd: trusty dev: /dev/trusty-ipc-dev0
11-14 14:25:49.910 7126 7126 E libtrusty: tipc_connect: can't connect to tipc service "com.android.trusty.metrics" (err=107)
11-14 14:25:49.910 7126 7126 E trusty_metricsd: failed to open TrustyMetricsPixel: failed to connect to Trusty metrics TA: Transport endpoint is not connected
11-14 14:25:49.910 7126 7126 E trusty_metricsd: failed to open Trusty metrics client
11-14 14:25:49.945 7127 7127 I flags_health_check: ServerConfigurableFlagsReset reset_mode value: 1
11-14 14:25:49.945 7127 7127 I flags_health_check: ServerConfigurableFlagsReset updatable crashing detected, resetting flags.
11-14 14:25:51.137 1655 1677 I pixel-thermal: THERMAL_GENL_EVENT_TZ_TRIP_UP
11-14 14:25:51.138 1655 1677 I pixel-thermal: Thermal zone id: 6
11-14 14:25:51.138 1655 1677 I pixel-thermal: Thermal zone trip id: 0
11-14 14:25:51.138 1655 1677 I pixel-thermal: TZ Path: /sys/devices/virtual/thermal/thermal_zone6/type
11-14 14:25:51.138 1655 1677 I pixel-thermal: TZ type: neutral_therm
11-14 14:25:51.139 1655 1677 I pixel-thermal: neutral_therm:32.084 raw data: neutral_therm:32084
11-14 14:25:51.144 1655 1677 I pixel-thermal: cellular-emergency:33.4127 raw data: VIRTUAL-NEUTRAL:33055.5 VIRTUAL-NEUTRAL-SKIN2:33412.7 VIRTUAL-QUIET-NEUTRAL:32753.9 cellular-emergency:33412.7 disp_therm:31550 gnss_tcxo_therm:32752 neutral_therm:32084 quiet_therm:33041 skin_therm1:33219 skin_therm2:36513
11-14 14:25:51.145 1655 1677 I pixel-thermal: VIRTUAL-SKIN-CPU:33.4127 raw data: VIRTUAL-NEUTRAL:33055.5 VIRTUAL-NEUTRAL-SKIN2:33412.7 VIRTUAL-QUIET-NEUTRAL:32753.9 VIRTUAL-SKIN-CPU:33412.7 disp_therm:31550 gnss_tcxo_therm:32752 neutral_therm:32084 quiet_therm:33041 skin_therm1:33219 skin_therm2:36513
11-14 14:25:51.147 1655 1677 I pixel-thermal: VIRTUAL-SKIN:33.4127 raw data: VIRTUAL-NEUTRAL:33055.5 VIRTUAL-NEUTRAL-SKIN2:33412.7 VIRTUAL-QUIET-NEUTRAL:32753.9 VIRTUAL-SKIN:33412.7 disp_therm:31550 gnss_tcxo_therm:32752 neutral_therm:32084 quiet_therm:33041 skin_therm1:33219 skin_therm2:36513
11-14 14:25:51.149 1655 1677 I pixel-thermal: VIRTUAL-SKIN-CHARGE:33.4127 raw data: VIRTUAL-NEUTRAL:33055.5 VIRTUAL-NEUTRAL-SKIN2:33412.7 VIRTUAL-QUIET-NEUTRAL:32753.9 VIRTUAL-SKIN-CHARGE:33412.7 disp_therm:31550 gnss_tcxo_therm:32752 neutral_therm:32084 quiet_therm:33041 skin_therm1:33219 skin_therm2:36513
11-14 14:25:51.151 1655 1677 I pixel-thermal: VIRTUAL-SKIN-CPU-GPU:33.4127 raw data: VIRTUAL-NEUTRAL:33055.5 VIRTUAL-NEUTRAL-SKIN2:33412.7 VIRTUAL-QUIET-NEUTRAL:32753.9 VIRTUAL-SKIN-CPU-GPU:33412.7 disp_therm:31550 gnss_tcxo_therm:32752 neutral_therm:32084 quiet_therm:33041 skin_therm1:33219 skin_therm2:36513
11-14 14:25:51.152 1655 1677 I pixel-thermal: VIRTUAL-SKIN-HINT:33.4127 raw data: VIRTUAL-NEUTRAL:33055.5 VIRTUAL-NEUTRAL-SKIN2:33412.7 VIRTUAL-QUIET-NEUTRAL:32753.9 VIRTUAL-SKIN-HINT:33412.7 disp_therm:31550 gnss_tcxo_therm:32752 neutral_therm:32084 quiet_therm:33041 skin_therm1:33219 skin_therm2:36513
11-14 14:25:52.974 28817 28972 W TimedProcessReaper: Memory state is: 125
11-14 14:25:54.071 936 2866 I WifiHAL : Creating message to get link statistics; iface = 47
11-14 14:25:54.136 936 2866 I WifiHAL : In GetLinkStatsCommand::handleResponse
11-14 14:25:54.183 1472 1871 D ConnectivityService: NetReassign [no changes] [c 1] [a 0] [i 4]
11-14 14:25:54.920 7133 7133 I trusty_metricsd: starting trusty_metricsd
11-14 14:25:54.921 7133 7133 I trusty_metricsd: trusty dev: /dev/trusty-ipc-dev0
11-14 14:25:54.925 7133 7133 E libtrusty: tipc_connect: can't connect to tipc service "com.android.trusty.metrics" (err=107)
11-14 14:25:54.926 7133 7133 E trusty_metricsd: failed to open TrustyMetricsPixel: failed to connect to Trusty metrics TA: Transport endpoint is not connected
11-14 14:25:54.926 7133 7133 E trusty_metricsd: failed to open Trusty metrics client
11-14 14:25:55.276 2982 3114 I PhenotypeProcessReaper: Memory state is: 300
11-14 14:25:55.336 1942 1942 D DLObserver: onReceive(); android.intent.action.BATTERY_CHANGED
11-14 14:25:55.336 1942 1942 D DLObserver: plugged=2
11-14 14:25:55.337 1942 3354 D PowerUI : can't show warning due to - plugged: true status unknown: false
11-14 14:25:55.340 1942 1942 D PowerNotificationWarningsGoogleImpl: onReceive: android.intent.action.BATTERY_CHANGED
11-14 14:25:55.340 1942 1942 D BatteryDefenderNotification: isPlugged: true | isOverheated: false | defenderEnabled: false | isCharged: false | isPluggedInDock: false
11-14 14:25:55.340 1942 1942 D IncompatibleChargerNotification: dispatchIntent: android.intent.action.BATTERY_CHANGED
11-14 14:25:57.074 1942 1942 D DLObserver: onReceive(); android.intent.action.BATTERY_CHANGED
11-14 14:25:57.074 1942 1942 D DLObserver: plugged=2
11-14 14:25:57.076 1472 1807 D ActivityManager: freezing 6189 com.google.android.gms
11-14 14:25:57.076 1942 3355 D PowerUI : can't show warning due to - plugged: true status unknown: false
11-14 14:25:57.078 1942 1942 D PowerNotificationWarningsGoogleImpl: onReceive: android.intent.action.BATTERY_CHANGED
11-14 14:25:57.079 1942 1942 D BatteryDefenderNotification: isPlugged: true | isOverheated: false | defenderEnabled: false | isCharged: false | isPluggedInDock: false
11-14 14:25:57.079 1942 1942 D IncompatibleChargerNotification: dispatchIntent: android.intent.action.BATTERY_CHANGED
11-14 14:25:58.161 1655 1677 I pixel-thermal: neutral_therm:32.084 raw data: neutral_therm:32084
11-14 14:25:58.166 1655 1677 I pixel-thermal: cellular-emergency:33.4262 raw data: VIRTUAL-NEUTRAL:33080.1 VIRTUAL-NEUTRAL-SKIN2:33426.2 VIRTUAL-QUIET-NEUTRAL:32800.8 cellular-emergency:33426.2 disp_therm:31594 gnss_tcxo_therm:32774 neutral_therm:32084 quiet_therm:33108 skin_therm1:33264 skin_therm2:36558
11-14 14:25:58.167 1655 1677 I pixel-thermal: VIRTUAL-SKIN-CPU:33.4262 raw data: VIRTUAL-NEUTRAL:33080.1 VIRTUAL-NEUTRAL-SKIN2:33426.2 VIRTUAL-QUIET-NEUTRAL:32800.8 VIRTUAL-SKIN-CPU:33426.2
11-14 14:25:58.167 1655 1677 I pixel-thermal: VIRTUAL-SKIN:33.4262 raw data: VIRTUAL-NEUTRAL:33080.1 VIRTUAL-NEUTRAL-SKIN2:33426.2 VIRTUAL-QUIET-NEUTRAL:32800.8 VIRTUAL-SKIN:33426.2
11-14 14:25:58.167 1655 1677 I pixel-thermal: VIRTUAL-SKIN-CHARGE:33.4262 raw data: VIRTUAL-NEUTRAL:33080.1 VIRTUAL-NEUTRAL-SKIN2:33426.2 VIRTUAL-QUIET-NEUTRAL:32800.8 VIRTUAL-SKIN-CHARGE:33426.2
11-14 14:25:58.167 1655 1677 I pixel-thermal: VIRTUAL-SKIN-CPU-GPU:33.4262 raw data: VIRTUAL-NEUTRAL:33080.1 VIRTUAL-NEUTRAL-SKIN2:33426.2 VIRTUAL-QUIET-NEUTRAL:32800.8 VIRTUAL-SKIN-CPU-GPU:33426.2
11-14 14:25:58.167 1655 1677 I pixel-thermal: VIRTUAL-SKIN-HINT:33.4262 raw data: VIRTUAL-NEUTRAL:33080.1 VIRTUAL-NEUTRAL-SKIN2:33426.2 VIRTUAL-QUIET-NEUTRAL:32800.8 VIRTUAL-SKIN-HINT:33426.2
11-14 14:25:59.930 7138 7138 I trusty_metricsd: starting trusty_metricsd
11-14 14:25:59.930 7138 7138 I trusty_metricsd: trusty dev: /dev/trusty-ipc-dev0
11-14 14:25:59.935 7138 7138 E libtrusty: tipc_connect: can't connect to tipc service "com.android.trusty.metrics" (err=107)
11-14 14:25:59.935 7138 7138 E trusty_metricsd: failed to open TrustyMetricsPixel: failed to connect to Trusty metrics TA: Transport endpoint is not connected
11-14 14:25:59.935 7138 7138 E trusty_metricsd: failed to open Trusty metrics client
11-14 14:26:00.017 3715 3900 I AiAiEcho: Predicting[7]: { Feature:1, creation:2023-11-14T10:24:07Z, expiry:2023-11-14T11:00:00Z, isExpired: true}, { Feature:1, creation:2023-11-14T11:00:00Z, expiry:2023-11-14T12:00:00Z, isExpired: true}, { Feature:1, creation:2023-11-14T12:00:00Z, expiry:2023-11-14T13:00:00Z, isExpired: false}, { Feature:1, creation:2023-11-14T13:00:00Z, expiry:2023-11-14T14:00:00Z, isExpired: true}, { Feature:1, creation:2023-11-14T14:00:00Z, expiry:2023-11-14T15:00:00Z, isExpired: true}, { Feature:1, creation:2023-11-14T15:00:00Z, expiry:2023-11-14T16:00:00Z, isExpired: true}, { Feature:1, creation:2023-11-14T16:00:00Z, expiry:2023-11-14T16:24:07Z, isExpired: true}
11-14 14:26:00.018 3715 3900 I AiAiEcho: EchoTargets: Feature:1
11-14 14:26:00.018 3715 3900 I AiAiEcho: Filtered by AiAi flag check:
11-14 14:26:00.019 3715 3900 I AiAiEcho: Ranked targets strategy: WEIGHTED, count: 1, ranking metadata: { cardId: WEATHER-569377245, card type: 1, update time: 2023-11-14T12:00:00Z, expiration time: 2023-11-14T13:00:00Z, ranking metadata: RankingMetaData(urgency=0.676, priority=0.3, recency=1.0, rankScore=0.2028, importantTimePoints=# mta@7bca4) }
11-14 14:26:00.019 3715 3900 I AiAiEcho: #weatherTwiddler: Weather removes SubtitleSupplementalItem in surface: lockscreen
11-14 14:26:00.022 3715 3900 I AiAiEcho: #postPredictionTargets: Sending updates to UISurface lockscreen with targets# 1 (types=[1])
11-14 14:26:00.034 1942 1942 W PageIndicator: Total number of pages invalid: 0. Assuming 1 page.
11-14 14:26:00.185 936 2866 I WifiHAL : Creating message to get link statistics; iface = 47
11-14 14:26:00.307 936 2866 I WifiHAL : In GetLinkStatsCommand::handleResponse
11-14 14:26:00.316 936 2866 E IPCThreadState: binder thread pool (1 threads) starved for 131 ms
11-14 14:26:00.358 1472 1871 D ConnectivityService: NetReassign [no changes] [c 1] [a 0] [i 3]
11-14 14:26:02.010 1472 2129 D ActivityManager: sync unfroze 6189 com.google.android.gms
11-14 14:26:02.015 6189 6189 D BoundBrokerSvc: onBind: Intent { act=com.google.android.gms.safetynet.service.START pkg=com.google.android.gms }
11-14 14:26:02.015 6189 6189 D BoundBrokerSvc: Loading bound service for intent: Intent { act=com.google.android.gms.safetynet.service.START pkg=com.google.android.gms }
11-14 14:26:04.947 7144 7144 I trusty_metricsd: starting trusty_metricsd
11-14 14:26:04.948 7144 7144 I trusty_metricsd: trusty dev: /dev/trusty-ipc-dev0
11-14 14:26:04.953 7144 7144 E libtrusty: tipc_connect: can't connect to tipc service "com.android.trusty.metrics" (err=107)
11-14 14:26:04.953 7144 7144 E trusty_metricsd: failed to open TrustyMetricsPixel: failed to connect to Trusty metrics TA: Transport endpoint is not connected
11-14 14:26:04.953 7144 7144 E trusty_metricsd: failed to open Trusty metrics client
11-14 14:26:05.176 1655 1677 I pixel-thermal: neutral_therm:32.151 raw data: neutral_therm:32151
11-14 14:26:05.181 1655 1677 I pixel-thermal: cellular-emergency:33.4797 raw data: VIRTUAL-NEUTRAL:33131.1 VIRTUAL-NEUTRAL-SKIN2:33479.7 VIRTUAL-QUIET-NEUTRAL:32851.7 cellular-emergency:33479.7 disp_therm:31661 gnss_tcxo_therm:32818 neutral_therm:32151 quiet_therm:33152 skin_therm1:33308 skin_therm2:36580
11-14 14:26:05.181 1655 1677 I pixel-thermal: VIRTUAL-SKIN-CPU:33.4797 raw data: VIRTUAL-NEUTRAL:33131.1 VIRTUAL-NEUTRAL-SKIN2:33479.7 VIRTUAL-QUIET-NEUTRAL:32851.7 VIRTUAL-SKIN-CPU:33479.7
11-14 14:26:05.181 1655 1677 I pixel-thermal: VIRTUAL-SKIN:33.4797 raw data: VIRTUAL-NEUTRAL:33131.1 VIRTUAL-NEUTRAL-SKIN2:33479.7 VIRTUAL-QUIET-NEUTRAL:32851.7 VIRTUAL-SKIN:33479.7
11-14 14:26:05.181 1655 1677 I pixel-thermal: VIRTUAL-SKIN-CHARGE:33.4797 raw data: VIRTUAL-NEUTRAL:33131.1 VIRTUAL-NEUTRAL-SKIN2:33479.7 VIRTUAL-QUIET-NEUTRAL:32851.7 VIRTUAL-SKIN-CHARGE:33479.7
11-14 14:26:05.181 1655 1677 I pixel-thermal: VIRTUAL-SKIN-CPU-GPU:33.4797 raw data: VIRTUAL-NEUTRAL:33131.1 VIRTUAL-NEUTRAL-SKIN2:33479.7 VIRTUAL-QUIET-NEUTRAL:32851.7 VIRTUAL-SKIN-CPU-GPU:33479.7
11-14 14:26:05.181 1655 1677 I pixel-thermal: VIRTUAL-SKIN-HINT:33.4797 raw data: VIRTUAL-NEUTRAL:33131.1 VIRTUAL-NEUTRAL-SKIN2:33479.7 VIRTUAL-QUIET-NEUTRAL:32851.7 VIRTUAL-SKIN-HINT:33479.7
11-14 14:26:05.866 1472 1807 D ActivityManager: freezing 19704 com.google.android.apps.turbo
11-14 14:26:06.362 936 2866 I WifiHAL : Creating message to get link statistics; iface = 47
11-14 14:26:06.479 936 2866 I WifiHAL : In GetLinkStatsCommand::handleResponse
11-14 14:26:06.484 936 2866 E IPCThreadState: binder thread pool (1 threads) starved for 122 ms
11-14 14:26:06.526 1472 1871 D ConnectivityService: NetReassign [no changes] [c 0] [a 1] [i 3]
11-14 14:26:09.961 7150 7150 I trusty_metricsd: starting trusty_metricsd
11-14 14:26:09.961 7150 7150 I trusty_metricsd: trusty dev: /dev/trusty-ipc-dev0
11-14 14:26:09.966 7150 7150 E libtrusty: tipc_connect: can't connect to tipc service "com.android.trusty.metrics" (err=107)
11-14 14:26:09.966 7150 7150 E trusty_metricsd: failed to open TrustyMetricsPixel: failed to connect to Trusty metrics TA: Transport endpoint is not connected
11-14 14:26:09.966 7150 7150 E trusty_metricsd: failed to open Trusty metrics client
11-14 14:26:12.190 1655 1677 I pixel-thermal: neutral_therm:32.195 raw data: neutral_therm:32195
11-14 14:26:12.195 1655 1677 I pixel-thermal: cellular-emergency:33.524 raw data: VIRTUAL-NEUTRAL:33180.1 VIRTUAL-NEUTRAL-SKIN2:33524 VIRTUAL-QUIET-NEUTRAL:32896.4 cellular-emergency:33524 disp_therm:31661 gnss_tcxo_therm:32885 neutral_therm:32195 quiet_therm:33197 skin_therm1:33375 skin_therm2:36625
11-14 14:26:12.195 1655 1677 I pixel-thermal: VIRTUAL-SKIN-CPU:33.524 raw data: VIRTUAL-NEUTRAL:33180.1 VIRTUAL-NEUTRAL-SKIN2:33524 VIRTUAL-QUIET-NEUTRAL:32896.4 VIRTUAL-SKIN-CPU:33524
11-14 14:26:12.195 1655 1677 I pixel-thermal: VIRTUAL-SKIN:33.524 raw data: VIRTUAL-NEUTRAL:33180.1 VIRTUAL-NEUTRAL-SKIN2:33524 VIRTUAL-QUIET-NEUTRAL:32896.4 VIRTUAL-SKIN:33524
11-14 14:26:12.195 1655 1677 I pixel-thermal: VIRTUAL-SKIN-CHARGE:33.524 raw data: VIRTUAL-NEUTRAL:33180.1 VIRTUAL-NEUTRAL-SKIN2:33524 VIRTUAL-QUIET-NEUTRAL:32896.4 VIRTUAL-SKIN-CHARGE:33524
11-14 14:26:12.195 1655 1677 I pixel-thermal: VIRTUAL-SKIN-CPU-GPU:33.524 raw data: VIRTUAL-NEUTRAL:33180.1 VIRTUAL-NEUTRAL-SKIN2:33524 VIRTUAL-QUIET-NEUTRAL:32896.4 VIRTUAL-SKIN-CPU-GPU:33524
11-14 14:26:12.196 1655 1677 I pixel-thermal: VIRTUAL-SKIN-HINT:33.524 raw data: VIRTUAL-NEUTRAL:33180.1 VIRTUAL-NEUTRAL-SKIN2:33524 VIRTUAL-QUIET-NEUTRAL:32896.4 VIRTUAL-SKIN-HINT:33524
11-14 14:26:12.524 936 2866 I WifiHAL : Creating message to get link statistics; iface = 47
11-14 14:26:12.598 936 2866 I WifiHAL : In GetLinkStatsCommand::handleResponse
11-14 14:26:12.644 1472 1871 D ConnectivityService: NetReassign [no changes] [c 1] [a 0] [i 3]
11-14 14:26:13.514 936 2866 I WifiHAL : Creating message to get link statistics; iface = 47
11-14 14:26:13.629 936 2866 I WifiHAL : In GetLinkStatsCommand::handleResponse
11-14 14:26:13.640 936 2866 E IPCThreadState: binder thread pool (1 threads) starved for 127 ms
11-14 14:26:13.656 866 1117 I bthal.flowcontrol: HciEventPreProcess: HCI Event 0xe Opcode 0xfd59 Length 22 unhandled by ControllerActivityWatcher
11-14 14:26:14.978 7156 7156 I trusty_metricsd: starting trusty_metricsd
11-14 14:26:14.978 7156 7156 I trusty_metricsd: trusty dev: /dev/trusty-ipc-dev0
11-14 14:26:14.982 7156 7156 E libtrusty: tipc_connect: can't connect to tipc service "com.android.trusty.metrics" (err=107)
11-14 14:26:14.982 7156 7156 E trusty_metricsd: failed to open TrustyMetricsPixel: failed to connect to Trusty metrics TA: Transport endpoint is not connected
11-14 14:26:14.982 7156 7156 E trusty_metricsd: failed to open Trusty metrics client
11-14 14:26:15.018 7157 7157 I flags_health_check: ServerConfigurableFlagsReset reset_mode value: 1
11-14 14:26:15.018 7157 7157 I flags_health_check: ServerConfigurableFlagsReset updatable crashing detected, resetting flags.
11-14 14:26:17.038 6189 6189 D BoundBrokerSvc: onUnbind: Intent { act=com.google.android.gms.safetynet.service.START pkg=com.google.android.gms }
11-14 14:26:18.642 936 2866 I WifiHAL : Creating message to get link statistics; iface = 47
11-14 14:26:18.698 936 2866 I WifiHAL : In GetLinkStatsCommand::handleResponse
11-14 14:26:18.753 1472 1871 D ConnectivityService: NetReassign [no changes] [c 0] [a 0] [i 3]
11-14 14:26:19.205 1655 1677 I pixel-thermal: neutral_therm:32.217 raw data: neutral_therm:32217
11-14 14:26:19.210 1655 1677 I pixel-thermal: cellular-emergency:33.5595 raw data: VIRTUAL-NEUTRAL:33211.2 VIRTUAL-NEUTRAL-SKIN2:33559.5 VIRTUAL-QUIET-NEUTRAL:32933.8 cellular-emergency:33559.5 disp_therm:31705 gnss_tcxo_therm:32930 neutral_therm:32217 quiet_therm:33241 skin_therm1:33375 skin_therm2:36692
11-14 14:26:19.210 1655 1677 I pixel-thermal: VIRTUAL-SKIN-CPU:33.5595 raw data: VIRTUAL-NEUTRAL:33211.2 VIRTUAL-NEUTRAL-SKIN2:33559.5 VIRTUAL-QUIET-NEUTRAL:32933.8 VIRTUAL-SKIN-CPU:33559.5
11-14 14:26:19.210 1655 1677 I pixel-thermal: VIRTUAL-SKIN:33.5595 raw data: VIRTUAL-NEUTRAL:33211.2 VIRTUAL-NEUTRAL-SKIN2:33559.5 VIRTUAL-QUIET-NEUTRAL:32933.8 VIRTUAL-SKIN:33559.5
11-14 14:26:19.210 1655 1677 I pixel-thermal: VIRTUAL-SKIN-CHARGE:33.5595 raw data: VIRTUAL-NEUTRAL:33211.2 VIRTUAL-NEUTRAL-SKIN2:33559.5 VIRTUAL-QUIET-NEUTRAL:32933.8 VIRTUAL-SKIN-CHARGE:33559.5
11-14 14:26:19.210 1655 1677 I pixel-thermal: VIRTUAL-SKIN-CPU-GPU:33.5595 raw data: VIRTUAL-NEUTRAL:33211.2 VIRTUAL-NEUTRAL-SKIN2:33559.5 VIRTUAL-QUIET-NEUTRAL:32933.8 VIRTUAL-SKIN-CPU-GPU:33559.5
11-14 14:26:19.211 1655 1677 I pixel-thermal: VIRTUAL-SKIN-HINT:33.5595 raw data: VIRTUAL-NEUTRAL:33211.2 VIRTUAL-NEUTRAL-SKIN2:33559.5 VIRTUAL-QUIET-NEUTRAL:32933.8 VIRTUAL-SKIN-HINT:33559.5
11-14 14:26:19.993 7163 7163 I trusty_metricsd: starting trusty_metricsd
11-14 14:26:19.993 7163 7163 I trusty_metricsd: trusty dev: /dev/trusty-ipc-dev0
11-14 14:26:19.998 7163 7163 E libtrusty: tipc_connect: can't connect to tipc service "com.android.trusty.metrics" (err=107)
11-14 14:26:19.998 7163 7163 E trusty_metricsd: failed to open TrustyMetricsPixel: failed to connect to Trusty metrics TA: Transport endpoint is not connected
11-14 14:26:19.998 7163 7163 E trusty_metricsd: failed to open Trusty metrics client
11-14 14:26:20.033 7164 7164 I flags_health_check: ServerConfigurableFlagsReset reset_mode value: 1
11-14 14:26:20.033 7164 7164 I flags_health_check: ServerConfigurableFlagsReset updatable crashing detected, resetting flags.
11-14 14:26:21.302 1655 1677 I pixel-thermal: VIRTUAL-USB-UI:0 raw data: USB2-MINUS-CHG:-4875 VIRTUAL-USB-UI:0 charger_skin_therm:37448 usb_pwr_therm2:32573
11-14 14:26:21.306 1655 1677 I pixel-thermal: VIRTUAL-USB-THROTTLING:0 raw data: USB2-MINUS-CHG:-4875 VIRTUAL-USB-THROTTLING:0 usb_pwr_therm2:32573
11-14 14:26:24.757 936 2866 I WifiHAL : Creating message to get link statistics; iface = 47
11-14 14:26:24.819 936 2866 I WifiHAL : In GetLinkStatsCommand::handleResponse
11-14 14:26:24.867 1472 1871 D ConnectivityService: NetReassign [no changes] [c 1] [a 1] [i 3]
11-14 14:26:25.010 7170 7170 I trusty_metricsd: starting trusty_metricsd
11-14 14:26:25.010 7170 7170 I trusty_metricsd: trusty dev: /dev/trusty-ipc-dev0
11-14 14:26:25.016 7170 7170 E libtrusty: tipc_connect: can't connect to tipc service "com.android.trusty.metrics" (err=107)
11-14 14:26:25.016 7170 7170 E trusty_metricsd: failed to open TrustyMetricsPixel: failed to connect to Trusty metrics TA: Transport endpoint is not connected
11-14 14:26:25.016 7170 7170 E trusty_metricsd: failed to open Trusty metrics client
11-14 14:26:25.050 7171 7171 I flags_health_check: ServerConfigurableFlagsReset reset_mode value: 1
11-14 14:26:25.050 7171 7171 I flags_health_check: ServerConfigurableFlagsReset updatable crashing detected, resetting flags.
11-14 14:26:26.217 1655 1677 I pixel-thermal: neutral_therm:32.262 raw data: neutral_therm:32262
11-14 14:26:26.222 1655 1677 I pixel-thermal: cellular-emergency:33.5976 raw data: VIRTUAL-NEUTRAL:33252.4 VIRTUAL-NEUTRAL-SKIN2:33597.6 VIRTUAL-QUIET-NEUTRAL:32978.8 cellular-emergency:33597.6 disp_therm:31794 gnss_tcxo_therm:32974 neutral_therm:32262 quiet_therm:33286 skin_therm1:33397 skin_therm2:36714
11-14 14:26:26.222 1655 1677 I pixel-thermal: VIRTUAL-SKIN-CPU:33.5976 raw data: VIRTUAL-NEUTRAL:33252.4 VIRTUAL-NEUTRAL-SKIN2:33597.6 VIRTUAL-QUIET-NEUTRAL:32978.8 VIRTUAL-SKIN-CPU:33597.6
11-14 14:26:26.222 1655 1677 I pixel-thermal: VIRTUAL-SKIN:33.5976 raw data: VIRTUAL-NEUTRAL:33252.4 VIRTUAL-NEUTRAL-SKIN2:33597.6 VIRTUAL-QUIET-NEUTRAL:32978.8 VIRTUAL-SKIN:33597.6
11-14 14:26:26.222 1655 1677 I pixel-thermal: VIRTUAL-SKIN-CHARGE:33.5976 raw data: VIRTUAL-NEUTRAL:33252.4 VIRTUAL-NEUTRAL-SKIN2:33597.6 VIRTUAL-QUIET-NEUTRAL:32978.8 VIRTUAL-SKIN-CHARGE:33597.6
11-14 14:26:26.222 1655 1677 I pixel-thermal: VIRTUAL-SKIN-CPU-GPU:33.5976 raw data: VIRTUAL-NEUTRAL:33252.4 VIRTUAL-NEUTRAL-SKIN2:33597.6 VIRTUAL-QUIET-NEUTRAL:32978.8 VIRTUAL-SKIN-CPU-GPU:33597.6
11-14 14:26:26.223 1655 1677 I pixel-thermal: VIRTUAL-SKIN-HINT:33.5976 raw data: VIRTUAL-NEUTRAL:33252.4 VIRTUAL-NEUTRAL-SKIN2:33597.6 VIRTUAL-QUIET-NEUTRAL:32978.8 VIRTUAL-SKIN-HINT:33597.6
11-14 14:26:27.094 1472 1807 D ActivityManager: freezing 6189 com.google.android.gms
11-14 14:26:29.321 1472 1697 D ActivityManager: sync unfroze 19704 com.google.android.apps.turbo
11-14 14:26:29.324 1942 1942 D DLObserver: onReceive(); android.intent.action.BATTERY_CHANGED
11-14 14:26:29.324 1942 1942 D DLObserver: plugged=2
11-14 14:26:29.326 1472 1697 D ActivityManager: sync unfroze 30461 com.android.settings
11-14 14:26:29.331 1942 1942 D PowerNotificationWarningsGoogleImpl: onReceive: android.intent.action.BATTERY_CHANGED
11-14 14:26:29.331 1942 1942 D BatteryDefenderNotification: isPlugged: true | isOverheated: false | defenderEnabled: false | isCharged: false | isPluggedInDock: false
11-14 14:26:29.331 1942 1942 D IncompatibleChargerNotification: dispatchIntent: android.intent.action.BATTERY_CHANGED
11-14 14:26:29.332 30461 30461 D BatteryUsageBroadcastReceiver: onReceive:android.intent.action.BATTERY_LEVEL_CHANGED
11-14 14:26:29.348 1942 3359 D PowerUI : can't show warning due to - plugged: true status unknown: false
11-14 14:26:29.363 1942 1942 D DLObserver: onReceive(); android.intent.action.BATTERY_CHANGED
11-14 14:26:29.363 1942 1942 D DLObserver: plugged=2
11-14 14:26:29.364 1942 1981 D BatteryInfoBroadcast: onReceive: android.intent.action.BATTERY_CHANGED, saverMode: false, remainingTime: 391324153
11-14 14:26:29.367 1942 3397 D PowerUI : can't show warning due to - plugged: true status unknown: false
11-14 14:26:29.368 1942 1942 D PowerNotificationWarningsGoogleImpl: onReceive: android.intent.action.BATTERY_CHANGED
11-14 14:26:29.368 1942 1942 D BatteryDefenderNotification: isPlugged: true | isOverheated: false | defenderEnabled: false | isCharged: false | isPluggedInDock: false
11-14 14:26:29.368 1942 1942 D IncompatibleChargerNotification: dispatchIntent: android.intent.action.BATTERY_CHANGED
11-14 14:26:29.371 1472 4801 D ActivityManager: sync unfroze 8423 com.google.android.turboadapter
11-14 14:26:30.016 7183 7183 I trusty_metricsd: starting trusty_metricsd
11-14 14:26:30.016 7183 7183 I trusty_metricsd: trusty dev: /dev/trusty-ipc-dev0
11-14 14:26:30.021 7183 7183 E libtrusty: tipc_connect: can't connect to tipc service "com.android.trusty.metrics" (err=107)
11-14 14:26:30.021 7183 7183 E trusty_metricsd: failed to open TrustyMetricsPixel: failed to connect to Trusty metrics TA: Transport endpoint is not connected
11-14 14:26:30.021 7183 7183 E trusty_metricsd: failed to open Trusty metrics client
11-14 14:26:30.052 7184 7184 I flags_health_check: ServerConfigurableFlagsReset reset_mode value: 1
11-14 14:26:30.053 7184 7184 I flags_health_check: ServerConfigurableFlagsReset updatable crashing detected, resetting flags.
11-14 14:26:30.867 936 2866 I WifiHAL : Creating message to get link statistics; iface = 47
11-14 14:26:30.983 936 2866 I WifiHAL : In GetLinkStatsCommand::handleResponse
11-14 14:26:30.987 936 2866 E IPCThreadState: binder thread pool (1 threads) starved for 120 ms
11-14 14:26:31.028 1472 1871 D ConnectivityService: NetReassign [no changes] [c 0] [a 1] [i 3]
11-14 14:26:32.019 1472 4940 D ActivityManager: sync unfroze 6189 com.google.android.gms
11-14 14:26:32.024 6189 6189 D BoundBrokerSvc: onBind: Intent { act=com.google.android.gms.safetynet.service.START pkg=com.google.android.gms }
11-14 14:26:32.024 6189 6189 D BoundBrokerSvc: Loading bound service for intent: Intent { act=com.google.android.gms.safetynet.service.START pkg=com.google.android.gms }
11-14 14:26:33.232 1655 1677 I pixel-thermal: neutral_therm:32.306 raw data: neutral_therm:32306
11-14 14:26:33.238 1655 1677 I pixel-thermal: cellular-emergency:33.635 raw data: VIRTUAL-NEUTRAL:33284.5 VIRTUAL-NEUTRAL-SKIN2:33635 VIRTUAL-QUIET-NEUTRAL:33007.4 cellular-emergency:33635 disp_therm:31794 gnss_tcxo_therm:32974 neutral_therm:32306 quiet_therm:33308 skin_therm1:33464 skin_therm2:36736
11-14 14:26:33.238 1655 1677 I pixel-thermal: VIRTUAL-SKIN-CPU:33.635 raw data: VIRTUAL-NEUTRAL:33284.5 VIRTUAL-NEUTRAL-SKIN2:33635 VIRTUAL-QUIET-NEUTRAL:33007.4 VIRTUAL-SKIN-CPU:33635
11-14 14:26:33.238 1655 1677 I pixel-thermal: VIRTUAL-SKIN:33.635 raw data: VIRTUAL-NEUTRAL:33284.5 VIRTUAL-NEUTRAL-SKIN2:33635 VIRTUAL-QUIET-NEUTRAL:33007.4 VIRTUAL-SKIN:33635
11-14 14:26:33.238 1655 1677 I pixel-thermal: VIRTUAL-SKIN-CHARGE:33.635 raw data: VIRTUAL-NEUTRAL:33284.5 VIRTUAL-NEUTRAL-SKIN2:33635 VIRTUAL-QUIET-NEUTRAL:33007.4 VIRTUAL-SKIN-CHARGE:33635
11-14 14:26:33.238 1655 1677 I pixel-thermal: VIRTUAL-SKIN-CPU-GPU:33.635 raw data: VIRTUAL-NEUTRAL:33284.5 VIRTUAL-NEUTRAL-SKIN2:33635 VIRTUAL-QUIET-NEUTRAL:33007.4 VIRTUAL-SKIN-CPU-GPU:33635
