11-14 14:14:59.405 1472 1840 D LocaleManagerService: getApplicationLocales: application config not found for org.qtproject.example.contactlistexample and user id 0
11-14 14:14:59.406 1472 1840 D SystemAppUpdateTracker: isUpdatedSystemApp: Package not found org.qtproject.example.contactlistexample
11-14 14:14:59.413 1472 2549 D CompatibilityChangeReporter: Compat change id reported: 135634846; UID 10155; state: DISABLED
11-14 14:14:59.413 1472 2549 D CompatibilityChangeReporter: Compat change id reported: 177438394; UID 10155; state: DISABLED
11-14 14:14:59.414 1472 2549 D CompatibilityChangeReporter: Compat change id reported: 135772972; UID 10155; state: DISABLED
11-14 14:14:59.414 1472 2549 D CompatibilityChangeReporter: Compat change id reported: 135754954; UID 10155; state: ENABLED
11-14 14:14:59.415 1472 1698 D CompatibilityChangeReporter: Compat change id reported: 143937733; UID 10155; state: ENABLED
11-14 14:14:59.418 1472 1472 I Telecom : CarModeTracker: Package org.qtproject.example.contactlistexample is not tracked.: SSH.oR@P4Y
11-14 14:14:59.418 1472 1472 I Telecom : InCallController: updateCarModeForConnections: car mode apps: : SSH.oR@P4Y
11-14 14:14:59.434 1472 1472 D CompatibilityChangeReporter: Compat change id reported: 218533173; UID 10277; state: ENABLED
11-14 14:14:59.434 1472 1472 D CompatibilityChangeReporter: Compat change id reported: 171306433; UID 10277; state: ENABLED
11-14 14:14:59.434 1472 1472 W AlarmManager: Package org.qtproject.example.contactlistexample, uid 10277 lost permission to set exact alarms!
11-14 14:14:59.452 1472 1698 I ActivityManager: Start proc 5451:com.google.android.euicc/u0a155 for service {com.google.android.euicc/com.android.euicc.service.EuiccServiceImpl}
11-14 14:14:59.452 1472 1721 D PackageInstallerSession: Marking session 313635068 as applied
11-14 14:14:59.472 1472 1808 D ActivityManager: sync unfroze 2098 com.google.android.permissioncontroller
11-14 14:14:59.473 1472 4785 D CompatibilityChangeReporter: Compat change id reported: 168419799; UID 10155; state: DISABLED
11-14 14:14:59.474 1472 4785 D CompatibilityChangeReporter: Compat change id reported: 273564678; UID 10155; state: DISABLED
11-14 14:14:59.476 1472 1797 D CompatibilityChangeReporter: Compat change id reported: 265195908; UID 10155; state: ENABLED
11-14 14:14:59.480 1472 4785 D CompatibilityChangeReporter: Compat change id reported: 170503758; UID 10155; state: ENABLED
11-14 14:14:59.483 1472 1472 V BackupManagerConstants: getFullBackupIntervalMilliseconds(...) returns 86400000
11-14 14:14:59.483 1472 1472 V BackupManagerConstants: getFullBackupRequiredNetworkType(...) returns 2
11-14 14:14:59.484 1472 1472 V BackupManagerConstants: getFullBackupRequireCharging(...) returns true
11-14 14:14:59.505 1472 1696 W WindowMagnificationMgr: requestConnection duplicated request: connect=false, mConnectionState=DISCONNECTED
11-14 14:14:59.511 1472 1696 W WindowMagnificationMgr: requestConnection duplicated request: connect=false, mConnectionState=DISCONNECTED
11-14 14:14:59.608 1472 4959 D CompatibilityChangeReporter: Compat change id reported: 261072174; UID 10155; state: DISABLED
11-14 14:14:59.638 1472 4959 I ActivityManager: Flag disabled. Ignoring finishAttachApplication from uid: 10155. pid: 5451
11-14 14:14:59.642 1472 4940 D CompatibilityChangeReporter: Compat change id reported: 161145287; UID 10155; state: DISABLED
11-14 14:14:59.649 1472 4940 D CompatibilityChangeReporter: Compat change id reported: 202110963; UID 10155; state: ENABLED
11-14 14:14:59.794 1472 4940 I ActivityManager: Force stopping org.qtproject.example.contactlistexample appid=10277 user=0: from pid 5496
11-14 14:14:59.798 1472 4940 I AppsFilter: interaction: PackageSetting{90d1ed3 org.qtproject.example.qmlchart/10248} -> PackageSetting{ed0497d org.qtproject.example.contactlistexample/10277} BLOCKED
11-14 14:14:59.798 1472 4940 I AppsFilter: interaction: PackageSetting{64ea909 org.qtproject.example.vulkanunderqml/10267} -> PackageSetting{ed0497d org.qtproject.example.contactlistexample/10277} BLOCKED
11-14 14:14:59.798 1472 4940 I AppsFilter: interaction: PackageSetting{cf4e70e com.qt.finweather/10286} -> PackageSetting{ed0497d org.qtproject.example.contactlistexample/10277} BLOCKED
11-14 14:14:59.798 1472 4940 I AppsFilter: interaction: PackageSetting{580d52f org.qtproject.example.appQTBUG_38700_example/10269} -> PackageSetting{ed0497d org.qtproject.example.contactlistexample/10277} BLOCKED
11-14 14:14:59.798 1472 4940 I AppsFilter: interaction: PackageSetting{a29473c org.qtproject.example.minimal_qml/10262} -> PackageSetting{ed0497d org.qtproject.example.contactlistexample/10277} BLOCKED
11-14 14:14:59.798 1472 4940 I AppsFilter: interaction: PackageSetting{bafccc5 org.qtproject.example.qmloscilloscope/10255} -> PackageSetting{ed0497d org.qtproject.example.contactlistexample/10277} BLOCKED
11-14 14:14:59.798 1472 4940 I AppsFilter: interaction: PackageSetting{f9c661a org.qtproject.example.calqlatrexample/10266} -> PackageSetting{ed0497d org.qtproject.example.contactlistexample/10277} BLOCKED
11-14 14:14:59.798 1472 4940 I AppsFilter: interaction: PackageSetting{ecf954b org.qtproject.example.appqt66beta1androidquickexample/10256} -> PackageSetting{ed0497d org.qtproject.example.contactlistexample/10277} BLOCKED
11-14 14:14:59.798 1472 4940 I AppsFilter: interaction: PackageSetting{e19b28 org.qtproject.example.coffee/10279} -> PackageSetting{ed0497d org.qtproject.example.contactlistexample/10277} BLOCKED
11-14 14:14:59.798 1472 4940 I AppsFilter: interaction: PackageSetting{6457041 org.qtproject.example.contactlist/10252} -> PackageSetting{ed0497d org.qtproject.example.contactlistexample/10277} BLOCKED
11-14 14:14:59.798 1472 4940 I AppsFilter: interaction: PackageSetting{70ac9e6 org.qtproject.example.appmuu/10287} -> PackageSetting{ed0497d org.qtproject.example.contactlistexample/10277} BLOCKED
11-14 14:14:59.798 1472 4940 I AppsFilter: interaction: PackageSetting{7003b27 org.qtproject.example.qtbug98766_compat/10289} -> PackageSetting{ed0497d org.qtproject.example.contactlistexample/10277} BLOCKED
11-14 14:14:59.798 1472 4940 I AppsFilter: interaction: PackageSetting{44941d4 org.qtproject.example.galleryexample/10265} -> PackageSetting{ed0497d org.qtproject.example.contactlistexample/10277} BLOCKED
11-14 14:14:59.798 1472 4940 I AppsFilter: interaction: PackageSetting{337cf7d org.qtproject.example.objectlistmodelexample/10263} -> PackageSetting{ed0497d org.qtproject.example.contactlistexample/10277} BLOCKED
11-14 14:14:59.798 1472 4940 I AppsFilter: interaction: PackageSetting{7a99e72 org.qtproject.example.testFont/10270} -> PackageSetting{ed0497d org.qtproject.example.contactlistexample/10277} BLOCKED
11-14 14:14:59.798 1472 4940 I AppsFilter: interaction: PackageSetting{fab62c3 org.qtproject.example.widgetdeom/10259} -> PackageSetting{ed0497d org.qtproject.example.contactlistexample/10277} BLOCKED
11-14 14:14:59.798 1472 4940 I AppsFilter: interaction: PackageSetting{9e2a740 org.qtproject.example.declarative_camera/10253} -> PackageSetting{ed0497d org.qtproject.example.contactlistexample/10277} BLOCKED
11-14 14:14:59.798 1472 4940 I AppsFilter: interaction: PackageSetting{ff6e679 com.test.ouluweather/10268} -> PackageSetting{ed0497d org.qtproject.example.contactlistexample/10277} BLOCKED
11-14 14:14:59.798 1472 4940 I AppsFilter: interaction: PackageSetting{ef2fbe com.google.android.microdroid.empty_payload/10246} -> PackageSetting{ed0497d org.qtproject.example.contactlistexample/10277} BLOCKED
11-14 14:14:59.798 1472 4940 I AppsFilter: interaction: PackageSetting{157681f org.qtproject.example.calendarwidget/10278} -> PackageSetting{ed0497d org.qtproject.example.contactlistexample/10277} BLOCKED
11-14 14:14:59.798 1472 4940 I AppsFilter: interaction: PackageSetting{aeaf76c org.qtproject.example.QTBUG97503/10284} -> PackageSetting{ed0497d org.qtproject.example.contactlistexample/10277} BLOCKED
11-14 14:14:59.798 1472 4940 I AppsFilter: interaction: PackageSetting{6f67135 org.qtproject.example.unicode_bug/10280} -> PackageSetting{ed0497d org.qtproject.example.contactlistexample/10277} BLOCKED
11-14 14:14:59.799 1472 4940 I AppsFilter: interaction: PackageSetting{16a89ca com.example.qtbug/10276} -> PackageSetting{ed0497d org.qtproject.example.contactlistexample/10277} BLOCKED
11-14 14:14:59.799 1472 4940 I AppsFilter: interaction: PackageSetting{c94673b org.qtproject.example.implicit_height/10275} -> PackageSetting{ed0497d org.qtproject.example.contactlistexample/10277} BLOCKED
11-14 14:14:59.799 1472 4940 I AppsFilter: interaction: PackageSetting{5461e58 org.qtproject.example.simplemqttclient/10254} -> PackageSetting{ed0497d org.qtproject.example.contactlistexample/10277} BLOCKED
11-14 14:14:59.799 1472 4940 I AppsFilter: interaction: PackageSetting{c29ebb1 org.qtproject.example.qtbug90324/10271} -> PackageSetting{ed0497d org.qtproject.example.contactlistexample/10277} BLOCKED
11-14 14:14:59.799 1472 4940 I AppsFilter: interaction: PackageSetting{f8f7896 org.qtproject.example.qtbug87334/10247} -> PackageSetting{ed0497d org.qtproject.example.contactlistexample/10277} BLOCKED
11-14 14:14:59.799 1472 4940 I AppsFilter: interaction: PackageSetting{d83c17 org.qtproject.example.qtbug40728/10273} -> PackageSetting{ed0497d org.qtproject.example.contactlistexample/10277} BLOCKED
11-14 14:14:59.799 1472 4940 I AppsFilter: interaction: PackageSetting{f2ac804 org.qtproject.example.Android_keyboard_cover/10283} -> PackageSetting{ed0497d org.qtproject.example.contactlistexample/10277} BLOCKED
11-14 14:14:59.799 1472 4940 I AppsFilter: interaction: PackageSetting{54091ed org.qtproject.example.appqtbug98776_for_qtbug114437/10281} -> PackageSetting{ed0497d org.qtproject.example.contactlistexample/10277} BLOCKED
11-14 14:14:59.799 1472 4940 I AppsFilter: interaction: PackageSetting{3428822 org.qtproject.example/10282} -> PackageSetting{ed0497d org.qtproject.example.contactlistexample/10277} BLOCKED
11-14 14:14:59.799 1472 4940 I AppsFilter: interaction: PackageSetting{51a82b3 org.qtproject.example.textfinder/10272} -> PackageSetting{ed0497d org.qtproject.example.contactlistexample/10277} BLOCKED
11-14 14:14:59.799 1472 4940 I AppsFilter: interaction: PackageSetting{98e6070 org.qtproject.example.openglunderqml/10251} -> PackageSetting{ed0497d org.qtproject.example.contactlistexample/10277} BLOCKED
11-14 14:14:59.799 1472 4940 I AppsFilter: interaction: PackageSetting{9a15fe9 org.qtproject.example.texteditor/10285} -> PackageSetting{ed0497d org.qtproject.example.contactlistexample/10277} BLOCKED
11-14 14:14:59.799 1472 4940 I AppsFilter: interaction: PackageSetting{c25046e org.qtproject.example.hellocube/10258} -> PackageSetting{ed0497d org.qtproject.example.contactlistexample/10277} BLOCKED
11-14 14:14:59.799 1472 4940 I AppsFilter: interaction: PackageSetting{e30970f org.qtproject.example.texteditorexample/10290} -> PackageSetting{ed0497d org.qtproject.example.contactlistexample/10277} BLOCKED
11-14 14:14:59.799 1472 4940 I AppsFilter: interaction: PackageSetting{62711a5 org.qtproject.example.highdpi/10288} -> PackageSetting{ed0497d org.qtproject.example.contactlistexample/10277} BLOCKED
11-14 14:14:59.799 1472 4940 I AppsFilter: interaction: PackageSetting{a0f97a org.qtproject.example.deleteme/10291} -> PackageSetting{ed0497d org.qtproject.example.contactlistexample/10277} BLOCKED
11-14 14:14:59.799 1472 4940 I AppsFilter: interaction: PackageSetting{ee9952b org.qtproject.example.quickspeech/10274} -> PackageSetting{ed0497d org.qtproject.example.contactlistexample/10277} BLOCKED
11-14 14:14:59.872 1472 4940 D ActivityManager: sync unfroze 12154 com.google.android.apps.wellbeing
11-14 14:14:59.935 1472 4940 D CompatibilityChangeReporter: Compat change id reported: 265464455; UID 10277; state: DISABLED
11-14 14:14:59.935 1472 4940 D CompatibilityChangeReporter: Compat change id reported: 265452344; UID 10277; state: DISABLED
11-14 14:14:59.935 1472 4940 D CompatibilityChangeReporter: Compat change id reported: 266124927; UID 10277; state: DISABLED
11-14 14:14:59.935 1472 4940 D CompatibilityChangeReporter: Compat change id reported: 265451093; UID 10277; state: DISABLED
11-14 14:14:59.935 1472 4940 D CompatibilityChangeReporter: Compat change id reported: 265456536; UID 10277; state: DISABLED
11-14 14:14:59.935 1472 4940 D CompatibilityChangeReporter: Compat change id reported: 255940284; UID 10277; state: DISABLED
11-14 14:14:59.935 1472 4940 D CompatibilityChangeReporter: Compat change id reported: 236283604; UID 10277; state: DISABLED
11-14 14:14:59.935 1472 4940 D CompatibilityChangeReporter: Compat change id reported: 263959004; UID 10277; state: DISABLED
11-14 14:14:59.935 1472 4940 D CompatibilityChangeReporter: Compat change id reported: 264304459; UID 10277; state: DISABLED
11-14 14:14:59.935 1472 4940 D CompatibilityChangeReporter: Compat change id reported: 264301586; UID 10277; state: DISABLED
11-14 14:14:59.936 1472 4940 D CompatibilityChangeReporter: Compat change id reported: 254631730; UID 10277; state: DISABLED
11-14 14:14:59.936 1472 4940 D CompatibilityChangeReporter: Compat change id reported: 273509367; UID 10277; state: DISABLED
11-14 14:14:59.936 1472 4940 D CompatibilityChangeReporter: Compat change id reported: 263259275; UID 10277; state: DISABLED
11-14 14:14:59.938 1472 4940 D CompatibilityChangeReporter: Compat change id reported: 194480991; UID 10277; state: ENABLED
11-14 14:14:59.940 1472 4940 D CompatibilityChangeReporter: Compat change id reported: 174042980; UID 10277; state: DISABLED
11-14 14:14:59.944 1472 4940 D CompatibilityChangeReporter: Compat change id reported: 184838306; UID 10277; state: DISABLED
11-14 14:14:59.944 1472 4940 D CompatibilityChangeReporter: Compat change id reported: 185004937; UID 10277; state: DISABLED
11-14 14:14:59.944 1472 4940 D CompatibilityChangeReporter: Compat change id reported: 181136395; UID 10277; state: DISABLED
11-14 14:14:59.944 1472 4940 D CompatibilityChangeReporter: Compat change id reported: 174042936; UID 10277; state: DISABLED
11-14 14:14:59.946 1472 4940 D CompatibilityChangeReporter: Compat change id reported: 197654537; UID 10277; state: ENABLED
11-14 14:14:59.947 1472 4940 D CompatibilityChangeReporter: Compat change id reported: 205907456; UID 10277; state: ENABLED
11-14 14:14:59.948 1472 4940 I ActivityTaskManager: START u0 {flg=0x10000000 cmp=org.qtproject.example.contactlistexample/org.qtproject.qt.android.bindings.QtActivity} with LAUNCH_SINGLE_TOP from uid 2000 (BAL_ALLOW_PERMISSION) result code=0
11-14 14:14:59.949 1942 1966 V WindowManagerShell: Transition requested: android.os.BinderProxy@196289e TransitionRequestInfo { type = OPEN, triggerTask = TaskInfo{userId=0 taskId=407 displayId=0 isRunning=true baseIntent=Intent { flg=0x10000000 cmp=org.qtproject.example.contactlistexample/org.qtproject.qt.android.bindings.QtActivity } baseActivity=ComponentInfo{org.qtproject.example.contactlistexample/org.qtproject.qt.android.bindings.QtActivity} topActivity=ComponentInfo{org.qtproject.example.contactlistexample/org.qtproject.qt.android.bindings.QtActivity} origActivity=null realActivity=ComponentInfo{org.qtproject.example.contactlistexample/org.qtproject.qt.android.bindings.QtActivity} numActivities=1 lastActiveTime=1881650359 supportsMultiWindow=true resizeMode=1 isResizeable=true minWidth=-1 minHeight=-1 defaultMinSize=220 token=WCT{android.window.IWindowContainerToken$Stub$Proxy@5839f7f} topActivityType=1 pictureInPictureParams=null shouldDockBigOverlays=false launchIntoPipHostTaskId=-1 lastParentTaskIdBeforePip=-1 displayCutoutSafeInsets=Rect(0, 132 - 0, 0) topActivityInfo=ActivityInfo{eddcb4c org.qtproject.qt.android.bindings.QtActivity} launchCookies=[] positionInParent=Point(0, 0) parentTaskId=-1 isFocused=false isVisible=false isSleeping=false topActivityInSizeCompat=false topActivityEligibleForLetterboxEducation= false topActivityLetterboxed= false isFromDoubleTap= false topActivityLetterboxVerticalPosition= -1 topActivityLetterboxHorizontalPosition= -1 topActivityLetterboxWidth=-1 topActivityLetterboxHeight=-1 locusId=null displayAreaFeatureId=1 cameraCompatControlState=hidden}, remoteTransition = null, displayChange = null }
11-14 14:14:59.949 1942 1966 E RecentsTransitionHandler: RecentsTransitionHandler.handleRequest: Unexpected transition request
11-14 14:14:59.950 1472 1688 D CompatibilityChangeReporter: Compat change id reported: 135634846; UID 10277; state: DISABLED
11-14 14:14:59.950 1472 1688 D CompatibilityChangeReporter: Compat change id reported: 177438394; UID 10277; state: DISABLED
11-14 14:14:59.950 1472 1688 D CompatibilityChangeReporter: Compat change id reported: 135772972; UID 10277; state: DISABLED
11-14 14:14:59.950 1472 1688 D CompatibilityChangeReporter: Compat change id reported: 135754954; UID 10277; state: ENABLED
11-14 14:14:59.950 1472 1698 D CompatibilityChangeReporter: Compat change id reported: 143937733; UID 10277; state: ENABLED
11-14 14:14:59.958 1472 1797 D CompatibilityChangeReporter: Compat change id reported: 265195908; UID 10277; state: ENABLED
11-14 14:14:59.966 1472 1698 I ActivityManager: Start proc 5533:org.qtproject.example.contactlistexample/u0a277 for next-top-activity {org.qtproject.example.contactlistexample/org.qtproject.qt.android.bindings.QtActivity}
11-14 14:14:59.970 1472 4959 D CoreBackPreview: Window{93adeb6 u0 Splash Screen org.qtproject.example.contactlistexample}: Setting back callback OnBackInvokedCallbackInfo{mCallback=android.window.IOnBackInvokedCallback$Stub$Proxy@ce19a87, mPriority=0}
11-14 14:14:59.978 1942 1966 V WindowManagerShell: onTransitionReady android.os.BinderProxy@196289e: {id=215 t=OPEN f=0x0 r=[0@Point(0, 0)] c=[{WCT{android.window.IWindowContainerToken$Stub$Proxy@f20ab9d} m=OPEN f=NONE leash=Surface(name=Task=407)/@0xda11812 sb=Rect(0, 0 - 1080, 2400) eb=Rect(0, 0 - 1080, 2400) d=0},{WCT{android.window.IWindowContainerToken$Stub$Proxy@2d8ebe3} m=HIDE f=SHOW_WALLPAPER|TRANSLUCENT leash=Surface(name=Task=1)/@0x2cdc9e0 sb=Rect(0, 0 - 1080, 2400) eb=Rect(0, 0 - 1080, 2400) d=0}]}
11-14 14:14:59.978 1942 1966 V WindowManagerShell: Playing animation for (#215)android.os.BinderProxy@196289e
11-14 14:14:59.978 1942 1966 V WindowManagerShell: try handler com.android.wm.shell.transition.DefaultMixedHandler@9baf2d2
11-14 14:14:59.978 1942 1966 V WindowManagerShell: try handler com.android.wm.shell.activityembedding.ActivityEmbeddingController@b018fa3
11-14 14:14:59.978 1942 1966 V WindowManagerShell: try handler com.android.wm.shell.recents.RecentsTransitionHandler@48002a0
11-14 14:14:59.978 1942 1966 V WindowManagerShell: RecentsTransitionHandler.startAnimation: no controller found
11-14 14:14:59.978 1942 1966 V WindowManagerShell: try handler com.android.wm.shell.pip.PipTransition@30e0e59
11-14 14:14:59.978 1942 1966 V WindowManagerShell: try handler com.android.wm.shell.splitscreen.StageCoordinator@7316a1e
11-14 14:14:59.978 1942 1966 V WindowManagerShell: try handler com.android.wm.shell.transition.RemoteTransitionHandler@f9382ff
11-14 14:14:59.978 1942 1966 V WindowManagerShell: Transition doesn't have explicit remote, search filters for match for {id=215 t=OPEN f=0x0 r=[0@Point(0, 0)] c=[{WCT{android.window.IWindowContainerToken$Stub$Proxy@f20ab9d} m=OPEN f=NONE leash=Surface(name=Task=407)/@0xda11812 sb=Rect(0, 0 - 1080, 2400) eb=Rect(0, 0 - 1080, 2400) d=0},{WCT{android.window.IWindowContainerToken$Stub$Proxy@2d8ebe3} m=HIDE f=SHOW_WALLPAPER|TRANSLUCENT leash=Surface(name=Task=1)/@0x2cdc9e0 sb=Rect(0, 0 - 1080, 2400) eb=Rect(0, 0 - 1080, 2400) d=0}]}
11-14 14:14:59.978 1472 1685 V WindowManager: Sent Transition #215 createdAt=11-14 14:14:59.939 via request=TransitionRequestInfo { type = OPEN, triggerTask = TaskInfo{userId=0 taskId=407 displayId=0 isRunning=true baseIntent=Intent { flg=0x10000000 cmp=org.qtproject.example.contactlistexample/org.qtproject.qt.android.bindings.QtActivity } baseActivity=ComponentInfo{org.qtproject.example.contactlistexample/org.qtproject.qt.android.bindings.QtActivity} topActivity=ComponentInfo{org.qtproject.example.contactlistexample/org.qtproject.qt.android.bindings.QtActivity} origActivity=null realActivity=ComponentInfo{org.qtproject.example.contactlistexample/org.qtproject.qt.android.bindings.QtActivity} numActivities=1 lastActiveTime=1881650359 supportsMultiWindow=true resizeMode=1 isResizeable=true minWidth=-1 minHeight=-1 defaultMinSize=220 token=WCT{RemoteToken{edfb405 Task{d1b612e #407 type=standard A=10277:org.qtproject.example.contactlistexample}}} topActivityType=1 pictureInPictureParams=null shouldDockBigOverlays=false launchIntoPipHostTaskId=-1 lastParentTaskIdBeforePip=-1 displayCutoutSafeInsets=Rect(0, 132 - 0, 0) topActivityInfo=ActivityInfo{ef75c5a org.qtproject.qt.android.bindings.QtActivity} launchCookies=[] positionInParent=Point(0, 0) parentTaskId=-1 isFocused=false isVisible=false isSleeping=false topActivityInSizeCompat=false topActivityEligibleForLetterboxEducation= false topActivityLetterboxed= false isFromDoubleTap= false topActivityLetterboxVerticalPosition= -1 topActivityLetterboxHorizontalPosition= -1 topActivityLetterboxWidth=-1 topActivityLetterboxHeight=-1 locusId=null displayAreaFeatureId=1 cameraCompatControlState=hidden}, remoteTransition = null, displayChange = null }
11-14 14:14:59.978 1942 1966 V WindowManagerShell: Checking filter Pair{{types=[] flags=0x0] notFlags=0x100 checks=[{atype=home independent=true modes=[OPEN,SHOW] flags=NONE mustBeTask=false order=TOP topActivity=ComponentInfo{com.google.android.apps.nexuslauncher/com.google.android.apps.nexuslauncher.NexusLauncherActivity}},{atype=standard independent=true modes=[CLOSE,HIDE] flags=NONE mustBeTask=false order=ANY topActivity=null}]} RemoteTransition { remoteTransition = android.window.IRemoteTransition$Stub$Proxy@bf36f0f, appThread = android.app.IApplicationThread$Stub$Proxy@7170b9c, debugName = QuickstepLaunchHome }}
11-14 14:14:59.978 1472 1685 V WindowManager: startWCT=WindowContainerTransaction { changes = {} hops = [] errorCallbackToken=null taskFragmentOrganizer=null }
11-14 14:14:59.978 1942 1966 V WindowManagerShell: Checking filter Pair{{types=[] flags=0x40] notFlags=0x0 checks=[{atype=dream independent=false modes=[OPEN,SHOW] flags=OCCLUDES_KEYGUARD mustBeTask=false order=ANY topActivity=null},{NOT atype=undefined independent=false modes=[CLOSE,HIDE] flags=OCCLUDES_KEYGUARD mustBeTask=false order=ANY topActivity=null}]} RemoteTransition { remoteTransition = com.android.systemui.keyguard.KeyguardService$1@ef4f4b9, appThread = android.app.ActivityThread$ApplicationThread@3f2a8cc, debugName = KeyguardOccludeByDream }}
11-14 14:14:59.978 1942 1966 V WindowManagerShell: Checking filter Pair{{types=[KEYGUARD_UNOCCLUDE] flags=0x0] notFlags=0x0 checks=[]} RemoteTransition { remoteTransition = com.android.systemui.keyguard.KeyguardService$3@7730680, appThread = android.app.ActivityThread$ApplicationThread@3f2a8cc, debugName = KeyguardUnocclude }}
11-14 14:14:59.978 1942 1966 V WindowManagerShell: Checking filter Pair{{types=[KEYGUARD_OCCLUDE] flags=0x0] notFlags=0x0 checks=[]} RemoteTransition { remoteTransition = com.android.systemui.keyguard.KeyguardService$3@650b703, appThread = android.app.ActivityThread$ApplicationThread@3f2a8cc, debugName = KeyguardOcclude }}
11-14 14:14:59.978 1942 1966 V WindowManagerShell: Checking filter Pair{{types=[] flags=0x40] notFlags=0x0 checks=[{NOT atype=undefined independent=false modes=[OPEN,SHOW] flags=OCCLUDES_KEYGUARD mustBeTask=false order=ANY topActivity=null},{atype=undefined independent=false modes=[CLOSE,HIDE] flags=NONE mustBeTask=true order=ANY topActivity=null}]} RemoteTransition { remoteTransition = com.android.systemui.keyguard.KeyguardService$3@7730680, appThread = android.app.ActivityThread$ApplicationThread@3f2a8cc, debugName = KeyguardUnocclude }}
11-14 14:14:59.978 1942 1966 V WindowManagerShell: Checking filter Pair{{types=[] flags=0x40] notFlags=0x0 checks=[{atype=undefined independent=false modes=[OPEN,SHOW] flags=OCCLUDES_KEYGUARD mustBeTask=false order=ANY topActivity=null},{NOT atype=undefined independent=false modes=[CLOSE,HIDE] flags=OCCLUDES_KEYGUARD mustBeTask=false order=ANY topActivity=null}]} RemoteTransition { remoteTransition = com.android.systemui.keyguard.KeyguardService$3@650b703, appThread = android.app.ActivityThread$ApplicationThread@3f2a8cc, debugName = KeyguardOcclude }}
11-14 14:14:59.978 1942 1966 V WindowManagerShell: Checking filter Pair{{types=[] flags=0x100] notFlags=0x0 checks=[]} RemoteTransition { remoteTransition = com.android.systemui.keyguard.KeyguardService$1@d7a9bb2, appThread = android.app.ActivityThread$ApplicationThread@3f2a8cc, debugName = ExitKeyguard }}
11-14 14:14:59.978 1942 1966 V WindowManagerShell: Delegate animation for #215 to null
11-14 14:14:59.978 1942 1966 V WindowManagerShell: try handler com.android.wm.shell.transition.DefaultTransitionHandler@711090e
11-14 14:14:59.978 1472 1685 V WindowManager: info={id=215 t=OPEN f=0x0 r=[0@Point(0, 0)] c=[{WCT{RemoteToken{edfb405 Task{d1b612e #407 type=standard A=10277:org.qtproject.example.contactlistexample}}} m=OPEN f=NONE leash=Surface(name=Task=407)/@0x4129c49 sb=Rect(0, 0 - 1080, 2400) eb=Rect(0, 0 - 1080, 2400) d=0},{WCT{RemoteToken{b4e2d72 Task{d91fcd9 #1 type=home}}} m=HIDE f=SHOW_WALLPAPER|TRANSLUCENT leash=Surface(name=Task=1)/@0x666b647 sb=Rect(0, 0 - 1080, 2400) eb=Rect(0, 0 - 1080, 2400) d=0}]}
11-14 14:14:59.978 1942 1966 V WindowManagerShell: start default transition animation, info = {id=215 t=OPEN f=0x0 r=[0@Point(0, 0)] c=[{WCT{android.window.IWindowContainerToken$Stub$Proxy@f20ab9d} m=OPEN f=NONE leash=Surface(name=Task=407)/@0xda11812 sb=Rect(0, 0 - 1080, 2400) eb=Rect(0, 0 - 1080, 2400) d=0},{WCT{android.window.IWindowContainerToken$Stub$Proxy@2d8ebe3} m=HIDE f=SHOW_WALLPAPER|TRANSLUCENT leash=Surface(name=Task=1)/@0x2cdc9e0 sb=Rect(0, 0 - 1080, 2400) eb=Rect(0, 0 - 1080, 2400) d=0}]}
11-14 14:14:59.978 1942 1966 V WindowManagerShell: loadAnimation: anim=android.view.animation.AnimationSet@574a35e animAttr=0x13 type=OPEN isEntrance=false
11-14 14:14:59.979 1942 1966 V WindowManagerShell: loadAnimation: anim=android.view.animation.AnimationSet@863976a animAttr=0x12 type=OPEN isEntrance=true
11-14 14:14:59.979 1942 1966 V WindowManagerShell: animated by com.android.wm.shell.transition.DefaultTransitionHandler@711090e
11-14 14:15:00.058 1472 1986 D CompatibilityChangeReporter: Compat change id reported: 170503758; UID 10277; state: ENABLED
11-14 14:15:00.101 1472 1986 I ActivityManager: Flag disabled. Ignoring finishAttachApplication from uid: 10277. pid: 5533
11-14 14:15:00.175 1472 4940 D CompatibilityChangeReporter: Compat change id reported: 161252188; UID 10277; state: DISABLED
11-14 14:15:00.221 1472 4946 D CoreBackPreview: Window{71652dc u0 org.qtproject.example.contactlistexample/org.qtproject.qt.android.bindings.QtActivity}: Setting back callback OnBackInvokedCallbackInfo{mCallback=android.window.IOnBackInvokedCallback$Stub$Proxy@611788a, mPriority=0} --------- beginning of main
11-14 14:15:00.233 31668 31668 D BoundBrokerSvc: Loading bound service for intent: Intent { act=com.google.android.gms.feedback.internal.IFeedbackService dat=chimera-action:/... cmp=com.google.android.gms/.chimera.GmsBoundBrokerService }
11-14 14:15:00.235 524 524 I hwservicemanager: getTransport: Cannot find entry android.hardware.graphics.allocator@4.0::IAllocator/default in either framework or device VINTF manifest.
11-14 14:15:00.237 28917 29009 I native : I0000 00:00:1699964100.237889 29009 context-module-impl.cc:806] Update context input. (Proto:MessageLite at 0xb400007134ee8070)
11-14 14:15:00.238 5533 5577 D libEGL : loaded /vendor/lib64/egl/libGLES_mali.so
11-14 14:15:00.239 3536 3606 I Finsky : [54] lef.ahy(65): [ContentSync] finished, scheduled=true
11-14 14:15:00.241 28917 29009 I native : I0000 00:00:1699964100.241100 29009 context-module-impl.cc:813] Update context input for public scope. (Proto:MessageLite at 0xb400007134ee8070)
11-14 14:15:00.241 28917 29009 I hhpi : #backgroundBiasingUpdate succeeded.
11-14 14:15:00.242 28917 28997 I gyfk : Sending speech biasing context update to SODA with locale [en-US]. SessionToken: TNG:MA-SBCP@27867e117313c57a; RequestId: 27; SpeakerId: 0
11-14 14:15:00.242 28917 29014 I hhpi : #getSodaAsrUpdateRequest inserting app domain: DEFAULT_ONESHOT
11-14 14:15:00.245 28917 29007 I hhnb : #checkAsrCompatibility inside sequencer
11-14 14:15:00.245 28917 29007 I hhnb : #checkAsrCompatibility initializing Soda. Locale: en-US. Expected LP version: 7025
11-14 14:15:00.245 28917 29007 I hhnb : Soda cache directory: /data/user/0/com.google.android.googlequicksearchbox/files/accounts/1/soda/
11-14 14:15:00.246 28917 29007 I hhnb : Hotmatch disabled: flag not enabled
11-14 14:15:00.246 28917 29007 I hihm : SODA instance exists and matches params. Updating callbacks and returning preloaded instance.
11-14 14:15:00.246 28917 29007 I hhnb : #checkAsrCompatibility successful!
11-14 14:15:00.248 1472 1685 W ziparchive: Unable to open '/data/app/~~yCoD-ICmKUQ37UBUbkQn_g==/org.qtproject.example.contactlistexample-amadqofmvoo10bbbB_r15w==/base.dm': No such file or directory
11-14 14:15:00.249 1472 1685 I ActivityTaskManager: Displayed org.qtproject.example.contactlistexample/org.qtproject.qt.android.bindings.QtActivity for user 0: +313ms
11-14 14:15:00.254 28917 29001 I hhpi : Compatcheck success for background update.
11-14 14:15:00.254 28917 29001 I hhnb : #backgroundUpdate
11-14 14:15:00.254 28917 29001 I hhnb : #backgroundUpdate inside sequencer
11-14 14:15:00.256 28917 29001 I hhnb : #backgroundUpdate using the existing ASR soda instance.
11-14 14:15:00.258 28917 29001 I native : I0000 00:00:1699964100.258186 29001 context-module-impl.cc:806] Update context input. (Proto:MessageLite at 0xb400007134ee3570)
11-14 14:15:00.258 1472 4959 D CompatibilityChangeReporter: Compat change id reported: 214016041; UID 10277; state: ENABLED
11-14 14:15:00.258 1472 4959 I ImeTracker: org.qtproject.example.contactlistexample:51dcf317: onRequestHide at ORIGIN_SERVER_HIDE_INPUT reason HIDE_UNSPECIFIED_WINDOW
11-14 14:15:00.258 1472 4959 I ImeTracker: org.qtproject.example.contactlistexample:51dcf317: onCancelled at PHASE_SERVER_SHOULD_HIDE
11-14 14:15:00.261 3655 3655 I GoogleInputMethodService: GoogleInputMethodService.onFinishInput():3154
11-14 14:15:00.261 3655 3655 I GoogleInputMethodService: GoogleInputMethodService.updateDeviceLockedStatus():2088 repeatCheckTimes = 0, locked = false
11-14 14:15:00.261 3655 3655 I GoogleInputMethodService: GoogleInputMethodService.onStartInput():1883 onStartInput(EditorInfo{EditorInfo{packageName=org.qtproject.example.contactlistexample, inputType=0, inputTypeString=NULL, enableLearning=false, autoCorrection=false, autoComplete=false, imeOptions=0, privateImeOptions=null, actionName=UNSPECIFIED, actionLabel=null, initialSelStart=-1, initialSelEnd=-1, initialCapsMode=0, label=null, fieldId=0, fieldName=null, extras=null, hintText=null, hintLocales=[]}}, false)
11-14 14:15:00.262 3655 3655 I GoogleInputMethodService: GoogleInputMethodService.updateDeviceLockedStatus():2088 repeatCheckTimes = 1, locked = false
11-14 14:15:00.262 3536 3606 I Finsky : [54] zjm.apply(81): SCH: Scheduling 1 system job(s)
11-14 14:15:00.263 28917 29001 I native : I0000 00:00:1699964100.263209 29001 context-module-impl.cc:813] Update context input for public scope. (Proto:MessageLite at 0xb400007134ee3570)
11-14 14:15:00.263 28917 29001 I hhpi : #backgroundBiasingUpdate succeeded.
11-14 14:15:00.263 3536 3606 I Finsky : [54] aahf.d(263): SCH: Scheduling system job Id: 9599, L: 14632, D: 45576053, C: false, I: false, N: 1
11-14 14:15:00.264 28917 28997 I gyfk : Sending speech biasing context update to SODA with locale [en-US]. SessionToken: TNG:MA-SBCP@27867e117313c57a; RequestId: 28; SpeakerId: 0
11-14 14:15:00.264 28917 28997 I hhpi : #getSodaAsrUpdateRequest inserting app domain: DEFAULT_ONESHOT
11-14 14:15:00.264 28917 29009 I hhnb : #checkAsrCompatibility inside sequencer
11-14 14:15:00.264 28917 29009 I hhnb : #checkAsrCompatibility initializing Soda. Locale: en-US. Expected LP version: 7025
11-14 14:15:00.264 28917 29009 I hhnb : Soda cache directory: /data/user/0/com.google.android.googlequicksearchbox/files/accounts/1/soda/
11-14 14:15:00.264 28917 29009 I hhnb : Hotmatch disabled: flag not enabled
11-14 14:15:00.265 28917 29009 I hihm : SODA instance exists and matches params. Updating callbacks and returning preloaded instance.
11-14 14:15:00.265 28917 29009 I hhnb : #checkAsrCompatibility successful!
11-14 14:15:00.266 28917 29001 I hhpi : Compatcheck success for background update.
11-14 14:15:00.266 28917 29001 I hhnb : #backgroundUpdate
11-14 14:15:00.266 28917 29001 I hhnb : #backgroundUpdate inside sequencer
11-14 14:15:00.266 28917 29009 I hhnb : #backgroundUpdate using the existing ASR soda instance.
11-14 14:15:00.266 28917 29009 I hhpi : #backgroundBiasingUpdate succeeded.
11-14 14:15:00.266 28917 29012 I gyfk : SODA speech biasing context update for # gizb@61c5bbc9 is complete. SessionToken: TNG:MA-SBCP@27867e117313c57a; RequestId: 27; SpeakerId: 0
11-14 14:15:00.267 28917 29012 I gyeu : Successfully scheduled context update for key: APP_NAMES (436126002) for SessionToken: TNG:MA-SBCP@27867e117313c57a; RequestId: 27; SpeakerId: 0.
11-14 14:15:00.269 28917 29001 I hhnb : #checkAsrCompatibility inside sequencer
11-14 14:15:00.269 28917 29001 I hhnb : #checkAsrCompatibility initializing Soda. Locale: en-US. Expected LP version: 7025
11-14 14:15:00.270 1942 1966 V WindowManagerShell: Transition animation finished (aborted=false), notifying core (#215)android.os.BinderProxy@196289e
11-14 14:15:00.270 28917 29001 I hhnb : Soda cache directory: /data/user/0/com.google.android.googlequicksearchbox/files/accounts/1/soda/
11-14 14:15:00.270 28917 29001 I hhnb : Hotmatch disabled: flag not enabled
11-14 14:15:00.270 28917 29001 I hihm : SODA instance exists and matches params. Updating callbacks and returning preloaded instance.
11-14 14:15:00.271 1472 1685 V WindowManager: Finish Transition #215: created at
11-14 14:14:59.939 collect-started=0.062ms request-sent=9.007ms started=9.738ms ready=36.458ms sent=37.979ms finished=330.974ms
11-14 14:15:00.272 1942 1966 V WindowManagerShell: All active transition animations finished
11-14 14:15:00.272 28917 29001 I hhnb : #checkAsrCompatibility successful!
11-14 14:15:00.273 28917 29008 I hhpi : Compatcheck success for background update.
11-14 14:15:00.273 28917 29008 I hhnb : #backgroundUpdate
11-14 14:15:00.276 28917 29008 I hhnb : #backgroundUpdate inside sequencer
11-14 14:15:00.276 28917 29008 I hhnb : #backgroundUpdate using the existing ASR soda instance.
11-14 14:15:00.277 28917 29008 I hhpi : #backgroundBiasingUpdate succeeded.
11-14 14:15:00.277 28917 29012 I gyfk : SODA speech biasing context update for # gizb@61c5bbc9 is complete. SessionToken: TNG:MA-SBCP@27867e117313c57a; RequestId: 28; SpeakerId: 0
11-14 14:15:00.277 28917 29012 I gyeu : Successfully scheduled context update for key: APP_NAMES (436126002) for SessionToken: TNG:MA-SBCP@27867e117313c57a; RequestId: 28; SpeakerId: 0.
11-14 14:15:00.290 3536 3598 I Finsky : [46] lef.ahy(65): [ContentSync] finished, scheduled=true
11-14 14:15:00.296 28874 28874 I dyow : onStop
11-14 14:15:00.296 2391 4129 D OneSearchSuggestProvider: Shut down the binder channel
11-14 14:15:00.297 2391 9087 I IPCThreadState: oneway function results for code 2 on binder at 0xb400007134267dc0 will be dropped but finished with status UNKNOWN_TRANSACTION
11-14 14:15:00.298 2391 2482 I ImeTracker: com.google.android.apps.nexuslauncher:798b2e5c: onRequestHide at ORIGIN_CLIENT_HIDE_SOFT_INPUT reason HIDE_SOFT_INPUT
11-14 14:15:00.299 1472 4959 W InputMethodManagerService: Ignoring hideSoftInput of uid 10218 : com.android.internal.inputmethod.IInputMethodClient$Stub$Proxy@fc4acac
11-14 14:15:00.299 1472 4959 I ImeTracker: com.google.android.apps.nexuslauncher:798b2e5c: onCancelled at PHASE_SERVER_CLIENT_FOCUSED
11-14 14:15:00.303 31668 31739 I Icing : IndexChimeraService.getServiceInterface callingPackage=com.google.android.gms componentName=AppsCorpus serviceId=36
11-14 14:15:00.328 31668 5161 I Icing : Usage reports ok 2, Failed Usage reports 0, indexed 0, rejected 0
11-14 14:15:00.330 31668 31739 I Icing : IndexChimeraService.getServiceInterface callingPackage=com.google.android.gms componentName=null serviceId=30
11-14 14:15:00.335 31668 5161 I Icing : Usage reports ok 0, Failed Usage reports 0, indexed 0, rejected 0
11-14 14:15:00.335 31668 5161 I Icing : Indexing com.google.android.gms-apps from com.google.android.gms
11-14 14:15:00.342 31668 5161 I Icing : Indexing done com.google.android.gms-apps
11-14 14:15:00.342 31668 5161 I Icing : Indexing com.google.android.gms-apps from com.google.android.gms
11-14 14:15:00.342 31668 5161 I Icing : Indexing done com.google.android.gms-apps
11-14 14:15:00.620 1472 4959 D CoreBackPreview: Window{93adeb6 u0 Splash Screen org.qtproject.example.contactlistexample EXITING}: Setting back callback null
11-14 14:15:00.620 1472 4801 W InputManager-JNI: Input channel object '93adeb6 Splash Screen org.qtproject.example.contactlistexample (client)' was disposed without first being removed with the input manager!
11-14 14:15:00.670 1942 1977 W FrameTracker: Missing HWUI jank callback for vsyncId: 689746, CUJ=J
11-14 14:15:00.670 1942 1977 W FrameTracker: Missing HWUI jank callback for vsyncId: 689836, CUJ=J
11-14 14:15:00.670 1942 1977 W FrameTracker: Missing HWUI jank callback for vsyncId: 689866, CUJ=J
11-14 14:15:00.670 1942 1977 W FrameTracker: Missing HWUI jank callback for vsyncId: 689896, CUJ=J
11-14 14:15:00.670 1942 1977 W FrameTracker: Missing HWUI jank callback for vsyncId: 689926, CUJ=J
11-14 14:15:00.670 1942 1977 W FrameTracker: Missing SF jank callback for vsyncId: 689956, CUJ=J
11-14 14:15:00.903 5533 5631 E qt.core.jni.threadcheck: : JNI Environment mismatch - probably accessing this Java object from the wrong thread!
11-14 14:15:00.904 5533 5631 E qt.core.jni.threadcheck: : JNI threading error when calling object of type "org/qtproject/qt/android/QtActivityDelegate" from thread QSGRenderThread(0xb40000714422a6b0)
11-14 14:15:00.950 3536 3605 E Finsky : [53] ahwt.apply(778): Error occurred in background task PostInstallVerificationTask
11-14 14:15:00.950 3536 3605 E Finsky : com.google.android.finsky.verifier.impl.gramophone.RuleParseException: Failed to parse rule
11-14 14:15:00.950 3536 3605 E Finsky : at agyd.T(PG:123)
11-14 14:15:00.950 3536 3605 E Finsky : at agyd.T(PG:209)
11-14 14:15:00.950 3536 3605 E Finsky : at amrg.(PG:27)
11-14 14:15:00.950 3536 3605 E Finsky : at ahvn.accept(PG:249)
11-14 14:15:00.950 3536 3605 E Finsky : at j$.util.Optional.ifPresent(Unknown Source:4)
11-14 14:15:00.950 3536 3605 E Finsky : at ahvr.(PG:112)
11-14 14:15:00.950 3536 3605 E Finsky : at agtn.apply(PG:202)
11-14 14:15:00.950 3536 3605 E Finsky : at j$.util.stream.s.accept(SourceFile:44)
11-14 14:15:00.950 3536 3605 E Finsky : at j$.util.stream.s.accept(SourceFile:66)
11-14 14:15:00.950 3536 3605 E Finsky : at j$.util.a.forEachRemaining(SourceFile:20)
11-14 14:15:00.950 3536 3605 E Finsky : at j$.util.stream.c.y(SourceFile:21)
11-14 14:15:00.950 3536 3605 E Finsky : at j$.util.stream.G.a(SourceFile:10)
11-14 14:15:00.950 3536 3605 E Finsky : at j$.util.stream.c.K(SourceFile:35)
11-14 14:15:00.950 3536 3605 E Finsky : at j$.util.stream.C1.forEach(SourceFile:10)
11-14 14:15:00.950 3536 3605 E Finsky : at ahpz.a(PG:397)
11-14 14:15:00.950 3536 3605 E Finsky : at aqir.e(PG:3)
11-14 14:15:00.950 3536 3605 E Finsky : at aqit.run(PG:42)
11-14 14:15:00.950 3536 3605 E Finsky : at java.util.concurrent.ThreadPoolExecutor.runWorker(ThreadPoolExecutor.java:1145)
11-14 14:15:00.950 3536 3605 E Finsky : at java.util.concurrent.ThreadPoolExecutor$Worker.run(ThreadPoolExecutor.java:644)
11-14 14:15:00.950 3536 3605 E Finsky : at obt.run(PG:139)
11-14 14:15:00.950 3536 3605 E Finsky : at java.lang.Thread.run(Thread.java:1012)
11-14 14:15:01.054 5533 5533 I ImeTracker: org.qtproject.example.contactlistexample:9973810e: onRequestHide at ORIGIN_CLIENT_HIDE_SOFT_INPUT reason HIDE_SOFT_INPUT
11-14 14:15:01.054 5533 5533 I ImeTracker: org.qtproject.example.contactlistexample:9973810e: onFailed at PHASE_CLIENT_VIEW_SERVED
11-14 14:15:02.943 5637 5637 I trusty_metricsd: starting trusty_metricsd
11-14 14:15:02.944 5637 5637 I trusty_metricsd: trusty dev: /dev/trusty-ipc-dev0
11-14 14:15:02.949 5637 5637 E libtrusty: tipc_connect: can't connect to tipc service "com.android.trusty.metrics" (err=107)
11-14 14:15:02.949 5637 5637 E trusty_metricsd: failed to open TrustyMetricsPixel: failed to connect to Trusty metrics TA: Transport endpoint is not connected
11-14 14:15:02.949 5637 5637 E trusty_metricsd: failed to open Trusty metrics client
11-14 14:15:02.992 5638 5638 I flags_health_check: ServerConfigurableFlagsReset reset_mode value: 1
11-14 14:15:02.992 5638 5638 I flags_health_check: ServerConfigurableFlagsReset updatable crashing detected, resetting flags.
11-14 14:15:03.020 1127 1127 D AOC : A3:MSG: usf_sensor.cc, 1481: USF: Received stop sampling request for LSM6DSR Accelerometer.
11-14 14:15:03.023 1128 1349 I CHRE : @ 1881646.473: [AR] ON => IDLE
11-14 14:15:03.023 1128 1349 I CHRE : @ 1881646.474: [AR] audiofusion:HandleIdleStateChange: state = 1
11-14 14:15:04.247 936 2866 I WifiHAL : Creating message to get link statistics; iface = 47
11-14 14:15:04.328 936 2866 I WifiHAL : In GetLinkStatsCommand::handleResponse
11-14 14:15:04.375 1942 1942 D StatusBarIconController: ignoring old pipeline callback because the new wifi icon is enabled
11-14 14:15:04.378 1472 1871 D ConnectivityService: NetReassign [no changes] [c 1] [a 0] [i 3]
11-14 14:15:05.373 1472 1807 D ActivityManager: freezing 8423 com.google.android.turboadapter
11-14 14:15:05.384 1472 1807 D ActivityManager: freezing 19704 com.google.android.apps.turbo
11-14 14:15:06.630 5451 5644 I EuiccGoogle: [53] EuiccGoogleApplication.getMetricTransmitter$ar$class_merging$ar$class_merging: Primes clearcut transmitter is enabled
11-14 14:15:06.665 5451 5467 V ClearcutMetricXmitter: Transmission is done.
11-14 14:15:06.666 5451 5467 V ClearcutMetricXmitter: Transmission is done.
11-14 14:15:07.297 1942 1942 D DLObserver: onReceive(); android.intent.action.BATTERY_CHANGED
11-14 14:15:07.297 1942 1942 D DLObserver: plugged=2
11-14 14:15:07.303 1942 1942 D PowerNotificationWarningsGoogleImpl: onReceive: android.intent.action.BATTERY_CHANGED
11-14 14:15:07.304 1942 1942 D BatteryDefenderNotification: isPlugged: true | isOverheated: false | defenderEnabled: false | isCharged: false | isPluggedInDock: false
11-14 14:15:07.304 1942 1942 D IncompatibleChargerNotification: dispatchIntent: android.intent.action.BATTERY_CHANGED
11-14 14:15:07.310 1472 4959 D ActivityManager: sync unfroze 19704 com.google.android.apps.turbo
11-14 14:15:07.322 1942 3397 D PowerUI : can't show warning due to - plugged: true status unknown: false
11-14 14:15:07.325 1942 1981 D BatteryInfoBroadcast: onReceive: android.intent.action.BATTERY_CHANGED, saverMode: false, remainingTime: 319741415
11-14 14:15:07.793 1472 1807 D ActivityManager: freezing 25489 android.process.acore
11-14 14:15:07.799 1472 1807 D ActivityManager: freezing 18662 com.google.process.gapps
11-14 14:15:07.954 5653 5653 I trusty_metricsd: starting trusty_metricsd
11-14 14:15:07.955 5653 5653 I trusty_metricsd: trusty dev: /dev/trusty-ipc-dev0
11-14 14:15:07.964 5653 5653 E libtrusty: tipc_connect: can't connect to tipc service "com.android.trusty.metrics" (err=107)
11-14 14:15:07.964 5653 5653 E trusty_metricsd: failed to open TrustyMetricsPixel: failed to connect to Trusty metrics TA: Transport endpoint is not connected
11-14 14:15:07.964 5653 5653 E trusty_metricsd: failed to open Trusty metrics client
11-14 14:15:08.002 5654 5654 I flags_health_check: ServerConfigurableFlagsReset reset_mode value: 1
11-14 14:15:08.002 5654 5654 I flags_health_check: ServerConfigurableFlagsReset updatable crashing detected, resetting flags.
11-14 14:15:10.380 936 2866 I WifiHAL : Creating message to get link statistics; iface = 47
11-14 14:15:10.440 936 2866 I WifiHAL : In GetLinkStatsCommand::handleResponse
11-14 14:15:10.489 1472 1871 D ConnectivityService: NetReassign [no changes] [c 0] [a 1] [i 3]
11-14 14:15:11.448 595 5630 I keystore2: system/security/keystore2/src/watchdog.rs:319 - Watchdog thread idle -> terminating. Have a great day.
11-14 14:15:12.960 5660 5660 I trusty_metricsd: starting trusty_metricsd
11-14 14:15:12.960 5660 5660 I trusty_metricsd: trusty dev: /dev/trusty-ipc-dev0
11-14 14:15:12.964 5660 5660 E libtrusty: tipc_connect: can't connect to tipc service "com.android.trusty.metrics" (err=107)
11-14 14:15:12.964 5660 5660 E trusty_metricsd: failed to open TrustyMetricsPixel: failed to connect to Trusty metrics TA: Transport endpoint is not connected
11-14 14:15:12.964 5660 5660 E trusty_metricsd: failed to open Trusty metrics client
11-14 14:15:13.002 5661 5661 I flags_health_check: ServerConfigurableFlagsReset reset_mode value: 1
11-14 14:15:13.003 5661 5661 I flags_health_check: ServerConfigurableFlagsReset updatable crashing detected, resetting flags.
11-14 14:15:14.887 2098 2109 W System : A resource failed to call close.
11-14 14:15:15.341 31668 31668 D BoundBrokerSvc: onUnbind: Intent { act=com.google.android.gms.inappreach.service.START dat=chimera-action:/... cmp=com.google.android.gms/.chimera.GmsApiService }
11-14 14:15:15.344 31668 31668 D BoundBrokerSvc: onUnbind: Intent { act=com.google.android.gms.feedback.internal.IFeedbackService dat=chimera-action:/... cmp=com.google.android.gms/.chimera.GmsBoundBrokerService }
11-14 14:15:16.489 936 2866 I WifiHAL : Creating message to get link statistics; iface = 47
11-14 14:15:16.524 31668 31668 D BoundBrokerSvc: onUnbind: Intent { act=com.google.android.gms.safetynet.service.START pkg=com.google.android.gms }
11-14 14:15:16.565 936 2866 I WifiHAL : In GetLinkStatsCommand::handleResponse
11-14 14:15:16.605 1942 1942 D StatusBarIconController: ignoring old pipeline callback because the new wifi icon is enabled
11-14 14:15:16.610 1472 1871 D ConnectivityService: NetReassign [no changes] [c 1] [a 0] [i 4]
11-14 14:15:16.635 1218 1494 E cklf : Phenotype API error. Event # evac@d0194c6d, EventCode: 42 [CONTEXT service_id=51 ]
11-14 14:15:16.635 1218 1494 E cklf : ckjj: 29514: tryCreateStorageInfoInTransaction() is not enabled yet.
11-14 14:15:16.635 1218 1494 E cklf : at cknx.a(:com.google.android.gms@234313038@23.43.13 (190400-577232161):902)
11-14 14:15:16.635 1218 1494 E cklf : at ckmm.h(:com.google.android.gms@234313038@23.43.13 (190400-577232161):13)
11-14 14:15:16.635 1218 1494 E cklf : at cklf.g(:com.google.android.gms@234313038@23.43.13 (190400-577232161):18)
11-14 14:15:16.635 1218 1494 E cklf : at cklf.f(:com.google.android.gms@234313038@23.43.13 (190400-577232161):11)
11-14 14:15:16.635 1218 1494 E cklf : at bfjd.fg(:com.google.android.gms@234313038@23.43.13 (190400-577232161):1)
11-14 14:15:16.635 1218 1494 E cklf : at bfjo.run(:com.google.android.gms@234313038@23.43.13 (190400-577232161):100)
11-14 14:15:16.635 1218 1494 E cklf : at dvhx.run(:com.google.android.gms@234313038@23.43.13 (190400-577232161):13)
11-14 14:15:16.635 1218 1494 E cklf : at ajlc.c(:com.google.android.gms@234313038@23.43.13 (190400-577232161):50)
11-14 14:15:16.635 1218 1494 E cklf : at ajlc.run(:com.google.android.gms@234313038@23.43.13 (190400-577232161):76)
11-14 14:15:16.635 1218 1494 E cklf : at java.util.concurrent.ThreadPoolExecutor.runWorker(ThreadPoolExecutor.java:1145)
11-14 14:15:16.635 1218 1494 E cklf : at java.util.concurrent.ThreadPoolExecutor$Worker.run(ThreadPoolExecutor.java:644)
11-14 14:15:16.635 1218 1494 E cklf : at ajqf.run(:com.google.android.gms@234313038@23.43.13 (190400-577232161):8)
11-14 14:15:16.635 1218 1494 E cklf : at java.lang.Thread.run(Thread.java:1012)
11-14 14:15:16.636 1218 1494 W AsyncOperation: operation=GetStorageInfoGmsOperation, opStatusCode=29514 [CONTEXT service_id=51 ]
11-14 14:15:16.636 1218 1494 W AsyncOperation: OperationException[Status{statusCode=tryCreateStorageInfoInTransaction() is not enabled yet., resolution=null}]
11-14 14:15:16.636 1218 1494 W AsyncOperation: at cklf.g(:com.google.android.gms@234313038@23.43.13 (190400-577232161):60)
11-14 14:15:16.636 1218 1494 W AsyncOperation: at cklf.f(:com.google.android.gms@234313038@23.43.13 (190400-577232161):11)
11-14 14:15:16.636 1218 1494 W AsyncOperation: at bfjd.fg(:com.google.android.gms@234313038@23.43.13 (190400-577232161):1)
11-14 14:15:16.636 1218 1494 W AsyncOperation: at bfjo.run(:com.google.android.gms@234313038@23.43.13 (190400-577232161):100)
11-14 14:15:16.636 1218 1494 W AsyncOperation: at dvhx.run(:com.google.android.gms@234313038@23.43.13 (190400-577232161):13)
11-14 14:15:16.636 1218 1494 W AsyncOperation: at ajlc.c(:com.google.android.gms@234313038@23.43.13 (190400-577232161):50)
11-14 14:15:16.636 1218 1494 W AsyncOperation: at ajlc.run(:com.google.android.gms@234313038@23.43.13 (190400-577232161):76)
11-14 14:15:16.636 1218 1494 W AsyncOperation: at java.util.concurrent.ThreadPoolExecutor.runWorker(ThreadPoolExecutor.java:1145)
11-14 14:15:16.636 1218 1494 W AsyncOperation: at java.util.concurrent.ThreadPoolExecutor$Worker.run(ThreadPoolExecutor.java:644)
11-14 14:15:16.636 1218 1494 W AsyncOperation: at ajqf.run(:com.google.android.gms@234313038@23.43.13 (190400-577232161):8)
11-14 14:15:16.636 1218 1494 W AsyncOperation: at java.lang.Thread.run(Thread.java:1012)
11-14 14:15:17.974 5669 5669 I trusty_metricsd: starting trusty_metricsd
11-14 14:15:17.974 5669 5669 I trusty_metricsd: trusty dev: /dev/trusty-ipc-dev0
11-14 14:15:17.978 5669 5669 E libtrusty: tipc_connect: can't connect to tipc service "com.android.trusty.metrics" (err=107)
