11-14 14:23:08.538 936 2866 I WifiHAL : In GetLinkStatsCommand::handleResponse
11-14 14:23:08.581 1472 1871 D ConnectivityService: NetReassign [no changes] [c 1] [a 1] [i 3]
11-14 14:23:09.417 6884 6884 I trusty_metricsd: starting trusty_metricsd
11-14 14:23:09.418 6884 6884 I trusty_metricsd: trusty dev: /dev/trusty-ipc-dev0
11-14 14:23:09.424 6884 6884 E libtrusty: tipc_connect: can't connect to tipc service "com.android.trusty.metrics" (err=107)
11-14 14:23:09.424 6884 6884 E trusty_metricsd: failed to open TrustyMetricsPixel: failed to connect to Trusty metrics TA: Transport endpoint is not connected
11-14 14:23:09.424 6884 6884 E trusty_metricsd: failed to open Trusty metrics client
11-14 14:23:09.461 6885 6885 I flags_health_check: ServerConfigurableFlagsReset reset_mode value: 1
11-14 14:23:09.461 6885 6885 I flags_health_check: ServerConfigurableFlagsReset updatable crashing detected, resetting flags.
11-14 14:23:14.413 6890 6890 I trusty_metricsd: starting trusty_metricsd
11-14 14:23:14.413 6890 6890 I trusty_metricsd: trusty dev: /dev/trusty-ipc-dev0
11-14 14:23:14.418 6890 6890 E libtrusty: tipc_connect: can't connect to tipc service "com.android.trusty.metrics" (err=107)
11-14 14:23:14.418 6890 6890 E trusty_metricsd: failed to open TrustyMetricsPixel: failed to connect to Trusty metrics TA: Transport endpoint is not connected
11-14 14:23:14.418 6890 6890 E trusty_metricsd: failed to open Trusty metrics client
11-14 14:23:14.454 6891 6891 I flags_health_check: ServerConfigurableFlagsReset reset_mode value: 1
11-14 14:23:14.454 6891 6891 I flags_health_check: ServerConfigurableFlagsReset updatable crashing detected, resetting flags.
11-14 14:23:14.574 936 2866 I WifiHAL : Creating message to get link statistics; iface = 47
11-14 14:23:14.633 936 2866 I WifiHAL : In GetLinkStatsCommand::handleResponse
11-14 14:23:14.683 1472 1871 D ConnectivityService: NetReassign [no changes] [c 1] [a 0] [i 4]
11-14 14:23:16.953 6189 6189 D BoundBrokerSvc: onUnbind: Intent { act=com.google.android.gms.safetynet.service.START pkg=com.google.android.gms }
11-14 14:23:19.432 6897 6897 I trusty_metricsd: starting trusty_metricsd
11-14 14:23:19.432 6897 6897 I trusty_metricsd: trusty dev: /dev/trusty-ipc-dev0
11-14 14:23:19.436 6897 6897 E libtrusty: tipc_connect: can't connect to tipc service "com.android.trusty.metrics" (err=107)
11-14 14:23:19.436 6897 6897 E trusty_metricsd: failed to open TrustyMetricsPixel: failed to connect to Trusty metrics TA: Transport endpoint is not connected
11-14 14:23:19.436 6897 6897 E trusty_metricsd: failed to open Trusty metrics client
11-14 14:23:19.470 6898 6898 I flags_health_check: ServerConfigurableFlagsReset reset_mode value: 1
11-14 14:23:19.471 6898 6898 I flags_health_check: ServerConfigurableFlagsReset updatable crashing detected, resetting flags.
11-14 14:23:20.685 936 2866 I WifiHAL : Creating message to get link statistics; iface = 47
11-14 14:23:20.746 936 2866 I WifiHAL : In GetLinkStatsCommand::handleResponse
11-14 14:23:20.785 1472 1871 D ConnectivityService: NetReassign [no changes] [c 1] [a 0] [i 3]
11-14 14:23:21.214 1655 1677 I pixel-thermal: VIRTUAL-USB-UI:0 raw data: USB2-MINUS-CHG:-4964 VIRTUAL-USB-UI:0 charger_skin_therm:36202 usb_pwr_therm2:31238
11-14 14:23:21.218 1655 1677 I pixel-thermal: VIRTUAL-USB-THROTTLING:0 raw data: USB2-MINUS-CHG:-4964 VIRTUAL-USB-THROTTLING:0 usb_pwr_therm2:31238
11-14 14:23:21.218 1655 1677 I pixel-thermal: neutral_therm:31.038 raw data: neutral_therm:31038
11-14 14:23:24.452 6904 6904 I trusty_metricsd: starting trusty_metricsd
11-14 14:23:24.452 6904 6904 I trusty_metricsd: trusty dev: /dev/trusty-ipc-dev0
11-14 14:23:24.457 6904 6904 E libtrusty: tipc_connect: can't connect to tipc service "com.android.trusty.metrics" (err=107)
11-14 14:23:24.457 6904 6904 E trusty_metricsd: failed to open TrustyMetricsPixel: failed to connect to Trusty metrics TA: Transport endpoint is not connected
11-14 14:23:24.457 6904 6904 E trusty_metricsd: failed to open Trusty metrics client
11-14 14:23:24.490 6905 6905 I flags_health_check: ServerConfigurableFlagsReset reset_mode value: 1
11-14 14:23:24.490 6905 6905 I flags_health_check: ServerConfigurableFlagsReset updatable crashing detected, resetting flags.
11-14 14:23:25.802 1942 1942 D DLObserver: onReceive(); android.intent.action.BATTERY_CHANGED
11-14 14:23:25.802 1942 1942 D DLObserver: plugged=2
11-14 14:23:25.806 1942 3355 D PowerUI : can't show warning due to - plugged: true status unknown: false
11-14 14:23:25.808 1942 1942 D PowerNotificationWarningsGoogleImpl: onReceive: android.intent.action.BATTERY_CHANGED
11-14 14:23:25.809 1942 1942 D BatteryDefenderNotification: isPlugged: true | isOverheated: false | defenderEnabled: false | isCharged: false | isPluggedInDock: false
11-14 14:23:25.809 1942 1942 D IncompatibleChargerNotification: dispatchIntent: android.intent.action.BATTERY_CHANGED
11-14 14:23:26.787 936 2866 I WifiHAL : Creating message to get link statistics; iface = 47
11-14 14:23:26.901 936 2866 I WifiHAL : In GetLinkStatsCommand::handleResponse
11-14 14:23:26.907 936 2866 E IPCThreadState: binder thread pool (1 threads) starved for 120 ms
11-14 14:23:26.950 1472 1871 D ConnectivityService: NetReassign [no changes] [c 0] [a 1] [i 2]
11-14 14:23:26.976 1472 1807 D ActivityManager: freezing 6189 com.google.android.gms
11-14 14:23:29.466 6911 6911 I trusty_metricsd: starting trusty_metricsd
11-14 14:23:29.466 6911 6911 I trusty_metricsd: trusty dev: /dev/trusty-ipc-dev0
11-14 14:23:29.471 6911 6911 E libtrusty: tipc_connect: can't connect to tipc service "com.android.trusty.metrics" (err=107)
11-14 14:23:29.471 6911 6911 E trusty_metricsd: failed to open TrustyMetricsPixel: failed to connect to Trusty metrics TA: Transport endpoint is not connected
11-14 14:23:29.471 6911 6911 E trusty_metricsd: failed to open Trusty metrics client
11-14 14:23:29.506 6912 6912 I flags_health_check: ServerConfigurableFlagsReset reset_mode value: 1
11-14 14:23:29.507 6912 6912 I flags_health_check: ServerConfigurableFlagsReset updatable crashing detected, resetting flags.
11-14 14:23:31.911 1472 4940 D ActivityManager: sync unfroze 6189 com.google.android.gms
11-14 14:23:31.916 6189 6189 D BoundBrokerSvc: onBind: Intent { act=com.google.android.gms.safetynet.service.START pkg=com.google.android.gms }
11-14 14:23:31.917 6189 6189 D BoundBrokerSvc: Loading bound service for intent: Intent { act=com.google.android.gms.safetynet.service.START pkg=com.google.android.gms }
11-14 14:23:32.948 936 2866 I WifiHAL : Creating message to get link statistics; iface = 47
11-14 14:23:33.060 936 2866 I WifiHAL : In GetLinkStatsCommand::handleResponse
11-14 14:23:33.064 936 2866 E IPCThreadState: binder thread pool (1 threads) starved for 117 ms
11-14 14:23:33.114 1472 1871 D ConnectivityService: NetReassign [no changes] [c 1] [a 0] [i 3]
11-14 14:23:34.483 6918 6918 I trusty_metricsd: starting trusty_metricsd
11-14 14:23:34.483 6918 6918 I trusty_metricsd: trusty dev: /dev/trusty-ipc-dev0
11-14 14:23:34.487 6918 6918 E libtrusty: tipc_connect: can't connect to tipc service "com.android.trusty.metrics" (err=107)
11-14 14:23:34.487 6918 6918 E trusty_metricsd: failed to open TrustyMetricsPixel: failed to connect to Trusty metrics TA: Transport endpoint is not connected
11-14 14:23:34.487 6918 6918 E trusty_metricsd: failed to open Trusty metrics client
11-14 14:23:34.523 6919 6919 I flags_health_check: ServerConfigurableFlagsReset reset_mode value: 1
11-14 14:23:34.523 6919 6919 I flags_health_check: ServerConfigurableFlagsReset updatable crashing detected, resetting flags.
11-14 14:23:36.341 1472 1807 D ActivityManager: freezing 19704 com.google.android.apps.turbo
11-14 14:23:39.114 936 2866 I WifiHAL : Creating message to get link statistics; iface = 47
11-14 14:23:39.229 936 2866 I WifiHAL : In GetLinkStatsCommand::handleResponse
11-14 14:23:39.234 936 2866 E IPCThreadState: binder thread pool (1 threads) starved for 120 ms
11-14 14:23:39.283 1472 1871 D ConnectivityService: NetReassign [no changes] [c 1] [a 0] [i 3]
11-14 14:23:39.499 6925 6925 I trusty_metricsd: starting trusty_metricsd
11-14 14:23:39.499 6925 6925 I trusty_metricsd: trusty dev: /dev/trusty-ipc-dev0
11-14 14:23:39.504 6925 6925 E libtrusty: tipc_connect: can't connect to tipc service "com.android.trusty.metrics" (err=107)
11-14 14:23:39.504 6925 6925 E trusty_metricsd: failed to open TrustyMetricsPixel: failed to connect to Trusty metrics TA: Transport endpoint is not connected
11-14 14:23:39.504 6925 6925 E trusty_metricsd: failed to open Trusty metrics client
11-14 14:23:39.539 6926 6926 I flags_health_check: ServerConfigurableFlagsReset reset_mode value: 1
11-14 14:23:39.539 6926 6926 I flags_health_check: ServerConfigurableFlagsReset updatable crashing detected, resetting flags.
11-14 14:23:42.563 1128 1349 I CHRE : @ 1882166.013: [ImuCal] [GYRO_RPS] (s0, c0) Offset | Temp [C] | Quality: -.000494, 0.001252, -.002825 | 29.282933 | 4
11-14 14:23:42.563 1128 1349 I CHRE : @ 1882166.013: [ImuCal] [GYRO_RPS] (s0) Temp Sensitivity: 0.000085, -.000016, -.000046
11-14 14:23:42.563 1128 1349 I CHRE : @ 1882166.013: [ImuCal] [GYRO_RPS] (s0) Temp Intercept: -.003052, 0.001707, -.001467
11-14 14:23:44.516 6931 6931 I trusty_metricsd: starting trusty_metricsd
11-14 14:23:44.516 6931 6931 I trusty_metricsd: trusty dev: /dev/trusty-ipc-dev0
11-14 14:23:44.520 6931 6931 E libtrusty: tipc_connect: can't connect to tipc service "com.android.trusty.metrics" (err=107)
11-14 14:23:44.520 6931 6931 E trusty_metricsd: failed to open TrustyMetricsPixel: failed to connect to Trusty metrics TA: Transport endpoint is not connected
11-14 14:23:44.520 6931 6931 E trusty_metricsd: failed to open Trusty metrics client
11-14 14:23:44.556 6933 6933 I flags_health_check: ServerConfigurableFlagsReset reset_mode value: 1
11-14 14:23:44.557 6933 6933 I flags_health_check: ServerConfigurableFlagsReset updatable crashing detected, resetting flags.
11-14 14:23:45.281 936 2866 I WifiHAL : Creating message to get link statistics; iface = 47
11-14 14:23:45.396 936 2866 I WifiHAL : In GetLinkStatsCommand::handleResponse
11-14 14:23:45.403 936 2866 E IPCThreadState: binder thread pool (1 threads) starved for 122 ms
11-14 14:23:45.445 1472 1871 D ConnectivityService: NetReassign [no changes] [c 0] [a 1] [i 3]
11-14 14:23:46.953 6189 6189 D BoundBrokerSvc: onUnbind: Intent { act=com.google.android.gms.safetynet.service.START pkg=com.google.android.gms }
11-14 14:23:46.986 1472 1696 I ProcessStatsService: Pruning old procstats: /data/system/procstats/state-v2-2023-11-02-10-36-47.bin
11-14 14:23:48.949 28917 29007 I bbrb : getHotwordActive::active query: null, watch: false, devices connected: []
11-14 14:23:49.531 6939 6939 I trusty_metricsd: starting trusty_metricsd
11-14 14:23:49.531 6939 6939 I trusty_metricsd: trusty dev: /dev/trusty-ipc-dev0
11-14 14:23:49.536 6939 6939 E libtrusty: tipc_connect: can't connect to tipc service "com.android.trusty.metrics" (err=107)
11-14 14:23:49.536 6939 6939 E trusty_metricsd: failed to open TrustyMetricsPixel: failed to connect to Trusty metrics TA: Transport endpoint is not connected
11-14 14:23:49.536 6939 6939 E trusty_metricsd: failed to open Trusty metrics client
11-14 14:23:49.570 6940 6940 I flags_health_check: ServerConfigurableFlagsReset reset_mode value: 1
11-14 14:23:49.571 6940 6940 I flags_health_check: ServerConfigurableFlagsReset updatable crashing detected, resetting flags.
11-14 14:23:51.445 936 2866 I WifiHAL : Creating message to get link statistics; iface = 47
11-14 14:23:51.563 936 2866 I WifiHAL : In GetLinkStatsCommand::handleResponse
11-14 14:23:51.569 936 2866 E IPCThreadState: binder thread pool (1 threads) starved for 124 ms
11-14 14:23:51.610 1472 1871 D ConnectivityService: NetReassign [no changes] [c 1] [a 0] [i 3]
11-14 14:23:52.788 2159 2494 W BtGatt.ScanManager: Moving filtered scan client to downgraded scan (scannerId 2)
11-14 14:23:52.793 2159 2494 I bt_stack: [INFO:le_scanning_manager.cc(163)] Scan in shim layer stopped
11-14 14:23:52.794 2159 2500 I bluetooth: packages/modules/Bluetooth/system/gd/hci/le_address_manager.cc:193 unregister_client: Client unregistered
11-14 14:23:52.794 2159 2500 I bluetooth: packages/modules/Bluetooth/system/gd/hci/le_address_manager.cc:197 unregister_client: Cancelled address rotation alarm
11-14 14:23:52.794 2159 2494 I bt_stack: [INFO:le_scanning_manager.cc(341)] SetScanParameters in shim layer
11-14 14:23:52.794 2159 2494 I bt_stack: [INFO:le_scanning_manager.cc(163)] Scan in shim layer started
11-14 14:23:52.795 866 866 I bthal.activity: LogActivities: Disable LE Scanning, 0x2042
11-14 14:23:52.809 866 866 I bthal.shim: Send: TX command 0x2042
11-14 14:23:52.809 2159 2500 I bluetooth: packages/modules/Bluetooth/system/gd/hci/le_scanning_manager.cc:546 stop_scan: Scanning already stopped, return!
11-14 14:23:52.810 2159 2500 I bluetooth: packages/modules/Bluetooth/system/gd/hci/le_address_manager.cc:175 register_client: Scheduled address rotation for first client registered
11-14 14:23:52.810 2159 2500 I bluetooth: packages/modules/Bluetooth/system/gd/hci/le_address_manager.cc:178 register_client: Client registered
11-14 14:23:52.810 866 1117 I bthal.debug_central: Command Complete Event of LE_SET_EXTENDED_SCAN_ENABLE, opcode:2042
11-14 14:23:52.810 866 1117 I bthal.flowcontrol: HciEventPreProcess: HCI Event 0xe Opcode 0x2042 Length 6 unhandled by LeSetExtentedScanEnableEvent
11-14 14:23:52.812 866 866 I bthal.activity: LogActivities: LOW_POWER ScanMode
11-14 14:23:52.813 866 866 I bthal.activity: LogActivities: Enable LE Scanning, 0x2042
11-14 14:23:52.813 866 1117 I bthal.shim: Send: TX command 0x2042
11-14 14:23:52.813 866 1117 I bthal.debug_central: Command Complete Event of LE_SET_EXTENDED_SCAN_ENABLE, opcode:2042
11-14 14:23:52.814 866 1117 I bthal.flowcontrol: HciEventPreProcess: HCI Event 0xe Opcode 0x2042 Length 6 unhandled by LeSetExtentedScanEnableEvent
11-14 14:23:54.546 6946 6946 I trusty_metricsd: starting trusty_metricsd
11-14 14:23:54.546 6946 6946 I trusty_metricsd: trusty dev: /dev/trusty-ipc-dev0
11-14 14:23:54.551 6946 6946 E libtrusty: tipc_connect: can't connect to tipc service "com.android.trusty.metrics" (err=107)
11-14 14:23:54.551 6946 6946 E trusty_metricsd: failed to open TrustyMetricsPixel: failed to connect to Trusty metrics TA: Transport endpoint is not connected
11-14 14:23:54.551 6946 6946 E trusty_metricsd: failed to open Trusty metrics client
11-14 14:23:54.586 6947 6947 I flags_health_check: ServerConfigurableFlagsReset reset_mode value: 1
11-14 14:23:54.586 6947 6947 I flags_health_check: ServerConfigurableFlagsReset updatable crashing detected, resetting flags.
11-14 14:23:55.334 1942 1942 D DLObserver: onReceive(); android.intent.action.BATTERY_CHANGED
11-14 14:23:55.335 1942 1942 D DLObserver: plugged=2
11-14 14:23:55.338 1942 3359 D PowerUI : can't show warning due to - plugged: true status unknown: false
11-14 14:23:55.352 1942 1942 D PowerNotificationWarningsGoogleImpl: onReceive: android.intent.action.BATTERY_CHANGED
11-14 14:23:55.352 1942 1942 D BatteryDefenderNotification: isPlugged: true | isOverheated: false | defenderEnabled: false | isCharged: false | isPluggedInDock: false
11-14 14:23:55.352 1942 1942 D IncompatibleChargerNotification: dispatchIntent: android.intent.action.BATTERY_CHANGED
11-14 14:23:57.006 1472 1807 D ActivityManager: freezing 6189 com.google.android.gms
11-14 14:23:57.605 936 2866 I WifiHAL : Creating message to get link statistics; iface = 47
11-14 14:23:57.722 936 2866 I WifiHAL : In GetLinkStatsCommand::handleResponse
11-14 14:23:57.725 936 2866 E IPCThreadState: binder thread pool (1 threads) starved for 120 ms
11-14 14:23:57.740 1942 1942 D DLObserver: onReceive(); android.intent.action.BATTERY_CHANGED
11-14 14:23:57.741 1942 1942 D DLObserver: plugged=2
11-14 14:23:57.744 1472 1697 D ActivityManager: sync unfroze 19704 com.google.android.apps.turbo
11-14 14:23:57.746 1472 1697 D ActivityManager: sync unfroze 30461 com.android.settings
11-14 14:23:57.749 30461 30461 D BatteryUsageBroadcastReceiver: onReceive:android.intent.action.BATTERY_LEVEL_CHANGED
11-14 14:23:57.753 1942 1942 D PowerNotificationWarningsGoogleImpl: onReceive: android.intent.action.BATTERY_CHANGED
11-14 14:23:57.753 1942 1942 D BatteryDefenderNotification: isPlugged: true | isOverheated: false | defenderEnabled: false | isCharged: false | isPluggedInDock: false
11-14 14:23:57.753 1942 1942 D IncompatibleChargerNotification: dispatchIntent: android.intent.action.BATTERY_CHANGED
11-14 14:23:57.763 1472 1871 D ConnectivityService: NetReassign [no changes] [c 0] [a 1] [i 2]
11-14 14:23:57.787 1942 3397 D PowerUI : can't show warning due to - plugged: true status unknown: false
11-14 14:23:57.789 1472 2129 D ActivityManager: sync unfroze 8423 com.google.android.turboadapter
11-14 14:23:57.790 1942 1981 D BatteryInfoBroadcast: onReceive: android.intent.action.BATTERY_CHANGED, saverMode: false, remainingTime: 374388028
11-14 14:23:59.556 6960 6960 I trusty_metricsd: starting trusty_metricsd
11-14 14:23:59.556 6960 6960 I trusty_metricsd: trusty dev: /dev/trusty-ipc-dev0
11-14 14:23:59.560 6960 6960 E libtrusty: tipc_connect: can't connect to tipc service "com.android.trusty.metrics" (err=107)
11-14 14:23:59.560 6960 6960 E trusty_metricsd: failed to open TrustyMetricsPixel: failed to connect to Trusty metrics TA: Transport endpoint is not connected
11-14 14:23:59.560 6960 6960 E trusty_metricsd: failed to open Trusty metrics client
11-14 14:23:59.595 6961 6961 I flags_health_check: ServerConfigurableFlagsReset reset_mode value: 1
11-14 14:23:59.595 6961 6961 I flags_health_check: ServerConfigurableFlagsReset updatable crashing detected, resetting flags.
11-14 14:24:00.021 3715 3900 I AiAiEcho: Predicting[7]: { Feature:1, creation:2023-11-14T10:24:07Z, expiry:2023-11-14T11:00:00Z, isExpired: true}, { Feature:1, creation:2023-11-14T11:00:00Z, expiry:2023-11-14T12:00:00Z, isExpired: true}, { Feature:1, creation:2023-11-14T12:00:00Z, expiry:2023-11-14T13:00:00Z, isExpired: false}, { Feature:1, creation:2023-11-14T13:00:00Z, expiry:2023-11-14T14:00:00Z, isExpired: true}, { Feature:1, creation:2023-11-14T14:00:00Z, expiry:2023-11-14T15:00:00Z, isExpired: true}, { Feature:1, creation:2023-11-14T15:00:00Z, expiry:2023-11-14T16:00:00Z, isExpired: true}, { Feature:1, creation:2023-11-14T16:00:00Z, expiry:2023-11-14T16:24:07Z, isExpired: true}
11-14 14:24:00.022 3715 3900 I AiAiEcho: EchoTargets: Feature:1
11-14 14:24:00.022 3715 3900 I AiAiEcho: Filtered by AiAi flag check:
11-14 14:24:00.023 3715 3900 I AiAiEcho: Ranked targets strategy: WEIGHTED, count: 1, ranking metadata: { cardId: WEATHER-569377245, card type: 1, update time: 2023-11-14T12:00:00Z, expiration time: 2023-11-14T13:00:00Z, ranking metadata: RankingMetaData(urgency=0.75, priority=0.3, recency=1.0, rankScore=0.22500001, importantTimePoints=# mta@7bca4) }
11-14 14:24:00.024 3715 3900 I AiAiEcho: #weatherTwiddler: Weather removes SubtitleSupplementalItem in surface: lockscreen
11-14 14:24:00.028 3715 3900 I AiAiEcho: #postPredictionTargets: Sending updates to UISurface lockscreen with targets# 1 (types=[1])
11-14 14:24:00.045 1942 1942 W PageIndicator: Total number of pages invalid: 0. Assuming 1 page.
11-14 14:24:00.313 1942 1981 D ControlsListingControllerImpl: Subscribing callback, service count: 0
11-14 14:24:00.326 1942 1981 D ControlsListingControllerImpl: Unsubscribing callback
11-14 14:24:01.931 1472 2129 D ActivityManager: sync unfroze 6189 com.google.android.gms
11-14 14:24:01.936 6189 6189 D BoundBrokerSvc: onBind: Intent { act=com.google.android.gms.safetynet.service.START pkg=com.google.android.gms }
11-14 14:24:01.937 6189 6189 D BoundBrokerSvc: Loading bound service for intent: Intent { act=com.google.android.gms.safetynet.service.START pkg=com.google.android.gms }
11-14 14:24:03.766 936 2866 I WifiHAL : Creating message to get link statistics; iface = 47
11-14 14:24:03.831 936 2866 I WifiHAL : In GetLinkStatsCommand::handleResponse
11-14 14:24:03.878 1472 1871 D ConnectivityService: NetReassign [no changes] [c 1] [a 0] [i 3]
11-14 14:24:04.575 6967 6967 I trusty_metricsd: starting trusty_metricsd
11-14 14:24:04.575 6967 6967 I trusty_metricsd: trusty dev: /dev/trusty-ipc-dev0
11-14 14:24:04.579 6967 6967 E libtrusty: tipc_connect: can't connect to tipc service "com.android.trusty.metrics" (err=107)
11-14 14:24:04.580 6967 6967 E trusty_metricsd: failed to open TrustyMetricsPixel: failed to connect to Trusty metrics TA: Transport endpoint is not connected
11-14 14:24:04.580 6967 6967 E trusty_metricsd: failed to open Trusty metrics client
11-14 14:24:04.614 6968 6968 I flags_health_check: ServerConfigurableFlagsReset reset_mode value: 1
11-14 14:24:04.615 6968 6968 I flags_health_check: ServerConfigurableFlagsReset updatable crashing detected, resetting flags.
11-14 14:24:07.791 1472 1807 D ActivityManager: freezing 30461 com.android.settings
11-14 14:24:07.813 1472 1807 D ActivityManager: freezing 8423 com.google.android.turboadapter
11-14 14:24:09.591 6974 6974 I trusty_metricsd: starting trusty_metricsd
11-14 14:24:09.591 6974 6974 I trusty_metricsd: trusty dev: /dev/trusty-ipc-dev0
11-14 14:24:09.596 6974 6974 E libtrusty: tipc_connect: can't connect to tipc service "com.android.trusty.metrics" (err=107)
11-14 14:24:09.596 6974 6974 E trusty_metricsd: failed to open TrustyMetricsPixel: failed to connect to Trusty metrics TA: Transport endpoint is not connected
11-14 14:24:09.596 6974 6974 E trusty_metricsd: failed to open Trusty metrics client
11-14 14:24:09.629 6975 6975 I flags_health_check: ServerConfigurableFlagsReset reset_mode value: 1
11-14 14:24:09.629 6975 6975 I flags_health_check: ServerConfigurableFlagsReset updatable crashing detected, resetting flags.
11-14 14:24:09.878 936 2866 I WifiHAL : Creating message to get link statistics; iface = 47
11-14 14:24:09.976 936 2866 I WifiHAL : In GetLinkStatsCommand::handleResponse
11-14 14:24:09.983 936 2866 E IPCThreadState: binder thread pool (1 threads) starved for 105 ms
11-14 14:24:10.025 1472 1871 D ConnectivityService: NetReassign [no changes] [c 1] [a 0] [i 4]
11-14 14:24:14.607 6981 6981 I trusty_metricsd: starting trusty_metricsd
11-14 14:24:14.607 6981 6981 I trusty_metricsd: trusty dev: /dev/trusty-ipc-dev0
11-14 14:24:14.615 6981 6981 E libtrusty: tipc_connect: can't connect to tipc service "com.android.trusty.metrics" (err=107)
11-14 14:24:14.615 6981 6981 E trusty_metricsd: failed to open TrustyMetricsPixel: failed to connect to Trusty metrics TA: Transport endpoint is not connected
11-14 14:24:14.615 6981 6981 E trusty_metricsd: failed to open Trusty metrics client
11-14 14:24:14.649 6982 6982 I flags_health_check: ServerConfigurableFlagsReset reset_mode value: 1
11-14 14:24:14.649 6982 6982 I flags_health_check: ServerConfigurableFlagsReset updatable crashing detected, resetting flags.
11-14 14:24:15.650 1655 1655 I pixel-thermal: smpl_gm:0 raw data: smpl_gm:0
11-14 14:24:15.653 1655 1655 I pixel-thermal: vdroop2:0 raw data: vdroop2:0
11-14 14:24:15.654 1655 1655 I pixel-thermal: vdroop1:0 raw data: vdroop1:0
11-14 14:24:15.658 1655 1655 I pixel-thermal: FLASH_LED_REDUCE:0 raw data: FLASH_LED_REDUCE:0 battery:31200 battery_cycle:12 vdroop1:0
11-14 14:24:15.658 1655 1655 I pixel-thermal: LOW_TEMP_UVLO2:0 raw data: LOW_TEMP_UVLO2:0 battery:31200 vdroop2:0
11-14 14:24:15.658 1655 1655 I pixel-thermal: critical-battery-cell:0 raw data: battery:31200 battery_cycle:12 critical-battery-cell:0 vdroop1:0
11-14 14:24:15.661 1655 1655 I pixel-thermal: VIRTUAL-SKIN:32.7227 raw data: VIRTUAL-NEUTRAL:32389.7 VIRTUAL-NEUTRAL-SKIN2:32722.7 VIRTUAL-QUIET-NEUTRAL:32032.4 VIRTUAL-SKIN:32722.7 disp_therm:30882 gnss_tcxo_therm:32128 neutral_therm:31394 quiet_therm:32306 skin_therm1:32573 skin_therm2:35823
11-14 14:24:15.664 1655 1655 I pixel-thermal: batoilo:0 raw data: batoilo:0
11-14 14:24:15.665 1655 1655 I pixel-thermal: cellular-emergency:32.7227 raw data: VIRTUAL-NEUTRAL:32389.7 VIRTUAL-NEUTRAL-SKIN2:32722.7 VIRTUAL-QUIET-NEUTRAL:32032.4 cellular-emergency:32722.7
11-14 14:24:15.665 1655 1655 I pixel-thermal: neutral_therm:31.394 raw data: neutral_therm:31394
11-14 14:24:15.667 1655 1655 I pixel-thermal: usb_pwr_therm2:31.683 raw data: usb_pwr_therm2:31683
11-14 14:24:15.667 1655 1655 I pixel-thermal: VIRTUAL-USB-UI:0 raw data: USB2-MINUS-CHG:-4919 VIRTUAL-USB-UI:0 charger_skin_therm:36602 usb_pwr_therm2:31683
11-14 14:24:16.019 936 2866 I WifiHAL : Creating message to get link statistics; iface = 47
11-14 14:24:16.082 936 2866 I WifiHAL : In GetLinkStatsCommand::handleResponse
11-14 14:24:16.130 1472 1871 D ConnectivityService: NetReassign [no changes] [c 1] [a 0] [i 4]
11-14 14:24:17.013 6189 6189 D BoundBrokerSvc: onUnbind: Intent { act=com.google.android.gms.safetynet.service.START pkg=com.google.android.gms }
11-14 14:24:17.250 905 969 D USF : AP/AOC clock synced: AOC: 1882200704344971 ns (7709494084997 tk), AP: 1882207661839650 ns, diff = -6957494679 ns
11-14 14:24:19.622 6988 6988 I trusty_metricsd: starting trusty_metricsd
11-14 14:24:19.622 6988 6988 I trusty_metricsd: trusty dev: /dev/trusty-ipc-dev0
11-14 14:24:19.627 6988 6988 E libtrusty: tipc_connect: can't connect to tipc service "com.android.trusty.metrics" (err=107)
11-14 14:24:19.628 6988 6988 E trusty_metricsd: failed to open TrustyMetricsPixel: failed to connect to Trusty metrics TA: Transport endpoint is not connected
11-14 14:24:19.628 6988 6988 E trusty_metricsd: failed to open Trusty metrics client
11-14 14:24:19.661 6989 6989 I flags_health_check: ServerConfigurableFlagsReset reset_mode value: 1
11-14 14:24:19.662 6989 6989 I flags_health_check: ServerConfigurableFlagsReset updatable crashing detected, resetting flags.
11-14 14:24:20.883 1655 1677 I pixel-thermal: usb_pwr_therm2:31.728 raw data: usb_pwr_therm2:31728
11-14 14:24:20.888 1655 1677 I pixel-thermal: cellular-emergency:32.8117 raw data: VIRTUAL-NEUTRAL:32463.4 VIRTUAL-NEUTRAL-SKIN2:32811.7 VIRTUAL-QUIET-NEUTRAL:32106 cellular-emergency:32811.7 disp_therm:30949 gnss_tcxo_therm:32173 neutral_therm:31483 quiet_therm:32373 skin_therm1:32640 skin_therm2:35912
11-14 14:24:20.889 1655 1677 I pixel-thermal: VIRTUAL-SKIN-CPU:32.8117 raw data: VIRTUAL-NEUTRAL:32463.4 VIRTUAL-NEUTRAL-SKIN2:32811.7 VIRTUAL-QUIET-NEUTRAL:32106 VIRTUAL-SKIN-CPU:32811.7
11-14 14:24:20.890 1655 1677 I pixel-thermal: batoilo:0 raw data: batoilo:0
11-14 14:24:20.890 1655 1677 I pixel-thermal: VIRTUAL-SKIN:32.8117 raw data: VIRTUAL-NEUTRAL:32463.4 VIRTUAL-NEUTRAL-SKIN2:32811.7 VIRTUAL-QUIET-NEUTRAL:32106 VIRTUAL-SKIN:32811.7
11-14 14:24:20.890 1655 1677 I pixel-thermal: VIRTUAL-SKIN-CHARGE:32.8117 raw data: VIRTUAL-NEUTRAL:32463.4 VIRTUAL-NEUTRAL-SKIN2:32811.7 VIRTUAL-QUIET-NEUTRAL:32106 VIRTUAL-SKIN-CHARGE:32811.7
11-14 14:24:20.890 1655 1677 I pixel-thermal: VIRTUAL-SKIN-CPU-GPU:32.8117 raw data: VIRTUAL-NEUTRAL:32463.4 VIRTUAL-NEUTRAL-SKIN2:32811.7 VIRTUAL-QUIET-NEUTRAL:32106 VIRTUAL-SKIN-CPU-GPU:32811.7
11-14 14:24:20.893 1655 1677 I pixel-thermal: critical-battery-cell:0 raw data: battery:31300 battery_cycle:12 critical-battery-cell:0 vdroop1:0
11-14 14:24:20.893 1655 1677 I pixel-thermal: FLASH_LED_REDUCE:0 raw data: FLASH_LED_REDUCE:0 battery:31300 battery_cycle:12 vdroop1:0
11-14 14:24:20.894 1655 1677 I pixel-thermal: LOW_TEMP_UVLO2:0 raw data: LOW_TEMP_UVLO2:0 battery:31300 vdroop2:0
11-14 14:24:20.894 1655 1677 I pixel-thermal: vdroop1:0 raw data: vdroop1:0
11-14 14:24:20.894 1655 1677 I pixel-thermal: VIRTUAL-SKIN-HINT:32.8117 raw data: VIRTUAL-NEUTRAL:32463.4 VIRTUAL-NEUTRAL-SKIN2:32811.7 VIRTUAL-QUIET-NEUTRAL:32106 VIRTUAL-SKIN-HINT:32811.7
11-14 14:24:20.894 1655 1677 I pixel-thermal: smpl_gm:0 raw data: smpl_gm:0
11-14 14:24:20.894 1655 1677 I pixel-thermal: vdroop2:0 raw data: vdroop2:0
11-14 14:24:21.225 1655 1677 I pixel-thermal: VIRTUAL-USB-UI:0 raw data: USB2-MINUS-CHG:-4897 VIRTUAL-USB-UI:0 charger_skin_therm:36625 usb_pwr_therm2:31728
11-14 14:24:21.229 1655 1677 I pixel-thermal: VIRTUAL-USB-THROTTLING:0 raw data: USB2-MINUS-CHG:-4897 VIRTUAL-USB-THROTTLING:0 usb_pwr_therm2:31728
11-14 14:24:21.229 1655 1677 I pixel-thermal: neutral_therm:31.483 raw data: neutral_therm:31483
11-14 14:24:22.130 936 2866 I WifiHAL : Creating message to get link statistics; iface = 47
11-14 14:24:22.199 936 2866 I WifiHAL : In GetLinkStatsCommand::handleResponse
11-14 14:24:22.256 1472 1871 D ConnectivityService: NetReassign [no changes] [c 1] [a 0] [i 4]
11-14 14:24:24.635 6995 6995 I trusty_metricsd: starting trusty_metricsd
11-14 14:24:24.635 6995 6995 I trusty_metricsd: trusty dev: /dev/trusty-ipc-dev0
11-14 14:24:24.639 6995 6995 E libtrusty: tipc_connect: can't connect to tipc service "com.android.trusty.metrics" (err=107)
11-14 14:24:24.639 6995 6995 E trusty_metricsd: failed to open TrustyMetricsPixel: failed to connect to Trusty metrics TA: Transport endpoint is not connected
11-14 14:24:24.639 6995 6995 E trusty_metricsd: failed to open Trusty metrics client
11-14 14:24:24.677 6996 6996 I flags_health_check: ServerConfigurableFlagsReset reset_mode value: 1
11-14 14:24:24.678 6996 6996 I flags_health_check: ServerConfigurableFlagsReset updatable crashing detected, resetting flags.
11-14 14:24:27.067 1472 1807 D ActivityManager: freezing 6189 com.google.android.gms
11-14 14:24:28.259 936 2866 I WifiHAL : Creating message to get link statistics; iface = 47
11-14 14:24:28.322 936 2866 I WifiHAL : In GetLinkStatsCommand::handleResponse
11-14 14:24:28.369 1472 1871 D ConnectivityService: NetReassign [no changes] [c 1] [a 0] [i 4]
11-14 14:24:29.649 7002 7002 I trusty_metricsd: starting trusty_metricsd
11-14 14:24:29.649 7002 7002 I trusty_metricsd: trusty dev: /dev/trusty-ipc-dev0
11-14 14:24:29.654 7002 7002 E libtrusty: tipc_connect: can't connect to tipc service "com.android.trusty.metrics" (err=107)
11-14 14:24:29.654 7002 7002 E trusty_metricsd: failed to open TrustyMetricsPixel: failed to connect to Trusty metrics TA: Transport endpoint is not connected
11-14 14:24:29.654 7002 7002 E trusty_metricsd: failed to open Trusty metrics client
11-14 14:24:29.692 7003 7003 I flags_health_check: ServerConfigurableFlagsReset reset_mode value: 1
11-14 14:24:29.692 7003 7003 I flags_health_check: ServerConfigurableFlagsReset updatable crashing detected, resetting flags.
11-14 14:24:31.945 1472 2129 D ActivityManager: sync unfroze 6189 com.google.android.gms
11-14 14:24:31.951 6189 6189 D BoundBrokerSvc: onBind: Intent { act=com.google.android.gms.safetynet.service.START pkg=com.google.android.gms }
11-14 14:24:31.951 6189 6189 D BoundBrokerSvc: Loading bound service for intent: Intent { act=com.google.android.gms.safetynet.service.START pkg=com.google.android.gms }
11-14 14:24:34.363 936 2866 I WifiHAL : Creating message to get link statistics; iface = 47
11-14 14:24:34.431 936 2866 I WifiHAL : In GetLinkStatsCommand::handleResponse
11-14 14:24:34.482 1472 1871 D ConnectivityService: NetReassign [no changes] [c 1] [a 0] [i 4]
11-14 14:24:34.670 7009 7009 I trusty_metricsd: starting trusty_metricsd
11-14 14:24:34.670 7009 7009 I trusty_metricsd: trusty dev: /dev/trusty-ipc-dev0
11-14 14:24:34.674 7009 7009 E libtrusty: tipc_connect: can't connect to tipc service "com.android.trusty.metrics" (err=107)
11-14 14:24:34.674 7009 7009 E trusty_metricsd: failed to open TrustyMetricsPixel: failed to connect to Trusty metrics TA: Transport endpoint is not connected
11-14 14:24:34.674 7009 7009 E trusty_metricsd: failed to open Trusty metrics client
11-14 14:24:34.710 7010 7010 I flags_health_check: ServerConfigurableFlagsReset reset_mode value: 1
11-14 14:24:34.710 7010 7010 I flags_health_check: ServerConfigurableFlagsReset updatable crashing detected, resetting flags.
11-14 14:24:39.684 7016 7016 I trusty_metricsd: starting trusty_metricsd
11-14 14:24:39.684 7016 7016 I trusty_metricsd: trusty dev: /dev/trusty-ipc-dev0
11-14 14:24:39.690 7016 7016 E libtrusty: tipc_connect: can't connect to tipc service "com.android.trusty.metrics" (err=107)
11-14 14:24:39.690 7016 7016 E trusty_metricsd: failed to open TrustyMetricsPixel: failed to connect to Trusty metrics TA: Transport endpoint is not connected
11-14 14:24:39.690 7016 7016 E trusty_metricsd: failed to open Trusty metrics client
11-14 14:24:39.725 7017 7017 I flags_health_check: ServerConfigurableFlagsReset reset_mode value: 1
11-14 14:24:39.725 7017 7017 I flags_health_check: ServerConfigurableFlagsReset updatable crashing detected, resetting flags.
11-14 14:24:40.480 936 2866 I WifiHAL : Creating message to get link statistics; iface = 47
11-14 14:24:40.543 936 2866 I WifiHAL : In GetLinkStatsCommand::handleResponse
11-14 14:24:40.596 1472 1871 D ConnectivityService: NetReassign [no changes] [c 1] [a 0] [i 3]
11-14 14:24:41.260 1942 1942 D DLObserver: onReceive(); android.intent.action.BATTERY_CHANGED
11-14 14:24:41.260 1942 1942 D DLObserver: plugged=2
11-14 14:24:41.262 1942 3398 D PowerUI : can't show warning due to - plugged: true status unknown: false
11-14 14:24:41.264 1942 1942 D PowerNotificationWarningsGoogleImpl: onReceive: android.intent.action.BATTERY_CHANGED
11-14 14:24:41.265 1942 1942 D BatteryDefenderNotification: isPlugged: true | isOverheated: false | defenderEnabled: false | isCharged: false | isPluggedInDock: false
11-14 14:24:41.265 1942 1942 D IncompatibleChargerNotification: dispatchIntent: android.intent.action.BATTERY_CHANGED
11-14 14:24:44.695 7025 7025 I trusty_metricsd: starting trusty_metricsd
11-14 14:24:44.695 7025 7025 I trusty_metricsd: trusty dev: /dev/trusty-ipc-dev0
11-14 14:24:44.701 7025 7025 E libtrusty: tipc_connect: can't connect to tipc service "com.android.trusty.metrics" (err=107)
11-14 14:24:44.701 7025 7025 E trusty_metricsd: failed to open TrustyMetricsPixel: failed to connect to Trusty metrics TA: Transport endpoint is not connected
11-14 14:24:44.701 7025 7025 E trusty_metricsd: failed to open Trusty metrics client
11-14 14:24:44.736 7026 7026 I flags_health_check: ServerConfigurableFlagsReset reset_mode value: 1
11-14 14:24:44.736 7026 7026 I flags_health_check: ServerConfigurableFlagsReset updatable crashing detected, resetting flags.
11-14 14:24:46.598 936 2866 I WifiHAL : Creating message to get link statistics; iface = 47
11-14 14:24:46.664 936 2866 I WifiHAL : In GetLinkStatsCommand::handleResponse
11-14 14:24:46.710 1472 1871 D ConnectivityService: NetReassign [no changes] [c 1] [a 1] [i 3]
11-14 14:24:47.002 6189 6189 D BoundBrokerSvc: onUnbind: Intent { act=com.google.android.gms.safetynet.service.START pkg=com.google.android.gms }
11-14 14:24:48.950 28917 29001 I bbrb : getHotwordActive::active query: null, watch: false, devices connected: []
11-14 14:24:49.708 7032 7032 I trusty_metricsd: starting trusty_metricsd
11-14 14:24:49.708 7032 7032 I trusty_metricsd: trusty dev: /dev/trusty-ipc-dev0
11-14 14:24:49.711 7032 7032 E libtrusty: tipc_connect: can't connect to tipc service "com.android.trusty.metrics" (err=107)
11-14 14:24:49.712 7032 7032 E trusty_metricsd: failed to open TrustyMetricsPixel: failed to connect to Trusty metrics TA: Transport endpoint is not connected
11-14 14:24:49.712 7032 7032 E trusty_metricsd: failed to open Trusty metrics client
11-14 14:24:49.743 7033 7033 I flags_health_check: ServerConfigurableFlagsReset reset_mode value: 1
11-14 14:24:49.743 7033 7033 I flags_health_check: ServerConfigurableFlagsReset updatable crashing detected, resetting flags.
11-14 14:24:51.821 1472 1807 D ActivityManager: freezing 19704 com.google.android.apps.turbo
11-14 14:24:52.708 936 2866 I WifiHAL : Creating message to get link statistics; iface = 47
11-14 14:24:52.817 936 2866 I WifiHAL : In GetLinkStatsCommand::handleResponse
11-14 14:24:52.821 936 2866 E IPCThreadState: binder thread pool (1 threads) starved for 113 ms
11-14 14:24:52.868 1472 1871 D ConnectivityService: NetReassign [no changes] [c 1] [a 0] [i 3]
11-14 14:24:54.728 7038 7038 I trusty_metricsd: starting trusty_metricsd
11-14 14:24:54.728 7038 7038 I trusty_metricsd: trusty dev: /dev/trusty-ipc-dev0
11-14 14:24:54.732 7038 7038 E libtrusty: tipc_connect: can't connect to tipc service "com.android.trusty.metrics" (err=107)
11-14 14:24:54.732 7038 7038 E trusty_metricsd: failed to open TrustyMetricsPixel: failed to connect to Trusty metrics TA: Transport endpoint is not connected
11-14 14:24:54.732 7038 7038 E trusty_metricsd: failed to open Trusty metrics client
11-14 14:24:54.768 7039 7039 I flags_health_check: ServerConfigurableFlagsReset reset_mode value: 1
11-14 14:24:54.769 7039 7039 I flags_health_check: ServerConfigurableFlagsReset updatable crashing detected, resetting flags.
11-14 14:24:55.341 1942 1942 D DLObserver: onReceive(); android.intent.action.BATTERY_CHANGED
11-14 14:24:55.342 1942 1942 D DLObserver: plugged=2
11-14 14:24:55.348 1942 3404 D PowerUI : can't show warning due to - plugged: true status unknown: false
11-14 14:24:55.350 1942 1942 D PowerNotificationWarningsGoogleImpl: onReceive: android.intent.action.BATTERY_CHANGED
11-14 14:24:55.351 1942 1942 D BatteryDefenderNotification: isPlugged: true | isOverheated: false | defenderEnabled: false | isCharged: false | isPluggedInDock: false
11-14 14:24:55.351 1942 1942 D IncompatibleChargerNotification: dispatchIntent: android.intent.action.BATTERY_CHANGED
11-14 14:24:57.026 1472 1807 D ActivityManager: freezing 6189 com.google.android.gms
11-14 14:24:58.345 1472 1986 D CompatibilityChangeReporter: Compat change id reported: 171306433; UID 10140; state: ENABLED
11-14 14:24:58.345 905 1405 D usf_sensor_hal: pressure: Enter Batch. period = 100000000, latency = 0.
11-14 14:24:58.345 905 1405 D usf_sensor_hal: pressure: Enter Activate. Enable = 1.
11-14 14:24:58.346 1127 1127 D AOC : A3:MSG: usf_sensor.cc, 1474: USF: Received start sampling request for ICP10101 Pressure Sensor.
11-14 14:24:58.346 1472 2129 W AlarmManager: Alarms must either supply a PendingIntent or an AlarmReceiver
11-14 14:24:58.347 1127 1127 D AOC : A3:MSG: icp10101_device.cc, 161: USF: ICP10101: Barometer stops sampling.
11-14 14:24:58.347 1127 1127 D AOC : A3:MSG: icp10101_device.cc, 147: USF: ICP10101: Barometer starts sampling: period_ns = 40000000, max_latency_ns = 10000
11-14 14:24:58.349 1128 1349 D CHRE : @ 1882241.801: Parsed nanoapp message from host: app ID 0x476f6f676c001012 endpoint 0x6c msgType 6 payload size 8
11-14 14:24:58.349 889 901 D ContextHubHal: Got message from nanoapp: ID 0x476f6f676c001012
11-14 14:24:58.349 1128 1349 I CHRE : @ 1882241.801: [NanoMinion] received MSG Type 0x6, Version 1, 4 bytes
11-14 14:24:58.349 1128 1349 I CHRE : @ 1882241.802: [NanoMinion] sent MSG Type 0x7, Version 0, 4 bytes, MessageId 9
11-14 14:24:58.349 1441 1450 I CapoDetector: handleNanoappMessage, Id 5147455389092024338, type 1025, size 12
11-14 14:24:58.373 905 1405 D usf_sensor_hal: pressure: Enter Activate. Enable = 0.
11-14 14:24:58.376 1127 1127 D AOC : A3:MSG: usf_sensor.cc, 1481: USF: Received stop sampling request for ICP10101 Pressure Sensor.
11-14 14:24:58.376 1127 1127 D AOC : A3:MSG: icp10101_device.cc, 161: USF: ICP10101: Barometer stops sampling.
11-14 14:24:58.376 1127 1127 D AOC : A3:MSG: icp10101_device.cc, 147: USF: ICP10101: Barometer starts sampling: period_ns = 40000000, max_latency_ns = 10000
11-14 14:24:58.380 905 1405 D usf_sensor_hal: pressure: Enter Batch. period = 100000000, latency = 0.
11-14 14:24:58.381 905 1405 D usf_sensor_hal: pressure: Enter Activate. Enable = 1.
11-14 14:24:58.381 1127 1127 D AOC : A3:MSG: usf_sensor.cc, 1474: USF: Received start sampling request for ICP10101 Pressure Sensor.
11-14 14:24:58.383 1127 1127 D AOC : A3:MSG: icp10101_device.cc, 161: USF: ICP10101: Barometer stops sampling.
11-14 14:24:58.383 1127 1127 D AOC : A3:MSG: icp10101_device.cc, 147: USF: ICP10101: Barometer starts sampling: period_ns = 40000000, max_latency_ns = 10000
11-14 14:24:58.434 1218 1448 W AlarmManager: alarm window unlikely to be respected [CONTEXT service_id=231 ]
11-14 14:24:58.434 1218 1448 W AlarmManager: java.lang.IllegalArgumentException: alarm "NetworkLocationLocator" has short window length
11-14 14:24:58.434 1218 1448 W AlarmManager: at bffm.b(:com.google.android.gms@234313038@23.43.13 (190400-577232161):45)
11-14 14:24:58.434 1218 1448 W AlarmManager: at dptn.f(:com.google.android.gms@234313038@23.43.13 (190400-577232161):121)
11-14 14:24:58.434 1218 1448 W AlarmManager: at dppt.e(:com.google.android.gms@234313038@23.43.13 (190400-577232161):106)
11-14 14:24:58.434 1218 1448 W AlarmManager: at dppt.h(:com.google.android.gms@234313038@23.43.13 (190400-577232161):1868)
11-14 14:24:58.434 1218 1448 W AlarmManager: at dqar.G(:com.google.android.gms@234313038@23.43.13 (190400-577232161):51)
11-14 14:24:58.434 1218 1448 W AlarmManager: at dqak.G(:com.google.android.gms@234313038@23.43.13 (190400-577232161):22)
11-14 14:24:58.434 1218 1448 W AlarmManager: at dpso.a(:com.google.android.gms@234313038@23.43.13 (190400-577232161):54)
11-14 14:24:58.434 1218 1448 W AlarmManager: at dpuw.onCellInfo(:com.google.android.gms@234313038@23.43.13 (190400-577232161):29)
11-14 14:24:58.434 1218 1448 W AlarmManager: at android.telephony.TelephonyManager$5.lambda$onCellInfo$0(TelephonyManager.java:6865)
11-14 14:24:58.434 1218 1448 W AlarmManager: at android.telephony.TelephonyManager$5$$ExternalSyntheticLambda0.run(Unknown Source:4)
11-14 14:24:58.434 1218 1448 W AlarmManager: at dpux.run(:com.google.android.gms@234313038@23.43.13 (190400-577232161):3)
11-14 14:24:58.434 1218 1448 W AlarmManager: at dpsq.handleMessage(:com.google.android.gms@234313038@23.43.13 (190400-577232161):91)
11-14 14:24:58.434 1218 1448 W AlarmManager: at android.os.Handler.dispatchMessage(Handler.java:106)
11-14 14:24:58.434 1218 1448 W AlarmManager: at bfsm.lG(:com.google.android.gms@234313038@23.43.13 (190400-577232161):1)
11-14 14:24:58.434 1218 1448 W AlarmManager: at bfsm.dispatchMessage(:com.google.android.gms@234313038@23.43.13 (190400-577232161):143)
11-14 14:24:58.434 1218 1448 W AlarmManager: at android.os.Looper.loopOnce(Looper.java:205)
11-14 14:24:58.434 1218 1448 W AlarmManager: at android.os.Looper.loop(Looper.java:294)
11-14 14:24:58.434 1218 1448 W AlarmManager: at android.os.HandlerThread.run(HandlerThread.java:67)
11-14 14:24:58.869 936 2866 I WifiHAL : Creating message to get link statistics; iface = 47
11-14 14:24:58.927 936 2866 I WifiHAL : In GetLinkStatsCommand::handleResponse
11-14 14:24:58.981 1472 1871 D ConnectivityService: NetReassign [no changes] [c 1] [a 0] [i 4]
11-14 14:24:59.298 1472 4940 D WifiNl80211Manager: Scan result ready event
11-14 14:24:59.298 1472 4940 D WifiNative: Scan result ready event
11-14 14:24:59.311 936 2866 I WifiHAL : Creating message to get link statistics; iface = 47
11-14 14:24:59.331 1218 1448 W AlarmManager: alarm window unlikely to be respected [CONTEXT service_id=231 ]
11-14 14:24:59.331 1218 1448 W AlarmManager: java.lang.IllegalArgumentException: alarm "NetworkLocationLocator" has short window length
11-14 14:24:59.331 1218 1448 W AlarmManager: at bffm.b(:com.google.android.gms@234313038@23.43.13 (190400-577232161):45)
11-14 14:24:59.331 1218 1448 W AlarmManager: at dptn.f(:com.google.android.gms@234313038@23.43.13 (190400-577232161):121)
11-14 14:24:59.331 1218 1448 W AlarmManager: at dppt.e(:com.google.android.gms@234313038@23.43.13 (190400-577232161):106)
11-14 14:24:59.331 1218 1448 W AlarmManager: at dppt.h(:com.google.android.gms@234313038@23.43.13 (190400-577232161):1868)
11-14 14:24:59.331 1218 1448 W AlarmManager: at dppt.l(:com.google.android.gms@234313038@23.43.13 (190400-577232161):13)
11-14 14:24:59.331 1218 1448 W AlarmManager: at dqar.B(:com.google.android.gms@234313038@23.43.13 (190400-577232161):230)
11-14 14:24:59.331 1218 1448 W AlarmManager: at dqak.B(:com.google.android.gms@234313038@23.43.13 (190400-577232161):22)
11-14 14:24:59.331 1218 1448 W AlarmManager: at dpsq.handleMessage(:com.google.android.gms@234313038@23.43.13 (190400-577232161):444)
11-14 14:24:59.331 1218 1448 W AlarmManager: at android.os.Handler.dispatchMessage(Handler.java:106)
11-14 14:24:59.331 1218 1448 W AlarmManager: at bfsm.lG(:com.google.android.gms@234313038@23.43.13 (190400-577232161):1)
11-14 14:24:59.331 1218 1448 W AlarmManager: at bfsm.dispatchMessage(:com.google.android.gms@234313038@23.43.13 (190400-577232161):143)
11-14 14:24:59.331 1218 1448 W AlarmManager: at android.os.Looper.loopOnce(Looper.java:205)
11-14 14:24:59.331 1218 1448 W AlarmManager: at android.os.Looper.loop(Looper.java:294)
11-14 14:24:59.331 1218 1448 W AlarmManager: at android.os.HandlerThread.run(HandlerThread.java:67)
11-14 14:24:59.360 936 2866 I WifiHAL : In GetLinkStatsCommand::handleResponse
11-14 14:24:59.380 915 915 D GnssAidl: Gnss::injectLocation
11-14 14:24:59.380 1082 1082 D gpsd : WakeLock(Acquire,GPSD)
11-14 14:24:59.381 1218 1477 W FusedLocation: forcing availability [CONTEXT service_id=6 ]
11-14 14:24:59.383 1218 1477 I FusedLocation: (REDACTED) location delivery to %s blocked - too close
11-14 14:24:59.387 1218 1448 W AlarmManager: alarm window unlikely to be respected [CONTEXT service_id=231 ]
11-14 14:24:59.387 1218 1448 W AlarmManager: java.lang.IllegalArgumentException: alarm "NetworkLocationLocator" has short window length
11-14 14:24:59.387 1218 1448 W AlarmManager: at bffm.b(:com.google.android.gms@234313038@23.43.13 (190400-577232161):45)
11-14 14:24:59.387 1218 1448 W AlarmManager: at dptn.f(:com.google.android.gms@234313038@23.43.13 (190400-577232161):121)
11-14 14:24:59.387 1218 1448 W AlarmManager: at dppt.e(:com.google.android.gms@234313038@23.43.13 (190400-577232161):106)
11-14 14:24:59.387 1218 1448 W AlarmManager: at dpps.apply(:com.google.android.gms@234313038@23.43.13 (190400-577232161):670)
11-14 14:24:59.387 1218 1448 W AlarmManager: at ebuh.d(:com.google.android.gms@234313038@23.43.13 (190400-577232161):3)
11-14 14:24:59.387 1218 1448 W AlarmManager: at ebui.run(:com.google.android.gms@234313038@23.43.13 (190400-577232161):42)
11-14 14:24:59.387 1218 1448 W AlarmManager: at dpsq.handleMessage(:com.google.android.gms@234313038@23.43.13 (190400-577232161):91)
11-14 14:24:59.387 1218 1448 W AlarmManager: at android.os.Handler.dispatchMessage(Handler.java:106)
11-14 14:24:59.387 1218 1448 W AlarmManager: at bfsm.lG(:com.google.android.gms@234313038@23.43.13 (190400-577232161):1)
11-14 14:24:59.387 1218 1448 W AlarmManager: at bfsm.dispatchMessage(:com.google.android.gms@234313038@23.43.13 (190400-577232161):143)
11-14 14:24:59.387 1218 1448 W AlarmManager: at android.os.Looper.loopOnce(Looper.java:205)
11-14 14:24:59.387 1218 1448 W AlarmManager: at android.os.Looper.loop(Looper.java:294)
11-14 14:24:59.387 1218 1448 W AlarmManager: at android.os.HandlerThread.run(HandlerThread.java:67)
11-14 14:24:59.388 1218 1477 I FusedLocation: stationary throttling engaged [CONTEXT service_id=6 ]
11-14 14:24:59.397 1218 1477 I dpcj : Received empty WiFi-RTT scan. [CONTEXT service_id=6 ]
11-14 14:24:59.400 1218 1448 W AlarmManager: alarm window unlikely to be respected [CONTEXT service_id=231 ]
11-14 14:24:59.400 1218 1448 W AlarmManager: java.lang.IllegalArgumentException: alarm "NetworkLocationLocator" has short window length
11-14 14:24:59.400 1218 1448 W AlarmManager: at bffm.b(:com.google.android.gms@234313038@23.43.13 (190400-577232161):45)
11-14 14:24:59.400 1218 1448 W AlarmManager: at dptn.f(:com.google.android.gms@234313038@23.43.13 (190400-577232161):121)
11-14 14:24:59.400 1218 1448 W AlarmManager: at dppt.e(:com.google.android.gms@234313038@23.43.13 (190400-577232161):106)
11-14 14:24:59.400 1218 1448 W AlarmManager: at dppt.h(:com.google.android.gms@234313038@23.43.13 (190400-577232161):1868)
11-14 14:24:59.400 1218 1448 W AlarmManager: at dppt.g(:com.google.android.gms@234313038@23.43.13 (190400-577232161):499)
11-14 14:24:59.400 1218 1448 W AlarmManager: at dqar.x(:com.google.android.gms@234313038@23.43.13 (190400-577232161):9)
11-14 14:24:59.400 1218 1448 W AlarmManager: at dqak.x(:com.google.android.gms@234313038@23.43.13 (190400-577232161):22)
11-14 14:24:59.400 1218 1448 W AlarmManager: at dpsq.handleMessage(:com.google.android.gms@234313038@23.43.13 (190400-577232161):766)
11-14 14:24:59.400 1218 1448 W AlarmManager: at android.os.Handler.dispatchMessage(Handler.java:106)
11-14 14:24:59.400 1218 1448 W AlarmManager: at bfsm.lG(:com.google.android.gms@234313038@23.43.13 (190400-577232161):1)
11-14 14:24:59.400 1218 1448 W AlarmManager: at bfsm.dispatchMessage(:com.google.android.gms@234313038@23.43.13 (190400-577232161):143)
11-14 14:24:59.400 1218 1448 W AlarmManager: at android.os.Looper.loopOnce(Looper.java:205)
11-14 14:24:59.400 1218 1448 W AlarmManager: at android.os.Looper.loop(Looper.java:294)
11-14 14:24:59.400 1218 1448 W AlarmManager: at android.os.HandlerThread.run(HandlerThread.java:67)
11-14 14:24:59.482 1082 1082 D gpsd : WakeLock(Release,GPSD)
11-14 14:24:59.742 7047 7047 I trusty_metricsd: starting trusty_metricsd
11-14 14:24:59.742 7047 7047 I trusty_metricsd: trusty dev: /dev/trusty-ipc-dev0
11-14 14:24:59.747 7047 7047 E libtrusty: tipc_connect: can't connect to tipc service "com.android.trusty.metrics" (err=107)
11-14 14:24:59.747 7047 7047 E trusty_metricsd: failed to open TrustyMetricsPixel: failed to connect to Trusty metrics TA: Transport endpoint is not connected
11-14 14:24:59.747 7047 7047 E trusty_metricsd: failed to open Trusty metrics client
11-14 14:24:59.789 7048 7048 I flags_health_check: ServerConfigurableFlagsReset reset_mode value: 1
11-14 14:24:59.790 7048 7048 I flags_health_check: ServerConfigurableFlagsReset updatable crashing detected, resetting flags.
