11-14 14:21:19.753 864 864 D audio_hw_soundtrigger: st_comm_aud_event_monitor:codec dev:4 inactive
11-14 14:21:19.753 864 864 D audio_hw_soundtrigger: st_uc_monitor:uc:low-latency-playback inactive
11-14 14:21:19.753 864 864 I audio_hw_aoc: Mode Ambient is already selected
11-14 14:21:19.753 864 864 D audio_hw_waves: waves_usecase_event: low-latency-playback stop
11-14 14:21:21.131 1655 1677 I pixel-thermal: VIRTUAL-USB-UI:0 raw data: USB2-MINUS-CHG:-4898 VIRTUAL-USB-UI:0 charger_skin_therm:34978 usb_pwr_therm2:30080
11-14 14:21:21.134 1655 1677 I pixel-thermal: VIRTUAL-USB-THROTTLING:0 raw data: USB2-MINUS-CHG:-4898 VIRTUAL-USB-THROTTLING:0 usb_pwr_therm2:30080
11-14 14:21:21.135 1655 1677 I pixel-thermal: neutral_therm:29.813 raw data: neutral_therm:29813
11-14 14:21:23.956 889 901 D ContextHubHal: Got message from nanoapp: ID 0x476f6f676c001022
11-14 14:21:23.956 1128 1349 I CHRE : @ 1882027.406: [ip] Peak detected: magnitude = 0.102561 hpa, duration = 40.000000 ms
11-14 14:21:23.956 1441 1450 I CapoDetector: handleNanoappMessage, Id 5147455389092024354, type 3, size 8
11-14 14:21:23.957 905 1681 I suez-nanoapp-clients: Barometric peak detected: magnitude = 0.102562 hPa (bucket: 2), duration = 40.000000 ms (bucket: 3).
11-14 14:21:23.958 1472 1902 E ContextHubClientManager: Cannot send message to unregistered client (host endpoint ID = -28638)
11-14 14:21:23.960 905 1681 I suez-nanoapp-clients: Vendor atom [id = 100047] reported.
11-14 14:21:24.078 6539 6539 I trusty_metricsd: starting trusty_metricsd
11-14 14:21:24.078 6539 6539 I trusty_metricsd: trusty dev: /dev/trusty-ipc-dev0
11-14 14:21:24.084 6539 6539 E libtrusty: tipc_connect: can't connect to tipc service "com.android.trusty.metrics" (err=107)
11-14 14:21:24.084 6539 6539 E trusty_metricsd: failed to open TrustyMetricsPixel: failed to connect to Trusty metrics TA: Transport endpoint is not connected
11-14 14:21:24.084 6539 6539 E trusty_metricsd: failed to open Trusty metrics client
11-14 14:21:24.118 6541 6541 I flags_health_check: ServerConfigurableFlagsReset reset_mode value: 1
11-14 14:21:24.118 6541 6541 I flags_health_check: ServerConfigurableFlagsReset updatable crashing detected, resetting flags.
11-14 14:21:24.152 1942 1942 D DLObserver: onReceive(); android.intent.action.BATTERY_CHANGED
11-14 14:21:24.153 1942 1942 D DLObserver: plugged=2
11-14 14:21:24.155 1942 1942 D PowerNotificationWarningsGoogleImpl: onReceive: android.intent.action.BATTERY_CHANGED
11-14 14:21:24.156 1942 1942 D BatteryDefenderNotification: isPlugged: true | isOverheated: false | defenderEnabled: false | isCharged: false | isPluggedInDock: false
11-14 14:21:24.156 1942 1942 D IncompatibleChargerNotification: dispatchIntent: android.intent.action.BATTERY_CHANGED
11-14 14:21:24.160 1472 1986 D ActivityManager: sync unfroze 19704 com.google.android.apps.turbo
11-14 14:21:24.163 1472 1697 D ActivityManager: sync unfroze 30461 com.android.settings
11-14 14:21:24.165 30461 30461 D BatteryUsageBroadcastReceiver: onReceive:android.intent.action.BATTERY_LEVEL_CHANGED
11-14 14:21:24.187 1942 3398 D PowerUI : can't show warning due to - plugged: true status unknown: false
11-14 14:21:24.194 1942 1981 D BatteryInfoBroadcast: onReceive: android.intent.action.BATTERY_CHANGED, saverMode: false, remainingTime: 363516506
11-14 14:21:24.199 1472 1986 D ActivityManager: sync unfroze 8423 com.google.android.turboadapter
11-14 14:21:24.300 936 2866 I WifiHAL : Creating message to get link statistics; iface = 47
11-14 14:21:24.355 936 2866 I WifiHAL : In GetLinkStatsCommand::handleResponse
11-14 14:21:24.394 1472 1871 D ConnectivityService: NetReassign [no changes] [c 1] [a 0] [i 3]
11-14 14:21:27.001 8830 8830 I abb : StartCommandInProcess(73657474696e67730067657400656e61 settings.get.ena [truncated])
11-14 14:21:27.005 1472 1472 W binder:1472_1C: type=1400 audit(0.0:8526): avc: denied { getopt } for scontext=u:r:system_server:s0 tcontext=u:r:shell:s0 tclass=unix_stream_socket permissive=0
11-14 14:21:27.005 1472 1472 W binder:1472_1C: type=1400 audit(0.0:8527): avc: denied { getopt } for scontext=u:r:system_server:s0 tcontext=u:r:shell:s0 tclass=unix_stream_socket permissive=0
11-14 14:21:27.005 1472 1472 W binder:1472_1C: type=1400 audit(0.0:8528): avc: denied { getopt } for scontext=u:r:system_server:s0 tcontext=u:r:shell:s0 tclass=unix_stream_socket permissive=0
11-14 14:21:27.019 8830 8830 I abb : StartCommandInProcess(7061636b61676500696e7374616c6c00 package.install. [truncated])
11-14 14:21:27.813 1472 1472 W binder:1472_1C: type=1400 audit(0.0:8529): avc: denied { getopt } for scontext=u:r:system_server:s0 tcontext=u:r:shell:s0 tclass=unix_stream_socket permissive=0
11-14 14:21:27.980 1472 1807 D ActivityManager: freezing 12154 com.google.android.apps.wellbeing
11-14 14:21:29.078 6556 6556 I trusty_metricsd: starting trusty_metricsd
11-14 14:21:29.079 6556 6556 I trusty_metricsd: trusty dev: /dev/trusty-ipc-dev0
11-14 14:21:29.082 1472 1721 D ActivityManager: sync unfroze 3536 com.android.vending
11-14 14:21:29.082 6556 6556 E libtrusty: tipc_connect: can't connect to tipc service "com.android.trusty.metrics" (err=107)
11-14 14:21:29.082 6556 6556 E trusty_metricsd: failed to open TrustyMetricsPixel: failed to connect to Trusty metrics TA: Transport endpoint is not connected
11-14 14:21:29.082 6556 6556 E trusty_metricsd: failed to open Trusty metrics client
11-14 14:21:29.082 1472 1721 D ActivityManager: sync unfroze 19250 com.android.vending:instant_app_installer
11-14 14:21:29.083 1472 1721 D ActivityManager: sync unfroze 19084 com.android.vending:background
11-14 14:21:29.083 1472 1721 D ActivityManager: sync unfroze 19396 com.android.vending:quick_launch
11-14 14:21:29.094 19396 19422 I Finsky:quick_launch: [34] obt.run(189): Stats for Executor: bgExecutor okg@c1110da[Running, pool size = 4, active threads = 0, queued tasks = 0, completed tasks = 45]
11-14 14:21:29.095 19396 19422 I Finsky:quick_launch: [34] obt.run(189): Stats for Executor: LightweightExecutor okg@902c90b[Running, pool size = 0, active threads = 0, queued tasks = 0, completed tasks = 0]
11-14 14:21:29.095 19396 19422 I Finsky:quick_launch: [34] obt.run(189): Stats for Executor: BlockingExecutor okg@8f323e8[Running, pool size = 0, active threads = 0, queued tasks = 0, completed tasks = 0]
11-14 14:21:29.102 1472 1721 I PackageManager: Integrity check passed for file:///data/app/vmdl2063841741.tmp
11-14 14:21:29.102 6557 6557 I flags_health_check: ServerConfigurableFlagsReset reset_mode value: 1
11-14 14:21:29.102 6557 6557 I flags_health_check: ServerConfigurableFlagsReset updatable crashing detected, resetting flags.
11-14 14:21:29.104 3536 3536 I Finsky : [2] ahsn.c(76): VerifyApps: Install-time verification requested for package org.qtproject.example.contactlistexample, id = 123
11-14 14:21:29.112 3536 6558 I Finsky : [150] VerifyAppsInstallTask.ajB(63): VerifyApps: Anti-malware verification task started for package=org.qtproject.example.contactlistexample
11-14 14:21:29.114 3536 6558 I Finsky : [150] ahwp.a(65): Single user settings service is not running, bind it now
11-14 14:21:29.119 3536 3536 I Finsky : [2] qyy.onServiceConnected(96): Single user settings service is connected
11-14 14:21:29.126 3536 6558 W Settings: Setting install_non_market_apps has moved from android.provider.Settings.Global to android.provider.Settings.Secure, returning read-only value.
11-14 14:21:29.798 3536 6558 I Finsky : [150] pjx.e(31): Task 7 requested foreground
11-14 14:21:29.799 3536 6558 I Finsky : [150] pjx.e(90): Not entering foreground
11-14 14:21:29.992 3536 6562 I Finsky : [154] ahrq.f(77): VerifyApps: Verification package=org.qtproject.example.contactlistexample, id=123, response=0, upload_requested=false
11-14 14:21:30.005 3536 6558 I Finsky : [150] VerifyPerSourceInstallationConsentInstallTask.ajB(231): PSIC verification started with installer uid: 2000 package name: com.android.shell, originating uid: -1
11-14 14:21:30.007 3536 6558 I Finsky : [150] VerifyInstallTask.i(29): VerifyApps: Returning package verification result id=123, result=ALLOW
11-14 14:21:30.009 1472 1721 I PackageManager: Continuing with installation of file:///data/app/vmdl2063841741.tmp
11-14 14:21:30.078 1472 2129 D SafetySourceDataRepo: Package com.android.vending has expected signature
11-14 14:21:30.079 1472 2129 D SafetySourceDataRepo: Package com.android.vending has expected signature
11-14 14:21:30.157 1472 1697 I ActivityManager: Force stopping org.qtproject.example.contactlistexample appid=10277 user=-1: installPackageLI
11-14 14:21:30.158 1472 1697 E libprocessgroup: No such cgroup attribute: /sys/fs/cgroup/uid_-89723/cgroup.freeze
11-14 14:21:30.158 1472 1697 W libprocessgroup: Failed to apply Frozen process profile: No such file or directory
11-14 14:21:30.159 1472 1697 E libprocessgroup: No such cgroup attribute: /sys/fs/cgroup/uid_-89723/cgroup.freeze
11-14 14:21:30.159 1472 1697 W libprocessgroup: Failed to apply Unfrozen process profile: No such file or directory
11-14 14:21:30.160 1472 1721 I PackageManager: Update package org.qtproject.example.contactlistexample code path from /data/app/~~GuFYj1jfuzM_pE9wINyUvg==/org.qtproject.example.contactlistexample-WZG8elZ8gUGk_m7HE7y1tQ== to /data/app/~~0DgOWphTSyvuoLwIiGt2SQ==/org.qtproject.example.contactlistexample-zhXLXQFVFuDZgjejT8zl7Q==; Retain data and using new
11-14 14:21:30.160 1472 1721 I AppsFilter: interaction: PackageSetting{a971eec org.qtproject.example.qmlchart/10248} -> PackageSetting{7a0bc19 org.qtproject.example.contactlistexample/10277} BLOCKED
11-14 14:21:30.160 1472 1721 I AppsFilter: interaction: PackageSetting{c7356c0 org.qtproject.example.vulkanunderqml/10267} -> PackageSetting{7a0bc19 org.qtproject.example.contactlistexample/10277} BLOCKED
11-14 14:21:30.160 1472 1721 I AppsFilter: interaction: PackageSetting{473e1f2 com.qt.finweather/10286} -> PackageSetting{7a0bc19 org.qtproject.example.contactlistexample/10277} BLOCKED
11-14 14:21:30.160 1472 1721 I AppsFilter: interaction: PackageSetting{b6720a7 org.qtproject.example.appQTBUG_38700_example/10269} -> PackageSetting{7a0bc19 org.qtproject.example.contactlistexample/10277} BLOCKED
11-14 14:21:30.160 1472 1721 I AppsFilter: interaction: PackageSetting{e968aaf org.qtproject.example.minimal_qml/10262} -> PackageSetting{7a0bc19 org.qtproject.example.contactlistexample/10277} BLOCKED
11-14 14:21:30.160 1472 1721 I AppsFilter: interaction: PackageSetting{d5ddbb7 org.qtproject.example.qmloscilloscope/10255} -> PackageSetting{7a0bc19 org.qtproject.example.contactlistexample/10277} BLOCKED
11-14 14:21:30.160 1472 1721 I AppsFilter: interaction: PackageSetting{1bb2e8f org.qtproject.example.calqlatrexample/10266} -> PackageSetting{7a0bc19 org.qtproject.example.contactlistexample/10277} BLOCKED
11-14 14:21:30.160 1472 1721 I AppsFilter: interaction: PackageSetting{6b2f6e1 org.qtproject.example.appqt66beta1androidquickexample/10256} -> PackageSetting{7a0bc19 org.qtproject.example.contactlistexample/10277} BLOCKED
11-14 14:21:30.160 1472 1721 I AppsFilter: interaction: PackageSetting{5cde19a org.qtproject.example.coffee/10279} -> PackageSetting{7a0bc19 org.qtproject.example.contactlistexample/10277} BLOCKED
11-14 14:21:30.160 1472 1721 I AppsFilter: interaction: PackageSetting{681d2eb org.qtproject.example.contactlist/10252} -> PackageSetting{7a0bc19 org.qtproject.example.contactlistexample/10277} BLOCKED
11-14 14:21:30.160 1472 1721 I AppsFilter: interaction: PackageSetting{2c049b9 org.qtproject.example.appmuu/10287} -> PackageSetting{7a0bc19 org.qtproject.example.contactlistexample/10277} BLOCKED
11-14 14:21:30.161 1472 1721 I AppsFilter: interaction: PackageSetting{4264ce2 org.qtproject.example.qtbug98766_compat/10289} -> PackageSetting{7a0bc19 org.qtproject.example.contactlistexample/10277} BLOCKED
11-14 14:21:30.161 1472 1721 I AppsFilter: interaction: PackageSetting{e48a5d7 org.qtproject.example.galleryexample/10265} -> PackageSetting{7a0bc19 org.qtproject.example.contactlistexample/10277} BLOCKED
11-14 14:21:30.161 1472 1721 I AppsFilter: interaction: PackageSetting{32cb918 org.qtproject.example.objectlistmodelexample/10263} -> PackageSetting{7a0bc19 org.qtproject.example.contactlistexample/10277} BLOCKED
11-14 14:21:30.161 1472 1721 I AppsFilter: interaction: PackageSetting{54ce4c9 org.qtproject.example.testFont/10270} -> PackageSetting{7a0bc19 org.qtproject.example.contactlistexample/10277} BLOCKED
11-14 14:21:30.161 1472 1721 I AppsFilter: interaction: PackageSetting{d136cd0 org.qtproject.example.widgetdeom/10259} -> PackageSetting{7a0bc19 org.qtproject.example.contactlistexample/10277} BLOCKED
11-14 14:21:30.161 1472 1721 I AppsFilter: interaction: PackageSetting{88b8d1b org.qtproject.example.declarative_camera/10253} -> PackageSetting{7a0bc19 org.qtproject.example.contactlistexample/10277} BLOCKED
11-14 14:21:30.161 1472 1721 I AppsFilter: interaction: PackageSetting{246c121 com.test.ouluweather/10268} -> PackageSetting{7a0bc19 org.qtproject.example.contactlistexample/10277} BLOCKED
11-14 14:21:30.161 1472 1721 I AppsFilter: interaction: PackageSetting{5638a6e com.google.android.microdroid.empty_payload/10246} -> PackageSetting{7a0bc19 org.qtproject.example.contactlistexample/10277} BLOCKED
11-14 14:21:30.161 1472 1721 I AppsFilter: interaction: PackageSetting{b8bf670 org.qtproject.example.calendarwidget/10278} -> PackageSetting{7a0bc19 org.qtproject.example.contactlistexample/10277} BLOCKED
11-14 14:21:30.161 1472 1721 I AppsFilter: interaction: PackageSetting{e574d7d org.qtproject.example.QTBUG97503/10284} -> PackageSetting{7a0bc19 org.qtproject.example.contactlistexample/10277} BLOCKED
11-14 14:21:30.161 1472 1721 I AppsFilter: interaction: PackageSetting{59c4cd3 org.qtproject.example.unicode_bug/10280} -> PackageSetting{7a0bc19 org.qtproject.example.contactlistexample/10277} BLOCKED
11-14 14:21:30.161 1472 1721 I AppsFilter: interaction: PackageSetting{277dda4 com.example.qtbug/10276} -> PackageSetting{7a0bc19 org.qtproject.example.contactlistexample/10277} BLOCKED
11-14 14:21:30.161 1472 1721 I AppsFilter: interaction: PackageSetting{607ced1 org.qtproject.example.implicit_height/10275} -> PackageSetting{7a0bc19 org.qtproject.example.contactlistexample/10277} BLOCKED
11-14 14:21:30.161 1472 1721 I AppsFilter: interaction: PackageSetting{a26c3f org.qtproject.example.simplemqttclient/10254} -> PackageSetting{7a0bc19 org.qtproject.example.contactlistexample/10277} BLOCKED
11-14 14:21:30.161 1472 1721 I AppsFilter: interaction: PackageSetting{171305e org.qtproject.example.qtbug90324/10271} -> PackageSetting{7a0bc19 org.qtproject.example.contactlistexample/10277} BLOCKED
11-14 14:21:30.161 1472 1721 I AppsFilter: interaction: PackageSetting{739d6f org.qtproject.example.qtbug87334/10247} -> PackageSetting{7a0bc19 org.qtproject.example.contactlistexample/10277} BLOCKED
11-14 14:21:30.161 1472 1721 I AppsFilter: interaction: PackageSetting{d740599 org.qtproject.example.qtbug40728/10273} -> PackageSetting{7a0bc19 org.qtproject.example.contactlistexample/10277} BLOCKED
11-14 14:21:30.161 1472 1721 I AppsFilter: interaction: PackageSetting{89b3c9d org.qtproject.example.Android_keyboard_cover/10283} -> PackageSetting{7a0bc19 org.qtproject.example.contactlistexample/10277} BLOCKED
11-14 14:21:30.161 1472 1721 I AppsFilter: interaction: PackageSetting{fde6ec8 org.qtproject.example.appqtbug98776_for_qtbug114437/10281} -> PackageSetting{7a0bc19 org.qtproject.example.contactlistexample/10277} BLOCKED
11-14 14:21:30.161 1472 1721 I AppsFilter: interaction: PackageSetting{2cd19b0 org.qtproject.example/10282} -> PackageSetting{7a0bc19 org.qtproject.example.contactlistexample/10277} BLOCKED
11-14 14:21:30.161 1472 1721 I AppsFilter: interaction: PackageSetting{d382e57 org.qtproject.example.textfinder/10272} -> PackageSetting{7a0bc19 org.qtproject.example.contactlistexample/10277} BLOCKED
11-14 14:21:30.161 1472 1721 I AppsFilter: interaction: PackageSetting{47d83f1 org.qtproject.example.openglunderqml/10251} -> PackageSetting{7a0bc19 org.qtproject.example.contactlistexample/10277} BLOCKED
11-14 14:21:30.161 1472 1721 I AppsFilter: interaction: PackageSetting{143ef98 org.qtproject.example.texteditor/10285} -> PackageSetting{7a0bc19 org.qtproject.example.contactlistexample/10277} BLOCKED
11-14 14:21:30.161 1472 1721 I AppsFilter: interaction: PackageSetting{59234ac org.qtproject.example.hellocube/10258} -> PackageSetting{7a0bc19 org.qtproject.example.contactlistexample/10277} BLOCKED
11-14 14:21:30.161 1472 1721 I AppsFilter: interaction: PackageSetting{a174853 org.qtproject.example.texteditorexample/10290} -> PackageSetting{7a0bc19 org.qtproject.example.contactlistexample/10277} BLOCKED
11-14 14:21:30.161 1472 1721 I AppsFilter: interaction: PackageSetting{f13b073 org.qtproject.example.highdpi/10288} -> PackageSetting{7a0bc19 org.qtproject.example.contactlistexample/10277} BLOCKED
11-14 14:21:30.161 1472 1721 I AppsFilter: interaction: PackageSetting{cae2aca org.qtproject.example.deleteme/10291} -> PackageSetting{7a0bc19 org.qtproject.example.contactlistexample/10277} BLOCKED
11-14 14:21:30.161 1472 1721 I AppsFilter: interaction: PackageSetting{c514d9b org.qtproject.example.quickspeech/10274} -> PackageSetting{7a0bc19 org.qtproject.example.contactlistexample/10277} BLOCKED
11-14 14:21:30.161 1472 1721 I AppsFilter: interaction: PackageSetting{a971eec org.qtproject.example.qmlchart/10248} -> PackageSetting{2c11bbd org.qtproject.example.contactlistexample/10277} BLOCKED
11-14 14:21:30.161 1472 1721 I AppsFilter: interaction: PackageSetting{c7356c0 org.qtproject.example.vulkanunderqml/10267} -> PackageSetting{2c11bbd org.qtproject.example.contactlistexample/10277} BLOCKED
11-14 14:21:30.161 1472 1721 I AppsFilter: interaction: PackageSetting{473e1f2 com.qt.finweather/10286} -> PackageSetting{2c11bbd org.qtproject.example.contactlistexample/10277} BLOCKED
11-14 14:21:30.161 1472 1721 I AppsFilter: interaction: PackageSetting{b6720a7 org.qtproject.example.appQTBUG_38700_example/10269} -> PackageSetting{2c11bbd org.qtproject.example.contactlistexample/10277} BLOCKED
11-14 14:21:30.161 1472 1721 I AppsFilter: interaction: PackageSetting{e968aaf org.qtproject.example.minimal_qml/10262} -> PackageSetting{2c11bbd org.qtproject.example.contactlistexample/10277} BLOCKED
11-14 14:21:30.161 1472 1721 I AppsFilter: interaction: PackageSetting{d5ddbb7 org.qtproject.example.qmloscilloscope/10255} -> PackageSetting{2c11bbd org.qtproject.example.contactlistexample/10277} BLOCKED
11-14 14:21:30.161 1472 1721 I AppsFilter: interaction: PackageSetting{1bb2e8f org.qtproject.example.calqlatrexample/10266} -> PackageSetting{2c11bbd org.qtproject.example.contactlistexample/10277} BLOCKED
11-14 14:21:30.161 1472 1721 I AppsFilter: interaction: PackageSetting{6b2f6e1 org.qtproject.example.appqt66beta1androidquickexample/10256} -> PackageSetting{2c11bbd org.qtproject.example.contactlistexample/10277} BLOCKED
11-14 14:21:30.161 1472 1721 I AppsFilter: interaction: PackageSetting{5cde19a org.qtproject.example.coffee/10279} -> PackageSetting{2c11bbd org.qtproject.example.contactlistexample/10277} BLOCKED
11-14 14:21:30.161 1472 1721 I AppsFilter: interaction: PackageSetting{681d2eb org.qtproject.example.contactlist/10252} -> PackageSetting{2c11bbd org.qtproject.example.contactlistexample/10277} BLOCKED
11-14 14:21:30.161 1472 1721 I AppsFilter: interaction: PackageSetting{2c049b9 org.qtproject.example.appmuu/10287} -> PackageSetting{2c11bbd org.qtproject.example.contactlistexample/10277} BLOCKED
11-14 14:21:30.161 1472 1721 I AppsFilter: interaction: PackageSetting{4264ce2 org.qtproject.example.qtbug98766_compat/10289} -> PackageSetting{2c11bbd org.qtproject.example.contactlistexample/10277} BLOCKED
11-14 14:21:30.161 1472 1721 I AppsFilter: interaction: PackageSetting{e48a5d7 org.qtproject.example.galleryexample/10265} -> PackageSetting{2c11bbd org.qtproject.example.contactlistexample/10277} BLOCKED
11-14 14:21:30.161 1472 1721 I AppsFilter: interaction: PackageSetting{32cb918 org.qtproject.example.objectlistmodelexample/10263} -> PackageSetting{2c11bbd org.qtproject.example.contactlistexample/10277} BLOCKED
11-14 14:21:30.161 1472 1721 I AppsFilter: interaction: PackageSetting{54ce4c9 org.qtproject.example.testFont/10270} -> PackageSetting{2c11bbd org.qtproject.example.contactlistexample/10277} BLOCKED
11-14 14:21:30.161 1472 1721 I AppsFilter: interaction: PackageSetting{d136cd0 org.qtproject.example.widgetdeom/10259} -> PackageSetting{2c11bbd org.qtproject.example.contactlistexample/10277} BLOCKED
11-14 14:21:30.161 1472 1721 I AppsFilter: interaction: PackageSetting{88b8d1b org.qtproject.example.declarative_camera/10253} -> PackageSetting{2c11bbd org.qtproject.example.contactlistexample/10277} BLOCKED
11-14 14:21:30.161 1472 1721 I AppsFilter: interaction: PackageSetting{246c121 com.test.ouluweather/10268} -> PackageSetting{2c11bbd org.qtproject.example.contactlistexample/10277} BLOCKED
11-14 14:21:30.161 1472 1721 I AppsFilter: interaction: PackageSetting{5638a6e com.google.android.microdroid.empty_payload/10246} -> PackageSetting{2c11bbd org.qtproject.example.contactlistexample/10277} BLOCKED
11-14 14:21:30.161 1472 1721 I AppsFilter: interaction: PackageSetting{b8bf670 org.qtproject.example.calendarwidget/10278} -> PackageSetting{2c11bbd org.qtproject.example.contactlistexample/10277} BLOCKED
11-14 14:21:30.161 1472 1721 I AppsFilter: interaction: PackageSetting{e574d7d org.qtproject.example.QTBUG97503/10284} -> PackageSetting{2c11bbd org.qtproject.example.contactlistexample/10277} BLOCKED
11-14 14:21:30.161 1472 1721 I AppsFilter: interaction: PackageSetting{59c4cd3 org.qtproject.example.unicode_bug/10280} -> PackageSetting{2c11bbd org.qtproject.example.contactlistexample/10277} BLOCKED
11-14 14:21:30.161 1472 1721 I AppsFilter: interaction: PackageSetting{277dda4 com.example.qtbug/10276} -> PackageSetting{2c11bbd org.qtproject.example.contactlistexample/10277} BLOCKED
11-14 14:21:30.161 1472 1721 I AppsFilter: interaction: PackageSetting{607ced1 org.qtproject.example.implicit_height/10275} -> PackageSetting{2c11bbd org.qtproject.example.contactlistexample/10277} BLOCKED
11-14 14:21:30.161 1472 1721 I AppsFilter: interaction: PackageSetting{a26c3f org.qtproject.example.simplemqttclient/10254} -> PackageSetting{2c11bbd org.qtproject.example.contactlistexample/10277} BLOCKED
11-14 14:21:30.161 1472 1721 I AppsFilter: interaction: PackageSetting{171305e org.qtproject.example.qtbug90324/10271} -> PackageSetting{2c11bbd org.qtproject.example.contactlistexample/10277} BLOCKED
11-14 14:21:30.161 1472 1721 I AppsFilter: interaction: PackageSetting{739d6f org.qtproject.example.qtbug87334/10247} -> PackageSetting{2c11bbd org.qtproject.example.contactlistexample/10277} BLOCKED
11-14 14:21:30.162 1472 1721 I AppsFilter: interaction: PackageSetting{d740599 org.qtproject.example.qtbug40728/10273} -> PackageSetting{2c11bbd org.qtproject.example.contactlistexample/10277} BLOCKED
11-14 14:21:30.162 1472 1721 I AppsFilter: interaction: PackageSetting{89b3c9d org.qtproject.example.Android_keyboard_cover/10283} -> PackageSetting{2c11bbd org.qtproject.example.contactlistexample/10277} BLOCKED
11-14 14:21:30.162 1472 1721 I AppsFilter: interaction: PackageSetting{fde6ec8 org.qtproject.example.appqtbug98776_for_qtbug114437/10281} -> PackageSetting{2c11bbd org.qtproject.example.contactlistexample/10277} BLOCKED
11-14 14:21:30.162 1472 1721 I AppsFilter: interaction: PackageSetting{2cd19b0 org.qtproject.example/10282} -> PackageSetting{2c11bbd org.qtproject.example.contactlistexample/10277} BLOCKED
11-14 14:21:30.162 1472 1721 I AppsFilter: interaction: PackageSetting{d382e57 org.qtproject.example.textfinder/10272} -> PackageSetting{2c11bbd org.qtproject.example.contactlistexample/10277} BLOCKED
11-14 14:21:30.162 1472 1721 I AppsFilter: interaction: PackageSetting{47d83f1 org.qtproject.example.openglunderqml/10251} -> PackageSetting{2c11bbd org.qtproject.example.contactlistexample/10277} BLOCKED
11-14 14:21:30.162 1472 1721 I AppsFilter: interaction: PackageSetting{143ef98 org.qtproject.example.texteditor/10285} -> PackageSetting{2c11bbd org.qtproject.example.contactlistexample/10277} BLOCKED
11-14 14:21:30.162 1472 1721 I AppsFilter: interaction: PackageSetting{59234ac org.qtproject.example.hellocube/10258} -> PackageSetting{2c11bbd org.qtproject.example.contactlistexample/10277} BLOCKED
11-14 14:21:30.162 1472 1721 I AppsFilter: interaction: PackageSetting{a174853 org.qtproject.example.texteditorexample/10290} -> PackageSetting{2c11bbd org.qtproject.example.contactlistexample/10277} BLOCKED
11-14 14:21:30.162 1472 1721 I AppsFilter: interaction: PackageSetting{f13b073 org.qtproject.example.highdpi/10288} -> PackageSetting{2c11bbd org.qtproject.example.contactlistexample/10277} BLOCKED
11-14 14:21:30.162 1472 1721 I AppsFilter: interaction: PackageSetting{cae2aca org.qtproject.example.deleteme/10291} -> PackageSetting{2c11bbd org.qtproject.example.contactlistexample/10277} BLOCKED
11-14 14:21:30.162 1472 1721 I AppsFilter: interaction: PackageSetting{c514d9b org.qtproject.example.quickspeech/10274} -> PackageSetting{2c11bbd org.qtproject.example.contactlistexample/10277} BLOCKED
11-14 14:21:30.165 1472 1721 I PermissionManager: Permission ownership changed. Updating all permissions.
11-14 14:21:30.296 6564 6564 I artd : Starting artd
11-14 14:21:30.297 6564 6564 I AidlLazyServiceRegistrar: Registering service artd
11-14 14:21:30.301 6564 6566 I AidlLazyServiceRegistrar: Process has 1 (of 1 available) client(s) in use after notification artd has clients: 1
11-14 14:21:30.308 1472 1721 I AppsFilter: interaction: PackageSetting{a971eec org.qtproject.example.qmlchart/10248} -> PackageSetting{2c11bbd org.qtproject.example.contactlistexample/10277} BLOCKED
11-14 14:21:30.308 1472 1721 I AppsFilter: interaction: PackageSetting{c7356c0 org.qtproject.example.vulkanunderqml/10267} -> PackageSetting{2c11bbd org.qtproject.example.contactlistexample/10277} BLOCKED
11-14 14:21:30.308 1472 1721 I AppsFilter: interaction: PackageSetting{473e1f2 com.qt.finweather/10286} -> PackageSetting{2c11bbd org.qtproject.example.contactlistexample/10277} BLOCKED
11-14 14:21:30.308 1472 1721 I AppsFilter: interaction: PackageSetting{b6720a7 org.qtproject.example.appQTBUG_38700_example/10269} -> PackageSetting{2c11bbd org.qtproject.example.contactlistexample/10277} BLOCKED
11-14 14:21:30.308 1472 1721 I AppsFilter: interaction: PackageSetting{e968aaf org.qtproject.example.minimal_qml/10262} -> PackageSetting{2c11bbd org.qtproject.example.contactlistexample/10277} BLOCKED
11-14 14:21:30.308 1472 1721 I AppsFilter: interaction: PackageSetting{d5ddbb7 org.qtproject.example.qmloscilloscope/10255} -> PackageSetting{2c11bbd org.qtproject.example.contactlistexample/10277} BLOCKED
11-14 14:21:30.308 1472 1721 I AppsFilter: interaction: PackageSetting{1bb2e8f org.qtproject.example.calqlatrexample/10266} -> PackageSetting{2c11bbd org.qtproject.example.contactlistexample/10277} BLOCKED
11-14 14:21:30.308 1472 1721 I AppsFilter: interaction: PackageSetting{6b2f6e1 org.qtproject.example.appqt66beta1androidquickexample/10256} -> PackageSetting{2c11bbd org.qtproject.example.contactlistexample/10277} BLOCKED
11-14 14:21:30.308 1472 1721 I AppsFilter: interaction: PackageSetting{5cde19a org.qtproject.example.coffee/10279} -> PackageSetting{2c11bbd org.qtproject.example.contactlistexample/10277} BLOCKED
11-14 14:21:30.308 1472 1721 I AppsFilter: interaction: PackageSetting{681d2eb org.qtproject.example.contactlist/10252} -> PackageSetting{2c11bbd org.qtproject.example.contactlistexample/10277} BLOCKED
11-14 14:21:30.308 1472 1721 I AppsFilter: interaction: PackageSetting{2c049b9 org.qtproject.example.appmuu/10287} -> PackageSetting{2c11bbd org.qtproject.example.contactlistexample/10277} BLOCKED
11-14 14:21:30.309 1472 1721 I AppsFilter: interaction: PackageSetting{4264ce2 org.qtproject.example.qtbug98766_compat/10289} -> PackageSetting{2c11bbd org.qtproject.example.contactlistexample/10277} BLOCKED
11-14 14:21:30.309 1472 1721 I AppsFilter: interaction: PackageSetting{e48a5d7 org.qtproject.example.galleryexample/10265} -> PackageSetting{2c11bbd org.qtproject.example.contactlistexample/10277} BLOCKED
11-14 14:21:30.309 1472 1721 I AppsFilter: interaction: PackageSetting{32cb918 org.qtproject.example.objectlistmodelexample/10263} -> PackageSetting{2c11bbd org.qtproject.example.contactlistexample/10277} BLOCKED
11-14 14:21:30.309 1472 1721 I AppsFilter: interaction: PackageSetting{54ce4c9 org.qtproject.example.testFont/10270} -> PackageSetting{2c11bbd org.qtproject.example.contactlistexample/10277} BLOCKED
11-14 14:21:30.309 1472 1721 I AppsFilter: interaction: PackageSetting{d136cd0 org.qtproject.example.widgetdeom/10259} -> PackageSetting{2c11bbd org.qtproject.example.contactlistexample/10277} BLOCKED
11-14 14:21:30.309 1472 1721 I AppsFilter: interaction: PackageSetting{88b8d1b org.qtproject.example.declarative_camera/10253} -> PackageSetting{2c11bbd org.qtproject.example.contactlistexample/10277} BLOCKED
11-14 14:21:30.309 1472 1721 I AppsFilter: interaction: PackageSetting{246c121 com.test.ouluweather/10268} -> PackageSetting{2c11bbd org.qtproject.example.contactlistexample/10277} BLOCKED
11-14 14:21:30.309 1472 1721 I AppsFilter: interaction: PackageSetting{5638a6e com.google.android.microdroid.empty_payload/10246} -> PackageSetting{2c11bbd org.qtproject.example.contactlistexample/10277} BLOCKED
11-14 14:21:30.309 1472 1721 I AppsFilter: interaction: PackageSetting{b8bf670 org.qtproject.example.calendarwidget/10278} -> PackageSetting{2c11bbd org.qtproject.example.contactlistexample/10277} BLOCKED
11-14 14:21:30.309 1472 1721 I AppsFilter: interaction: PackageSetting{e574d7d org.qtproject.example.QTBUG97503/10284} -> PackageSetting{2c11bbd org.qtproject.example.contactlistexample/10277} BLOCKED
11-14 14:21:30.309 1472 1721 I AppsFilter: interaction: PackageSetting{59c4cd3 org.qtproject.example.unicode_bug/10280} -> PackageSetting{2c11bbd org.qtproject.example.contactlistexample/10277} BLOCKED
11-14 14:21:30.309 1472 1721 I AppsFilter: interaction: PackageSetting{277dda4 com.example.qtbug/10276} -> PackageSetting{2c11bbd org.qtproject.example.contactlistexample/10277} BLOCKED
11-14 14:21:30.309 1472 1721 I AppsFilter: interaction: PackageSetting{607ced1 org.qtproject.example.implicit_height/10275} -> PackageSetting{2c11bbd org.qtproject.example.contactlistexample/10277} BLOCKED
11-14 14:21:30.309 1472 1721 I AppsFilter: interaction: PackageSetting{a26c3f org.qtproject.example.simplemqttclient/10254} -> PackageSetting{2c11bbd org.qtproject.example.contactlistexample/10277} BLOCKED
11-14 14:21:30.309 1472 1721 I AppsFilter: interaction: PackageSetting{171305e org.qtproject.example.qtbug90324/10271} -> PackageSetting{2c11bbd org.qtproject.example.contactlistexample/10277} BLOCKED
11-14 14:21:30.309 1472 1721 I AppsFilter: interaction: PackageSetting{739d6f org.qtproject.example.qtbug87334/10247} -> PackageSetting{2c11bbd org.qtproject.example.contactlistexample/10277} BLOCKED
11-14 14:21:30.309 1472 1721 I AppsFilter: interaction: PackageSetting{d740599 org.qtproject.example.qtbug40728/10273} -> PackageSetting{2c11bbd org.qtproject.example.contactlistexample/10277} BLOCKED
11-14 14:21:30.309 1472 1721 I AppsFilter: interaction: PackageSetting{89b3c9d org.qtproject.example.Android_keyboard_cover/10283} -> PackageSetting{2c11bbd org.qtproject.example.contactlistexample/10277} BLOCKED
11-14 14:21:30.309 1472 1721 I AppsFilter: interaction: PackageSetting{fde6ec8 org.qtproject.example.appqtbug98776_for_qtbug114437/10281} -> PackageSetting{2c11bbd org.qtproject.example.contactlistexample/10277} BLOCKED
11-14 14:21:30.309 1472 1721 I AppsFilter: interaction: PackageSetting{2cd19b0 org.qtproject.example/10282} -> PackageSetting{2c11bbd org.qtproject.example.contactlistexample/10277} BLOCKED
11-14 14:21:30.309 1472 1721 I AppsFilter: interaction: PackageSetting{d382e57 org.qtproject.example.textfinder/10272} -> PackageSetting{2c11bbd org.qtproject.example.contactlistexample/10277} BLOCKED
11-14 14:21:30.309 1472 1721 I AppsFilter: interaction: PackageSetting{47d83f1 org.qtproject.example.openglunderqml/10251} -> PackageSetting{2c11bbd org.qtproject.example.contactlistexample/10277} BLOCKED
11-14 14:21:30.309 1472 1721 I AppsFilter: interaction: PackageSetting{143ef98 org.qtproject.example.texteditor/10285} -> PackageSetting{2c11bbd org.qtproject.example.contactlistexample/10277} BLOCKED
11-14 14:21:30.309 1472 1721 I AppsFilter: interaction: PackageSetting{59234ac org.qtproject.example.hellocube/10258} -> PackageSetting{2c11bbd org.qtproject.example.contactlistexample/10277} BLOCKED
11-14 14:21:30.309 1472 1721 I AppsFilter: interaction: PackageSetting{a174853 org.qtproject.example.texteditorexample/10290} -> PackageSetting{2c11bbd org.qtproject.example.contactlistexample/10277} BLOCKED
11-14 14:21:30.309 1472 1721 I AppsFilter: interaction: PackageSetting{f13b073 org.qtproject.example.highdpi/10288} -> PackageSetting{2c11bbd org.qtproject.example.contactlistexample/10277} BLOCKED
11-14 14:21:30.309 1472 1721 I AppsFilter: interaction: PackageSetting{cae2aca org.qtproject.example.deleteme/10291} -> PackageSetting{2c11bbd org.qtproject.example.contactlistexample/10277} BLOCKED
11-14 14:21:30.309 1472 1721 I AppsFilter: interaction: PackageSetting{c514d9b org.qtproject.example.quickspeech/10274} -> PackageSetting{2c11bbd org.qtproject.example.contactlistexample/10277} BLOCKED
11-14 14:21:30.335 1472 1721 I ActivityManager: Force stopping org.qtproject.example.contactlistexample appid=10277 user=0: pkg removed
11-14 14:21:30.366 1472 1721 D CompatibilityChangeReporter: Compat change id reported: 168419799; UID 10277; state: DISABLED
11-14 14:21:30.367 1472 1721 D CompatibilityChangeReporter: Compat change id reported: 273564678; UID 10277; state: DISABLED
11-14 14:21:30.383 1472 1721 D PackageInstallerSession: Marking session 2063841741 as applied
11-14 14:21:30.383 1056 1799 E installd: Couldn't opendir /data/app/vmdl2063841741.tmp: No such file or directory
11-14 14:21:30.383 1056 1799 E installd: Failed to delete /data/app/vmdl2063841741.tmp: No such file or directory
11-14 14:21:30.381 1472 1472 W binder:1472_1C: type=1400 audit(0.0:8530): avc: denied { getopt } for scontext=u:r:system_server:s0 tcontext=u:r:shell:s0 tclass=unix_stream_socket permissive=0
11-14 14:21:30.381 1472 1472 W binder:1472_1C: type=1400 audit(0.0:8531): avc: denied { getopt } for scontext=u:r:system_server:s0 tcontext=u:r:shell:s0 tclass=unix_stream_socket permissive=0
11-14 14:21:30.386 1472 1472 D ActivityManager: sync unfroze 3999 com.android.keychain
11-14 14:21:30.381 1472 1472 W binder:1472_1C: type=1400 audit(0.0:8532): avc: denied { getopt } for scontext=u:r:system_server:s0 tcontext=u:r:shell:s0 tclass=unix_stream_socket permissive=0
11-14 14:21:30.392 936 2866 I WifiHAL : Creating message to get link statistics; iface = 47
11-14 14:21:30.401 2357 2357 D CarrierSvcBindHelper: onPackageUpdateFinished: org.qtproject.example.contactlistexample
11-14 14:21:30.402 2357 2357 D CarrierSvcBindHelper: No carrier app for: 0
11-14 14:21:30.402 2357 2357 D CarrierSvcBindHelper: onPackageModified: org.qtproject.example.contactlistexample
11-14 14:21:30.402 2357 2357 D CarrierSvcBindHelper: No carrier app for: 0
11-14 14:21:30.403 2357 2612 D EuiccConnector: handleMessage: E msg.what=1
11-14 14:21:30.403 2357 2612 D EuiccConnector: processMsg: AvailableState
11-14 14:21:30.403 2357 2612 D EuiccConnector: processMsg: UnavailableState
11-14 14:21:30.404 2357 2612 D EuiccConnector: transitionTo: destState=AvailableState
11-14 14:21:30.406 2357 2612 D EuiccConnector: handleMessage: new destination call exit/enter
11-14 14:21:30.406 2357 2612 D EuiccConnector: setupTempStateStackWithStatesToEnter: X mTempStateStackCount=1,curStateInfo: state=UnavailableState,active=true,parent=null
11-14 14:21:30.406 2357 2612 D EuiccConnector: invokeExitMethods: AvailableState
11-14 14:21:30.406 2357 2612 D EuiccConnector: moveTempStackToStateStack: i=0,j=1
11-14 14:21:30.406 2357 2612 D EuiccConnector: moveTempStackToStateStack: X mStateStackTop=1,startingIndex=1,Top=AvailableState
11-14 14:21:30.406 2357 2612 D EuiccConnector: invokeEnterMethods: AvailableState
11-14 14:21:30.406 2357 2612 D EuiccConnector: handleMessage: X
11-14 14:21:30.406 2357 2612 D EuiccConnector: handleMessage: E msg.what=1
11-14 14:21:30.406 2357 2612 D EuiccConnector: processMsg: AvailableState
11-14 14:21:30.406 2357 2612 D EuiccConnector: processMsg: UnavailableState
11-14 14:21:30.408 2357 2612 D EuiccConnector: transitionTo: destState=AvailableState
11-14 14:21:30.414 1942 1956 W System : A resource failed to call HardwareBuffer.close.
11-14 14:21:30.414 1942 1956 W System : A resource failed to call release.
11-14 14:21:30.414 1942 1956 W System : A resource failed to call release.
11-14 14:21:30.414 1942 1956 W System : A resource failed to call release.
11-14 14:21:30.414 1942 1956 W System : A resource failed to call release.
11-14 14:21:30.414 1942 1956 W System : A resource failed to call release.
11-14 14:21:30.415 2357 2612 D EuiccConnector: handleMessage: new destination call exit/enter
11-14 14:21:30.415 2357 2612 D EuiccConnector: setupTempStateStackWithStatesToEnter: X mTempStateStackCount=1,curStateInfo: state=UnavailableState,active=true,parent=null
11-14 14:21:30.415 2357 2612 D EuiccConnector: invokeExitMethods: AvailableState
11-14 14:21:30.416 2357 2612 D EuiccConnector: moveTempStackToStateStack: i=0,j=1
11-14 14:21:30.416 2357 2612 D EuiccConnector: moveTempStackToStateStack: X mStateStackTop=1,startingIndex=1,Top=AvailableState
11-14 14:21:30.416 2357 2612 D EuiccConnector: invokeEnterMethods: AvailableState
11-14 14:21:30.416 2357 2612 D EuiccConnector: handleMessage: X
11-14 14:21:30.416 2357 2612 D EuiccConnector: handleMessage: E msg.what=103
11-14 14:21:30.416 2357 2612 D EuiccConnector: processMsg: AvailableState
11-14 14:21:30.416 2357 2612 D EuiccConnector: deferMessage: msg=103
11-14 14:21:30.416 2357 2612 D EuiccConnector: transitionTo: destState=BindingState
11-14 14:21:30.416 2357 2612 D EuiccConnector: handleMessage: new destination call exit/enter
11-14 14:21:30.416 2357 2612 D EuiccConnector: setupTempStateStackWithStatesToEnter: X mTempStateStackCount=1,curStateInfo: null
11-14 14:21:30.416 2357 2612 D EuiccConnector: invokeExitMethods: AvailableState
11-14 14:21:30.416 2357 2612 D EuiccConnector: invokeExitMethods: UnavailableState
11-14 14:21:30.416 2357 2612 D EuiccConnector: moveTempStackToStateStack: i=0,j=0
11-14 14:21:30.416 2357 2612 D EuiccConnector: moveTempStackToStateStack: X mStateStackTop=0,startingIndex=0,Top=BindingState
11-14 14:21:30.416 2357 2612 D EuiccConnector: invokeEnterMethods: BindingState
11-14 14:21:30.416 1942 1956 W System : A resource failed to call release.
11-14 14:21:30.431 1472 4953 D ActivityManager: sync unfroze 5451 com.google.android.euicc
11-14 14:21:30.433 2357 2612 D EuiccConnector: transitionTo: destState=DisconnectedState
11-14 14:21:30.433 2357 2612 D EuiccConnector: moveDeferredMessageAtFrontOfQueue; what=103
11-14 14:21:30.433 2357 2612 D EuiccConnector: handleMessage: new destination call exit/enter
11-14 14:21:30.433 2357 2612 D EuiccConnector: setupTempStateStackWithStatesToEnter: X mTempStateStackCount=1,curStateInfo: null
11-14 14:21:30.433 2357 2612 D EuiccConnector: invokeExitMethods: BindingState
11-14 14:21:30.433 2357 2612 D EuiccConnector: moveTempStackToStateStack: i=0,j=0
11-14 14:21:30.434 2357 2612 D EuiccConnector: moveTempStackToStateStack: X mStateStackTop=0,startingIndex=0,Top=DisconnectedState
11-14 14:21:30.434 2357 2612 D EuiccConnector: invokeEnterMethods: DisconnectedState
11-14 14:21:30.434 2357 2612 D EuiccConnector: handleMessage: X
11-14 14:21:30.434 2357 2612 D EuiccConnector: handleMessage: E msg.what=103
11-14 14:21:30.434 2357 2612 D EuiccConnector: processMsg: DisconnectedState
11-14 14:21:30.434 2357 2612 D EuiccConnector: deferMessage: msg=103
11-14 14:21:30.434 2357 2612 D EuiccConnector: handleMessage: X
11-14 14:21:30.437 3536 3536 I Finsky : [2] wpt.g(1): wpt - Received: android.intent.action.PACKAGE_REMOVED, [bTEBHWCYArBB1n9RcbL9b68-dcarW5hI57e8OJdVaAA]
11-14 14:21:30.440 1472 1821 I InputReader: Reconfiguring input devices, changes=KEYBOARD_LAYOUTS |
11-14 14:21:30.441 1472 1472 I Telecom : CarModeTracker: Package org.qtproject.example.contactlistexample is not tracked.: SSH.oR@P94
11-14 14:21:30.441 1472 1472 I Telecom : InCallController: updateCarModeForConnections: car mode apps: : SSH.oR@P94
11-14 14:21:30.448 1942 1942 D ControlsListingControllerImpl: ServiceConfig reloaded, count: 0
11-14 14:21:30.449 3850 3850 D RegisteredNfcFServicesCache: Service unchanged, not updating
11-14 14:21:30.450 2247 2278 D SecureElementService: getReaders() for com.android.nfc
11-14 14:21:30.450 5451 5451 I EuiccGoogle: [2] EuiccServiceImpl.onCreate: onCreate Single-SIM mode: simCardState is 0
11-14 14:21:30.450 5451 5451 I EuiccGoogle: [2] Partner.getResourceEntry$ar$ds$ar$class_merging$ar$class_merging: Partner app=com.google.android.euiccoverlay, Resource name=esim_supported_countries, type=string, id = 0
11-14 14:21:30.451 5451 5451 I EuiccGoogle: [2] Partner.getResourceEntry$ar$ds$ar$class_merging$ar$class_merging: Partner app=com.google.android.euiccoverlay, Resource name=esim_unsupported_countries, type=string, id = 2131689520
11-14 14:21:30.453 2357 2357 E VvmPkgInstalledRcvr: cannot create TelephonyManager from ComponentInfo{com.android.phone/com.android.services.telephony.TelephonyConnectionService}, E, UserHandle{0}
11-14 14:21:30.453 2357 2357 D ImsResolver: maybeAddedImsService, packageName: org.qtproject.example.contactlistexample
11-14 14:21:30.454 936 2866 I WifiHAL : In GetLinkStatsCommand::handleResponse
11-14 14:21:30.458 2357 2612 D EuiccConnector: handleMessage: E msg.what=4
11-14 14:21:30.458 2357 2612 D EuiccConnector: processMsg: DisconnectedState
11-14 14:21:30.458 2357 2612 D EuiccConnector: transitionTo: destState=ConnectedState
11-14 14:21:30.458 2357 2612 D EuiccConnector: handleMessage: new destination call exit/enter
11-14 14:21:30.458 2357 2612 D EuiccConnector: setupTempStateStackWithStatesToEnter: X mTempStateStackCount=1,curStateInfo: state=DisconnectedState,active=true,parent=null
11-14 14:21:30.458 2357 2612 D EuiccConnector: moveTempStackToStateStack: i=0,j=1
11-14 14:21:30.458 2357 2612 D EuiccConnector: moveTempStackToStateStack: X mStateStackTop=1,startingIndex=1,Top=ConnectedState
11-14 14:21:30.458 2357 2612 D EuiccConnector: invokeEnterMethods: ConnectedState
11-14 14:21:30.458 2357 2612 D EuiccConnector: moveDeferredMessageAtFrontOfQueue; what=103
11-14 14:21:30.458 2357 2612 D EuiccConnector: handleMessage: X
11-14 14:21:30.458 2357 2612 D EuiccConnector: handleMessage: E msg.what=103
11-14 14:21:30.458 2357 2612 D EuiccConnector: processMsg: ConnectedState
11-14 14:21:30.458 2357 2612 D EuiccConnector: handleMessage: X
11-14 14:21:30.459 5451 6577 I EuiccGoogle: [66] EuiccServiceImpl.onGetEuiccProfileInfoList: onGetEuiccProfileInfoList: slotId = -1
11-14 14:21:30.459 3536 6575 I Finsky : [155] phh.run(202): Wrote row to frosting DB: 6460
11-14 14:21:30.462 3536 6580 I Finsky : [158] qnm.accept(67): IQ: handled package removed
11-14 14:21:30.473 1472 1697 D ActivityManager: sync unfroze 2098 com.google.android.permissioncontroller
11-14 14:21:30.475 1472 1472 D CompatibilityChangeReporter: Compat change id reported: 218533173; UID 10277; state: ENABLED
11-14 14:21:30.476 1472 1840 D LocaleManagerService: getApplicationLocales: fetching locales for package org.qtproject.example.contactlistexample and user 0
11-14 14:21:30.476 1472 1840 W PackageConfigPersister: App-specific configuration not found for packageName: org.qtproject.example.contactlistexample and userId: 0
11-14 14:21:30.476 1472 1840 D LocaleManagerService: getApplicationLocales: application config not found for org.qtproject.example.contactlistexample and user id 0
11-14 14:21:30.476 1472 1840 D SystemAppUpdateTracker: isUpdatedSystemApp: Package not found org.qtproject.example.contactlistexample
11-14 14:21:30.476 1472 1472 D CompatibilityChangeReporter: Compat change id reported: 171306433; UID 10277; state: ENABLED
11-14 14:21:30.476 1472 1472 W AlarmManager: Package org.qtproject.example.contactlistexample, uid 10277 lost permission to set exact alarms!
11-14 14:21:30.478 2098 2098 I SafetyLabelChangedBroadcastReceiver: received broadcast packageName: org.qtproject.example.contactlistexample, current user: UserHandle{0}, packageChangeEvent: UPDATE, intent user: UserHandle{0}
11-14 14:21:30.481 1942 1942 D StatusBarIconController: ignoring old pipeline callback because the new wifi icon is enabled
11-14 14:21:30.481 5451 6577 W EuiccGoogle: [66] EuiccServiceImpl.onGetEuiccProfileInfoList: slotId=-1. No eUICC is active. Return null.
11-14 14:21:30.482 2357 2612 D EuiccConnector: handleMessage: E msg.what=6
11-14 14:21:30.482 2357 2612 D EuiccConnector: processMsg: ConnectedState
11-14 14:21:30.482 2357 2612 D EuiccConnector: handleMessage: X
11-14 14:21:30.484 1472 1871 D ConnectivityService: NetReassign [no changes] [c 0] [a 0] [i 1]
11-14 14:21:30.484 2357 2612 D EuiccConnector: handleMessage: E msg.what=103
11-14 14:21:30.484 2357 2612 D EuiccConnector: processMsg: ConnectedState
11-14 14:21:30.485 2357 2612 D EuiccConnector: handleMessage: X
11-14 14:21:30.485 1942 1942 D ControlsListingControllerImpl: ServiceConfig reloaded, count: 0
11-14 14:21:30.485 1942 1942 D ControlsListingControllerImpl: ServiceConfig reloaded, count: 0
11-14 14:21:30.487 1472 4940 D ActivityManager: sync unfroze 12154 com.google.android.apps.wellbeing
11-14 14:21:30.488 1472 1916 I SdkSandboxManager: No SDKs used. Skipping SDK data reconcilation for CallingInfo{mUid=10277, mPackageName='org.qtproject.example.contactlistexample, mAppProcessToken='null'}
11-14 14:21:30.491 1472 1821 I InputReader: Reconfiguring input devices, changes=KEYBOARD_LAYOUTS |
11-14 14:21:30.492 5451 6581 I EuiccGoogle: [67] EuiccServiceImpl.onGetEuiccProfileInfoList: onGetEuiccProfileInfoList: slotId = -1
11-14 14:21:30.494 5451 6581 W EuiccGoogle: [67] EuiccServiceImpl.onGetEuiccProfileInfoList: slotId=-1. No eUICC is active. Return null.
11-14 14:21:30.496 1472 1916 I SdkSandboxManager: No SDKs used. Skipping SDK data reconcilation for CallingInfo{mUid=10277, mPackageName='org.qtproject.example.contactlistexample, mAppProcessToken='null'}
11-14 14:21:30.496 2357 2612 D EuiccConnector: handleMessage: E msg.what=6
11-14 14:21:30.496 2357 2612 D EuiccConnector: processMsg: ConnectedState
11-14 14:21:30.496 2357 2612 D EuiccConnector: handleMessage: X
11-14 14:21:30.499 1472 1821 I InputReader: Reconfiguring input devices, changes=KEYBOARD_LAYOUTS |
11-14 14:21:30.504 3536 3536 I Finsky : [2] wpt.g(1): wpt - Received: android.intent.action.PACKAGE_ADDED, [bTEBHWCYArBB1n9RcbL9b68-dcarW5hI57e8OJdVaAA]
11-14 14:21:30.509 3536 6575 I Finsky : [155] phh.run(202): Wrote row to frosting DB: 6461
11-14 14:21:30.509 1472 1696 W WindowMagnificationMgr: requestConnection duplicated request: connect=false, mConnectionState=DISCONNECTED
11-14 14:21:30.510 2098 21104 I PermissionControllerServiceImpl: Updating user sensitive for uid 10277
11-14 14:21:30.516 1472 1472 V BackupManagerConstants: getFullBackupIntervalMilliseconds(...) returns 86400000
11-14 14:21:30.516 1472 1472 V BackupManagerConstants: getFullBackupRequiredNetworkType(...) returns 2
11-14 14:21:30.517 1472 1472 V BackupManagerConstants: getFullBackupRequireCharging(...) returns true
11-14 14:21:30.521 3536 3536 I Finsky : [2] rnd.aiH(13): DTU: Received onPackageAdded, replacing: true
11-14 14:21:30.523 1472 1696 W WindowMagnificationMgr: requestConnection duplicated request: connect=false, mConnectionState=DISCONNECTED
11-14 14:21:30.523 3536 6575 I Finsky : [155] phh.run(202): Wrote row to frosting DB: 6462
11-14 14:21:30.530 3536 6575 I Finsky : [155] phh.run(202): Wrote row to frosting DB: 6463
11-14 14:21:30.532 3536 3536 I Finsky : [2] wpt.g(1): wpt - Received: android.intent.action.PACKAGE_ADDED, [bTEBHWCYArBB1n9RcbL9b68-dcarW5hI57e8OJdVaAA]
11-14 14:21:30.536 3536 3536 I Finsky : [2] wpt.g(1): wpt - Deduping intent android.intent.action.PACKAGE_ADDED
11-14 14:21:30.537 3536 3536 I Finsky : [2] wpt.g(1): wpt - Received: android.intent.action.PACKAGE_ADDED, [bTEBHWCYArBB1n9RcbL9b68-dcarW5hI57e8OJdVaAA]
11-14 14:21:30.537 3536 6575 I Finsky : [155] phh.run(202): Wrote row to frosting DB: 6464
11-14 14:21:30.543 3536 3536 I Finsky : [2] wpt.g(1): wpt - Deduping intent android.intent.action.PACKAGE_ADDED
11-14 14:21:30.549 3536 3536 I Finsky : [2] VerifyInstallTask.ajA(58): VerifyApps: Verification complete: id=123, package_name=org.qtproject.example.contactlistexample
11-14 14:21:30.551 3536 6575 I Finsky : [155] phh.run(202): Wrote row to frosting DB: 6465
11-14 14:21:30.552 3536 3606 I Finsky : [54] yyj.accept(345): SCH: Scheduling phonesky job Id: 12-1, CT: 1699964490461, Constraints: [{ L: 15000, D: 86400000, C: 1, I: 1, N: 1 }]
11-14 14:21:30.556 3536 3599 I Finsky : [47] zjm.apply(81): SCH: Scheduling 1 system job(s)
11-14 14:21:30.556 3536 3599 I Finsky : [47] aahf.d(263): SCH: Scheduling system job Id: 9615, L: 14905, D: 45185760, C: false, I: false, N: 1
11-14 14:21:30.566 3536 3598 I Finsky : [46] lef.ahy(65): [ContentSync] finished, scheduled=true
11-14 14:21:30.577 1472 1617 I system_server: Background concurrent copying GC freed 1210239(46MB) AllocSpace objects, 36(944KB) LOS objects, 64% free, 52MB/148MB, paused 239us,273us total 229.478ms
11-14 14:21:30.585 3715 3715 I AiAiEcho: AppFetcherImpl onPackageChanged org.qtproject.example.contactlistexample.
11-14 14:21:30.586 3715 6587 I AiAiEcho: AppIndexer Package:[org.qtproject.example.contactlistexample] UserProfile:[0] Enabled:[true].
