11-14 14:17:54.851 6010 6010 W ziparchive: Unable to open '/data/app/~~GuFYj1jfuzM_pE9wINyUvg==/org.qtproject.example.contactlistexample-WZG8elZ8gUGk_m7HE7y1tQ==/base.dm': No such file or directory
11-14 14:17:54.855 28874 29002 W aqxj : Abort, client detached.
11-14 14:17:54.855 28874 29002 W aqxj : Abort, client detached.
11-14 14:17:54.856 28874 29002 W aqxj : Abort, client detached.
11-14 14:17:54.861 1218 6036 I ProximityAuth: [RecentAppsMediator] Package added: (user=UserHandle{0}) org.qtproject.example.contactlistexample
11-14 14:17:54.865 1218 6032 I Fitness : (REDACTED) FitCleanupIntentOperation received Intent %s
11-14 14:17:54.868 31668 6050 I Auth : [SupervisedAccountIntentOperation] onHandleIntent(): android.intent.action.PACKAGE_ADDED
11-14 14:17:54.875 6010 6010 D nativeloader: Configuring clns-4 for other apk /data/app/~~GuFYj1jfuzM_pE9wINyUvg==/org.qtproject.example.contactlistexample-WZG8elZ8gUGk_m7HE7y1tQ==/base.apk. target_sdk_version=33, uses_libraries=, library_path=/data/app/~~GuFYj1jfuzM_pE9wINyUvg==/org.qtproject.example.contactlistexample-WZG8elZ8gUGk_m7HE7y1tQ==/lib/arm64:/data/app/~~GuFYj1jfuzM_pE9wINyUvg==/org.qtproject.example.contactlistexample-WZG8elZ8gUGk_m7HE7y1tQ==/base.apk!/lib/arm64-v8a, permitted_path=/data:/mnt/expand:/data/user/0/org.qtproject.example.contactlistexample
11-14 14:17:54.877 1218 6036 I FontLog : (REDACTED) Package %s has no metadata
11-14 14:17:54.883 1472 4938 D CompatibilityChangeReporter: Compat change id reported: 161252188; UID 10277; state: DISABLED
11-14 14:17:54.884 6010 6010 V GraphicsEnvironment: GLES system driver is 'mali'
11-14 14:17:54.884 6010 6010 V GraphicsEnvironment: Legacy GLES driver is 'mali'
11-14 14:17:54.884 6010 6010 V GraphicsEnvironment: Currently set values for:
11-14 14:17:54.884 6010 6010 V GraphicsEnvironment: angle_gl_driver_selection_pkgs =[]
11-14 14:17:54.884 6010 6010 V GraphicsEnvironment: angle_gl_driver_selection_values =[]
11-14 14:17:54.884 6010 6010 V GraphicsEnvironment: getDriverForPackage(): No per-application setting
11-14 14:17:54.885 6010 6010 V GraphicsEnvironment: ANGLE GameManagerService for org.qtproject.example.contactlistexample: false
11-14 14:17:54.885 28874 28874 I dyow : onPause
11-14 14:17:54.885 6010 6010 I GraphicsEnv: Using the (system) Legacy GLES driver for package 'org.qtproject.example.contactlistexample'
11-14 14:17:54.885 6010 6010 V GraphicsEnvironment: Neither updatable production driver nor prerelease driver is supported.
11-14 14:17:54.888 6010 6010 D NetworkSecurityConfig: No Network Security Config specified, using platform default
11-14 14:17:54.889 6010 6010 D NetworkSecurityConfig: No Network Security Config specified, using platform default
11-14 14:17:54.892 1472 4785 I ActivityManager: Flag disabled. Ignoring finishAttachApplication from uid: 10277. pid: 6010
11-14 14:17:54.893 31668 31668 D BoundBrokerSvc: onBind: Intent { act=com.google.android.gms.common.BIND_SHARED_PREFS pkg=com.google.android.gms }
11-14 14:17:54.893 31668 31668 D BoundBrokerSvc: Loading bound service for intent: Intent { act=com.google.android.gms.common.BIND_SHARED_PREFS pkg=com.google.android.gms }
11-14 14:17:54.901 6010 6062 D vulkan : searching for layers in '/data/app/~~GuFYj1jfuzM_pE9wINyUvg==/org.qtproject.example.contactlistexample-WZG8elZ8gUGk_m7HE7y1tQ==/lib/arm64'
11-14 14:17:54.901 6010 6062 D vulkan : searching for layers in '/data/app/~~GuFYj1jfuzM_pE9wINyUvg==/org.qtproject.example.contactlistexample-WZG8elZ8gUGk_m7HE7y1tQ==/base.apk!/lib/arm64-v8a'
11-14 14:17:54.902 6010 6062 I DMABUFHEAPS: Using DMA-BUF heap named: vframe-secure
11-14 14:17:54.905 6010 6062 I vulkan : CreateInfoWrapper::FilterExtension: already have 'VK_KHR_external_fence_fd'.
11-14 14:17:54.908 1218 1390 W ChimeraUtils: Module com.google.android.gms.nearby_en missing resource null(0)
11-14 14:17:54.908 31668 31668 D BoundBrokerSvc: onUnbind: Intent { act=com.google.android.gms.common.BIND_SHARED_PREFS pkg=com.google.android.gms }
11-14 14:17:54.910 31668 6051 W SQLiteLog: (28) double-quoted string literal: "org.qtproject.example.contactlistexample"
11-14 14:17:54.913 1218 1390 W ChimeraUtils: Module com.google.android.gms.nearby_en missing resource null(0)
11-14 14:17:54.915 31668 31740 I Icing : IndexChimeraService.getServiceInterface callingPackage=com.google.android.gms componentName=AppsCorpus serviceId=36
11-14 14:17:54.926 31668 31668 D BoundBrokerSvc: onBind: Intent { act=com.google.android.gms.feedback.internal.IFeedbackService dat=chimera-action:/... cmp=com.google.android.gms/.chimera.GmsBoundBrokerService }
11-14 14:17:54.926 31668 31668 D BoundBrokerSvc: Loading bound service for intent: Intent { act=com.google.android.gms.feedback.internal.IFeedbackService dat=chimera-action:/... cmp=com.google.android.gms/.chimera.GmsBoundBrokerService }
11-14 14:17:54.933 6010 6010 W ziparchive: Unable to open '/data/app/~~GuFYj1jfuzM_pE9wINyUvg==/org.qtproject.example.contactlistexample-WZG8elZ8gUGk_m7HE7y1tQ==/base.dm': No such file or directory
11-14 14:17:54.933 6010 6010 W ziparchive: Unable to open '/data/app/~~GuFYj1jfuzM_pE9wINyUvg==/org.qtproject.example.contactlistexample-WZG8elZ8gUGk_m7HE7y1tQ==/base.dm': No such file or directory
11-14 14:17:54.934 31668 5596 I Icing : Usage reports ok 1, Failed Usage reports 0, indexed 0, rejected 0
11-14 14:17:54.936 31668 5596 I Icing : Indexing com.google.android.gms-apps from com.google.android.gms
11-14 14:17:54.944 28874 30540 V ClearcutMetricXmitter: Transmission is done.
11-14 14:17:54.947 31668 31739 I Icing : IndexChimeraService.getServiceInterface callingPackage=com.google.android.gms componentName=null serviceId=30
11-14 14:17:54.948 31668 5596 I Icing : Indexing done com.google.android.gms-apps
11-14 14:17:54.952 28917 29012 I gitg : GetContext(APP_NAMES (436126002), SYNCHRONIZED_CACHE): Fetch from the NGA surface finished with status: SUCCESS [CONTEXT request=83 accessSessionKey="SBCP@4d7c5005fc7df80a" accessSession="a509a7f82bcfbed9" session="TNG:MA-SBCP@27867e117313c57a" ]
11-14 14:17:54.953 28917 29011 I gyfe : ContextResult succeeded for ContextKey: APP_NAMES (436126002). SessionToken: TNG:MA-SBCP@27867e117313c57a; RequestId: 29; SpeakerId: 0
11-14 14:17:54.953 28917 29012 I gyfe : ContextResult succeeded for ContextKey: APP_NAMES (436126002). SessionToken: TNG:MA-SBCP@27867e117313c57a; RequestId: 30; SpeakerId: 0
11-14 14:17:54.953 28917 29011 I gyfs : Updating context input 'app-names' with dynamic class '$APP' containing 62 entities. SessionToken: TNG:MA-SBCP@27867e117313c57a; RequestId: 29; SpeakerId: 0
11-14 14:17:54.954 28917 29011 I gyfs : Clearing context input 'shortcuts-with-apps'. SessionToken: TNG:MA-SBCP@27867e117313c57a; RequestId: 29; SpeakerId: 0
11-14 14:17:54.954 28917 29011 I gyfk : Sending speech biasing context update to SODA with locale [en-US]. SessionToken: TNG:MA-SBCP@27867e117313c57a; RequestId: 29; SpeakerId: 0
11-14 14:17:54.954 28917 28997 I hhpi : #getSodaAsrUpdateRequest inserting app domain: DEFAULT_ONESHOT
11-14 14:17:54.954 28917 29010 I gyfs : Updating context input 'app-names' with dynamic class '$APP' containing 62 entities. SessionToken: TNG:MA-SBCP@27867e117313c57a; RequestId: 30; SpeakerId: 0
11-14 14:17:54.955 28917 29009 I himi : #updateAndGetSnapshot
11-14 14:17:54.955 28917 29010 I gyfs : Clearing context input 'shortcuts-with-apps'. SessionToken: TNG:MA-SBCP@27867e117313c57a; RequestId: 30; SpeakerId: 0
11-14 14:17:54.955 28917 29013 I himi : Listening for responses for locale en_US
11-14 14:17:54.955 28917 29010 I gyfk : Sending speech biasing context update to SODA with locale [en-US]. SessionToken: TNG:MA-SBCP@27867e117313c57a; RequestId: 30; SpeakerId: 0
11-14 14:17:54.956 28917 29011 I hhpi : #getSodaAsrUpdateRequest inserting app domain: DEFAULT_ONESHOT
11-14 14:17:54.960 28874 28874 I iocl : Created gRPC endpoint for service class com.google.frameworks.client.data.android.server.tiktok.SearchProcessEndpointService
11-14 14:17:54.962 28874 29028 I hipf : SRM: AccountScoped session starting on service-side.
11-14 14:17:54.962 28917 28997 I himi : Emitting SodaResourceManager request # hisu@c478a86d
11-14 14:17:54.962 28917 28997 I himi : [405518496] {
11-14 14:17:54.962 28917 28997 I himi : }
11-14 14:17:54.962 28917 28997 I himi : [405518497] {
11-14 14:17:54.962 28917 28997 I himi : }
11-14 14:17:54.963 28874 28945 I himz : Received request for primary locale en_US. Secondary locales: '[]'
11-14 14:17:54.963 28874 28945 I himz : Requested resources IDs: [1, 3, 5, 6, 7, 8, 9]. Note that this is a noop because we currently return all resource for each request.
11-14 14:17:54.963 28874 28945 I SodaResourceCollector: #getAndUpdateSodaResourceCollection
11-14 14:17:54.963 28874 29029 I SodaResourceCollector: #getImmediateResourceStates with locale en_US. Secondary locales: []
11-14 14:17:54.963 28874 28945 I SodaResourceCollector: #getInstalledLanguagePacks
11-14 14:17:54.963 28874 29020 I DefaultLPManager: #getAvailablePackages
11-14 14:17:54.963 28874 29029 I SodaResourceCollector: SRM initial state disabled. Emitting LEGACY_UNKNOWN for all resources.
11-14 14:17:54.963 28874 28945 I DefaultLPManager: #getRequestedPackages
11-14 14:17:54.963 28874 29020 I hlqd : #getDownloadableLanguagePacks
11-14 14:17:54.964 28874 28945 I ZipLPPopulator: #addNewFileGroups
11-14 14:17:54.964 28874 29028 I DefaultLPManager: #getAvailablePackages
11-14 14:17:54.964 28874 29020 W SystemLPSourceImpl: #getAvailablePackages: Note there is not reason to call this method, as getInstalledPackages() returns the same LanguagePacks for this impl.
11-14 14:17:54.964 28874 28945 I hlqd : #getDownloadableLanguagePacks
11-14 14:17:54.964 28874 29020 W LegacyLPSourceImpl: #getAvailablePackages: Note there is no reason to call this method, as getInstalledPackages() returns the same LanguagePacks for this impl.
11-14 14:17:54.964 28874 29028 I hlqd : #getDownloadableLanguagePacks
11-14 14:17:54.964 28874 29028 W SystemLPSourceImpl: #getAvailablePackages: Note there is not reason to call this method, as getInstalledPackages() returns the same LanguagePacks for this impl.
11-14 14:17:54.964 28874 29028 W LegacyLPSourceImpl: #getAvailablePackages: Note there is no reason to call this method, as getInstalledPackages() returns the same LanguagePacks for this impl.
11-14 14:17:54.964 28874 28945 W SystemLPSourceImpl: #getRequestedPackages: There is not reason to call this method, as the result is always empty.
11-14 14:17:54.964 28874 29028 I DefaultLPManager: #getInstalledPackages
11-14 14:17:54.964 28874 29020 I LPRequestState: [ZipfileRequests] #resolveDesiredLanguagePacks
11-14 14:17:54.964 28874 29028 I hlqd : #getInstalledPackages
11-14 14:17:54.964 28874 28945 W LegacyLPSourceImpl: #getRequestedPackages: There is no reason to call this method, as the result is always empty.
11-14 14:17:54.964 28874 29020 I hlqd : #getPendingPackages
11-14 14:17:54.965 28917 29013 I himi : Reading SodaResourceManager message with initial resourceIds: 'RESOURCE_HOTWORD: LEGACY_UNKNOWN.'
11-14 14:17:54.965 28917 29013 I himi : Reading SodaResourceManager message with initial resourceIds: 'RESOURCE_LP: LEGACY_UNKNOWN.'
11-14 14:17:54.965 28874 28976 I SystemLPSourceImpl: Parsed system partition LanguagePack metadata file: /product/usr/srec/en-US/metadata
11-14 14:17:54.965 28917 29013 I himi : Reading SodaResourceManager message with initial resourceIds: 'RESOURCE_HOTMATCH: LEGACY_UNKNOWN.'
11-14 14:17:54.965 28917 29013 I himi : Reading SodaResourceManager message with initial resourceIds: 'RESOURCE_QUICK_PHRASES: LEGACY_UNKNOWN.'
11-14 14:17:54.965 28917 29013 I himi : Reading SodaResourceManager message with initial resourceIds: 'RESOURCE_CONTEXTUAL: LEGACY_UNKNOWN.'
11-14 14:17:54.965 28917 29013 I himi : Reading SodaResourceManager message with initial resourceIds: 'RESOURCE_PERSONALIZED_ASR: LEGACY_UNKNOWN.'
11-14 14:17:54.965 28917 29013 I himi : Reading SodaResourceManager message with initial resourceIds: 'RESOURCE_NES: LEGACY_UNKNOWN.'
11-14 14:17:54.966 28874 28976 I LegacyLPSourceImpl: Parsing legacy read-only LanguagePack metadata file: /data/user/0/com.google.android.googlequicksearchbox/app_g3_models/en-US/metadata
11-14 14:17:54.966 28874 28976 I SystemLPSourceImpl: Parsed system partition LanguagePack metadata file: /product/usr/srec/en-US/metadata
11-14 14:17:54.967 6010 6075 I QtCore : Start
11-14 14:17:54.967 28874 28976 I LegacyLPSourceImpl: Parsing legacy read-only LanguagePack metadata file: /data/user/0/com.google.android.googlequicksearchbox/app_g3_models/en-US/metadata
11-14 14:17:54.968 28874 28976 I SystemLPSourceImpl: Parsed system partition LanguagePack metadata file: /product/usr/srec/en-US/metadata
11-14 14:17:54.968 28874 28976 I LegacyLPSourceImpl: Parsing legacy read-only LanguagePack metadata file: /data/user/0/com.google.android.googlequicksearchbox/app_g3_models/en-US/metadata
11-14 14:17:54.972 31668 5596 I Icing : Usage reports ok 0, Failed Usage reports 0, indexed 0, rejected 0
11-14 14:17:54.985 6010 6075 I Qt : qt started
11-14 14:17:54.990 6010 6010 D CompatibilityChangeReporter: Compat change id reported: 210923482; UID 10277; state: ENABLED
11-14 14:17:54.995 31668 5596 I Icing : Indexing com.google.android.gms-apps from com.google.android.gms
11-14 14:17:54.996 31668 5596 I Icing : Indexing done com.google.android.gms-apps
11-14 14:17:54.998 6010 6010 D CompatibilityChangeReporter: Compat change id reported: 237531167; UID 10277; state: DISABLED
11-14 14:17:55.010 1472 2549 D CoreBackPreview: Window{10afd1e u0 org.qtproject.example.contactlistexample/org.qtproject.qt.android.bindings.QtActivity}: Setting back callback OnBackInvokedCallbackInfo{mCallback=android.window.IOnBackInvokedCallback$Stub$Proxy@d512615, mPriority=0}
11-14 14:17:55.021 524 524 I hwservicemanager: getTransport: Cannot find entry android.hardware.graphics.allocator@4.0::IAllocator/default in either framework or device VINTF manifest.
11-14 14:17:55.029 6010 6075 D libEGL : loaded /vendor/lib64/egl/libGLES_mali.so
11-14 14:17:55.031 1472 1685 W ziparchive: Unable to open '/data/app/~~GuFYj1jfuzM_pE9wINyUvg==/org.qtproject.example.contactlistexample-WZG8elZ8gUGk_m7HE7y1tQ==/base.dm': No such file or directory
11-14 14:17:55.033 1472 1685 I ActivityTaskManager: Displayed org.qtproject.example.contactlistexample/org.qtproject.qt.android.bindings.QtActivity for user 0: +268ms
11-14 14:17:55.042 28874 29020 I DefaultLPManager: #getPackage
11-14 14:17:55.042 28874 29020 I SodaResourceCollector: Installed LanguagePacks: en-US_v7025
11-14 14:17:55.043 28874 29020 I SodaResourceCollector: Pending pack: en-US_v7025
11-14 14:17:55.043 28874 29029 I fhdk : Setting locale=en-US
11-14 14:17:55.043 28874 29029 I fhdk : MDD refresh started.
11-14 14:17:55.043 28874 29029 W fhcn : No hotword model URL available for locale: en-US
11-14 14:17:55.043 28874 29029 I fhdk : MDD refresh completed.
11-14 14:17:55.043 28874 29029 I fhdk : Received request to retrieve hotword model with timeout. ActiveLocale=en-US
11-14 14:17:55.043 28874 29029 I fhdk : Trying to get latest model bytes.
11-14 14:17:55.043 28874 29029 I fhdk : Trying to get preloaded model for matching URL. (locale=en-US)
11-14 14:17:55.043 28874 29029 I SodaResourceCollector: Skipping stopword download due to disablement by flag.
11-14 14:17:55.044 1472 4801 D CompatibilityChangeReporter: Compat change id reported: 214016041; UID 10277; state: ENABLED
11-14 14:17:55.044 1472 4801 I ImeTracker: org.qtproject.example.contactlistexample:e5eed377: onRequestHide at ORIGIN_SERVER_HIDE_INPUT reason HIDE_UNSPECIFIED_WINDOW
11-14 14:17:55.044 1472 4801 I ImeTracker: org.qtproject.example.contactlistexample:e5eed377: onCancelled at PHASE_SERVER_SHOULD_HIDE
11-14 14:17:55.043 28874 29029 I fhdk : Preloaded model not available. Attempting download.
11-14 14:17:55.045 28874 29030 I SodaResourceCollector: Skipping Nes download due to disablement by flag.
11-14 14:17:55.045 28874 29029 I fhdk : Trying to get latest MDD Model bytes.
11-14 14:17:55.045 28874 29029 W fhdk : Locale is not registered with HotwordConfigManager. Ignoring download.
11-14 14:17:55.045 28874 29029 I SodaResourceCollector: Tdsid model updates skipped because SpeakerId disabled.
11-14 14:17:55.046 28874 29029 I SodaResourceCollector: Tisid model queries skipped because SpeakerId disabled.
11-14 14:17:55.046 28874 29029 I SodaResourceCollector: Tdsid model updates skipped because SpeakerId disabled.
11-14 14:17:55.046 28874 29029 I SodaResourceCollector: Tisid model updates skipped because SpeakerId disabled.
11-14 14:17:55.046 28874 29029 I SodaResourceCollector: Tdsid model updates skipped because SpeakerId disabled.
11-14 14:17:55.046 28874 29029 I SodaResourceCollector: No Tdsid update occurred. Skipping callback(s)
11-14 14:17:55.047 28917 29010 I himi : Reading SodaResourceManager message with updated resourceIds: [1, 2]. Total set: [1, 2]
11-14 14:17:55.047 28917 29014 I himi : Reading SodaResourceManager message with updated resourceIds: [6]. Total set: [1, 2, 6]
11-14 14:17:55.047 28917 29013 I himi : Reading SodaResourceManager message with updated resourceIds: [9]. Total set: [1, 2, 6, 9]
11-14 14:17:55.049 3655 3655 I GoogleInputMethodService: GoogleInputMethodService.onFinishInput():3154
11-14 14:17:55.050 3655 3655 I GoogleInputMethodService: GoogleInputMethodService.updateDeviceLockedStatus():2088 repeatCheckTimes = 0, locked = false
11-14 14:17:55.050 3655 3655 I GoogleInputMethodService: GoogleInputMethodService.onStartInput():1883 onStartInput(EditorInfo{EditorInfo{packageName=org.qtproject.example.contactlistexample, inputType=0, inputTypeString=NULL, enableLearning=false, autoCorrection=false, autoComplete=false, imeOptions=0, privateImeOptions=null, actionName=UNSPECIFIED, actionLabel=null, initialSelStart=-1, initialSelEnd=-1, initialCapsMode=0, label=null, fieldId=0, fieldName=null, extras=null, hintText=null, hintLocales=[]}}, false)
11-14 14:17:55.050 3655 3655 I GoogleInputMethodService: GoogleInputMethodService.updateDeviceLockedStatus():2088 repeatCheckTimes = 1, locked = false
11-14 14:17:55.061 28874 28978 I cfkn : Deleted 0 old request events
11-14 14:17:55.108 1942 1966 V WindowManagerShell: Transition animation finished (aborted=false), notifying core (#217)android.os.BinderProxy@82b9d09
11-14 14:17:55.110 1472 1685 V WindowManager: Finish Transition #217: created at
11-14 14:17:54.772 collect-started=0.118ms request-sent=11.011ms started=12.745ms ready=32.974ms sent=34.069ms finished=337.871ms
11-14 14:17:55.113 1942 1966 V WindowManagerShell: All active transition animations finished
11-14 14:17:55.118 28874 29020 W ceyq : ClientFileGroup for Locale is empty.
11-14 14:17:55.118 28874 29030 I cfew : group apa_hotmatch not present without account in *
11-14 14:17:55.119 28874 29029 W hiju : Hotmatch: SodaResourceManager got empty hotmatch model path
11-14 14:17:55.119 28874 29020 I cfbl : incrementApaDataDownloadStoreStatus(latency = PT0.072S, appVersion = 14.44, status = NOT_FOUND, locale = *, fileGroupnames = apa_hotmatch, accountInScope = NO_ACCOUNT, localGroupsAvailable = false, clientId = SODA_HOTMATCH, timeSinceSearchBoot = Optional[PT110H37M7.158S] (FIVE_MINUTES_OR_LONGER), timeSinceDataDownloadInit = PT110H36M55.274S (FIVE_MINUTES_OR_LONGER))
11-14 14:17:55.120 28917 28997 I himi : Reading SodaResourceManager message with updated resourceIds: [3, 7, 5]. Total set: [1, 2, 6, 9, 3, 7, 5]
11-14 14:17:55.123 28874 29030 I cfbl : incrementApaDataDownloadStoreStatusNotFound(appVersion = 14.44, locale = *, groupName = apa_hotmatch, accountInScope = NO_ACCOUNT, foundGroups = 0, status = 0, localGroupsAvailable = false, freeBytes = 95322927104)
11-14 14:17:55.123 28874 29030 I cfbl : incrementApaDataDownloadStoreExtendedStatusNotFound(appVersion = 14.44, locale = *, groupName = apa_hotmatch, accountInScope = NO_ACCOUNT, foundGroups = 0, pendingFilegroup = false, localGroupsAvailable = false, freeBytes = 95322927104, totalBytes = 118396899328, availableSpace = ENOUGH_SPACE, fractionSpace = ENOUGH_SPACE, workProfile = false)
11-14 14:17:55.130 2391 4129 D OneSearchSuggestProvider: Shut down the binder channel
11-14 14:17:55.132 2391 4748 I IPCThreadState: oneway function results for code 2 on binder at 0xb400007134233ec0 will be dropped but finished with status UNKNOWN_TRANSACTION
11-14 14:17:55.132 2391 2482 I ImeTracker: com.google.android.apps.nexuslauncher:667d1df: onRequestHide at ORIGIN_CLIENT_HIDE_SOFT_INPUT reason HIDE_SOFT_INPUT
11-14 14:17:55.133 28874 28874 I dyow : onStop
11-14 14:17:55.133 1472 4959 W InputMethodManagerService: Ignoring hideSoftInput of uid 10218 : com.android.internal.inputmethod.IInputMethodClient$Stub$Proxy@47a64a6
11-14 14:17:55.133 1472 4959 I ImeTracker: com.google.android.apps.nexuslauncher:667d1df: onCancelled at PHASE_SERVER_CLIENT_FOCUSED
11-14 14:17:55.143 28917 29010 I himi : Reading SodaResourceManager message with updated resourceIds: [8]. Total set: [1, 2, 6, 9, 3, 7, 5, 8]
11-14 14:17:55.143 28917 29010 I himi : SodaResourceManager session emitted all requested resources: [1, 3, 5, 6, 7, 8, 9]. Ok to terminate.
11-14 14:17:55.151 28874 28975 I himz : Returning ResourceResponse.
11-14 14:17:55.152 28917 29013 I himi : SodaResourceManager session terminated after all resources accounted for: [1, 3, 5, 6, 7, 8, 9].
11-14 14:17:55.153 28917 29008 I hhnb : #updateSodaResourcesWithoutReload
11-14 14:17:55.154 28917 29014 I hhnb : #updateSodaResourcesWithoutReload inside sequencer
11-14 14:17:55.154 28917 29007 I hhnb : #checkAsrCompatibility inside sequencer
11-14 14:17:55.154 28917 29007 I hhnb : #checkAsrCompatibility initializing Soda. Locale: en-US. Expected LP version: 7025
11-14 14:17:55.154 28917 29007 I hhnb : Soda cache directory: /data/user/0/com.google.android.googlequicksearchbox/files/accounts/1/soda/
11-14 14:17:55.154 28917 29007 I hhnb : Hotmatch disabled: flag not enabled
11-14 14:17:55.154 28917 29007 I hihm : SODA instance exists and matches params. Updating callbacks and returning preloaded instance.
11-14 14:17:55.155 28917 29007 I hhnb : #checkAsrCompatibility successful!
11-14 14:17:55.155 28917 29009 I hhpi : Compatcheck success for background update.
11-14 14:17:55.155 28917 29009 I hhnb : #backgroundUpdate
11-14 14:17:55.155 28917 29009 I hhnb : #backgroundUpdate inside sequencer
11-14 14:17:55.155 28917 29007 I hhnb : #backgroundUpdate using the existing ASR soda instance.
11-14 14:17:55.157 28917 29007 I native : I0000 00:00:1699964275.157630 29007 context-module-impl.cc:806] Update context input. (Proto:MessageLite at 0xb400007134ee7170)
11-14 14:17:55.160 28917 29007 I native : I0000 00:00:1699964275.159988 29007 context-module-impl.cc:813] Update context input for public scope. (Proto:MessageLite at 0xb400007134ee7170)
11-14 14:17:55.160 28917 29007 I hhpi : #backgroundBiasingUpdate succeeded.
11-14 14:17:55.162 28917 29014 I gyfk : Sending speech biasing context update to SODA with locale [en-US]. SessionToken: TNG:MA-SBCP@27867e117313c57a; RequestId: 29; SpeakerId: 0
11-14 14:17:55.162 28917 29007 I hhnb : #checkAsrCompatibility inside sequencer
11-14 14:17:55.162 28917 29014 I hhpi : #getSodaAsrUpdateRequest inserting app domain: DEFAULT_ONESHOT
11-14 14:17:55.162 28917 29007 I hhnb : #checkAsrCompatibility initializing Soda. Locale: en-US. Expected LP version: 7025
11-14 14:17:55.163 28917 29007 I hhnb : Soda cache directory: /data/user/0/com.google.android.googlequicksearchbox/files/accounts/1/soda/
11-14 14:17:55.163 28917 29007 I hhnb : Hotmatch disabled: flag not enabled
11-14 14:17:55.163 28917 29007 I hihm : SODA instance exists and matches params. Updating callbacks and returning preloaded instance.
11-14 14:17:55.163 28917 29007 I hhnb : #checkAsrCompatibility successful!
11-14 14:17:55.163 28917 29001 I hhpi : Compatcheck success for background update.
11-14 14:17:55.163 28917 29001 I hhnb : #backgroundUpdate
11-14 14:17:55.163 28917 29001 I hhnb : #backgroundUpdate inside sequencer
11-14 14:17:55.164 28917 29001 I hhnb : #backgroundUpdate using the existing ASR soda instance.
11-14 14:17:55.166 28917 29001 I native : I0000 00:00:1699964275.166066 29001 context-module-impl.cc:806] Update context input. (Proto:MessageLite at 0xb400007134ee5e50)
11-14 14:17:55.167 28917 29001 I native : I0000 00:00:1699964275.167440 29001 context-module-impl.cc:813] Update context input for public scope. (Proto:MessageLite at 0xb400007134ee5e50)
11-14 14:17:55.167 28917 29001 I hhpi : #backgroundBiasingUpdate succeeded.
11-14 14:17:55.168 28917 28997 I gyfk : Sending speech biasing context update to SODA with locale [en-US]. SessionToken: TNG:MA-SBCP@27867e117313c57a; RequestId: 30; SpeakerId: 0
11-14 14:17:55.169 28917 28997 I hhpi : #getSodaAsrUpdateRequest inserting app domain: DEFAULT_ONESHOT
11-14 14:17:55.171 28917 29008 I hhnb : #checkAsrCompatibility inside sequencer
11-14 14:17:55.171 28917 29008 I hhnb : #checkAsrCompatibility initializing Soda. Locale: en-US. Expected LP version: 7025
11-14 14:17:55.172 28917 29008 I hhnb : Soda cache directory: /data/user/0/com.google.android.googlequicksearchbox/files/accounts/1/soda/
11-14 14:17:55.172 28917 29008 I hhnb : Hotmatch disabled: flag not enabled
11-14 14:17:55.172 28917 29008 I hihm : SODA instance exists and matches params. Updating callbacks and returning preloaded instance.
11-14 14:17:55.172 28917 29008 I hhnb : #checkAsrCompatibility successful!
11-14 14:17:55.173 28917 29009 I hhpi : Compatcheck success for background update.
11-14 14:17:55.173 28917 29009 I hhnb : #backgroundUpdate
11-14 14:17:55.173 28917 29008 I hhnb : #backgroundUpdate inside sequencer
11-14 14:17:55.173 28917 29001 I hhnb : #backgroundUpdate using the existing ASR soda instance.
11-14 14:17:55.174 28917 29001 I hhpi : #backgroundBiasingUpdate succeeded.
11-14 14:17:55.174 28917 29011 I gyfk : SODA speech biasing context update for # gizb@61c5bbc9 is complete. SessionToken: TNG:MA-SBCP@27867e117313c57a; RequestId: 29; SpeakerId: 0
11-14 14:17:55.175 28917 29008 I hhnb : #checkAsrCompatibility inside sequencer
11-14 14:17:55.175 28917 29008 I hhnb : #checkAsrCompatibility initializing Soda. Locale: en-US. Expected LP version: 7025
11-14 14:17:55.175 28917 29008 I hhnb : Soda cache directory: /data/user/0/com.google.android.googlequicksearchbox/files/accounts/1/soda/
11-14 14:17:55.175 28917 29011 I gyeu : Successfully scheduled context update for key: APP_NAMES (436126002) for SessionToken: TNG:MA-SBCP@27867e117313c57a; RequestId: 29; SpeakerId: 0.
11-14 14:17:55.175 28917 29008 I hhnb : Hotmatch disabled: flag not enabled
11-14 14:17:55.175 28917 29008 I hihm : SODA instance exists and matches params. Updating callbacks and returning preloaded instance.
11-14 14:17:55.175 28917 29008 I hhnb : #checkAsrCompatibility successful!
11-14 14:17:55.176 28917 29008 I hhpi : Compatcheck success for background update.
11-14 14:17:55.176 28917 29008 I hhnb : #backgroundUpdate
11-14 14:17:55.177 28917 29009 I hhnb : #backgroundUpdate inside sequencer
11-14 14:17:55.177 28917 29007 I hhnb : #backgroundUpdate using the existing ASR soda instance.
11-14 14:17:55.177 28917 29007 I hhpi : #backgroundBiasingUpdate succeeded.
11-14 14:17:55.178 28917 29013 I gyfk : SODA speech biasing context update for # gizb@61c5bbc9 is complete. SessionToken: TNG:MA-SBCP@27867e117313c57a; RequestId: 30; SpeakerId: 0
11-14 14:17:55.178 28917 29013 I gyeu : Successfully scheduled context update for key: APP_NAMES (436126002) for SessionToken: TNG:MA-SBCP@27867e117313c57a; RequestId: 30; SpeakerId: 0.
11-14 14:17:55.275 30461 30461 D BatteryUsageBroadcastReceiver: onReceive:android.intent.action.BATTERY_LEVEL_CHANGED
11-14 14:17:55.301 1472 4947 D ActivityManager: sync unfroze 8423 com.google.android.turboadapter
11-14 14:17:55.325 1942 1942 D DLObserver: onReceive(); android.intent.action.BATTERY_CHANGED
11-14 14:17:55.325 1942 1942 D DLObserver: plugged=2
11-14 14:17:55.327 1942 3359 D PowerUI : can't show warning due to - plugged: true status unknown: false
11-14 14:17:55.328 1942 1942 D PowerNotificationWarningsGoogleImpl: onReceive: android.intent.action.BATTERY_CHANGED
11-14 14:17:55.328 1942 1942 D BatteryDefenderNotification: isPlugged: true | isOverheated: false | defenderEnabled: false | isCharged: false | isPluggedInDock: false
11-14 14:17:55.328 1942 1942 D IncompatibleChargerNotification: dispatchIntent: android.intent.action.BATTERY_CHANGED
11-14 14:17:55.407 1472 4785 D CoreBackPreview: Window{86dbc09 u0 Splash Screen org.qtproject.example.contactlistexample EXITING}: Setting back callback null
11-14 14:17:55.408 1472 4959 W InputManager-JNI: Input channel object '86dbc09 Splash Screen org.qtproject.example.contactlistexample (client)' was disposed without first being removed with the input manager!
11-14 14:17:55.410 3536 3607 E Finsky : [55] ahwt.apply(778): Error occurred in background task PostInstallVerificationTask
11-14 14:17:55.410 3536 3607 E Finsky : com.google.android.finsky.verifier.impl.gramophone.RuleParseException: Failed to parse rule
11-14 14:17:55.410 3536 3607 E Finsky : at agyd.T(PG:123)
11-14 14:17:55.410 3536 3607 E Finsky : at agyd.T(PG:209)
11-14 14:17:55.410 3536 3607 E Finsky : at amrg.(PG:27)
11-14 14:17:55.410 3536 3607 E Finsky : at ahvn.accept(PG:249)
11-14 14:17:55.410 3536 3607 E Finsky : at j$.util.Optional.ifPresent(Unknown Source:4)
11-14 14:17:55.410 3536 3607 E Finsky : at ahvr.(PG:112)
11-14 14:17:55.410 3536 3607 E Finsky : at agtn.apply(PG:202)
11-14 14:17:55.410 3536 3607 E Finsky : at j$.util.stream.s.accept(SourceFile:44)
11-14 14:17:55.410 3536 3607 E Finsky : at j$.util.stream.s.accept(SourceFile:66)
11-14 14:17:55.410 3536 3607 E Finsky : at j$.util.a.forEachRemaining(SourceFile:20)
11-14 14:17:55.410 3536 3607 E Finsky : at j$.util.stream.c.y(SourceFile:21)
11-14 14:17:55.410 3536 3607 E Finsky : at j$.util.stream.G.a(SourceFile:10)
11-14 14:17:55.410 3536 3607 E Finsky : at j$.util.stream.c.K(SourceFile:35)
11-14 14:17:55.410 3536 3607 E Finsky : at j$.util.stream.C1.forEach(SourceFile:10)
11-14 14:17:55.410 3536 3607 E Finsky : at ahpz.a(PG:397)
11-14 14:17:55.410 3536 3607 E Finsky : at aqir.e(PG:3)
11-14 14:17:55.410 3536 3607 E Finsky : at aqit.run(PG:42)
11-14 14:17:55.410 3536 3607 E Finsky : at java.util.concurrent.ThreadPoolExecutor.runWorker(ThreadPoolExecutor.java:1145)
11-14 14:17:55.410 3536 3607 E Finsky : at java.util.concurrent.ThreadPoolExecutor$Worker.run(ThreadPoolExecutor.java:644)
11-14 14:17:55.410 3536 3607 E Finsky : at obt.run(PG:139)
11-14 14:17:55.410 3536 3607 E Finsky : at java.lang.Thread.run(Thread.java:1012)
11-14 14:17:55.457 1942 1977 W FrameTracker: Missing HWUI jank callback for vsyncId: 691641, CUJ=J
11-14 14:17:55.457 1942 1977 W FrameTracker: Missing HWUI jank callback for vsyncId: 691708, CUJ=J
11-14 14:17:55.457 1942 1977 W FrameTracker: Missing HWUI jank callback for vsyncId: 691753, CUJ=J
11-14 14:17:55.457 1942 1977 W FrameTracker: Missing HWUI jank callback for vsyncId: 691813, CUJ=J
11-14 14:17:55.457 1942 1977 W FrameTracker: Missing SF jank callback for vsyncId: 691843, CUJ=J
11-14 14:17:55.499 6010 6113 E qt.core.jni.threadcheck: : JNI Environment mismatch - probably accessing this Java object from the wrong thread!
11-14 14:17:55.500 6010 6113 E qt.core.jni.threadcheck: : JNI threading error when calling object of type "org/qtproject/qt/android/QtActivityDelegate" from thread QSGRenderThread(0xb40000714422b2f0)
11-14 14:17:55.595 6010 6010 I ImeTracker: org.qtproject.example.contactlistexample:734b1bc5: onRequestHide at ORIGIN_CLIENT_HIDE_SOFT_INPUT reason HIDE_SOFT_INPUT
11-14 14:17:55.596 6010 6010 I ImeTracker: org.qtproject.example.contactlistexample:734b1bc5: onFailed at PHASE_CLIENT_VIEW_SERVED
11-14 14:17:55.946 936 2866 I WifiHAL : Creating message to get link statistics; iface = 47
11-14 14:17:55.996 936 2866 I WifiHAL : In GetLinkStatsCommand::handleResponse
11-14 14:17:56.028 1942 1942 D StatusBarIconController: ignoring old pipeline callback because the new wifi icon is enabled
11-14 14:17:56.032 1472 1871 D ConnectivityService: NetReassign [no changes] [c 1] [a 0] [i 3]
11-14 14:17:57.455 2982 5849 E GRIL-L : blockingConnect not allowed on device without radio. User should check GRilManager#deviceHasRadio result before calling GRilManager#blockingConnect
11-14 14:17:57.458 2982 5849 E SconeRadioEngine: GRilManager connect failed, re-attempting in 30 seconds.
11-14 14:17:57.936 5445 5446 I AidlLazyServiceRegistrar: Process has 0 (of 1 available) client(s) in use after notification artd has clients: 0
11-14 14:17:57.936 5445 5446 I AidlLazyServiceRegistrar: Trying to shut down the service. No clients in use for any service in process.
11-14 14:17:57.939 5445 5446 I AidlLazyServiceRegistrar: Unregistered all clients and exiting
11-14 14:17:58.463 6121 6121 I trusty_metricsd: starting trusty_metricsd
11-14 14:17:58.463 6121 6121 I trusty_metricsd: trusty dev: /dev/trusty-ipc-dev0
11-14 14:17:58.468 6121 6121 E libtrusty: tipc_connect: can't connect to tipc service "com.android.trusty.metrics" (err=107)
11-14 14:17:58.468 6121 6121 E trusty_metricsd: failed to open TrustyMetricsPixel: failed to connect to Trusty metrics TA: Transport endpoint is not connected
11-14 14:17:58.468 6121 6121 E trusty_metricsd: failed to open Trusty metrics client
11-14 14:18:00.042 3715 3900 I AiAiEcho: Predicting[7]: { Feature:1, creation:2023-11-14T10:24:07Z, expiry:2023-11-14T11:00:00Z, isExpired: true}, { Feature:1, creation:2023-11-14T11:00:00Z, expiry:2023-11-14T12:00:00Z, isExpired: true}, { Feature:1, creation:2023-11-14T12:00:00Z, expiry:2023-11-14T13:00:00Z, isExpired: false}, { Feature:1, creation:2023-11-14T13:00:00Z, expiry:2023-11-14T14:00:00Z, isExpired: true}, { Feature:1, creation:2023-11-14T14:00:00Z, expiry:2023-11-14T15:00:00Z, isExpired: true}, { Feature:1, creation:2023-11-14T15:00:00Z, expiry:2023-11-14T16:00:00Z, isExpired: true}, { Feature:1, creation:2023-11-14T16:00:00Z, expiry:2023-11-14T16:24:07Z, isExpired: true}
11-14 14:18:00.043 3715 3900 I AiAiEcho: EchoTargets: Feature:1
11-14 14:18:00.043 3715 3900 I AiAiEcho: Filtered by AiAi flag check:
11-14 14:18:00.043 3715 3900 I AiAiEcho: Ranked targets strategy: WEIGHTED, count: 1, ranking metadata: { cardId: WEATHER-569377245, card type: 1, update time: 2023-11-14T12:00:00Z, expiration time: 2023-11-14T13:00:00Z, ranking metadata: RankingMetaData(urgency=0.9, priority=0.3, recency=1.0, rankScore=0.27, importantTimePoints=# mta@7bca4) }
11-14 14:18:00.043 3715 3900 I AiAiEcho: #weatherTwiddler: Weather removes SubtitleSupplementalItem in surface: lockscreen
11-14 14:18:00.045 3715 3900 I AiAiEcho: #postPredictionTargets: Sending updates to UISurface lockscreen with targets# 1 (types=[1])
11-14 14:18:00.051 1942 1942 W PageIndicator: Total number of pages invalid: 0. Assuming 1 page.
11-14 14:18:01.622 31668 31668 D BoundBrokerSvc: onBind: Intent { act=com.google.android.gms.safetynet.service.START pkg=com.google.android.gms }
11-14 14:18:01.623 31668 31668 D BoundBrokerSvc: Loading bound service for intent: Intent { act=com.google.android.gms.safetynet.service.START pkg=com.google.android.gms }
11-14 14:18:02.035 936 2866 I WifiHAL : Creating message to get link statistics; iface = 47
11-14 14:18:02.104 936 2866 I WifiHAL : In GetLinkStatsCommand::handleResponse
11-14 14:18:02.147 1472 1871 D ConnectivityService: NetReassign [no changes] [c 1] [a 0] [i 3]
11-14 14:18:03.321 1472 1807 D ActivityManager: freezing 32484 com.google.process.gservices
11-14 14:18:03.440 6127 6127 I trusty_metricsd: starting trusty_metricsd
11-14 14:18:03.440 6127 6127 I trusty_metricsd: trusty dev: /dev/trusty-ipc-dev0
11-14 14:18:03.444 6127 6127 E libtrusty: tipc_connect: can't connect to tipc service "com.android.trusty.metrics" (err=107)
11-14 14:18:03.444 6127 6127 E trusty_metricsd: failed to open TrustyMetricsPixel: failed to connect to Trusty metrics TA: Transport endpoint is not connected
11-14 14:18:03.444 6127 6127 E trusty_metricsd: failed to open Trusty metrics client
11-14 14:18:05.335 1472 1807 D ActivityManager: freezing 8423 com.google.android.turboadapter
11-14 14:18:05.909 595 6108 I keystore2: system/security/keystore2/src/watchdog.rs:319 - Watchdog thread idle -> terminating. Have a great day.
11-14 14:18:08.147 936 2866 I WifiHAL : Creating message to get link statistics; iface = 47
11-14 14:18:08.209 936 2866 I WifiHAL : In GetLinkStatsCommand::handleResponse
11-14 14:18:08.255 1472 1871 D ConnectivityService: NetReassign [no changes] [c 0] [a 1] [i 3]
11-14 14:18:08.484 6132 6132 I trusty_metricsd: starting trusty_metricsd
11-14 14:18:08.485 6132 6132 I trusty_metricsd: trusty dev: /dev/trusty-ipc-dev0
11-14 14:18:08.490 6132 6132 E libtrusty: tipc_connect: can't connect to tipc service "com.android.trusty.metrics" (err=107)
11-14 14:18:08.490 6132 6132 E trusty_metricsd: failed to open TrustyMetricsPixel: failed to connect to Trusty metrics TA: Transport endpoint is not connected
11-14 14:18:08.490 6132 6132 E trusty_metricsd: failed to open Trusty metrics client
11-14 14:18:09.971 31668 31668 D BoundBrokerSvc: onUnbind: Intent { act=com.google.android.gms.feedback.internal.IFeedbackService dat=chimera-action:/... cmp=com.google.android.gms/.chimera.GmsBoundBrokerService }
11-14 14:18:10.140 31668 31668 D BoundBrokerSvc: onUnbind: Intent { act=com.google.android.gms.inappreach.service.START dat=chimera-action:/... cmp=com.google.android.gms/.chimera.GmsApiService }
11-14 14:18:13.500 6138 6138 I trusty_metricsd: starting trusty_metricsd
11-14 14:18:13.500 6138 6138 I trusty_metricsd: trusty dev: /dev/trusty-ipc-dev0
11-14 14:18:13.503 6138 6138 E libtrusty: tipc_connect: can't connect to tipc service "com.android.trusty.metrics" (err=107)
11-14 14:18:13.503 6138 6138 E trusty_metricsd: failed to open TrustyMetricsPixel: failed to connect to Trusty metrics TA: Transport endpoint is not connected
11-14 14:18:13.503 6138 6138 E trusty_metricsd: failed to open Trusty metrics client
11-14 14:18:13.543 6139 6139 I flags_health_check: ServerConfigurableFlagsReset reset_mode value: 1
11-14 14:18:13.544 6139 6139 I flags_health_check: ServerConfigurableFlagsReset updatable crashing detected, resetting flags.
11-14 14:18:14.254 936 2866 I WifiHAL : Creating message to get link statistics; iface = 47
11-14 14:18:14.316 936 2866 I WifiHAL : In GetLinkStatsCommand::handleResponse
11-14 14:18:14.369 1472 1871 D ConnectivityService: NetReassign [no changes] [c 0] [a 0] [i 3]
11-14 14:18:14.581 1472 1807 D ActivityManager: freezing 2098 com.google.android.permissioncontroller
11-14 14:18:16.707 31668 31668 D BoundBrokerSvc: onUnbind: Intent { act=com.google.android.gms.safetynet.service.START pkg=com.google.android.gms }
11-14 14:18:17.183 1472 1472 I ContentCaptureManagerService: Content capture data sharing session terminated successfully for package 'com.google.android.googlequicksearchbox'
11-14 14:18:18.514 6145 6145 I trusty_metricsd: starting trusty_metricsd
11-14 14:18:18.515 6145 6145 I trusty_metricsd: trusty dev: /dev/trusty-ipc-dev0
11-14 14:18:18.519 6145 6145 E libtrusty: tipc_connect: can't connect to tipc service "com.android.trusty.metrics" (err=107)
11-14 14:18:18.519 6145 6145 E trusty_metricsd: failed to open TrustyMetricsPixel: failed to connect to Trusty metrics TA: Transport endpoint is not connected
11-14 14:18:18.519 6145 6145 E trusty_metricsd: failed to open Trusty metrics client
11-14 14:18:18.554 6146 6146 I flags_health_check: ServerConfigurableFlagsReset reset_mode value: 1
11-14 14:18:18.554 6146 6146 I flags_health_check: ServerConfigurableFlagsReset updatable crashing detected, resetting flags.
11-14 14:18:19.639 1472 1807 D ActivityManager: freezing 19704 com.google.android.apps.turbo
11-14 14:18:20.300 1472 1807 D ActivityManager: freezing 3536 com.android.vending
11-14 14:18:20.306 1472 1807 D ActivityManager: freezing 19250 com.android.vending:instant_app_installer
11-14 14:18:20.308 1472 1807 D ActivityManager: freezing 19084 com.android.vending:background
11-14 14:18:20.310 1472 1807 D ActivityManager: freezing 19396 com.android.vending:quick_launch
11-14 14:18:20.369 936 2866 I WifiHAL : Creating message to get link statistics; iface = 47
11-14 14:18:20.422 936 2866 I WifiHAL : In GetLinkStatsCommand::handleResponse
11-14 14:18:20.455 1942 1942 D StatusBarIconController: ignoring old pipeline callback because the new wifi icon is enabled
11-14 14:18:20.460 1472 1871 D ConnectivityService: NetReassign [no changes] [c 1] [a 0] [i 3]
11-14 14:18:20.696 1472 1797 D ActivityManager: sync unfroze 3536 com.android.vending
11-14 14:18:20.713 3536 3536 I Finsky : [2] aaiv.onStartJob(128): SCH: job service start with id 9612.
11-14 14:18:20.730 3536 5980 I Finsky : [140] zlc.a(381): SCH: Satisfied jobs for 9612 are: 12-1
11-14 14:18:20.736 3536 6149 I Finsky : [146] aahh.accept(708): SCH: Job 12-1 starting
11-14 14:18:20.737 3536 3536 I Finsky : [2] ContentSyncJob.w(14): [ContentSync] job started
11-14 14:18:20.944 3536 6150 I Finsky : [147] krr.f(41): Completed 0 account content syncs with 0 successful.
11-14 14:18:20.945 3536 3536 I Finsky : [2] ContentSyncJob.a(14): [ContentSync] Installation state replication succeeded.
11-14 14:18:20.946 3536 3536 I Finsky : [2] aahi.r(83): SCH: jobFinished: 12-1. TimeElapsed: 210ms.
11-14 14:18:20.965 3536 3605 I Finsky : [53] yyj.accept(345): SCH: Scheduling phonesky job Id: 1-1337, CT: 1699931369382, Constraints: [{ L: 35106934, D: 78306934, C: 1, I: 1, N: 1 }]
11-14 14:18:20.969 3536 3605 I Finsky : [53] zjm.apply(81): SCH: Scheduling 1 system job(s)
11-14 14:18:20.970 3536 3605 I Finsky : [53] aahf.d(263): SCH: Scheduling system job Id: 9615, L: 2175347, D: 45375347, C: false, I: false, N: 1
11-14 14:18:20.978 3536 6149 I Finsky : [146] aaiv.a(26): SCH: job service finished with id 9612.
11-14 14:18:21.010 1655 1677 I pixel-thermal: VIRTUAL-USB-UI:0 raw data: USB2-MINUS-CHG:-5142 VIRTUAL-USB-UI:0 charger_skin_therm:33019 usb_pwr_therm2:27877
11-14 14:18:21.016 1655 1677 I pixel-thermal: VIRTUAL-USB-THROTTLING:0 raw data: USB2-MINUS-CHG:-5142 VIRTUAL-USB-THROTTLING:0 usb_pwr_therm2:27877
11-14 14:18:21.017 1655 1677 I pixel-thermal: neutral_therm:27.877 raw data: neutral_therm:27877
11-14 14:18:23.532 6156 6156 I trusty_metricsd: starting trusty_metricsd
11-14 14:18:23.533 6156 6156 I trusty_metricsd: trusty dev: /dev/trusty-ipc-dev0
11-14 14:18:23.538 6156 6156 E libtrusty: tipc_connect: can't connect to tipc service "com.android.trusty.metrics" (err=107)
11-14 14:18:23.539 6156 6156 E trusty_metricsd: failed to open TrustyMetricsPixel: failed to connect to Trusty metrics TA: Transport endpoint is not connected
11-14 14:18:23.539 6156 6156 E trusty_metricsd: failed to open Trusty metrics client
11-14 14:18:23.576 6157 6157 I flags_health_check: ServerConfigurableFlagsReset reset_mode value: 1
11-14 14:18:23.576 6157 6157 I flags_health_check: ServerConfigurableFlagsReset updatable crashing detected, resetting flags.
11-14 14:18:23.942 1942 1942 D DLObserver: onReceive(); android.intent.action.BATTERY_CHANGED
11-14 14:18:23.942 1942 1942 D DLObserver: plugged=2
11-14 14:18:23.946 1942 3397 D PowerUI : can't show warning due to - plugged: true status unknown: false
11-14 14:18:23.946 1942 1942 D PowerNotificationWarningsGoogleImpl: onReceive: android.intent.action.BATTERY_CHANGED
11-14 14:18:23.946 1942 1942 D BatteryDefenderNotification: isPlugged: true | isOverheated: false | defenderEnabled: false | isCharged: false | isPluggedInDock: false
11-14 14:18:23.946 1942 1942 D IncompatibleChargerNotification: dispatchIntent: android.intent.action.BATTERY_CHANGED
11-14 14:18:26.462 936 2866 I WifiHAL : Creating message to get link statistics; iface = 47
11-14 14:18:26.527 936 2866 I WifiHAL : In GetLinkStatsCommand::handleResponse
11-14 14:18:26.565 1942 1942 D StatusBarIconController: ignoring old pipeline callback because the new wifi icon is enabled
11-14 14:18:26.575 1472 1871 D ConnectivityService: NetReassign [no changes] [c 1] [a 0] [i 3]
11-14 14:18:26.740 1472 1807 D ActivityManager: freezing 31668 com.google.android.gms
11-14 14:18:26.745 1472 1807 D ActivityManager: freezing 7533 com.google.android.adservices.api
11-14 14:18:28.547 6163 6163 I trusty_metricsd: starting trusty_metricsd
11-14 14:18:28.547 6163 6163 I trusty_metricsd: trusty dev: /dev/trusty-ipc-dev0
11-14 14:18:28.551 6163 6163 E libtrusty: tipc_connect: can't connect to tipc service "com.android.trusty.metrics" (err=107)
11-14 14:18:28.551 6163 6163 E trusty_metricsd: failed to open TrustyMetricsPixel: failed to connect to Trusty metrics TA: Transport endpoint is not connected
11-14 14:18:28.551 6163 6163 E trusty_metricsd: failed to open Trusty metrics client
11-14 14:18:28.589 6164 6164 I flags_health_check: ServerConfigurableFlagsReset reset_mode value: 1
11-14 14:18:28.590 6164 6164 I flags_health_check: ServerConfigurableFlagsReset updatable crashing detected, resetting flags.
11-14 14:18:29.262 1128 1349 D CHRE : @ 1881852.713: Parsed nanoapp message from host: app ID 0x476f6f676c00100b endpoint 0x6a msgType 112 payload size 10
11-14 14:18:29.262 1128 1349 I CHRE : @ 1881852.713: [NanoMinion] received MSG Type 0x70, Version 1, 6 bytes
11-14 14:18:29.262 1128 1349 I CHRE : @ 1881852.714: [AR] request.flush
11-14 14:18:29.262 1128 1349 I CHRE : @ 1881852.714: [AR] send to host, reason=3, sampleSize=22, transitionSize=0, lastAccelTime = 1881653405, lastAudioTime = 0
11-14 14:18:29.262 1128 1349 I CHRE : @ 1881852.714: [NanoMinion] sent MSG Type 0x72, Version 0, 355 bytes, MessageId 6
11-14 14:18:29.263 889 901 D ContextHubHal: Got message from nanoapp: ID 0x476f6f676c00100b
11-14 14:18:29.263 1441 1450 I CapoDetector: handleNanoappMessage, Id 5147455389092024331, type 1025, size 363
11-14 14:18:29.278 1128 1349 D CHRE : @ 1881852.731: Nanoapp list request from client ID 1
11-14 14:18:29.280 889 901 D ContextHubHal: Got nanoapp list response with 17 apps
11-14 14:18:29.284 1128 1349 D CHRE : @ 1881852.736: Nanoapp list request from client ID 1
11-14 14:18:29.284 889 901 D ContextHubHal: Got nanoapp list response with 17 apps
11-14 14:18:29.292 1472 2549 W AppOps : Noting op not finished: uid 10140 pkg com.google.android.gms code 79 startTime of in progress event=1699961662547
11-14 14:18:29.303 1472 2549 W AppOps : Noting op not finished: uid 10140 pkg com.google.android.gms code 113 startTime of in progress event=1699961662547
11-14 14:18:29.309 1472 4804 W AppOps : Noting op not finished: uid 10140 pkg com.google.android.gms code 113 startTime of in progress event=1699961662547
11-14 14:18:29.319 1128 1349 D CHRE : @ 1881852.772: Nanoapp list request from client ID 1
11-14 14:18:29.319 889 901 D ContextHubHal: Got nanoapp list response with 17 apps
11-14 14:18:29.324 1128 1349 D CHRE : @ 1881852.776: Nanoapp list request from client ID 1
11-14 14:18:29.324 889 901 D ContextHubHal: Got nanoapp list response with 17 apps
11-14 14:18:31.000 1472 1807 D ActivityManager: freezing 3536 com.android.vending
11-14 14:18:31.663 1472 4785 D ActivityManager: sync unfroze 31668 com.google.android.gms
11-14 14:18:31.666 1472 4785 D ActivityManager: sync unfroze 7533 com.google.android.adservices.api
11-14 14:18:31.674 31668 31668 D BoundBrokerSvc: onBind: Intent { act=com.google.android.gms.safetynet.service.START pkg=com.google.android.gms }
11-14 14:18:31.675 31668 31668 D BoundBrokerSvc: Loading bound service for intent: Intent { act=com.google.android.gms.safetynet.service.START pkg=com.google.android.gms }
11-14 14:18:32.570 936 2866 I WifiHAL : Creating message to get link statistics; iface = 47
11-14 14:18:32.633 936 2866 I WifiHAL : In GetLinkStatsCommand::handleResponse
11-14 14:18:32.679 1942 1942 D StatusBarIconController: ignoring old pipeline callback because the new wifi icon is enabled
11-14 14:18:32.684 1472 1871 D ConnectivityService: NetReassign [no changes] [c 0] [a 0] [i 5]
11-14 14:18:33.564 6172 6172 I trusty_metricsd: starting trusty_metricsd
11-14 14:18:33.564 6172 6172 I trusty_metricsd: trusty dev: /dev/trusty-ipc-dev0
11-14 14:18:33.568 6172 6172 E libtrusty: tipc_connect: can't connect to tipc service "com.android.trusty.metrics" (err=107)
11-14 14:18:33.568 6172 6172 E trusty_metricsd: failed to open TrustyMetricsPixel: failed to connect to Trusty metrics TA: Transport endpoint is not connected
11-14 14:18:33.568 6172 6172 E trusty_metricsd: failed to open Trusty metrics client
11-14 14:18:33.604 6173 6173 I flags_health_check: ServerConfigurableFlagsReset reset_mode value: 1
11-14 14:18:33.604 6173 6173 I flags_health_check: ServerConfigurableFlagsReset updatable crashing detected, resetting flags.
11-14 14:18:34.431 1472 1807 D ActivityManager: freezing 30461 com.android.settings
11-14 14:18:34.435 1472 1807 D ActivityManager: freezing 12154 com.google.android.apps.wellbeing
11-14 14:18:34.437 1472 1807 D ActivityManager: freezing 3999 com.android.keychain
11-14 14:18:38.581 6178 6178 I trusty_metricsd: starting trusty_metricsd
11-14 14:18:38.581 6178 6178 I trusty_metricsd: trusty dev: /dev/trusty-ipc-dev0
11-14 14:18:38.586 6178 6178 E libtrusty: tipc_connect: can't connect to tipc service "com.android.trusty.metrics" (err=107)
11-14 14:18:38.586 6178 6178 E trusty_metricsd: failed to open TrustyMetricsPixel: failed to connect to Trusty metrics TA: Transport endpoint is not connected
11-14 14:18:38.586 6178 6178 E trusty_metricsd: failed to open Trusty metrics client
11-14 14:18:38.617 6179 6179 I flags_health_check: ServerConfigurableFlagsReset reset_mode value: 1
11-14 14:18:38.618 6179 6179 I flags_health_check: ServerConfigurableFlagsReset updatable crashing detected, resetting flags.
11-14 14:18:38.686 936 2866 I WifiHAL : Creating message to get link statistics; iface = 47
11-14 14:18:38.804 936 2866 I WifiHAL : In GetLinkStatsCommand::handleResponse
