11-13 15:30:03.047 1472 1721 I AppsFilter: interaction: PackageSetting{246c121 com.test.ouluweather/10268} -> PackageSetting{5257538 com.google.android.youtube/10191} BLOCKED
11-13 15:30:03.047 1472 1721 I AppsFilter: interaction: PackageSetting{5638a6e com.google.android.microdroid.empty_payload/10246} -> PackageSetting{5257538 com.google.android.youtube/10191} BLOCKED
11-13 15:30:03.047 1472 1721 I AppsFilter: interaction: PackageSetting{b8bf670 org.qtproject.example.calendarwidget/10278} -> PackageSetting{5257538 com.google.android.youtube/10191} BLOCKED
11-13 15:30:03.047 1472 1721 I AppsFilter: interaction: PackageSetting{e574d7d org.qtproject.example.QTBUG97503/10284} -> PackageSetting{5257538 com.google.android.youtube/10191} BLOCKED
11-13 15:30:03.047 1472 1721 I AppsFilter: interaction: PackageSetting{59c4cd3 org.qtproject.example.unicode_bug/10280} -> PackageSetting{5257538 com.google.android.youtube/10191} BLOCKED
11-13 15:30:03.047 1472 1721 I AppsFilter: interaction: PackageSetting{277dda4 com.example.qtbug/10276} -> PackageSetting{5257538 com.google.android.youtube/10191} BLOCKED
11-13 15:30:03.047 1472 1721 I AppsFilter: interaction: PackageSetting{607ced1 org.qtproject.example.implicit_height/10275} -> PackageSetting{5257538 com.google.android.youtube/10191} BLOCKED
11-13 15:30:03.047 1472 1721 I AppsFilter: interaction: PackageSetting{a26c3f org.qtproject.example.simplemqttclient/10254} -> PackageSetting{5257538 com.google.android.youtube/10191} BLOCKED
11-13 15:30:03.047 1472 1721 I AppsFilter: interaction: PackageSetting{171305e org.qtproject.example.qtbug90324/10271} -> PackageSetting{5257538 com.google.android.youtube/10191} BLOCKED
11-13 15:30:03.047 1472 1721 I AppsFilter: interaction: PackageSetting{739d6f org.qtproject.example.qtbug87334/10247} -> PackageSetting{5257538 com.google.android.youtube/10191} BLOCKED
11-13 15:30:03.047 1472 1721 I AppsFilter: interaction: PackageSetting{d740599 org.qtproject.example.qtbug40728/10273} -> PackageSetting{5257538 com.google.android.youtube/10191} BLOCKED
11-13 15:30:03.048 1472 1721 I AppsFilter: interaction: PackageSetting{89b3c9d org.qtproject.example.Android_keyboard_cover/10283} -> PackageSetting{5257538 com.google.android.youtube/10191} BLOCKED
11-13 15:30:03.048 1472 1721 I AppsFilter: interaction: PackageSetting{fde6ec8 org.qtproject.example.appqtbug98776_for_qtbug114437/10281} -> PackageSetting{5257538 com.google.android.youtube/10191} BLOCKED
11-13 15:30:03.048 1472 1721 I AppsFilter: interaction: PackageSetting{2cd19b0 org.qtproject.example/10282} -> PackageSetting{5257538 com.google.android.youtube/10191} BLOCKED
11-13 15:30:03.048 1472 1721 I AppsFilter: interaction: PackageSetting{d382e57 org.qtproject.example.textfinder/10272} -> PackageSetting{5257538 com.google.android.youtube/10191} BLOCKED
11-13 15:30:03.048 1472 1721 I AppsFilter: interaction: PackageSetting{47d83f1 org.qtproject.example.openglunderqml/10251} -> PackageSetting{5257538 com.google.android.youtube/10191} BLOCKED
11-13 15:30:03.048 1472 1721 I AppsFilter: interaction: PackageSetting{143ef98 org.qtproject.example.texteditor/10285} -> PackageSetting{5257538 com.google.android.youtube/10191} BLOCKED
11-13 15:30:03.048 1472 1721 I AppsFilter: interaction: PackageSetting{59234ac org.qtproject.example.hellocube/10258} -> PackageSetting{5257538 com.google.android.youtube/10191} BLOCKED
11-13 15:30:03.048 1472 1721 I AppsFilter: interaction: PackageSetting{a174853 org.qtproject.example.texteditorexample/10290} -> PackageSetting{5257538 com.google.android.youtube/10191} BLOCKED
11-13 15:30:03.048 1472 1721 I AppsFilter: interaction: PackageSetting{2c11bbd org.qtproject.example.contactlistexample/10277} -> PackageSetting{5257538 com.google.android.youtube/10191} BLOCKED
11-13 15:30:03.048 1472 1721 I AppsFilter: interaction: PackageSetting{f13b073 org.qtproject.example.highdpi/10288} -> PackageSetting{5257538 com.google.android.youtube/10191} BLOCKED
11-13 15:30:03.048 1472 1721 I AppsFilter: interaction: PackageSetting{cae2aca org.qtproject.example.deleteme/10291} -> PackageSetting{5257538 com.google.android.youtube/10191} BLOCKED
11-13 15:30:03.048 1472 1721 I AppsFilter: interaction: PackageSetting{c514d9b org.qtproject.example.quickspeech/10274} -> PackageSetting{5257538 com.google.android.youtube/10191} BLOCKED
11-13 15:30:03.112 1472 1721 I ActivityManager: Force stopping com.google.android.youtube appid=10191 user=0: pkg removed
11-13 15:30:03.133 1472 1721 I ActivityManager: Force stopping com.google.android.youtube appid=10191 user=0: pkg removed
11-13 15:30:03.183 1472 1721 D CompatibilityChangeReporter: Compat change id reported: 168419799; UID 10191; state: DISABLED
11-13 15:30:03.183 1472 1721 D CompatibilityChangeReporter: Compat change id reported: 273564678; UID 10191; state: DISABLED
11-13 15:30:03.219 1472 1472 I Telecom : CarModeTracker: Package com.google.android.youtube is not tracked.: SSH.oR@PzE
11-13 15:30:03.219 1472 1472 I Telecom : InCallController: updateCarModeForConnections: car mode apps: : SSH.oR@PzE
11-13 15:30:03.226 1472 1721 D PackageInstallerSession: Marking session 827286548 as applied
11-13 15:30:03.228 1472 1472 D CompatibilityChangeReporter: Compat change id reported: 171306433; UID 10191; state: ENABLED
11-13 15:30:03.228 1472 1472 W AlarmManager: Package com.google.android.youtube, uid 10191 lost permission to set exact alarms!
11-13 15:30:03.229 1472 2557 D ActivityManager: sync unfroze 10682 com.google.android.euicc
11-13 15:30:03.230 1472 1840 D LocaleManagerService: getApplicationLocales: fetching locales for package com.google.android.youtube and user 0
11-13 15:30:03.230 1472 1840 W PackageConfigPersister: App-specific configuration not found for packageName: com.google.android.youtube and userId: 0
11-13 15:30:03.230 1472 1840 D LocaleManagerService: getApplicationLocales: application config not found for com.google.android.youtube and user id 0
11-13 15:30:03.234 1472 1697 D CompatibilityChangeReporter: Compat change id reported: 135634846; UID 10191; state: DISABLED
11-13 15:30:03.234 1472 1697 D CompatibilityChangeReporter: Compat change id reported: 177438394; UID 10191; state: DISABLED
11-13 15:30:03.234 1472 1697 D CompatibilityChangeReporter: Compat change id reported: 135772972; UID 10191; state: DISABLED
11-13 15:30:03.234 1472 1697 D CompatibilityChangeReporter: Compat change id reported: 135754954; UID 10191; state: ENABLED
11-13 15:30:03.234 1472 1698 D CompatibilityChangeReporter: Compat change id reported: 143937733; UID 10191; state: ENABLED
11-13 15:30:03.240 1472 1807 D ActivityManager: freezing 12154 com.google.android.apps.wellbeing
11-13 15:30:03.244 1472 1808 D ActivityManager: sync unfroze 2098 com.google.android.permissioncontroller
11-13 15:30:03.258 1472 1472 D TransparencyService: com.google.android.youtube was updated. Scheduling measurement...
11-13 15:30:03.258 1472 1472 I TransparencyService: Scheduling binary content-digest computation job
11-13 15:30:03.258 1472 1472 D TransparencyService: A measurement job has already been scheduled.
11-13 15:30:03.264 1472 1698 I ActivityManager: Start proc 29322:com.google.android.youtube/u0a191 for broadcast {com.google.android.youtube/com.google.android.apps.youtube.app.application.backup.PackageReplacedReceiver}
11-13 15:30:03.293 1472 1797 D CompatibilityChangeReporter: Compat change id reported: 265195908; UID 10191; state: ENABLED
11-13 15:30:03.301 1472 1797 D CompatibilityChangeReporter: Compat change id reported: 271850009; UID 10191; state: ENABLED
11-13 15:30:03.308 1472 4954 D CompatibilityChangeReporter: Compat change id reported: 170503758; UID 10191; state: ENABLED
11-13 15:30:03.415 1472 1807 D ActivityManager: freezing 28451 com.google.android.apps.youtube.music
11-13 15:30:03.523 1472 1696 W WindowMagnificationMgr: requestConnection duplicated request: connect=false, mConnectionState=DISCONNECTED
11-13 15:30:03.531 1472 1696 W WindowMagnificationMgr: requestConnection duplicated request: connect=false, mConnectionState=DISCONNECTED
11-13 15:30:03.555 1472 1807 D ActivityManager: freezing 29151 com.google.android.apps.messaging
11-13 15:30:03.641 1472 1696 D AppWidgetServiceImpl: Provider info from ComponentInfo{com.google.android.youtube/com.google.android.apps.youtube.app.widget.YtQuickActionsWidgetProvider} won't be persisted.
11-13 15:30:03.641 1472 1696 D AppWidgetServiceImpl: Provider info from ComponentInfo{com.google.android.youtube/com.google.android.apps.youtube.app.widget.YtSearchWidgetProvider} won't be persisted.
11-13 15:30:03.664 1472 2544 D ActivityManager: sync unfroze 12154 com.google.android.apps.wellbeing
11-13 15:30:03.667 1472 1807 D ActivityManager: freezing 29068 com.google.android.apps.messaging:crash_report
11-13 15:30:03.672 1472 1697 D ActivityManager: sync unfroze 29151 com.google.android.apps.messaging
11-13 15:30:03.801 1472 4953 D CompatibilityChangeReporter: Compat change id reported: 261072174; UID 10191; state: DISABLED
11-13 15:30:03.810 1472 4956 I ActivityManager: Flag disabled. Ignoring finishAttachApplication from uid: 10191. pid: 29322
11-13 15:30:03.834 1472 4956 D CompatibilityChangeReporter: Compat change id reported: 161145287; UID 10191; state: DISABLED
11-13 15:30:03.878 1472 4954 D CompatibilityChangeReporter: Compat change id reported: 161252188; UID 10191; state: DISABLED
11-13 15:30:04.022 1472 2615 D CompatibilityChangeReporter: Compat change id reported: 253665015; UID 10191; state: ENABLED
11-13 15:30:04.022 1472 2615 D CompatibilityChangeReporter: Compat change id reported: 194532703; UID 10191; state: ENABLED
11-13 15:30:04.023 1472 2615 E JobScheduler.JobStatus: App com.google.android.youtube became active but still in NEVER bucket
11-13 15:30:04.026 1472 4956 E JobScheduler.JobStatus: App com.google.android.youtube became active but still in NEVER bucket
11-13 15:30:04.033 1472 4956 E JobScheduler.JobStatus: App com.google.android.youtube became active but still in NEVER bucket
11-13 15:30:04.036 1472 2615 W JobScheduler: Job didn't exist in JobStore: dc765f8 #u0a191/1132 com.google.android.youtube/androidx.work.impl.background.systemjob.SystemJobService
11-13 15:30:04.038 1472 3338 E JobScheduler.JobStatus: App com.google.android.youtube became active but still in NEVER bucket
11-13 15:30:04.068 1472 3338 E JobScheduler.JobStatus: App com.google.android.youtube became active but still in NEVER bucket
11-13 15:30:04.069 1472 3338 E JobScheduler.JobStatus: App com.google.android.youtube became active but still in NEVER bucket
11-13 15:30:04.069 1472 3338 E JobScheduler.JobStatus: App com.google.android.youtube became active but still in NEVER bucket
11-13 15:30:04.071 1472 3338 E JobScheduler.JobStatus: App com.google.android.youtube became active but still in NEVER bucket
11-13 15:30:04.074 1472 4956 W JobScheduler: Job didn't exist in JobStore: 478a7a0 #u0a191/1137 com.google.android.youtube/androidx.work.impl.background.systemjob.SystemJobService
11-13 15:30:04.126 1472 2557 E JobScheduler.JobStatus: App com.google.android.youtube became active but still in NEVER bucket
11-13 15:30:04.190 1472 4953 E JobScheduler.JobStatus: App com.google.android.youtube became active but still in NEVER bucket
11-13 15:30:04.194 1472 4953 E JobScheduler.JobStatus: App com.google.android.youtube became active but still in NEVER bucket
11-13 15:30:04.200 1472 2615 E JobScheduler.JobStatus: App com.google.android.youtube became active but still in NEVER bucket
11-13 15:30:04.202 1472 4950 E JobScheduler.JobStatus: App com.google.android.youtube became active but still in NEVER bucket
11-13 15:30:04.253 1472 4956 E JobScheduler.JobStatus: App com.google.android.youtube became active but still in NEVER bucket
11-13 15:30:04.261 1472 4956 E JobScheduler.JobStatus: App com.google.android.youtube became active but still in NEVER bucket
11-13 15:30:04.299 1472 2557 W JobScheduler: Job didn't exist in JobStore: 2e869d7 #u0a191/1137 com.google.android.youtube/androidx.work.impl.background.systemjob.SystemJobService
11-13 15:30:04.413 1472 4956 E JobScheduler.JobStatus: App com.google.android.youtube became active but still in NEVER bucket
11-13 15:30:04.424 1472 2557 E JobScheduler.JobStatus: App com.google.android.youtube became active but still in NEVER bucket
11-13 15:30:04.436 1472 4953 E JobScheduler.JobStatus: App com.google.android.youtube became active but still in NEVER bucket
11-13 15:30:04.446 1472 4950 W JobScheduler: Job didn't exist in JobStore: 3c51ae1 #u0a191/1143 com.google.android.youtube/androidx.work.impl.background.systemjob.SystemJobService
11-13 15:30:04.469 1472 4956 E JobScheduler.JobStatus: App com.google.android.youtube became active but still in NEVER bucket
11-13 15:30:04.478 1472 4953 E JobScheduler.JobStatus: App com.google.android.youtube became active but still in NEVER bucket
11-13 15:30:04.534 1472 4954 E JobScheduler.JobStatus: App com.google.android.youtube became active but still in NEVER bucket
11-13 15:30:05.141 1472 1807 D ActivityManager: freezing 18662 com.google.process.gapps
11-13 15:30:05.937 1472 4950 E JobScheduler.JobStatus: App com.google.android.youtube became active but still in NEVER bucket
11-13 15:30:05.969 1472 4950 E JobScheduler.JobStatus: App com.google.android.youtube became active but still in NEVER bucket
11-13 15:30:06.045 1472 2615 E JobScheduler.JobStatus: App com.google.android.youtube became active but still in NEVER bucket
11-13 15:30:06.057 1472 4784 E JobScheduler.JobStatus: App com.google.android.youtube became active but still in NEVER bucket
11-13 15:30:08.992 1472 4784 W AppOps : Noting op not finished: uid 10140 pkg com.google.android.gms code 113 startTime of in progress event=1699882166181
11-13 15:30:08.999 1472 4784 W AppOps : Noting op not finished: uid 10140 pkg com.google.android.gms code 113 startTime of in progress event=1699882166181
11-13 15:30:09.009 1472 4954 W AppOps : Noting op not finished: uid 10140 pkg com.google.android.gms code 79 startTime of in progress event=1699882166181
11-13 15:30:09.013 1472 1797 D CompatibilityChangeReporter: Compat change id reported: 218533173; UID 10167; state: ENABLED
11-13 15:30:09.014 1472 1797 D CompatibilityChangeReporter: Compat change id reported: 262645982; UID 10167; state: DISABLED
11-13 15:30:13.710 1472 1807 D ActivityManager: freezing 29151 com.google.android.apps.messaging
11-13 15:30:13.715 1472 1807 D ActivityManager: freezing 7533 com.google.android.adservices.api
11-13 15:30:15.894 1472 1797 D ActivityManager: sync unfroze 7533 com.google.android.adservices.api
11-13 15:30:23.835 1472 1797 D CompatibilityChangeReporter: Compat change id reported: 218533173; UID 10191; state: ENABLED
11-13 15:30:23.836 1472 1797 D CompatibilityChangeReporter: Compat change id reported: 262645982; UID 10191; state: DISABLED
11-13 15:30:25.941 1472 1807 D ActivityManager: freezing 20517 com.android.vending
11-13 15:30:25.948 1472 1807 D ActivityManager: freezing 19084 com.android.vending:background
11-13 15:30:25.951 1472 1807 D ActivityManager: freezing 32484 com.google.process.gservices
11-13 15:30:25.953 1472 1807 D ActivityManager: freezing 19250 com.android.vending:instant_app_installer
11-13 15:30:25.954 1472 1807 D ActivityManager: freezing 19396 com.android.vending:quick_launch
11-13 15:30:29.270 1472 1807 D ActivityManager: freezing 2098 com.google.android.permissioncontroller
11-13 15:30:33.839 1472 1807 D ActivityManager: freezing 29322 com.google.android.youtube
11-13 15:30:33.845 1472 1807 D ActivityManager: freezing 3310 com.android.chrome
11-13 15:30:43.212 1472 1807 D ActivityManager: freezing 20437 com.google.android.gms
11-13 15:30:43.219 1472 1807 D ActivityManager: freezing 7533 com.google.android.adservices.api
11-13 15:30:43.221 1472 1807 D ActivityManager: freezing 12154 com.google.android.apps.wellbeing
11-13 15:30:43.223 1472 1807 D ActivityManager: freezing 3999 com.android.keychain
11-13 15:30:43.225 1472 1807 D ActivityManager: freezing 30461 com.android.settings
11-13 15:32:25.258 1472 1807 D ActivityManager: freezing 10682 com.google.android.euicc
11-13 15:32:27.673 1472 1696 I UsageStatsService: User[0] Flushing usage stats to disk
11-13 15:34:29.740 1472 1697 D ActivityManager: sync unfroze 3999 com.android.keychain
11-13 15:34:29.741 1472 1697 D ActivityManager: sync unfroze 30461 com.android.settings
11-13 15:34:39.053 1472 4953 W AppOps : Noting op not finished: uid 10140 pkg com.google.android.gms code 113 startTime of in progress event=1699882166181
11-13 15:34:39.061 1472 4804 W AppOps : Noting op not finished: uid 10140 pkg com.google.android.gms code 113 startTime of in progress event=1699882166181
11-13 15:34:39.067 1472 1987 W AppOps : Noting op not finished: uid 10140 pkg com.google.android.gms code 79 startTime of in progress event=1699882166181
11-13 15:38:51.782 1472 4950 W AlarmManager: Alarms must either supply a PendingIntent or an AlarmReceiver
11-13 15:38:51.795 1472 1987 W AppOps : Noting op not finished: uid 10140 pkg com.google.android.gms code 113 startTime of in progress event=1699882166181
11-13 15:38:51.801 1472 1987 W AppOps : Noting op not finished: uid 10140 pkg com.google.android.gms code 113 startTime of in progress event=1699882166181
11-13 15:38:51.804 1472 1987 W AppOps : Noting op not finished: uid 10140 pkg com.google.android.gms code 79 startTime of in progress event=1699882166181
11-13 15:38:52.859 1472 2557 D ActivityManager: sync unfroze 32484 com.google.process.gservices
11-13 15:43:22.762 1472 4953 W AppOps : Noting op not finished: uid 10140 pkg com.google.android.gms code 113 startTime of in progress event=1699882166181
11-13 15:43:22.769 1472 2557 W AppOps : Noting op not finished: uid 10140 pkg com.google.android.gms code 113 startTime of in progress event=1699882166181
11-13 15:43:22.773 1472 2557 W AppOps : Noting op not finished: uid 10140 pkg com.google.android.gms code 79 startTime of in progress event=1699882731856
11-13 15:49:08.990 1472 4960 W AlarmManager: Alarms must either supply a PendingIntent or an AlarmReceiver
11-13 15:49:08.996 1472 1797 D ActivityManager: sync unfroze 29151 com.google.android.apps.messaging
11-13 15:49:09.016 1472 4960 E JobScheduler.JobStatus: App com.google.android.inputmethod.latin became active but still in NEVER bucket
11-13 15:49:09.023 1472 3338 E JobScheduler.JobStatus: App com.google.android.inputmethod.latin became active but still in NEVER bucket
11-13 15:49:09.144 1472 3338 D ActivityManager: sync unfroze 20437 com.google.android.gms
11-13 15:49:09.146 1472 3338 D ActivityManager: sync unfroze 7533 com.google.android.adservices.api
11-13 15:49:12.017 1472 1797 D ActivityManager: sync unfroze 16945 com.google.android.apps.turbo:aab
11-13 15:49:12.025 1472 1797 D ActivityManager: sync unfroze 19704 com.google.android.apps.turbo
11-13 15:49:12.038 1472 1797 D ActivityManager: sync unfroze 17097 com.google.android.partnersetup
11-13 15:49:12.047 1472 1797 D ActivityManager: sync unfroze 12364 com.google.android.settings.intelligence
11-13 15:49:12.057 1472 1797 D ActivityManager: sync unfroze 12046 com.google.android.apps.safetyhub
11-13 15:49:12.079 1472 1472 I StorageManagerService: Storage lifetime: 1
11-13 15:49:12.087 1472 4950 D ActivityManager: sync unfroze 12137 com.google.android.apps.betterbug
11-13 15:49:12.090 1472 1472 I StorageManagerService: Set smart idle maintenance: latest write amount: 342, average write amount: 199, min segment threshold: 512, dirty reclaim rate: 0.5, segment reclaim weight: 2.0, period(min): 60, min gc sleep time(ms): 5000, target dirty ratio: 80
11-13 15:49:12.092 548 560 I vold : Enough free segments: 42788
11-13 15:49:12.093 1472 1472 I SmartStorageMaintIdler: Got smart storage maintenance service completion callback
11-13 15:49:12.113 1472 1987 D ActivityManager: sync unfroze 19250 com.android.vending:instant_app_installer
11-13 15:49:12.123 1472 1472 W JobScheduler: Job didn't exist in JobStore: 3be9ef4 #1000/2808 android/com.android.server.SmartStorageMaintIdler
11-13 15:49:12.151 1472 4953 W JobScheduler: Job didn't exist in JobStore: 8ea58c7 #u0a115/4096 com.google.android.partnersetup/.InstalledAppJobService
11-13 15:49:12.167 1472 1472 D ActivityManager: sync unfroze 20517 com.android.vending
11-13 15:49:12.179 1472 4953 W JobScheduler: Job didn't exist in JobStore: 9892a21 #u0a136/165064389 com.android.vending/com.google.android.finsky.instantapps.metrics.LogFlushJob
11-13 15:49:12.850 1472 1697 D ActivityManager: sync unfroze 3415 com.google.android.gm
11-13 15:49:12.860 1472 1697 D ActivityManager: sync unfroze 29322 com.google.android.youtube
11-13 15:49:12.873 1472 1987 D ActivityManager: sync unfroze 3310 com.android.chrome
11-13 15:49:13.108 1472 1721 I AppsFilter: interaction: PackageSetting{90d1ed3 org.qtproject.example.qmlchart/10248} -> PackageSetting{6b62d68 com.google.android.youtube/10191} BLOCKED
11-13 15:49:13.108 1472 1721 I AppsFilter: interaction: PackageSetting{64ea909 org.qtproject.example.vulkanunderqml/10267} -> PackageSetting{6b62d68 com.google.android.youtube/10191} BLOCKED
11-13 15:49:13.108 1472 1721 I AppsFilter: interaction: PackageSetting{cf4e70e com.qt.finweather/10286} -> PackageSetting{6b62d68 com.google.android.youtube/10191} BLOCKED
11-13 15:49:13.108 1472 1721 I AppsFilter: interaction: PackageSetting{580d52f org.qtproject.example.appQTBUG_38700_example/10269} -> PackageSetting{6b62d68 com.google.android.youtube/10191} BLOCKED
11-13 15:49:13.108 1472 1721 I AppsFilter: interaction: PackageSetting{a29473c org.qtproject.example.minimal_qml/10262} -> PackageSetting{6b62d68 com.google.android.youtube/10191} BLOCKED
11-13 15:49:13.108 1472 1721 I AppsFilter: interaction: PackageSetting{bafccc5 org.qtproject.example.qmloscilloscope/10255} -> PackageSetting{6b62d68 com.google.android.youtube/10191} BLOCKED
11-13 15:49:13.108 1472 1721 I AppsFilter: interaction: PackageSetting{f9c661a org.qtproject.example.calqlatrexample/10266} -> PackageSetting{6b62d68 com.google.android.youtube/10191} BLOCKED
11-13 15:49:13.109 1472 1721 I AppsFilter: interaction: PackageSetting{ecf954b org.qtproject.example.appqt66beta1androidquickexample/10256} -> PackageSetting{6b62d68 com.google.android.youtube/10191} BLOCKED
11-13 15:49:13.109 1472 1721 I AppsFilter: interaction: PackageSetting{e19b28 org.qtproject.example.coffee/10279} -> PackageSetting{6b62d68 com.google.android.youtube/10191} BLOCKED
11-13 15:49:13.109 1472 1721 I AppsFilter: interaction: PackageSetting{6457041 org.qtproject.example.contactlist/10252} -> PackageSetting{6b62d68 com.google.android.youtube/10191} BLOCKED
11-13 15:49:13.109 1472 1721 I AppsFilter: interaction: PackageSetting{70ac9e6 org.qtproject.example.appmuu/10287} -> PackageSetting{6b62d68 com.google.android.youtube/10191} BLOCKED
11-13 15:49:13.109 1472 1721 I AppsFilter: interaction: PackageSetting{7003b27 org.qtproject.example.qtbug98766_compat/10289} -> PackageSetting{6b62d68 com.google.android.youtube/10191} BLOCKED
11-13 15:49:13.109 1472 1721 I AppsFilter: interaction: PackageSetting{44941d4 org.qtproject.example.galleryexample/10265} -> PackageSetting{6b62d68 com.google.android.youtube/10191} BLOCKED
11-13 15:49:13.109 1472 1721 I AppsFilter: interaction: PackageSetting{337cf7d org.qtproject.example.objectlistmodelexample/10263} -> PackageSetting{6b62d68 com.google.android.youtube/10191} BLOCKED
11-13 15:49:13.109 1472 1721 I AppsFilter: interaction: PackageSetting{7a99e72 org.qtproject.example.testFont/10270} -> PackageSetting{6b62d68 com.google.android.youtube/10191} BLOCKED
11-13 15:49:13.109 1472 1721 I AppsFilter: interaction: PackageSetting{fab62c3 org.qtproject.example.widgetdeom/10259} -> PackageSetting{6b62d68 com.google.android.youtube/10191} BLOCKED
11-13 15:49:13.109 1472 1721 I AppsFilter: interaction: PackageSetting{9e2a740 org.qtproject.example.declarative_camera/10253} -> PackageSetting{6b62d68 com.google.android.youtube/10191} BLOCKED
11-13 15:49:13.109 1472 1721 I AppsFilter: interaction: PackageSetting{ff6e679 com.test.ouluweather/10268} -> PackageSetting{6b62d68 com.google.android.youtube/10191} BLOCKED
11-13 15:49:13.109 1472 1721 I AppsFilter: interaction: PackageSetting{ef2fbe com.google.android.microdroid.empty_payload/10246} -> PackageSetting{6b62d68 com.google.android.youtube/10191} BLOCKED
11-13 15:49:13.109 1472 1721 I AppsFilter: interaction: PackageSetting{157681f org.qtproject.example.calendarwidget/10278} -> PackageSetting{6b62d68 com.google.android.youtube/10191} BLOCKED
11-13 15:49:13.109 1472 1721 I AppsFilter: interaction: PackageSetting{aeaf76c org.qtproject.example.QTBUG97503/10284} -> PackageSetting{6b62d68 com.google.android.youtube/10191} BLOCKED
11-13 15:49:13.109 1472 1721 I AppsFilter: interaction: PackageSetting{6f67135 org.qtproject.example.unicode_bug/10280} -> PackageSetting{6b62d68 com.google.android.youtube/10191} BLOCKED
11-13 15:49:13.109 1472 1721 I AppsFilter: interaction: PackageSetting{16a89ca com.example.qtbug/10276} -> PackageSetting{6b62d68 com.google.android.youtube/10191} BLOCKED
11-13 15:49:13.109 1472 1721 I AppsFilter: interaction: PackageSetting{c94673b org.qtproject.example.implicit_height/10275} -> PackageSetting{6b62d68 com.google.android.youtube/10191} BLOCKED
11-13 15:49:13.110 1472 1721 I AppsFilter: interaction: PackageSetting{5461e58 org.qtproject.example.simplemqttclient/10254} -> PackageSetting{6b62d68 com.google.android.youtube/10191} BLOCKED
11-13 15:49:13.110 1472 1721 I AppsFilter: interaction: PackageSetting{c29ebb1 org.qtproject.example.qtbug90324/10271} -> PackageSetting{6b62d68 com.google.android.youtube/10191} BLOCKED
11-13 15:49:13.110 1472 1721 I AppsFilter: interaction: PackageSetting{f8f7896 org.qtproject.example.qtbug87334/10247} -> PackageSetting{6b62d68 com.google.android.youtube/10191} BLOCKED
11-13 15:49:13.110 1472 1721 I AppsFilter: interaction: PackageSetting{d83c17 org.qtproject.example.qtbug40728/10273} -> PackageSetting{6b62d68 com.google.android.youtube/10191} BLOCKED
11-13 15:49:13.110 1472 1721 I AppsFilter: interaction: PackageSetting{f2ac804 org.qtproject.example.Android_keyboard_cover/10283} -> PackageSetting{6b62d68 com.google.android.youtube/10191} BLOCKED
11-13 15:49:13.110 1472 1721 I AppsFilter: interaction: PackageSetting{54091ed org.qtproject.example.appqtbug98776_for_qtbug114437/10281} -> PackageSetting{6b62d68 com.google.android.youtube/10191} BLOCKED
11-13 15:49:13.110 1472 1721 I AppsFilter: interaction: PackageSetting{3428822 org.qtproject.example/10282} -> PackageSetting{6b62d68 com.google.android.youtube/10191} BLOCKED
11-13 15:49:13.110 1472 1721 I AppsFilter: interaction: PackageSetting{51a82b3 org.qtproject.example.textfinder/10272} -> PackageSetting{6b62d68 com.google.android.youtube/10191} BLOCKED
11-13 15:49:13.110 1472 1721 I AppsFilter: interaction: PackageSetting{98e6070 org.qtproject.example.openglunderqml/10251} -> PackageSetting{6b62d68 com.google.android.youtube/10191} BLOCKED
11-13 15:49:13.110 1472 1721 I AppsFilter: interaction: PackageSetting{9a15fe9 org.qtproject.example.texteditor/10285} -> PackageSetting{6b62d68 com.google.android.youtube/10191} BLOCKED
11-13 15:49:13.110 1472 1721 I AppsFilter: interaction: PackageSetting{c25046e org.qtproject.example.hellocube/10258} -> PackageSetting{6b62d68 com.google.android.youtube/10191} BLOCKED
11-13 15:49:13.110 1472 1721 I AppsFilter: interaction: PackageSetting{e30970f org.qtproject.example.texteditorexample/10290} -> PackageSetting{6b62d68 com.google.android.youtube/10191} BLOCKED
11-13 15:49:13.110 1472 1721 I AppsFilter: interaction: PackageSetting{d51139c org.qtproject.example.contactlistexample/10277} -> PackageSetting{6b62d68 com.google.android.youtube/10191} BLOCKED
11-13 15:49:13.110 1472 1721 I AppsFilter: interaction: PackageSetting{62711a5 org.qtproject.example.highdpi/10288} -> PackageSetting{6b62d68 com.google.android.youtube/10191} BLOCKED
11-13 15:49:13.110 1472 1721 I AppsFilter: interaction: PackageSetting{a0f97a org.qtproject.example.deleteme/10291} -> PackageSetting{6b62d68 com.google.android.youtube/10191} BLOCKED
11-13 15:49:13.110 1472 1721 I AppsFilter: interaction: PackageSetting{ee9952b org.qtproject.example.quickspeech/10274} -> PackageSetting{6b62d68 com.google.android.youtube/10191} BLOCKED
11-13 15:49:13.144 1472 1696 W WindowMagnificationMgr: requestConnection duplicated request: connect=false, mConnectionState=DISCONNECTED
11-13 15:49:13.153 1472 4950 D ActivityManager: sync unfroze 10682 com.google.android.euicc
11-13 15:49:13.157 1472 1808 D ActivityManager: sync unfroze 2098 com.google.android.permissioncontroller
11-13 15:49:13.160 1472 1697 D ActivityManager: sync unfroze 19084 com.android.vending:background
11-13 15:49:13.189 1472 1696 D AppWidgetServiceImpl: Provider info from ComponentInfo{com.google.android.youtube/com.google.android.apps.youtube.app.widget.YtQuickActionsWidgetProvider} won't be persisted.
11-13 15:49:13.189 1472 1696 D AppWidgetServiceImpl: Provider info from ComponentInfo{com.google.android.youtube/com.google.android.apps.youtube.app.widget.YtSearchWidgetProvider} won't be persisted.
11-13 15:49:13.327 1472 1697 D ActivityManager: sync unfroze 2724 com.google.android.googlequicksearchbox:train
11-13 15:49:18.225 1472 1807 D ActivityManager: freezing 3999 com.android.keychain
11-13 15:49:22.137 1472 1807 D ActivityManager: freezing 19704 com.google.android.apps.turbo
11-13 15:49:22.149 1472 1807 D ActivityManager: freezing 12137 com.google.android.apps.betterbug
11-13 15:49:22.172 1472 1807 D ActivityManager: freezing 17097 com.google.android.partnersetup
11-13 15:49:22.189 1472 1807 D ActivityManager: freezing 19250 com.android.vending:instant_app_installer
11-13 15:49:22.235 1472 1807 D ActivityManager: freezing 12364 com.google.android.settings.intelligence
11-13 15:49:22.237 1472 1807 D ActivityManager: freezing 30461 com.android.settings
11-13 15:49:22.239 1472 1807 D ActivityManager: freezing 16945 com.google.android.apps.turbo:aab
11-13 15:49:22.966 1472 1807 D ActivityManager: freezing 3415 com.google.android.gm
11-13 15:49:23.034 1472 1807 D ActivityManager: freezing 12046 com.google.android.apps.safetyhub
11-13 15:49:23.036 1472 1807 D ActivityManager: freezing 3310 com.android.chrome
11-13 15:49:23.101 1472 1807 D ActivityManager: freezing 29322 com.google.android.youtube
11-13 15:49:23.197 1472 1807 D ActivityManager: freezing 19084 com.android.vending:background
11-13 15:49:23.200 1472 1807 D ActivityManager: freezing 20517 com.android.vending
11-13 15:49:23.488 1472 1807 D ActivityManager: freezing 2724 com.google.android.googlequicksearchbox:train
11-13 15:49:23.615 1472 1807 D ActivityManager: freezing 29151 com.google.android.apps.messaging
11-13 15:49:38.496 1472 1807 D ActivityManager: freezing 20437 com.google.android.gms
11-13 15:49:38.849 1472 1807 D ActivityManager: freezing 2098 com.google.android.permissioncontroller
11-13 15:50:22.217 1472 1472 I ContentCaptureManagerService: Content capture data sharing session terminated successfully for package 'com.google.android.googlequicksearchbox'
11-13 15:50:23.274 1472 1807 D ActivityManager: freezing 10682 com.google.android.euicc
11-13 15:51:41.656 1472 3338 D ActivityManager: sync unfroze 19704 com.google.android.apps.turbo
11-13 15:51:41.660 1472 1697 D ActivityManager: sync unfroze 30461 com.android.settings
11-13 15:51:51.725 1472 1807 D ActivityManager: freezing 30461 com.android.settings
11-13 16:00:00.016 1472 1697 D ActivityManager: sync unfroze 30461 com.android.settings
11-13 16:00:00.021 1472 1697 D ActivityManager: sync unfroze 3999 com.android.keychain
11-13 16:00:00.039 1472 4947 W AlarmManager: Alarms must either supply a PendingIntent or an AlarmReceiver
11-13 16:00:00.046 1472 4947 W AlarmManager: Alarms must either supply a PendingIntent or an AlarmReceiver
11-13 16:00:00.064 1472 1696 E DiscreteRegistry: Deleting file 1699278527718tl
11-13 16:04:00.893 1472 1472 W Looper : Slow delivery took 216ms main h=android.os.Handler c=com.android.internal.os.BinderCallsStats$1@2e0d16a m=0
11-13 16:07:41.740 1472 1472 W Looper : Drained
11-13 16:07:41.770 1472 1797 D CompatibilityChangeReporter: Compat change id reported: 271850009; UID 10135; state: ENABLED
11-13 16:07:41.775 1472 1797 D ActivityManager: sync unfroze 29151 com.google.android.apps.messaging
11-13 16:07:41.788 1472 4953 D CompatibilityChangeReporter: Compat change id reported: 161145287; UID 10135; state: DISABLED
11-13 16:07:41.798 1472 2557 E JobScheduler.JobStatus: App com.google.android.inputmethod.latin became active but still in NEVER bucket
11-13 16:07:41.816 1472 2557 D ActivityManager: sync unfroze 8423 com.google.android.turboadapter
11-13 16:07:41.835 1472 4953 D ActivityManager: sync unfroze 20437 com.google.android.gms
11-13 16:07:44.789 1472 1797 D ActivityManager: sync unfroze 12154 com.google.android.apps.wellbeing
11-13 16:07:44.807 1472 1797 D ActivityManager: sync unfroze 12046 com.google.android.apps.safetyhub
11-13 16:07:44.814 1472 1797 D ActivityManager: sync unfroze 12137 com.google.android.apps.betterbug
11-13 16:07:51.377 1472 1472 D AnyMotionDetector: angleBetween: this = timeMillisSinceBoot=1802012018 | x=-0.74285007, y=-0.051869843, z=-0.66744536, other = timeMillisSinceBoot=1802019340 | x=-0.7429145, y=-0.05198367, z=-0.66736484, degrees = 0.008800339
11-13 16:07:51.390 1472 1472 E AppOps : attributionTag DeviceIdleController not declared in manifest of android
11-13 16:07:51.399 1472 1472 E AppOps : attributionTag DeviceIdleController not declared in manifest of android
11-13 16:07:51.400 1472 1472 E AppOps : attributionTag DeviceIdleController not declared in manifest of android
11-13 16:07:51.470 1472 4953 W AlarmManager: Alarms must either supply a PendingIntent or an AlarmReceiver
11-13 16:07:51.893 1472 1807 D ActivityManager: freezing 8423 com.google.android.turboadapter
11-13 16:07:52.011 1472 1807 D ActivityManager: freezing 20437 com.google.android.gms
11-13 16:07:52.015 1472 1807 D ActivityManager: freezing 7533 com.google.android.adservices.api
11-13 16:07:52.556 1472 4953 E AppOps : attributionTag DeviceIdleController not declared in manifest of android
11-13 16:07:52.560 1472 1685 E AppOps : attributionTag DeviceIdleController not declared in manifest of android
11-13 16:07:52.562 1472 1797 E AppOps : attributionTag DeviceIdleController not declared in manifest of android
11-13 16:07:52.565 1472 1697 D ActivityManager: sync unfroze 7533 com.google.android.adservices.api
11-13 16:07:52.566 1472 1797 E AppOps : attributionTag DeviceIdleController not declared in manifest of android
11-13 16:07:52.568 1472 1697 D ActivityManager: sync unfroze 20437 com.google.android.gms
11-13 16:07:52.644 1472 1807 D ActivityManager: freezing 29151 com.google.android.apps.messaging
11-13 16:07:53.083 1472 1697 D ActivityManager: sync unfroze 1160 com.google.android.gms.unstable
11-13 16:07:54.838 1472 1807 D ActivityManager: freezing 12137 com.google.android.apps.betterbug
11-13 16:07:54.849 1472 1807 D ActivityManager: freezing 12046 com.google.android.apps.safetyhub
11-13 16:07:54.859 1472 1807 D ActivityManager: freezing 12154 com.google.android.apps.wellbeing
11-13 16:07:59.076 1472 1807 D ActivityManager: freezing 30461 com.android.settings
11-13 16:07:59.081 1472 1807 D ActivityManager: freezing 3999 com.android.keychain
11-13 16:08:02.580 1472 1807 D ActivityManager: freezing 7533 com.google.android.adservices.api
11-13 16:08:02.585 1472 1807 D ActivityManager: freezing 20437 com.google.android.gms
11-13 16:08:03.086 1472 1807 D ActivityManager: freezing 1160 com.google.android.gms.unstable
11-13 17:00:00.034 1472 1697 D ActivityManager: sync unfroze 30461 com.android.settings
11-13 17:00:00.038 1472 1697 D ActivityManager: sync unfroze 3999 com.android.keychain
11-13 17:03:25.522 1472 1807 D ActivityManager: freezing 19704 com.google.android.apps.turbo
11-13 17:07:52.734 1472 1811 D ActivityManager: sync unfroze 20437 com.google.android.gms
11-13 17:07:52.737 1472 1811 D ActivityManager: sync unfroze 7533 com.google.android.adservices.api
11-13 17:07:52.775 1472 1697 D ActivityManager: sync unfroze 1160 com.google.android.gms.unstable
11-13 17:07:52.781 1472 4791 W AlarmManager: Alarms must either supply a PendingIntent or an AlarmReceiver
11-13 17:07:52.783 1472 1797 D ActivityManager: sync unfroze 29151 com.google.android.apps.messaging
11-13 17:07:52.800 1472 4960 D ActivityManager: sync unfroze 4624 android.process.media
11-13 17:07:52.841 1472 4791 W AlarmManager: Alarms must either supply a PendingIntent or an AlarmReceiver
11-13 17:07:52.848 1472 4791 W AlarmManager: Alarms must either supply a PendingIntent or an AlarmReceiver
11-13 17:07:52.857 1472 4960 W AlarmManager: Alarms must either supply a PendingIntent or an AlarmReceiver
11-13 17:07:52.891 1472 4960 W AppOps : Noting op not finished: uid 10140 pkg com.google.android.gms code 113 startTime of in progress event=1699882166181
11-13 17:07:52.904 1472 4950 W AppOps : Noting op not finished: uid 10140 pkg com.google.android.gms code 113 startTime of in progress event=1699882166181
11-13 17:07:52.925 1472 4791 W AppOps : Noting op not finished: uid 10140 pkg com.google.android.gms code 79 startTime of in progress event=1699882731856
11-13 17:07:55.804 1472 1797 D ActivityManager: sync unfroze 6263 com.google.android.rkpdapp
11-13 17:07:55.826 1472 1797 D ActivityManager: sync unfroze 12068 com.google.android.apps.gcs
11-13 17:07:55.832 1472 1797 D ActivityManager: sync unfroze 12364 com.google.android.settings.intelligence
11-13 17:07:55.842 1472 1797 D ActivityManager: sync unfroze 20517 com.android.vending
11-13 17:07:55.851 1472 1472 W JobScheduler: Job didn't exist in JobStore: 7e5d3c5 #1000/13254266 android/com.android.server.camera.CameraStatsJobService
11-13 17:07:55.854 1472 1472 D ActivityManager: sync unfroze 17097 com.google.android.partnersetup
11-13 17:07:55.861 1472 1472 I StorageManagerService: Storage lifetime: 1
11-13 17:07:55.863 1472 2615 D ActivityManager: sync unfroze 16945 com.google.android.apps.turbo:aab
11-13 17:07:55.864 1472 1472 I StorageManagerService: Set smart idle maintenance: latest write amount: 10, average write amount: 199, min segment threshold: 512, dirty reclaim rate: 0.5, segment reclaim weight: 2.0, period(min): 60, min gc sleep time(ms): 5000, target dirty ratio: 80
11-13 17:07:55.865 548 560 I vold : Enough free segments: 42824
11-13 17:07:55.865 1472 1472 I SmartStorageMaintIdler: Got smart storage maintenance service completion callback
11-13 17:07:55.867 1472 1472 W JobScheduler: Job didn't exist in JobStore: bf9ae0b #1000/2808 android/com.android.server.SmartStorageMaintIdler
11-13 17:07:55.868 1472 1472 D ActivityManager: sync unfroze 19704 com.google.android.apps.turbo
11-13 17:07:55.905 1472 1472 D ActivityManager: sync unfroze 12137 com.google.android.apps.betterbug
11-13 17:07:55.911 1472 4953 W JobScheduler: Job didn't exist in JobStore: 345575a #u0a115/4096 com.google.android.partnersetup/.InstalledAppJobService
11-13 17:07:55.913 1472 4953 D ActivityManager: sync unfroze 12046 com.google.android.apps.safetyhub
11-13 17:07:56.188 1472 4950 D CompatibilityChangeReporter: Compat change id reported: 253665015; UID 10135; state: ENABLED
11-13 17:07:56.188 1472 4950 D CompatibilityChangeReporter: Compat change id reported: 194532703; UID 10135; state: ENABLED
11-13 17:07:56.489 1472 4950 I ActivityManager: Process com.google.android.GoogleCamera (pid 22117) has died: svcb SVC
11-13 17:07:56.492 1472 4950 W ActivityManager: Scheduling restart of crashed service com.google.android.GoogleCamera/com.google.android.apps.camera.prewarm.NoOpPrewarmService in 1000ms for start-requested
11-13 17:07:56.494 1472 1686 D DisplayManagerService: Drop pending events for gone uid 10125
11-13 17:07:56.841 1472 30625 E ZramWriteback: Failed to write to /sys/block/zram0/writeback
11-13 17:07:56.881 1472 30625 I ZramWriteback: Total pages written to disk is 4436
11-13 17:07:56.886 1472 1472 W JobScheduler: Job didn't exist in JobStore: 910dfca #1000/812 android/com.android.server.ZramWriteback
11-13 17:07:56.945 1472 1621 W JobScheduler: Job didn't exist in JobStore: f0e6335 #u0a113/1727 com.google.android.apps.gcs/androidx.work.impl.background.systemjob.SystemJobService
11-13 17:07:57.496 1472 1697 D CompatibilityChangeReporter: Compat change id reported: 177438394; UID 10125; state: DISABLED
11-13 17:07:57.496 1472 1697 D CompatibilityChangeReporter: Compat change id reported: 135772972; UID 10125; state: DISABLED
11-13 17:07:57.497 1472 1697 D CompatibilityChangeReporter: Compat change id reported: 135754954; UID 10125; state: ENABLED
11-13 17:07:57.498 1472 1698 D CompatibilityChangeReporter: Compat change id reported: 143937733; UID 10125; state: ENABLED
11-13 17:07:57.545 1472 1698 I ActivityManager: Start proc 30643:com.google.android.GoogleCamera/u0a125 for service {com.google.android.GoogleCamera/com.google.android.apps.camera.prewarm.NoOpPrewarmService}
11-13 17:07:57.545 1472 1698 W ActivityManager: Slow operation: 51ms so far, now at startProcess: done updating pids map
11-13 17:07:57.600 1472 4950 D CompatibilityChangeReporter: Compat change id reported: 168419799; UID 10125; state: DISABLED
11-13 17:07:57.600 1472 4950 D CompatibilityChangeReporter: Compat change id reported: 273564678; UID 10125; state: DISABLED
11-13 17:07:57.606 1472 1797 D CompatibilityChangeReporter: Compat change id reported: 265195908; UID 10125; state: ENABLED
11-13 17:07:57.610 1472 4950 D CompatibilityChangeReporter: Compat change id reported: 170503758; UID 10125; state: ENABLED
11-13 17:07:57.914 1472 1621 I ActivityManager: Flag disabled. Ignoring finishAttachApplication from uid: 10125. pid: 30643
11-13 17:07:57.981 1472 2544 D CompatibilityChangeReporter: Compat change id reported: 161145287; UID 10125; state: DISABLED
11-13 17:07:58.000 1472 2544 D CompatibilityChangeReporter: Compat change id reported: 253665015; UID 10125; state: DISABLED
11-13 17:07:58.000 1472 2544 D CompatibilityChangeReporter: Compat change id reported: 194532703; UID 10125; state: ENABLED
11-13 17:08:05.939 1472 1807 D ActivityManager: freezing 17097 com.google.android.partnersetup
11-13 17:08:05.947 1472 1807 D ActivityManager: freezing 12137 com.google.android.apps.betterbug
11-13 17:08:05.970 1472 1807 D ActivityManager: freezing 12046 com.google.android.apps.safetyhub
11-13 17:08:05.973 1472 1807 D ActivityManager: freezing 19704 com.google.android.apps.turbo
11-13 17:08:06.081 1472 1807 D ActivityManager: freezing 12364 com.google.android.settings.intelligence
11-13 17:08:06.083 1472 1807 D ActivityManager: freezing 20517 com.android.vending
11-13 17:08:06.086 1472 1807 D ActivityManager: freezing 6263 com.google.android.rkpdapp
11-13 17:08:06.253 1472 1807 D ActivityManager: freezing 29151 com.google.android.apps.messaging
11-13 17:08:06.255 1472 1807 D ActivityManager: freezing 16945 com.google.android.apps.turbo:aab
11-13 17:08:06.958 1472 1807 D ActivityManager: freezing 12068 com.google.android.apps.gcs
11-13 17:08:09.159 1472 1807 D ActivityManager: freezing 30461 com.android.settings
11-13 17:08:09.164 1472 1807 D ActivityManager: freezing 3999 com.android.keychain
11-13 17:08:15.406 1472 1807 D ActivityManager: freezing 1160 com.google.android.gms.unstable
11-13 17:08:17.594 1472 1807 D ActivityManager: freezing 20437 com.google.android.gms
11-13 17:08:17.599 1472 1807 D ActivityManager: freezing 7533 com.google.android.adservices.api
11-13 17:08:22.920 1472 1621 D CompatibilityChangeReporter: Compat change id reported: 261072174; UID 10125; state: DISABLED
11-13 17:08:23.407 1472 1697 D ActivityManager: sync unfroze 7533 com.google.android.adservices.api
11-13 17:08:23.411 1472 1697 D ActivityManager: sync unfroze 20437 com.google.android.gms
11-13 17:08:23.419 1472 1697 D ActivityManager: sync unfroze 1160 com.google.android.gms.unstable
11-13 18:00:00.709 1472 1697 D ActivityManager: sync unfroze 30461 com.android.settings
11-13 18:00:00.711 1472 1697 D ActivityManager: sync unfroze 3999 com.android.keychain
11-13 18:00:01.000 1472 1807 D ActivityManager: freezing 7533 com.google.android.adservices.api
11-13 18:00:01.001 1472 1807 D ActivityManager: freezing 20437 com.google.android.gms
11-13 18:00:01.009 1472 1807 D ActivityManager: freezing 1160 com.google.android.gms.unstable
11-13 18:34:24.709 1472 1697 D ActivityManager: sync unfroze 19704 com.google.android.apps.turbo
11-13 18:34:25.896 1472 1807 D ActivityManager: freezing 32484 com.google.process.gservices
11-13 18:34:25.899 1472 1807 D ActivityManager: freezing 4624 android.process.media
11-13 18:48:31.740 1472 1696 E DiscreteRegistry: Deleting file 1699288476946tl
11-13 18:59:33.680 1472 1472 W Looper : Slow delivery took 267ms main h=android.os.Handler c=com.android.internal.os.BinderCallsStats$1@2e0d16a m=0
11-13 18:59:33.696 1472 1472 W Looper : Drained
11-13 19:08:22.857 1472 1697 D ActivityManager: sync unfroze 7533 com.google.android.adservices.api
11-13 19:08:22.858 1472 1697 D ActivityManager: sync unfroze 20437 com.google.android.gms
11-13 19:08:22.865 1472 1697 D ActivityManager: sync unfroze 1160 com.google.android.gms.unstable
11-13 19:08:22.933 1472 4940 D ActivityManager: sync unfroze 29151 com.google.android.apps.messaging
11-13 19:08:22.939 1472 4956 D ActivityManager: sync unfroze 8423 com.google.android.turboadapter
11-13 19:08:22.940 1472 1621 E JobScheduler.JobStatus: App com.google.android.inputmethod.latin became active but still in NEVER bucket
11-13 19:08:22.944 1472 4944 W AlarmManager: Alarms must either supply a PendingIntent or an AlarmReceiver
11-13 19:08:22.947 1472 1621 E JobScheduler.JobStatus: App com.google.android.inputmethod.latin became active but still in NEVER bucket
11-13 19:08:22.949 1472 1621 D ActivityManager: sync unfroze 16945 com.google.android.apps.turbo:aab
11-13 19:08:22.964 1472 4940 D ActivityManager: sync unfroze 25489 android.process.acore
11-13 19:08:22.987 1472 4944 E JobScheduler.JobStatus: App com.google.android.inputmethod.latin became active but still in NEVER bucket
11-13 19:08:23.045 1472 4944 W AlarmManager: Alarms must either supply a PendingIntent or an AlarmReceiver
11-13 19:08:23.073 1472 4944 W AppOps : Noting op not finished: uid 10140 pkg com.google.android.gms code 113 startTime of in progress event=1699882166181
11-13 19:08:23.104 1472 4785 W AppOps : Noting op not finished: uid 10140 pkg com.google.android.gms code 113 startTime of in progress event=1699882166181
11-13 19:08:23.127 1472 4956 W AppOps : Noting op not finished: uid 10140 pkg com.google.android.gms code 79 startTime of in progress event=1699882731856
11-13 19:08:23.993 1472 4944 I DropBoxManagerService: add tag=platform_stats_bookmark isTagEnabled=true flags=0x2
11-13 19:08:24.200 1472 4940 I DropBoxManagerService: add tag=platform_stats_bookmark isTagEnabled=true flags=0x2
11-13 19:08:25.857 1472 1797 D ActivityManager: sync unfroze 2098 com.google.android.permissioncontroller
11-13 19:08:25.878 1472 1797 D ActivityManager: sync unfroze 12068 com.google.android.apps.gcs
11-13 19:08:25.886 1472 1797 D ActivityManager: sync unfroze 12364 com.google.android.settings.intelligence
11-13 19:08:25.898 1472 1797 D ActivityManager: sync unfroze 12154 com.google.android.apps.wellbeing
11-13 19:08:25.930 1472 4801 D ActivityManager: sync unfroze 17097 com.google.android.partnersetup
11-13 19:08:25.936 1472 1472 I StorageManagerService: Storage lifetime: 1
11-13 19:08:25.936 1472 1472 I StorageManagerService: Set smart idle maintenance: latest write amount: 16, average write amount: 199, min segment threshold: 512, dirty reclaim rate: 0.5, segment reclaim weight: 2.0, period(min): 60, min gc sleep time(ms): 5000, target dirty ratio: 80
11-13 19:08:25.937 548 560 I vold : Enough free segments: 42822
11-13 19:08:25.937 1472 1472 I SmartStorageMaintIdler: Got smart storage maintenance service completion callback
11-13 19:08:25.943 1472 2544 D ActivityManager: sync unfroze 12137 com.google.android.apps.betterbug
11-13 19:08:25.946 1472 1472 W JobScheduler: Job didn't exist in JobStore: b6c4061 #1000/2808 android/com.android.server.SmartStorageMaintIdler
11-13 19:08:25.953 1472 4950 D ActivityManager: sync unfroze 12046 com.google.android.apps.safetyhub
11-13 19:08:25.954 1472 4944 W JobScheduler: Job didn't exist in JobStore: ab50c0d #u0a115/4096 com.google.android.partnersetup/.InstalledAppJobService
11-13 19:08:28.300 1472 1697 D ActivityManager: sync unfroze 3415 com.google.android.gm
11-13 19:08:28.784 1472 1697 D ActivityManager: sync unfroze 2724 com.google.android.googlequicksearchbox:train
11-13 19:08:28.821 1472 1697 D ActivityManager: sync unfroze 29068 com.google.android.apps.messaging:crash_report
11-13 19:08:29.107 1472 1697 D ActivityManager: sync unfroze 28551 com.google.android.gms.ui
11-13 19:08:29.118 1472 1697 D ActivityManager: sync unfroze 28565 com.google.android.gms.feedback
11-13 19:08:29.121 1472 1697 D ActivityManager: sync unfroze 10221 com.google.android.gms:snet
11-13 19:08:29.537 20437 23374 W PackageParser: Unknown element under : queries at /data/user_de/0/com.google.android.gms/app_chimera/m/000000c9/dl-AdsFdrDynamite.integ_233012802100000.apk Binary XML file line #15
11-13 19:08:29.558 20437 23374 W PackageParser: Unknown element under : queries at /data/user_de/0/com.google.android.gms/app_chimera/m/0000013d/dl-AdsFdrDynamite.integ_233702200100000.apk Binary XML file line #15
11-13 19:08:32.991 1472 1807 D ActivityManager: freezing 8423 com.google.android.turboadapter
11-13 19:08:33.221 1472 1807 D ActivityManager: freezing 16945 com.google.android.apps.turbo:aab
11-13 19:08:35.934 1472 1807 D ActivityManager: freezing 12068 com.google.android.apps.gcs
11-13 19:08:35.965 1472 1807 D ActivityManager: freezing 17097 com.google.android.partnersetup
11-13 19:08:35.971 1472 1807 D ActivityManager: freezing 12364 com.google.android.settings.intelligence
