11-14 14:30:06.013 2357 2357 D ImsResolver: maybeAddedImsService, packageName: org.qtproject.example.vulkanunderqmlapp
11-14 14:30:06.018 1472 1696 W WindowMagnificationMgr: requestConnection duplicated request: connect=false, mConnectionState=DISCONNECTED
11-14 14:30:06.020 1472 1619 W System : A resource failed to call close.
11-14 14:30:06.021 1472 1619 W System : A resource failed to call release.
11-14 14:30:06.024 1472 1619 W System : A resource failed to call HardwareBuffer.close.
11-14 14:30:06.024 1472 1619 W System : A resource failed to call HardwareBuffer.close.
11-14 14:30:06.024 1472 1619 W System : A resource failed to call HardwareBuffer.close.
11-14 14:30:06.053 3715 3715 I AiAiEcho: AppFetcherImpl onPackageChanged org.qtproject.example.vulkanunderqmlapp.
11-14 14:30:06.054 3715 7601 I AiAiEcho: AppIndexer Package:[org.qtproject.example.vulkanunderqmlapp] UserProfile:[0] Enabled:[true].
11-14 14:30:06.054 3715 7601 I AiAiEcho: AppFetcherImplV2 updateApps package:[org.qtproject.example.vulkanunderqmlapp], userId:[0], reason:[package is updated.].
11-14 14:30:06.064 1472 4953 I ActivityManager: Force stopping org.qtproject.example.vulkanunderqmlapp appid=10292 user=0: from pid 7608
11-14 14:30:06.064 1472 4953 E libprocessgroup: No such cgroup attribute: /sys/fs/cgroup/uid_10292/cgroup.freeze
11-14 14:30:06.064 1472 4953 W libprocessgroup: Failed to apply Frozen process profile: No such file or directory
11-14 14:30:06.065 1472 4953 E libprocessgroup: No such cgroup attribute: /sys/fs/cgroup/uid_10292/cgroup.freeze
11-14 14:30:06.065 1472 4953 W libprocessgroup: Failed to apply Unfrozen process profile: No such file or directory
11-14 14:30:06.066 1472 4953 D CompatibilityChangeReporter: Compat change id reported: 181136395; UID 10277; state: DISABLED
11-14 14:30:06.066 1472 4953 D CompatibilityChangeReporter: Compat change id reported: 174042936; UID 10277; state: DISABLED
11-14 14:30:06.066 1472 4953 I AppsFilter: interaction: PackageSetting{ed157f1 org.qtproject.example.qmlchart/10248} -> PackageSetting{d540fd6 org.qtproject.example.vulkanunderqmlapp/10292} BLOCKED
11-14 14:30:06.066 1472 4953 I AppsFilter: interaction: PackageSetting{f222257 org.qtproject.example.vulkanunderqml/10267} -> PackageSetting{d540fd6 org.qtproject.example.vulkanunderqmlapp/10292} BLOCKED
11-14 14:30:06.066 1472 4953 I AppsFilter: interaction: PackageSetting{e495144 com.qt.finweather/10286} -> PackageSetting{d540fd6 org.qtproject.example.vulkanunderqmlapp/10292} BLOCKED
11-14 14:30:06.066 1472 4953 I AppsFilter: interaction: PackageSetting{a92822d org.qtproject.example.appQTBUG_38700_example/10269} -> PackageSetting{d540fd6 org.qtproject.example.vulkanunderqmlapp/10292} BLOCKED
11-14 14:30:06.066 1472 4953 I AppsFilter: interaction: PackageSetting{fd95362 org.qtproject.example.minimal_qml/10262} -> PackageSetting{d540fd6 org.qtproject.example.vulkanunderqmlapp/10292} BLOCKED
11-14 14:30:06.066 1472 4953 I AppsFilter: interaction: PackageSetting{6bc8cf3 org.qtproject.example.qmloscilloscope/10255} -> PackageSetting{d540fd6 org.qtproject.example.vulkanunderqmlapp/10292} BLOCKED
11-14 14:30:06.066 1472 4953 I AppsFilter: interaction: PackageSetting{82c3db0 org.qtproject.example.calqlatrexample/10266} -> PackageSetting{d540fd6 org.qtproject.example.vulkanunderqmlapp/10292} BLOCKED
11-14 14:30:06.066 1472 4953 I AppsFilter: interaction: PackageSetting{bc21429 org.qtproject.example.appqt66beta1androidquickexample/10256} -> PackageSetting{d540fd6 org.qtproject.example.vulkanunderqmlapp/10292} BLOCKED
11-14 14:30:06.066 1472 4953 I AppsFilter: interaction: PackageSetting{47d43ae org.qtproject.example.coffee/10279} -> PackageSetting{d540fd6 org.qtproject.example.vulkanunderqmlapp/10292} BLOCKED
11-14 14:30:06.066 1472 4953 I AppsFilter: interaction: PackageSetting{a89054f org.qtproject.example.contactlist/10252} -> PackageSetting{d540fd6 org.qtproject.example.vulkanunderqmlapp/10292} BLOCKED
11-14 14:30:06.066 1472 4953 I AppsFilter: interaction: PackageSetting{60f84dc org.qtproject.example.appmuu/10287} -> PackageSetting{d540fd6 org.qtproject.example.vulkanunderqmlapp/10292} BLOCKED
11-14 14:30:06.066 1472 4953 I AppsFilter: interaction: PackageSetting{d3ec9e5 org.qtproject.example.qtbug98766_compat/10289} -> PackageSetting{d540fd6 org.qtproject.example.vulkanunderqmlapp/10292} BLOCKED
11-14 14:30:06.066 1472 4953 I AppsFilter: interaction: PackageSetting{15decba org.qtproject.example.galleryexample/10265} -> PackageSetting{d540fd6 org.qtproject.example.vulkanunderqmlapp/10292} BLOCKED
11-14 14:30:06.066 1472 4953 I AppsFilter: interaction: PackageSetting{4faa76b org.qtproject.example.objectlistmodelexample/10263} -> PackageSetting{d540fd6 org.qtproject.example.vulkanunderqmlapp/10292} BLOCKED
11-14 14:30:06.066 1472 4953 I AppsFilter: interaction: PackageSetting{57e12c8 org.qtproject.example.testFont/10270} -> PackageSetting{d540fd6 org.qtproject.example.vulkanunderqmlapp/10292} BLOCKED
11-14 14:30:06.066 1472 4953 I AppsFilter: interaction: PackageSetting{f171f61 org.qtproject.example.widgetdeom/10259} -> PackageSetting{d540fd6 org.qtproject.example.vulkanunderqmlapp/10292} BLOCKED
11-14 14:30:06.066 1472 4953 I AppsFilter: interaction: PackageSetting{e6e1a86 org.qtproject.example.declarative_camera/10253} -> PackageSetting{d540fd6 org.qtproject.example.vulkanunderqmlapp/10292} BLOCKED
11-14 14:30:06.066 1472 4953 I AppsFilter: interaction: PackageSetting{a9a4f47 com.test.ouluweather/10268} -> PackageSetting{d540fd6 org.qtproject.example.vulkanunderqmlapp/10292} BLOCKED
11-14 14:30:06.066 1472 4953 I AppsFilter: interaction: PackageSetting{fc59374 com.google.android.microdroid.empty_payload/10246} -> PackageSetting{d540fd6 org.qtproject.example.vulkanunderqmlapp/10292} BLOCKED
11-14 14:30:06.066 1472 4953 I AppsFilter: interaction: PackageSetting{9c5509d org.qtproject.example.calendarwidget/10278} -> PackageSetting{d540fd6 org.qtproject.example.vulkanunderqmlapp/10292} BLOCKED
11-14 14:30:06.066 1472 4953 I AppsFilter: interaction: PackageSetting{e015912 org.qtproject.example.QTBUG97503/10284} -> PackageSetting{d540fd6 org.qtproject.example.vulkanunderqmlapp/10292} BLOCKED
11-14 14:30:06.066 1472 4953 I AppsFilter: interaction: PackageSetting{5a298e3 org.qtproject.example.unicode_bug/10280} -> PackageSetting{d540fd6 org.qtproject.example.vulkanunderqmlapp/10292} BLOCKED
11-14 14:30:06.066 1472 4953 I AppsFilter: interaction: PackageSetting{36272e0 com.example.qtbug/10276} -> PackageSetting{d540fd6 org.qtproject.example.vulkanunderqmlapp/10292} BLOCKED
11-14 14:30:06.066 1472 4953 I AppsFilter: interaction: PackageSetting{92b5999 org.qtproject.example.implicit_height/10275} -> PackageSetting{d540fd6 org.qtproject.example.vulkanunderqmlapp/10292} BLOCKED
11-14 14:30:06.066 1472 4953 I AppsFilter: interaction: PackageSetting{217f45e org.qtproject.example.simplemqttclient/10254} -> PackageSetting{d540fd6 org.qtproject.example.vulkanunderqmlapp/10292} BLOCKED
11-14 14:30:06.066 1472 4953 I AppsFilter: interaction: PackageSetting{f5be03f org.qtproject.example.qtbug90324/10271} -> PackageSetting{d540fd6 org.qtproject.example.vulkanunderqmlapp/10292} BLOCKED
11-14 14:30:06.066 1472 4953 I AppsFilter: interaction: PackageSetting{82bdd0c org.qtproject.example.qtbug87334/10247} -> PackageSetting{d540fd6 org.qtproject.example.vulkanunderqmlapp/10292} BLOCKED
11-14 14:30:06.066 1472 4953 I AppsFilter: interaction: PackageSetting{b4ef655 org.qtproject.example.qtbug40728/10273} -> PackageSetting{d540fd6 org.qtproject.example.vulkanunderqmlapp/10292} BLOCKED
11-14 14:30:06.066 1472 4953 I AppsFilter: interaction: PackageSetting{a6af86a org.qtproject.example.Android_keyboard_cover/10283} -> PackageSetting{d540fd6 org.qtproject.example.vulkanunderqmlapp/10292} BLOCKED
11-14 14:30:06.066 1472 4953 I AppsFilter: interaction: PackageSetting{338415b org.qtproject.example.appqtbug98776_for_qtbug114437/10281} -> PackageSetting{d540fd6 org.qtproject.example.vulkanunderqmlapp/10292} BLOCKED
11-14 14:30:06.066 1472 4953 I AppsFilter: interaction: PackageSetting{a3fbdf8 org.qtproject.example/10282} -> PackageSetting{d540fd6 org.qtproject.example.vulkanunderqmlapp/10292} BLOCKED
11-14 14:30:06.066 1472 4953 I AppsFilter: interaction: PackageSetting{ed5a2d1 org.qtproject.example.textfinder/10272} -> PackageSetting{d540fd6 org.qtproject.example.vulkanunderqmlapp/10292} BLOCKED
11-14 14:30:06.066 1472 4953 I AppsFilter: interaction: PackageSetting{7383136 org.qtproject.example.openglunderqml/10251} -> PackageSetting{d540fd6 org.qtproject.example.vulkanunderqmlapp/10292} BLOCKED
11-14 14:30:06.066 1472 4953 I AppsFilter: interaction: PackageSetting{7af9837 org.qtproject.example.texteditor/10285} -> PackageSetting{d540fd6 org.qtproject.example.vulkanunderqmlapp/10292} BLOCKED
11-14 14:30:06.066 1472 4953 I AppsFilter: interaction: PackageSetting{7aec1a4 org.qtproject.example.hellocube/10258} -> PackageSetting{d540fd6 org.qtproject.example.vulkanunderqmlapp/10292} BLOCKED
11-14 14:30:06.066 1472 4953 I AppsFilter: interaction: PackageSetting{d409b0d org.qtproject.example.texteditorexample/10290} -> PackageSetting{d540fd6 org.qtproject.example.vulkanunderqmlapp/10292} BLOCKED
11-14 14:30:06.066 1472 4953 I AppsFilter: interaction: PackageSetting{cce2ac2 org.qtproject.example.contactlistexample/10277} -> PackageSetting{d540fd6 org.qtproject.example.vulkanunderqmlapp/10292} BLOCKED
11-14 14:30:06.066 1472 4953 I AppsFilter: interaction: PackageSetting{8db80d3 org.qtproject.example.highdpi/10288} -> PackageSetting{d540fd6 org.qtproject.example.vulkanunderqmlapp/10292} BLOCKED
11-14 14:30:06.067 1472 4953 I AppsFilter: interaction: PackageSetting{ce85410 org.qtproject.example.deleteme/10291} -> PackageSetting{d540fd6 org.qtproject.example.vulkanunderqmlapp/10292} BLOCKED
11-14 14:30:06.067 1472 4953 I AppsFilter: interaction: PackageSetting{ce8db09 org.qtproject.example.quickspeech/10274} -> PackageSetting{d540fd6 org.qtproject.example.vulkanunderqmlapp/10292} BLOCKED
11-14 14:30:06.071 2357 2357 D CarrierSvcBindHelper: onHandleForceStop: [org.qtproject.example.vulkanunderqmlapp]
11-14 14:30:06.072 2357 2612 D EuiccConnector: handleMessage: E msg.what=1
11-14 14:30:06.072 2357 2612 D EuiccConnector: processMsg: ConnectedState
11-14 14:30:06.072 2357 2612 D EuiccConnector: processMsg: DisconnectedState
11-14 14:30:06.072 2357 2357 D CarrierSvcBindHelper: No carrier app for: 0
11-14 14:30:06.073 2357 2612 D EuiccConnector: handleMessage: X
11-14 14:30:06.081 3850 3850 D RegisteredNfcFServicesCache: Service unchanged, not updating
11-14 14:30:06.081 2247 2278 D SecureElementService: getReaders() for com.android.nfc
11-14 14:30:06.142 3715 3972 I AiAiEcho: EchoSearch: WidgetFetcherImpl is initialized with [33] widgets [reason=package added for userId: 0]
11-14 14:30:06.209 1472 4953 D CompatibilityChangeReporter: Compat change id reported: 161252188; UID 10292; state: DISABLED
11-14 14:30:06.211 1472 4953 D CompatibilityChangeReporter: Compat change id reported: 265464455; UID 10292; state: DISABLED
11-14 14:30:06.211 1472 4953 D CompatibilityChangeReporter: Compat change id reported: 265452344; UID 10292; state: DISABLED
11-14 14:30:06.211 1472 4953 D CompatibilityChangeReporter: Compat change id reported: 266124927; UID 10292; state: DISABLED
11-14 14:30:06.211 1472 4953 D CompatibilityChangeReporter: Compat change id reported: 265451093; UID 10292; state: DISABLED
11-14 14:30:06.212 1472 4953 D CompatibilityChangeReporter: Compat change id reported: 265456536; UID 10292; state: DISABLED
11-14 14:30:06.212 1472 4953 D CompatibilityChangeReporter: Compat change id reported: 255940284; UID 10292; state: DISABLED
11-14 14:30:06.212 1472 4953 D CompatibilityChangeReporter: Compat change id reported: 236283604; UID 10292; state: DISABLED
11-14 14:30:06.212 1472 4953 D CompatibilityChangeReporter: Compat change id reported: 263959004; UID 10292; state: DISABLED
11-14 14:30:06.212 1472 4953 D CompatibilityChangeReporter: Compat change id reported: 264304459; UID 10292; state: DISABLED
11-14 14:30:06.212 1472 4953 D CompatibilityChangeReporter: Compat change id reported: 264301586; UID 10292; state: DISABLED
11-14 14:30:06.212 1472 4953 D CompatibilityChangeReporter: Compat change id reported: 254631730; UID 10292; state: DISABLED
11-14 14:30:06.212 1472 4953 D CompatibilityChangeReporter: Compat change id reported: 273509367; UID 10292; state: DISABLED
11-14 14:30:06.212 1472 4953 D CompatibilityChangeReporter: Compat change id reported: 263259275; UID 10292; state: DISABLED
11-14 14:30:06.214 1472 4953 D CompatibilityChangeReporter: Compat change id reported: 194480991; UID 10292; state: ENABLED
11-14 14:30:06.215 1472 4953 D CompatibilityChangeReporter: Compat change id reported: 174042980; UID 10292; state: DISABLED
11-14 14:30:06.217 1472 4953 D CompatibilityChangeReporter: Compat change id reported: 184838306; UID 10292; state: DISABLED
11-14 14:30:06.217 1472 4953 D CompatibilityChangeReporter: Compat change id reported: 185004937; UID 10292; state: DISABLED
11-14 14:30:06.217 1472 4953 D CompatibilityChangeReporter: Compat change id reported: 181136395; UID 10292; state: DISABLED
11-14 14:30:06.217 1472 4953 D CompatibilityChangeReporter: Compat change id reported: 174042936; UID 10292; state: DISABLED
11-14 14:30:06.217 1472 4953 D CompatibilityChangeReporter: Compat change id reported: 197654537; UID 10292; state: ENABLED
11-14 14:30:06.218 1472 4953 D CompatibilityChangeReporter: Compat change id reported: 205907456; UID 10292; state: ENABLED
11-14 14:30:06.220 1472 4953 I ActivityTaskManager: START u0 {flg=0x10000000 cmp=org.qtproject.example.vulkanunderqmlapp/org.qtproject.qt.android.bindings.QtActivity} with LAUNCH_SINGLE_TOP from uid 2000 (BAL_ALLOW_PERMISSION) result code=0
11-14 14:30:06.220 1942 1966 V WindowManagerShell: Transition requested: android.os.BinderProxy@450573c TransitionRequestInfo { type = OPEN, triggerTask = TaskInfo{userId=0 taskId=410 displayId=0 isRunning=true baseIntent=Intent { flg=0x10000000 cmp=org.qtproject.example.vulkanunderqmlapp/org.qtproject.qt.android.bindings.QtActivity } baseActivity=ComponentInfo{org.qtproject.example.vulkanunderqmlapp/org.qtproject.qt.android.bindings.QtActivity} topActivity=ComponentInfo{org.qtproject.example.vulkanunderqmlapp/org.qtproject.qt.android.bindings.QtActivity} origActivity=null realActivity=ComponentInfo{org.qtproject.example.vulkanunderqmlapp/org.qtproject.qt.android.bindings.QtActivity} numActivities=1 lastActiveTime=1882556631 supportsMultiWindow=true resizeMode=1 isResizeable=true minWidth=-1 minHeight=-1 defaultMinSize=220 token=WCT{android.window.IWindowContainerToken$Stub$Proxy@5319cc5} topActivityType=1 pictureInPictureParams=null shouldDockBigOverlays=false launchIntoPipHostTaskId=-1 lastParentTaskIdBeforePip=-1 displayCutoutSafeInsets=Rect(0, 132 - 0, 0) topActivityInfo=ActivityInfo{941f61a org.qtproject.qt.android.bindings.QtActivity} launchCookies=[] positionInParent=Point(0, 0) parentTaskId=-1 isFocused=false isVisible=false isSleeping=false topActivityInSizeCompat=false topActivityEligibleForLetterboxEducation= false topActivityLetterboxed= false isFromDoubleTap= false topActivityLetterboxVerticalPosition= -1 topActivityLetterboxHorizontalPosition= -1 topActivityLetterboxWidth=-1 topActivityLetterboxHeight=-1 locusId=null displayAreaFeatureId=1 cameraCompatControlState=hidden}, remoteTransition = null, displayChange = null }
11-14 14:30:06.220 1942 1966 E RecentsTransitionHandler: RecentsTransitionHandler.handleRequest: Unexpected transition request
11-14 14:30:06.223 1472 1688 D CompatibilityChangeReporter: Compat change id reported: 135634846; UID 10292; state: DISABLED
11-14 14:30:06.223 1472 1688 D CompatibilityChangeReporter: Compat change id reported: 177438394; UID 10292; state: DISABLED
11-14 14:30:06.223 1472 1688 D CompatibilityChangeReporter: Compat change id reported: 135772972; UID 10292; state: DISABLED
11-14 14:30:06.224 1472 1688 D CompatibilityChangeReporter: Compat change id reported: 135754954; UID 10292; state: ENABLED
11-14 14:30:06.224 1472 1698 D CompatibilityChangeReporter: Compat change id reported: 143937733; UID 10292; state: ENABLED
11-14 14:30:06.228 1472 1797 D CompatibilityChangeReporter: Compat change id reported: 265195908; UID 10292; state: ENABLED
11-14 14:30:06.232 612 612 I BpBinder: onLastStrongRef automatically unlinking death recipients:
11-14 14:30:06.234 851 851 D Zygote : Forked child process 7623
11-14 14:30:06.234 1472 1698 I ActivityManager: Start proc 7623:org.qtproject.example.vulkanunderqmlapp/u0a292 for next-top-activity {org.qtproject.example.vulkanunderqmlapp/org.qtproject.qt.android.bindings.QtActivity}
11-14 14:30:06.236 1472 2129 D CoreBackPreview: Window{f47976c u0 Splash Screen org.qtproject.example.vulkanunderqmlapp}: Setting back callback OnBackInvokedCallbackInfo{mCallback=android.window.IOnBackInvokedCallback$Stub$Proxy@b942822, mPriority=0}
11-14 14:30:06.241 1472 1689 D CompatibilityChangeReporter: Compat change id reported: 197654537; UID 10277; state: ENABLED
11-14 14:30:06.246 1942 1966 V WindowManagerShell: onTransitionReady android.os.BinderProxy@450573c: {id=220 t=OPEN f=0x0 r=[0@Point(0, 0)] c=[{WCT{android.window.IWindowContainerToken$Stub$Proxy@83b2c3} m=OPEN f=NONE leash=Surface(name=Task=410)/@0xe5cb740 sb=Rect(0, 0 - 1080, 2400) eb=Rect(0, 0 - 1080, 2400) d=0},{WCT{android.window.IWindowContainerToken$Stub$Proxy@8cfb679} m=HIDE f=TRANSLUCENT leash=Surface(name=Task=409)/@0x49fbfbe sb=Rect(0, 0 - 1080, 2400) eb=Rect(0, 0 - 1080, 2400) d=0}]}
11-14 14:30:06.246 1942 1966 V WindowManagerShell: Playing animation for (#220)android.os.BinderProxy@450573c
11-14 14:30:06.246 1942 1966 V WindowManagerShell: try handler com.android.wm.shell.transition.DefaultMixedHandler@9baf2d2
11-14 14:30:06.246 1942 1966 V WindowManagerShell: try handler com.android.wm.shell.activityembedding.ActivityEmbeddingController@b018fa3
11-14 14:30:06.246 1942 1966 V WindowManagerShell: try handler com.android.wm.shell.recents.RecentsTransitionHandler@48002a0
11-14 14:30:06.246 1942 1966 V WindowManagerShell: RecentsTransitionHandler.startAnimation: no controller found
11-14 14:30:06.246 1942 1966 V WindowManagerShell: try handler com.android.wm.shell.pip.PipTransition@30e0e59
11-14 14:30:06.246 1942 1966 V WindowManagerShell: try handler com.android.wm.shell.splitscreen.StageCoordinator@7316a1e
11-14 14:30:06.246 1942 1966 V WindowManagerShell: try handler com.android.wm.shell.transition.RemoteTransitionHandler@f9382ff
11-14 14:30:06.246 1942 1966 V WindowManagerShell: Transition doesn't have explicit remote, search filters for match for {id=220 t=OPEN f=0x0 r=[0@Point(0, 0)] c=[{WCT{android.window.IWindowContainerToken$Stub$Proxy@83b2c3} m=OPEN f=NONE leash=Surface(name=Task=410)/@0xe5cb740 sb=Rect(0, 0 - 1080, 2400) eb=Rect(0, 0 - 1080, 2400) d=0},{WCT{android.window.IWindowContainerToken$Stub$Proxy@8cfb679} m=HIDE f=TRANSLUCENT leash=Surface(name=Task=409)/@0x49fbfbe sb=Rect(0, 0 - 1080, 2400) eb=Rect(0, 0 - 1080, 2400) d=0}]}
11-14 14:30:06.246 1472 1685 V WindowManager: Sent Transition #220 createdAt=11-14 14:30:06.214 via request=TransitionRequestInfo { type = OPEN, triggerTask = TaskInfo{userId=0 taskId=410 displayId=0 isRunning=true baseIntent=Intent { flg=0x10000000 cmp=org.qtproject.example.vulkanunderqmlapp/org.qtproject.qt.android.bindings.QtActivity } baseActivity=ComponentInfo{org.qtproject.example.vulkanunderqmlapp/org.qtproject.qt.android.bindings.QtActivity} topActivity=ComponentInfo{org.qtproject.example.vulkanunderqmlapp/org.qtproject.qt.android.bindings.QtActivity} origActivity=null realActivity=ComponentInfo{org.qtproject.example.vulkanunderqmlapp/org.qtproject.qt.android.bindings.QtActivity} numActivities=1 lastActiveTime=1882556631 supportsMultiWindow=true resizeMode=1 isResizeable=true minWidth=-1 minHeight=-1 defaultMinSize=220 token=WCT{RemoteToken{d86997a Task{5e3f52f #410 type=standard A=10292:org.qtproject.example.vulkanunderqmlapp}}} topActivityType=1 pictureInPictureParams=null shouldDockBigOverlays=false launchIntoPipHostTaskId=-1 lastParentTaskIdBeforePip=-1 displayCutoutSafeInsets=Rect(0, 132 - 0, 0) topActivityInfo=ActivityInfo{36eb52b org.qtproject.qt.android.bindings.QtActivity} launchCookies=[] positionInParent=Point(0, 0) parentTaskId=-1 isFocused=false isVisible=false isSleeping=false topActivityInSizeCompat=false topActivityEligibleForLetterboxEducation= false topActivityLetterboxed= false isFromDoubleTap= false topActivityLetterboxVerticalPosition= -1 topActivityLetterboxHorizontalPosition= -1 topActivityLetterboxWidth=-1 topActivityLetterboxHeight=-1 locusId=null displayAreaFeatureId=1 cameraCompatControlState=hidden}, remoteTransition = null, displayChange = null }
11-14 14:30:06.246 1472 1685 V WindowManager: startWCT=WindowContainerTransaction { changes = {} hops = [] errorCallbackToken=null taskFragmentOrganizer=null }
11-14 14:30:06.246 1942 1966 V WindowManagerShell: Checking filter Pair{{types=[] flags=0x0] notFlags=0x100 checks=[{atype=home independent=true modes=[OPEN,SHOW] flags=NONE mustBeTask=false order=TOP topActivity=ComponentInfo{com.google.android.apps.nexuslauncher/com.google.android.apps.nexuslauncher.NexusLauncherActivity}},{atype=standard independent=true modes=[CLOSE,HIDE] flags=NONE mustBeTask=false order=ANY topActivity=null}]} RemoteTransition { remoteTransition = android.window.IRemoteTransition$Stub$Proxy@bf36f0f, appThread = android.app.IApplicationThread$Stub$Proxy@7170b9c, debugName = QuickstepLaunchHome }}
11-14 14:30:06.246 1942 1966 V WindowManagerShell: Checking filter Pair{{types=[] flags=0x40] notFlags=0x0 checks=[{atype=dream independent=false modes=[OPEN,SHOW] flags=OCCLUDES_KEYGUARD mustBeTask=false order=ANY topActivity=null},{NOT atype=undefined independent=false modes=[CLOSE,HIDE] flags=OCCLUDES_KEYGUARD mustBeTask=false order=ANY topActivity=null}]} RemoteTransition { remoteTransition = com.android.systemui.keyguard.KeyguardService$1@ef4f4b9, appThread = android.app.ActivityThread$ApplicationThread@3f2a8cc, debugName = KeyguardOccludeByDream }}
11-14 14:30:06.246 1942 1966 V WindowManagerShell: Checking filter Pair{{types=[KEYGUARD_UNOCCLUDE] flags=0x0] notFlags=0x0 checks=[]} RemoteTransition { remoteTransition = com.android.systemui.keyguard.KeyguardService$3@7730680, appThread = android.app.ActivityThread$ApplicationThread@3f2a8cc, debugName = KeyguardUnocclude }}
11-14 14:30:06.246 1942 1966 V WindowManagerShell: Checking filter Pair{{types=[KEYGUARD_OCCLUDE] flags=0x0] notFlags=0x0 checks=[]} RemoteTransition { remoteTransition = com.android.systemui.keyguard.KeyguardService$3@650b703, appThread = android.app.ActivityThread$ApplicationThread@3f2a8cc, debugName = KeyguardOcclude }}
11-14 14:30:06.246 1942 1966 V WindowManagerShell: Checking filter Pair{{types=[] flags=0x40] notFlags=0x0 checks=[{NOT atype=undefined independent=false modes=[OPEN,SHOW] flags=OCCLUDES_KEYGUARD mustBeTask=false order=ANY topActivity=null},{atype=undefined independent=false modes=[CLOSE,HIDE] flags=NONE mustBeTask=true order=ANY topActivity=null}]} RemoteTransition { remoteTransition = com.android.systemui.keyguard.KeyguardService$3@7730680, appThread = android.app.ActivityThread$ApplicationThread@3f2a8cc, debugName = KeyguardUnocclude }}
11-14 14:30:06.246 1472 1685 V WindowManager: info={id=220 t=OPEN f=0x0 r=[0@Point(0, 0)] c=[{WCT{RemoteToken{d86997a Task{5e3f52f #410 type=standard A=10292:org.qtproject.example.vulkanunderqmlapp}}} m=OPEN f=NONE leash=Surface(name=Task=410)/@0x7f0a46e sb=Rect(0, 0 - 1080, 2400) eb=Rect(0, 0 - 1080, 2400) d=0},{WCT{RemoteToken{1aca949 Task{38c604c #409 type=standard A=10277:org.qtproject.example.contactlistexample}}} m=HIDE f=TRANSLUCENT leash=Surface(name=Task=409)/@0x558054d sb=Rect(0, 0 - 1080, 2400) eb=Rect(0, 0 - 1080, 2400) d=0}]}
11-14 14:30:06.246 1942 1966 V WindowManagerShell: Checking filter Pair{{types=[] flags=0x40] notFlags=0x0 checks=[{atype=undefined independent=false modes=[OPEN,SHOW] flags=OCCLUDES_KEYGUARD mustBeTask=false order=ANY topActivity=null},{NOT atype=undefined independent=false modes=[CLOSE,HIDE] flags=OCCLUDES_KEYGUARD mustBeTask=false order=ANY topActivity=null}]} RemoteTransition { remoteTransition = com.android.systemui.keyguard.KeyguardService$3@650b703, appThread = android.app.ActivityThread$ApplicationThread@3f2a8cc, debugName = KeyguardOcclude }}
11-14 14:30:06.246 1942 1966 V WindowManagerShell: Checking filter Pair{{types=[] flags=0x100] notFlags=0x0 checks=[]} RemoteTransition { remoteTransition = com.android.systemui.keyguard.KeyguardService$1@d7a9bb2, appThread = android.app.ActivityThread$ApplicationThread@3f2a8cc, debugName = ExitKeyguard }}
11-14 14:30:06.246 1942 1966 V WindowManagerShell: Delegate animation for #220 to null
11-14 14:30:06.246 1942 1966 V WindowManagerShell: try handler com.android.wm.shell.transition.DefaultTransitionHandler@711090e
11-14 14:30:06.246 1942 1966 V WindowManagerShell: start default transition animation, info = {id=220 t=OPEN f=0x0 r=[0@Point(0, 0)] c=[{WCT{android.window.IWindowContainerToken$Stub$Proxy@83b2c3} m=OPEN f=NONE leash=Surface(name=Task=410)/@0xe5cb740 sb=Rect(0, 0 - 1080, 2400) eb=Rect(0, 0 - 1080, 2400) d=0},{WCT{android.window.IWindowContainerToken$Stub$Proxy@8cfb679} m=HIDE f=TRANSLUCENT leash=Surface(name=Task=409)/@0x49fbfbe sb=Rect(0, 0 - 1080, 2400) eb=Rect(0, 0 - 1080, 2400) d=0}]}
11-14 14:30:06.247 1942 1966 V WindowManagerShell: loadAnimation: anim=android.view.animation.AnimationSet@c8c4135 animAttr=0x9 type=OPEN isEntrance=false
11-14 14:30:06.247 1942 1966 V WindowManagerShell: loadAnimation: anim=android.view.animation.AnimationSet@626b73b animAttr=0x8 type=OPEN isEntrance=true
11-14 14:30:06.247 7623 7623 I lkanunderqmlapp: Late-enabling -Xcheck:jni
11-14 14:30:06.248 1942 1966 V WindowManagerShell: animated by com.android.wm.shell.transition.DefaultTransitionHandler@711090e
11-14 14:30:06.261 7623 7623 I lkanunderqmlapp: Using CollectorTypeCC GC.
11-14 14:30:06.264 1157 1186 I adbd : jdwp connection from 7623
11-14 14:30:06.275 7623 7623 D CompatibilityChangeReporter: Compat change id reported: 171979766; UID 10292; state: ENABLED
11-14 14:30:06.275 7623 7623 D CompatibilityChangeReporter: Compat change id reported: 242716250; UID 10292; state: DISABLED
11-14 14:30:06.280 1472 2129 D CompatibilityChangeReporter: Compat change id reported: 170503758; UID 10292; state: ENABLED
11-14 14:30:06.283 7623 7623 W ziparchive: Unable to open '/data/app/~~6TaryFHULohTAmuQeEL5iQ==/org.qtproject.example.vulkanunderqmlapp-0UGFYQMNNl6ULdUELRNhYg==/base.dm': No such file or directory
11-14 14:30:06.283 7623 7623 W ziparchive: Unable to open '/data/app/~~6TaryFHULohTAmuQeEL5iQ==/org.qtproject.example.vulkanunderqmlapp-0UGFYQMNNl6ULdUELRNhYg==/base.dm': No such file or directory
11-14 14:30:06.307 7623 7623 D nativeloader: Configuring clns-4 for other apk /data/app/~~6TaryFHULohTAmuQeEL5iQ==/org.qtproject.example.vulkanunderqmlapp-0UGFYQMNNl6ULdUELRNhYg==/base.apk. target_sdk_version=33, uses_libraries=, library_path=/data/app/~~6TaryFHULohTAmuQeEL5iQ==/org.qtproject.example.vulkanunderqmlapp-0UGFYQMNNl6ULdUELRNhYg==/lib/arm64:/data/app/~~6TaryFHULohTAmuQeEL5iQ==/org.qtproject.example.vulkanunderqmlapp-0UGFYQMNNl6ULdUELRNhYg==/base.apk!/lib/arm64-v8a, permitted_path=/data:/mnt/expand:/data/user/0/org.qtproject.example.vulkanunderqmlapp
11-14 14:30:06.314 7623 7623 V GraphicsEnvironment: GLES system driver is 'mali'
11-14 14:30:06.314 7623 7623 V GraphicsEnvironment: Legacy GLES driver is 'mali'
11-14 14:30:06.314 7623 7623 V GraphicsEnvironment: Currently set values for:
11-14 14:30:06.314 7623 7623 V GraphicsEnvironment: angle_gl_driver_selection_pkgs =[]
11-14 14:30:06.314 7623 7623 V GraphicsEnvironment: angle_gl_driver_selection_values =[]
11-14 14:30:06.314 7623 7623 V GraphicsEnvironment: getDriverForPackage(): No per-application setting
11-14 14:30:06.314 7623 7623 V GraphicsEnvironment: ANGLE GameManagerService for org.qtproject.example.vulkanunderqmlapp: false
11-14 14:30:06.314 7623 7623 I GraphicsEnv: Using the (system) Legacy GLES driver for package 'org.qtproject.example.vulkanunderqmlapp'
11-14 14:30:06.314 7623 7623 V GraphicsEnvironment: Neither updatable production driver nor prerelease driver is supported.
11-14 14:30:06.316 7623 7623 D NetworkSecurityConfig: No Network Security Config specified, using platform default
11-14 14:30:06.316 7623 7623 D NetworkSecurityConfig: No Network Security Config specified, using platform default
11-14 14:30:06.320 1472 2129 I ActivityManager: Flag disabled. Ignoring finishAttachApplication from uid: 10292. pid: 7623
11-14 14:30:06.322 7623 7643 D vulkan : searching for layers in '/data/app/~~6TaryFHULohTAmuQeEL5iQ==/org.qtproject.example.vulkanunderqmlapp-0UGFYQMNNl6ULdUELRNhYg==/lib/arm64'
11-14 14:30:06.322 7623 7643 D vulkan : searching for layers in '/data/app/~~6TaryFHULohTAmuQeEL5iQ==/org.qtproject.example.vulkanunderqmlapp-0UGFYQMNNl6ULdUELRNhYg==/base.apk!/lib/arm64-v8a'
11-14 14:30:06.323 7623 7643 I DMABUFHEAPS: Using DMA-BUF heap named: vframe-secure
11-14 14:30:06.326 7623 7643 I vulkan : CreateInfoWrapper::FilterExtension: already have 'VK_KHR_external_fence_fd'.
11-14 14:30:06.326 2159 2159 V MediaPlayerList: mPackageChangedBroadcastReceiver: action: android.intent.action.PACKAGE_ADDED
11-14 14:30:06.327 2159 2159 V MediaPlayerList: mPackageChangedBroadcastReceiver: action: android.intent.action.PACKAGE_CHANGED
11-14 14:30:06.327 2098 2098 I SafetyLabelChangedBroadcastReceiver: received broadcast packageName: org.qtproject.example.vulkanunderqmlapp, current user: UserHandle{0}, packageChangeEvent: NEW_INSTALL, intent user: UserHandle{0}
11-14 14:30:06.328 3536 3536 I Finsky : [2] wpt.g(1): wpt - Received: android.intent.action.PACKAGE_ADDED, [Fevz-r8Taubud9eDi-wHoOX_v2JmrZ2Be17b6ve1mew]
11-14 14:30:06.340 1942 1942 D ControlsListingControllerImpl: ServiceConfig reloaded, count: 0
11-14 14:30:06.340 1942 1942 D ControlsListingControllerImpl: ServiceConfig reloaded, count: 0
11-14 14:30:06.342 28917 28917 I GsaVoiceInteractionSrv: O received Intent { act=android.intent.action.PACKAGE_ADDED dat=package: flg=0x4000010 (has extras) }
11-14 14:30:06.343 28917 29010 I cujt : Invalidating 1 caches for APP_NAMES_CONTEXT_CHANGE
11-14 14:30:06.344 28917 29010 I givc : Invalidation request: APP_NAMES (436126002) [CONTEXT session="TNG:MA-SBCP@27867e117313c57a" ]
11-14 14:30:06.345 28917 29010 I gyeu : Invalidated ContextKey: APP_NAMES (436126002) for SessionToken: TNG:MA-SBCP@27867e117313c57a; RequestId: 33; SpeakerId: 0.
11-14 14:30:06.345 28917 29010 I gyfe : Fetching context keys [APP_NAMES (436126002)]. SessionToken: TNG:MA-SBCP@27867e117313c57a; RequestId: 33; SpeakerId: 0
11-14 14:30:06.345 28917 29010 I gyfe : Fetching ContextResult for ContextKey: APP_NAMES (436126002). SessionToken: TNG:MA-SBCP@27867e117313c57a; RequestId: 33; SpeakerId: 0
11-14 14:30:06.345 28917 28997 I gyfe : Fetching ContextResult for ContextKey: LOCALE (456993644). SessionToken: TNG:MA-SBCP@27867e117313c57a; RequestId: 33; SpeakerId: 0
11-14 14:30:06.348 1472 1986 D ActivityManager: sync unfroze 12154 com.google.android.apps.wellbeing
11-14 14:30:06.348 28917 29013 I cujt : Invalidating 1 caches for APP_NAMES_CONTEXT_CHANGE
11-14 14:30:06.348 28917 29013 I givc : Invalidation request: APP_NAMES (436126002) [CONTEXT session="TNG:MA-SBCP@27867e117313c57a" ]
11-14 14:30:06.349 28917 28997 W gmmi : Failed to notify listeners
11-14 14:30:06.349 28917 28997 W gmmi : java.util.concurrent.CancellationException
11-14 14:30:06.349 28917 28997 W gmmi : at java.util.concurrent.FutureTask.report(FutureTask.java:121)
11-14 14:30:06.349 28917 28997 W gmmi : at java.util.concurrent.FutureTask.get(FutureTask.java:191)
11-14 14:30:06.349 28917 28997 W gmmi : at ilyc.get(PG:1)
11-14 14:30:06.349 28917 28997 W gmmi : at imam.a(PG:1)
11-14 14:30:06.349 28917 28997 W gmmi : at ilyq.r(PG:2)
11-14 14:30:06.349 28917 28997 W gmmi : at ilyj.run(PG:3)
11-14 14:30:06.349 28917 28997 W gmmi : at ilxn.execute(PG:1)
11-14 14:30:06.349 28917 28997 W gmmi : at ilxq.c(PG:1)
11-14 14:30:06.349 28917 28997 W gmmi : at ilxq.b(PG:3)
11-14 14:30:06.349 28917 28997 W gmmi : at ilzh.done(PG:1)
11-14 14:30:06.349 28917 28997 W gmmi : at java.util.concurrent.FutureTask.finishCompletion(FutureTask.java:381)
11-14 14:30:06.349 28917 28997 W gmmi : at java.util.concurrent.FutureTask.cancel(FutureTask.java:179)
11-14 14:30:06.349 28917 28997 W gmmi : at ilyc.cancel(PG:1)
11-14 14:30:06.349 28917 28997 W gmmi : at gmlx.run(PG:1)
11-14 14:30:06.349 28917 28997 W gmmi : at htow.run(PG:3)
11-14 14:30:06.349 28917 28997 W gmmi : at java.util.concurrent.Executors$RunnableAdapter.call(Executors.java:487)
11-14 14:30:06.349 28917 28997 W gmmi : at imaj.a(PG:1)
11-14 14:30:06.349 28917 28997 W gmmi : at ilzf.run(PG:4)
11-14 14:30:06.349 28917 28997 W gmmi : at imak.run(PG:1)
11-14 14:30:06.349 28917 28997 W gmmi : at fjjj.run(PG:1)
11-14 14:30:06.349 28917 28997 W gmmi : at java.util.concurrent.ThreadPoolExecutor.runWorker(ThreadPoolExecutor.java:1145)
11-14 14:30:06.349 28917 28997 W gmmi : at java.util.concurrent.ThreadPoolExecutor$Worker.run(ThreadPoolExecutor.java:644)
11-14 14:30:06.349 28917 28997 W gmmi : at fjin.run(PG:2)
11-14 14:30:06.349 28917 28997 W gmmi : at java.lang.Thread.run(Thread.java:1012)
11-14 14:30:06.349 28917 28997 W gmmi : at fjjs.run(PG:5)
11-14 14:30:06.349 28917 29013 I giwu : GetContext(LOCALE (456993644), SYNCHRONIZED_CACHE): Sharing from synchronized cache (status: DONE) [CONTEXT request=89 accessSessionKey="SBCP@4d7c5005fc7df80a" accessSession="a509a7f82bcfbed9" session="TNG:MA-SBCP@27867e117313c57a" ]
11-14 14:30:06.349 28917 29013 I gyeu : Invalidated ContextKey: APP_NAMES (436126002) for SessionToken: TNG:MA-SBCP@27867e117313c57a; RequestId: 34; SpeakerId: 0.
11-14 14:30:06.349 28917 29013 I gyfe : Fetching context keys [APP_NAMES (436126002)]. SessionToken: TNG:MA-SBCP@27867e117313c57a; RequestId: 34; SpeakerId: 0
11-14 14:30:06.349 28917 29013 I gyfe : Fetching ContextResult for ContextKey: LOCALE (456993644). SessionToken: TNG:MA-SBCP@27867e117313c57a; RequestId: 34; SpeakerId: 0
11-14 14:30:06.350 28917 29013 I gyfe : Fetching ContextResult for ContextKey: APP_NAMES (436126002). SessionToken: TNG:MA-SBCP@27867e117313c57a; RequestId: 34; SpeakerId: 0
11-14 14:30:06.350 28917 29013 I gyfe : ContextResult succeeded for ContextKey: LOCALE (456993644). SessionToken: TNG:MA-SBCP@27867e117313c57a; RequestId: 33; SpeakerId: 0
11-14 14:30:06.350 28917 29013 I gyey : Primary Locale: en-US and preferred locales: [en-US], returned from Context API. SessionToken: TNG:MA-SBCP@27867e117313c57a; RequestId: 33; SpeakerId: 0
11-14 14:30:06.351 28917 29013 I gitg : GetContext(APP_NAMES (436126002), SYNCHRONIZED_CACHE): Fetching from provider [CONTEXT request=91 accessSessionKey="SBCP@4d7c5005fc7df80a" accessSession="a509a7f82bcfbed9" session="TNG:MA-SBCP@27867e117313c57a" ]
11-14 14:30:06.351 28917 29011 I giwu : GetContext(LOCALE (456993644), SYNCHRONIZED_CACHE): Sharing from synchronized cache (status: DONE) [CONTEXT request=90 accessSessionKey="SBCP@4d7c5005fc7df80a" accessSession="a509a7f82bcfbed9" session="TNG:MA-SBCP@27867e117313c57a" ]
11-14 14:30:06.352 28917 29011 I gyfe : ContextResult succeeded for ContextKey: LOCALE (456993644). SessionToken: TNG:MA-SBCP@27867e117313c57a; RequestId: 34; SpeakerId: 0
11-14 14:30:06.352 28917 29011 I gyey : Primary Locale: en-US and preferred locales: [en-US], returned from Context API. SessionToken: TNG:MA-SBCP@27867e117313c57a; RequestId: 34; SpeakerId: 0
11-14 14:30:06.354 3536 7656 I Finsky : [173] phh.run(202): Wrote row to frosting DB: 6466
11-14 14:30:06.355 28917 29010 I giwu : GetContext(APP_NAMES (436126002), SYNCHRONIZED_CACHE): Fetching from synchronized cache (status: RUNNING) [CONTEXT request=88 accessSessionKey="SBCP@4d7c5005fc7df80a" accessSession="a509a7f82bcfbed9" session="TNG:MA-SBCP@27867e117313c57a" ]
11-14 14:30:06.356 12154 12185 W TimedProcessReaper: Memory state is: 125
11-14 14:30:06.358 1218 7663 I Fitness : (REDACTED) OnPackageChangedOperation got intent: %s
11-14 14:30:06.366 7623 7623 W ziparchive: Unable to open '/data/app/~~6TaryFHULohTAmuQeEL5iQ==/org.qtproject.example.vulkanunderqmlapp-0UGFYQMNNl6ULdUELRNhYg==/base.dm': No such file or directory
11-14 14:30:06.366 7623 7623 W ziparchive: Unable to open '/data/app/~~6TaryFHULohTAmuQeEL5iQ==/org.qtproject.example.vulkanunderqmlapp-0UGFYQMNNl6ULdUELRNhYg==/base.dm': No such file or directory
11-14 14:30:06.372 1472 4953 D CompatibilityChangeReporter: Compat change id reported: 161252188; UID 10292; state: DISABLED
11-14 14:30:06.382 6189 7659 I Auth : [SupervisedAccountIntentOperation] onHandleIntent(): android.intent.action.PACKAGE_ADDED
11-14 14:30:06.388 6189 6189 D BoundBrokerSvc: onBind: Intent { act=com.google.android.gms.common.BIND_SHARED_PREFS pkg=com.google.android.gms }
11-14 14:30:06.388 6189 6189 D BoundBrokerSvc: Loading bound service for intent: Intent { act=com.google.android.gms.common.BIND_SHARED_PREFS pkg=com.google.android.gms }
11-14 14:30:06.391 1218 7664 I Fitness : (REDACTED) FitCleanupIntentOperation received Intent %s
11-14 14:30:06.392 1218 7663 I ProximityAuth: [RecentAppsMediator] Package added: (user=UserHandle{0}) org.qtproject.example.vulkanunderqmlapp
11-14 14:30:06.394 1218 7661 W GCM : Unexpected forwarded intent: Intent { act=android.intent.action.PACKAGE_ADDED dat=package: flg=0x4000010 pkg=com.google.android.gms cmp=com.google.android.gms/.chimera.PersistentIntentOperationService (has extras) }
11-14 14:30:06.396 1218 7661 W GCM : Unexpected forwarded intent: Intent { act=android.intent.action.PACKAGE_ADDED dat=package: flg=0x4000010 pkg=com.google.android.gms cmp=com.google.android.gms/.chimera.PersistentIntentOperationService (has extras) }
11-14 14:30:06.399 1218 7665 I FontLog : (REDACTED) Package %s has no metadata
11-14 14:30:06.406 1218 1366 W ChimeraUtils: Module com.google.android.gms.nearby_en missing resource null(0)
11-14 14:30:06.407 3536 3536 I Finsky : [2] rnd.aiH(13): DTU: Received onPackageAdded, replacing: false
11-14 14:30:06.409 1218 1366 W ChimeraUtils: Module com.google.android.gms.nearby_en missing resource null(0)
11-14 14:30:06.411 1218 7662 I Fitness : (REDACTED) OnPackageChangedOperation got intent: %s
11-14 14:30:06.418 1218 7675 I Fitness : (REDACTED) FitCleanupIntentOperation received Intent %s
11-14 14:30:06.418 6189 7658 I Blockstore: (REDACTED) [DataStoreImpl] Clearing Blockstore Data for package %s
11-14 14:30:06.422 28917 29013 I gitg : GetContext(APP_NAMES (436126002), SYNCHRONIZED_CACHE): Fetch from the NGA surface finished with status: SUCCESS [CONTEXT request=91 accessSessionKey="SBCP@4d7c5005fc7df80a" accessSession="a509a7f82bcfbed9" session="TNG:MA-SBCP@27867e117313c57a" ]
11-14 14:30:06.423 28917 29013 I gyfe : ContextResult succeeded for ContextKey: APP_NAMES (436126002). SessionToken: TNG:MA-SBCP@27867e117313c57a; RequestId: 33; SpeakerId: 0
11-14 14:30:06.423 28917 29014 I gyfe : ContextResult succeeded for ContextKey: APP_NAMES (436126002). SessionToken: TNG:MA-SBCP@27867e117313c57a; RequestId: 34; SpeakerId: 0
11-14 14:30:06.423 28917 29013 I gyfs : Updating context input 'app-names' with dynamic class '$APP' containing 63 entities. SessionToken: TNG:MA-SBCP@27867e117313c57a; RequestId: 33; SpeakerId: 0
11-14 14:30:06.424 6189 7667 I Dck : (REDACTED) doesDeviceHaveSupportedWirelessCapabilities: wccSysProp:%d, wccMendel:%d, deviceWccOverride:%s
11-14 14:30:06.424 28917 29013 I gyfs : Clearing context input 'shortcuts-with-apps'. SessionToken: TNG:MA-SBCP@27867e117313c57a; RequestId: 33; SpeakerId: 0
11-14 14:30:06.424 28917 29013 I gyfk : Sending speech biasing context update to SODA with locale [en-US]. SessionToken: TNG:MA-SBCP@27867e117313c57a; RequestId: 33; SpeakerId: 0
11-14 14:30:06.424 28917 29013 I hhpi : #getSodaAsrUpdateRequest inserting app domain: DEFAULT_ONESHOT
11-14 14:30:06.424 28917 29012 I gyfs : Updating context input 'app-names' with dynamic class '$APP' containing 63 entities. SessionToken: TNG:MA-SBCP@27867e117313c57a; RequestId: 34; SpeakerId: 0
11-14 14:30:06.425 28917 29001 I himi : #updateAndGetSnapshot
11-14 14:30:06.425 28917 29012 I gyfs : Clearing context input 'shortcuts-with-apps'. SessionToken: TNG:MA-SBCP@27867e117313c57a; RequestId: 34; SpeakerId: 0
11-14 14:30:06.425 28917 29010 I himi : Listening for responses for locale en_US
11-14 14:30:06.425 28917 29012 I gyfk : Sending speech biasing context update to SODA with locale [en-US]. SessionToken: TNG:MA-SBCP@27867e117313c57a; RequestId: 34; SpeakerId: 0
11-14 14:30:06.426 28917 29013 I hhpi : #getSodaAsrUpdateRequest inserting app domain: DEFAULT_ONESHOT
11-14 14:30:06.429 28874 28874 I iocl : Created gRPC endpoint for service class com.google.frameworks.client.data.android.server.tiktok.SearchProcessEndpointService
11-14 14:30:06.432 28874 29028 I hipf : SRM: AccountScoped session starting on service-side.
11-14 14:30:06.432 28917 29014 I himi : Emitting SodaResourceManager request # hisu@c478a86d
11-14 14:30:06.432 28917 29014 I himi : [405518496] {
11-14 14:30:06.432 28917 29014 I himi : }
11-14 14:30:06.432 28917 29014 I himi : [405518497] {
11-14 14:30:06.432 28917 29014 I himi : }
11-14 14:30:06.433 28874 29017 I himz : Received request for primary locale en_US. Secondary locales: '[]'
11-14 14:30:06.433 28874 29017 I himz : Requested resources IDs: [1, 3, 5, 6, 7, 8, 9]. Note that this is a noop because we currently return all resource for each request.
11-14 14:30:06.433 28874 28945 I SodaResourceCollector: #getImmediateResourceStates with locale en_US. Secondary locales: []
11-14 14:30:06.433 28874 29017 I SodaResourceCollector: #getAndUpdateSodaResourceCollection
11-14 14:30:06.433 28874 28945 I SodaResourceCollector: SRM initial state disabled. Emitting LEGACY_UNKNOWN for all resources.
11-14 14:30:06.433 28874 29017 I SodaResourceCollector: #getInstalledLanguagePacks
11-14 14:30:06.433 28874 29017 I DefaultLPManager: #getRequestedPackages
11-14 14:30:06.433 28874 29030 I DefaultLPManager: #getAvailablePackages
11-14 14:30:06.433 28874 29028 I DefaultLPManager: #getAvailablePackages
11-14 14:30:06.433 28874 29017 I ZipLPPopulator: #addNewFileGroups
11-14 14:30:06.433 28874 29017 I hlqd : #getDownloadableLanguagePacks
11-14 14:30:06.433 28874 29030 I hlqd : #getDownloadableLanguagePacks
11-14 14:30:06.433 28874 29017 W SystemLPSourceImpl: #getRequestedPackages: There is not reason to call this method, as the result is always empty.
11-14 14:30:06.433 28874 29028 I hlqd : #getDownloadableLanguagePacks
11-14 14:30:06.433 28874 29017 W LegacyLPSourceImpl: #getRequestedPackages: There is no reason to call this method, as the result is always empty.
11-14 14:30:06.433 28874 29030 W SystemLPSourceImpl: #getAvailablePackages: Note there is not reason to call this method, as getInstalledPackages() returns the same LanguagePacks for this impl.
11-14 14:30:06.433 28874 29028 W SystemLPSourceImpl: #getAvailablePackages: Note there is not reason to call this method, as getInstalledPackages() returns the same LanguagePacks for this impl.
11-14 14:30:06.433 28874 29028 W LegacyLPSourceImpl: #getAvailablePackages: Note there is no reason to call this method, as getInstalledPackages() returns the same LanguagePacks for this impl.
11-14 14:30:06.433 28874 29017 I LPRequestState: [ZipfileRequests] #resolveDesiredLanguagePacks
11-14 14:30:06.433 28874 29030 W LegacyLPSourceImpl: #getAvailablePackages: Note there is no reason to call this method, as getInstalledPackages() returns the same LanguagePacks for this impl.
11-14 14:30:06.433 28874 29028 I DefaultLPManager: #getInstalledPackages
11-14 14:30:06.434 28874 29017 I hlqd : #getPendingPackages
11-14 14:30:06.434 28874 29028 I hlqd : #getInstalledPackages
11-14 14:30:06.436 28917 29011 I himi : Reading SodaResourceManager message with initial resourceIds: 'RESOURCE_HOTWORD: LEGACY_UNKNOWN.'
11-14 14:30:06.436 28917 29013 I himi : Reading SodaResourceManager message with initial resourceIds: 'RESOURCE_LP: LEGACY_UNKNOWN.'
11-14 14:30:06.436 28917 29013 I himi : Reading SodaResourceManager message with initial resourceIds: 'RESOURCE_HOTMATCH: LEGACY_UNKNOWN.'
11-14 14:30:06.436 28917 29013 I himi : Reading SodaResourceManager message with initial resourceIds: 'RESOURCE_QUICK_PHRASES: LEGACY_UNKNOWN.'
11-14 14:30:06.436 28917 29014 I himi : Reading SodaResourceManager message with initial resourceIds: 'RESOURCE_CONTEXTUAL: LEGACY_UNKNOWN.'
11-14 14:30:06.436 28917 29014 I himi : Reading SodaResourceManager message with initial resourceIds: 'RESOURCE_PERSONALIZED_ASR: LEGACY_UNKNOWN.'
11-14 14:30:06.436 28874 28975 I LegacyLPSourceImpl: Parsing legacy read-only LanguagePack metadata file: /data/user/0/com.google.android.googlequicksearchbox/app_g3_models/en-US/metadata
11-14 14:30:06.436 28917 28997 I himi : Reading SodaResourceManager message with initial resourceIds: 'RESOURCE_NES: LEGACY_UNKNOWN.'
11-14 14:30:06.436 28874 28978 I SystemLPSourceImpl: Parsed system partition LanguagePack metadata file: /product/usr/srec/en-US/metadata
11-14 14:30:06.437 28874 28975 I LegacyLPSourceImpl: Parsing legacy read-only LanguagePack metadata file: /data/user/0/com.google.android.googlequicksearchbox/app_g3_models/en-US/metadata
11-14 14:30:06.437 28874 28976 I SystemLPSourceImpl: Parsed system partition LanguagePack metadata file: /product/usr/srec/en-US/metadata
11-14 14:30:06.437 28874 28975 I SystemLPSourceImpl: Parsed system partition LanguagePack metadata file: /product/usr/srec/en-US/metadata
11-14 14:30:06.437 28874 28978 I LegacyLPSourceImpl: Parsing legacy read-only LanguagePack metadata file: /data/user/0/com.google.android.googlequicksearchbox/app_g3_models/en-US/metadata
11-14 14:30:06.448 6189 7667 I Dck : (REDACTED) isDckModuleEligible: isAtLeastR:%s, hasWccSupport:%s, downloadAllowed:%s
11-14 14:30:06.452 6189 6189 D BoundBrokerSvc: onUnbind: Intent { act=com.google.android.gms.common.BIND_SHARED_PREFS pkg=com.google.android.gms }
11-14 14:30:06.452 6189 6721 I Blockstore: [DataStoreImpl] Keyless data not found or its IsLastInstallationData = false. [CONTEXT service_id=258 ]
11-14 14:30:06.467 1218 1390 W ChimeraUtils: Module com.google.android.gms.nearby_en missing resource null(0)
11-14 14:30:06.469 1218 1390 W ChimeraUtils: Module com.google.android.gms.nearby_en missing resource null(0)
11-14 14:30:06.474 3536 3536 I Finsky : [2] aigq.c(44): Do not start WearSupportService due to Wear service optimization
11-14 14:30:06.475 3536 7656 I Finsky : [173] phh.run(202): Wrote row to frosting DB: 6467
11-14 14:30:06.477 3536 3536 I Finsky : [2] abpj.f(9): Clearing split related stale data.
11-14 14:30:06.482 3536 3536 I Finsky : [2] wpt.g(1): wpt - Received: android.intent.action.PACKAGE_CHANGED, [Fevz-r8Taubud9eDi-wHoOX_v2JmrZ2Be17b6ve1mew]
11-14 14:30:06.492 1218 1366 W ChimeraUtils: Module com.google.android.gms.nearby_en missing resource null(0)
11-14 14:30:06.495 1218 1366 W ChimeraUtils: Module com.google.android.gms.nearby_en missing resource null(0)
11-14 14:30:06.507 3536 7717 I Finsky : [178] bb.a(21): Asset module storage cleared for package org.qtproject.example.vulkanunderqmlapp.
11-14 14:30:06.509 28874 29028 I DefaultLPManager: #getPackage
11-14 14:30:06.509 28874 29029 I SodaResourceCollector: Installed LanguagePacks: en-US_v7025
11-14 14:30:06.509 28874 29029 I SodaResourceCollector: Pending pack: en-US_v7025
11-14 14:30:06.510 28874 29030 I fhdk : Setting locale=en-US
11-14 14:30:06.510 28874 29020 I SodaResourceCollector: Skipping stopword download due to disablement by flag.
11-14 14:30:06.510 28874 29030 I fhdk : MDD refresh started.
11-14 14:30:06.510 28874 29029 I SodaResourceCollector: Skipping Nes download due to disablement by flag.
11-14 14:30:06.510 28874 29030 W fhcn : No hotword model URL available for locale: en-US
11-14 14:30:06.510 28874 29030 I fhdk : MDD refresh completed.
11-14 14:30:06.510 28874 29030 I fhdk : Received request to retrieve hotword model with timeout. ActiveLocale=en-US
11-14 14:30:06.510 28874 29030 I fhdk : Trying to get latest model bytes.
11-14 14:30:06.510 28874 29030 I fhdk : Trying to get preloaded model for matching URL. (locale=en-US)
11-14 14:30:06.510 28874 29020 I fhdk : Preloaded model not available. Attempting download.
11-14 14:30:06.510 28874 29020 I fhdk : Trying to get latest MDD Model bytes.
11-14 14:30:06.510 28874 29020 W fhdk : Locale is not registered with HotwordConfigManager. Ignoring download.
11-14 14:30:06.511 28874 29020 I SodaResourceCollector: Tdsid model updates skipped because SpeakerId disabled.
11-14 14:30:06.511 28874 29020 I SodaResourceCollector: Tisid model queries skipped because SpeakerId disabled.
11-14 14:30:06.511 28874 29020 I SodaResourceCollector: Tdsid model updates skipped because SpeakerId disabled.
11-14 14:30:06.511 28874 29020 I SodaResourceCollector: Tdsid model updates skipped because SpeakerId disabled.
11-14 14:30:06.511 28874 29029 I SodaResourceCollector: Tisid model updates skipped because SpeakerId disabled.
11-14 14:30:06.511 28917 29014 I himi : Reading SodaResourceManager message with updated resourceIds: [9]. Total set: [9]
11-14 14:30:06.511 28917 29014 I himi : Reading SodaResourceManager message with updated resourceIds: [1, 2]. Total set: [9, 1, 2]
11-14 14:30:06.511 28874 29020 I SodaResourceCollector: No Tdsid update occurred. Skipping callback(s)
11-14 14:30:06.512 28917 28997 I himi : Reading SodaResourceManager message with updated resourceIds: [6]. Total set: [9, 1, 2, 6]
11-14 14:30:06.522 3536 7656 I Finsky : [173] phh.run(202): Wrote row to frosting DB: 6468
11-14 14:30:06.524 28874 29020 W ceyq : ClientFileGroup for Locale is empty.
11-14 14:30:06.524 28874 29028 I cfew : group apa_hotmatch not present without account in *
