11-13 07:16:16.721 1472 1715 I DisplayPowerController2[0]: BrightnessEvent: disp=0, physDisp=local:4619827677550801152, brt=0.0, initBrt=0.0037629898, rcmdBrt=NaN, preBrt=NaN, lux=0.0, preLux=0.0, hbmMax=0.62, hbmMode=off, rbcStrength=50, thrmMax=1.0, powerFactor=1.0, wasShortTermModelActive=false, flags=, reason=automatic [ dim ], autoBrightness=true, strategy=InvalidBrightnessStrategy
11-13 07:16:18.718 1472 1715 I PowerGroup: Powering off display group due to timeout (groupId= 0, uid= 1000, millisSinceLastUserActivity=10002, lastUserActivityEvent=other)...
11-13 07:16:18.718 1472 1715 I PowerManagerService: Going to sleep due to timeout (uid 1000, screenOffTimeout=1800000, activityTimeoutWM=10000, maxDimRatio=0.20000005, maxDimDur=7000)...
11-13 07:16:18.850 1472 1807 D ActivityManager: freezing 6090 com.google.android.uvexposurereporter
11-13 07:16:18.852 1472 1807 D ActivityManager: freezing 7533 com.google.android.adservices.api
11-13 07:16:18.853 1472 1807 D ActivityManager: freezing 20437 com.google.android.gms
11-13 07:16:18.855 1472 1807 D ActivityManager: freezing 1160 com.google.android.gms.unstable
11-13 07:16:18.917 1472 1807 D ActivityManager: freezing 2609 com.google.android.cellbroadcastreceiver
11-13 07:16:18.997 1472 1715 V DisplayPowerController2[0]: Brightness [0.0037629898] reason changing to: 'automatic', previous reason: 'automatic [ dim ]'.
11-13 07:16:18.997 1472 1715 I DisplayPowerController2[0]: BrightnessEvent: disp=0, physDisp=local:4619827677550801152, brt=0.0037629898, initBrt=0.0, rcmdBrt=NaN, preBrt=NaN, lux=0.0, preLux=0.0, hbmMax=0.62, hbmMode=off, rbcStrength=50, thrmMax=1.0, powerFactor=1.0, wasShortTermModelActive=false, flags=, reason=automatic, autoBrightness=true, strategy=InvalidBrightnessStrategy
11-13 07:16:18.998 1472 1688 D DisplayManagerService: Ignore redundant display event 0/4 to 10186/3310
11-13 07:16:18.998 1472 1688 D DisplayManagerService: Ignore redundant display event 0/4 to 10190/13752
11-13 07:16:18.998 1472 1688 D DisplayManagerService: Ignore redundant display event 0/4 to 10291/31669
11-13 07:16:19.411 1472 1715 I DisplayPowerController2[0]: Blocking screen off
11-13 07:16:19.412 1472 1715 I DisplayPowerController2[0]: Unblocked screen off after 1 ms
11-13 07:16:19.418 1472 1715 I DisplayBrightnessStrategySelector: Changing the DisplayBrightnessStrategy from InvalidBrightnessStrategy toScreenOffBrightnessStrategy for display 0
11-13 07:16:19.430 1472 1715 V DisplayPowerController2[0]: Brightness [0.0] reason changing to: 'screen_off', previous reason: 'automatic'.
11-13 07:16:19.430 1472 1715 I DisplayPowerController2[0]: BrightnessEvent: disp=0, physDisp=local:4619827677550801152, brt=0.0, initBrt=0.0037629898, rcmdBrt=NaN, preBrt=NaN, lux=0.0, preLux=0.0, hbmMax=0.62, hbmMode=off, rbcStrength=50, thrmMax=1.0, powerFactor=1.0, wasShortTermModelActive=false, flags=, reason=screen_off, autoBrightness=true, strategy=ScreenOffBrightnessStrategy
11-13 07:16:19.431 1472 1688 I DisplayDeviceRepository: Display device changed state: "Built-in Screen", OFF
11-13 07:16:19.433 1472 1689 I DisplayDevice: [0] Layerstack set to -1 for local:4619827677550801152
11-13 07:16:19.433 1472 1688 D DisplayManagerService: Ignore redundant display event 0/4 to 10186/3310
11-13 07:16:19.433 1472 1688 D DisplayManagerService: Ignore redundant display event 0/4 to 10190/13752
11-13 07:16:19.433 1472 1688 D DisplayManagerService: Ignore redundant display event 0/4 to 10291/31669
11-13 07:16:19.565 1472 1688 I DisplayDeviceRepository: Display device changed state: "Built-in Screen", OFF
11-13 07:16:19.567 1472 1688 D DisplayManagerService: Ignore redundant display event 0/2 to 10186/3310
11-13 07:16:19.567 1472 1715 I DreamManagerService: Entering dreamland.
11-13 07:16:19.568 1472 1688 D DisplayManagerService: Ignore redundant display event 0/2 to 10190/13752
11-13 07:16:19.568 1472 1688 D DisplayManagerService: Ignore redundant display event 0/2 to 10291/31669
11-13 07:16:19.571 1472 1715 I PowerManagerService: Dozing...
11-13 07:16:19.574 1472 1685 I DreamController: Starting dream: name=ComponentInfo{com.android.systemui/com.android.systemui.doze.DozeService}, isPreviewMode=false, canDoze=true, userId=0, reason='power manager request'
11-13 07:16:19.622 1472 1472 I PowerManagerService: onFlip(): Face up.
11-13 07:16:19.625 1472 1697 D ActivityManager: sync unfroze 7533 com.google.android.adservices.api
11-13 07:16:19.625 1472 1697 D ActivityManager: sync unfroze 20437 com.google.android.gms
11-13 07:16:19.632 1472 1697 D ActivityManager: sync unfroze 1160 com.google.android.gms.unstable
11-13 07:16:19.722 1067 1067 I wificond: Pno scan started for frequencies: 2412, 2462,
11-13 07:16:24.623 1472 4954 W AppOps : Noting op not finished: uid 10140 pkg com.google.android.gms code 113 startTime of in progress event=1699829998109
11-13 07:16:24.630 1472 1986 W AppOps : Noting op not finished: uid 10140 pkg com.google.android.gms code 113 startTime of in progress event=1699829998109
11-13 07:16:24.638 1472 4954 W AppOps : Noting op not finished: uid 10140 pkg com.google.android.gms code 79 startTime of in progress event=1699852098968
11-13 07:16:24.662 1472 4785 W AppOps : Noting op not finished: uid 10158 pkg com.google.android.apps.scone code 79 startTime of in progress event=1699756224413
11-13 07:16:42.850 1472 1986 W AppOps : Noting op not finished: uid 10140 pkg com.google.android.gms code 113 startTime of in progress event=1699829998109
11-13 07:16:42.851 1472 1986 W AppOps : Noting op not finished: uid 10140 pkg com.google.android.gms code 113 startTime of in progress event=1699829998109
11-13 07:16:42.852 1472 1986 W AppOps : Noting op not finished: uid 10140 pkg com.google.android.gms code 79 startTime of in progress event=1699852098968
11-13 07:16:42.862 1472 4785 W AppOps : Noting op not finished: uid 10140 pkg com.google.android.gms code 113 startTime of in progress event=1699829998109
11-13 07:16:42.866 1472 1986 W AppOps : Noting op not finished: uid 10140 pkg com.google.android.gms code 113 startTime of in progress event=1699829998109
11-13 07:16:42.872 1472 3849 W AppOps : Noting op not finished: uid 10140 pkg com.google.android.gms code 79 startTime of in progress event=1699852098968
11-13 07:17:40.312 1472 3849 W AppOps : Noting op not finished: uid 10158 pkg com.google.android.apps.scone code 79 startTime of in progress event=1699756224413
11-13 07:18:18.859 1472 3849 W AlarmManager: Alarms must either supply a PendingIntent or an AlarmReceiver
11-13 07:19:33.551 1472 1807 D ActivityManager: freezing 1160 com.google.android.gms.unstable
11-13 07:21:12.937 1472 1986 W AppOps : Noting op not finished: uid 10140 pkg com.google.android.gms code 113 startTime of in progress event=1699829998109
11-13 07:21:12.944 1472 4785 W AppOps : Noting op not finished: uid 10140 pkg com.google.android.gms code 113 startTime of in progress event=1699829998109
11-13 07:21:12.952 1472 1986 W AppOps : Noting op not finished: uid 10140 pkg com.google.android.gms code 79 startTime of in progress event=1699852098968
11-13 07:25:43.018 1472 3849 W AppOps : Noting op not finished: uid 10140 pkg com.google.android.gms code 113 startTime of in progress event=1699829998109
11-13 07:25:43.026 1472 3849 W AppOps : Noting op not finished: uid 10140 pkg com.google.android.gms code 113 startTime of in progress event=1699829998109
11-13 07:25:43.033 1472 3849 W AppOps : Noting op not finished: uid 10140 pkg com.google.android.gms code 79 startTime of in progress event=1699852098968
11-13 07:29:21.835 1472 4960 W AlarmManager: Alarms must either supply a PendingIntent or an AlarmReceiver
11-13 07:29:25.946 1472 1807 D ActivityManager: freezing 30461 com.android.settings
11-13 07:29:25.950 1472 1807 D ActivityManager: freezing 3999 com.android.keychain
11-13 07:29:33.189 1472 1807 D ActivityManager: freezing 20437 com.google.android.gms
11-13 07:29:33.194 1472 1807 D ActivityManager: freezing 7533 com.google.android.adservices.api
11-13 07:30:13.131 1472 3849 W AppOps : Noting op not finished: uid 10140 pkg com.google.android.gms code 113 startTime of in progress event=1699829998109
11-13 07:30:13.139 1472 1986 W AppOps : Noting op not finished: uid 10140 pkg com.google.android.gms code 113 startTime of in progress event=1699829998109
11-13 07:30:13.149 1472 4954 W AppOps : Noting op not finished: uid 10140 pkg com.google.android.gms code 79 startTime of in progress event=1699852098968
11-13 07:34:43.182 1472 1697 D ActivityManager: sync unfroze 5139 com.android.providers.calendar
11-13 07:34:43.242 1472 4954 W AppOps : Noting op not finished: uid 10140 pkg com.google.android.gms code 113 startTime of in progress event=1699829998109
11-13 07:34:43.252 1472 4954 W AppOps : Noting op not finished: uid 10140 pkg com.google.android.gms code 113 startTime of in progress event=1699829998109
11-13 07:34:43.257 1472 4960 W AppOps : Noting op not finished: uid 10140 pkg com.google.android.gms code 79 startTime of in progress event=1699853413181
11-13 07:40:24.836 1472 3849 W AlarmManager: Alarms must either supply a PendingIntent or an AlarmReceiver
11-13 07:40:51.795 1472 1807 D ActivityManager: freezing 5139 com.android.providers.calendar
11-13 07:48:13.096 1472 3849 D ActivityManager: sync unfroze 20437 com.google.android.gms
11-13 07:48:13.099 1472 3849 D ActivityManager: sync unfroze 7533 com.google.android.adservices.api
11-13 07:48:16.068 1472 1797 D ActivityManager: sync unfroze 16945 com.google.android.apps.turbo:aab
11-13 07:48:16.074 1472 1797 D ActivityManager: sync unfroze 19704 com.google.android.apps.turbo
11-13 07:48:16.080 1472 1797 D ActivityManager: sync unfroze 17097 com.google.android.partnersetup
11-13 07:48:16.085 1472 1797 D ActivityManager: sync unfroze 12364 com.google.android.settings.intelligence
11-13 07:48:16.099 1472 1797 D ActivityManager: sync unfroze 12154 com.google.android.apps.wellbeing
11-13 07:48:16.112 1472 1828 I WatchlistLoggingHandler: Start aggregating watchlist records.
11-13 07:48:16.136 1472 4959 D ActivityManager: sync unfroze 12046 com.google.android.apps.safetyhub
11-13 07:48:16.139 1472 1472 I StorageManagerService: Storage lifetime: 1
11-13 07:48:16.142 1472 4954 D ActivityManager: sync unfroze 30461 com.android.settings
11-13 07:48:16.147 1472 4785 W JobScheduler: Job didn't exist in JobStore: a326c1 #u0a115/4096 com.google.android.partnersetup/.InstalledAppJobService
11-13 07:48:16.162 1472 1472 I StorageManagerService: Set smart idle maintenance: latest write amount: 12, average write amount: 198, min segment threshold: 512, dirty reclaim rate: 0.5, segment reclaim weight: 2.0, period(min): 60, min gc sleep time(ms): 5000, target dirty ratio: 80
11-13 07:48:16.163 548 560 I vold : Enough free segments: 42856
11-13 07:48:16.164 1472 1472 I SmartStorageMaintIdler: Got smart storage maintenance service completion callback
11-13 07:48:16.173 1472 1472 W JobScheduler: Job didn't exist in JobStore: 4ee39bb #1000/2808 android/com.android.server.SmartStorageMaintIdler
11-13 07:48:16.249 1472 1828 I WatchlistLoggingHandler: Milliseconds spent on tryAggregateRecords(): 137
11-13 07:48:26.173 1472 1807 D ActivityManager: freezing 17097 com.google.android.partnersetup
11-13 07:48:26.177 1472 1807 D ActivityManager: freezing 12154 com.google.android.apps.wellbeing
11-13 07:48:26.287 1472 1807 D ActivityManager: freezing 19704 com.google.android.apps.turbo
11-13 07:48:26.289 1472 1807 D ActivityManager: freezing 12046 com.google.android.apps.safetyhub
11-13 07:48:26.290 1472 1807 D ActivityManager: freezing 12364 com.google.android.settings.intelligence
11-13 07:48:26.292 1472 1807 D ActivityManager: freezing 30461 com.android.settings
11-13 07:48:26.293 1472 1807 D ActivityManager: freezing 20437 com.google.android.gms
11-13 07:48:26.296 1472 1807 D ActivityManager: freezing 7533 com.google.android.adservices.api
11-13 07:48:26.297 1472 1807 D ActivityManager: freezing 16945 com.google.android.apps.turbo:aab
11-13 07:51:13.249 1067 1067 I wificond: Pno scan stopped
11-13 07:51:13.304 1067 1067 I wificond: Pno scan started for frequencies: 2412, 2462,
11-13 07:58:07.471 1472 1472 D AnyMotionDetector: angleBetween: this = timeMillisSinceBoot=1772628111 | x=-0.7432658, y=-0.02609004, z=-0.6684873, other = timeMillisSinceBoot=1772635433 | x=-0.7431829, y=-0.026009792, z=-0.6685826, degrees = 0.008573749
11-13 07:58:07.485 1472 1472 E AppOps : attributionTag DeviceIdleController not declared in manifest of android
11-13 07:58:07.492 1472 1472 E AppOps : attributionTag DeviceIdleController not declared in manifest of android
11-13 07:58:07.493 1472 1472 E AppOps : attributionTag DeviceIdleController not declared in manifest of android
11-13 07:58:07.510 1472 4960 D CompatibilityChangeReporter: Compat change id reported: 168936375; UID 10140; state: ENABLED
11-13 07:58:07.511 1472 4960 D CompatibilityChangeReporter: Compat change id reported: 73144566; UID 10140; state: ENABLED
11-13 07:58:07.561 1472 3849 W AlarmManager: Alarms must either supply a PendingIntent or an AlarmReceiver
11-13 07:58:07.649 1472 4960 W AlarmManager: Alarms must either supply a PendingIntent or an AlarmReceiver
11-13 07:58:08.450 1472 4954 E AppOps : attributionTag DeviceIdleController not declared in manifest of android
11-13 07:58:08.458 1472 1797 E AppOps : attributionTag DeviceIdleController not declared in manifest of android
11-13 07:58:08.459 1472 1797 E AppOps : attributionTag DeviceIdleController not declared in manifest of android
11-13 07:58:08.460 1472 1797 E AppOps : attributionTag DeviceIdleController not declared in manifest of android
11-13 07:58:08.968 1472 1697 D ActivityManager: sync unfroze 7533 com.google.android.adservices.api
11-13 07:58:08.971 1472 1697 D ActivityManager: sync unfroze 20437 com.google.android.gms
11-13 07:58:08.981 1472 1697 D ActivityManager: sync unfroze 1160 com.google.android.gms.unstable
11-13 07:59:33.807 1472 1807 D ActivityManager: freezing 7533 com.google.android.adservices.api
11-13 07:59:33.810 1472 1807 D ActivityManager: freezing 20437 com.google.android.gms
11-13 07:59:33.812 1472 1807 D ActivityManager: freezing 1160 com.google.android.gms.unstable
11-13 08:00:00.100 1472 1697 D ActivityManager: sync unfroze 30461 com.android.settings
11-13 08:00:00.105 1472 1697 D ActivityManager: sync unfroze 3999 com.android.keychain
11-13 08:58:08.869 1472 3338 W AlarmManager: Alarms must either supply a PendingIntent or an AlarmReceiver
11-13 08:58:08.893 1472 1697 D ActivityManager: sync unfroze 7533 com.google.android.adservices.api
11-13 08:58:08.894 1472 1697 D ActivityManager: sync unfroze 20437 com.google.android.gms
11-13 08:58:08.895 1472 1697 D ActivityManager: sync unfroze 1160 com.google.android.gms.unstable
11-13 08:58:08.913 1472 4956 E JobScheduler.JobStatus: App com.google.android.inputmethod.latin became active but still in NEVER bucket
11-13 08:58:08.974 1472 3338 W AlarmManager: Alarms must either supply a PendingIntent or an AlarmReceiver
11-13 08:58:08.977 1472 4785 W AlarmManager: Alarms must either supply a PendingIntent or an AlarmReceiver
11-13 08:58:08.984 1472 3338 W AlarmManager: Alarms must either supply a PendingIntent or an AlarmReceiver
11-13 08:58:09.001 1472 4785 W AlarmManager: Alarms must either supply a PendingIntent or an AlarmReceiver
11-13 08:58:09.027 1472 4940 W AppOps : Noting op not finished: uid 10140 pkg com.google.android.gms code 113 startTime of in progress event=1699829998109
11-13 08:58:09.031 1472 4956 I DropBoxManagerService: add tag=platform_stats_bookmark isTagEnabled=true flags=0x2
11-13 08:58:09.033 1472 4940 W AppOps : Noting op not finished: uid 10140 pkg com.google.android.gms code 113 startTime of in progress event=1699829998109
11-13 08:58:09.041 1472 3338 W AppOps : Noting op not finished: uid 10140 pkg com.google.android.gms code 79 startTime of in progress event=1699853413181
11-13 08:58:09.100 1472 4940 I DropBoxManagerService: add tag=platform_stats_bookmark isTagEnabled=true flags=0x2
11-13 08:58:10.922 1472 1807 D ActivityManager: freezing 32484 com.google.process.gservices
11-13 08:58:11.922 1472 1797 D ActivityManager: sync unfroze 17097 com.google.android.partnersetup
11-13 08:58:11.935 1472 1797 D ActivityManager: sync unfroze 19704 com.google.android.apps.turbo
11-13 08:58:11.945 1472 1797 D ActivityManager: sync unfroze 12046 com.google.android.apps.safetyhub
11-13 08:58:11.951 1472 1797 D ActivityManager: sync unfroze 16945 com.google.android.apps.turbo:aab
11-13 08:58:11.967 1472 1472 I StorageManagerService: Storage lifetime: 1
11-13 08:58:11.969 1472 1472 I StorageManagerService: Set smart idle maintenance: latest write amount: 3, average write amount: 196, min segment threshold: 512, dirty reclaim rate: 0.5, segment reclaim weight: 2.0, period(min): 60, min gc sleep time(ms): 5000, target dirty ratio: 80
11-13 08:58:11.971 548 560 I vold : Enough free segments: 42856
11-13 08:58:11.971 1472 4785 W JobScheduler: Job didn't exist in JobStore: b8e4291 #u0a115/4096 com.google.android.partnersetup/.InstalledAppJobService
11-13 08:58:11.971 1472 1472 I SmartStorageMaintIdler: Got smart storage maintenance service completion callback
11-13 08:58:11.981 1472 1472 W JobScheduler: Job didn't exist in JobStore: cefb8da #1000/2808 android/com.android.server.SmartStorageMaintIdler
11-13 08:58:18.934 1472 1807 D ActivityManager: freezing 1160 com.google.android.gms.unstable
11-13 08:58:20.922 1472 1807 D ActivityManager: freezing 30461 com.android.settings
11-13 08:58:20.928 1472 1807 D ActivityManager: freezing 3999 com.android.keychain
11-13 08:58:21.975 1472 1807 D ActivityManager: freezing 17097 com.google.android.partnersetup
11-13 08:58:21.981 1472 1807 D ActivityManager: freezing 19704 com.google.android.apps.turbo
11-13 08:58:21.993 1472 1807 D ActivityManager: freezing 12046 com.google.android.apps.safetyhub
11-13 08:58:22.094 1472 1807 D ActivityManager: freezing 16945 com.google.android.apps.turbo:aab
11-13 08:58:26.892 1472 1807 D ActivityManager: freezing 20437 com.google.android.gms
11-13 08:58:26.898 1472 1807 D ActivityManager: freezing 7533 com.google.android.adservices.api
11-13 08:59:33.952 1472 1697 D ActivityManager: sync unfroze 7533 com.google.android.adservices.api
11-13 08:59:33.954 1472 1697 D ActivityManager: sync unfroze 20437 com.google.android.gms
11-13 08:59:33.958 1472 1697 D ActivityManager: sync unfroze 1160 com.google.android.gms.unstable
11-13 09:00:00.095 1472 1697 D ActivityManager: sync unfroze 30461 com.android.settings
11-13 09:00:00.100 1472 1697 D ActivityManager: sync unfroze 3999 com.android.keychain
11-13 09:09:33.814 1472 1697 D ActivityManager: sync unfroze 19704 com.google.android.apps.turbo
11-13 09:34:24.862 1472 1807 D ActivityManager: freezing 7533 com.google.android.adservices.api
11-13 09:34:24.865 1472 1807 D ActivityManager: freezing 20437 com.google.android.gms
11-13 09:34:24.867 1472 1807 D ActivityManager: freezing 1160 com.google.android.gms.unstable
11-13 10:42:42.980 1472 1697 D ActivityManager: sync unfroze 2724 com.google.android.googlequicksearchbox:train
11-13 10:58:39.001 1472 1811 D ActivityManager: sync unfroze 20437 com.google.android.gms
11-13 10:58:39.003 1472 1811 D ActivityManager: sync unfroze 7533 com.google.android.adservices.api
11-13 10:58:39.020 1472 1697 D ActivityManager: sync unfroze 1160 com.google.android.gms.unstable
11-13 10:58:39.052 1472 1797 D ActivityManager: sync unfroze 8510 com.google.android.apps.messaging
11-13 10:58:39.073 1472 4956 W AlarmManager: Alarms must either supply a PendingIntent or an AlarmReceiver
11-13 10:58:39.088 1472 4785 E JobScheduler.JobStatus: App com.google.android.inputmethod.latin became active but still in NEVER bucket
11-13 10:58:39.093 1472 4960 E JobScheduler.JobStatus: App com.google.android.inputmethod.latin became active but still in NEVER bucket
11-13 10:58:39.118 1472 4960 W AlarmManager: Alarms must either supply a PendingIntent or an AlarmReceiver
11-13 10:58:39.120 1472 4960 W AlarmManager: Alarms must either supply a PendingIntent or an AlarmReceiver
11-13 10:58:39.129 1472 3338 W AlarmManager: Alarms must either supply a PendingIntent or an AlarmReceiver
11-13 10:58:39.134 1472 4785 W AppOps : Noting op not finished: uid 10140 pkg com.google.android.gms code 113 startTime of in progress event=1699829998109
11-13 10:58:39.140 1472 3338 W AppOps : Noting op not finished: uid 10140 pkg com.google.android.gms code 113 startTime of in progress event=1699829998109
11-13 10:58:39.145 1472 4785 W AppOps : Noting op not finished: uid 10140 pkg com.google.android.gms code 79 startTime of in progress event=1699853413181
11-13 10:58:39.475 1472 4956 D ActivityManager: sync unfroze 32484 com.google.process.gservices
11-13 10:58:42.045 1472 1797 D ActivityManager: sync unfroze 12154 com.google.android.apps.wellbeing
11-13 10:58:42.063 1472 1797 D ActivityManager: sync unfroze 20815 com.google.android.calendar
11-13 10:58:42.071 1472 1797 D ActivityManager: sync unfroze 12068 com.google.android.apps.gcs
11-13 10:58:42.079 1472 1797 D ActivityManager: sync unfroze 19084 com.android.vending:background
11-13 10:58:42.085 1472 1697 D ActivityManager: sync unfroze 20517 com.android.vending
11-13 10:58:42.105 1472 1797 D ActivityManager: sync unfroze 12364 com.google.android.settings.intelligence
11-13 10:58:42.171 1472 4960 D ActivityManager: sync unfroze 17097 com.google.android.partnersetup
11-13 10:58:42.186 1472 4784 W JobScheduler: Job didn't exist in JobStore: 8086834 #u0a115/4096 com.google.android.partnersetup/.InstalledAppJobService
11-13 10:58:42.198 1472 1472 I StorageManagerService: Storage lifetime: 1
11-13 10:58:42.198 1472 1472 I StorageManagerService: Set smart idle maintenance: latest write amount: 4, average write amount: 195, min segment threshold: 512, dirty reclaim rate: 0.5, segment reclaim weight: 2.0, period(min): 60, min gc sleep time(ms): 5000, target dirty ratio: 80
11-13 10:58:42.199 548 560 I vold : Enough free segments: 42854
11-13 10:58:42.199 1472 1472 I SmartStorageMaintIdler: Got smart storage maintenance service completion callback
11-13 10:58:42.207 1472 1472 W JobScheduler: Job didn't exist in JobStore: 3ddd3a0 #1000/2808 android/com.android.server.SmartStorageMaintIdler
11-13 10:58:42.222 1472 1472 D ActivityManager: sync unfroze 12046 com.google.android.apps.safetyhub
11-13 10:58:42.276 1472 4785 D ActivityManager: sync unfroze 3310 com.android.chrome
11-13 10:58:42.341 1472 3338 D ActivityManager: sync unfroze 16945 com.google.android.apps.turbo:aab
11-13 10:58:42.419 1472 4940 D ActivityManager: sync unfroze 8423 com.google.android.turboadapter
11-13 10:58:42.442 1472 3338 D ActivityManager: sync unfroze 29482 com.google.android.deskclock
11-13 10:58:42.504 1472 4785 W PackageManager: Cannot suspend package "com.android.vending": required for package verification
11-13 10:58:42.505 1472 4785 W PackageManager: Cannot suspend package "com.google.android.apps.work.oobconfig": protected package
11-13 10:58:42.505 1472 4785 W PackageManager: Cannot suspend the platform package: android
11-13 10:58:42.507 1472 4785 W PackageManager: Cannot suspend package "com.google.android.permissioncontroller": required for permissions management
11-13 10:58:42.508 1472 4785 W PackageManager: Cannot suspend package "com.google.android.dialer": is the default dialer
11-13 10:58:42.511 1472 4785 W PackageManager: Cannot suspend package "com.google.android.packageinstaller": required for package installation
11-13 10:58:42.512 1472 4785 W PackageManager: Cannot suspend package "com.google.android.apps.nexuslauncher": contains the active launcher
11-13 10:58:47.889 1472 1807 D ActivityManager: freezing 3999 com.android.keychain
11-13 10:58:49.028 1472 1807 D ActivityManager: freezing 1160 com.google.android.gms.unstable
11-13 10:58:51.445 1472 1807 D ActivityManager: freezing 8510 com.google.android.apps.messaging
11-13 10:58:52.179 1472 1807 D ActivityManager: freezing 20815 com.google.android.calendar
11-13 10:58:52.274 1472 1807 D ActivityManager: freezing 17097 com.google.android.partnersetup
11-13 10:58:52.287 1472 1807 D ActivityManager: freezing 12364 com.google.android.settings.intelligence
11-13 10:58:52.290 1472 1807 D ActivityManager: freezing 30461 com.android.settings
11-13 10:58:52.455 1472 1807 D ActivityManager: freezing 12046 com.google.android.apps.safetyhub
11-13 10:58:52.459 1472 1807 D ActivityManager: freezing 8423 com.google.android.turboadapter
11-13 10:58:52.527 1472 1807 D ActivityManager: freezing 19084 com.android.vending:background
11-13 10:58:52.642 1472 1807 D ActivityManager: freezing 20517 com.android.vending
11-13 10:58:52.876 1472 1807 D ActivityManager: freezing 16945 com.google.android.apps.turbo:aab
11-13 10:58:53.004 1472 1807 D ActivityManager: freezing 12154 com.google.android.apps.wellbeing
11-13 10:58:53.007 1472 1807 D ActivityManager: freezing 29482 com.google.android.deskclock
11-13 10:58:53.173 1472 1807 D ActivityManager: freezing 12068 com.google.android.apps.gcs
11-13 10:58:55.475 1472 1807 D ActivityManager: freezing 2724 com.google.android.googlequicksearchbox:train
11-13 10:58:56.096 1472 1807 D ActivityManager: freezing 32484 com.google.process.gservices
11-13 10:59:02.813 1472 1807 D ActivityManager: freezing 3310 com.android.chrome
11-13 10:59:07.485 1472 1807 D ActivityManager: freezing 20437 com.google.android.gms
11-13 10:59:07.491 1472 1807 D ActivityManager: freezing 7533 com.google.android.adservices.api
11-13 10:59:32.929 1472 1697 D ActivityManager: sync unfroze 7533 com.google.android.adservices.api
11-13 10:59:32.931 1472 1697 D ActivityManager: sync unfroze 20437 com.google.android.gms
11-13 10:59:32.935 1472 1697 D ActivityManager: sync unfroze 1160 com.google.android.gms.unstable
11-13 11:00:00.075 1472 1697 D ActivityManager: sync unfroze 30461 com.android.settings
11-13 11:00:00.080 1472 1697 D ActivityManager: sync unfroze 3999 com.android.keychain
11-13 11:34:24.807 1472 1696 E DiscreteRegistry: Deleting file 1699261200075tl
11-13 11:39:33.650 1472 1807 D ActivityManager: freezing 7533 com.google.android.adservices.api
11-13 11:39:33.653 1472 1807 D ActivityManager: freezing 20437 com.google.android.gms
11-13 11:39:33.657 1472 1807 D ActivityManager: freezing 1160 com.google.android.gms.unstable
11-13 13:00:00.069 1472 1697 D ActivityManager: sync unfroze 2724 com.google.android.googlequicksearchbox:train
11-13 14:00:00.118 1472 1696 E DiscreteRegistry: Deleting file 1699270420279tl
11-13 14:00:00.119 1472 1696 E DiscreteRegistry: Deleting file 1699271321112tl
11-13 14:41:36.299 1472 4959 I PowerGroup: Waking up power group from Dozing (groupId=0, uid=10216, reason=WAKE_REASON_LIFT, details=com.android.systemui:NODOZE pickup)...
11-13 14:41:36.300 1472 4959 I PowerManagerService: Waking up from Dozing (uid=10216, reason=WAKE_REASON_LIFT, details=com.android.systemui:NODOZE pickup)...
11-13 14:41:36.306 1472 1472 E ActivityManager: Cancel pending or running compactions as system is awake
11-13 14:41:36.316 1472 1715 I DisplayPowerController2[0]: Blocking screen on until initial contents have been drawn.
11-13 14:41:36.318 1472 1715 I DisplayBrightnessStrategySelector: Changing the DisplayBrightnessStrategy from ScreenOffBrightnessStrategy toInvalidBrightnessStrategy for display 0
11-13 14:41:36.324 1472 1715 V DisplayPowerController2[0]: Brightness [0.0037629898] reason changing to: 'screen_off_brightness_sensor', previous reason: 'screen_off'.
11-13 14:41:36.324 1472 1715 I DisplayPowerController2[0]: BrightnessEvent: disp=0, physDisp=local:4619827677550801152, brt=0.0037629898, initBrt=0.0, rcmdBrt=NaN, preBrt=NaN, lux=0.0, preLux=0.0, hbmMax=0.62, hbmMode=off, rbcStrength=50, thrmMax=1.0, powerFactor=1.0, wasShortTermModelActive=false, flags=, reason=screen_off_brightness_sensor, autoBrightness=true, strategy=InvalidBrightnessStrategy
11-13 14:41:36.327 1472 1688 I DisplayDeviceRepository: Display device changed state: "Built-in Screen", ON
11-13 14:41:36.332 1472 1986 I DisplayDevice: [0] Layerstack set to 0 for local:4619827677550801152
11-13 14:41:36.362 1472 1715 V DisplayPowerController2[0]: Brightness [0.0037629902] reason changing to: 'automatic', previous reason: 'screen_off_brightness_sensor'.
11-13 14:41:36.362 1472 1715 I DisplayPowerController2[0]: BrightnessEvent: disp=0, physDisp=local:4619827677550801152, brt=0.0037629902, initBrt=0.0037629898, rcmdBrt=NaN, preBrt=NaN, lux=0.0, preLux=0.0, hbmMax=0.62, hbmMode=off, rbcStrength=50, thrmMax=1.0, powerFactor=1.0, wasShortTermModelActive=false, flags=, reason=automatic, autoBrightness=true, strategy=InvalidBrightnessStrategy
11-13 14:41:36.363 1472 1697 D ActivityManager: sync unfroze 7533 com.google.android.adservices.api
11-13 14:41:36.365 1472 1697 D ActivityManager: sync unfroze 20437 com.google.android.gms
11-13 14:41:36.375 1472 1697 D ActivityManager: sync unfroze 1160 com.google.android.gms.unstable
11-13 14:41:36.381 1067 1067 I wificond: Pno scan stopped
11-13 14:41:36.520 1472 1688 D DisplayManagerService: Ignore redundant display event 0/4 to 10186/3310
11-13 14:41:36.520 1472 1688 D DisplayManagerService: Ignore redundant display event 0/4 to 10190/13752
11-13 14:41:36.520 1472 1688 D DisplayManagerService: Ignore redundant display event 0/4 to 10291/31669
11-13 14:41:36.521 1472 1715 I DisplayPowerController2[0]: Unblocked screen on after 204 ms
11-13 14:41:36.521 1472 1688 I DisplayDeviceRepository: Display device changed state: "Built-in Screen", ON
11-13 14:41:36.524 1472 1715 W PowerManagerService: Screen on took 224 ms
11-13 14:41:36.524 1472 1715 I DreamManagerService: Gently waking up from dream.
11-13 14:41:36.530 1472 4960 I DreamManagerService: Leaving dreamland.
11-13 14:41:36.531 1472 1685 I DreamController: Stopping dream: name=ComponentInfo{com.android.systemui/com.android.systemui.doze.DozeService}, isPreviewMode=false, canDoze=true, userId=0, reason='finished self'(from 'power manager request')
11-13 14:41:38.983 1472 1472 W NotificationHistory: Attempted to add notif for locked/gone/disabled user 0
11-13 14:41:40.215 1472 1807 D ActivityManager: freezing 2724 com.google.android.googlequicksearchbox:train
11-13 14:41:44.311 1472 1715 V DisplayPowerController2[0]: Brightness [0.0] reason changing to: 'automatic [ dim ]', previous reason: 'automatic'.
11-13 14:41:44.311 1472 1715 I DisplayPowerController2[0]: BrightnessEvent: disp=0, physDisp=local:4619827677550801152, brt=0.0, initBrt=0.0037629902, rcmdBrt=NaN, preBrt=NaN, lux=0.0, preLux=0.0, hbmMax=0.62, hbmMode=off, rbcStrength=50, thrmMax=1.0, powerFactor=1.0, wasShortTermModelActive=false, flags=, reason=automatic [ dim ], autoBrightness=true, strategy=InvalidBrightnessStrategy
11-13 14:41:46.302 1472 1715 I PowerGroup: Powering off display group due to timeout (groupId= 0, uid= 1000, millisSinceLastUserActivity=10002, lastUserActivityEvent=other)...
11-13 14:41:46.302 1472 1715 I PowerManagerService: Going to sleep due to timeout (uid 1000, screenOffTimeout=1800000, activityTimeoutWM=10000, maxDimRatio=0.20000005, maxDimDur=7000)...
11-13 14:41:46.389 1472 1807 D ActivityManager: freezing 7533 com.google.android.adservices.api
11-13 14:41:46.391 1472 1807 D ActivityManager: freezing 20437 com.google.android.gms
11-13 14:41:46.393 1472 1807 D ActivityManager: freezing 1160 com.google.android.gms.unstable
11-13 14:41:46.403 1472 1715 V DisplayPowerController2[0]: Brightness [0.0037629902] reason changing to: 'automatic', previous reason: 'automatic [ dim ]'.
11-13 14:41:46.403 1472 1715 I DisplayPowerController2[0]: BrightnessEvent: disp=0, physDisp=local:4619827677550801152, brt=0.0037629902, initBrt=0.0, rcmdBrt=NaN, preBrt=NaN, lux=0.0, preLux=0.0, hbmMax=0.62, hbmMode=off, rbcStrength=50, thrmMax=1.0, powerFactor=1.0, wasShortTermModelActive=false, flags=, reason=automatic, autoBrightness=true, strategy=InvalidBrightnessStrategy
11-13 14:41:46.404 1472 1688 D DisplayManagerService: Ignore redundant display event 0/4 to 10186/3310
11-13 14:41:46.404 1472 1688 D DisplayManagerService: Ignore redundant display event 0/4 to 10190/13752
11-13 14:41:46.404 1472 1688 D DisplayManagerService: Ignore redundant display event 0/4 to 10291/31669
11-13 14:41:46.819 1472 1715 I DisplayPowerController2[0]: Blocking screen off
11-13 14:41:46.821 1472 1715 I DisplayPowerController2[0]: Unblocked screen off after 2 ms
11-13 14:41:46.829 1472 1715 I DisplayBrightnessStrategySelector: Changing the DisplayBrightnessStrategy from InvalidBrightnessStrategy toScreenOffBrightnessStrategy for display 0
11-13 14:41:46.838 1472 1715 V DisplayPowerController2[0]: Brightness [0.0] reason changing to: 'screen_off', previous reason: 'automatic'.
11-13 14:41:46.839 1472 1715 I DisplayPowerController2[0]: BrightnessEvent: disp=0, physDisp=local:4619827677550801152, brt=0.0, initBrt=0.0037629902, rcmdBrt=NaN, preBrt=NaN, lux=0.0, preLux=0.0, hbmMax=0.62, hbmMode=off, rbcStrength=50, thrmMax=1.0, powerFactor=1.0, wasShortTermModelActive=false, flags=, reason=screen_off, autoBrightness=true, strategy=ScreenOffBrightnessStrategy
11-13 14:41:46.840 1472 1688 D DisplayManagerService: Ignore redundant display event 0/4 to 10186/3310
11-13 14:41:46.840 1472 1688 D DisplayManagerService: Ignore redundant display event 0/4 to 10190/13752
11-13 14:41:46.840 1472 1688 D DisplayManagerService: Ignore redundant display event 0/4 to 10291/31669
11-13 14:41:46.840 1472 1688 I DisplayDeviceRepository: Display device changed state: "Built-in Screen", OFF
11-13 14:41:46.847 1472 1689 I DisplayDevice: [0] Layerstack set to -1 for local:4619827677550801152
11-13 14:41:46.973 1472 1688 I DisplayDeviceRepository: Display device changed state: "Built-in Screen", OFF
11-13 14:41:46.974 1472 1715 I DreamManagerService: Entering dreamland.
11-13 14:41:46.980 1472 1688 D DisplayManagerService: Ignore redundant display event 0/2 to 10186/3310
11-13 14:41:46.980 1472 1688 D DisplayManagerService: Ignore redundant display event 0/2 to 10190/13752
11-13 14:41:46.980 1472 1688 D DisplayManagerService: Ignore redundant display event 0/2 to 10291/31669
11-13 14:41:46.985 1472 1715 I PowerManagerService: Dozing...
11-13 14:41:46.987 1472 1685 I DreamController: Starting dream: name=ComponentInfo{com.android.systemui/com.android.systemui.doze.DozeService}, isPreviewMode=false, canDoze=true, userId=0, reason='power manager request'
11-13 14:41:47.038 1472 1472 I PowerManagerService: onFlip(): Face up.
11-13 14:41:47.041 1472 1697 D ActivityManager: sync unfroze 7533 com.google.android.adservices.api
11-13 14:41:47.043 1472 1697 D ActivityManager: sync unfroze 20437 com.google.android.gms
11-13 14:41:47.055 1472 1697 D ActivityManager: sync unfroze 1160 com.google.android.gms.unstable
11-13 14:41:47.142 1067 1067 I wificond: Pno scan started for frequencies: 2412, 2462,
11-13 14:45:11.357 1472 1697 D ActivityManager: sync unfroze 5139 com.android.providers.calendar
11-13 14:45:11.365 1472 1697 D ActivityManager: sync unfroze 8510 com.google.android.apps.messaging
11-13 14:45:11.437 1472 4940 E JobScheduler.JobStatus: App com.google.android.inputmethod.latin became active but still in NEVER bucket
11-13 14:45:11.448 1472 3338 D ActivityManager: sync unfroze 8423 com.google.android.turboadapter
11-13 14:45:11.472 1472 4956 W AlarmManager: Alarms must either supply a PendingIntent or an AlarmReceiver
11-13 14:45:11.518 1472 4960 D ActivityManager: sync unfroze 25489 android.process.acore
11-13 14:45:11.544 1472 4959 W AppOps : Noting op not finished: uid 10140 pkg com.google.android.gms code 113 startTime of in progress event=1699829998109
11-13 14:45:11.564 1472 4956 W AppOps : Noting op not finished: uid 10140 pkg com.google.android.gms code 113 startTime of in progress event=1699829998109
11-13 14:45:11.586 1472 4946 D ActivityManager: sync unfroze 16945 com.google.android.apps.turbo:aab
11-13 14:45:11.610 1472 4956 W AppOps : Noting op not finished: uid 10140 pkg com.google.android.gms code 79 startTime of in progress event=1699853413181
11-13 14:45:11.639 1472 4954 E JobScheduler.JobStatus: App com.google.android.inputmethod.latin became active but still in NEVER bucket
11-13 14:45:11.652 1472 4960 E JobScheduler.JobStatus: App com.google.android.inputmethod.latin became active but still in NEVER bucket
11-13 14:45:11.707 1472 3338 W AlarmManager: Alarms must either supply a PendingIntent or an AlarmReceiver
11-13 14:45:11.713 1472 4960 W AlarmManager: Alarms must either supply a PendingIntent or an AlarmReceiver
11-13 14:45:11.716 1472 3338 W AlarmManager: Alarms must either supply a PendingIntent or an AlarmReceiver
11-13 14:45:11.812 1472 4959 I DropBoxManagerService: add tag=platform_stats_bookmark isTagEnabled=true flags=0x2
11-13 14:45:11.968 1472 4960 I DropBoxManagerService: add tag=platform_stats_bookmark isTagEnabled=true flags=0x2
11-13 14:45:14.403 1472 1797 D ActivityManager: sync unfroze 12046 com.google.android.apps.safetyhub
11-13 14:45:14.412 1472 1797 D ActivityManager: sync unfroze 17097 com.google.android.partnersetup
11-13 14:45:14.425 1472 1797 D ActivityManager: sync unfroze 12364 com.google.android.settings.intelligence
11-13 14:45:14.433 1472 1472 I StorageManagerService: Storage lifetime: 1
11-13 14:45:14.434 1472 1472 I StorageManagerService: Set smart idle maintenance: latest write amount: 9, average write amount: 195, min segment threshold: 512, dirty reclaim rate: 0.5, segment reclaim weight: 2.0, period(min): 60, min gc sleep time(ms): 5000, target dirty ratio: 80
11-13 14:45:14.435 548 560 I vold : Enough free segments: 42852
11-13 14:45:14.436 1472 1472 I SmartStorageMaintIdler: Got smart storage maintenance service completion callback
11-13 14:45:14.442 1472 1472 W JobScheduler: Job didn't exist in JobStore: 265f3de #1000/2808 android/com.android.server.SmartStorageMaintIdler
11-13 14:45:14.447 1472 4960 W JobScheduler: Job didn't exist in JobStore: e63c61d #u0a115/4096 com.google.android.partnersetup/.InstalledAppJobService
11-13 14:45:14.461 1472 4960 D ActivityManager: sync unfroze 12154 com.google.android.apps.wellbeing
11-13 14:45:14.483 1472 4954 W ActivityManager: Unable to start service Intent { act=grpc.io.action.BIND cmp=com.google.android.apps.wear.companion/.wearappbridge.server.service.ExportedEndpointService } U=0: not found
11-13 14:45:14.483 1472 4954 W ActivityManager: Unbind failed: could not find connection for android.os.BinderProxy@cd501b7
11-13 14:45:15.435 1472 4954 W ActivityManager: Unable to start service Intent { act=grpc.io.action.BIND cmp=com.google.android.apps.wear.companion/.wearappbridge.server.service.ExportedEndpointService } U=0: not found
11-13 14:45:15.436 1472 4954 W ActivityManager: Unbind failed: could not find connection for android.os.BinderProxy@d4215f9
11-13 14:45:17.077 1472 4960 W ActivityManager: Unable to start service Intent { act=grpc.io.action.BIND cmp=com.google.android.apps.wear.companion/.wearappbridge.server.service.ExportedEndpointService } U=0: not found
11-13 14:45:17.078 1472 4960 W ActivityManager: Unbind failed: could not find connection for android.os.BinderProxy@ec0e39f
11-13 14:45:19.343 1472 4960 W ActivityManager: Unable to start service Intent { act=grpc.io.action.BIND cmp=com.google.android.apps.wear.companion/.wearappbridge.server.service.ExportedEndpointService } U=0: not found
11-13 14:45:19.345 1472 4960 W ActivityManager: Unbind failed: could not find connection for android.os.BinderProxy@9758cec
11-13 14:45:21.473 1472 1807 D ActivityManager: freezing 5139 com.android.providers.calendar
11-13 14:45:21.579 1472 1807 D ActivityManager: freezing 8423 com.google.android.turboadapter
11-13 14:45:21.781 1472 1807 D ActivityManager: freezing 16945 com.google.android.apps.turbo:aab
11-13 14:45:21.869 1472 1807 D ActivityManager: freezing 1160 com.google.android.gms.unstable
11-13 14:45:21.929 1472 1807 D ActivityManager: freezing 8510 com.google.android.apps.messaging
11-13 14:45:22.632 1472 4954 W ActivityManager: Unable to start service Intent { act=grpc.io.action.BIND cmp=com.google.android.apps.wear.companion/.wearappbridge.server.service.ExportedEndpointService } U=0: not found
11-13 14:45:22.634 1472 4954 W ActivityManager: Unbind failed: could not find connection for android.os.BinderProxy@9da1abb
11-13 14:45:24.485 1472 1807 D ActivityManager: freezing 17097 com.google.android.partnersetup
11-13 14:45:24.542 1472 1807 D ActivityManager: freezing 12046 com.google.android.apps.safetyhub
11-13 14:45:24.545 1472 1807 D ActivityManager: freezing 12154 com.google.android.apps.wellbeing
11-13 14:45:24.744 1472 1807 D ActivityManager: freezing 12364 com.google.android.settings.intelligence
11-13 14:45:27.185 1472 4954 W AppOps : Noting op not finished: uid 10158 pkg com.google.android.apps.scone code 79 startTime of in progress event=1699756224413
11-13 14:45:31.200 1472 1807 D ActivityManager: freezing 30461 com.android.settings
11-13 14:45:31.205 1472 1807 D ActivityManager: freezing 3999 com.android.keychain
11-13 14:45:32.751 1472 1807 D ActivityManager: freezing 20437 com.google.android.gms
11-13 14:45:32.757 1472 1807 D ActivityManager: freezing 7533 com.google.android.adservices.api
11-13 14:45:57.246 1472 1807 D ActivityManager: freezing 19704 com.google.android.apps.turbo
11-13 14:45:57.252 1472 1807 D ActivityManager: freezing 25489 android.process.acore
11-13 14:47:11.594 1067 1067 I wificond: Pno scan stopped
11-13 14:47:11.643 1067 1067 I wificond: Pno scan started for frequencies: 2412, 2462,
11-13 14:48:09.455 1472 3849 W AppOps : Noting op not finished: uid 10158 pkg com.google.android.apps.scone code 79 startTime of in progress event=1699756224413
11-13 14:48:11.632 1067 1067 I wificond: Pno scan stopped
11-13 14:48:11.685 1067 1067 I wificond: Pno scan started for frequencies: 2412, 2462,
11-13 14:48:19.517 1472 1807 D ActivityManager: freezing 28874 com.google.android.googlequicksearchbox:search
11-13 14:49:44.956 1472 3849 W AppOps : Noting op not finished: uid 10140 pkg com.google.android.gms code 113 startTime of in progress event=1699829998109
11-13 14:49:44.967 1472 3644 W AppOps : Noting op not finished: uid 10140 pkg com.google.android.gms code 113 startTime of in progress event=1699829998109
11-13 14:49:44.974 1472 3849 W AppOps : Noting op not finished: uid 10140 pkg com.google.android.gms code 79 startTime of in progress event=1699853413181
11-13 14:52:40.975 1472 3644 W AppOps : Noting op not finished: uid 10158 pkg com.google.android.apps.scone code 79 startTime of in progress event=1699756224413
11-13 14:54:15.038 1472 3644 W AppOps : Noting op not finished: uid 10140 pkg com.google.android.gms code 113 startTime of in progress event=1699829998109
11-13 14:54:15.045 1472 1986 W AppOps : Noting op not finished: uid 10140 pkg com.google.android.gms code 113 startTime of in progress event=1699829998109
11-13 14:54:15.050 1472 3644 W AppOps : Noting op not finished: uid 10140 pkg com.google.android.gms code 79 startTime of in progress event=1699853413181
11-13 14:54:15.072 1472 3644 W AppOps : Noting op not finished: uid 10140 pkg com.google.android.gms code 113 startTime of in progress event=1699829998109
11-13 14:54:15.076 1472 3849 W AppOps : Noting op not finished: uid 10140 pkg com.google.android.gms code 113 startTime of in progress event=1699829998109
11-13 14:54:15.081 1472 3644 W AppOps : Noting op not finished: uid 10140 pkg com.google.android.gms code 79 startTime of in progress event=1699853413181
11-13 14:55:44.899 1472 4946 W AlarmManager: Alarms must either supply a PendingIntent or an AlarmReceiver
11-13 14:56:30.141 1472 3849 W AppOps : Noting op not finished: uid 10140 pkg com.google.android.gms code 113 startTime of in progress event=1699829998109
11-13 14:56:30.148 1472 3849 W AppOps : Noting op not finished: uid 10140 pkg com.google.android.gms code 113 startTime of in progress event=1699829998109
11-13 14:56:30.152 1472 3849 W AppOps : Noting op not finished: uid 10140 pkg com.google.android.gms code 79 startTime of in progress event=1699853413181
11-13 14:58:45.774 1472 3644 W AppOps : Noting op not finished: uid 10140 pkg com.google.android.gms code 113 startTime of in progress event=1699829998109
11-13 14:58:45.781 1472 1986 W AppOps : Noting op not finished: uid 10140 pkg com.google.android.gms code 113 startTime of in progress event=1699829998109
11-13 14:58:45.787 1472 3849 W AppOps : Noting op not finished: uid 10140 pkg com.google.android.gms code 79 startTime of in progress event=1699853413181
11-13 14:58:45.818 1472 3849 W AppOps : Noting op not finished: uid 10140 pkg com.google.android.gms code 113 startTime of in progress event=1699829998109
11-13 14:58:45.824 1472 1986 W AppOps : Noting op not finished: uid 10140 pkg com.google.android.gms code 113 startTime of in progress event=1699829998109
11-13 14:58:45.828 1472 4946 W AppOps : Noting op not finished: uid 10140 pkg com.google.android.gms code 79 startTime of in progress event=1699853413181
11-13 14:58:48.497 1472 3644 W AppOps : Noting op not finished: uid 10140 pkg com.google.android.gms code 113 startTime of in progress event=1699829998109
11-13 14:58:48.506 1472 1986 W AppOps : Noting op not finished: uid 10140 pkg com.google.android.gms code 113 startTime of in progress event=1699829998109
11-13 14:58:48.513 1472 3644 W AppOps : Noting op not finished: uid 10140 pkg com.google.android.gms code 79 startTime of in progress event=1699853413181
11-13 14:58:48.527 1472 3644 W AlarmManager: Alarms must either supply a PendingIntent or an AlarmReceiver
11-13 14:58:48.539 1472 1986 W AppOps : Noting op not finished: uid 10140 pkg com.google.android.gms code 113 startTime of in progress event=1699829998109
11-13 14:58:48.544 1472 3644 W AppOps : Noting op not finished: uid 10140 pkg com.google.android.gms code 113 startTime of in progress event=1699829998109
11-13 14:58:48.553 1472 1986 W AppOps : Noting op not finished: uid 10140 pkg com.google.android.gms code 79 startTime of in progress event=1699853413181
11-13 14:59:06.610 1472 3644 W AppOps : Noting op not finished: uid 10140 pkg com.google.android.gms code 113 startTime of in progress event=1699829998109
11-13 14:59:06.616 1472 3644 W AppOps : Noting op not finished: uid 10140 pkg com.google.android.gms code 113 startTime of in progress event=1699829998109
11-13 14:59:06.621 1472 1986 W AppOps : Noting op not finished: uid 10140 pkg com.google.android.gms code 79 startTime of in progress event=1699853413181
11-13 14:59:24.771 1472 3849 W AppOps : Noting op not finished: uid 10140 pkg com.google.android.gms code 113 startTime of in progress event=1699829998109
11-13 14:59:24.779 1472 1986 W AppOps : Noting op not finished: uid 10140 pkg com.google.android.gms code 113 startTime of in progress event=1699829998109
11-13 14:59:24.784 1472 1986 W AppOps : Noting op not finished: uid 10140 pkg com.google.android.gms code 79 startTime of in progress event=1699853413181
11-13 15:00:00.739 1472 1697 D ActivityManager: sync unfroze 30461 com.android.settings
11-13 15:00:00.742 1472 1697 D ActivityManager: sync unfroze 3999 com.android.keychain
11-13 15:03:28.563 1472 1697 D ActivityManager: sync unfroze 28874 com.google.android.googlequicksearchbox:search
11-13 15:03:28.567 1472 1697 D ActivityManager: sync unfroze 2724 com.google.android.googlequicksearchbox:train
11-13 15:03:28.626 1472 3644 W AppOps : Noting op not finished: uid 10140 pkg com.google.android.gms code 113 startTime of in progress event=1699829998109
11-13 15:03:28.642 1472 3644 W AppOps : Noting op not finished: uid 10140 pkg com.google.android.gms code 113 startTime of in progress event=1699829998109
11-13 15:03:28.647 1472 3644 W AppOps : Noting op not finished: uid 10140 pkg com.google.android.gms code 79 startTime of in progress event=1699853413181
11-13 15:06:44.908 1472 3849 W AlarmManager: Alarms must either supply a PendingIntent or an AlarmReceiver
11-13 15:06:44.958 1067 1067 I wificond: Pno scan stopped
11-13 15:06:47.934 1472 1797 D ActivityManager: sync unfroze 19704 com.google.android.apps.turbo
11-13 15:06:47.942 1472 1797 D ActivityManager: sync unfroze 12046 com.google.android.apps.safetyhub
11-13 15:06:47.949 1472 1986 W ActivityManager: Unable to start service Intent { act=grpc.io.action.BIND cmp=com.google.android.apps.wear.companion/.wearappbridge.server.service.ExportedEndpointService } U=0: not found
11-13 15:06:47.951 1472 3849 W ActivityManager: Unbind failed: could not find connection for android.os.BinderProxy@2906915
11-13 15:06:58.030 1472 1807 D ActivityManager: freezing 19704 com.google.android.apps.turbo
11-13 15:06:58.034 1472 1807 D ActivityManager: freezing 12046 com.google.android.apps.safetyhub
11-13 15:06:59.226 1472 1807 D ActivityManager: freezing 30461 com.android.settings
11-13 15:06:59.230 1472 1807 D ActivityManager: freezing 3999 com.android.keychain
11-13 15:07:02.098 1472 1807 D ActivityManager: freezing 28874 com.google.android.googlequicksearchbox:search
11-13 15:07:02.106 1472 1807 D ActivityManager: freezing 2724 com.google.android.googlequicksearchbox:train
11-13 15:07:32.470 1472 1986 W AppOps : Noting op not finished: uid 10140 pkg com.google.android.gms code 113 startTime of in progress event=1699829998109
11-13 15:07:32.479 1472 1986 W AppOps : Noting op not finished: uid 10140 pkg com.google.android.gms code 113 startTime of in progress event=1699829998109
11-13 15:07:32.484 1472 1986 W AppOps : Noting op not finished: uid 10140 pkg com.google.android.gms code 79 startTime of in progress event=1699880805773
11-13 15:11:36.770 1472 1986 W AppOps : Noting op not finished: uid 10140 pkg com.google.android.gms code 113 startTime of in progress event=1699829998109
11-13 15:11:36.777 1472 1986 W AppOps : Noting op not finished: uid 10140 pkg com.google.android.gms code 113 startTime of in progress event=1699829998109
