11-14 05:09:44.163 1472 1623 E SettingsToPropertiesMapper: at java.lang.Thread.run(Thread.java:1012)
11-14 05:09:44.164 1472 2129 I ExplicitHealthCheckController: Explicit health check supported packages [PackageConfig{com.google.android.networkstack, 86400000}]
11-14 05:09:44.164 1472 2129 D PackageWatchdog: Received supported packages [PackageConfig{com.google.android.networkstack, 86400000}]
11-14 05:09:44.164 1472 2129 D ExplicitHealthCheckController: Getting health check requested packages
11-14 05:09:44.165 1472 2129 I ExplicitHealthCheckController: Explicit health check requested packages []
11-14 05:09:44.165 1472 2129 I ExplicitHealthCheckController: No more health check requests, unbinding...
11-14 05:09:44.166 1472 2129 I ExplicitHealthCheckController: Explicit health check service is unbound
11-14 05:09:44.174 1472 1813 I RescueParty: Starting to observe: [android, com.android.systemui], updated namespace: location
11-14 05:09:44.174 1472 1696 I PackageWatchdog: Syncing state, reason: observing new packages
11-14 05:09:44.174 1472 1696 D PackageWatchdog: rescue-party-observer added the following packages to monitor [android, com.android.systemui]
11-14 05:09:44.174 1472 1696 I PackageWatchdog: Syncing state, reason: updated observers
11-14 05:09:44.174 1472 1696 I PackageWatchdog: Not pruning observers, elapsed time: 0ms
11-14 05:09:44.174 1472 1696 I PackageWatchdog: Saving observer state to file
11-14 05:09:44.179 1472 1472 I PackageWatchdog: Syncing health check requests for packages: {}
11-14 05:09:44.179 1472 1472 I ExplicitHealthCheckController: Service not ready to get health check supported packages. Binding...
11-14 05:09:44.183 1472 1472 I ExplicitHealthCheckController: Explicit health check service is bound
11-14 05:09:44.188 1472 4938 D CompatibilityChangeReporter: Compat change id reported: 261072174; UID 10140; state: DISABLED
11-14 05:09:44.188 1472 1813 I RescueParty: Starting to observe: [com.android.systemui], updated namespace: wallpaper_content
11-14 05:09:44.191 1472 1472 I ExplicitHealthCheckController: Explicit health check service is connected ComponentInfo{com.google.android.ext.services/android.ext.services.watchdog.ExplicitHealthCheckServiceImpl}
11-14 05:09:44.192 1472 1696 I PackageWatchdog: Syncing state, reason: observing new packages
11-14 05:09:44.192 1472 1696 D PackageWatchdog: rescue-party-observer added the following packages to monitor [com.android.systemui]
11-14 05:09:44.192 1472 1696 I PackageWatchdog: Syncing state, reason: updated observers
11-14 05:09:44.192 1472 1696 I PackageWatchdog: Not pruning observers, elapsed time: 0ms
11-14 05:09:44.192 1472 1696 I PackageWatchdog: Saving observer state to file
11-14 05:09:44.192 1472 1472 I ExplicitHealthCheckController: Service initialized, syncing requests
11-14 05:09:44.197 1472 1472 I PackageWatchdog: Syncing health check requests for packages: {}
11-14 05:09:44.197 1472 1472 D ExplicitHealthCheckController: Getting health check supported packages
11-14 05:09:44.198 1472 4938 I ExplicitHealthCheckController: Explicit health check supported packages [PackageConfig{com.google.android.networkstack, 86400000}]
11-14 05:09:44.199 1472 4938 D PackageWatchdog: Received supported packages [PackageConfig{com.google.android.networkstack, 86400000}]
11-14 05:09:44.199 1472 4938 D ExplicitHealthCheckController: Getting health check requested packages
11-14 05:09:44.199 1472 4938 I ExplicitHealthCheckController: Explicit health check requested packages []
11-14 05:09:44.199 1472 4938 I ExplicitHealthCheckController: No more health check requests, unbinding...
11-14 05:09:44.201 1472 4938 I ExplicitHealthCheckController: Explicit health check service is unbound
11-14 05:09:44.794 1472 1807 D ActivityManager: freezing 8000 com.android.hotwordenrollment.okgoogle
11-14 05:09:44.798 1472 1807 D ActivityManager: freezing 6495 com.google.android.hardwareinfo
11-14 05:09:44.802 1472 1807 D ActivityManager: freezing 7906 com.android.imsserviceentitlement
11-14 05:09:44.803 1472 1807 D ActivityManager: freezing 21005 com.google.android.webview:webview_apk
11-14 05:09:44.805 1472 1807 D ActivityManager: freezing 1317 com.google.android.documentsui
11-14 05:09:44.807 1472 1807 D ActivityManager: freezing 5382 com.android.externalstorage
11-14 05:09:44.809 1472 1807 D ActivityManager: freezing 11432 com.android.shell
11-14 05:09:44.810 1472 1807 D ActivityManager: freezing 5833 com.android.angle
11-14 05:09:44.812 1472 1807 D ActivityManager: freezing 4356 com.android.traceur
11-14 05:09:44.813 1472 1807 D ActivityManager: freezing 7205 com.google.android.healthconnect.controller
11-14 05:09:44.814 1472 1807 D ActivityManager: freezing 6399 com.google.android.packageinstaller
11-14 05:09:44.815 1472 1807 D ActivityManager: freezing 2005 com.google.android.flipendo
11-14 05:09:44.816 1472 1807 D ActivityManager: freezing 9447 com.google.android.as.oss:learning_bg
11-14 05:09:44.817 1472 1807 D ActivityManager: freezing 10916 com.google.android.as.oss
11-14 05:09:44.818 1472 1807 D ActivityManager: freezing 5791 com.google.android.webview:webview_service
11-14 05:09:44.819 1472 1807 D ActivityManager: freezing 1650 com.google.android.marvin.talkback
11-14 05:09:44.820 1472 1807 D ActivityManager: freezing 8763 com.google.android.accessibility.soundamplifier
11-14 05:09:44.821 1472 1807 D ActivityManager: freezing 8898 com.google.android.apps.wearables.maestro.companion
11-14 05:09:44.822 1472 1807 D ActivityManager: freezing 8936 com.google.android.accessibility.switchaccess
11-14 05:09:44.823 1472 1807 D ActivityManager: freezing 8985 com.google.android.apps.accessibility.voiceaccess
11-14 05:09:44.824 1472 1807 D ActivityManager: freezing 9034 com.google.android.calculator
11-14 05:09:44.825 1472 1807 D ActivityManager: freezing 9120 com.google.android.apps.tips
11-14 05:09:44.826 1472 1807 D ActivityManager: freezing 9135 com.google.android.apps.carrier.carrierwifi
11-14 05:09:44.828 1472 1807 D ActivityManager: freezing 13752 com.google.android.videos
11-14 05:09:44.830 1472 1807 D ActivityManager: freezing 18481 com.google.android.setupwizard
11-14 05:09:44.832 1472 1807 D ActivityManager: freezing 18234 com.google.android.webview
11-14 05:09:44.833 1472 1807 D ActivityManager: freezing 18747 com.google.audio.hearing.visualization.accessibility.scribe
11-14 05:09:44.834 1472 1807 D ActivityManager: freezing 18781 com.google.android.apps.nbu.files
11-14 05:09:44.836 1472 1807 D ActivityManager: freezing 18837 com.google.android.dialer
11-14 05:09:44.837 1472 1807 D ActivityManager: freezing 19331 com.google.android.projection.gearhead:provider
11-14 05:09:44.838 1472 1807 D ActivityManager: freezing 15085 com.google.android.projection.gearhead:primes_lifeboat
11-14 05:09:44.839 1472 1807 D ActivityManager: freezing 6472 com.google.android.odad
11-14 05:09:44.841 1472 1807 D ActivityManager: freezing 6090 com.google.android.uvexposurereporter
11-14 05:09:44.842 1472 1807 D ActivityManager: freezing 7778 com.google.RilConfigService
11-14 05:09:44.844 1472 1807 D ActivityManager: freezing 18456 com.google.android.apps.restore
11-14 05:09:44.845 1472 1807 D ActivityManager: freezing 18802 com.google.android.apps.healthdata
11-14 05:09:44.847 1472 1807 D ActivityManager: freezing 6647 com.google.android.configupdater
11-14 05:09:44.848 1472 1807 D ActivityManager: freezing 7681 com.google.android.apps.work.oobconfig
11-14 05:09:44.849 1472 1807 D ActivityManager: freezing 3999 com.android.keychain
11-14 05:09:44.851 1472 1807 D ActivityManager: freezing 3310 com.android.chrome
11-14 05:09:44.853 1472 1807 D ActivityManager: freezing 29322 com.google.android.youtube
11-14 05:09:44.856 1472 1807 D ActivityManager: freezing 6263 com.google.android.rkpdapp
11-14 05:09:44.858 1472 1807 D ActivityManager: freezing 7533 com.google.android.adservices.api
11-14 05:09:44.859 1472 1807 D ActivityManager: freezing 10000 com.google.android.apps.turbo:ssb
11-14 05:09:44.860 1472 1807 D ActivityManager: freezing 2098 com.google.android.permissioncontroller
11-14 05:09:44.862 1472 1807 D ActivityManager: freezing 9086 com.google.android.apps.docs
11-14 05:09:44.864 1472 1807 D ActivityManager: freezing 11615 com.google.android.tts
11-14 05:09:44.866 1472 1807 D ActivityManager: freezing 31802 com.google.android.contacts
11-14 05:09:44.867 1472 1807 D ActivityManager: freezing 1220 com.google.android.apps.carrier.log
11-14 05:09:44.868 1472 1807 D ActivityManager: freezing 31926 com.google.android.projection.gearhead:shared
11-14 05:09:44.869 1472 1807 D ActivityManager: freezing 4760 com.google.android.apps.wallpaper
11-14 05:09:44.871 1472 1807 D ActivityManager: freezing 2609 com.google.android.cellbroadcastreceiver
11-14 05:09:44.872 1472 1807 D ActivityManager: freezing 29482 com.google.android.deskclock
11-14 05:09:44.873 1472 1807 D ActivityManager: freezing 20815 com.google.android.calendar
11-14 05:09:44.876 1472 1807 D ActivityManager: freezing 5139 com.android.providers.calendar
11-14 05:09:44.878 1472 1807 D ActivityManager: freezing 16945 com.google.android.apps.turbo:aab
11-14 05:09:44.879 1472 1807 D ActivityManager: freezing 8423 com.google.android.turboadapter
11-14 05:09:44.880 1472 1807 D ActivityManager: freezing 30461 com.android.settings
11-14 05:09:44.882 1472 1807 D ActivityManager: freezing 17097 com.google.android.partnersetup
11-14 05:09:44.883 1472 1807 D ActivityManager: freezing 2726 com.google.android.carrier
11-14 05:09:44.885 1472 1807 D ActivityManager: freezing 12046 com.google.android.apps.safetyhub
11-14 05:09:44.887 1472 1807 D ActivityManager: freezing 12068 com.google.android.apps.gcs
11-14 05:09:44.888 1472 1807 D ActivityManager: freezing 19250 com.android.vending:instant_app_installer
11-14 05:09:44.890 1472 1807 D ActivityManager: freezing 12137 com.google.android.apps.betterbug
11-14 05:09:44.892 1472 1807 D ActivityManager: freezing 20517 com.android.vending
11-14 05:09:44.895 1472 1807 D ActivityManager: freezing 3415 com.google.android.gm
11-14 05:09:44.898 1472 1807 D ActivityManager: freezing 2724 com.google.android.googlequicksearchbox:train
11-14 05:09:44.900 1472 1807 D ActivityManager: freezing 31669 org.qtproject.example.deleteme
11-14 05:09:46.276 1472 1807 D ActivityManager: freezing 18570 com.google.android.soundpicker
11-14 05:09:46.278 1472 1807 D ActivityManager: freezing 14998 com.google.android.projection.gearhead:car
11-14 05:09:46.279 1472 1807 D ActivityManager: freezing 29151 com.google.android.apps.messaging
11-14 05:09:47.424 1472 1807 D ActivityManager: freezing 28565 com.google.android.gms.feedback
11-14 05:09:47.429 1472 1807 D ActivityManager: freezing 10221 com.google.android.gms:snet
11-14 05:09:47.431 1472 1807 D ActivityManager: freezing 1160 com.google.android.gms.unstable
11-14 05:09:48.694 595 1575 I keystore2: system/security/keystore2/src/watchdog.rs:319 - Watchdog thread idle -> terminating. Have a great day.
11-14 05:09:50.155 1472 1807 D ActivityManager: freezing 19084 com.android.vending:background
11-14 05:09:50.307 1472 1807 D ActivityManager: freezing 19396 com.android.vending:quick_launch
11-14 05:09:52.585 1472 4954 W ActivityManager: Unable to start service Intent { act=grpc.io.action.BIND cmp=com.google.android.apps.nest.dockmanager.app/.service.DockManagerAndroidService } U=0: not found
11-14 05:09:52.586 1472 4954 W ActivityManager: Unbind failed: could not find connection for android.os.BinderProxy@9f05f2c
11-14 05:09:52.913 1472 1807 D ActivityManager: freezing 28551 com.google.android.gms.ui
11-14 05:09:54.080 1472 1697 D ActivityManager: sync unfroze 1160 com.google.android.gms.unstable
11-14 05:13:29.832 1472 1807 D ActivityManager: freezing 8918 com.google.android.apps.photos
11-14 05:13:35.807 595 5712 W keystore2: system/security/keystore2/src/remote_provisioning.rs:102 - Error occurred: system/security/keystore2/src/rkpd_client.rs:226: Trying to get to IRegistration service.
11-14 05:13:35.807 595 5712 W keystore2:
11-14 05:13:35.807 595 5712 W keystore2: Caused by:
11-14 05:13:35.807 595 5712 W keystore2: 0: system/security/keystore2/src/rkpd_client.rs:120: Trying to get IRPC name.
11-14 05:13:35.807 595 5712 W keystore2: 1: system/security/keystore2/src/globals.rs:443
11-14 05:13:35.807 595 5712 W keystore2: 2: Error::Km(r#HARDWARE_TYPE_UNAVAILABLE)
11-14 05:13:35.886 595 5712 E keystore2: system/security/keystore2/src/error.rs:180 - system/security/keystore2/src/security_level.rs:622
11-14 05:13:35.886 595 5712 E keystore2:
11-14 05:13:35.886 595 5712 E keystore2: Caused by:
11-14 05:13:35.886 595 5712 E keystore2: 0: system/security/keystore2/src/security_level.rs:620: While generating Key without explicit attestation key.
11-14 05:13:35.886 595 5712 E keystore2: 1: Error::Km(r#CANNOT_ATTEST_IDS)
11-14 05:13:40.358 595 5712 W keystore2: system/security/keystore2/src/remote_provisioning.rs:102 - Error occurred: system/security/keystore2/src/rkpd_client.rs:226: Trying to get to IRegistration service.
11-14 05:13:40.358 595 5712 W keystore2:
11-14 05:13:40.358 595 5712 W keystore2: Caused by:
11-14 05:13:40.358 595 5712 W keystore2: 0: system/security/keystore2/src/rkpd_client.rs:120: Trying to get IRPC name.
11-14 05:13:40.358 595 5712 W keystore2: 1: system/security/keystore2/src/globals.rs:443
11-14 05:13:40.358 595 5712 W keystore2: 2: Error::Km(r#HARDWARE_TYPE_UNAVAILABLE)
11-14 05:13:45.226 595 5712 E keystore2: system/security/keystore2/src/error.rs:180 - system/security/keystore2/src/security_level.rs:622
11-14 05:13:45.226 595 5712 E keystore2:
11-14 05:13:45.226 595 5712 E keystore2: Caused by:
11-14 05:13:45.226 595 5712 E keystore2: 0: system/security/keystore2/src/security_level.rs:620: While generating Key without explicit attestation key.
11-14 05:13:45.226 595 5712 E keystore2: 1: Error::Km(r#UNKNOWN_ERROR)
11-14 05:19:33.239 595 5712 W keystore2: system/security/keystore2/src/remote_provisioning.rs:102 - Error occurred: system/security/keystore2/src/rkpd_client.rs:226: Trying to get to IRegistration service.
11-14 05:19:33.239 595 5712 W keystore2:
11-14 05:19:33.239 595 5712 W keystore2: Caused by:
11-14 05:19:33.239 595 5712 W keystore2: 0: system/security/keystore2/src/rkpd_client.rs:120: Trying to get IRPC name.
11-14 05:19:33.239 595 5712 W keystore2: 1: system/security/keystore2/src/globals.rs:443
11-14 05:19:33.239 595 5712 W keystore2: 2: Error::Km(r#HARDWARE_TYPE_UNAVAILABLE)
11-14 05:19:33.286 595 5712 E keystore2: system/security/keystore2/src/error.rs:180 - system/security/keystore2/src/security_level.rs:622
11-14 05:19:33.286 595 5712 E keystore2:
11-14 05:19:33.286 595 5712 E keystore2: Caused by:
11-14 05:19:33.286 595 5712 E keystore2: 0: system/security/keystore2/src/security_level.rs:620: While generating Key without explicit attestation key.
11-14 05:19:33.286 595 5712 E keystore2: 1: Error::Km(r#CANNOT_ATTEST_IDS)
11-14 05:19:33.812 1472 4953 D CompatibilityChangeReporter: Compat change id reported: 161145287; UID 10140; state: DISABLED
11-14 05:19:33.812 1472 4953 D CompatibilityChangeReporter: Compat change id reported: 161145287; UID 10140; state: ENABLED
11-14 05:29:33.613 595 5712 W keystore2: system/security/keystore2/src/remote_provisioning.rs:102 - Error occurred: system/security/keystore2/src/rkpd_client.rs:226: Trying to get to IRegistration service.
11-14 05:29:33.613 595 5712 W keystore2:
11-14 05:29:33.613 595 5712 W keystore2: Caused by:
11-14 05:29:33.613 595 5712 W keystore2: 0: system/security/keystore2/src/rkpd_client.rs:120: Trying to get IRPC name.
11-14 05:29:33.613 595 5712 W keystore2: 1: system/security/keystore2/src/globals.rs:443
11-14 05:29:33.613 595 5712 W keystore2: 2: Error::Km(r#HARDWARE_TYPE_UNAVAILABLE)
11-14 05:29:33.683 595 5712 E keystore2: system/security/keystore2/src/error.rs:180 - system/security/keystore2/src/security_level.rs:622
11-14 05:29:33.683 595 5712 E keystore2:
11-14 05:29:33.683 595 5712 E keystore2: Caused by:
11-14 05:29:33.683 595 5712 E keystore2: 0: system/security/keystore2/src/security_level.rs:620: While generating Key without explicit attestation key.
11-14 05:29:33.683 595 5712 E keystore2: 1: Error::Km(r#CANNOT_ATTEST_IDS)
11-14 05:34:24.513 1472 1807 D ActivityManager: freezing 19704 com.google.android.apps.turbo
11-14 05:37:14.373 1472 2129 D CompatibilityChangeReporter: Compat change id reported: 171306433; UID 10140; state: ENABLED
11-14 05:59:33.513 1472 1807 D ActivityManager: freezing 1160 com.google.android.gms.unstable
11-14 06:00:00.532 1472 1697 D ActivityManager: sync unfroze 30461 com.android.settings
11-14 06:00:00.537 1472 1697 D ActivityManager: sync unfroze 3999 com.android.keychain
11-14 06:00:00.978 595 5712 W keystore2: system/security/keystore2/src/remote_provisioning.rs:102 - Error occurred: system/security/keystore2/src/rkpd_client.rs:226: Trying to get to IRegistration service.
11-14 06:00:00.978 595 5712 W keystore2:
11-14 06:00:00.978 595 5712 W keystore2: Caused by:
11-14 06:00:00.978 595 5712 W keystore2: 0: system/security/keystore2/src/rkpd_client.rs:120: Trying to get IRPC name.
11-14 06:00:00.978 595 5712 W keystore2: 1: system/security/keystore2/src/globals.rs:443
11-14 06:00:00.978 595 5712 W keystore2: 2: Error::Km(r#HARDWARE_TYPE_UNAVAILABLE)
11-14 06:00:01.054 595 5712 E keystore2: system/security/keystore2/src/error.rs:180 - system/security/keystore2/src/security_level.rs:622
11-14 06:00:01.054 595 5712 E keystore2:
11-14 06:00:01.054 595 5712 E keystore2: Caused by:
11-14 06:00:01.054 595 5712 E keystore2: 0: system/security/keystore2/src/security_level.rs:620: While generating Key without explicit attestation key.
11-14 06:00:01.054 595 5712 E keystore2: 1: Error::Km(r#CANNOT_ATTEST_IDS)
11-14 06:06:04.520 1472 1807 D ActivityManager: freezing 4624 android.process.media
11-14 06:06:04.522 1472 1807 D ActivityManager: freezing 25489 android.process.acore
11-14 06:06:04.582 1472 1807 D ActivityManager: freezing 12364 com.google.android.settings.intelligence
11-14 06:21:33.768 1472 3338 W ActivityManager: Unable to start service Intent { act=grpc.io.action.BIND cmp=com.google.android.apps.nest.dockmanager.app/.service.DockManagerAndroidService } U=0: not found
11-14 06:21:33.769 1472 3338 W ActivityManager: Unbind failed: could not find connection for android.os.BinderProxy@647d228
11-14 06:29:33.721 1472 1807 D ActivityManager: freezing 12154 com.google.android.apps.wellbeing
11-14 06:54:23.533 1472 1697 D ActivityManager: sync unfroze 19704 com.google.android.apps.turbo
11-14 06:54:23.972 1472 1807 D ActivityManager: freezing 32484 com.google.process.gservices
11-14 06:54:23.975 1472 1807 D ActivityManager: freezing 18662 com.google.process.gapps
11-14 06:54:24.494 595 1825 I keystore2: system/security/keystore2/src/watchdog.rs:319 - Watchdog thread idle -> terminating. Have a great day.
11-14 06:59:32.498 1472 1807 D ActivityManager: freezing 31668 com.google.android.gms
11-14 07:00:00.523 1472 1472 D ConditionProviders.SCP: onReceive ScheduleConditionProvider.EVALUATE
11-14 07:00:00.523 1472 1472 D ConditionProviders.SCP: evaluateSubscriptionLocked cal=ScheduleCalendar[mDays={1, 2, 3, 4, 5, 6, 7}, mSchedule=ScheduleInfo{days=[1, 2, 3, 4, 5, 6, 7], startHour=22, startMinute=0, endHour=7, endMinute=0, exitAtAlarm=true, nextAlarm=Thu Jan 01 02:00:00 GMT+02:00 1970 (0)}], now=Tue Nov 14 07:00:00 GMT+02:00 2023 (1699938000523), nextUserAlarmTime=Thu Jan 01 02:00:00 GMT+02:00 1970 (0)
11-14 07:00:00.524 1472 1472 D ConditionProviders.SCP: notifyCondition condition://android/schedule?days=1.2.3.4.5.6.7&start=22.0&end=7.0&exitAtAlarm=true STATE_FALSE reason=!meetsSchedule
11-14 07:00:00.525 1472 1472 D ConditionProviders.SCP: Scheduling evaluate for Tue Nov 14 22:00:00 GMT+02:00 2023 (1699992000000), in +14h59m59s477ms, now=Tue Nov 14 07:00:00 GMT+02:00 2023 (1699938000523)
11-14 07:17:42.911 1472 1697 D ActivityManager: sync unfroze 2724 com.google.android.googlequicksearchbox:train
11-14 07:17:43.425 1472 2544 I ContentCaptureManagerService: Data share request accepted by Content Capture service
11-14 07:46:33.563 1472 1696 E DiscreteRegistry: Deleting file 1699335566002tl
11-14 09:00:01.294 1472 1807 D ActivityManager: freezing 2724 com.google.android.googlequicksearchbox:train
11-14 09:27:03.386 1472 1807 D ActivityManager: freezing 19704 com.google.android.apps.turbo
11-14 09:34:24.488 1472 1697 D ActivityManager: sync unfroze 19704 com.google.android.apps.turbo
11-14 10:39:07.705 1472 4954 D ActivityManager: sync unfroze 32484 com.google.process.gservices
11-14 11:07:27.165 1472 1472 W Looper : Slow delivery took 221ms main h=android.os.Handler c=com.android.internal.os.BinderCallsStats$1@2e0d16a m=0
11-14 11:07:27.180 1472 1472 W Looper : Drained
11-14 11:09:53.492 1472 1697 D ActivityManager: sync unfroze 5139 com.android.providers.calendar
11-14 11:09:53.554 1472 1697 D ActivityManager: sync unfroze 31668 com.google.android.gms
11-14 11:09:53.563 1472 1697 D ActivityManager: sync unfroze 1160 com.google.android.gms.unstable
11-14 11:09:53.573 1472 1797 D ActivityManager: sync unfroze 29151 com.google.android.apps.messaging
11-14 11:09:53.592 1472 2544 E JobScheduler.JobStatus: App com.google.android.inputmethod.latin became active but still in NEVER bucket
11-14 11:09:53.597 1472 4954 E JobScheduler.JobStatus: App com.google.android.inputmethod.latin became active but still in NEVER bucket
11-14 11:09:53.608 1472 4940 W AlarmManager: Alarms must either supply a PendingIntent or an AlarmReceiver
11-14 11:09:53.623 1472 2615 E JobScheduler.JobStatus: App com.google.android.inputmethod.latin became active but still in NEVER bucket
11-14 11:09:53.689 1472 4946 W AlarmManager: Alarms must either supply a PendingIntent or an AlarmReceiver
11-14 11:09:53.706 1472 2544 W AlarmManager: Alarms must either supply a PendingIntent or an AlarmReceiver
11-14 11:09:53.739 1472 4938 E JobScheduler.JobStatus: App com.google.android.inputmethod.latin became active but still in NEVER bucket
11-14 11:09:53.857 1472 2544 E JobScheduler.JobStatus: App com.google.android.inputmethod.latin became active but still in NEVER bucket
11-14 11:09:53.906 1472 4953 D ActivityManager: sync unfroze 25489 android.process.acore
11-14 11:09:54.090 1472 4944 W AlarmManager: Alarms must either supply a PendingIntent or an AlarmReceiver
11-14 11:09:54.095 1472 2615 E JobScheduler.JobStatus: App com.google.android.inputmethod.latin became active but still in NEVER bucket
11-14 11:09:54.103 1472 2615 W AlarmManager: Alarms must either supply a PendingIntent or an AlarmReceiver
11-14 11:09:54.105 1472 4938 E JobScheduler.JobStatus: App com.google.android.inputmethod.latin became active but still in NEVER bucket
11-14 11:09:54.109 1472 4938 D ActivityManager: sync unfroze 16945 com.google.android.apps.turbo:aab
11-14 11:09:54.120 1472 1695 E JobScheduler.JobStatus: App com.google.android.inputmethod.latin became active but still in NEVER bucket
11-14 11:09:54.172 1472 2544 D ActivityManager: sync unfroze 8423 com.google.android.turboadapter
11-14 11:09:54.195 1472 4953 W AppOps : Noting op not finished: uid 10140 pkg com.google.android.gms code 79 startTime of in progress event=1699931376186
11-14 11:09:54.224 1472 4946 W AppOps : Noting op not finished: uid 10140 pkg com.google.android.gms code 113 startTime of in progress event=1699931376004
11-14 11:09:54.230 1472 4953 W AppOps : Noting op not finished: uid 10140 pkg com.google.android.gms code 113 startTime of in progress event=1699931376004
11-14 11:09:56.569 1472 1797 D ActivityManager: sync unfroze 20815 com.google.android.calendar
11-14 11:09:56.594 1472 1797 D ActivityManager: sync unfroze 20517 com.android.vending
11-14 11:09:56.602 1472 1797 D ActivityManager: sync unfroze 19084 com.android.vending:background
11-14 11:09:56.609 1472 1797 D ActivityManager: sync unfroze 12154 com.google.android.apps.wellbeing
11-14 11:09:56.682 1472 4944 D ActivityManager: sync unfroze 12068 com.google.android.apps.gcs
11-14 11:09:56.714 1472 1828 I WatchlistLoggingHandler: Start aggregating watchlist records.
11-14 11:09:56.727 1472 1472 D ActivityManager: sync unfroze 12046 com.google.android.apps.safetyhub
11-14 11:09:56.740 1472 4938 D ActivityManager: sync unfroze 12364 com.google.android.settings.intelligence
11-14 11:09:56.750 1472 1695 D ActivityManager: sync unfroze 17097 com.google.android.partnersetup
11-14 11:09:56.779 1472 2615 W JobScheduler: Job didn't exist in JobStore: 8f2282c #u0a115/4096 com.google.android.partnersetup/.InstalledAppJobService
11-14 11:09:56.797 1472 2615 D ActivityManager: sync unfroze 8918 com.google.android.apps.photos
11-14 11:09:56.848 1472 1828 I WatchlistLoggingHandler: Milliseconds spent on tryAggregateRecords(): 134
11-14 11:09:56.874 1472 4946 W ActivityManager: Unable to start service Intent { act=grpc.io.action.BIND cmp=com.google.android.apps.wear.companion/.wearappbridge.server.service.ExportedEndpointService } U=0: not found
11-14 11:09:56.874 1472 4946 W ActivityManager: Unbind failed: could not find connection for android.os.BinderProxy@fbf8489
11-14 11:09:56.924 1472 1472 I StorageManagerService: Storage lifetime: 1
11-14 11:09:56.927 1472 1472 I StorageManagerService: Set smart idle maintenance: latest write amount: 54, average write amount: 194, min segment threshold: 512, dirty reclaim rate: 0.5, segment reclaim weight: 2.0, period(min): 60, min gc sleep time(ms): 5000, target dirty ratio: 80
11-14 11:09:56.928 548 560 I vold : Enough free segments: 42800
11-14 11:09:56.928 1472 1472 I SmartStorageMaintIdler: Got smart storage maintenance service completion callback
11-14 11:09:56.931 1472 1472 W JobScheduler: Job didn't exist in JobStore: 6dc7a11 #1000/2808 android/com.android.server.SmartStorageMaintIdler
11-14 11:09:57.014 1472 4946 D ActivityManager: sync unfroze 12137 com.google.android.apps.betterbug
11-14 11:09:57.087 1472 2544 W UriGrantsManagerService: No permission grants found for com.google.android.apps.photos
11-14 11:09:57.103 1472 2544 W UriGrantsManagerService: No permission grants found for com.google.android.apps.photos
11-14 11:09:57.149 1472 2544 D ActivityManager: sync unfroze 3310 com.android.chrome
11-14 11:09:57.208 1472 4938 W PackageManager: Cannot suspend package "com.android.vending": required for package verification
11-14 11:09:57.210 1472 4938 W PackageManager: Cannot suspend package "com.google.android.apps.work.oobconfig": protected package
11-14 11:09:57.210 1472 4938 W PackageManager: Cannot suspend the platform package: android
11-14 11:09:57.212 1472 4938 W PackageManager: Cannot suspend package "com.google.android.permissioncontroller": required for permissions management
11-14 11:09:57.215 1472 4938 W PackageManager: Cannot suspend package "com.google.android.dialer": is the default dialer
11-14 11:09:57.218 1472 4938 W PackageManager: Cannot suspend package "com.google.android.packageinstaller": required for package installation
11-14 11:09:57.220 1472 4938 W PackageManager: Cannot suspend package "com.google.android.apps.nexuslauncher": contains the active launcher
11-14 11:09:57.327 1472 1695 D ActivityManager: sync unfroze 29482 com.google.android.deskclock
11-14 11:09:57.428 1472 4946 W UriGrantsManagerService: No permission grants found for com.google.android.apps.photos
11-14 11:09:57.428 1472 4946 W UriGrantsManagerService: No permission grants found for com.google.android.apps.photos
11-14 11:09:57.514 1472 4946 I ActivityManager: Process com.android.vending (pid 20517) has died: prcl TRNB
11-14 11:09:57.517 1472 4946 W ActivityManager: Scheduling restart of crashed service com.android.vending/com.google.android.finsky.scheduler.process.mainimpl.PhoneskyJobServiceMain in 1000ms for connection
11-14 11:09:57.546 1472 4946 W UriGrantsManagerService: No permission grants found for com.google.android.apps.photos
11-14 11:09:57.553 1472 2557 W UriGrantsManagerService: No permission grants found for com.google.android.apps.photos
11-14 11:09:58.039 1472 2544 W ActivityManager: Unable to start service Intent { act=grpc.io.action.BIND cmp=com.google.android.apps.wear.companion/.wearappbridge.server.service.ExportedEndpointService } U=0: not found
11-14 11:09:58.040 1472 2544 W ActivityManager: Unbind failed: could not find connection for android.os.BinderProxy@60d10b1
11-14 11:09:59.634 1472 2129 W ActivityManager: Unable to start service Intent { act=grpc.io.action.BIND cmp=com.google.android.apps.wear.companion/.wearappbridge.server.service.ExportedEndpointService } U=0: not found
11-14 11:09:59.635 1472 2129 W ActivityManager: Unbind failed: could not find connection for android.os.BinderProxy@8fd1970
11-14 11:10:00.688 1472 1697 D ActivityManager: sync unfroze 18481 com.google.android.setupwizard
11-14 11:10:00.693 1472 1697 D CompatibilityChangeReporter: Compat change id reported: 135634846; UID 10136; state: DISABLED
11-14 11:10:00.694 1472 1697 D CompatibilityChangeReporter: Compat change id reported: 177438394; UID 10136; state: DISABLED
11-14 11:10:00.694 1472 1697 D CompatibilityChangeReporter: Compat change id reported: 135772972; UID 10136; state: DISABLED
11-14 11:10:00.694 1472 1697 D CompatibilityChangeReporter: Compat change id reported: 135754954; UID 10136; state: ENABLED
11-14 11:10:00.696 1472 1698 D CompatibilityChangeReporter: Compat change id reported: 143937733; UID 10136; state: ENABLED
11-14 11:10:00.720 1472 1698 I ActivityManager: Start proc 3536:com.android.vending/u0a136 for broadcast {com.android.vending/com.google.android.libraries.phenotype.client.stable.PhenotypeUpdateBackgroundBroadcastReceiver}
11-14 11:10:00.738 1472 4938 D CompatibilityChangeReporter: Compat change id reported: 168419799; UID 10136; state: DISABLED
11-14 11:10:00.738 1472 4938 D CompatibilityChangeReporter: Compat change id reported: 273564678; UID 10136; state: DISABLED
11-14 11:10:00.748 1472 2615 D CompatibilityChangeReporter: Compat change id reported: 170503758; UID 10136; state: ENABLED
11-14 11:10:00.888 1472 2557 I DropBoxManagerService: add tag=platform_stats_bookmark isTagEnabled=true flags=0x2
11-14 11:10:00.894 595 5712 W keystore2: system/security/keystore2/src/remote_provisioning.rs:102 - Error occurred: system/security/keystore2/src/rkpd_client.rs:226: Trying to get to IRegistration service.
11-14 11:10:00.894 595 5712 W keystore2:
11-14 11:10:00.894 595 5712 W keystore2: Caused by:
11-14 11:10:00.894 595 5712 W keystore2: 0: system/security/keystore2/src/rkpd_client.rs:120: Trying to get IRPC name.
11-14 11:10:00.894 595 5712 W keystore2: 1: system/security/keystore2/src/globals.rs:443
11-14 11:10:00.894 595 5712 W keystore2: 2: Error::Km(r#HARDWARE_TYPE_UNAVAILABLE)
11-14 11:10:00.916 1472 1697 D ActivityManager: sync unfroze 13752 com.google.android.videos
11-14 11:10:00.919 1472 1697 D ActivityManager: sync unfroze 29322 com.google.android.youtube
11-14 11:10:00.963 1472 1697 D ActivityManager: sync unfroze 19250 com.android.vending:instant_app_installer
11-14 11:10:00.968 595 5712 E keystore2: system/security/keystore2/src/error.rs:180 - system/security/keystore2/src/security_level.rs:622
11-14 11:10:00.968 595 5712 E keystore2:
11-14 11:10:00.968 595 5712 E keystore2: Caused by:
11-14 11:10:00.968 595 5712 E keystore2: 0: system/security/keystore2/src/security_level.rs:620: While generating Key without explicit attestation key.
11-14 11:10:00.968 595 5712 E keystore2: 1: Error::Km(r#CANNOT_ATTEST_IDS)
11-14 11:10:01.021 1472 4946 D CompatibilityChangeReporter: Compat change id reported: 253665015; UID 10136; state: ENABLED
11-14 11:10:01.021 1472 4946 D CompatibilityChangeReporter: Compat change id reported: 194532703; UID 10136; state: ENABLED
11-14 11:10:01.065 1472 4946 I DropBoxManagerService: add tag=platform_stats_bookmark isTagEnabled=true flags=0x2
11-14 11:10:01.073 595 5712 W keystore2: system/security/keystore2/src/remote_provisioning.rs:102 - Error occurred: system/security/keystore2/src/rkpd_client.rs:226: Trying to get to IRegistration service.
11-14 11:10:01.073 595 5712 W keystore2:
11-14 11:10:01.073 595 5712 W keystore2: Caused by:
11-14 11:10:01.073 595 5712 W keystore2: 0: system/security/keystore2/src/rkpd_client.rs:120: Trying to get IRPC name.
11-14 11:10:01.073 595 5712 W keystore2: 1: system/security/keystore2/src/globals.rs:443
11-14 11:10:01.073 595 5712 W keystore2: 2: Error::Km(r#HARDWARE_TYPE_UNAVAILABLE)
11-14 11:10:01.112 595 5712 E keystore2: system/security/keystore2/src/error.rs:180 - system/security/keystore2/src/security_level.rs:622
11-14 11:10:01.112 595 5712 E keystore2:
11-14 11:10:01.112 595 5712 E keystore2: Caused by:
11-14 11:10:01.112 595 5712 E keystore2: 0: system/security/keystore2/src/security_level.rs:620: While generating Key without explicit attestation key.
11-14 11:10:01.112 595 5712 E keystore2: 1: Error::Km(r#CANNOT_ATTEST_IDS)
11-14 11:10:01.147 1472 1697 D ActivityManager: sync unfroze 31802 com.google.android.contacts
11-14 11:10:01.171 1472 2557 D CompatibilityChangeReporter: Compat change id reported: 161145287; UID 10136; state: DISABLED
11-14 11:10:01.197 1472 4946 I ActivityManager: Flag disabled. Ignoring finishAttachApplication from uid: 10136. pid: 3536
11-14 11:10:01.256 1472 4946 D ActivityManager: sync unfroze 18662 com.google.process.gapps
11-14 11:10:01.273 1472 1697 D ActivityManager: sync unfroze 3415 com.google.android.gm
11-14 11:10:01.389 1472 1697 D ActivityManager: sync unfroze 9086 com.google.android.apps.docs
11-14 11:10:01.438 1472 4946 D CompatibilityChangeReporter: Compat change id reported: 271850009; UID 10136; state: ENABLED
11-14 11:10:01.440 1472 2544 D CompatibilityChangeReporter: Compat change id reported: 183164979; UID 10191; state: ENABLED
11-14 11:10:01.484 1472 1697 D ActivityManager: sync unfroze 9120 com.google.android.apps.tips
11-14 11:10:01.499 595 5712 W keystore2: system/security/keystore2/src/remote_provisioning.rs:102 - Error occurred: system/security/keystore2/src/rkpd_client.rs:226: Trying to get to IRegistration service.
11-14 11:10:01.499 595 5712 W keystore2:
11-14 11:10:01.499 595 5712 W keystore2: Caused by:
11-14 11:10:01.499 595 5712 W keystore2: 0: system/security/keystore2/src/rkpd_client.rs:120: Trying to get IRPC name.
11-14 11:10:01.499 595 5712 W keystore2: 1: system/security/keystore2/src/globals.rs:443
11-14 11:10:01.499 595 5712 W keystore2: 2: Error::Km(r#HARDWARE_TYPE_UNAVAILABLE)
11-14 11:10:01.535 1472 1697 D ActivityManager: sync unfroze 2724 com.google.android.googlequicksearchbox:train
11-14 11:10:01.540 1472 4938 D BiometricService: canAuthenticate: User=0, Caller=0, Authenticators=255
11-14 11:10:01.544 1472 4938 D BiometricService/PreAuthInfo: Package: com.google.android.gms Sensor ID: 0 Modality: 2 Status: 7
11-14 11:10:01.544 1472 4938 D BiometricService/PreAuthInfo: getCanAuthenticateInternal Modality: 2 AuthenticatorStatus: 7
11-14 11:10:01.544 1472 4938 D AuthService: canAuthenticate, userId: 0, callingUserId: 0, authenticators: 255, result: 11
11-14 11:10:01.549 595 5712 E keystore2: system/security/keystore2/src/error.rs:180 - system/security/keystore2/src/security_level.rs:622
11-14 11:10:01.549 595 5712 E keystore2:
11-14 11:10:01.549 595 5712 E keystore2: Caused by:
11-14 11:10:01.549 595 5712 E keystore2: 0: system/security/keystore2/src/security_level.rs:620: While generating Key without explicit attestation key.
11-14 11:10:01.549 595 5712 E keystore2: 1: Error::Km(r#CANNOT_ATTEST_IDS)
11-14 11:10:01.621 595 5712 W keystore2: system/security/keystore2/src/remote_provisioning.rs:102 - Error occurred: system/security/keystore2/src/rkpd_client.rs:226: Trying to get to IRegistration service.
11-14 11:10:01.621 595 5712 W keystore2:
11-14 11:10:01.621 595 5712 W keystore2: Caused by:
11-14 11:10:01.621 595 5712 W keystore2: 0: system/security/keystore2/src/rkpd_client.rs:120: Trying to get IRPC name.
11-14 11:10:01.621 595 5712 W keystore2: 1: system/security/keystore2/src/globals.rs:443
11-14 11:10:01.621 595 5712 W keystore2: 2: Error::Km(r#HARDWARE_TYPE_UNAVAILABLE)
11-14 11:10:01.657 595 5712 E keystore2: system/security/keystore2/src/error.rs:180 - system/security/keystore2/src/security_level.rs:622
11-14 11:10:01.657 595 5712 E keystore2:
11-14 11:10:01.657 595 5712 E keystore2: Caused by:
11-14 11:10:01.657 595 5712 E keystore2: 0: system/security/keystore2/src/security_level.rs:620: While generating Key without explicit attestation key.
11-14 11:10:01.657 595 5712 E keystore2: 1: Error::Km(r#CANNOT_ATTEST_IDS)
11-14 11:10:01.837 1472 2129 W ActivityManager: Unable to start service Intent { act=grpc.io.action.BIND cmp=com.google.android.apps.wear.companion/.wearappbridge.server.service.ExportedEndpointService } U=0: not found
11-14 11:10:01.838 1472 2129 W ActivityManager: Unbind failed: could not find connection for android.os.BinderProxy@b7e450a
11-14 11:10:01.975 1472 4938 W JobScheduler: Job didn't exist in JobStore: 52ed47f #u0a148/-43 com.google.android.googlequicksearchbox/com.google.android.apps.gsa.tasks.BackgroundTasksJobService
11-14 11:10:02.115 1472 1697 D ActivityManager: sync unfroze 28551 com.google.android.gms.ui
11-14 11:10:02.117 1472 1697 D ActivityManager: sync unfroze 28565 com.google.android.gms.feedback
11-14 11:10:02.118 1472 1697 D ActivityManager: sync unfroze 10221 com.google.android.gms:snet
11-14 11:10:02.302 31668 31737 W PackageParser: Unknown element under : queries at /data/user_de/0/com.google.android.gms/app_chimera/m/000000c9/dl-AdsFdrDynamite.integ_233012802100000.apk Binary XML file line #15
11-14 11:10:02.320 31668 31737 W PackageParser: Unknown element under : queries at /data/user_de/0/com.google.android.gms/app_chimera/m/0000013d/dl-AdsFdrDynamite.integ_233702200100000.apk Binary XML file line #15
11-14 11:10:02.562 595 5712 W keystore2: system/security/keystore2/src/remote_provisioning.rs:102 - Error occurred: system/security/keystore2/src/rkpd_client.rs:226: Trying to get to IRegistration service.
11-14 11:10:02.562 595 5712 W keystore2:
11-14 11:10:02.562 595 5712 W keystore2: Caused by:
11-14 11:10:02.562 595 5712 W keystore2: 0: system/security/keystore2/src/rkpd_client.rs:120: Trying to get IRPC name.
11-14 11:10:02.562 595 5712 W keystore2: 1: system/security/keystore2/src/globals.rs:443
11-14 11:10:02.562 595 5712 W keystore2: 2: Error::Km(r#HARDWARE_TYPE_UNAVAILABLE)
11-14 11:10:02.604 595 5712 E keystore2: system/security/keystore2/src/error.rs:180 - system/security/keystore2/src/security_level.rs:622
11-14 11:10:02.604 595 5712 E keystore2:
11-14 11:10:02.604 595 5712 E keystore2: Caused by:
11-14 11:10:02.604 595 5712 E keystore2: 0: system/security/keystore2/src/security_level.rs:620: While generating Key without explicit attestation key.
11-14 11:10:02.604 595 5712 E keystore2: 1: Error::Km(r#CANNOT_ATTEST_IDS)
11-14 11:10:02.684 595 5712 W keystore2: system/security/keystore2/src/remote_provisioning.rs:102 - Error occurred: system/security/keystore2/src/rkpd_client.rs:226: Trying to get to IRegistration service.
11-14 11:10:02.684 595 5712 W keystore2:
11-14 11:10:02.684 595 5712 W keystore2: Caused by:
11-14 11:10:02.684 595 5712 W keystore2: 0: system/security/keystore2/src/rkpd_client.rs:120: Trying to get IRPC name.
11-14 11:10:02.684 595 5712 W keystore2: 1: system/security/keystore2/src/globals.rs:443
11-14 11:10:02.684 595 5712 W keystore2: 2: Error::Km(r#HARDWARE_TYPE_UNAVAILABLE)
11-14 11:10:02.729 595 5712 E keystore2: system/security/keystore2/src/error.rs:180 - system/security/keystore2/src/security_level.rs:622
11-14 11:10:02.729 595 5712 E keystore2:
11-14 11:10:02.729 595 5712 E keystore2: Caused by:
11-14 11:10:02.729 595 5712 E keystore2: 0: system/security/keystore2/src/security_level.rs:620: While generating Key without explicit attestation key.
11-14 11:10:02.729 595 5712 E keystore2: 1: Error::Km(r#CANNOT_ATTEST_IDS)
11-14 11:10:03.550 1472 1807 D ActivityManager: freezing 5139 com.android.providers.calendar
11-14 11:10:04.313 1472 1807 D ActivityManager: freezing 8423 com.google.android.turboadapter
11-14 11:10:04.420 1472 1807 D ActivityManager: freezing 16945 com.google.android.apps.turbo:aab
11-14 11:10:04.614 595 5712 W keystore2: system/security/keystore2/src/remote_provisioning.rs:102 - Error occurred: system/security/keystore2/src/rkpd_client.rs:226: Trying to get to IRegistration service.
11-14 11:10:04.614 595 5712 W keystore2:
11-14 11:10:04.614 595 5712 W keystore2: Caused by:
11-14 11:10:04.614 595 5712 W keystore2: 0: system/security/keystore2/src/rkpd_client.rs:120: Trying to get IRPC name.
11-14 11:10:04.614 595 5712 W keystore2: 1: system/security/keystore2/src/globals.rs:443
11-14 11:10:04.614 595 5712 W keystore2: 2: Error::Km(r#HARDWARE_TYPE_UNAVAILABLE)
11-14 11:10:04.690 595 5712 E keystore2: system/security/keystore2/src/error.rs:180 - system/security/keystore2/src/security_level.rs:622
11-14 11:10:04.690 595 5712 E keystore2:
11-14 11:10:04.690 595 5712 E keystore2: Caused by:
11-14 11:10:04.690 595 5712 E keystore2: 0: system/security/keystore2/src/security_level.rs:620: While generating Key without explicit attestation key.
11-14 11:10:04.690 595 5712 E keystore2: 1: Error::Km(r#CANNOT_ATTEST_IDS)
11-14 11:10:04.738 595 5712 W keystore2: system/security/keystore2/src/remote_provisioning.rs:102 - Error occurred: system/security/keystore2/src/rkpd_client.rs:226: Trying to get to IRegistration service.
11-14 11:10:04.738 595 5712 W keystore2:
11-14 11:10:04.738 595 5712 W keystore2: Caused by:
11-14 11:10:04.738 595 5712 W keystore2: 0: system/security/keystore2/src/rkpd_client.rs:120: Trying to get IRPC name.
11-14 11:10:04.738 595 5712 W keystore2: 1: system/security/keystore2/src/globals.rs:443
11-14 11:10:04.738 595 5712 W keystore2: 2: Error::Km(r#HARDWARE_TYPE_UNAVAILABLE)
11-14 11:10:04.777 595 5712 E keystore2: system/security/keystore2/src/error.rs:180 - system/security/keystore2/src/security_level.rs:622
11-14 11:10:04.777 595 5712 E keystore2:
11-14 11:10:04.777 595 5712 E keystore2: Caused by:
11-14 11:10:04.777 595 5712 E keystore2: 0: system/security/keystore2/src/security_level.rs:620: While generating Key without explicit attestation key.
11-14 11:10:04.777 595 5712 E keystore2: 1: Error::Km(r#CANNOT_ATTEST_IDS)
11-14 11:10:05.226 1472 2549 W ActivityManager: Unable to start service Intent { act=grpc.io.action.BIND cmp=com.google.android.apps.wear.companion/.wearappbridge.server.service.ExportedEndpointService } U=0: not found
11-14 11:10:05.227 1472 2549 W ActivityManager: Unbind failed: could not find connection for android.os.BinderProxy@a13a04
11-14 11:10:06.793 1472 1807 D ActivityManager: freezing 17097 com.google.android.partnersetup
11-14 11:10:07.866 1472 1807 D ActivityManager: freezing 12068 com.google.android.apps.gcs
11-14 11:10:08.697 595 5712 W keystore2: system/security/keystore2/src/remote_provisioning.rs:102 - Error occurred: system/security/keystore2/src/rkpd_client.rs:226: Trying to get to IRegistration service.
11-14 11:10:08.697 595 5712 W keystore2:
11-14 11:10:08.697 595 5712 W keystore2: Caused by:
11-14 11:10:08.697 595 5712 W keystore2: 0: system/security/keystore2/src/rkpd_client.rs:120: Trying to get IRPC name.
11-14 11:10:08.697 595 5712 W keystore2: 1: system/security/keystore2/src/globals.rs:443
11-14 11:10:08.697 595 5712 W keystore2: 2: Error::Km(r#HARDWARE_TYPE_UNAVAILABLE)
11-14 11:10:08.775 595 5712 E keystore2: system/security/keystore2/src/error.rs:180 - system/security/keystore2/src/security_level.rs:622
11-14 11:10:08.775 595 5712 E keystore2:
11-14 11:10:08.775 595 5712 E keystore2: Caused by:
11-14 11:10:08.775 595 5712 E keystore2: 0: system/security/keystore2/src/security_level.rs:620: While generating Key without explicit attestation key.
11-14 11:10:08.775 595 5712 E keystore2: 1: Error::Km(r#CANNOT_ATTEST_IDS)
11-14 11:10:08.786 595 5712 W keystore2: system/security/keystore2/src/remote_provisioning.rs:102 - Error occurred: system/security/keystore2/src/rkpd_client.rs:226: Trying to get to IRegistration service.
11-14 11:10:08.786 595 5712 W keystore2:
11-14 11:10:08.786 595 5712 W keystore2: Caused by:
11-14 11:10:08.786 595 5712 W keystore2: 0: system/security/keystore2/src/rkpd_client.rs:120: Trying to get IRPC name.
11-14 11:10:08.786 595 5712 W keystore2: 1: system/security/keystore2/src/globals.rs:443
11-14 11:10:08.786 595 5712 W keystore2: 2: Error::Km(r#HARDWARE_TYPE_UNAVAILABLE)
11-14 11:10:08.831 595 5712 E keystore2: system/security/keystore2/src/error.rs:180 - system/security/keystore2/src/security_level.rs:622
11-14 11:10:08.831 595 5712 E keystore2:
11-14 11:10:08.831 595 5712 E keystore2: Caused by:
11-14 11:10:08.831 595 5712 E keystore2: 0: system/security/keystore2/src/security_level.rs:620: While generating Key without explicit attestation key.
11-14 11:10:08.831 595 5712 E keystore2: 1: Error::Km(r#CANNOT_ATTEST_IDS)
11-14 11:10:09.151 1472 1807 D ActivityManager: freezing 3999 com.android.keychain
11-14 11:10:10.919 1472 1807 D ActivityManager: freezing 18481 com.google.android.setupwizard
11-14 11:10:10.971 1472 1807 D ActivityManager: freezing 12137 com.google.android.apps.betterbug
11-14 11:10:10.985 1472 1807 D ActivityManager: freezing 29322 com.google.android.youtube
11-14 11:10:11.104 1472 1807 D ActivityManager: freezing 19250 com.android.vending:instant_app_installer
11-14 11:10:11.106 1472 1807 D ActivityManager: freezing 30461 com.android.settings
11-14 11:10:11.107 1472 1807 D ActivityManager: freezing 12364 com.google.android.settings.intelligence
11-14 11:10:11.108 1472 1807 D ActivityManager: freezing 13752 com.google.android.videos
11-14 11:10:11.388 1472 1807 D ActivityManager: freezing 8918 com.google.android.apps.photos
11-14 11:10:11.391 1472 1807 D ActivityManager: freezing 31802 com.google.android.contacts
11-14 11:10:11.542 1472 1807 D ActivityManager: freezing 3415 com.google.android.gm
11-14 11:10:11.544 1472 1807 D ActivityManager: freezing 9086 com.google.android.apps.docs
11-14 11:10:11.546 1472 1807 D ActivityManager: freezing 12046 com.google.android.apps.safetyhub
11-14 11:10:11.547 1472 1807 D ActivityManager: freezing 20815 com.google.android.calendar
11-14 11:10:11.550 1472 1807 D ActivityManager: freezing 2724 com.google.android.googlequicksearchbox:train
11-14 11:10:11.767 1472 1807 D ActivityManager: freezing 18662 com.google.process.gapps
11-14 11:10:11.861 1472 1807 D ActivityManager: freezing 9120 com.google.android.apps.tips
11-14 11:10:12.117 1472 1807 D ActivityManager: freezing 28551 com.google.android.gms.ui
11-14 11:10:12.121 1472 1807 D ActivityManager: freezing 28565 com.google.android.gms.feedback
11-14 11:10:12.123 1472 1807 D ActivityManager: freezing 10221 com.google.android.gms:snet
11-14 11:10:12.125 1472 1807 D ActivityManager: freezing 1160 com.google.android.gms.unstable
11-14 11:10:14.761 1472 1807 D ActivityManager: freezing 29151 com.google.android.apps.messaging
11-14 11:10:17.477 1472 1807 D ActivityManager: freezing 3310 com.android.chrome
11-14 11:10:18.836 595 3557 I keystore2: system/security/keystore2/src/watchdog.rs:319 - Watchdog thread idle -> terminating. Have a great day.
11-14 11:10:21.381 1472 1807 D ActivityManager: freezing 3536 com.android.vending
11-14 11:10:21.532 1472 1807 D ActivityManager: freezing 19084 com.android.vending:background
11-14 11:10:21.865 1472 1807 D ActivityManager: freezing 28874 com.google.android.googlequicksearchbox:search
11-14 11:10:21.871 1472 1807 D ActivityManager: Reschedule freeze for process 28874 com.google.android.googlequicksearchbox:search (new pending txns)
11-14 11:10:21.874 1472 1807 D ActivityManager: sync unfroze 28874 com.google.android.googlequicksearchbox:search
11-14 11:10:23.709 1472 2549 D CompatibilityChangeReporter: Compat change id reported: 261072174; UID 10136; state: DISABLED
11-14 11:10:24.196 1472 1697 D ActivityManager: sync unfroze 1160 com.google.android.gms.unstable
11-14 11:14:01.832 1472 1472 W Looper : Slow delivery took 218ms main h=android.database.sqlite.SQLiteConnectionPool$IdleConnectionHandler c=null m=43
11-14 11:18:37.337 1472 1472 W Looper : Drained
11-14 11:37:16.420 1472 1807 D ActivityManager: freezing 28874 com.google.android.googlequicksearchbox:search
11-14 11:49:33.555 1472 1807 D ActivityManager: freezing 29482 com.google.android.deskclock
11-14 11:49:33.559 1472 1807 D ActivityManager: freezing 19704 com.google.android.apps.turbo
11-14 11:59:33.577 1472 1807 D ActivityManager: freezing 31668 com.google.android.gms
11-14 12:00:00.428 1472 1697 D ActivityManager: sync unfroze 30461 com.android.settings
11-14 12:00:00.438 1472 1697 D ActivityManager: sync unfroze 3999 com.android.keychain
11-14 12:00:00.482 1472 1807 D ActivityManager: freezing 1160 com.google.android.gms.unstable
11-14 12:00:01.035 1472 1807 D ActivityManager: freezing 32484 com.google.process.gservices
11-14 12:19:33.428 1472 1697 D ActivityManager: sync unfroze 19704 com.google.android.apps.turbo
11-14 12:19:33.479 1472 1472 I ContentCaptureManagerService: Content capture data sharing session terminated successfully for package 'com.google.android.googlequicksearchbox'
11-14 12:19:34.972 1472 1807 D ActivityManager: freezing 12154 com.google.android.apps.wellbeing
11-14 12:27:41.144 1472 1694 W AppOps : Noting op not finished: uid 10158 pkg com.google.android.apps.scone code 79 startTime of in progress event=1699931376005
11-14 12:28:13.157 1472 1694 W AppOps : Noting op not finished: uid 10158 pkg com.google.android.apps.scone code 79 startTime of in progress event=1699931376005
11-14 12:34:56.410 1472 1807 D ActivityManager: freezing 25489 android.process.acore
11-14 12:34:56.661 1472 1697 D ActivityManager: sync unfroze 28874 com.google.android.googlequicksearchbox:search
11-14 12:34:56.665 1472 1697 D ActivityManager: sync unfroze 2724 com.google.android.googlequicksearchbox:train
11-14 12:39:33.531 1472 1694 I ContentCaptureManagerService: Data share request accepted by Content Capture service
