11-12 19:59:36.354 1472 1472 W Looper : Slow delivery took 237ms main h=android.os.Handler c=com.android.internal.os.BinderCallsStats$1@2e0d16a m=0
11-12 19:59:36.365 1472 1472 W Looper : Drained
11-12 20:00:00.364 1472 1697 D ActivityManager: sync unfroze 30461 com.android.settings
11-12 20:00:00.368 1472 1697 D ActivityManager: sync unfroze 3999 com.android.keychain
11-12 20:00:00.901 1472 4950 W ProcessCpuTracker: Failed to stat(/proc/22985): android.system.ErrnoException: stat failed: ENOENT (No such file or directory)
11-12 20:00:00.901 1472 4950 W ProcessCpuTracker: Skipping unknown process pid 22985
11-12 20:09:35.341 1472 1472 W Looper : Slow delivery took 228ms main h=android.os.Handler c=com.android.internal.os.BinderCallsStats$1@2e0d16a m=0
11-12 20:09:35.771 1472 1472 W Looper : Drained
11-12 20:29:36.401 595 22988 I keystore2: system/security/keystore2/src/watchdog.rs:319 - Watchdog thread idle -> terminating. Have a great day.
11-12 20:34:26.359 1472 1697 D ActivityManager: sync unfroze 19704 com.google.android.apps.turbo
11-12 20:49:36.744 1472 1807 D ActivityManager: freezing 32484 com.google.process.gservices
11-12 20:49:36.750 1472 1807 D ActivityManager: freezing 3999 com.android.keychain
11-12 21:00:00.359 1472 1697 D ActivityManager: sync unfroze 3999 com.android.keychain
11-12 21:59:36.313 1472 1472 W Looper : Slow delivery took 211ms main h=com.android.server.alarm.AlarmManagerService$AlarmHandler c=null m=15
11-12 21:59:36.343 1472 1472 W Looper : Drained
11-12 22:00:00.064 1472 1472 D ConditionProviders.SCP: onReceive ScheduleConditionProvider.EVALUATE
11-12 22:00:00.064 1472 1472 D ConditionProviders.SCP: evaluateSubscriptionLocked cal=ScheduleCalendar[mDays={1, 2, 3, 4, 5, 6, 7}, mSchedule=ScheduleInfo{days=[1, 2, 3, 4, 5, 6, 7], startHour=22, startMinute=0, endHour=7, endMinute=0, exitAtAlarm=true, nextAlarm=Thu Jan 01 02:00:00 GMT+02:00 1970 (0)}], now=Sun Nov 12 22:00:00 GMT+02:00 2023 (1699819200064), nextUserAlarmTime=Thu Jan 01 02:00:00 GMT+02:00 1970 (0)
11-12 22:00:00.064 1472 1472 D ConditionProviders.SCP: notifyCondition condition://android/schedule?days=1.2.3.4.5.6.7&start=22.0&end=7.0&exitAtAlarm=true STATE_TRUE reason=meetsSchedule
11-12 22:00:00.065 1472 1472 D ConditionProviders.SCP: Scheduling evaluate for Mon Nov 13 07:00:00 GMT+02:00 2023 (1699851600000), in +8h59m59s936ms, now=Sun Nov 12 22:00:00 GMT+02:00 2023 (1699819200064)
11-12 22:09:35.721 1472 1696 I UsageStatsService: User[0] Rolling over usage stats
11-12 22:09:35.722 1472 1696 I UsageStatsService: User[0] Flushing usage stats to disk
11-12 22:09:35.801 1472 1696 D IntervalStats: Unable to parse usage stats packages: [265, 267, 273, 290, 292]
11-12 22:09:35.813 1472 1696 D IntervalStats: Unable to parse usage stats packages: [265, 267, 273, 290]
11-12 22:09:35.823 1472 1696 D IntervalStats: Unable to parse usage stats packages: [296, 311]
11-12 22:09:35.843 1472 1696 I UsageStatsService: User[0] Rollover scheduled @ 2023-11-13 22:09:35(1699906175720)
11-12 22:09:35.844 1472 1696 I UsageStatsService: User[0] Rolling over usage stats complete. Took 123 milliseconds
11-12 22:09:35.897 1472 1797 D CompatibilityChangeReporter: Compat change id reported: 262645982; UID 10140; state: ENABLED
11-12 22:09:35.909 1472 1797 D CompatibilityChangeReporter: Compat change id reported: 218533173; UID 10142; state: ENABLED
11-12 22:09:35.910 1472 1797 D CompatibilityChangeReporter: Compat change id reported: 262645982; UID 10142; state: DISABLED
11-12 22:29:36.495 1472 1472 I ContentCaptureManagerService: Content capture data sharing session terminated successfully for package 'com.google.android.googlequicksearchbox'
11-12 22:31:37.338 1472 1811 D ActivityManager: sync unfroze 20437 com.google.android.gms
11-12 22:31:37.340 1472 1811 D ActivityManager: sync unfroze 7533 com.google.android.adservices.api
11-12 22:31:37.344 1472 1697 D ActivityManager: sync unfroze 5139 com.android.providers.calendar
11-12 22:31:37.363 1472 1697 D ActivityManager: sync unfroze 4760 com.google.android.apps.wallpaper
11-12 22:31:37.374 1472 4947 D ActivityManager: sync unfroze 32484 com.google.process.gservices
11-12 22:31:37.384 1472 1697 D ActivityManager: sync unfroze 1160 com.google.android.gms.unstable
11-12 22:31:37.539 1472 1695 W AlarmManager: Alarms must either supply a PendingIntent or an AlarmReceiver
11-12 22:31:37.568 1472 1695 D LocaleManagerService: getApplicationLocales: fetching locales for package com.google.android.googlequicksearchbox and user 0
11-12 22:31:37.568 1472 1695 W PackageConfigPersister: App-specific configuration not found for packageName: com.google.android.googlequicksearchbox and userId: 0
11-12 22:31:37.568 1472 1695 D LocaleManagerService: getApplicationLocales: application config not found for com.google.android.googlequicksearchbox and user id 0
11-12 22:31:37.569 1472 4950 D LocaleManagerService: getApplicationLocales: fetching locales for package com.google.android.googlequicksearchbox and user 0
11-12 22:31:37.569 1472 4950 W PackageConfigPersister: App-specific configuration not found for packageName: com.google.android.googlequicksearchbox and userId: 0
11-12 22:31:37.569 1472 4950 D LocaleManagerService: getApplicationLocales: application config not found for com.google.android.googlequicksearchbox and user id 0
11-12 22:31:37.570 1472 4949 D LocaleManagerService: getApplicationLocales: fetching locales for package com.google.android.googlequicksearchbox and user 0
11-12 22:31:37.570 1472 4949 W PackageConfigPersister: App-specific configuration not found for packageName: com.google.android.googlequicksearchbox and userId: 0
11-12 22:31:37.570 1472 4949 D LocaleManagerService: getApplicationLocales: application config not found for com.google.android.googlequicksearchbox and user id 0
11-12 22:31:37.570 1472 4949 D LocaleManagerService: getApplicationLocales: fetching locales for package com.google.android.googlequicksearchbox and user 0
11-12 22:31:37.570 1472 4949 W PackageConfigPersister: App-specific configuration not found for packageName: com.google.android.googlequicksearchbox and userId: 0
11-12 22:31:37.570 1472 4949 D LocaleManagerService: getApplicationLocales: application config not found for com.google.android.googlequicksearchbox and user id 0
11-12 22:31:37.571 1472 4949 D LocaleManagerService: getApplicationLocales: fetching locales for package com.google.android.googlequicksearchbox and user 0
11-12 22:31:37.571 1472 4949 W PackageConfigPersister: App-specific configuration not found for packageName: com.google.android.googlequicksearchbox and userId: 0
11-12 22:31:37.571 1472 4949 D LocaleManagerService: getApplicationLocales: application config not found for com.google.android.googlequicksearchbox and user id 0
11-12 22:31:37.598 1472 4950 W AlarmManager: Alarms must either supply a PendingIntent or an AlarmReceiver
11-12 22:31:37.612 1472 1694 D ActivityManager: sync unfroze 8510 com.google.android.apps.messaging
11-12 22:31:37.624 1472 1694 W AlarmManager: Alarms must either supply a PendingIntent or an AlarmReceiver
11-12 22:31:37.635 1472 1695 W AlarmManager: Alarms must either supply a PendingIntent or an AlarmReceiver
11-12 22:31:37.696 1472 4784 W AppOps : Noting op not finished: uid 10140 pkg com.google.android.gms code 113 startTime of in progress event=1699734589307
11-12 22:31:37.723 1472 4949 W AppOps : Noting op not finished: uid 10140 pkg com.google.android.gms code 113 startTime of in progress event=1699734589307
11-12 22:31:37.745 1472 2549 W AppOps : Noting op not finished: uid 10140 pkg com.google.android.gms code 79 startTime of in progress event=1699734589465
11-12 22:31:38.033 1472 4947 D ActivityManager: sync unfroze 2724 com.google.android.googlequicksearchbox:train
11-12 22:31:38.039 1472 4947 D ActivityManager: sync unfroze 25489 android.process.acore
11-12 22:31:38.388 1472 4784 E JobScheduler.JobStatus: App com.google.android.inputmethod.latin became active but still in NEVER bucket
11-12 22:31:38.403 1472 4784 E JobScheduler.JobStatus: App com.google.android.inputmethod.latin became active but still in NEVER bucket
11-12 22:31:38.414 1472 2549 E JobScheduler.JobStatus: App com.google.android.inputmethod.latin became active but still in NEVER bucket
11-12 22:31:38.429 1472 4947 E JobScheduler.JobStatus: App com.google.android.inputmethod.latin became active but still in NEVER bucket
11-12 22:31:38.579 1472 4784 D ActivityManager: sync unfroze 16945 com.google.android.apps.turbo:aab
11-12 22:31:38.585 1472 4784 D LocaleManagerService: getApplicationLocales: fetching locales for package com.google.android.googlequicksearchbox and user 0
11-12 22:31:38.585 1472 4784 W PackageConfigPersister: App-specific configuration not found for packageName: com.google.android.googlequicksearchbox and userId: 0
11-12 22:31:38.585 1472 4784 D LocaleManagerService: getApplicationLocales: application config not found for com.google.android.googlequicksearchbox and user id 0
11-12 22:31:38.586 1472 4784 D LocaleManagerService: getApplicationLocales: fetching locales for package com.google.android.googlequicksearchbox and user 0
11-12 22:31:38.586 1472 4784 W PackageConfigPersister: App-specific configuration not found for packageName: com.google.android.googlequicksearchbox and userId: 0
11-12 22:31:38.586 1472 4784 D LocaleManagerService: getApplicationLocales: application config not found for com.google.android.googlequicksearchbox and user id 0
11-12 22:31:38.674 1472 4947 D ActivityManager: sync unfroze 8423 com.google.android.turboadapter
11-12 22:31:38.683 1472 1986 D ActivityManager: sync unfroze 6263 com.google.android.rkpdapp
11-12 22:31:38.686 1472 1697 D ActivityManager: sync unfroze 10000 com.google.android.apps.turbo:ssb
11-12 22:31:39.157 1472 4938 D ActivityManager: sync unfroze 18662 com.google.process.gapps
11-12 22:31:40.389 1472 1797 D ActivityManager: sync unfroze 2098 com.google.android.permissioncontroller
11-12 22:31:40.427 1472 1472 V BackupManagerService: [UserID:0] Scheduling immediate backup pass
11-12 22:31:40.427 1472 1472 W BackupManagerService: [UserID:0] Backup pass but enabled=false setupComplete=true
11-12 22:31:40.442 1472 1472 D ActivityManager: sync unfroze 12364 com.google.android.settings.intelligence
11-12 22:31:40.478 1472 4938 D ActivityManager: sync unfroze 12137 com.google.android.apps.betterbug
11-12 22:31:40.550 1472 4950 D ActivityManager: sync unfroze 9086 com.google.android.apps.docs
11-12 22:31:40.568 1472 2549 D ActivityManager: sync unfroze 12046 com.google.android.apps.safetyhub
11-12 22:31:40.594 1472 2549 D ActivityManager: sync unfroze 20815 com.google.android.calendar
11-12 22:31:40.651 1472 1472 I StorageManagerService: Storage lifetime: 1
11-12 22:31:40.654 1472 1472 I StorageManagerService: Set smart idle maintenance: latest write amount: 47, average write amount: 205, min segment threshold: 512, dirty reclaim rate: 0.5, segment reclaim weight: 2.0, period(min): 60, min gc sleep time(ms): 5000, target dirty ratio: 80
11-12 22:31:40.655 548 560 I vold : Enough free segments: 42860
11-12 22:31:40.656 1472 1472 I SmartStorageMaintIdler: Got smart storage maintenance service completion callback
11-12 22:31:40.662 1472 4938 D ActivityManager: sync unfroze 15854 com.google.android.contacts
11-12 22:31:40.678 1472 4947 D ActivityManager: sync unfroze 12068 com.google.android.apps.gcs
11-12 22:31:40.686 1472 1472 W JobScheduler: Job didn't exist in JobStore: 147b67d #1000/2808 android/com.android.server.SmartStorageMaintIdler
11-12 22:31:40.714 1472 1622 D ActivityManager: sync unfroze 1220 com.google.android.apps.carrier.log
11-12 22:31:40.820 1472 4947 D ActivityManager: sync unfroze 17097 com.google.android.partnersetup
11-12 22:31:40.822 1472 1622 W ActivityManager: Unable to start service Intent { act=grpc.io.action.BIND cmp=com.google.android.apps.wear.companion/.wearappbridge.server.service.ExportedEndpointService } U=0: not found
11-12 22:31:40.823 1472 4938 W ActivityManager: Unbind failed: could not find connection for android.os.BinderProxy@c9ee3bd
11-12 22:31:40.845 1472 1622 W JobScheduler: Job didn't exist in JobStore: 18e5bbc #u0a115/4096 com.google.android.partnersetup/.InstalledAppJobService
11-12 22:31:40.974 1472 1622 D ActivityManager: sync unfroze 3415 com.google.android.gm
11-12 22:31:41.187 1472 2549 D ActivityManager: sync unfroze 12154 com.google.android.apps.wellbeing
11-12 22:31:41.203 1472 2549 D ActivityManager: sync unfroze 19250 com.android.vending:instant_app_installer
11-12 22:31:41.265 1472 4938 W JobScheduler: Job didn't exist in JobStore: 5a3eee0 #u0a136/165064389 com.android.vending/com.google.android.finsky.instantapps.metrics.LogFlushJob
11-12 22:31:41.351 1472 1828 I WatchlistLoggingHandler: No need to aggregate record yet.
11-12 22:31:41.351 1472 1828 I WatchlistLoggingHandler: Milliseconds spent on tryAggregateRecords(): 0
11-12 22:31:41.361 1472 1472 D ActivityManager: sync unfroze 19084 com.android.vending:background
11-12 22:31:41.390 1472 4938 D ActivityManager: sync unfroze 20517 com.android.vending
11-12 22:31:41.696 1472 1622 W ActivityManager: Unable to start service Intent { act=grpc.io.action.BIND cmp=com.google.android.apps.wear.companion/.wearappbridge.server.service.ExportedEndpointService } U=0: not found
11-12 22:31:41.697 1472 1622 W ActivityManager: Unbind failed: could not find connection for android.os.BinderProxy@240e919
11-12 22:31:43.179 1472 1986 W ActivityManager: Unable to start service Intent { act=grpc.io.action.BIND cmp=com.google.android.apps.wear.companion/.wearappbridge.server.service.ExportedEndpointService } U=0: not found
11-12 22:31:43.180 1472 1986 W ActivityManager: Unbind failed: could not find connection for android.os.BinderProxy@21eb2d9
11-12 22:31:45.713 1472 4947 W ActivityManager: Unable to start service Intent { act=grpc.io.action.BIND cmp=com.google.android.apps.wear.companion/.wearappbridge.server.service.ExportedEndpointService } U=0: not found
11-12 22:31:45.714 1472 4947 W ActivityManager: Unbind failed: could not find connection for android.os.BinderProxy@5c2346b
11-12 22:31:45.829 1472 4946 I DropBoxManagerService: add tag=platform_stats_bookmark isTagEnabled=true flags=0x2
11-12 22:31:45.873 1472 4946 I DropBoxManagerService: add tag=platform_stats_bookmark isTagEnabled=true flags=0x2
11-12 22:31:46.846 1472 1807 D ActivityManager: freezing 3999 com.android.keychain
11-12 22:31:47.384 1472 1807 D ActivityManager: freezing 4760 com.google.android.apps.wallpaper
11-12 22:31:47.445 1472 1807 D ActivityManager: freezing 5139 com.android.providers.calendar
11-12 22:31:48.717 1472 1807 D ActivityManager: freezing 10000 com.google.android.apps.turbo:ssb
11-12 22:31:48.723 1472 1807 D ActivityManager: freezing 6263 com.google.android.rkpdapp
11-12 22:31:48.753 1472 1807 D ActivityManager: freezing 8423 com.google.android.turboadapter
11-12 22:31:48.858 1472 1807 D ActivityManager: freezing 16945 com.google.android.apps.turbo:aab
11-12 22:31:49.258 595 23354 I keystore2: system/security/keystore2/src/watchdog.rs:319 - Watchdog thread idle -> terminating. Have a great day.
11-12 22:31:50.168 1472 4947 W ActivityManager: Unable to start service Intent { act=grpc.io.action.BIND cmp=com.google.android.apps.wear.companion/.wearappbridge.server.service.ExportedEndpointService } U=0: not found
11-12 22:31:50.170 1472 4947 W ActivityManager: Unbind failed: could not find connection for android.os.BinderProxy@b190370
11-12 22:31:50.639 1472 1807 D ActivityManager: freezing 9086 com.google.android.apps.docs
11-12 22:31:50.730 1472 1807 D ActivityManager: freezing 20815 com.google.android.calendar
11-12 22:31:50.857 1472 1807 D ActivityManager: freezing 17097 com.google.android.partnersetup
11-12 22:31:50.964 1472 1807 D ActivityManager: freezing 15854 com.google.android.contacts
11-12 22:31:50.967 1472 1807 D ActivityManager: freezing 12046 com.google.android.apps.safetyhub
11-12 22:31:51.181 1472 1807 D ActivityManager: freezing 2098 com.google.android.permissioncontroller
11-12 22:31:51.404 1472 1807 D ActivityManager: freezing 12154 com.google.android.apps.wellbeing
11-12 22:31:51.519 1472 1807 D ActivityManager: freezing 3415 com.google.android.gm
11-12 22:31:51.600 1472 1807 D ActivityManager: freezing 12137 com.google.android.apps.betterbug
11-12 22:31:51.621 1472 1807 D ActivityManager: freezing 12364 com.google.android.settings.intelligence
11-12 22:31:51.623 1472 1807 D ActivityManager: freezing 30461 com.android.settings
11-12 22:31:51.855 1472 1807 D ActivityManager: freezing 1220 com.google.android.apps.carrier.log
11-12 22:31:51.857 1472 1807 D ActivityManager: freezing 12068 com.google.android.apps.gcs
11-12 22:31:51.930 1472 1807 D ActivityManager: freezing 20517 com.android.vending
11-12 22:31:51.933 1472 1807 D ActivityManager: freezing 19084 com.android.vending:background
11-12 22:31:51.934 1472 1807 D ActivityManager: freezing 19250 com.android.vending:instant_app_installer
11-12 22:31:54.098 1472 1807 D ActivityManager: freezing 1160 com.google.android.gms.unstable
11-12 22:31:55.995 1472 1807 D ActivityManager: freezing 8510 com.google.android.apps.messaging
11-12 22:32:08.105 1472 1697 D ActivityManager: sync unfroze 1160 com.google.android.gms.unstable
11-12 22:43:25.117 1472 1807 D ActivityManager: freezing 19704 com.google.android.apps.turbo
11-12 22:49:36.514 1472 1807 D ActivityManager: freezing 7533 com.google.android.adservices.api
11-12 22:49:36.517 1472 1807 D ActivityManager: freezing 20437 com.google.android.gms
11-12 22:49:36.520 1472 1807 D ActivityManager: freezing 1160 com.google.android.gms.unstable
11-12 22:53:58.307 1472 1472 W Looper : Slow delivery took 226ms main h=android.os.Handler c=com.android.internal.os.BinderCallsStats$1@2e0d16a m=0
11-12 22:53:58.601 1472 1472 W Looper : Drained
11-12 23:00:00.321 1472 1697 D ActivityManager: sync unfroze 30461 com.android.settings
11-12 23:00:00.324 1472 1697 D ActivityManager: sync unfroze 3999 com.android.keychain
11-12 23:09:35.319 1472 1697 D ActivityManager: sync unfroze 19704 com.google.android.apps.turbo
11-12 23:09:35.358 1472 1696 E DiscreteRegistry: Deleting file 1699218388194tl
11-12 23:09:35.364 1472 3716 V BackupManagerConstants: getKeyValueBackupIntervalMilliseconds(...) returns 14400000
11-12 23:09:35.364 1472 3716 V BackupManagerConstants: getKeyValueBackupFuzzMilliseconds(...) returns 600000
11-12 23:09:35.364 1472 3716 V BackupManagerConstants: getKeyValueBackupRequiredNetworkType(...) returns 1
11-12 23:09:35.364 1472 3716 V BackupManagerConstants: getKeyValueBackupRequireCharging(...) returns true
11-12 23:09:35.364 1472 3716 V KeyValueBackupJob: Scheduling k/v pass in 244 minutes
11-12 23:49:35.309 1472 1807 D ActivityManager: freezing 18662 com.google.process.gapps
11-12 23:49:35.312 1472 1807 D ActivityManager: freezing 25489 android.process.acore
11-13 00:00:00.336 1472 1811 D ActivityManager: sync unfroze 20437 com.google.android.gms
11-13 00:00:00.339 1472 1811 D ActivityManager: sync unfroze 7533 com.google.android.adservices.api
11-13 00:12:43.402 1472 1694 I ContentCaptureManagerService: Data share request accepted by Content Capture service
11-13 00:59:59.563 1472 1807 D ActivityManager: freezing 20437 com.google.android.gms
11-13 00:59:59.568 1472 1807 D ActivityManager: freezing 7533 com.google.android.adservices.api
11-13 00:59:57.762 1472 1811 E LazyAlarmStore: Removed TIME_TICK alarm
11-13 00:59:57.768 1472 1697 D ActivityManager: sync unfroze 9105 com.google.android.youtube
11-13 00:59:57.770 1472 1697 D ActivityManager: sync unfroze 20437 com.google.android.gms
11-13 00:59:57.771 1472 1697 D ActivityManager: sync unfroze 7533 com.google.android.adservices.api
11-13 00:59:57.773 1472 1697 D ActivityManager: sync unfroze 3310 com.android.chrome
11-13 00:59:57.776 1472 1697 D ActivityManager: sync unfroze 13752 com.google.android.videos
11-13 00:59:57.779 1472 1697 D ActivityManager: sync unfroze 11615 com.google.android.tts
11-13 00:59:57.782 1472 1697 D ActivityManager: sync unfroze 6263 com.google.android.rkpdapp
11-13 00:59:57.785 1472 1697 D ActivityManager: sync unfroze 2098 com.google.android.permissioncontroller
11-13 00:59:57.791 1472 1797 E JobScheduler.JobStatus: App com.google.android.youtube became active but still in NEVER bucket
11-13 00:59:57.796 1472 1697 D ActivityManager: sync unfroze 6472 com.google.android.odad
11-13 00:59:57.817 1472 1697 D ActivityManager: sync unfroze 1160 com.google.android.gms.unstable
11-13 00:59:57.817 1472 1697 D ActivityManager: sync unfroze 18662 com.google.process.gapps
11-13 00:59:57.818 1472 1697 D ActivityManager: sync unfroze 28551 com.google.android.gms.ui
11-13 00:59:57.818 1472 1697 D ActivityManager: sync unfroze 10221 com.google.android.gms:snet
11-13 00:59:57.819 1472 1697 D ActivityManager: sync unfroze 28565 com.google.android.gms.feedback
11-13 00:59:57.826 1472 1697 D ActivityManager: sync unfroze 3415 com.google.android.gm
11-13 00:59:57.831 1472 1697 D ActivityManager: sync unfroze 18837 com.google.android.dialer
11-13 00:59:57.837 1472 1797 E JobScheduler.Quota: <0>com.google.android.dialer has 0 EJ quota without running anything
11-13 00:59:57.851 1472 1697 D ActivityManager: sync unfroze 29482 com.google.android.deskclock
11-13 00:59:57.857 1472 1697 D ActivityManager: sync unfroze 15854 com.google.android.contacts
11-13 00:59:57.860 1472 1797 E JobScheduler.Quota: <0>com.google.android.contacts has 0 EJ quota without running anything
11-13 00:59:57.930 1472 1697 D ActivityManager: sync unfroze 18500 com.google.android.apps.youtube.music
11-13 00:59:57.947 1472 1697 D ActivityManager: sync unfroze 12154 com.google.android.apps.wellbeing
11-13 00:59:57.955 1472 1797 E JobScheduler.JobStatus: App com.google.android.apps.youtube.music became active but still in NEVER bucket
11-13 00:59:57.958 1472 1697 D ActivityManager: sync unfroze 16945 com.google.android.apps.turbo:aab
11-13 00:59:57.958 1472 1697 D ActivityManager: sync unfroze 10000 com.google.android.apps.turbo:ssb
11-13 00:59:57.966 1472 1697 D ActivityManager: sync unfroze 12046 com.google.android.apps.safetyhub
11-13 00:59:57.971 1472 4947 W ActivityManager: Unable to start service Intent { act=grpc.io.action.BIND cmp=com.google.android.apps.wear.companion/.wearappbridge.server.service.ExportedEndpointService } U=0: not found
11-13 00:59:57.972 1472 1622 W ActivityManager: Unbind failed: could not find connection for android.os.BinderProxy@dc73d33
11-13 00:59:57.979 1472 1697 D ActivityManager: sync unfroze 8918 com.google.android.apps.photos
11-13 00:59:57.987 1472 1694 I ActivityManager: Background started FGS: Allowed [callingPackage: com.google.android.apps.wellbeing; callingUid: 10141; uidState: RCVR; uidBFSL: n/a; intent: Intent { cmp=com.google.android.apps.wellbeing/com.google.apps.tiktok.concurrent.InternalForegroundService (has extras) }; code:BACKGROUND_ACTIVITY_PERMISSION; tempAllowListReason:; targetSdkVersion:34; callerTargetSdkVersion:34; startForegroundCount:0; bindFromPackage:null: isBindService:false]
11-13 00:59:57.990 1472 1697 D ActivityManager: sync unfroze 18781 com.google.android.apps.nbu.files
11-13 00:59:57.994 1472 1688 D ColorDisplayService: Setting saturation level: 100
11-13 00:59:57.996 1472 4946 D WallpaperManagerService: WPMS.saveSettingsLocked-0
11-13 00:59:57.999 1472 4946 D WallpaperManagerService: WPMS.saveSettingsLocked-0
11-13 00:59:58.002 1472 4938 I ActivityManager: Short FGS started: ServiceRecord{aecc8f0 u0 com.google.android.apps.wellbeing/com.google.apps.tiktok.concurrent.InternalForegroundService}
11-13 00:59:58.003 1472 1696 I UsageStatsService: User[0] Time changed in by -2 seconds
11-13 00:59:58.003 1472 1696 I UsageStatsService: User[0] Flushing usage stats to disk
11-13 00:59:58.006 1472 1697 D ActivityManager: sync unfroze 8510 com.google.android.apps.messaging
11-13 00:59:58.033 1472 1697 D ActivityManager: sync unfroze 15281 com.google.android.apps.maps
11-13 00:59:58.040 1472 1622 W PackageManager: Cannot suspend package "com.android.vending": required for package verification
11-13 00:59:58.041 1472 1622 W PackageManager: Cannot suspend package "com.google.android.apps.work.oobconfig": protected package
11-13 00:59:58.041 1472 1622 W PackageManager: Cannot suspend the platform package: android
11-13 00:59:58.041 1472 1622 W PackageManager: Cannot suspend package "com.google.android.permissioncontroller": required for permissions management
11-13 00:59:58.042 1472 1622 W PackageManager: Cannot suspend package "com.google.android.dialer": is the default dialer
11-13 00:59:58.043 1472 1622 W PackageManager: Cannot suspend package "com.google.android.packageinstaller": required for package installation
11-13 00:59:58.043 1472 1622 W PackageManager: Cannot suspend package "com.google.android.apps.nexuslauncher": contains the active launcher
11-13 00:59:58.044 1472 1696 I UsageStatsDatabase: Time changed by -2s468ms. files deleted: 0 files moved: 21
11-13 00:59:58.052 1472 1696 I UsageStatsService: User[0] Rollover scheduled @ 2023-11-13 22:09:33(1699906173252)
11-13 00:59:58.074 1472 1697 D ActivityManager: sync unfroze 14998 com.google.android.projection.gearhead:car
11-13 00:59:58.078 1472 1697 D ActivityManager: sync unfroze 18802 com.google.android.apps.healthdata
11-13 00:59:58.087 1472 1697 D ActivityManager: sync unfroze 12068 com.google.android.apps.gcs
11-13 00:59:58.092 1472 1697 D ActivityManager: sync unfroze 20815 com.google.android.calendar
11-13 00:59:58.106 1472 1694 I ActivityManager: Stop short FGS timeout: ServiceRecord{aecc8f0 u0 com.google.android.apps.wellbeing/com.google.apps.tiktok.concurrent.InternalForegroundService}
11-13 00:59:58.122 1472 1697 D ActivityManager: sync unfroze 5139 com.android.providers.calendar
11-13 00:59:58.125 1472 1472 D DevicePolicyManager: updateSystemUpdateFreezePeriodsRecord
11-13 00:59:58.125 1472 1472 D ConditionProviders.SCP: onReceive android.intent.action.TIME_SET
11-13 00:59:58.125 1472 1472 D ConditionProviders.SCP: evaluateSubscriptionLocked cal=ScheduleCalendar[mDays={1, 2, 3, 4, 5, 6, 7}, mSchedule=ScheduleInfo{days=[1, 2, 3, 4, 5, 6, 7], startHour=22, startMinute=0, endHour=7, endMinute=0, exitAtAlarm=true, nextAlarm=Thu Jan 01 02:00:00 GMT+02:00 1970 (0)}], now=Mon Nov 13 00:59:58 GMT+02:00 2023 (1699829998125), nextUserAlarmTime=Thu Jan 01 02:00:00 GMT+02:00 1970 (0)
11-13 00:59:58.125 1472 1472 D ConditionProviders.SCP: notifyCondition condition://android/schedule?days=1.2.3.4.5.6.7&start=22.0&end=7.0&exitAtAlarm=true STATE_TRUE reason=meetsSchedule
11-13 00:59:58.126 1472 1472 D ConditionProviders.SCP: Scheduling evaluate for Mon Nov 13 07:00:00 GMT+02:00 2023 (1699851600000), in +6h0m1s875ms, now=Mon Nov 13 00:59:58 GMT+02:00 2023 (1699829998125)
11-13 00:59:58.333 1472 1696 I UsageStatsService: Time changed in by -2 seconds
11-13 00:59:58.568 1472 1986 D CompatibilityChangeReporter: Compat change id reported: 183164979; UID 10167; state: ENABLED
11-13 00:59:59.158 1472 1694 E JobScheduler.JobStatus: App com.google.android.youtube became active but still in NEVER bucket
11-13 00:59:59.553 1472 4946 E JobScheduler.JobStatus: App com.google.android.youtube became active but still in NEVER bucket
11-13 00:59:59.639 1472 4946 E JobScheduler.JobStatus: App com.google.android.youtube became active but still in NEVER bucket
11-13 00:59:59.814 1472 1694 E JobScheduler.JobStatus: App com.google.android.apps.youtube.music became active but still in NEVER bucket
11-13 00:59:59.846 1472 4946 E JobScheduler.JobStatus: App com.google.android.apps.youtube.music became active but still in NEVER bucket
11-13 00:59:59.877 1472 4946 E JobScheduler.JobStatus: App com.google.android.youtube became active but still in NEVER bucket
11-13 00:59:59.900 1472 4946 E JobScheduler.JobStatus: App com.google.android.youtube became active but still in NEVER bucket
11-13 00:59:59.933 1472 4946 E JobScheduler.JobStatus: App com.google.android.youtube became active but still in NEVER bucket
11-13 01:00:00.575 1472 4946 E JobScheduler.JobStatus: App com.google.android.youtube became active but still in NEVER bucket
11-13 01:00:00.597 1472 4946 E JobScheduler.JobStatus: App com.google.android.youtube became active but still in NEVER bucket
11-13 01:00:03.889 1472 1688 D ColorDisplayService: GlobalSaturationTintController Animation cancelled: false to matrix:
11-13 01:00:03.889 1472 1688 D ColorDisplayService: 1.000000 0.000000 0.000000 0.000000 0.000000 1.000000 0.000000 0.000000 0.000000 0.000000 1.000000 0.000000 0.000000 0.000000 0.000000 1.000000 min matrix coefficients:
11-13 01:00:03.889 1472 1688 D ColorDisplayService: 1.000000 0.000000 0.000000 0.000000 0.000000 1.000000 0.000000 0.000000 0.000000 0.000000 1.000000 0.000000 0.000000 0.000000 0.000000 1.000000 max matrix coefficients:
11-13 01:00:03.889 1472 1688 D ColorDisplayService: 1.000000 0.000000 0.000000 0.000000 0.000000 1.000000 0.000000 0.000000 0.000000 0.000000 1.000000 0.000000 0.000000 0.000000 0.000000 1.000000
11-13 01:34:23.886 1472 1472 W Looper : Slow delivery took 219ms main h=com.android.server.alarm.AlarmManagerService$AlarmHandler c=null m=15
11-13 01:39:33.896 1472 1472 W Looper : Drained
11-13 01:59:33.647 1472 1807 D ActivityManager: freezing 30461 com.android.settings
11-13 01:59:33.651 1472 1807 D ActivityManager: freezing 3999 com.android.keychain
11-13 02:00:00.065 1472 1697 D ActivityManager: sync unfroze 30461 com.android.settings
11-13 02:00:00.067 1472 1697 D ActivityManager: sync unfroze 3999 com.android.keychain
11-13 02:00:00.131 1472 1694 I ActivityManager: Process com.google.android.contacts (pid 15854) has died: cch+25 CEM
11-13 02:00:00.134 1472 1686 D DisplayManagerService: Drop pending events for gone uid 10185
11-13 02:29:32.893 1472 1807 D ActivityManager: freezing 11615 com.google.android.tts
11-13 02:29:32.896 1472 1807 D ActivityManager: freezing 13752 com.google.android.videos
11-13 02:29:32.897 1472 1807 D ActivityManager: freezing 9105 com.google.android.youtube
11-13 02:29:32.903 1472 1807 D ActivityManager: freezing 3310 com.android.chrome
11-13 02:29:32.903 1472 1807 D ActivityManager: Reschedule freeze for process 3310 com.android.chrome (outstanding txns)
11-13 02:29:32.903 1472 1807 D ActivityManager: freezing 2098 com.google.android.permissioncontroller
11-13 02:29:32.905 1472 1807 D ActivityManager: freezing 6263 com.google.android.rkpdapp
11-13 02:29:32.906 1472 1807 D ActivityManager: freezing 6472 com.google.android.odad
11-13 02:29:32.913 1472 1807 D ActivityManager: freezing 1160 com.google.android.gms.unstable
11-13 02:29:32.915 1472 1807 D ActivityManager: freezing 18662 com.google.process.gapps
11-13 02:29:32.917 1472 1807 D ActivityManager: freezing 28551 com.google.android.gms.ui
11-13 02:29:32.919 1472 1807 D ActivityManager: freezing 10221 com.google.android.gms:snet
11-13 02:29:32.920 1472 1807 D ActivityManager: freezing 28565 com.google.android.gms.feedback
11-13 02:29:32.922 1472 1807 D ActivityManager: freezing 2724 com.google.android.googlequicksearchbox:train
11-13 02:29:32.923 1472 1807 D ActivityManager: freezing 3415 com.google.android.gm
11-13 02:29:32.925 1472 1807 D ActivityManager: freezing 18837 com.google.android.dialer
11-13 02:29:32.926 1472 1807 D ActivityManager: freezing 29482 com.google.android.deskclock
11-13 02:29:32.928 1472 1807 D ActivityManager: freezing 18500 com.google.android.apps.youtube.music
11-13 02:29:32.931 1472 1807 D ActivityManager: freezing 12154 com.google.android.apps.wellbeing
11-13 02:29:32.933 1472 1807 D ActivityManager: freezing 16945 com.google.android.apps.turbo:aab
11-13 02:29:32.934 1472 1807 D ActivityManager: freezing 10000 com.google.android.apps.turbo:ssb
11-13 02:29:32.935 1472 1807 D ActivityManager: freezing 12046 com.google.android.apps.safetyhub
11-13 02:29:32.936 1472 1807 D ActivityManager: freezing 8918 com.google.android.apps.photos
11-13 02:29:32.938 1472 1807 D ActivityManager: freezing 18781 com.google.android.apps.nbu.files
11-13 02:29:32.939 1472 1807 D ActivityManager: freezing 8510 com.google.android.apps.messaging
11-13 02:29:32.942 1472 1807 D ActivityManager: freezing 18802 com.google.android.apps.healthdata
11-13 02:29:32.943 1472 1807 D ActivityManager: freezing 15281 com.google.android.apps.maps
11-13 02:29:32.945 1472 1807 D ActivityManager: freezing 14998 com.google.android.projection.gearhead:car
11-13 02:29:33.320 1472 1807 D ActivityManager: freezing 12068 com.google.android.apps.gcs
11-13 02:29:33.322 1472 1807 D ActivityManager: freezing 20815 com.google.android.calendar
11-13 02:45:12.563 1472 1863 W ContextImpl: Calling a method in the system process without a qualified user: android.app.ContextImpl.sendStickyBroadcast:1626 com.android.server.wifi.ClientModeImpl.sendNetworkChangeBroadcast:2995 com.android.server.wifi.ClientModeImpl.lambda$sendNetworkChangeBroadcastWithCurrentState$14:2972 com.android.server.wifi.ClientModeImpl.$r8$lambda$q-j88Pjw4gROgoJFr8wBlBVbuJI:0 com.android.server.wifi.ClientModeImpl$$ExternalSyntheticLambda4.send:0
11-13 02:45:12.610 1067 1067 I wificond: Receive notifyCountryCodeChanged
11-13 02:45:12.610 1067 1067 I wificond: UpdateBandInfo
11-13 02:45:12.624 1067 1067 I wificond: 2.4Ghz frequencies: 2412 2417 2422 2427 2432 2437 2442 2447 2452 2457 2462 2467 2472
11-13 02:45:12.624 1067 1067 I wificond: 5Ghz non-DFS frequencies: 5745 5765 5785 5805 5825
11-13 02:45:12.624 1067 1067 I wificond: 5Ghz DFS frequencies: 5180 5200 5220 5240 5260 5280 5300 5320 5500 5520 5540 5560 5580 5600 5620 5640 5660 5680 5700
11-13 02:45:12.624 1067 1067 I wificond: 6Ghz frequencies: 5955 5975 5995 6015 6035 6055 6075 6095 6115 6135 6155 6175 6195 6215 6235 6255 6275 6295 6315 6335 6355 6375 6395 6415
11-13 02:45:12.624 1067 1067 I wificond: 60Ghz frequencies:
11-13 02:45:12.643 936 2866 D vendor.google.wifi_ext-service-vendor: SetMacAddress succeeded on wlan0
11-13 02:45:12.701 1472 1871 W ContextImpl: Calling a method in the system process without a qualified user: android.app.ContextImpl.sendStickyBroadcast:1626 android.net.connectivity.com.android.server.ConnectivityService.sendStickyBroadcast:3117 android.net.connectivity.com.android.server.ConnectivityService.sendLegacyNetworkBroadcast:9874 android.net.connectivity.com.android.server.ConnectivityService$LegacyTypeTracker.remove:1145 android.net.connectivity.com.android.server.ConnectivityService$LegacyTypeTracker.remove:1162
11-13 02:45:12.740 1067 1067 I wificond: Pno scan started for frequencies: 2412, 2462,
11-13 02:45:12.741 1472 4946 W ContextImpl: Calling a method in the system process without a qualified user: android.app.ContextImpl.sendBroadcastMultiplePermissions:1270 android.content.Context.sendBroadcastMultiplePermissions:2476 com.android.server.TelephonyRegistry.broadcastServiceStateChanged:3540 com.android.server.TelephonyRegistry.notifyServiceStateForPhoneId:1728 com.android.internal.telephony.ITelephonyRegistry$Stub.onTransact:534
11-13 02:45:12.742 1472 4946 W ContextImpl: Calling a method in the system process without a qualified user: android.app.ContextImpl.sendBroadcastMultiplePermissions:1303 com.android.server.TelephonyRegistry.broadcastServiceStateChanged:3545 com.android.server.TelephonyRegistry.notifyServiceStateForPhoneId:1728 com.android.internal.telephony.ITelephonyRegistry$Stub.onTransact:534 android.os.Binder.execTransactInternal:1339
11-13 02:45:12.744 1472 4946 W ContextImpl: Calling a method in the system process without a qualified user: android.app.ContextImpl.sendBroadcastMultiplePermissions:1303 com.android.server.TelephonyRegistry.broadcastServiceStateChanged:3554 com.android.server.TelephonyRegistry.notifyServiceStateForPhoneId:1728 com.android.internal.telephony.ITelephonyRegistry$Stub.onTransact:534 android.os.Binder.execTransactInternal:1339
11-13 02:45:12.746 1472 4946 W ContextImpl: Calling a method in the system process without a qualified user: android.app.ContextImpl.sendBroadcastMultiplePermissions:1303 com.android.server.TelephonyRegistry.broadcastServiceStateChanged:3560 com.android.server.TelephonyRegistry.notifyServiceStateForPhoneId:1728 com.android.internal.telephony.ITelephonyRegistry$Stub.onTransact:534 android.os.Binder.execTransactInternal:1339
11-13 02:45:12.748 1472 1697 D ActivityManager: sync unfroze 2609 com.google.android.cellbroadcastreceiver
11-13 02:45:12.840 1067 1067 I wificond: Pno scan result ready event
11-13 02:45:12.978 936 2866 D vendor.google.wifi_ext-service-vendor: SetMacAddress succeeded on wlan0
11-13 02:45:12.983 1067 1067 W wificond: Scan is not started. Ignore abort request
11-13 02:45:12.996 1472 1863 W ContextImpl: Calling a method in the system process without a qualified user: android.app.ContextImpl.sendStickyBroadcast:1626 com.android.server.wifi.ClientModeImpl.sendNetworkChangeBroadcast:2995 com.android.server.wifi.ClientModeImpl.lambda$sendNetworkChangeBroadcastWithCurrentState$14:2972 com.android.server.wifi.ClientModeImpl.$r8$lambda$q-j88Pjw4gROgoJFr8wBlBVbuJI:0 com.android.server.wifi.ClientModeImpl$$ExternalSyntheticLambda4.send:0
11-13 02:45:13.080 1067 1067 I wificond: Pno scan stopped
11-13 02:45:13.232 1472 1697 D ActivityManager: sync unfroze 8510 com.google.android.apps.messaging
11-13 02:45:13.265 1472 1697 D ActivityManager: sync unfroze 12364 com.google.android.settings.intelligence
11-13 02:45:13.326 1472 1472 I ContentCaptureManagerService: Content capture data sharing session terminated successfully for package 'com.google.android.googlequicksearchbox'
11-13 02:45:13.353 1472 1863 W ContextImpl: Calling a method in the system process without a qualified user: android.app.ContextImpl.sendStickyBroadcast:1626 com.android.server.wifi.ClientModeImpl.sendNetworkChangeBroadcast:2995 com.android.server.wifi.ClientModeImpl.lambda$sendNetworkChangeBroadcastWithCurrentState$14:2972 com.android.server.wifi.ClientModeImpl.$r8$lambda$q-j88Pjw4gROgoJFr8wBlBVbuJI:0 com.android.server.wifi.ClientModeImpl$$ExternalSyntheticLambda4.send:0
11-13 02:45:13.409 1472 1863 W ContextImpl: Calling a method in the system process without a qualified user: android.app.ContextImpl.sendStickyBroadcast:1626 com.android.server.wifi.ClientModeImpl.sendNetworkChangeBroadcast:2995 com.android.server.wifi.ClientModeImpl.lambda$sendNetworkChangeBroadcastWithCurrentState$14:2972 com.android.server.wifi.ClientModeImpl.$r8$lambda$q-j88Pjw4gROgoJFr8wBlBVbuJI:0 com.android.server.wifi.ClientModeImpl$$ExternalSyntheticLambda4.send:0
11-13 02:45:13.423 1472 1863 W ContextImpl: Calling a method in the system process without a qualified user: android.app.ContextImpl.sendStickyBroadcast:1626 com.android.server.wifi.ClientModeImpl.sendNetworkChangeBroadcast:2995 com.android.server.wifi.ClientModeImpl.lambda$sendNetworkChangeBroadcastWithCurrentState$14:2972 com.android.server.wifi.ClientModeImpl.$r8$lambda$q-j88Pjw4gROgoJFr8wBlBVbuJI:0 com.android.server.wifi.ClientModeImpl$$ExternalSyntheticLambda4.send:0
11-13 02:45:13.887 1472 1863 W ContextImpl: Calling a method in the system process without a qualified user: android.app.ContextImpl.sendStickyBroadcast:1626 com.android.server.wifi.ClientModeImpl.sendNetworkChangeBroadcast:2995 com.android.server.wifi.ClientModeImpl.lambda$sendNetworkChangeBroadcastWithCurrentState$14:2972 com.android.server.wifi.ClientModeImpl.$r8$lambda$q-j88Pjw4gROgoJFr8wBlBVbuJI:0 com.android.server.wifi.ClientModeImpl$$ExternalSyntheticLambda4.send:0
11-13 02:45:13.907 1472 1863 W ContextImpl: Calling a method in the system process without a qualified user: android.app.ContextImpl.sendStickyBroadcast:1626 com.android.server.wifi.ClientModeImpl.sendNetworkChangeBroadcast:2995 com.android.server.wifi.ClientModeImpl.lambda$sendNetworkChangeBroadcastWithCurrentState$14:2972 com.android.server.wifi.ClientModeImpl.$r8$lambda$q-j88Pjw4gROgoJFr8wBlBVbuJI:0 com.android.server.wifi.ClientModeImpl$$ExternalSyntheticLambda4.send:0
11-13 02:45:14.087 936 2866 I vendor.google.wifi_ext-service-vendor: Wifi: Resetting SAR Scenario to default
11-13 02:45:14.100 1472 1871 W ContextImpl: Calling a method in the system process without a qualified user: android.app.ContextImpl.sendStickyBroadcast:1626 android.net.connectivity.com.android.server.ConnectivityService.sendStickyBroadcast:3117 android.net.connectivity.com.android.server.ConnectivityService.sendGeneralBroadcast:3087 android.net.connectivity.com.android.server.ConnectivityService.sendConnectedBroadcast:3060 android.net.connectivity.com.android.server.ConnectivityService.sendLegacyNetworkBroadcast:9846
11-13 02:45:14.150 1472 1987 W ContextImpl: Calling a method in the system process without a qualified user: android.app.ContextImpl.sendBroadcastMultiplePermissions:1270 android.content.Context.sendBroadcastMultiplePermissions:2476 com.android.server.TelephonyRegistry.broadcastServiceStateChanged:3540 com.android.server.TelephonyRegistry.notifyServiceStateForPhoneId:1728 com.android.internal.telephony.ITelephonyRegistry$Stub.onTransact:534
11-13 02:45:14.152 1472 1987 W ContextImpl: Calling a method in the system process without a qualified user: android.app.ContextImpl.sendBroadcastMultiplePermissions:1303 com.android.server.TelephonyRegistry.broadcastServiceStateChanged:3545 com.android.server.TelephonyRegistry.notifyServiceStateForPhoneId:1728 com.android.internal.telephony.ITelephonyRegistry$Stub.onTransact:534 android.os.Binder.execTransactInternal:1339
11-13 02:45:14.153 1472 1987 W ContextImpl: Calling a method in the system process without a qualified user: android.app.ContextImpl.sendBroadcastMultiplePermissions:1303 com.android.server.TelephonyRegistry.broadcastServiceStateChanged:3554 com.android.server.TelephonyRegistry.notifyServiceStateForPhoneId:1728 com.android.internal.telephony.ITelephonyRegistry$Stub.onTransact:534 android.os.Binder.execTransactInternal:1339
11-13 02:45:14.155 1472 1987 W ContextImpl: Calling a method in the system process without a qualified user: android.app.ContextImpl.sendBroadcastMultiplePermissions:1303 com.android.server.TelephonyRegistry.broadcastServiceStateChanged:3560 com.android.server.TelephonyRegistry.notifyServiceStateForPhoneId:1728 com.android.internal.telephony.ITelephonyRegistry$Stub.onTransact:534 android.os.Binder.execTransactInternal:1339
11-13 02:45:14.181 1472 1871 W ContextImpl: Calling a method in the system process without a qualified user: android.app.ContextImpl.sendStickyBroadcast:1626 android.net.connectivity.com.android.server.ConnectivityService.sendStickyBroadcast:3117 android.net.connectivity.com.android.server.ConnectivityService.sendGeneralBroadcast:3087 android.net.connectivity.com.android.server.ConnectivityService.sendInetConditionBroadcast:3064 android.net.connectivity.com.android.server.ConnectivityService.updateInetCondition:9564
11-13 02:45:15.108 1472 1807 D ActivityManager: freezing 3310 com.android.chrome
11-13 02:59:33.867 1472 1807 D ActivityManager: freezing 30461 com.android.settings
11-13 02:59:33.871 1472 1807 D ActivityManager: freezing 5139 com.android.providers.calendar
11-13 02:59:33.873 1472 1807 D ActivityManager: freezing 3999 com.android.keychain
11-13 03:00:00.046 1472 1697 D ActivityManager: sync unfroze 30461 com.android.settings
11-13 03:00:00.049 1472 1697 D ActivityManager: sync unfroze 3999 com.android.keychain
11-13 03:19:34.181 1472 1807 D ActivityManager: freezing 19704 com.google.android.apps.turbo
11-13 03:29:32.884 1472 1697 D ActivityManager: sync unfroze 19704 com.google.android.apps.turbo
11-13 03:29:32.932 595 24223 I keystore2: system/security/keystore2/src/watchdog.rs:319 - Watchdog thread idle -> terminating. Have a great day.
11-13 03:29:33.639 1472 1807 D ActivityManager: freezing 2609 com.google.android.cellbroadcastreceiver
11-13 03:29:34.083 1472 1807 D ActivityManager: freezing 7533 com.google.android.adservices.api
11-13 03:29:34.086 1472 1807 D ActivityManager: freezing 20437 com.google.android.gms
11-13 03:29:34.090 1472 1807 D ActivityManager: freezing 8510 com.google.android.apps.messaging
11-13 04:32:05.152 1472 1811 E AlarmManager: Attempt to decrement existing alarm count 0 by 1 for uid 1000
11-13 04:32:05.203 1472 1697 D ActivityManager: sync unfroze 7533 com.google.android.adservices.api
11-13 04:32:05.204 1472 1697 D ActivityManager: sync unfroze 20437 com.google.android.gms
11-13 04:32:05.210 1472 1697 D ActivityManager: sync unfroze 1160 com.google.android.gms.unstable
11-13 04:32:05.225 1472 1697 D ActivityManager: sync unfroze 5139 com.android.providers.calendar
11-13 04:32:05.249 1472 1697 D ActivityManager: sync unfroze 20815 com.google.android.calendar
11-13 04:32:05.273 1472 1797 D ActivityManager: sync unfroze 8510 com.google.android.apps.messaging
11-13 04:32:05.327 1472 4938 W AlarmManager: Alarms must either supply a PendingIntent or an AlarmReceiver
11-13 04:32:05.350 1472 2557 W AppOps : Noting op not finished: uid 10140 pkg com.google.android.gms code 113 startTime of in progress event=1699829998109
11-13 04:32:05.363 1472 1987 W AppOps : Noting op not finished: uid 10140 pkg com.google.android.gms code 113 startTime of in progress event=1699829998109
11-13 04:32:05.371 1472 1696 E DiscreteRegistry: Deleting file 1699236000135tl
11-13 04:32:05.376 1472 1987 D ActivityManager: sync unfroze 4624 android.process.media
11-13 04:32:05.474 1472 4946 W AppOps : Noting op not finished: uid 10140 pkg com.google.android.gms code 79 startTime of in progress event=1699829998109
11-13 04:32:05.510 1472 4801 W AlarmManager: Alarms must either supply a PendingIntent or an AlarmReceiver
11-13 04:32:05.522 1472 4938 W AlarmManager: Alarms must either supply a PendingIntent or an AlarmReceiver
11-13 04:32:05.696 1472 4801 E JobScheduler.JobStatus: App com.google.android.inputmethod.latin became active but still in NEVER bucket
11-13 04:32:05.736 1472 1694 E JobScheduler.JobStatus: App com.google.android.inputmethod.latin became active but still in NEVER bucket
11-13 04:32:05.753 1472 1622 W ActivityManager: Unable to start service Intent { act=grpc.io.action.BIND cmp=com.google.android.apps.nest.dockmanager.app/.service.DockManagerAndroidService } U=0: not found
11-13 04:32:05.778 1472 2557 W ActivityManager: Unbind failed: could not find connection for android.os.BinderProxy@32fa842
11-13 04:32:05.813 1472 1987 D ActivityManager: sync unfroze 18662 com.google.process.gapps
11-13 04:32:05.849 1472 1622 E JobScheduler.JobStatus: App com.google.android.inputmethod.latin became active but still in NEVER bucket
11-13 04:32:05.866 1472 1622 E JobScheduler.JobStatus: App com.google.android.inputmethod.latin became active but still in NEVER bucket
11-13 04:32:06.053 1472 4960 D ActivityManager: sync unfroze 16945 com.google.android.apps.turbo:aab
11-13 04:32:06.117 1472 4938 D ActivityManager: sync unfroze 8423 com.google.android.turboadapter
11-13 04:32:06.517 1472 4946 D ActivityManager: sync unfroze 25489 android.process.acore
11-13 04:32:06.679 1472 1987 W ActivityManager: Unable to start service Intent { act=grpc.io.action.BIND cmp=com.google.android.apps.nest.dockmanager.app/.service.DockManagerAndroidService } U=0: not found
11-13 04:32:06.682 1472 1987 W ActivityManager: Unbind failed: could not find connection for android.os.BinderProxy@6f1987f
11-13 04:32:06.705 1472 4938 E JobScheduler.JobStatus: App com.google.android.inputmethod.latin became active but still in NEVER bucket
11-13 04:32:07.182 20437 23374 W PackageParser: Unknown element under : queries at /data/user_de/0/com.google.android.gms/app_chimera/m/000000c9/dl-AdsFdrDynamite.integ_233012802100000.apk Binary XML file line #15
11-13 04:32:07.202 20437 23374 W PackageParser: Unknown element under : queries at /data/user_de/0/com.google.android.gms/app_chimera/m/0000013d/dl-AdsFdrDynamite.integ_233702200100000.apk Binary XML file line #15
11-13 04:32:08.281 1472 1797 D ActivityManager: sync unfroze 8918 com.google.android.apps.photos
11-13 04:32:08.320 1472 1797 D ActivityManager: sync unfroze 12046 com.google.android.apps.safetyhub
11-13 04:32:08.338 1472 1622 W JobScheduler: Job didn't exist in JobStore: 827e396 #u0a158/201471527 com.google.android.apps.scone/.awareness.OosObserver
11-13 04:32:08.338 1472 2557 W ActivityManager: Unable to start service Intent { act=grpc.io.action.BIND cmp=com.google.android.apps.nest.dockmanager.app/.service.DockManagerAndroidService } U=0: not found
11-13 04:32:08.338 1472 2557 W ActivityManager: Unbind failed: could not find connection for android.os.BinderProxy@5f449b0
11-13 04:32:08.426 1472 1622 D ActivityManager: sync unfroze 20517 com.android.vending
11-13 04:32:08.464 1472 1472 I StorageManagerService: Storage lifetime: 1
11-13 04:32:08.465 1472 1472 I StorageManagerService: Set smart idle maintenance: latest write amount: 24, average write amount: 203, min segment threshold: 512, dirty reclaim rate: 0.5, segment reclaim weight: 2.0, period(min): 60, min gc sleep time(ms): 5000, target dirty ratio: 80
11-13 04:32:08.467 548 560 I vold : Enough free segments: 42856
11-13 04:32:08.467 1472 1472 I SmartStorageMaintIdler: Got smart storage maintenance service completion callback
11-13 04:32:08.472 1472 1622 W UriGrantsManagerService: No permission grants found for com.google.android.apps.photos
11-13 04:32:08.476 1472 2557 D ActivityManager: sync unfroze 12068 com.google.android.apps.gcs
11-13 04:32:08.481 1472 1472 W JobScheduler: Job didn't exist in JobStore: c4964f0 #1000/2808 android/com.android.server.SmartStorageMaintIdler
11-13 04:32:08.496 1472 1622 W UriGrantsManagerService: No permission grants found for com.google.android.apps.photos
11-13 04:32:08.512 1472 1622 D ActivityManager: sync unfroze 17097 com.google.android.partnersetup
11-13 04:32:08.525 1472 4960 W JobScheduler: Job didn't exist in JobStore: 6bf1cac #u0a115/4096 com.google.android.partnersetup/.InstalledAppJobService
11-13 04:32:08.557 1472 1987 D ActivityManager: sync unfroze 12137 com.google.android.apps.betterbug
