11-14 12:39:33.552 1472 1694 D ActivityManager: sync unfroze 32484 com.google.process.gservices
11-14 13:32:37.470 1472 1696 E DiscreteRegistry: Deleting file 1699356329016tl
11-14 13:32:35.144 1472 1811 E LazyAlarmStore: Removed TIME_TICK alarm
11-14 13:32:35.159 1472 1697 D ActivityManager: sync unfroze 29322 com.google.android.youtube
11-14 13:32:35.165 1472 1697 D ActivityManager: sync unfroze 3310 com.android.chrome
11-14 13:32:35.170 1472 1697 D ActivityManager: sync unfroze 13752 com.google.android.videos
11-14 13:32:35.175 1472 1697 D ActivityManager: sync unfroze 11615 com.google.android.tts
11-14 13:32:35.179 1472 1697 D ActivityManager: sync unfroze 6263 com.google.android.rkpdapp
11-14 13:32:35.182 1472 1697 D ActivityManager: sync unfroze 2098 com.google.android.permissioncontroller
11-14 13:32:35.188 1472 1797 E JobScheduler.JobStatus: App com.google.android.youtube became active but still in NEVER bucket
11-14 13:32:35.188 1472 1797 E JobScheduler.JobStatus: App com.google.android.youtube became active but still in NEVER bucket
11-14 13:32:35.192 1472 1696 I UsageStatsService: Time changed in by -2 seconds
11-14 13:32:35.193 1472 4946 D ActivityManager: sync unfroze 31668 com.google.android.gms
11-14 13:32:35.199 1472 1697 D ActivityManager: sync unfroze 6472 com.google.android.odad
11-14 13:34:22.289 1472 1697 D ActivityManager: sync unfroze 1160 com.google.android.gms.unstable
11-14 13:34:22.290 1472 1696 I UsageStatsService: User[0] Time changed in by -2 seconds
11-14 13:34:22.290 1472 1696 I UsageStatsService: User[0] Flushing usage stats to disk
11-14 13:34:22.292 1472 1697 D ActivityManager: sync unfroze 10221 com.google.android.gms:snet
11-14 13:34:22.293 1472 1697 D ActivityManager: sync unfroze 28565 com.google.android.gms.feedback
11-14 13:34:22.293 1472 1697 D ActivityManager: sync unfroze 28551 com.google.android.gms.ui
11-14 13:34:22.294 1472 1697 D ActivityManager: sync unfroze 18662 com.google.process.gapps
11-14 13:34:22.316 1472 1697 D ActivityManager: sync unfroze 3415 com.google.android.gm
11-14 13:34:22.323 1472 1697 D ActivityManager: sync unfroze 18837 com.google.android.dialer
11-14 13:34:22.336 1472 1686 W Looper : Slow dispatch took 301ms android.ui h=com.android.server.am.ActivityManagerService$UiHandler c=null m=68
11-14 13:34:22.336 1472 1686 W Looper : Slow delivery took 329ms android.ui h=com.android.server.am.ActivityManagerService$UiHandler c=null m=31
11-14 13:34:22.343 1472 1696 I UsageStatsDatabase: Time changed by -2s428ms. files deleted: 0 files moved: 21
11-14 13:34:22.348 1472 1797 E JobScheduler.Quota: <0>com.google.android.dialer has 0 EJ quota without running anything
11-14 13:34:22.357 1472 1697 D ActivityManager: sync unfroze 29482 com.google.android.deskclock
11-14 13:34:22.360 1472 1697 D ActivityManager: sync unfroze 31802 com.google.android.contacts
11-14 13:34:22.362 1472 1696 I UsageStatsService: User[0] Rollover scheduled @ 2023-11-14 22:10:20(1699992620487)
11-14 13:34:22.366 1472 1697 D CompatibilityChangeReporter: Compat change id reported: 177438394; UID 10167; state: DISABLED
11-14 13:34:22.366 1472 1697 D CompatibilityChangeReporter: Compat change id reported: 135772972; UID 10167; state: DISABLED
11-14 13:34:22.366 1472 1697 D CompatibilityChangeReporter: Compat change id reported: 135754954; UID 10167; state: ENABLED
11-14 13:34:22.367 1472 1698 D CompatibilityChangeReporter: Compat change id reported: 143937733; UID 10167; state: ENABLED
11-14 13:34:22.372 1472 1697 D ActivityManager: sync unfroze 12154 com.google.android.apps.wellbeing
11-14 13:34:22.378 1472 1697 D ActivityManager: sync unfroze 16945 com.google.android.apps.turbo:aab
11-14 13:34:22.379 1472 1697 D ActivityManager: sync unfroze 10000 com.google.android.apps.turbo:ssb
11-14 13:34:22.381 1472 1686 W Looper : Drained
11-14 13:34:22.388 1472 1698 I ActivityManager: Start proc 4441:com.google.android.apps.youtube.music/u0a167 for broadcast {com.google.android.apps.youtube.music/androidx.work.impl.background.systemalarm.RescheduleReceiver}
11-14 13:34:22.402 1472 1697 D ActivityManager: sync unfroze 12046 com.google.android.apps.safetyhub
11-14 13:34:22.407 1472 1697 D ActivityManager: sync unfroze 8918 com.google.android.apps.photos
11-14 13:34:22.413 1472 1694 W ActivityManager: Unable to start service Intent { act=grpc.io.action.BIND cmp=com.google.android.apps.wear.companion/.wearappbridge.server.service.ExportedEndpointService } U=0: not found
11-14 13:34:22.420 1472 1797 E JobScheduler.Quota: <0>com.google.android.contacts has 0 EJ quota without running anything
11-14 13:34:22.421 1472 1797 E JobScheduler.JobStatus: App com.google.android.contacts became active but still in NEVER bucket
11-14 13:34:22.421 1472 1797 E JobScheduler.JobStatus: App com.google.android.contacts became active but still in NEVER bucket
11-14 13:34:22.422 1472 1797 E JobScheduler.JobStatus: App com.google.android.contacts became active but still in NEVER bucket
11-14 13:34:22.424 1472 2544 W ActivityManager: Unbind failed: could not find connection for android.os.BinderProxy@85efd04
11-14 13:34:22.426 1472 1697 D ActivityManager: sync unfroze 18781 com.google.android.apps.nbu.files
11-14 13:34:22.433 1472 2549 I ActivityManager: Background started FGS: Allowed [callingPackage: com.google.android.apps.wellbeing; callingUid: 10141; uidState: RCVR; uidBFSL: n/a; intent: Intent { cmp=com.google.android.apps.wellbeing/com.google.apps.tiktok.concurrent.InternalForegroundService (has extras) }; code:BACKGROUND_ACTIVITY_PERMISSION; tempAllowListReason:<1f88329 android.intent.action.TIME_SET/u-1,reasonCode:TIME_CHANGED,duration:20000,callingUid:1000>; targetSdkVersion:34; callerTargetSdkVersion:34; startForegroundCount:0; bindFromPackage:null: isBindService:false]
11-14 13:34:22.438 1472 1694 D CompatibilityChangeReporter: Compat change id reported: 168419799; UID 10167; state: DISABLED
11-14 13:34:22.438 1472 1694 D CompatibilityChangeReporter: Compat change id reported: 273564678; UID 10167; state: DISABLED
11-14 13:34:22.441 1472 1688 D ColorDisplayService: Setting saturation level: 100
11-14 13:34:22.443 1472 2129 D WallpaperManagerService: WPMS.saveSettingsLocked-0
11-14 13:34:22.446 1472 1697 D ActivityManager: sync unfroze 29151 com.google.android.apps.messaging
11-14 13:34:22.449 1472 1697 D CompatibilityChangeReporter: Compat change id reported: 177438394; UID 10188; state: DISABLED
11-14 13:34:22.449 1472 1697 D CompatibilityChangeReporter: Compat change id reported: 135772972; UID 10188; state: DISABLED
11-14 13:34:22.449 1472 1697 D CompatibilityChangeReporter: Compat change id reported: 135754954; UID 10188; state: ENABLED
11-14 13:34:22.450 1472 1698 D CompatibilityChangeReporter: Compat change id reported: 143937733; UID 10188; state: ENABLED
11-14 13:34:22.451 1472 1686 D CompatibilityChangeReporter: Compat change id reported: 218533173; UID 10167; state: ENABLED
11-14 13:34:22.451 1472 1686 D CompatibilityChangeReporter: Compat change id reported: 262645982; UID 10167; state: DISABLED
11-14 13:34:22.457 1472 4946 I ActivityManager: Short FGS started: ServiceRecord{6a122ed u0 com.google.android.apps.wellbeing/com.google.apps.tiktok.concurrent.InternalForegroundService}
11-14 13:34:22.465 1472 1697 D ActivityManager: sync unfroze 18802 com.google.android.apps.healthdata
11-14 13:34:22.466 1472 2129 D WallpaperManagerService: WPMS.saveSettingsLocked-0
11-14 13:34:22.469 1472 1698 I ActivityManager: Start proc 4461:com.google.android.apps.maps/u0a188 for broadcast {com.google.android.apps.maps/androidx.work.impl.background.systemalarm.RescheduleReceiver}
11-14 13:34:22.474 1472 1697 D ActivityManager: sync unfroze 12068 com.google.android.apps.gcs
11-14 13:34:22.482 1472 1697 D ActivityManager: sync unfroze 20815 com.google.android.calendar
11-14 13:34:22.497 1472 4946 D CompatibilityChangeReporter: Compat change id reported: 170503758; UID 10167; state: ENABLED
11-14 13:34:22.499 1472 2549 D CompatibilityChangeReporter: Compat change id reported: 168419799; UID 10188; state: DISABLED
11-14 13:34:22.499 1472 2549 D CompatibilityChangeReporter: Compat change id reported: 273564678; UID 10188; state: DISABLED
11-14 13:34:22.505 1472 1686 D CompatibilityChangeReporter: Compat change id reported: 218533173; UID 10188; state: ENABLED
11-14 13:34:22.505 1472 1686 D CompatibilityChangeReporter: Compat change id reported: 262645982; UID 10188; state: DISABLED
11-14 13:34:22.505 1472 1686 D CompatibilityChangeReporter: Compat change id reported: 171306433; UID 10188; state: ENABLED
11-14 13:34:22.505 1472 1686 D CompatibilityChangeReporter: Compat change id reported: 226439802; UID 10188; state: ENABLED
11-14 13:34:22.506 1472 1697 D ActivityManager: sync unfroze 5139 com.android.providers.calendar
11-14 13:34:22.513 1472 1472 D DevicePolicyManager: updateSystemUpdateFreezePeriodsRecord
11-14 13:34:22.514 1472 1472 D ConditionProviders.SCP: onReceive android.intent.action.TIME_SET
11-14 13:34:22.514 1472 1472 D ConditionProviders.SCP: evaluateSubscriptionLocked cal=ScheduleCalendar[mDays={1, 2, 3, 4, 5, 6, 7}, mSchedule=ScheduleInfo{days=[1, 2, 3, 4, 5, 6, 7], startHour=22, startMinute=0, endHour=7, endMinute=0, exitAtAlarm=true, nextAlarm=Thu Jan 01 02:00:00 GMT+02:00 1970 (0)}], now=Tue Nov 14 13:34:22 GMT+02:00 2023 (1699961662514), nextUserAlarmTime=Thu Jan 01 02:00:00 GMT+02:00 1970 (0)
11-14 13:34:22.514 1472 1472 D ConditionProviders.SCP: notifyCondition condition://android/schedule?days=1.2.3.4.5.6.7&start=22.0&end=7.0&exitAtAlarm=true STATE_FALSE reason=!meetsSchedule
11-14 13:34:22.515 1472 1472 D ConditionProviders.SCP: Scheduling evaluate for Tue Nov 14 22:00:00 GMT+02:00 2023 (1699992000000), in +8h25m37s486ms, now=Tue Nov 14 13:34:22 GMT+02:00 2023 (1699961662514)
11-14 13:34:22.537 1472 2129 D CompatibilityChangeReporter: Compat change id reported: 170503758; UID 10188; state: ENABLED
11-14 13:34:22.541 1472 2544 I ActivityManager: Stop short FGS timeout: ServiceRecord{6a122ed u0 com.google.android.apps.wellbeing/com.google.apps.tiktok.concurrent.InternalForegroundService}
11-14 13:34:22.833 1472 4938 D CompatibilityChangeReporter: Compat change id reported: 161145287; UID 10167; state: DISABLED
11-14 13:34:27.288 1472 4938 I ActivityManager: Flag disabled. Ignoring finishAttachApplication from uid: 10167. pid: 4441
11-14 13:34:27.295 1472 4946 D CompatibilityChangeReporter: Compat change id reported: 261072174; UID 10167; state: DISABLED
11-14 13:34:27.322 1472 4946 D CompatibilityChangeReporter: Compat change id reported: 271850009; UID 10167; state: ENABLED
11-14 13:34:27.323 1472 4946 D CompatibilityChangeReporter: Compat change id reported: 253665015; UID 10167; state: ENABLED
11-14 13:34:27.323 1472 4946 D CompatibilityChangeReporter: Compat change id reported: 194532703; UID 10167; state: ENABLED
11-14 13:34:27.324 1472 4946 E JobScheduler.JobStatus: App com.google.android.apps.youtube.music became active but still in NEVER bucket
11-14 13:34:27.328 1472 2549 E JobScheduler.JobStatus: App com.google.android.apps.youtube.music became active but still in NEVER bucket
11-14 13:34:27.330 1472 2549 E JobScheduler.JobStatus: App com.google.android.apps.youtube.music became active but still in NEVER bucket
11-14 13:34:27.331 1472 2549 E JobScheduler.JobStatus: App com.google.android.apps.youtube.music became active but still in NEVER bucket
11-14 13:34:27.336 1472 1797 D CompatibilityChangeReporter: Compat change id reported: 265195908; UID 10167; state: ENABLED
11-14 13:34:27.370 1472 2129 E JobScheduler.JobStatus: App com.google.android.youtube became active but still in NEVER bucket
11-14 13:34:27.377 1472 2129 E JobScheduler.JobStatus: App com.google.android.youtube became active but still in NEVER bucket
11-14 13:34:27.458 1472 2129 E JobScheduler.JobStatus: App com.google.android.youtube became active but still in NEVER bucket
11-14 13:34:27.478 1472 2557 I ActivityManager: Flag disabled. Ignoring finishAttachApplication from uid: 10188. pid: 4461
11-14 13:34:27.545 1472 2129 E JobScheduler.JobStatus: App com.google.android.youtube became active but still in NEVER bucket
11-14 13:34:27.548 1472 4946 E JobScheduler.JobStatus: App com.google.android.youtube became active but still in NEVER bucket
11-14 13:34:27.550 1472 2129 D CompatibilityChangeReporter: Compat change id reported: 261072174; UID 10188; state: DISABLED
11-14 13:34:27.624 1472 2549 E JobScheduler.JobStatus: App com.google.android.youtube became active but still in NEVER bucket
11-14 13:34:27.771 1472 2129 E JobScheduler.JobStatus: App com.google.android.youtube became active but still in NEVER bucket
11-14 13:34:27.841 1472 2129 D CompatibilityChangeReporter: Compat change id reported: 161145287; UID 10188; state: DISABLED
11-14 13:34:27.861 1472 2549 E JobScheduler.JobStatus: App com.google.android.youtube became active but still in NEVER bucket
11-14 13:34:27.938 1472 2129 E JobScheduler.JobStatus: App com.google.android.youtube became active but still in NEVER bucket
11-14 13:34:28.416 1472 2549 E JobScheduler.JobStatus: App com.google.android.apps.youtube.music became active but still in NEVER bucket
11-14 13:34:29.662 1472 1688 D ColorDisplayService: GlobalSaturationTintController Animation cancelled: false to matrix:
11-14 13:34:29.662 1472 1688 D ColorDisplayService: 1.000000 0.000000 0.000000 0.000000 0.000000 1.000000 0.000000 0.000000 0.000000 0.000000 1.000000 0.000000 0.000000 0.000000 0.000000 1.000000 min matrix coefficients:
11-14 13:34:29.662 1472 1688 D ColorDisplayService: 1.000000 0.000000 0.000000 0.000000 0.000000 1.000000 0.000000 0.000000 0.000000 0.000000 1.000000 0.000000 0.000000 0.000000 0.000000 1.000000 max matrix coefficients:
11-14 13:34:29.662 1472 1688 D ColorDisplayService: 1.000000 0.000000 0.000000 0.000000 0.000000 1.000000 0.000000 0.000000 0.000000 0.000000 1.000000 0.000000 0.000000 0.000000 0.000000 1.000000
11-14 13:39:30.703 1472 2549 E JobScheduler.JobStatus: App com.google.android.apps.youtube.music became active but still in NEVER bucket
11-14 14:00:56.304 1472 1697 D ActivityManager: sync unfroze 6090 com.google.android.uvexposurereporter
11-14 14:13:52.706 1472 2129 I PowerGroup: Waking up power group from Dozing (groupId=0, uid=10216, reason=WAKE_REASON_LIFT, details=com.android.systemui:NODOZE pickup)...
11-14 14:13:52.706 1472 2129 I PowerManagerService: Waking up from Dozing (uid=10216, reason=WAKE_REASON_LIFT, details=com.android.systemui:NODOZE pickup)...
11-14 14:13:52.708 1472 1472 E ActivityManager: Cancel pending or running compactions as system is awake
11-14 14:13:52.719 1472 1715 I DisplayPowerController2[0]: Blocking screen on until initial contents have been drawn.
11-14 14:13:52.720 1472 1715 I DisplayBrightnessStrategySelector: Changing the DisplayBrightnessStrategy from ScreenOffBrightnessStrategy toInvalidBrightnessStrategy for display 0
11-14 14:13:52.724 1472 1715 V DisplayPowerController2[0]: Brightness [0.0037629898] reason changing to: 'screen_off_brightness_sensor', previous reason: 'screen_off'.
11-14 14:13:52.724 1472 1715 I DisplayPowerController2[0]: BrightnessEvent: disp=0, physDisp=local:4619827677550801152, brt=0.0037629898, initBrt=0.0, rcmdBrt=NaN, preBrt=NaN, lux=0.0, preLux=0.0, hbmMax=0.62, hbmMode=off, rbcStrength=50, thrmMax=1.0, powerFactor=1.0, wasShortTermModelActive=false, flags=, reason=screen_off_brightness_sensor, autoBrightness=true, strategy=InvalidBrightnessStrategy
11-14 14:13:52.725 1472 1688 D DisplayManagerService: Ignore redundant display event 0/4 to 10186/3310
11-14 14:13:52.725 1472 1688 D DisplayManagerService: Ignore redundant display event 0/4 to 10190/13752
11-14 14:13:52.725 1472 1688 D DisplayManagerService: Ignore redundant display event 0/4 to 10291/31669
11-14 14:13:52.726 1472 1688 I DisplayDeviceRepository: Display device changed state: "Built-in Screen", ON
11-14 14:13:52.731 1472 1689 I DisplayDevice: [0] Layerstack set to 0 for local:4619827677550801152
11-14 14:13:52.782 1472 1715 V DisplayPowerController2[0]: Brightness [0.056965217] reason changing to: 'automatic', previous reason: 'screen_off_brightness_sensor'.
11-14 14:13:52.782 1472 1715 I DisplayPowerController2[0]: BrightnessEvent: disp=0, physDisp=local:4619827677550801152, brt=0.056965217, initBrt=0.0037629898, rcmdBrt=NaN, preBrt=NaN, lux=0.0, preLux=0.0, hbmMax=0.62, hbmMode=off, rbcStrength=50, thrmMax=1.0, powerFactor=1.0, wasShortTermModelActive=false, flags=, reason=automatic, autoBrightness=true, strategy=InvalidBrightnessStrategy
11-14 14:13:52.782 1472 1688 D DisplayManagerService: Ignore redundant display event 0/4 to 10186/3310
11-14 14:13:52.782 1472 1688 D DisplayManagerService: Ignore redundant display event 0/4 to 10190/13752
11-14 14:13:52.783 1472 1688 D DisplayManagerService: Ignore redundant display event 0/4 to 10291/31669
11-14 14:13:52.786 1472 1472 I BrightnessSynchronizer: [286] New Update 0.056965217(f) set brightness values: 15(i)
11-14 14:13:52.786 1472 1472 I BrightnessSynchronizer: New PendingUpdate: {[287] 0.056965217(f), mUpdatedTypes=0, mConfirmedTypes=0, mTimeUpdated=0}, prev=null
11-14 14:13:52.786 1472 1472 I BrightnessSynchronizer: Swallowing update of 15(i) by update: {[286] 0.056965217(f), mUpdatedTypes=1, mConfirmedTypes=1, mTimeUpdated=339171602}
11-14 14:13:52.786 1472 1472 I BrightnessSynchronizer: Completed Update: {[286] 0.056965217(f), mUpdatedTypes=1, mConfirmedTypes=1, mTimeUpdated=339171602}
11-14 14:13:52.793 1472 1715 I DisplayPowerController2[0]: Unblocked screen on after 73 ms
11-14 14:13:52.822 1472 2557 W ContextImpl: Calling a method in the system process without a qualified user: android.app.ContextImpl.sendBroadcastMultiplePermissions:1270 android.content.Context.sendBroadcastMultiplePermissions:2476 com.android.server.TelephonyRegistry.broadcastServiceStateChanged:3540 com.android.server.TelephonyRegistry.notifyServiceStateForPhoneId:1728 com.android.internal.telephony.ITelephonyRegistry$Stub.onTransact:534
11-14 14:13:52.822 1472 2557 W ContextImpl: Calling a method in the system process without a qualified user: android.app.ContextImpl.sendBroadcastMultiplePermissions:1303 com.android.server.TelephonyRegistry.broadcastServiceStateChanged:3545 com.android.server.TelephonyRegistry.notifyServiceStateForPhoneId:1728 com.android.internal.telephony.ITelephonyRegistry$Stub.onTransact:534 android.os.Binder.execTransactInternal:1339
11-14 14:13:52.822 1472 2557 W ContextImpl: Calling a method in the system process without a qualified user: android.app.ContextImpl.sendBroadcastMultiplePermissions:1303 com.android.server.TelephonyRegistry.broadcastServiceStateChanged:3554 com.android.server.TelephonyRegistry.notifyServiceStateForPhoneId:1728 com.android.internal.telephony.ITelephonyRegistry$Stub.onTransact:534 android.os.Binder.execTransactInternal:1339
11-14 14:13:52.823 1472 2557 W ContextImpl: Calling a method in the system process without a qualified user: android.app.ContextImpl.sendBroadcastMultiplePermissions:1303 com.android.server.TelephonyRegistry.broadcastServiceStateChanged:3560 com.android.server.TelephonyRegistry.notifyServiceStateForPhoneId:1728 com.android.internal.telephony.ITelephonyRegistry$Stub.onTransact:534 android.os.Binder.execTransactInternal:1339
11-14 14:13:52.827 1472 1697 D ActivityManager: sync unfroze 2609 com.google.android.cellbroadcastreceiver
11-14 14:13:52.909 1472 1715 W PowerManagerService: Screen on took 203 ms
11-14 14:13:52.909 1472 1715 I DreamManagerService: Gently waking up from dream.
11-14 14:13:52.911 1472 1688 I DisplayDeviceRepository: Display device changed state: "Built-in Screen", ON
11-14 14:13:52.923 1472 2615 I DreamManagerService: Leaving dreamland.
11-14 14:13:52.924 1472 1685 I DreamController: Stopping dream: name=ComponentInfo{com.android.systemui/com.android.systemui.doze.DozeService}, isPreviewMode=false, canDoze=true, userId=0, reason='finished self'(from 'power manager request')
11-14 14:13:55.217 1472 2129 I UsbPortManager: AIDL UsbDataStatus:1
11-14 14:13:55.217 1472 2129 I UsbPortManager: ClientCallback AIDL V1: port0
11-14 14:13:55.219 1472 2129 I UsbPortManager: AIDL UsbDataStatus:1
11-14 14:13:55.219 1472 2129 I UsbPortManager: ClientCallback AIDL V1: port0
11-14 14:13:55.219 1472 2129 I UsbPortManager: AIDL UsbDataStatus:1
11-14 14:13:55.219 1472 2129 I UsbPortManager: ClientCallback AIDL V1: port0
11-14 14:13:55.220 1472 2129 I UsbPortManager: AIDL UsbDataStatus:1
11-14 14:13:55.221 1472 2129 I UsbPortManager: ClientCallback AIDL V1: port0
11-14 14:13:55.229 1472 2129 I UsbPortManager: AIDL UsbDataStatus:1
11-14 14:13:55.230 1472 2129 I UsbPortManager: ClientCallback AIDL V1: port0
11-14 14:13:55.254 1472 1687 I EntropyMixer: Updated seed file
11-14 14:13:55.254 1942 3359 D PowerUI : can't show warning due to - plugged: true status unknown: false
11-14 14:13:55.276 1472 2129 D CoreBackPreview: Window{f40dff2 u0 Wired Charging Animation}: Setting back callback OnBackInvokedCallbackInfo{mCallback=android.window.IOnBackInvokedCallback$Stub$Proxy@6a738b5, mPriority=0}
11-14 14:13:55.301 1472 2549 I UsbPortManager: AIDL UsbDataStatus:1
11-14 14:13:55.301 1472 2549 I UsbPortManager: ClientCallback AIDL V1: port0
11-14 14:13:55.310 1472 2615 W AlarmManager: Alarms must either supply a PendingIntent or an AlarmReceiver
11-14 14:13:55.312 1472 2129 I UsbPortManager: AIDL UsbDataStatus:1
11-14 14:13:55.312 1472 2129 I UsbPortManager: ClientCallback AIDL V1: port0
11-14 14:13:55.321 1942 3397 D PowerUI : can't show warning due to - plugged: true status unknown: false
11-14 14:13:55.334 1472 4940 I UsbPortManager: AIDL UsbDataStatus:1
11-14 14:13:55.334 1472 4940 I UsbPortManager: ClientCallback AIDL V1: port0
11-14 14:13:55.334 1472 4949 I UsbPortManager: AIDL UsbDataStatus:1
11-14 14:13:55.334 1472 4949 I UsbPortManager: ClientCallback AIDL V1: port0
11-14 14:13:55.336 1472 1685 I UsbPortManager: USB port changed: port=UsbPort{id=port0, supportedModes=dual, supportedContaminantProtectionModes=4, supportsEnableContaminantPresenceProtection=false, supportsEnableContaminantPresenceDetection=true, supportsComplianceWarnings=true, status=UsbPortStatus{connected=true, currentMode=ufp, currentPowerRole=sink, currentDataRole=device, supportedRoleCombinations=[source:host, source:device, sink:host, sink:device], contaminantDetectionStatus=2, contaminantProtectionStatus=0, usbDataStatus=enabled, isPowerTransferLimited=false, powerBrickConnectionStatus=disconnected, complianceWarnings=[], plugState=0, displayPortAltModeInfo=null}, canChangeMode=true, canChangePowerRole=true, canChangeDataRole=true, connectedAtMillis=1881585747, lastConnectDurationMillis=0
11-14 14:13:55.341 1472 4949 I UsbPortManager: AIDL UsbDataStatus:1
11-14 14:13:55.341 1472 4949 I UsbPortManager: ClientCallback AIDL V1: port0
11-14 14:13:55.350 1472 2549 I UsbPortManager: AIDL UsbDataStatus:1
11-14 14:13:55.350 1472 2549 I UsbPortManager: ClientCallback AIDL V1: port0
11-14 14:13:55.365 1472 4949 I UsbPortManager: AIDL UsbDataStatus:1
11-14 14:13:55.365 1472 4949 I UsbPortManager: ClientCallback AIDL V1: port0
11-14 14:13:55.366 1472 4949 I UsbPortManager: AIDL UsbDataStatus:1
11-14 14:13:55.366 1472 4949 I UsbPortManager: ClientCallback AIDL V1: port0
11-14 14:13:55.383 1942 3398 D PowerUI : can't show warning due to - plugged: true status unknown: false
11-14 14:13:55.402 1942 3404 D PowerUI : can't show warning due to - plugged: true status unknown: false
11-14 14:13:55.428 1472 4946 D LocaleManagerService: getApplicationLocales: fetching locales for package com.google.android.videos and user 0
11-14 14:13:55.428 1472 4946 W PackageConfigPersister: App-specific configuration not found for packageName: com.google.android.videos and userId: 0
11-14 14:13:55.428 1472 4946 D LocaleManagerService: getApplicationLocales: application config not found for com.google.android.videos and user id 0
11-14 14:13:55.431 1472 4940 D LocaleManagerService: getApplicationLocales: fetching locales for package com.google.android.videos and user 0
11-14 14:13:55.431 1472 4940 W PackageConfigPersister: App-specific configuration not found for packageName: com.google.android.videos and userId: 0
11-14 14:13:55.431 1472 4940 D LocaleManagerService: getApplicationLocales: application config not found for com.google.android.videos and user id 0
11-14 14:13:55.452 1472 2557 I UsbPortManager: AIDL UsbDataStatus:1
11-14 14:13:55.452 1472 2557 I UsbPortManager: ClientCallback AIDL V1: port0
11-14 14:13:55.463 1472 2557 I UsbPortManager: AIDL UsbDataStatus:1
11-14 14:13:55.463 1472 2557 I UsbPortManager: ClientCallback AIDL V1: port0
11-14 14:13:55.546 1472 4949 E JobScheduler.JobStatus: App com.google.android.videos became active but still in NEVER bucket
11-14 14:13:55.591 1472 2544 D LocaleManagerService: getApplicationLocales: fetching locales for package com.google.android.videos and user 0
11-14 14:13:55.591 1472 2544 W PackageConfigPersister: App-specific configuration not found for packageName: com.google.android.videos and userId: 0
11-14 14:13:55.591 1472 2544 D LocaleManagerService: getApplicationLocales: application config not found for com.google.android.videos and user id 0
11-14 14:13:55.604 1472 2544 D LocaleManagerService: getApplicationLocales: fetching locales for package com.google.android.videos and user 0
11-14 14:13:55.604 1472 2544 W PackageConfigPersister: App-specific configuration not found for packageName: com.google.android.videos and userId: 0
11-14 14:13:55.604 1472 2544 D LocaleManagerService: getApplicationLocales: application config not found for com.google.android.videos and user id 0
11-14 14:13:55.620 1472 2544 D LocaleManagerService: getApplicationLocales: fetching locales for package com.google.android.videos and user 0
11-14 14:13:55.620 1472 2544 W PackageConfigPersister: App-specific configuration not found for packageName: com.google.android.videos and userId: 0
11-14 14:13:55.620 1472 2544 D LocaleManagerService: getApplicationLocales: application config not found for com.google.android.videos and user id 0
11-14 14:13:55.623 1472 4940 D LocaleManagerService: getApplicationLocales: fetching locales for package com.google.android.videos and user 0
11-14 14:13:55.623 1472 4940 W PackageConfigPersister: App-specific configuration not found for packageName: com.google.android.videos and userId: 0
11-14 14:13:55.623 1472 4940 D LocaleManagerService: getApplicationLocales: application config not found for com.google.android.videos and user id 0
11-14 14:13:55.652 1472 4946 E JobScheduler.JobStatus: App com.google.android.videos became active but still in NEVER bucket
11-14 14:13:55.677 1472 2129 E JobScheduler.JobStatus: App com.google.android.videos became active but still in NEVER bucket
11-14 14:13:55.680 1472 1621 D ActivityManager: sync unfroze 8423 com.google.android.turboadapter
11-14 14:13:55.767 1472 2557 E JobScheduler.JobStatus: App com.google.android.videos became active but still in NEVER bucket
11-14 14:13:55.785 1472 1621 E JobScheduler.JobStatus: App com.google.android.videos became active but still in NEVER bucket
11-14 14:13:55.830 1472 1621 W AlarmManager: Alarms must either supply a PendingIntent or an AlarmReceiver
11-14 14:13:55.832 1472 4940 W AlarmManager: Alarms must either supply a PendingIntent or an AlarmReceiver
11-14 14:13:55.838 1472 2549 E JobScheduler.JobStatus: App com.google.android.videos became active but still in NEVER bucket
11-14 14:13:55.849 1472 4940 W AppOps : Noting op not finished: uid 10140 pkg com.google.android.gms code 79 startTime of in progress event=1699961662547
11-14 14:13:55.853 1472 2549 W AppOps : Noting op not finished: uid 10140 pkg com.google.android.gms code 113 startTime of in progress event=1699961662547
11-14 14:13:55.857 1472 2544 W AppOps : Noting op not finished: uid 10140 pkg com.google.android.gms code 113 startTime of in progress event=1699961662547
11-14 14:13:55.894 1472 1685 D UsbDeviceManager: push notification:Charging this device via USB
11-14 14:13:55.900 1472 1697 D ActivityManager: sync unfroze 4624 android.process.media
11-14 14:13:55.908 1472 2544 I UsbPortManager: AIDL UsbDataStatus:1
11-14 14:13:55.908 1472 2544 I UsbPortManager: ClientCallback AIDL V1: port0
11-14 14:13:55.932 1942 3314 D PowerUI : can't show warning due to - plugged: true status unknown: false
11-14 14:13:55.950 1472 1621 D ActivityManager: sync unfroze 25489 android.process.acore
11-14 14:13:55.984 1472 1621 D CompatibilityChangeReporter: Compat change id reported: 253665015; UID 10120; state: ENABLED
11-14 14:13:55.984 1472 1621 D CompatibilityChangeReporter: Compat change id reported: 194532703; UID 10120; state: ENABLED
11-14 14:13:55.984 1472 1621 E JobScheduler.JobStatus: App com.google.android.apps.nbu.files became active but still in NEVER bucket
11-14 14:13:56.052 1472 4946 I UsbDeviceManager: getUsbSpeedCb speed:2 ,transactionId:185
11-14 14:13:56.058 1472 2549 I UsbPortManager: AIDL UsbDataStatus:1
11-14 14:13:56.058 1472 2549 I UsbPortManager: ClientCallback AIDL V1: port0
11-14 14:13:56.071 1942 2553 D PowerUI : can't show warning due to - plugged: true status unknown: false
11-14 14:13:56.098 1472 1472 W NotificationHistory: Attempted to add notif for locked/gone/disabled user 0
11-14 14:13:56.104 1472 1472 W NotificationHistory: Attempted to add notif for locked/gone/disabled user 0
11-14 14:13:56.270 1472 2557 D LocaleManagerService: getApplicationLocales: fetching locales for package com.google.android.apps.nbu.files and user 0
11-14 14:13:56.270 1472 2557 W PackageConfigPersister: App-specific configuration not found for packageName: com.google.android.apps.nbu.files and userId: 0
11-14 14:13:56.270 1472 2557 D LocaleManagerService: getApplicationLocales: application config not found for com.google.android.apps.nbu.files and user id 0
11-14 14:13:56.277 1472 2557 E JobScheduler.JobStatus: App com.google.android.videos became active but still in NEVER bucket
11-14 14:13:56.412 1472 2557 E JobScheduler.JobStatus: App com.google.android.videos became active but still in NEVER bucket
11-14 14:13:56.551 1472 1807 D ActivityManager: freezing 6090 com.google.android.uvexposurereporter
11-14 14:13:56.601 1472 1621 E JobScheduler.JobStatus: App com.google.android.apps.nbu.files became active but still in NEVER bucket
11-14 14:13:56.778 1472 4940 E JobScheduler.JobStatus: App com.google.android.apps.nbu.files became active but still in NEVER bucket
11-14 14:13:56.893 1472 2129 E JobScheduler.JobStatus: App com.google.android.apps.nbu.files became active but still in NEVER bucket
11-14 14:13:56.947 1472 1621 D LocaleManagerService: getApplicationLocales: fetching locales for package com.google.android.apps.nbu.files and user 0
11-14 14:13:56.947 1472 1621 W PackageConfigPersister: App-specific configuration not found for packageName: com.google.android.apps.nbu.files and userId: 0
11-14 14:13:56.947 1472 1621 D LocaleManagerService: getApplicationLocales: application config not found for com.google.android.apps.nbu.files and user id 0
11-14 14:13:56.948 1472 1621 D LocaleManagerService: getApplicationLocales: fetching locales for package com.google.android.apps.nbu.files and user 0
11-14 14:13:56.948 1472 1621 W PackageConfigPersister: App-specific configuration not found for packageName: com.google.android.apps.nbu.files and userId: 0
11-14 14:13:56.948 1472 1621 D LocaleManagerService: getApplicationLocales: application config not found for com.google.android.apps.nbu.files and user id 0
11-14 14:13:56.950 1472 1621 D LocaleManagerService: getApplicationLocales: fetching locales for package com.google.android.apps.nbu.files and user 0
11-14 14:13:56.950 1472 1621 W PackageConfigPersister: App-specific configuration not found for packageName: com.google.android.apps.nbu.files and userId: 0
11-14 14:13:56.950 1472 1621 D LocaleManagerService: getApplicationLocales: application config not found for com.google.android.apps.nbu.files and user id 0
11-14 14:13:57.006 1472 2129 D CompatibilityChangeReporter: Compat change id reported: 271850009; UID 10120; state: ENABLED
11-14 14:13:57.030 1472 4940 E JobScheduler.JobStatus: App com.google.android.apps.nbu.files became active but still in NEVER bucket
11-14 14:13:57.053 1472 4946 D CoreBackPreview: Window{f40dff2 u0 Wired Charging Animation}: Setting back callback null
11-14 14:13:57.073 1472 1621 E JobScheduler.JobStatus: App com.google.android.videos became active but still in NEVER bucket
11-14 14:13:57.109 1472 4946 E JobScheduler.JobStatus: App com.google.android.videos became active but still in NEVER bucket
11-14 14:13:57.119 1472 2129 E JobScheduler.JobStatus: App com.google.android.apps.nbu.files became active but still in NEVER bucket
11-14 14:13:57.181 1472 2129 E JobScheduler.JobStatus: App com.google.android.videos became active but still in NEVER bucket
11-14 14:13:57.311 1472 2615 E JobScheduler.JobStatus: App com.google.android.apps.nbu.files became active but still in NEVER bucket
11-14 14:13:57.321 1472 2615 E JobScheduler.JobStatus: App com.google.android.apps.nbu.files became active but still in NEVER bucket
11-14 14:13:57.339 1472 2129 E JobScheduler.JobStatus: App com.google.android.inputmethod.latin became active but still in NEVER bucket
11-14 14:13:57.345 1472 2615 E JobScheduler.JobStatus: App com.google.android.inputmethod.latin became active but still in NEVER bucket
11-14 14:13:57.352 1472 4940 E JobScheduler.JobStatus: App com.google.android.inputmethod.latin became active but still in NEVER bucket
11-14 14:13:57.473 1472 2549 E JobScheduler.JobStatus: App com.google.android.apps.nbu.files became active but still in NEVER bucket
11-14 14:13:57.568 1472 4946 E JobScheduler.JobStatus: App com.google.android.videos became active but still in NEVER bucket
11-14 14:13:57.593 1472 4940 E JobScheduler.JobStatus: App com.google.android.apps.nbu.files became active but still in NEVER bucket
11-14 14:13:57.603 1472 2615 E JobScheduler.JobStatus: App com.google.android.videos became active but still in NEVER bucket
11-14 14:13:57.629 1472 2615 E JobScheduler.JobStatus: App com.google.android.apps.nbu.files became active but still in NEVER bucket
11-14 14:13:57.634 1472 2549 D LocaleManagerService: getApplicationLocales: fetching locales for package com.google.android.apps.nbu.files and user 0
11-14 14:13:57.634 1472 2549 W PackageConfigPersister: App-specific configuration not found for packageName: com.google.android.apps.nbu.files and userId: 0
11-14 14:13:57.634 1472 2549 D LocaleManagerService: getApplicationLocales: application config not found for com.google.android.apps.nbu.files and user id 0
11-14 14:13:57.638 1472 4940 D LocaleManagerService: getApplicationLocales: fetching locales for package com.google.android.apps.nbu.files and user 0
11-14 14:13:57.638 1472 4940 W PackageConfigPersister: App-specific configuration not found for packageName: com.google.android.apps.nbu.files and userId: 0
11-14 14:13:57.638 1472 4940 D LocaleManagerService: getApplicationLocales: application config not found for com.google.android.apps.nbu.files and user id 0
11-14 14:13:57.664 1472 2129 E JobScheduler.JobStatus: App com.google.android.videos became active but still in NEVER bucket
11-14 14:13:57.733 1472 2615 E JobScheduler.JobStatus: App com.google.android.apps.nbu.files became active but still in NEVER bucket
11-14 14:13:57.829 1472 2549 E JobScheduler.JobStatus: App com.google.android.apps.nbu.files became active but still in NEVER bucket
11-14 14:13:57.840 1472 4940 D ActivityManager: sync unfroze 7533 com.google.android.adservices.api
11-14 14:13:57.847 1472 2129 E JobScheduler.JobStatus: App com.google.android.apps.nbu.files became active but still in NEVER bucket
11-14 14:13:58.289 1472 1797 D ActivityManager: sync unfroze 17097 com.google.android.partnersetup
11-14 14:13:58.297 1472 1472 I StorageManagerService: Storage lifetime: 1
11-14 14:13:58.302 1472 1472 I StorageManagerService: Set smart idle maintenance: latest write amount: 30, average write amount: 194, min segment threshold: 512, dirty reclaim rate: 0.5, segment reclaim weight: 2.0, period(min): 60, min gc sleep time(ms): 5000, target dirty ratio: 80
11-14 14:13:58.302 1472 2129 W JobScheduler: Job didn't exist in JobStore: 290a685 #u0a115/4096 com.google.android.partnersetup/.InstalledAppJobService
11-14 14:13:58.304 548 560 I vold : Enough free segments: 42803
11-14 14:13:58.305 1472 2129 D ActivityManager: sync unfroze 12137 com.google.android.apps.betterbug
11-14 14:13:58.305 1472 1472 I SmartStorageMaintIdler: Got smart storage maintenance service completion callback
11-14 14:13:58.312 1472 1472 W JobScheduler: Job didn't exist in JobStore: c516249 #1000/2808 android/com.android.server.SmartStorageMaintIdler
11-14 14:13:58.318 1472 1472 D ActivityManager: sync unfroze 12364 com.google.android.settings.intelligence
11-14 14:13:58.356 1472 1472 D ActivityManager: sync unfroze 19250 com.android.vending:instant_app_installer
11-14 14:13:58.361 1472 1797 D CompatibilityChangeReporter: Compat change id reported: 265195908; UID 10136; state: ENABLED
11-14 14:13:58.369 1472 2615 W JobScheduler: Job didn't exist in JobStore: 7d62a9 #u0a136/165064389 com.android.vending/com.google.android.finsky.instantapps.metrics.LogFlushJob
11-14 14:13:58.952 1472 2544 E JobScheduler.JobStatus: App com.google.android.apps.nbu.files became active but still in NEVER bucket
11-14 14:13:59.125 1472 4946 E JobScheduler.JobStatus: App com.google.android.apps.nbu.files became active but still in NEVER bucket
11-14 14:13:59.614 1472 1715 I DisplayPowerController2[0]: BrightnessEvent: disp=0, physDisp=local:4619827677550801152, brt=0.06964843, initBrt=0.056965217, rcmdBrt=NaN, preBrt=NaN, lux=0.0, preLux=0.0, hbmMax=0.62, hbmMode=off, rbcStrength=50, thrmMax=1.0, powerFactor=1.0, wasShortTermModelActive=false, flags=, reason=automatic, autoBrightness=true, strategy=InvalidBrightnessStrategy
11-14 14:13:59.615 1472 1688 D DisplayManagerService: Ignore redundant display event 0/4 to 10186/3310
11-14 14:13:59.615 1472 1688 D DisplayManagerService: Ignore redundant display event 0/4 to 10190/13752
11-14 14:13:59.615 1472 1688 D DisplayManagerService: Ignore redundant display event 0/4 to 10291/31669
11-14 14:13:59.616 1472 1472 I BrightnessSynchronizer: [288] New Update 0.06964843(f) set brightness values: 19(i)
11-14 14:13:59.616 1472 1472 I BrightnessSynchronizer: New PendingUpdate: {[289] 0.06964843(f), mUpdatedTypes=0, mConfirmedTypes=0, mTimeUpdated=0}, prev=null
11-14 14:13:59.616 1472 1472 I BrightnessSynchronizer: Swallowing update of 19(i) by update: {[288] 0.06964843(f), mUpdatedTypes=1, mConfirmedTypes=1, mTimeUpdated=339178432}
11-14 14:13:59.616 1472 1472 I BrightnessSynchronizer: Completed Update: {[288] 0.06964843(f), mUpdatedTypes=1, mConfirmedTypes=1, mTimeUpdated=339178432}
11-14 14:13:59.631 1472 2544 I LockSettingsService: Verifying lockscreen credential for user 0
11-14 14:13:59.769 1472 1844 D BiometricDeferredQueue: Fingerprint addPendingLockoutResetForUser: 0
11-14 14:13:59.797 1472 2544 I LockSettingsService: Successfully verified lockscreen credential for user 0
11-14 14:13:59.806 595 5712 I keystore2: system/security/keystore2/src/authorization.rs:143 - on_lock_screen_event(r#UNLOCK, user_id=0, password.is_some()=true, unlocking_sids=None)
11-14 14:13:59.826 1472 1472 W Looper : Slow dispatch took 126ms main h=com.android.server.trust.TrustManagerService$2 c=null m=3
11-14 14:13:59.838 595 5712 I keystore2: system/security/keystore2/src/super_key.rs:1141 - Trying to unlock when already unlocked.
11-14 14:13:59.838 1472 2544 D LockSettingsService: CE storage for user 0 is already unlocked
11-14 14:13:59.839 1472 2544 D LockSettingsService: unlockUser finished
11-14 14:13:59.839 1472 2544 D SystemServerTiming: finishUserUnlocking-0
11-14 14:13:59.839 1472 2544 W ActivityManager: UserLifecycleEvent 5 received without an active userJourneySession.
11-14 14:13:59.839 1472 2544 D LockSettingsService: unlockUser finished
11-14 14:13:59.840 1472 2544 I LockSettingsService: Sending vendor auth secret to IAuthSecret HAL as user: 0
11-14 14:13:59.841 1472 1844 D BiometricDeferredQueue: Processing pending resetLockouts(Generic)
11-14 14:13:59.841 1472 1844 D BiometricDeferredQueue: Resetting biometric lockout for user: 0
11-14 14:13:59.890 1472 1844 D BiometricService: resetLockout(userId=0, hat=present)
11-14 14:13:59.919 1942 1966 V WindowManagerShell: Transition requested: android.os.BinderProxy@5781417 TransitionRequestInfo { type = TO_BACK, triggerTask = null, remoteTransition = null, displayChange = null }
11-14 14:13:59.919 1942 1966 E RecentsTransitionHandler: RecentsTransitionHandler.handleRequest: Unexpected transition request
11-14 14:13:59.919 1472 2544 D ActivityTaskManager: Top Process State changed to PROCESS_STATE_TOP
11-14 14:13:59.953 1942 1966 V WindowManagerShell: onTransitionReady android.os.BinderProxy@5781417: {id=213 t=TO_BACK f=0x104 r=[0@Point(0, 0)] c=[{WCT{android.window.IWindowContainerToken$Stub$Proxy@2e64022} m=SHOW f=NONE p=WCT{android.window.IWindowContainerToken$Stub$Proxy@fdfdab3} leash=Surface(name=Task=406)/@0x64d870 sb=Rect(0, 0 - 1080, 2400) eb=Rect(0, 0 - 1080, 2400) d=0},{WCT{android.window.IWindowContainerToken$Stub$Proxy@b8277e9} m=SHOW f=NONE leash=Surface(name=DefaultTaskDisplayArea)/@0xe4c3c6e sb=Rect(0, 0 - 1080, 2400) eb=Rect(0, 0 - 1080, 2400) d=0}]}
11-14 14:13:59.953 1942 1966 V WindowManagerShell: Playing animation for (#213)android.os.BinderProxy@5781417
11-14 14:13:59.953 1942 1966 V WindowManagerShell: try handler com.android.wm.shell.transition.DefaultMixedHandler@9baf2d2
11-14 14:13:59.953 1472 1685 V WindowManager: Sent Transition #213 createdAt=11-14 14:13:59.917 via request=TransitionRequestInfo { type = TO_BACK, triggerTask = null, remoteTransition = null, displayChange = null }
11-14 14:13:59.953 1942 1966 V WindowManagerShell: try handler com.android.wm.shell.activityembedding.ActivityEmbeddingController@b018fa3
11-14 14:13:59.953 1472 1685 V WindowManager: startWCT=WindowContainerTransaction { changes = {} hops = [] errorCallbackToken=null taskFragmentOrganizer=null }
11-14 14:13:59.953 1942 1966 V WindowManagerShell: try handler com.android.wm.shell.recents.RecentsTransitionHandler@48002a0
11-14 14:13:59.953 1942 1966 V WindowManagerShell: RecentsTransitionHandler.startAnimation: no controller found
11-14 14:13:59.953 1942 1966 V WindowManagerShell: try handler com.android.wm.shell.pip.PipTransition@30e0e59
11-14 14:13:59.953 1942 1966 V WindowManagerShell: try handler com.android.wm.shell.splitscreen.StageCoordinator@7316a1e
11-14 14:13:59.953 1942 1966 V WindowManagerShell: try handler com.android.wm.shell.transition.RemoteTransitionHandler@f9382ff
11-14 14:13:59.953 1472 1685 V WindowManager: info={id=213 t=TO_BACK f=0x104 r=[0@Point(0, 0)] c=[{WCT{RemoteToken{73f242a Task{e7b8179 #406 type=standard A=10288:org.qtproject.example.highdpi}}} m=SHOW f=NONE p=WCT{RemoteToken{ee19fc7 DefaultTaskDisplayArea@210868897}} leash=Surface(name=Task=406)/@0xc2ce41e sb=Rect(0, 0 - 1080, 2400) eb=Rect(0, 0 - 1080, 2400) d=0},{WCT{RemoteToken{ee19fc7 DefaultTaskDisplayArea@210868897}} m=SHOW f=NONE leash=Surface(name=DefaultTaskDisplayArea)/@0x79fbd86 sb=Rect(0, 0 - 1080, 2400) eb=Rect(0, 0 - 1080, 2400) d=0}]}
11-14 14:13:59.954 1942 1966 V WindowManagerShell: Transition doesn't have explicit remote, search filters for match for {id=213 t=TO_BACK f=0x104 r=[0@Point(0, 0)] c=[{WCT{android.window.IWindowContainerToken$Stub$Proxy@2e64022} m=SHOW f=NONE p=WCT{android.window.IWindowContainerToken$Stub$Proxy@fdfdab3} leash=Surface(name=Task=406)/@0x64d870 sb=Rect(0, 0 - 1080, 2400) eb=Rect(0, 0 - 1080, 2400) d=0},{WCT{android.window.IWindowContainerToken$Stub$Proxy@b8277e9} m=SHOW f=NONE leash=Surface(name=DefaultTaskDisplayArea)/@0xe4c3c6e sb=Rect(0, 0 - 1080, 2400) eb=Rect(0, 0 - 1080, 2400) d=0}]}
11-14 14:13:59.954 1942 1966 V WindowManagerShell: Checking filter Pair{{types=[] flags=0x0] notFlags=0x100 checks=[{atype=home independent=true modes=[OPEN,SHOW] flags=NONE mustBeTask=false order=TOP topActivity=ComponentInfo{com.google.android.apps.nexuslauncher/com.google.android.apps.nexuslauncher.NexusLauncherActivity}},{atype=standard independent=true modes=[CLOSE,HIDE] flags=NONE mustBeTask=false order=ANY topActivity=null}]} RemoteTransition { remoteTransition = android.window.IRemoteTransition$Stub$Proxy@bf36f0f, appThread = android.app.IApplicationThread$Stub$Proxy@7170b9c, debugName = QuickstepLaunchHome }}
11-14 14:13:59.954 1942 1966 V WindowManagerShell: Checking filter Pair{{types=[] flags=0x40] notFlags=0x0 checks=[{atype=dream independent=false modes=[OPEN,SHOW] flags=OCCLUDES_KEYGUARD mustBeTask=false order=ANY topActivity=null},{NOT atype=undefined independent=false modes=[CLOSE,HIDE] flags=OCCLUDES_KEYGUARD mustBeTask=false order=ANY topActivity=null}]} RemoteTransition { remoteTransition = com.android.systemui.keyguard.KeyguardService$1@ef4f4b9, appThread = android.app.ActivityThread$ApplicationThread@3f2a8cc, debugName = KeyguardOccludeByDream }}
11-14 14:13:59.954 1942 1966 V WindowManagerShell: Checking filter Pair{{types=[KEYGUARD_UNOCCLUDE] flags=0x0] notFlags=0x0 checks=[]} RemoteTransition { remoteTransition = com.android.systemui.keyguard.KeyguardService$3@7730680, appThread = android.app.ActivityThread$ApplicationThread@3f2a8cc, debugName = KeyguardUnocclude }}
11-14 14:13:59.954 1942 1966 V WindowManagerShell: Checking filter Pair{{types=[KEYGUARD_OCCLUDE] flags=0x0] notFlags=0x0 checks=[]} RemoteTransition { remoteTransition = com.android.systemui.keyguard.KeyguardService$3@650b703, appThread = android.app.ActivityThread$ApplicationThread@3f2a8cc, debugName = KeyguardOcclude }}
11-14 14:13:59.954 1942 1966 V WindowManagerShell: Checking filter Pair{{types=[] flags=0x40] notFlags=0x0 checks=[{NOT atype=undefined independent=false modes=[OPEN,SHOW] flags=OCCLUDES_KEYGUARD mustBeTask=false order=ANY topActivity=null},{atype=undefined independent=false modes=[CLOSE,HIDE] flags=NONE mustBeTask=true order=ANY topActivity=null}]} RemoteTransition { remoteTransition = com.android.systemui.keyguard.KeyguardService$3@7730680, appThread = android.app.ActivityThread$ApplicationThread@3f2a8cc, debugName = KeyguardUnocclude }}
11-14 14:13:59.954 1942 1966 V WindowManagerShell: Checking filter Pair{{types=[] flags=0x40] notFlags=0x0 checks=[{atype=undefined independent=false modes=[OPEN,SHOW] flags=OCCLUDES_KEYGUARD mustBeTask=false order=ANY topActivity=null},{NOT atype=undefined independent=false modes=[CLOSE,HIDE] flags=OCCLUDES_KEYGUARD mustBeTask=false order=ANY topActivity=null}]} RemoteTransition { remoteTransition = com.android.systemui.keyguard.KeyguardService$3@650b703, appThread = android.app.ActivityThread$ApplicationThread@3f2a8cc, debugName = KeyguardOcclude }}
11-14 14:13:59.954 1942 1966 V WindowManagerShell: Checking filter Pair{{types=[] flags=0x100] notFlags=0x0 checks=[]} RemoteTransition { remoteTransition = com.android.systemui.keyguard.KeyguardService$1@d7a9bb2, appThread = android.app.ActivityThread$ApplicationThread@3f2a8cc, debugName = ExitKeyguard }}
11-14 14:13:59.954 1942 1966 D RemoteTransitionHandler: Found filterPair{{types=[] flags=0x100] notFlags=0x0 checks=[]} RemoteTransition { remoteTransition = com.android.systemui.keyguard.KeyguardService$1@d7a9bb2, appThread = android.app.ActivityThread$ApplicationThread@3f2a8cc, debugName = ExitKeyguard }}
11-14 14:13:59.955 1942 1966 V WindowManagerShell: Delegate animation for #213 to RemoteTransition { remoteTransition = com.android.systemui.keyguard.KeyguardService$1@d7a9bb2, appThread = android.app.ActivityThread$ApplicationThread@3f2a8cc, debugName = ExitKeyguard }
11-14 14:13:59.958 1942 1966 D KeyguardService: Starts IRemoteAnimationRunner: info={id=213 t=TO_BACK f=0x104 r=[0@Point(0, 0)] c=[{WCT{android.window.IWindowContainerToken$Stub$Proxy@2e64022} m=SHOW f=NONE p=WCT{android.window.IWindowContainerToken$Stub$Proxy@fdfdab3} leash=Surface(name=Task=406)/@0x101a9a5 sb=Rect(0, 0 - 1080, 2400) eb=Rect(0, 0 - 1080, 2400) d=0},{WCT{android.window.IWindowContainerToken$Stub$Proxy@b8277e9} m=SHOW f=NONE leash=Surface(name=DefaultTaskDisplayArea)/@0xa03b17a sb=Rect(0, 0 - 1080, 2400) eb=Rect(0, 0 - 1080, 2400) d=0}]}
11-14 14:13:59.959 1942 1966 V WindowManagerShell: animated by com.android.wm.shell.transition.RemoteTransitionHandler@f9382ff
11-14 14:14:00.278 1472 1472 D BiometricService: Sensor ID(0), oemStrength: 15, updatedStrength: 15, modality: 2, state: 0, cookie: 0, sensorId 0, hasEnrollments: false cannot participate in Keystore operations
11-14 14:14:00.278 595 5712 I keystore2: system/security/keystore2/src/authorization.rs:143 - on_lock_screen_event(r#UNLOCK, user_id=0, password.is_some()=false, unlocking_sids=Some([]))
11-14 14:14:00.296 1472 2557 D FingerprintProvider/default: Starting watchdog for fingerprint
11-14 14:14:00.297 1942 1942 D KeyguardService: Finish IRemoteAnimationRunner.
11-14 14:14:00.297 1942 1966 V WindowManagerShell: Transition animation finished (aborted=false), notifying core (#213)android.os.BinderProxy@5781417
11-14 14:14:00.297 1472 2557 D SystemServerTiming: getUserSwitchability-0
11-14 14:14:00.297 1472 2557 D SystemServerTiming: TM.isInCall
11-14 14:14:00.298 1472 1685 V WindowManager: Finish Transition #213: created at
11-14 14:13:59.917 collect-started=0.285ms request-sent=0.473ms started=9.643ms ready=9.643ms sent=33.251ms finished=380.496ms
11-14 14:14:00.299 1472 2557 D SystemServerTiming: hasUserRestriction-DISALLOW_USER_SWITCH
11-14 14:14:00.299 1472 2557 D SystemServerTiming: getInt-ALLOW_USER_SWITCHING_WHEN_SYSTEM_USER_LOCKED
11-14 14:14:00.299 1472 2557 D SystemServerTiming: isUserUnlocked-USER_SYSTEM
11-14 14:14:00.300 1942 1966 V WindowManagerShell: All active transition animations finished
11-14 14:14:00.817 1472 1621 D BiometricService: canAuthenticate: User=0, Caller=0, Authenticators=255
