11-14 14:18:38.811 936 2866 E IPCThreadState: binder thread pool (1 threads) starved for 125 ms
11-14 14:18:38.850 1942 1942 D StatusBarIconController: ignoring old pipeline callback because the new wifi icon is enabled
11-14 14:18:38.853 1472 1871 D ConnectivityService: NetReassign [no changes] [c 1] [a 0] [i 3]
11-14 14:18:41.314 1128 1349 I CHRE : @ 1881864.763: [ImuCal] [GYRO_RPS] (s0, c0) Offset | Temp [C] | Quality: -.000862, 0.001269, -.002868 | 26.168990 | 4
11-14 14:18:41.315 1128 1349 I CHRE : @ 1881864.764: [ImuCal] [GYRO_RPS] (s0) Temp Sensitivity: 0.000041, -.000021, -.000075
11-14 14:18:41.315 1128 1349 I CHRE : @ 1881864.765: [ImuCal] [GYRO_RPS] (s0) Temp Intercept: -.001916, 0.001831, -.000698
11-14 14:18:43.453 31668 31739 I PhenotypeProcessReaper: Memory state is: 400
11-14 14:18:43.453 31668 31739 I PhenotypeProcessReaper: Killing process to refresh experiment configuration
11-14 14:18:43.453 31668 31739 I Process : Sending signal. PID: 31668 SIG: 9
11-14 14:18:43.582 6186 6186 I trusty_metricsd: starting trusty_metricsd
11-14 14:18:43.582 6186 6186 I trusty_metricsd: trusty dev: /dev/trusty-ipc-dev0
11-14 14:18:43.586 6186 6186 E libtrusty: tipc_connect: can't connect to tipc service "com.android.trusty.metrics" (err=107)
11-14 14:18:43.586 6186 6186 E trusty_metricsd: failed to open TrustyMetricsPixel: failed to connect to Trusty metrics TA: Transport endpoint is not connected
11-14 14:18:43.586 6186 6186 E trusty_metricsd: failed to open Trusty metrics client
11-14 14:18:43.608 1472 4804 I ActivityManager: Process com.google.android.gms (pid 31668) has died: cch+5 CEM
11-14 14:18:43.609 1472 1700 I libprocessgroup: Successfully killed process cgroup uid 10140 pid 31668 in 1ms
11-14 14:18:43.610 1472 4804 W ActivityManager: Scheduling restart of crashed service com.google.android.gms/.chimera.GmsBoundBrokerService in 1000ms for connection
11-14 14:18:43.614 851 851 I Zygote : Process 31668 exited due to signal 9 (Killed)
11-14 14:18:43.616 6187 6187 I flags_health_check: ServerConfigurableFlagsReset reset_mode value: 1
11-14 14:18:43.616 6187 6187 I flags_health_check: ServerConfigurableFlagsReset updatable crashing detected, resetting flags.
11-14 14:18:44.614 1472 1697 D CompatibilityChangeReporter: Compat change id reported: 135634846; UID 10140; state: DISABLED
11-14 14:18:44.615 1472 1697 D CompatibilityChangeReporter: Compat change id reported: 177438394; UID 10140; state: DISABLED
11-14 14:18:44.615 1472 1697 D CompatibilityChangeReporter: Compat change id reported: 135772972; UID 10140; state: DISABLED
11-14 14:18:44.615 1472 1697 D CompatibilityChangeReporter: Compat change id reported: 135754954; UID 10140; state: ENABLED
11-14 14:18:44.616 1472 1698 D CompatibilityChangeReporter: Compat change id reported: 143937733; UID 10140; state: ENABLED
11-14 14:18:44.665 851 851 D Zygote : Forked child process 6189
11-14 14:18:44.666 1472 1698 W ActivityManager: Slow operation: 53ms so far, now at startProcess: returned from zygote!
11-14 14:18:44.666 1472 1698 W ActivityManager: Slow operation: 53ms so far, now at startProcess: done updating battery stats
11-14 14:18:44.666 1472 1698 W ActivityManager: Slow operation: 54ms so far, now at startProcess: building log message
11-14 14:18:44.666 1472 1698 I ActivityManager: Start proc 6189:com.google.android.gms/u0a140 for service {com.google.android.gms/com.google.android.gms.chimera.GmsBoundBrokerService}
11-14 14:18:44.666 1472 1698 W ActivityManager: Slow operation: 54ms so far, now at startProcess: starting to update pids map
11-14 14:18:44.667 1472 1698 W ActivityManager: Slow operation: 54ms so far, now at startProcess: done updating pids map
11-14 14:18:44.684 6189 6189 I gle.android.gms: Using CollectorTypeCC GC.
11-14 14:18:44.689 6189 6189 E gle.android.gms: Not starting debugger since process cannot load the jdwp agent.
11-14 14:18:44.707 1472 1695 D CompatibilityChangeReporter: Compat change id reported: 168419799; UID 10140; state: DISABLED
11-14 14:18:44.707 1472 1695 D CompatibilityChangeReporter: Compat change id reported: 273564678; UID 10140; state: DISABLED
11-14 14:18:44.710 1472 1695 D CompatibilityChangeReporter: Compat change id reported: 181136395; UID 10277; state: DISABLED
11-14 14:18:44.710 1472 1695 D CompatibilityChangeReporter: Compat change id reported: 174042936; UID 10277; state: DISABLED
11-14 14:18:44.715 6189 6189 D CompatibilityChangeReporter: Compat change id reported: 171979766; UID 10140; state: ENABLED
11-14 14:18:44.715 6189 6189 D CompatibilityChangeReporter: Compat change id reported: 242716250; UID 10140; state: DISABLED
11-14 14:18:44.721 1472 1695 D CompatibilityChangeReporter: Compat change id reported: 170503758; UID 10140; state: ENABLED
11-14 14:18:44.737 6189 6189 D nativeloader: Configuring clns-4 for other apk /system/framework/org.apache.http.legacy.jar. target_sdk_version=34, uses_libraries=ALL, library_path=/data/app/~~sZIviM2N6fP_A3_Zp9h7Sw==/com.google.android.gms-mJS7CQyBpQmNiM0wLfWaAg==/lib/arm64:/data/app/~~sZIviM2N6fP_A3_Zp9h7Sw==/com.google.android.gms-mJS7CQyBpQmNiM0wLfWaAg==/base.apk!/lib/arm64-v8a, permitted_path=/data:/mnt/expand:/data/user/0/com.google.android.gms
11-14 14:18:44.737 6189 6189 D nativeloader: Extending system_exposed_libraries: libedgetpu_dba.google.so
11-14 14:18:44.745 6189 6189 D nativeloader: Configuring clns-5 for other apk /system/framework/com.android.media.remotedisplay.jar. target_sdk_version=34, uses_libraries=ALL, library_path=/data/app/~~sZIviM2N6fP_A3_Zp9h7Sw==/com.google.android.gms-mJS7CQyBpQmNiM0wLfWaAg==/lib/arm64:/data/app/~~sZIviM2N6fP_A3_Zp9h7Sw==/com.google.android.gms-mJS7CQyBpQmNiM0wLfWaAg==/base.apk!/lib/arm64-v8a, permitted_path=/data:/mnt/expand:/data/user/0/com.google.android.gms
11-14 14:18:44.745 6189 6189 D nativeloader: Extending system_exposed_libraries: libedgetpu_dba.google.so
11-14 14:18:44.750 6189 6189 D nativeloader: Configuring clns-6 for other apk /system/framework/com.android.location.provider.jar. target_sdk_version=34, uses_libraries=ALL, library_path=/data/app/~~sZIviM2N6fP_A3_Zp9h7Sw==/com.google.android.gms-mJS7CQyBpQmNiM0wLfWaAg==/lib/arm64:/data/app/~~sZIviM2N6fP_A3_Zp9h7Sw==/com.google.android.gms-mJS7CQyBpQmNiM0wLfWaAg==/base.apk!/lib/arm64-v8a, permitted_path=/data:/mnt/expand:/data/user/0/com.google.android.gms
11-14 14:18:44.750 6189 6189 D nativeloader: Extending system_exposed_libraries: libedgetpu_dba.google.so
11-14 14:18:44.763 6189 6189 D nativeloader: Configuring clns-7 for other apk /data/app/~~sZIviM2N6fP_A3_Zp9h7Sw==/com.google.android.gms-mJS7CQyBpQmNiM0wLfWaAg==/base.apk. target_sdk_version=34, uses_libraries=, library_path=/data/app/~~sZIviM2N6fP_A3_Zp9h7Sw==/com.google.android.gms-mJS7CQyBpQmNiM0wLfWaAg==/lib/arm64:/data/app/~~sZIviM2N6fP_A3_Zp9h7Sw==/com.google.android.gms-mJS7CQyBpQmNiM0wLfWaAg==/base.apk!/lib/arm64-v8a, permitted_path=/data:/mnt/expand:/data/user/0/com.google.android.gms
11-14 14:18:44.785 6189 6189 V GraphicsEnvironment: GLES system driver is 'mali'
11-14 14:18:44.785 6189 6189 V GraphicsEnvironment: Legacy GLES driver is 'mali'
11-14 14:18:44.785 6189 6189 V GraphicsEnvironment: Currently set values for:
11-14 14:18:44.785 6189 6189 V GraphicsEnvironment: angle_gl_driver_selection_pkgs =[]
11-14 14:18:44.785 6189 6189 V GraphicsEnvironment: angle_gl_driver_selection_values =[]
11-14 14:18:44.785 6189 6189 V GraphicsEnvironment: getDriverForPackage(): No per-application setting
11-14 14:18:44.786 6189 6189 V GraphicsEnvironment: ANGLE GameManagerService for com.google.android.gms: false
11-14 14:18:44.786 6189 6189 I GraphicsEnv: Using the (system) Legacy GLES driver for package 'com.google.android.gms'
11-14 14:18:44.786 6189 6189 V GraphicsEnvironment: Neither updatable production driver nor prerelease driver is supported.
11-14 14:18:44.789 6189 6189 D NetworkSecurityConfig: Using Network Security Config from resource network_security_config debugBuild: false
11-14 14:18:44.790 6189 6189 D NetworkSecurityConfig: Using Network Security Config from resource network_security_config debugBuild: false
11-14 14:18:44.820 1472 4804 D ActivityManager: sync unfroze 32484 com.google.process.gservices
11-14 14:18:44.853 936 2866 I WifiHAL : Creating message to get link statistics; iface = 47
11-14 14:18:44.904 936 2866 I WifiHAL : In GetLinkStatsCommand::handleResponse
11-14 14:18:44.919 6189 6189 W ProviderHelper: Unknown dynamite feature providerinstaller.dynamite
11-14 14:18:44.920 6189 6189 I DynamiteModule: Considering local module com.google.android.gms.providerinstaller.dynamite:1 and remote module com.google.android.gms.providerinstaller.dynamite:0
11-14 14:18:44.920 6189 6189 I DynamiteModule: Selected local version of com.google.android.gms.providerinstaller.dynamite
11-14 14:18:44.933 1942 1942 D StatusBarIconController: ignoring old pipeline callback because the new wifi icon is enabled
11-14 14:18:44.937 1472 1871 D ConnectivityService: NetReassign [no changes] [c 0] [a 0] [i 2]
11-14 14:18:45.021 6189 6189 V NativeCrypto: Registering com/google/android/gms/org/conscrypt/NativeCrypto's 302 native methods...
11-14 14:18:45.055 6189 6189 I ProviderInstaller: Installed default security provider GmsCore_OpenSSL
11-14 14:18:45.083 6189 6211 D CompatibilityChangeReporter: Compat change id reported: 183155436; UID 10140; state: ENABLED
11-14 14:18:45.086 6189 6218 I Watchcat: Started
11-14 14:18:45.102 6189 6218 I GMS_MM_Logger: (REDACTED) Start time: %s
11-14 14:18:45.102 6189 6212 W dkjn : Primes.initialize() should only be called from the main thread.
11-14 14:18:45.102 6189 6218 I GMS_MM_Logger: Started.
11-14 14:18:45.114 1472 1695 I ActivityManager: Flag disabled. Ignoring finishAttachApplication from uid: 10140. pid: 6189
11-14 14:18:45.176 6189 6189 D BoundBrokerSvc: onBind: Intent { act=com.google.android.gms.safetynet.service.START pkg=com.google.android.gms }
11-14 14:18:45.176 6189 6189 D BoundBrokerSvc: Loading bound service for intent: Intent { act=com.google.android.gms.safetynet.service.START pkg=com.google.android.gms }
11-14 14:18:46.754 6189 6189 D BoundBrokerSvc: onUnbind: Intent { act=com.google.android.gms.safetynet.service.START pkg=com.google.android.gms }
11-14 14:18:48.608 6234 6234 I trusty_metricsd: starting trusty_metricsd
11-14 14:18:48.608 6234 6234 I trusty_metricsd: trusty dev: /dev/trusty-ipc-dev0
11-14 14:18:48.612 6234 6234 E libtrusty: tipc_connect: can't connect to tipc service "com.android.trusty.metrics" (err=107)
11-14 14:18:48.612 6234 6234 E trusty_metricsd: failed to open TrustyMetricsPixel: failed to connect to Trusty metrics TA: Transport endpoint is not connected
11-14 14:18:48.612 6234 6234 E trusty_metricsd: failed to open Trusty metrics client
11-14 14:18:48.648 6235 6235 I flags_health_check: ServerConfigurableFlagsReset reset_mode value: 1
11-14 14:18:48.648 6235 6235 I flags_health_check: ServerConfigurableFlagsReset updatable crashing detected, resetting flags.
11-14 14:18:48.949 28917 29007 I bbrb : getHotwordActive::active query: null, watch: false, devices connected: []
11-14 14:18:50.941 936 2866 I WifiHAL : Creating message to get link statistics; iface = 47
11-14 14:18:51.048 936 2866 I WifiHAL : In GetLinkStatsCommand::handleResponse
11-14 14:18:51.051 936 2866 E IPCThreadState: binder thread pool (1 threads) starved for 110 ms
11-14 14:18:51.089 1472 1871 D ConnectivityService: NetReassign [no changes] [c 1] [a 0] [i 3]
11-14 14:18:53.622 6242 6242 I trusty_metricsd: starting trusty_metricsd
11-14 14:18:53.622 6242 6242 I trusty_metricsd: trusty dev: /dev/trusty-ipc-dev0
11-14 14:18:53.626 6242 6242 E libtrusty: tipc_connect: can't connect to tipc service "com.android.trusty.metrics" (err=107)
11-14 14:18:53.626 6242 6242 E trusty_metricsd: failed to open TrustyMetricsPixel: failed to connect to Trusty metrics TA: Transport endpoint is not connected
11-14 14:18:53.626 6242 6242 E trusty_metricsd: failed to open Trusty metrics client
11-14 14:18:53.632 1472 1807 D ActivityManager: freezing 7533 com.google.android.adservices.api
11-14 14:18:53.663 6243 6243 I flags_health_check: ServerConfigurableFlagsReset reset_mode value: 1
11-14 14:18:53.664 6243 6243 I flags_health_check: ServerConfigurableFlagsReset updatable crashing detected, resetting flags.
11-14 14:18:54.568 2357 2612 D EuiccConnector: handleMessage: E msg.what=3
11-14 14:18:54.569 2357 2612 D EuiccConnector: processMsg: ConnectedState
11-14 14:18:54.580 2357 2612 D EuiccConnector: transitionTo: destState=AvailableState
11-14 14:18:54.580 2357 2612 D EuiccConnector: handleMessage: new destination call exit/enter
11-14 14:18:54.580 2357 2612 D EuiccConnector: setupTempStateStackWithStatesToEnter: X mTempStateStackCount=2,curStateInfo: null
11-14 14:18:54.580 2357 2612 D EuiccConnector: invokeExitMethods: ConnectedState
11-14 14:18:54.580 2357 2612 D EuiccConnector: invokeExitMethods: DisconnectedState
11-14 14:18:54.580 2357 2612 D EuiccConnector: moveTempStackToStateStack: i=1,j=0
11-14 14:18:54.580 2357 2612 D EuiccConnector: moveTempStackToStateStack: i=0,j=1
11-14 14:18:54.580 2357 2612 D EuiccConnector: moveTempStackToStateStack: X mStateStackTop=1,startingIndex=0,Top=AvailableState
11-14 14:18:54.580 2357 2612 D EuiccConnector: invokeEnterMethods: UnavailableState
11-14 14:18:54.580 2357 2612 D EuiccConnector: invokeEnterMethods: AvailableState
11-14 14:18:54.580 2357 2612 D EuiccConnector: handleMessage: X
11-14 14:18:54.582 5451 5451 I EuiccGoogle: [2] EuiccServiceImpl.onDestroy: onDestroy: EuiccService on destroy.
11-14 14:18:54.627 1942 1942 D DLObserver: onReceive(); android.intent.action.BATTERY_CHANGED
11-14 14:18:54.628 1942 1942 D DLObserver: plugged=2
11-14 14:18:54.631 1942 1942 D PowerNotificationWarningsGoogleImpl: onReceive: android.intent.action.BATTERY_CHANGED
11-14 14:18:54.631 1942 1942 D BatteryDefenderNotification: isPlugged: true | isOverheated: false | defenderEnabled: false | isCharged: false | isPluggedInDock: false
11-14 14:18:54.631 1942 1942 D IncompatibleChargerNotification: dispatchIntent: android.intent.action.BATTERY_CHANGED
11-14 14:18:54.638 1472 1695 D ActivityManager: sync unfroze 19704 com.google.android.apps.turbo
11-14 14:18:54.654 1942 3398 D PowerUI : can't show warning due to - plugged: true status unknown: false
11-14 14:18:54.671 1942 1981 D BatteryInfoBroadcast: onReceive: android.intent.action.BATTERY_CHANGED, saverMode: false, remainingTime: 352381282
11-14 14:18:55.290 1472 1697 D ActivityManager: sync unfroze 30461 com.android.settings
11-14 14:18:55.293 30461 30461 D BatteryUsageBroadcastReceiver: onReceive:android.intent.action.BATTERY_LEVEL_CHANGED
11-14 14:18:55.337 1942 1942 D DLObserver: onReceive(); android.intent.action.BATTERY_CHANGED
11-14 14:18:55.337 1942 1942 D DLObserver: plugged=2
11-14 14:18:55.341 1942 3404 D PowerUI : can't show warning due to - plugged: true status unknown: false
11-14 14:18:55.348 1942 1942 D PowerNotificationWarningsGoogleImpl: onReceive: android.intent.action.BATTERY_CHANGED
11-14 14:18:55.348 1942 1942 D BatteryDefenderNotification: isPlugged: true | isOverheated: false | defenderEnabled: false | isCharged: false | isPluggedInDock: false
11-14 14:18:55.348 1942 1942 D IncompatibleChargerNotification: dispatchIntent: android.intent.action.BATTERY_CHANGED
11-14 14:18:55.363 1472 1695 D ActivityManager: sync unfroze 8423 com.google.android.turboadapter
11-14 14:18:56.769 1472 1807 D ActivityManager: freezing 6189 com.google.android.gms
11-14 14:18:56.772 1472 1807 D ActivityManager: freezing 32484 com.google.process.gservices
11-14 14:18:57.089 936 2866 I WifiHAL : Creating message to get link statistics; iface = 47
11-14 14:18:57.208 936 2866 I WifiHAL : In GetLinkStatsCommand::handleResponse
11-14 14:18:57.212 936 2866 E IPCThreadState: binder thread pool (1 threads) starved for 123 ms
11-14 14:18:57.244 1942 1942 D StatusBarIconController: ignoring old pipeline callback because the new wifi icon is enabled
11-14 14:18:57.252 1472 1871 D ConnectivityService: NetReassign [no changes] [c 0] [a 0] [i 3]
11-14 14:18:58.635 6255 6255 I trusty_metricsd: starting trusty_metricsd
11-14 14:18:58.636 6255 6255 I trusty_metricsd: trusty dev: /dev/trusty-ipc-dev0
11-14 14:18:58.640 6255 6255 E libtrusty: tipc_connect: can't connect to tipc service "com.android.trusty.metrics" (err=107)
11-14 14:18:58.640 6255 6255 E trusty_metricsd: failed to open TrustyMetricsPixel: failed to connect to Trusty metrics TA: Transport endpoint is not connected
11-14 14:18:58.640 6255 6255 E trusty_metricsd: failed to open Trusty metrics client
11-14 14:18:58.680 6256 6256 I flags_health_check: ServerConfigurableFlagsReset reset_mode value: 1
11-14 14:18:58.681 6256 6256 I flags_health_check: ServerConfigurableFlagsReset updatable crashing detected, resetting flags.
11-14 14:19:00.022 3715 3900 I AiAiEcho: Predicting[7]: { Feature:1, creation:2023-11-14T10:24:07Z, expiry:2023-11-14T11:00:00Z, isExpired: true}, { Feature:1, creation:2023-11-14T11:00:00Z, expiry:2023-11-14T12:00:00Z, isExpired: true}, { Feature:1, creation:2023-11-14T12:00:00Z, expiry:2023-11-14T13:00:00Z, isExpired: false}, { Feature:1, creation:2023-11-14T13:00:00Z, expiry:2023-11-14T14:00:00Z, isExpired: true}, { Feature:1, creation:2023-11-14T14:00:00Z, expiry:2023-11-14T15:00:00Z, isExpired: true}, { Feature:1, creation:2023-11-14T15:00:00Z, expiry:2023-11-14T16:00:00Z, isExpired: true}, { Feature:1, creation:2023-11-14T16:00:00Z, expiry:2023-11-14T16:24:07Z, isExpired: true}
11-14 14:19:00.023 3715 3900 I AiAiEcho: EchoTargets: Feature:1
11-14 14:19:00.023 3715 3900 I AiAiEcho: Filtered by AiAi flag check:
11-14 14:19:00.024 3715 3900 I AiAiEcho: Ranked targets strategy: WEIGHTED, count: 1, ranking metadata: { cardId: WEATHER-569377245, card type: 1, update time: 2023-11-14T12:00:00Z, expiration time: 2023-11-14T13:00:00Z, ranking metadata: RankingMetaData(urgency=0.883, priority=0.3, recency=1.0, rankScore=0.26490003, importantTimePoints=# mta@7bca4) }
11-14 14:19:00.024 3715 3900 I AiAiEcho: #weatherTwiddler: Weather removes SubtitleSupplementalItem in surface: lockscreen
11-14 14:19:00.028 3715 3900 I AiAiEcho: #postPredictionTargets: Sending updates to UISurface lockscreen with targets# 1 (types=[1])
11-14 14:19:00.034 1942 1942 W PageIndicator: Total number of pages invalid: 0. Assuming 1 page.
11-14 14:19:00.157 28917 10739 I IPCThreadState: oneway function results for code 2 on binder at 0xb400007134ee02d0 will be dropped but finished with status UNKNOWN_TRANSACTION
11-14 14:19:01.694 1472 4785 D ActivityManager: sync unfroze 6189 com.google.android.gms
11-14 14:19:01.706 6189 6189 D BoundBrokerSvc: onBind: Intent { act=com.google.android.gms.safetynet.service.START pkg=com.google.android.gms }
11-14 14:19:01.706 6189 6189 D BoundBrokerSvc: Loading bound service for intent: Intent { act=com.google.android.gms.safetynet.service.START pkg=com.google.android.gms }
11-14 14:19:01.718 6189 6260 I DynamiteModule: Considering local module com.google.android.gms.googlecertificates:7 and remote module com.google.android.gms.googlecertificates:7
11-14 14:19:01.718 6189 6260 I DynamiteModule: Selected local version of com.google.android.gms.googlecertificates
11-14 14:19:01.735 6189 6260 W GoogleCertificates: GoogleCertificates has been initialized already
11-14 14:19:01.745 1472 4804 D ActivityManager: sync unfroze 32484 com.google.process.gservices
11-14 14:19:01.886 6189 6226 D CompatibilityChangeReporter: Compat change id reported: 160794467; UID 10140; state: ENABLED
11-14 14:19:03.251 936 2866 I WifiHAL : Creating message to get link statistics; iface = 47
11-14 14:19:03.367 936 2866 I WifiHAL : In GetLinkStatsCommand::handleResponse
11-14 14:19:03.372 936 2866 E IPCThreadState: binder thread pool (1 threads) starved for 121 ms
11-14 14:19:03.406 1942 1942 D StatusBarIconController: ignoring old pipeline callback because the new wifi icon is enabled
11-14 14:19:03.414 1472 1871 D ConnectivityService: NetReassign [no changes] [c 1] [a 0] [i 3]
11-14 14:19:03.651 6266 6266 I trusty_metricsd: starting trusty_metricsd
11-14 14:19:03.651 6266 6266 I trusty_metricsd: trusty dev: /dev/trusty-ipc-dev0
11-14 14:19:03.657 6266 6266 E libtrusty: tipc_connect: can't connect to tipc service "com.android.trusty.metrics" (err=107)
11-14 14:19:03.657 6266 6266 E trusty_metricsd: failed to open TrustyMetricsPixel: failed to connect to Trusty metrics TA: Transport endpoint is not connected
11-14 14:19:03.657 6266 6266 E trusty_metricsd: failed to open Trusty metrics client
11-14 14:19:03.691 6267 6267 I flags_health_check: ServerConfigurableFlagsReset reset_mode value: 1
11-14 14:19:03.691 6267 6267 I flags_health_check: ServerConfigurableFlagsReset updatable crashing detected, resetting flags.
11-14 14:19:04.601 1472 1807 D ActivityManager: freezing 5451 com.google.android.euicc
11-14 14:19:05.311 1472 1807 D ActivityManager: freezing 30461 com.android.settings
11-14 14:19:05.379 1472 1807 D ActivityManager: freezing 8423 com.google.android.turboadapter
11-14 14:19:08.666 6273 6273 I trusty_metricsd: starting trusty_metricsd
11-14 14:19:08.666 6273 6273 I trusty_metricsd: trusty dev: /dev/trusty-ipc-dev0
11-14 14:19:08.670 6273 6273 E libtrusty: tipc_connect: can't connect to tipc service "com.android.trusty.metrics" (err=107)
11-14 14:19:08.670 6273 6273 E trusty_metricsd: failed to open TrustyMetricsPixel: failed to connect to Trusty metrics TA: Transport endpoint is not connected
11-14 14:19:08.670 6273 6273 E trusty_metricsd: failed to open Trusty metrics client
11-14 14:19:08.703 6274 6274 I flags_health_check: ServerConfigurableFlagsReset reset_mode value: 1
11-14 14:19:08.704 6274 6274 I flags_health_check: ServerConfigurableFlagsReset updatable crashing detected, resetting flags.
11-14 14:19:09.412 936 2866 I WifiHAL : Creating message to get link statistics; iface = 47
11-14 14:19:09.532 936 2866 I WifiHAL : In GetLinkStatsCommand::handleResponse
11-14 14:19:09.537 936 2866 E IPCThreadState: binder thread pool (1 threads) starved for 125 ms
11-14 14:19:09.577 1942 1942 D StatusBarIconController: ignoring old pipeline callback because the new wifi icon is enabled
11-14 14:19:09.581 1472 1871 D ConnectivityService: NetReassign [no changes] [c 1] [a 0] [i 4]
11-14 14:19:13.683 6286 6286 I trusty_metricsd: starting trusty_metricsd
11-14 14:19:13.683 6286 6286 I trusty_metricsd: trusty dev: /dev/trusty-ipc-dev0
11-14 14:19:13.688 6286 6286 E libtrusty: tipc_connect: can't connect to tipc service "com.android.trusty.metrics" (err=107)
11-14 14:19:13.688 6286 6286 E trusty_metricsd: failed to open TrustyMetricsPixel: failed to connect to Trusty metrics TA: Transport endpoint is not connected
11-14 14:19:13.688 6286 6286 E trusty_metricsd: failed to open Trusty metrics client
11-14 14:19:13.723 6287 6287 I flags_health_check: ServerConfigurableFlagsReset reset_mode value: 1
11-14 14:19:13.724 6287 6287 I flags_health_check: ServerConfigurableFlagsReset updatable crashing detected, resetting flags.
11-14 14:19:15.579 936 2866 I WifiHAL : Creating message to get link statistics; iface = 47
11-14 14:19:15.649 1655 1655 I pixel-thermal: smpl_gm:0 raw data: smpl_gm:0
11-14 14:19:15.655 1655 1655 I pixel-thermal: vdroop2:0 raw data: vdroop2:0
11-14 14:19:15.657 1655 1655 I pixel-thermal: vdroop1:0 raw data: vdroop1:0
11-14 14:19:15.660 1655 1655 I pixel-thermal: FLASH_LED_REDUCE:0 raw data: FLASH_LED_REDUCE:0 battery:27700 battery_cycle:12 vdroop1:0
11-14 14:19:15.660 1655 1655 I pixel-thermal: LOW_TEMP_UVLO2:0 raw data: LOW_TEMP_UVLO2:0 battery:27700 vdroop2:0
11-14 14:19:15.660 1655 1655 I pixel-thermal: critical-battery-cell:0 raw data: battery:27700 battery_cycle:12 critical-battery-cell:0 vdroop1:0
11-14 14:19:15.667 1655 1655 I pixel-thermal: VIRTUAL-SKIN:29.7756 raw data: VIRTUAL-NEUTRAL:29509.5 VIRTUAL-NEUTRAL-SKIN2:29775.6 VIRTUAL-QUIET-NEUTRAL:29014.5 VIRTUAL-SKIN:29775.6 disp_therm:28077 gnss_tcxo_therm:29368 neutral_therm:28500 quiet_therm:29235 skin_therm1:29702 skin_therm2:32752
11-14 14:19:15.668 1655 1655 I pixel-thermal: batoilo:0 raw data: batoilo:0
11-14 14:19:15.670 1655 1655 I pixel-thermal: cellular-emergency:29.7756 raw data: VIRTUAL-NEUTRAL:29509.5 VIRTUAL-NEUTRAL-SKIN2:29775.6 VIRTUAL-QUIET-NEUTRAL:29014.5 cellular-emergency:29775.6
11-14 14:19:15.671 1655 1655 I pixel-thermal: neutral_therm:28.5 raw data: neutral_therm:28500
11-14 14:19:15.673 1655 1655 I pixel-thermal: usb_pwr_therm2:28.589 raw data: usb_pwr_therm2:28589
11-14 14:19:15.673 1655 1655 I pixel-thermal: VIRTUAL-USB-UI:0 raw data: USB2-MINUS-CHG:-4897 VIRTUAL-USB-UI:0 charger_skin_therm:33486 usb_pwr_therm2:28589
11-14 14:19:15.698 936 2866 I WifiHAL : In GetLinkStatsCommand::handleResponse
11-14 14:19:15.698 936 2866 E IPCThreadState: binder thread pool (1 threads) starved for 119 ms
11-14 14:19:15.735 1472 1871 D ConnectivityService: NetReassign [no changes] [c 0] [a 0] [i 3]
11-14 14:19:16.782 6189 6189 D BoundBrokerSvc: onUnbind: Intent { act=com.google.android.gms.safetynet.service.START pkg=com.google.android.gms }
11-14 14:19:17.249 905 969 D USF : AP/AOC clock synced: AOC: 1881900702683838 ns (7708265278193 tk), AP: 1881907660178452 ns, diff = -6957494614 ns
11-14 14:19:18.703 6295 6295 I trusty_metricsd: starting trusty_metricsd
11-14 14:19:18.703 6295 6295 I trusty_metricsd: trusty dev: /dev/trusty-ipc-dev0
11-14 14:19:18.706 6295 6295 E libtrusty: tipc_connect: can't connect to tipc service "com.android.trusty.metrics" (err=107)
11-14 14:19:18.706 6295 6295 E trusty_metricsd: failed to open TrustyMetricsPixel: failed to connect to Trusty metrics TA: Transport endpoint is not connected
11-14 14:19:18.706 6295 6295 E trusty_metricsd: failed to open Trusty metrics client
11-14 14:19:18.744 6296 6296 I flags_health_check: ServerConfigurableFlagsReset reset_mode value: 1
11-14 14:19:18.744 6296 6296 I flags_health_check: ServerConfigurableFlagsReset updatable crashing detected, resetting flags.
11-14 14:19:20.816 1655 1677 I pixel-thermal: usb_pwr_therm2:28.7 raw data: usb_pwr_therm2:28700
11-14 14:19:20.823 1655 1677 I pixel-thermal: cellular-emergency:29.8262 raw data: VIRTUAL-NEUTRAL:29561.7 VIRTUAL-NEUTRAL-SKIN2:29826.2 VIRTUAL-QUIET-NEUTRAL:29090 cellular-emergency:29826.2 disp_therm:28166 gnss_tcxo_therm:29413 neutral_therm:28544 quiet_therm:29324 skin_therm1:29747 skin_therm2:32818
11-14 14:19:20.823 1655 1677 I pixel-thermal: VIRTUAL-SKIN-CPU:29.8262 raw data: VIRTUAL-NEUTRAL:29561.7 VIRTUAL-NEUTRAL-SKIN2:29826.2 VIRTUAL-QUIET-NEUTRAL:29090 VIRTUAL-SKIN-CPU:29826.2
11-14 14:19:20.824 1655 1677 I pixel-thermal: batoilo:0 raw data: batoilo:0
11-14 14:19:20.824 1655 1677 I pixel-thermal: VIRTUAL-SKIN:29.8262 raw data: VIRTUAL-NEUTRAL:29561.7 VIRTUAL-NEUTRAL-SKIN2:29826.2 VIRTUAL-QUIET-NEUTRAL:29090 VIRTUAL-SKIN:29826.2
11-14 14:19:20.824 1655 1677 I pixel-thermal: VIRTUAL-SKIN-CHARGE:29.8262 raw data: VIRTUAL-NEUTRAL:29561.7 VIRTUAL-NEUTRAL-SKIN2:29826.2 VIRTUAL-QUIET-NEUTRAL:29090 VIRTUAL-SKIN-CHARGE:29826.2
11-14 14:19:20.824 1655 1677 I pixel-thermal: VIRTUAL-SKIN-CPU-GPU:29.8262 raw data: VIRTUAL-NEUTRAL:29561.7 VIRTUAL-NEUTRAL-SKIN2:29826.2 VIRTUAL-QUIET-NEUTRAL:29090 VIRTUAL-SKIN-CPU-GPU:29826.2
11-14 14:19:20.825 1655 1677 I pixel-thermal: critical-battery-cell:0 raw data: battery:27700 battery_cycle:12 critical-battery-cell:0 vdroop1:0
11-14 14:19:20.825 1655 1677 I pixel-thermal: FLASH_LED_REDUCE:0 raw data: FLASH_LED_REDUCE:0 battery:27700 battery_cycle:12 vdroop1:0
11-14 14:19:20.826 1655 1677 I pixel-thermal: LOW_TEMP_UVLO2:0 raw data: LOW_TEMP_UVLO2:0 battery:27700 vdroop2:0
11-14 14:19:20.826 1655 1677 I pixel-thermal: vdroop1:0 raw data: vdroop1:0
11-14 14:19:20.826 1655 1677 I pixel-thermal: VIRTUAL-SKIN-HINT:29.8262 raw data: VIRTUAL-NEUTRAL:29561.7 VIRTUAL-NEUTRAL-SKIN2:29826.2 VIRTUAL-QUIET-NEUTRAL:29090 VIRTUAL-SKIN-HINT:29826.2
11-14 14:19:20.826 1655 1677 I pixel-thermal: smpl_gm:0 raw data: smpl_gm:0
11-14 14:19:20.826 1655 1677 I pixel-thermal: vdroop2:0 raw data: vdroop2:0
11-14 14:19:21.021 1655 1677 I pixel-thermal: VIRTUAL-USB-UI:0 raw data: USB2-MINUS-CHG:-4808 VIRTUAL-USB-UI:0 charger_skin_therm:33508 usb_pwr_therm2:28700
11-14 14:19:21.024 1655 1677 I pixel-thermal: VIRTUAL-USB-THROTTLING:0 raw data: USB2-MINUS-CHG:-4808 VIRTUAL-USB-THROTTLING:0 usb_pwr_therm2:28700
11-14 14:19:21.024 1655 1677 I pixel-thermal: neutral_therm:28.544 raw data: neutral_therm:28544
11-14 14:19:21.736 936 2866 I WifiHAL : Creating message to get link statistics; iface = 47
11-14 14:19:21.820 936 2866 I WifiHAL : In GetLinkStatsCommand::handleResponse
11-14 14:19:21.867 1472 1871 D ConnectivityService: NetReassign [no changes] [c 1] [a 0] [i 4]
11-14 14:19:23.717 6302 6302 I trusty_metricsd: starting trusty_metricsd
11-14 14:19:23.717 6302 6302 I trusty_metricsd: trusty dev: /dev/trusty-ipc-dev0
11-14 14:19:23.723 6302 6302 E libtrusty: tipc_connect: can't connect to tipc service "com.android.trusty.metrics" (err=107)
11-14 14:19:23.723 6302 6302 E trusty_metricsd: failed to open TrustyMetricsPixel: failed to connect to Trusty metrics TA: Transport endpoint is not connected
11-14 14:19:23.723 6302 6302 E trusty_metricsd: failed to open Trusty metrics client
11-14 14:19:23.758 6303 6303 I flags_health_check: ServerConfigurableFlagsReset reset_mode value: 1
11-14 14:19:23.758 6303 6303 I flags_health_check: ServerConfigurableFlagsReset updatable crashing detected, resetting flags.
11-14 14:19:26.840 1472 1807 D ActivityManager: freezing 6189 com.google.android.gms
11-14 14:19:27.862 936 2866 I WifiHAL : Creating message to get link statistics; iface = 47
11-14 14:19:27.962 936 2866 I WifiHAL : In GetLinkStatsCommand::handleResponse
11-14 14:19:27.970 936 2866 E IPCThreadState: binder thread pool (1 threads) starved for 108 ms
11-14 14:19:28.009 1472 1871 D ConnectivityService: NetReassign [no changes] [c 1] [a 0] [i 4]
11-14 14:19:28.733 6310 6310 I trusty_metricsd: starting trusty_metricsd
11-14 14:19:28.733 6310 6310 I trusty_metricsd: trusty dev: /dev/trusty-ipc-dev0
11-14 14:19:28.738 6310 6310 E libtrusty: tipc_connect: can't connect to tipc service "com.android.trusty.metrics" (err=107)
11-14 14:19:28.738 6310 6310 E trusty_metricsd: failed to open TrustyMetricsPixel: failed to connect to Trusty metrics TA: Transport endpoint is not connected
11-14 14:19:28.738 6310 6310 E trusty_metricsd: failed to open Trusty metrics client
11-14 14:19:28.770 6313 6313 I flags_health_check: ServerConfigurableFlagsReset reset_mode value: 1
11-14 14:19:28.771 6313 6313 I flags_health_check: ServerConfigurableFlagsReset updatable crashing detected, resetting flags.
11-14 14:19:31.693 1472 4785 D ActivityManager: sync unfroze 6189 com.google.android.gms
11-14 14:19:31.700 6189 6189 D BoundBrokerSvc: onBind: Intent { act=com.google.android.gms.safetynet.service.START pkg=com.google.android.gms }
11-14 14:19:31.700 6189 6189 D BoundBrokerSvc: Loading bound service for intent: Intent { act=com.google.android.gms.safetynet.service.START pkg=com.google.android.gms }
11-14 14:19:33.746 6320 6320 I trusty_metricsd: starting trusty_metricsd
11-14 14:19:33.746 6320 6320 I trusty_metricsd: trusty dev: /dev/trusty-ipc-dev0
11-14 14:19:33.749 6320 6320 E libtrusty: tipc_connect: can't connect to tipc service "com.android.trusty.metrics" (err=107)
11-14 14:19:33.749 6320 6320 E trusty_metricsd: failed to open TrustyMetricsPixel: failed to connect to Trusty metrics TA: Transport endpoint is not connected
11-14 14:19:33.750 6320 6320 E trusty_metricsd: failed to open Trusty metrics client
11-14 14:19:33.781 6321 6321 I flags_health_check: ServerConfigurableFlagsReset reset_mode value: 1
11-14 14:19:33.781 6321 6321 I flags_health_check: ServerConfigurableFlagsReset updatable crashing detected, resetting flags.
11-14 14:19:34.004 936 2866 I WifiHAL : Creating message to get link statistics; iface = 47
11-14 14:19:34.066 936 2866 I WifiHAL : In GetLinkStatsCommand::handleResponse
11-14 14:19:34.115 1472 1871 D ConnectivityService: NetReassign [no changes] [c 1] [a 1] [i 3]
11-14 14:19:38.761 6328 6328 I trusty_metricsd: starting trusty_metricsd
11-14 14:19:38.762 6328 6328 I trusty_metricsd: trusty dev: /dev/trusty-ipc-dev0
11-14 14:19:38.767 6328 6328 E libtrusty: tipc_connect: can't connect to tipc service "com.android.trusty.metrics" (err=107)
11-14 14:19:38.767 6328 6328 E trusty_metricsd: failed to open TrustyMetricsPixel: failed to connect to Trusty metrics TA: Transport endpoint is not connected
11-14 14:19:38.767 6328 6328 E trusty_metricsd: failed to open Trusty metrics client
11-14 14:19:38.800 6329 6329 I flags_health_check: ServerConfigurableFlagsReset reset_mode value: 1
11-14 14:19:38.801 6329 6329 I flags_health_check: ServerConfigurableFlagsReset updatable crashing detected, resetting flags.
11-14 14:19:39.399 893 893 I android.hardware.health-service.gs101: Recording a sample at time 1881929
11-14 14:19:39.416 1942 1942 D DLObserver: onReceive(); android.intent.action.BATTERY_CHANGED
11-14 14:19:39.416 1942 1942 D DLObserver: plugged=2
11-14 14:19:39.419 1942 3314 D PowerUI : can't show warning due to - plugged: true status unknown: false
11-14 14:19:39.422 1942 1942 D PowerNotificationWarningsGoogleImpl: onReceive: android.intent.action.BATTERY_CHANGED
11-14 14:19:39.422 1942 1942 D BatteryDefenderNotification: isPlugged: true | isOverheated: false | defenderEnabled: false | isCharged: false | isPluggedInDock: false
11-14 14:19:39.422 1942 1942 D IncompatibleChargerNotification: dispatchIntent: android.intent.action.BATTERY_CHANGED
11-14 14:19:39.436 1942 1942 D DLObserver: onReceive(); android.intent.action.BATTERY_CHANGED
11-14 14:19:39.436 1942 1942 D DLObserver: plugged=2
11-14 14:19:39.441 1942 2553 D PowerUI : can't show warning due to - plugged: true status unknown: false
11-14 14:19:39.441 1942 1942 D PowerNotificationWarningsGoogleImpl: onReceive: android.intent.action.BATTERY_CHANGED
11-14 14:19:39.441 1942 1942 D BatteryDefenderNotification: isPlugged: true | isOverheated: false | defenderEnabled: false | isCharged: false | isPluggedInDock: false
11-14 14:19:39.441 1942 1942 D IncompatibleChargerNotification: dispatchIntent: android.intent.action.BATTERY_CHANGED
11-14 14:19:40.114 936 2866 I WifiHAL : Creating message to get link statistics; iface = 47
11-14 14:19:40.179 936 2866 I WifiHAL : In GetLinkStatsCommand::handleResponse
11-14 14:19:40.222 1472 1871 D ConnectivityService: NetReassign [no changes] [c 1] [a 1] [i 3]
11-14 14:19:43.780 6336 6336 I trusty_metricsd: starting trusty_metricsd
11-14 14:19:43.780 6336 6336 I trusty_metricsd: trusty dev: /dev/trusty-ipc-dev0
11-14 14:19:43.784 6336 6336 E libtrusty: tipc_connect: can't connect to tipc service "com.android.trusty.metrics" (err=107)
11-14 14:19:43.784 6336 6336 E trusty_metricsd: failed to open TrustyMetricsPixel: failed to connect to Trusty metrics TA: Transport endpoint is not connected
11-14 14:19:43.784 6336 6336 E trusty_metricsd: failed to open Trusty metrics client
11-14 14:19:43.818 6337 6337 I flags_health_check: ServerConfigurableFlagsReset reset_mode value: 1
11-14 14:19:43.819 6337 6337 I flags_health_check: ServerConfigurableFlagsReset updatable crashing detected, resetting flags.
11-14 14:19:46.224 936 2866 I WifiHAL : Creating message to get link statistics; iface = 47
11-14 14:19:46.285 936 2866 I WifiHAL : In GetLinkStatsCommand::handleResponse
11-14 14:19:46.334 1472 1871 D ConnectivityService: NetReassign [no changes] [c 1] [a 0] [i 4]
11-14 14:19:46.737 6189 6189 D BoundBrokerSvc: onUnbind: Intent { act=com.google.android.gms.safetynet.service.START pkg=com.google.android.gms }
11-14 14:19:48.798 6344 6344 I trusty_metricsd: starting trusty_metricsd
11-14 14:19:48.798 6344 6344 I trusty_metricsd: trusty dev: /dev/trusty-ipc-dev0
11-14 14:19:48.802 6344 6344 E libtrusty: tipc_connect: can't connect to tipc service "com.android.trusty.metrics" (err=107)
11-14 14:19:48.802 6344 6344 E trusty_metricsd: failed to open TrustyMetricsPixel: failed to connect to Trusty metrics TA: Transport endpoint is not connected
11-14 14:19:48.802 6344 6344 E trusty_metricsd: failed to open Trusty metrics client
11-14 14:19:48.837 6345 6345 I flags_health_check: ServerConfigurableFlagsReset reset_mode value: 1
11-14 14:19:48.838 6345 6345 I flags_health_check: ServerConfigurableFlagsReset updatable crashing detected, resetting flags.
11-14 14:19:48.950 28917 29007 I bbrb : getHotwordActive::active query: null, watch: false, devices connected: []
11-14 14:19:50.004 1472 1807 D ActivityManager: freezing 19704 com.google.android.apps.turbo
11-14 14:19:52.332 936 2866 I WifiHAL : Creating message to get link statistics; iface = 47
11-14 14:19:52.393 936 2866 I WifiHAL : In GetLinkStatsCommand::handleResponse
11-14 14:19:52.441 1472 1871 D ConnectivityService: NetReassign [no changes] [c 1] [a 0] [i 3]
11-14 14:19:53.814 6353 6353 I trusty_metricsd: starting trusty_metricsd
11-14 14:19:53.814 6353 6353 I trusty_metricsd: trusty dev: /dev/trusty-ipc-dev0
11-14 14:19:53.818 6353 6353 E libtrusty: tipc_connect: can't connect to tipc service "com.android.trusty.metrics" (err=107)
11-14 14:19:53.819 6353 6353 E trusty_metricsd: failed to open TrustyMetricsPixel: failed to connect to Trusty metrics TA: Transport endpoint is not connected
11-14 14:19:53.819 6353 6353 E trusty_metricsd: failed to open Trusty metrics client
11-14 14:19:53.855 6354 6354 I flags_health_check: ServerConfigurableFlagsReset reset_mode value: 1
11-14 14:19:53.855 6354 6354 I flags_health_check: ServerConfigurableFlagsReset updatable crashing detected, resetting flags.
11-14 14:19:55.335 1942 1942 D DLObserver: onReceive(); android.intent.action.BATTERY_CHANGED
11-14 14:19:55.335 1942 1942 D DLObserver: plugged=2
11-14 14:19:55.336 1942 3354 D PowerUI : can't show warning due to - plugged: true status unknown: false
11-14 14:19:55.337 1942 1942 D PowerNotificationWarningsGoogleImpl: onReceive: android.intent.action.BATTERY_CHANGED
11-14 14:19:55.337 1942 1942 D BatteryDefenderNotification: isPlugged: true | isOverheated: false | defenderEnabled: false | isCharged: false | isPluggedInDock: false
11-14 14:19:55.338 1942 1942 D IncompatibleChargerNotification: dispatchIntent: android.intent.action.BATTERY_CHANGED
11-14 14:19:56.768 1472 1807 D ActivityManager: freezing 6189 com.google.android.gms
11-14 14:19:58.444 936 2866 I WifiHAL : Creating message to get link statistics; iface = 47
11-14 14:19:58.508 936 2866 I WifiHAL : In GetLinkStatsCommand::handleResponse
11-14 14:19:58.552 1472 1871 D ConnectivityService: NetReassign [no changes] [c 0] [a 1] [i 3]
11-14 14:19:58.829 6360 6360 I trusty_metricsd: starting trusty_metricsd
11-14 14:19:58.830 6360 6360 I trusty_metricsd: trusty dev: /dev/trusty-ipc-dev0
11-14 14:19:58.833 6360 6360 E libtrusty: tipc_connect: can't connect to tipc service "com.android.trusty.metrics" (err=107)
11-14 14:19:58.833 6360 6360 E trusty_metricsd: failed to open TrustyMetricsPixel: failed to connect to Trusty metrics TA: Transport endpoint is not connected
11-14 14:19:58.833 6360 6360 E trusty_metricsd: failed to open Trusty metrics client
11-14 14:19:58.869 6361 6361 I flags_health_check: ServerConfigurableFlagsReset reset_mode value: 1
11-14 14:19:58.869 6361 6361 I flags_health_check: ServerConfigurableFlagsReset updatable crashing detected, resetting flags.
11-14 14:20:00.023 3715 3900 I AiAiEcho: Predicting[7]: { Feature:1, creation:2023-11-14T10:24:07Z, expiry:2023-11-14T11:00:00Z, isExpired: true}, { Feature:1, creation:2023-11-14T11:00:00Z, expiry:2023-11-14T12:00:00Z, isExpired: true}, { Feature:1, creation:2023-11-14T12:00:00Z, expiry:2023-11-14T13:00:00Z, isExpired: false}, { Feature:1, creation:2023-11-14T13:00:00Z, expiry:2023-11-14T14:00:00Z, isExpired: true}, { Feature:1, creation:2023-11-14T14:00:00Z, expiry:2023-11-14T15:00:00Z, isExpired: true}, { Feature:1, creation:2023-11-14T15:00:00Z, expiry:2023-11-14T16:00:00Z, isExpired: true}, { Feature:1, creation:2023-11-14T16:00:00Z, expiry:2023-11-14T16:24:07Z, isExpired: true}
11-14 14:20:00.024 3715 3900 I AiAiEcho: EchoTargets: Feature:1
11-14 14:20:00.024 3715 3900 I AiAiEcho: Filtered by AiAi flag check:
11-14 14:20:00.024 3715 3900 I AiAiEcho: Ranked targets strategy: WEIGHTED, count: 1, ranking metadata: { cardId: WEATHER-569377245, card type: 1, update time: 2023-11-14T12:00:00Z, expiration time: 2023-11-14T13:00:00Z, ranking metadata: RankingMetaData(urgency=0.862, priority=0.3, recency=1.0, rankScore=0.2586, importantTimePoints=# mta@7bca4) }
11-14 14:20:00.024 3715 3900 I AiAiEcho: #weatherTwiddler: Weather removes SubtitleSupplementalItem in surface: lockscreen
11-14 14:20:00.026 3715 3900 I AiAiEcho: #postPredictionTargets: Sending updates to UISurface lockscreen with targets# 1 (types=[1])
11-14 14:20:00.038 1942 1942 W PageIndicator: Total number of pages invalid: 0. Assuming 1 page.
11-14 14:20:00.096 3715 3726 W ogle.android.as: Reducing the number of considered missed Gc histogram windows from 120 to 100
11-14 14:20:01.727 1472 2615 D ActivityManager: sync unfroze 6189 com.google.android.gms
11-14 14:20:01.735 6189 6189 D BoundBrokerSvc: onBind: Intent { act=com.google.android.gms.safetynet.service.START pkg=com.google.android.gms }
11-14 14:20:01.735 6189 6189 D BoundBrokerSvc: Loading bound service for intent: Intent { act=com.google.android.gms.safetynet.service.START pkg=com.google.android.gms }
11-14 14:20:03.845 6369 6369 I trusty_metricsd: starting trusty_metricsd
11-14 14:20:03.846 6369 6369 I trusty_metricsd: trusty dev: /dev/trusty-ipc-dev0
11-14 14:20:03.851 6369 6369 E libtrusty: tipc_connect: can't connect to tipc service "com.android.trusty.metrics" (err=107)
11-14 14:20:03.851 6369 6369 E trusty_metricsd: failed to open TrustyMetricsPixel: failed to connect to Trusty metrics TA: Transport endpoint is not connected
11-14 14:20:03.851 6369 6369 E trusty_metricsd: failed to open Trusty metrics client
11-14 14:20:03.883 6370 6370 I flags_health_check: ServerConfigurableFlagsReset reset_mode value: 1
11-14 14:20:03.883 6370 6370 I flags_health_check: ServerConfigurableFlagsReset updatable crashing detected, resetting flags.
11-14 14:20:04.551 936 2866 I WifiHAL : Creating message to get link statistics; iface = 47
11-14 14:20:04.613 936 2866 I WifiHAL : In GetLinkStatsCommand::handleResponse
11-14 14:20:04.659 1472 1871 D ConnectivityService: NetReassign [no changes] [c 1] [a 0] [i 3]
11-14 14:20:07.304 936 2866 I WifiHAL : Creating message to get link statistics; iface = 47
11-14 14:20:07.422 936 2866 I WifiHAL : In GetLinkStatsCommand::handleResponse
11-14 14:20:07.436 936 2866 E IPCThreadState: binder thread pool (1 threads) starved for 133 ms
11-14 14:20:07.436 866 929 I bthal.activitywatcher: getStateResidency: ActivityStat{0 : totalTimeMs 1220066944 totalEntryCount 2055594 lastEntryMs 4302777}
11-14 14:20:07.437 866 929 I bthal.activitywatcher: getStateResidency: ActivityStat{1 : totalTimeMs 55223985 totalEntryCount 2057611 lastEntryMs 4302937}
11-14 14:20:07.437 866 929 I bthal.activitywatcher: getStateResidency: ActivityStat{2 : totalTimeMs 1014114 totalEntryCount 31629 lastEntryMs 4304573}
11-14 14:20:07.437 866 929 I bthal.activitywatcher: getStateResidency: ActivityStat{3 : totalTimeMs 2711355 totalEntryCount 4119421 lastEntryMs 4302766}
11-14 14:20:07.456 866 929 I bthal.activitywatcher: send_hci_activities_vsc: Sent VSC <[4]{89, 253, 1, 1}>
11-14 14:20:07.457 902 902 W android.hardware.power.stats-service.pixel: getStateResidency latency for Bluetooth exceeded time allowed: 20656us
11-14 14:20:07.457 866 1117 I bthal.activitywatcher: filter_hci_activities_vse: Filtered <[103]{14, 101, 1, 89, 253, 0, 1, 164, 3, 0, 0, 239, 80, 3, 0, 171, 52, 31, 0, 0, 0, 0, 0, 166, 53, 31, 0, 0, 0, 0, 0, 165, 3, 0, 0, 216, 118, 1, 0, 166, 53, 31, 0, 0, 0, 0, 0, 171, 52, 31, 0, 0, 0, 0, 0, 73, 0, 0, 0, 206, 20, 0, 0, 248, 37, 31, 0, 0, 0, 0, 0, 36, 38, 31, 0, 0, 0, 0, 0, 150, 8, 0, 0, 41, 80, 0, 0, 169, 52, 31, 0, 0, 0, 0, 0, 169, 52, 31, 0, 0, 0, 0, 0}>
11-14 14:20:07.457 866 1117 I bthal.flowcontrol: HciEventPreProcess: HCI Event 0xe Opcode 0xfd59 Length 103 handled by ControllerActivityWatcher
11-14 14:20:07.457 866 1117 I bthal.flowcontrol: HciEventPreProcess: HCI Event 0xe Opcode 0xfd59 Length 22 unhandled by ControllerActivityWatcher
11-14 14:20:07.460 1127 1127 D AOC : A3:MSG: controller.cc, 273: CNTRL: cmd ID: 0x000a, tag: 0x50 [cntr = 34386]
11-14 14:20:07.460 1127 1127 D AOC : A3:MSG: controller.cc, 811: CNTRL: ipc: control, cmd ID: 0x000a, tag: 0x50, rc: 0
11-14 14:20:07.461 1127 1127 D AOC : A3:MSG: controller.cc, 273: CNTRL: cmd ID: 0x000a, tag: 0x51 [cntr = 34387]
11-14 14:20:07.461 1127 1127 D AOC : A3:MSG: controller.cc, 811: CNTRL: ipc: control, cmd ID: 0x000a, tag: 0x51, rc: 0
11-14 14:20:07.462 1127 1127 D AOC : A3:MSG: controller.cc, 273: CNTRL: cmd ID: 0x000a, tag: 0x52 [cntr = 34388]
11-14 14:20:07.462 1127 1127 D AOC : A3:MSG: controller.cc, 811: CNTRL: ipc: control, cmd ID: 0x000a, tag: 0x52, rc: 0
11-14 14:20:07.464 1127 1127 D AOC : A3:MSG: controller.cc, 273: CNTRL: cmd ID: 0x000a, tag: 0x53 [cntr = 34389]
11-14 14:20:07.464 1127 1127 D AOC : A3:MSG: controller.cc, 811: CNTRL: ipc: control, cmd ID: 0x000a, tag: 0x53, rc: 0
11-14 14:20:07.466 1127 1127 D AOC : A3:MSG: controller.cc, 273: CNTRL: cmd ID: 0x000a, tag: 0x54 [cntr = 34390]
11-14 14:20:07.466 1127 1127 D AOC : A3:MSG: controller.cc, 811: CNTRL: ipc: control, cmd ID: 0x000a, tag: 0x54, rc: 0
11-14 14:20:07.467 1127 1127 D AOC : A3:MSG: controller.cc, 273: CNTRL: cmd ID: 0x000a, tag: 0x55 [cntr = 34391]
11-14 14:20:07.467 1127 1127 D AOC : A3:MSG: controller.cc, 811: CNTRL: ipc: control, cmd ID: 0x000a, tag: 0x55, rc: 0
11-14 14:20:07.468 1127 1127 D AOC : A3:MSG: controller.cc, 273: CNTRL: cmd ID: 0x000a, tag: 0x56 [cntr = 34392]
11-14 14:20:07.469 1127 1127 D AOC : A3:MSG: controller.cc, 811: CNTRL: ipc: control, cmd ID: 0x000a, tag: 0x56, rc: 0
11-14 14:20:07.469 1127 1127 D AOC : A3:MSG: controller.cc, 273: CNTRL: cmd ID: 0x000a, tag: 0x57 [cntr = 34393]
11-14 14:20:07.469 1127 1127 D AOC : A3:MSG: controller.cc, 811: CNTRL: ipc: control, cmd ID: 0x000a, tag: 0x57, rc: 0
11-14 14:20:07.471 1127 1127 D AOC : A3:MSG: controller.cc, 273: CNTRL: cmd ID: 0x000a, tag: 0x58 [cntr = 34394]
11-14 14:20:07.471 1127 1127 D AOC : A3:MSG: controller.cc, 811: CNTRL: ipc: control, cmd ID: 0x000a, tag: 0x58, rc: 0
11-14 14:20:07.473 1127 1127 D AOC : A3:MSG: controller.cc, 273: CNTRL: cmd ID: 0x000a, tag: 0x59 [cntr = 34395]
11-14 14:20:07.473 1127 1127 D AOC : A3:MSG: controller.cc, 811: CNTRL: ipc: control, cmd ID: 0x000a, tag: 0x59, rc: 0
11-14 14:20:07.475 1127 1127 D AOC : A3:MSG: controller.cc, 273: CNTRL: cmd ID: 0x000a, tag: 0x5a [cntr = 34396]
11-14 14:20:07.475 1127 1127 D AOC : A3:MSG: controller.cc, 811: CNTRL: ipc: control, cmd ID: 0x000a, tag: 0x5a, rc: 0
11-14 14:20:07.477 1127 1127 D AOC : A3:MSG: controller.cc, 273: CNTRL: cmd ID: 0x000a, tag: 0x5b [cntr = 34397]
11-14 14:20:07.477 1127 1127 D AOC : A3:MSG: controller.cc, 811: CNTRL: ipc: control, cmd ID: 0x000a, tag: 0x5b, rc: 0
11-14 14:20:07.478 1127 1127 D AOC : A3:MSG: controller.cc, 273: CNTRL: cmd ID: 0x000a, tag: 0x5c [cntr = 34398]
11-14 14:20:07.478 1127 1127 D AOC : A3:MSG: controller.cc, 811: CNTRL: ipc: control, cmd ID: 0x000a, tag: 0x5c, rc: 0
11-14 14:20:07.480 1127 1127 D AOC : A3:MSG: controller.cc, 273: CNTRL: cmd ID: 0x000a, tag: 0x5d [cntr = 34399]
11-14 14:20:07.480 1127 1127 D AOC : A3:MSG: controller.cc, 811: CNTRL: ipc: control, cmd ID: 0x000a, tag: 0x5d, rc: 0
11-14 14:20:07.481 1127 1127 D AOC : A3:MSG: controller.cc, 273: CNTRL: cmd ID: 0x000a, tag: 0x5e [cntr = 34400]
11-14 14:20:07.481 1127 1127 D AOC : A3:MSG: controller.cc, 811: CNTRL: ipc: control, cmd ID: 0x000a, tag: 0x5e, rc: 0
11-14 14:20:07.482 1127 1127 D AOC : A3:MSG: controller.cc, 273: CNTRL: cmd ID: 0x000a, tag: 0x5f [cntr = 34401]
11-14 14:20:07.482 1127 1127 D AOC : A3:MSG: controller.cc, 811: CNTRL: ipc: control, cmd ID: 0x000a, tag: 0x5f, rc: 0
11-14 14:20:07.483 1127 1127 D AOC : A3:MSG: controller.cc, 273: CNTRL: cmd ID: 0x000a, tag: 0x60 [cntr = 34402]
11-14 14:20:07.484 1127 1127 D AOC : A3:MSG: controller.cc, 811: CNTRL: ipc: control, cmd ID: 0x000a, tag: 0x60, rc: 0
11-14 14:20:07.503 1472 2615 D TelephonyManager: requestModemActivityInfo: Sending result to app: ModemActivityInfo{ mTimestamp=1881957913 mSleepTimeMs=1792616507 mIdleTimeMs=7454790 mActivityStatsTechSpecificInfo=[{mRat=UNKNOWN,mFrequencyRange=UNKNOWN,mTxTimeMs[]=[0, 0, 0, 0, 0],mRxTimeMs=49808723}]}
11-14 14:20:08.857 6376 6376 I trusty_metricsd: starting trusty_metricsd
11-14 14:20:08.857 6376 6376 I trusty_metricsd: trusty dev: /dev/trusty-ipc-dev0
11-14 14:20:08.862 6376 6376 E libtrusty: tipc_connect: can't connect to tipc service "com.android.trusty.metrics" (err=107)
11-14 14:20:08.862 6376 6376 E trusty_metricsd: failed to open TrustyMetricsPixel: failed to connect to Trusty metrics TA: Transport endpoint is not connected
11-14 14:20:08.862 6376 6376 E trusty_metricsd: failed to open Trusty metrics client
11-14 14:20:08.897 6377 6377 I flags_health_check: ServerConfigurableFlagsReset reset_mode value: 1
11-14 14:20:08.898 6377 6377 I flags_health_check: ServerConfigurableFlagsReset updatable crashing detected, resetting flags.
11-14 14:20:10.423 1472 1697 D ActivityManager: sync unfroze 19704 com.google.android.apps.turbo
11-14 14:20:10.424 1942 1942 D DLObserver: onReceive(); android.intent.action.BATTERY_CHANGED
11-14 14:20:10.425 1942 1942 D DLObserver: plugged=2
11-14 14:20:10.426 1472 1697 D ActivityManager: sync unfroze 30461 com.android.settings
11-14 14:20:10.428 30461 30461 D BatteryUsageBroadcastReceiver: onReceive:android.intent.action.BATTERY_LEVEL_CHANGED
11-14 14:20:10.437 1942 1942 D PowerNotificationWarningsGoogleImpl: onReceive: android.intent.action.BATTERY_CHANGED
