11-14 22:16:20.295 30243 30572 W CCodecBufferChannel: no present fence for frame 673
11-14 22:16:20.295 30243 30572 W CCodecBufferChannel: no present fence for frame 674
11-14 22:16:20.788 30243 30572 W CCodecBufferChannel: no present fence for frame 675
11-14 22:16:20.788 30243 30572 W CCodecBufferChannel: no present fence for frame 676
11-14 22:16:21.085 30243 30569 I Surface : Surface::setFrameRate is deprecated, setFrameRate hint is dropped as destination is not SurfaceFlinger
11-14 22:16:21.090 30243 30569 D MediaCodec: keep callback message for reclaim
11-14 22:16:21.091 30243 30572 I CCodecConfig: query failed after returning 15 values (BAD_INDEX)
11-14 22:16:21.091 30243 30572 W Codec2Client: query -- param skipped: index = 1073743886.
11-14 22:16:21.091 30243 30572 W Codec2Client: query -- param skipped: index = 1610614798.
11-14 22:16:21.092 30243 30572 D BufferPoolAccessor2.0: bufferpool2 0xb4000070f4271738 : 5(36700160 size) total buffers - 1(7340032 size) used buffers - 876/881 (recycle/alloc) - 17/883 (fetch/transfer)
11-14 22:16:21.108 3703 29680 D MediaProvider: Open with FUSE. FilePath: /storage/emulated/0/QTBUG-107883-quickcontrols-texteditor-qt660.mp4. Uid: 10192. Media Capabilities Uid: 0. ShouldRedact: false. ShouldTranscode: false
11-14 22:16:21.123 30243 30521 D CCodecBufferChannel: [c2.exynos.h264.decoder#302] Ignoring stale input buffer done callback: last flush index = 875, frameIndex = 875
11-14 22:16:21.123 923 30574 I ExynosC2H264DecComponent: [updateC2Buffer_ColorAspects] HDR :: color aspects(r:2, p:0x1, t:0x3, m:0x1)
11-14 22:16:21.127 30243 30569 I Surface : Surface::setFrameRate is deprecated, setFrameRate hint is dropped as destination is not SurfaceFlinger
11-14 22:16:21.324 30243 30572 W CCodecBufferChannel: no present fence for frame 679
11-14 22:16:21.480 30243 30572 W CCodecBufferChannel: no present fence for frame 680
11-14 22:16:21.831 30243 30572 W CCodecBufferChannel: no present fence for frame 681
11-14 22:16:21.976 30243 30572 W CCodecBufferChannel: no present fence for frame 682
11-14 22:16:22.326 30243 30572 W CCodecBufferChannel: no present fence for frame 683
11-14 22:16:22.389 1128 1349 D CHRE : @ 1910525.840: [ActivityPlatform] type 4, confidence 95
11-14 22:16:22.484 30243 30572 W CCodecBufferChannel: no present fence for frame 684
11-14 22:16:22.829 30243 30572 W CCodecBufferChannel: no present fence for frame 685
11-14 22:16:22.980 30243 30572 W CCodecBufferChannel: no present fence for frame 686
11-14 22:16:23.124 30243 30572 W CCodecBufferChannel: no present fence for frame 687
11-14 22:16:23.330 30243 30572 W CCodecBufferChannel: no present fence for frame 688
11-14 22:16:23.330 30243 30572 W CCodecBufferChannel: no present fence for frame 689
11-14 22:16:23.330 30243 30572 W CCodecBufferChannel: no present fence for frame 690
11-14 22:16:23.330 30243 30572 W CCodecBufferChannel: no present fence for frame 691
11-14 22:16:23.330 30243 30572 W CCodecBufferChannel: no present fence for frame 692
11-14 22:16:23.330 30243 30572 W CCodecBufferChannel: no present fence for frame 693
11-14 22:16:23.330 30243 30572 W CCodecBufferChannel: no present fence for frame 694
11-14 22:16:23.330 30243 30572 W CCodecBufferChannel: no present fence for frame 695
11-14 22:16:23.475 30243 30572 W CCodecBufferChannel: no present fence for frame 696
11-14 22:16:23.517 923 30040 D BufferPoolAccessor2.0: bufferpool2 0xb400006f7f74b0f8 : 5(19441280 size) total buffers - 5(19441280 size) used buffers - 2692/2700 (recycle/alloc) - 25/2694 (fetch/transfer)
11-14 22:16:23.827 30243 30572 W CCodecBufferChannel: no present fence for frame 697
11-14 22:16:23.978 30243 30572 W CCodecBufferChannel: no present fence for frame 698
11-14 22:16:24.023 936 936 I WifiHAL : Creating message to get link statistics; iface = 47
11-14 22:16:24.128 936 936 I WifiHAL : In GetLinkStatsCommand::handleResponse
11-14 22:16:24.132 936 936 E IPCThreadState: binder thread pool (1 threads) starved for 109 ms
11-14 22:16:24.167 1472 1871 D ConnectivityService: NetReassign [no changes] [c 0] [a 1] [i 2]
11-14 22:16:24.329 30243 30572 W CCodecBufferChannel: no present fence for frame 699
11-14 22:16:24.482 30243 30572 W CCodecBufferChannel: no present fence for frame 700
11-14 22:16:24.696 30243 30572 W CCodecBufferChannel: no present fence for frame 701
11-14 22:16:24.696 30243 30572 W CCodecBufferChannel: no present fence for frame 702
11-14 22:16:24.696 30243 30572 W CCodecBufferChannel: no present fence for frame 703
11-14 22:16:24.768 30243 30572 W CCodecBufferChannel: no present fence for frame 704
11-14 22:16:24.768 30243 30572 W CCodecBufferChannel: no present fence for frame 705
11-14 22:16:24.888 30615 30615 I trusty_metricsd: starting trusty_metricsd
11-14 22:16:24.888 30615 30615 I trusty_metricsd: trusty dev: /dev/trusty-ipc-dev0
11-14 22:16:24.890 30615 30615 E libtrusty: tipc_connect: can't connect to tipc service "com.android.trusty.metrics" (err=107)
11-14 22:16:24.890 30615 30615 E trusty_metricsd: failed to open TrustyMetricsPixel: failed to connect to Trusty metrics TA: Transport endpoint is not connected
11-14 22:16:24.890 30615 30615 E trusty_metricsd: failed to open Trusty metrics client
11-14 22:16:24.901 30243 30572 W CCodecBufferChannel: no present fence for frame 706
11-14 22:16:24.916 30616 30616 I flags_health_check: ServerConfigurableFlagsReset reset_mode value: 1
11-14 22:16:24.916 30616 30616 I flags_health_check: ServerConfigurableFlagsReset updatable crashing detected, resetting flags.
11-14 22:16:24.966 30243 30572 W CCodecBufferChannel: no present fence for frame 707
11-14 22:16:24.966 30243 30572 W CCodecBufferChannel: no present fence for frame 708
11-14 22:16:24.966 30243 30572 W CCodecBufferChannel: no present fence for frame 709
11-14 22:16:25.480 30243 30572 W CCodecBufferChannel: no present fence for frame 710
11-14 22:16:25.480 30243 30572 W CCodecBufferChannel: no present fence for frame 711
11-14 22:16:25.481 30243 30572 W CCodecBufferChannel: no present fence for frame 712
11-14 22:16:25.481 30243 30572 W CCodecBufferChannel: no present fence for frame 713
11-14 22:16:25.564 1128 1349 D CHRE : @ 1910529.016: [ActivityPlatform] type 4, confidence 95
11-14 22:16:25.565 889 901 D ContextHubHal: Got message from nanoapp: ID 0x476f6f676c001016
11-14 22:16:25.566 1441 1450 I CapoDetector: handleNanoappMessage, Id 5147455389092024342, type 32771, size 1
11-14 22:16:25.576 2211 2211 D GRIL-S : [1808]> UPDATE_DEVICE_STATE DeviceState: Usb:1, Wifi: 1, Wifi AP: 0, Earpiece: 0, Bluetooth: 1, Wireless charging: 0, Screen: 1, Camera: 0, 0, -, -, Motion: 0, Bluetooth tethering: 0, Voice: 0, Wifi 2.4G: 1, Radio: 1, Bluetooth connected: 0, Bluetooth media: 0, Wifi Band: 1, Wifi AP Band: 0, Wifi call: 0, mmWave: 0, mCellBackhaul: 0, mHallSensor: 0, mDozeStatus: 0, mAppClassInfo: 0
11-14 22:16:25.634 2211 3154 D GRIL-S : [1808]< UPDATE_DEVICE_STATE
11-14 22:16:25.747 30243 30572 W CCodecBufferChannel: no present fence for frame 714
11-14 22:16:25.775 1472 1688 I DisplayDeviceRepository: Display device changed: DisplayDeviceInfo{"Built-in Screen": uniqueId="local:4619827677550801152", 1080 x 2400, modeId 1, renderFrameRate 30.0, defaultModeId 1, supportedModes [{id=1, width=1080, height=2400, fps=60.0, alternativeRefreshRates=[], supportedHdrTypes=[2, 3, 4]}], colorMode 0, supportedColorModes [0, 7, 9], hdrCapabilities HdrCapabilities{mSupportedHdrTypes=[2, 3, 4], mMaxLuminance=800.0, mMaxAverageLuminance=120.0, mMinLuminance=5.0E-4}, allmSupported false, gameContentTypeSupported false, density 420, 428.625 x 429.295 dpi, appVsyncOff 6233334, presDeadline 11500000, cutout DisplayCutout{insets=Rect(0, 132 - 0, 0) waterfall=Insets{left=0, top=0, right=0, bottom=0} boundingRect={Bounds=[Rect(0, 0 - 0, 0), Rect(480, 0 - 625, 132), Rect(0, 0 - 0, 0), Rect(0, 0 - 0, 0)]} cutoutPathParserInfo={CutoutPathParserInfo{displayWidth=1080 displayHeight=2400 physicalDisplayWidth=1080 physicalDisplayHeight=2400 density={2.625} cutoutSpec={M 507,66 a 33,33 0 1 0 66,0 33,33 0 1 0 -66,0 Z @left} rotation={0} scale={1.0} physicalPixelDisplaySizeRatio={1.0}}}}, touch INTERNAL, rotation 0, type INTERNAL, address {port=0, model=0x401ceccbbbeef1}, deviceProductInfo DeviceProductInfo{name=Common Panel, manufacturerPnpId=GGL, productId=0, modelYear=null, manufactureDate=ManufactureDate{week=1, year=1990}, connectionToSinkType=0}, state ON, committedState ON, frameRateOverride , brightnessMinimum 0.0, brightnessMaximum 1.0, brightnessDefault 0.17293233, hdrSdrRatio 1.0, roundedCorners RoundedCorners{[RoundedCorner{position=TopLeft, radius=47, center=Point(47, 47)}, RoundedCorner{position=TopRight, radius=47, center=Point(1033, 47)}, RoundedCorner{position=BottomRight, radius=48, center=Point(1032, 2352)}, RoundedCorner{position=BottomLeft, radius=48, center=Point(48, 2352)}]}, FLAG_ALLOWED_TO_BE_DEFAULT_DISPLAY, FLAG_ROTATES_WITH_CONTENT, FLAG_SECURE, FLAG_SUPPORTS_PROTECTED_BUFFERS, FLAG_TRUSTED, installOrientation 0, displayShape DisplayShape{ spec=903784421 displayWidth=1080 displayHeight=2400 physicalPixelDisplaySizeRatio=1.0 rotation=0 offsetX=0 offsetY=0 scale=1.0}}
11-14 22:16:25.781 1472 1688 D DisplayManagerService: Ignore redundant display event 0/2 to 10292/30368
11-14 22:16:25.919 30243 30572 W CCodecBufferChannel: no present fence for frame 715
11-14 22:16:25.919 30243 30572 W CCodecBufferChannel: no present fence for frame 716
11-14 22:16:25.949 30243 30572 W CCodecBufferChannel: no present fence for frame 717
11-14 22:16:25.950 30243 30572 W CCodecBufferChannel: no present fence for frame 718
11-14 22:16:25.950 30243 30572 W CCodecBufferChannel: no present fence for frame 719
11-14 22:16:25.980 30243 30572 W CCodecBufferChannel: no present fence for frame 720
11-14 22:16:26.020 30243 30572 W CCodecBufferChannel: no present fence for frame 721
11-14 22:16:26.054 30243 30572 W CCodecBufferChannel: no present fence for frame 722
11-14 22:16:26.082 30243 30572 W CCodecBufferChannel: no present fence for frame 723
11-14 22:16:26.123 30243 30572 W CCodecBufferChannel: no present fence for frame 724
11-14 22:16:26.153 30243 30572 W CCodecBufferChannel: no present fence for frame 725
11-14 22:16:26.185 30243 30572 W CCodecBufferChannel: no present fence for frame 726
11-14 22:16:26.215 30243 30572 W CCodecBufferChannel: no present fence for frame 727
11-14 22:16:26.255 30243 30572 W CCodecBufferChannel: no present fence for frame 728
11-14 22:16:26.317 1942 1942 D DLObserver: onReceive(); android.intent.action.BATTERY_CHANGED
11-14 22:16:26.317 1942 1942 D DLObserver: plugged=2
11-14 22:16:26.319 1942 2553 D PowerUI : can't show warning due to - plugged: true status unknown: false
11-14 22:16:26.320 1942 1942 D PowerNotificationWarningsGoogleImpl: onReceive: android.intent.action.BATTERY_CHANGED
11-14 22:16:26.320 1942 1942 D BatteryDefenderNotification: isPlugged: true | isOverheated: false | defenderEnabled: false | isCharged: true | isPluggedInDock: false
11-14 22:16:26.320 1942 1942 D IncompatibleChargerNotification: dispatchIntent: android.intent.action.BATTERY_CHANGED
11-14 22:16:26.447 30243 30572 D BufferPoolAccessor2.0: bufferpool2 0xb4000070f4271738 : 5(36700160 size) total buffers - 1(7340032 size) used buffers - 950/955 (recycle/alloc) - 20/957 (fetch/transfer)
11-14 22:16:26.450 30243 30572 W CCodecBufferChannel: no present fence for frame 729
11-14 22:16:26.450 30243 30572 W CCodecBufferChannel: no present fence for frame 730
11-14 22:16:26.450 30243 30572 W CCodecBufferChannel: no present fence for frame 731
11-14 22:16:26.450 30243 30572 W CCodecBufferChannel: no present fence for frame 732
11-14 22:16:26.450 30243 30572 W CCodecBufferChannel: no present fence for frame 733
11-14 22:16:26.953 30243 30572 W CCodecBufferChannel: no present fence for frame 734
11-14 22:16:27.416 30243 30572 W CCodecBufferChannel: no present fence for frame 735
11-14 22:16:27.416 30243 30572 W CCodecBufferChannel: no present fence for frame 736
11-14 22:16:27.591 30243 30572 W CCodecBufferChannel: no present fence for frame 737
11-14 22:16:27.623 30243 30572 W CCodecBufferChannel: no present fence for frame 738
11-14 22:16:27.654 30243 30572 W CCodecBufferChannel: no present fence for frame 739
11-14 22:16:27.683 30243 30572 W CCodecBufferChannel: no present fence for frame 740
11-14 22:16:27.723 30243 30572 W CCodecBufferChannel: no present fence for frame 741
11-14 22:16:27.754 30243 30572 W CCodecBufferChannel: no present fence for frame 742
11-14 22:16:27.784 30243 30572 W CCodecBufferChannel: no present fence for frame 743
11-14 22:16:27.816 30243 30572 W CCodecBufferChannel: no present fence for frame 744
11-14 22:16:27.959 30243 30572 W CCodecBufferChannel: no present fence for frame 745
11-14 22:16:27.959 30243 30572 W CCodecBufferChannel: no present fence for frame 746
11-14 22:16:27.959 30243 30572 W CCodecBufferChannel: no present fence for frame 747
11-14 22:16:27.959 30243 30572 W CCodecBufferChannel: no present fence for frame 748
11-14 22:16:28.020 30243 30572 W CCodecBufferChannel: no present fence for frame 749
11-14 22:16:28.120 30243 30572 W CCodecBufferChannel: no present fence for frame 750
11-14 22:16:28.191 30243 30572 W CCodecBufferChannel: no present fence for frame 751
11-14 22:16:28.221 30243 30572 W CCodecBufferChannel: no present fence for frame 752
11-14 22:16:28.251 30243 30572 W CCodecBufferChannel: no present fence for frame 753
11-14 22:16:28.283 30243 30572 W CCodecBufferChannel: no present fence for frame 754
11-14 22:16:28.324 30243 30572 W CCodecBufferChannel: no present fence for frame 755
11-14 22:16:28.355 30243 30572 W CCodecBufferChannel: no present fence for frame 756
11-14 22:16:28.386 30243 30572 W CCodecBufferChannel: no present fence for frame 757
11-14 22:16:28.417 30243 30572 W CCodecBufferChannel: no present fence for frame 758
11-14 22:16:28.457 30243 30572 W CCodecBufferChannel: no present fence for frame 759
11-14 22:16:28.487 30243 30572 W CCodecBufferChannel: no present fence for frame 760
11-14 22:16:28.519 30243 30572 W CCodecBufferChannel: no present fence for frame 761
11-14 22:16:28.558 30243 30572 W CCodecBufferChannel: no present fence for frame 762
11-14 22:16:28.567 923 30040 D BufferPoolAccessor2.0: bufferpool2 0xb400006f7f74b0f8 : 5(19441280 size) total buffers - 5(19441280 size) used buffers - 2757/2765 (recycle/alloc) - 25/2759 (fetch/transfer)
11-14 22:16:28.587 30243 30572 W CCodecBufferChannel: no present fence for frame 763
11-14 22:16:28.619 30243 30572 W CCodecBufferChannel: no present fence for frame 764
11-14 22:16:28.657 30243 30572 W CCodecBufferChannel: no present fence for frame 765
11-14 22:16:28.688 30243 30572 W CCodecBufferChannel: no present fence for frame 766
11-14 22:16:28.719 30243 30572 W CCodecBufferChannel: no present fence for frame 767
11-14 22:16:28.736 1128 1349 D CHRE : @ 1910532.188: [ActivityPlatform] type 4, confidence 95
11-14 22:16:28.751 30243 30572 W CCodecBufferChannel: no present fence for frame 768
11-14 22:16:28.792 30243 30572 W CCodecBufferChannel: no present fence for frame 769
11-14 22:16:28.822 30243 30572 W CCodecBufferChannel: no present fence for frame 770
11-14 22:16:28.852 30243 30572 W CCodecBufferChannel: no present fence for frame 771
11-14 22:16:28.892 30243 30572 W CCodecBufferChannel: no present fence for frame 772
11-14 22:16:28.922 30243 30572 W CCodecBufferChannel: no present fence for frame 773
11-14 22:16:28.954 30243 30572 W CCodecBufferChannel: no present fence for frame 774
11-14 22:16:28.984 30243 30572 W CCodecBufferChannel: no present fence for frame 775
11-14 22:16:29.024 30243 30572 W CCodecBufferChannel: no present fence for frame 776
11-14 22:16:29.056 30243 30572 W CCodecBufferChannel: no present fence for frame 777
11-14 22:16:29.086 30243 30572 W CCodecBufferChannel: no present fence for frame 778
11-14 22:16:29.128 30243 30572 W CCodecBufferChannel: no present fence for frame 779
11-14 22:16:29.157 30243 30572 W CCodecBufferChannel: no present fence for frame 780
11-14 22:16:29.188 30243 30572 W CCodecBufferChannel: no present fence for frame 781
11-14 22:16:29.218 30243 30572 W CCodecBufferChannel: no present fence for frame 782
11-14 22:16:29.259 30243 30572 W CCodecBufferChannel: no present fence for frame 783
11-14 22:16:29.291 30243 30572 W CCodecBufferChannel: no present fence for frame 784
11-14 22:16:29.322 30243 30572 W CCodecBufferChannel: no present fence for frame 785
11-14 22:16:29.352 30243 30572 W CCodecBufferChannel: no present fence for frame 786
11-14 22:16:29.392 30243 30572 W CCodecBufferChannel: no present fence for frame 787
11-14 22:16:29.423 30243 30572 W CCodecBufferChannel: no present fence for frame 788
11-14 22:16:29.451 30243 30521 D PipelineWatcher: onInputBufferReleased: frameIndex not found (1066); ignored
11-14 22:16:29.454 30243 30572 W CCodecBufferChannel: no present fence for frame 789
11-14 22:16:29.484 30243 30572 W CCodecBufferChannel: no present fence for frame 790
11-14 22:16:29.523 30243 30572 W CCodecBufferChannel: no present fence for frame 791
11-14 22:16:29.554 30243 30572 W CCodecBufferChannel: no present fence for frame 792
11-14 22:16:29.594 30243 30572 W CCodecBufferChannel: no present fence for frame 793
11-14 22:16:29.625 30243 30572 W CCodecBufferChannel: no present fence for frame 794
11-14 22:16:29.656 30243 30572 W CCodecBufferChannel: no present fence for frame 795
11-14 22:16:29.686 30243 30572 W CCodecBufferChannel: no present fence for frame 796
11-14 22:16:29.718 30243 30572 W CCodecBufferChannel: no present fence for frame 797
11-14 22:16:29.758 30243 30572 W CCodecBufferChannel: no present fence for frame 798
11-14 22:16:29.789 30243 30572 W CCodecBufferChannel: no present fence for frame 799
11-14 22:16:29.820 30243 30572 W CCodecBufferChannel: no present fence for frame 800
11-14 22:16:29.852 30243 30572 W CCodecBufferChannel: no present fence for frame 801
11-14 22:16:29.892 30243 30572 W CCodecBufferChannel: no present fence for frame 802
11-14 22:16:29.906 30618 30618 I trusty_metricsd: starting trusty_metricsd
11-14 22:16:29.906 30618 30618 I trusty_metricsd: trusty dev: /dev/trusty-ipc-dev0
11-14 22:16:29.910 30618 30618 E libtrusty: tipc_connect: can't connect to tipc service "com.android.trusty.metrics" (err=107)
11-14 22:16:29.911 30618 30618 E trusty_metricsd: failed to open TrustyMetricsPixel: failed to connect to Trusty metrics TA: Transport endpoint is not connected
11-14 22:16:29.911 30618 30618 E trusty_metricsd: failed to open Trusty metrics client
11-14 22:16:29.923 30243 30572 W CCodecBufferChannel: no present fence for frame 803
11-14 22:16:29.929 30619 30619 I flags_health_check: ServerConfigurableFlagsReset reset_mode value: 1
11-14 22:16:29.929 30619 30619 I flags_health_check: ServerConfigurableFlagsReset updatable crashing detected, resetting flags.
11-14 22:16:29.955 30243 30572 W CCodecBufferChannel: no present fence for frame 804
11-14 22:16:30.160 30243 30572 W CCodecBufferChannel: no present fence for frame 805
11-14 22:16:30.160 30243 30572 W CCodecBufferChannel: no present fence for frame 806
11-14 22:16:30.160 30243 30572 W CCodecBufferChannel: no present fence for frame 807
11-14 22:16:30.160 30243 30572 W CCodecBufferChannel: no present fence for frame 808
11-14 22:16:30.160 30243 30572 W CCodecBufferChannel: no present fence for frame 809
11-14 22:16:30.166 936 936 I WifiHAL : Creating message to get link statistics; iface = 47
11-14 22:16:30.264 936 936 I WifiHAL : In GetLinkStatsCommand::handleResponse
11-14 22:16:30.269 936 936 E IPCThreadState: binder thread pool (1 threads) starved for 103 ms
11-14 22:16:30.299 1942 1942 D StatusBarIconController: ignoring old pipeline callback because the new wifi icon is enabled
11-14 22:16:30.302 1472 1871 D ConnectivityService: NetReassign [no changes] [c 0] [a 0] [i 3]
11-14 22:16:30.323 30243 30572 W CCodecBufferChannel: no present fence for frame 810
11-14 22:16:30.353 30243 30572 W CCodecBufferChannel: no present fence for frame 811
11-14 22:16:30.425 30243 30572 W CCodecBufferChannel: no present fence for frame 812
11-14 22:16:30.455 30243 30572 W CCodecBufferChannel: no present fence for frame 813
11-14 22:16:30.485 30243 30572 W CCodecBufferChannel: no present fence for frame 814
11-14 22:16:30.527 30243 30572 W CCodecBufferChannel: no present fence for frame 815
11-14 22:16:30.558 30243 30572 W CCodecBufferChannel: no present fence for frame 816
11-14 22:16:30.894 30243 30572 W CCodecBufferChannel: no present fence for frame 817
11-14 22:16:30.894 30243 30572 W CCodecBufferChannel: no present fence for frame 818
11-14 22:16:30.894 30243 30572 W CCodecBufferChannel: no present fence for frame 819
11-14 22:16:30.894 30243 30572 W CCodecBufferChannel: no present fence for frame 820
11-14 22:16:30.894 30243 30572 W CCodecBufferChannel: no present fence for frame 821
11-14 22:16:31.088 30243 30572 W CCodecBufferChannel: no present fence for frame 822
11-14 22:16:31.088 30243 30572 W CCodecBufferChannel: no present fence for frame 823
11-14 22:16:31.159 30243 30572 W CCodecBufferChannel: no present fence for frame 824
11-14 22:16:31.159 30243 30572 W CCodecBufferChannel: no present fence for frame 825
11-14 22:16:31.190 30243 30572 W CCodecBufferChannel: no present fence for frame 826
11-14 22:16:31.264 30243 30572 W CCodecBufferChannel: no present fence for frame 827
11-14 22:16:31.323 30243 30572 W CCodecBufferChannel: no present fence for frame 828
11-14 22:16:31.353 30243 30572 W CCodecBufferChannel: no present fence for frame 829
11-14 22:16:31.455 30243 30572 W CCodecBufferChannel: no present fence for frame 830
11-14 22:16:31.663 30243 30572 W CCodecBufferChannel: no present fence for frame 831
11-14 22:16:31.663 30243 30572 W CCodecBufferChannel: no present fence for frame 832
11-14 22:16:31.663 30243 30572 W CCodecBufferChannel: no present fence for frame 833
11-14 22:16:31.693 30243 30572 D BufferPoolAccessor2.0: bufferpool2 0xb4000070f4271738 : 5(36700160 size) total buffers - 1(7340032 size) used buffers - 1132/1137 (recycle/alloc) - 22/1139 (fetch/transfer)
11-14 22:16:31.828 30243 30572 W CCodecBufferChannel: no present fence for frame 834
11-14 22:16:31.861 30243 30572 W CCodecBufferChannel: no present fence for frame 835
11-14 22:16:31.891 30243 30572 W CCodecBufferChannel: no present fence for frame 836
11-14 22:16:31.911 1128 1349 D CHRE : @ 1910535.363: [ActivityPlatform] type 4, confidence 95
11-14 22:16:31.921 30243 30572 W CCodecBufferChannel: no present fence for frame 837
11-14 22:16:31.961 30243 30572 W CCodecBufferChannel: no present fence for frame 838
11-14 22:16:31.992 30243 30572 W CCodecBufferChannel: no present fence for frame 839
11-14 22:16:32.024 30243 30572 W CCodecBufferChannel: no present fence for frame 840
11-14 22:16:32.056 30243 30572 W CCodecBufferChannel: no present fence for frame 841
11-14 22:16:32.095 30243 30572 W CCodecBufferChannel: no present fence for frame 842
11-14 22:16:32.126 30243 30572 W CCodecBufferChannel: no present fence for frame 843
11-14 22:16:32.157 30243 30572 W CCodecBufferChannel: no present fence for frame 844
11-14 22:16:32.187 30243 30572 W CCodecBufferChannel: no present fence for frame 845
11-14 22:16:32.208 923 30574 I ExynosC2H264DecComponent: [doQueue] input detects EOS flag !!
11-14 22:16:32.208 923 30581 D ExynosVideoDecoder: MFC_Decoder_Enqueue_Inbuf: EMPTY DATA
11-14 22:16:32.209 923 30583 I ExynosVideoCodecDec-H264Dec: [dstDequeue] DPB has reached EOS
11-14 22:16:32.210 923 30574 I ExynosC2H264DecComponent: [onUpdateC2Work] output detects EOS !!
11-14 22:16:32.229 30243 30572 W CCodecBufferChannel: no present fence for frame 846
11-14 22:16:32.259 30243 30572 W CCodecBufferChannel: no present fence for frame 847
11-14 22:16:32.362 30243 30572 W CCodecBufferChannel: no present fence for frame 848
11-14 22:16:32.362 30243 30572 W CCodecBufferChannel: no present fence for frame 849
11-14 22:16:32.362 30243 30572 W CCodecBufferChannel: no present fence for frame 850
11-14 22:16:32.465 30243 30572 W CCodecBufferChannel: no present fence for frame 851
11-14 22:16:32.465 30243 30572 W CCodecBufferChannel: no present fence for frame 852
11-14 22:16:32.508 704 704 I libperfmgr: Hint type not present in actions: ADPF_FIRST_FRAME
11-14 22:16:32.863 30243 30572 W CCodecBufferChannel: no present fence for frame 853
11-14 22:16:32.863 30243 30572 W CCodecBufferChannel: no present fence for frame 854
11-14 22:16:33.363 30243 30572 W CCodecBufferChannel: no present fence for frame 855
11-14 22:16:33.364 30243 30572 W CCodecBufferChannel: no present fence for frame 856
11-14 22:16:33.659 30243 30569 I Surface : Surface::setFrameRate is deprecated, setFrameRate hint is dropped as destination is not SurfaceFlinger
11-14 22:16:33.664 30243 30569 D MediaCodec: keep callback message for reclaim
11-14 22:16:33.666 30243 30572 I CCodecConfig: query failed after returning 15 values (BAD_INDEX)
11-14 22:16:33.667 30243 30572 W Codec2Client: query -- param skipped: index = 1073743886.
11-14 22:16:33.667 30243 30572 W Codec2Client: query -- param skipped: index = 1610614798.
11-14 22:16:33.685 3703 29680 D MediaProvider: Open with FUSE. FilePath: /storage/emulated/0/QTBUG-107883-quickcontrols-texteditor-qt660.mp4. Uid: 10192. Media Capabilities Uid: 0. ShouldRedact: false. ShouldTranscode: false
11-14 22:16:33.704 30243 30521 D CCodecBufferChannel: [c2.exynos.h264.decoder#302] Ignoring stale input buffer done callback: last flush index = 1166, frameIndex = 1166
11-14 22:16:33.704 923 30574 I ExynosC2H264DecComponent: [updateC2Buffer_ColorAspects] HDR :: color aspects(r:2, p:0x1, t:0x3, m:0x1)
11-14 22:16:33.715 30243 30569 I Surface : Surface::setFrameRate is deprecated, setFrameRate hint is dropped as destination is not SurfaceFlinger
11-14 22:16:33.730 30243 30521 D PipelineWatcher: onInputBufferReleased: frameIndex not found (1171); ignored
11-14 22:16:33.752 1472 1688 I DisplayDeviceRepository: Display device changed: DisplayDeviceInfo{"Built-in Screen": uniqueId="local:4619827677550801152", 1080 x 2400, modeId 1, renderFrameRate 60.0, defaultModeId 1, supportedModes [{id=1, width=1080, height=2400, fps=60.0, alternativeRefreshRates=[], supportedHdrTypes=[2, 3, 4]}], colorMode 0, supportedColorModes [0, 7, 9], hdrCapabilities HdrCapabilities{mSupportedHdrTypes=[2, 3, 4], mMaxLuminance=800.0, mMaxAverageLuminance=120.0, mMinLuminance=5.0E-4}, allmSupported false, gameContentTypeSupported false, density 420, 428.625 x 429.295 dpi, appVsyncOff 6233334, presDeadline 11500000, cutout DisplayCutout{insets=Rect(0, 132 - 0, 0) waterfall=Insets{left=0, top=0, right=0, bottom=0} boundingRect={Bounds=[Rect(0, 0 - 0, 0), Rect(480, 0 - 625, 132), Rect(0, 0 - 0, 0), Rect(0, 0 - 0, 0)]} cutoutPathParserInfo={CutoutPathParserInfo{displayWidth=1080 displayHeight=2400 physicalDisplayWidth=1080 physicalDisplayHeight=2400 density={2.625} cutoutSpec={M 507,66 a 33,33 0 1 0 66,0 33,33 0 1 0 -66,0 Z @left} rotation={0} scale={1.0} physicalPixelDisplaySizeRatio={1.0}}}}, touch INTERNAL, rotation 0, type INTERNAL, address {port=0, model=0x401ceccbbbeef1}, deviceProductInfo DeviceProductInfo{name=Common Panel, manufacturerPnpId=GGL, productId=0, modelYear=null, manufactureDate=ManufactureDate{week=1, year=1990}, connectionToSinkType=0}, state ON, committedState ON, frameRateOverride , brightnessMinimum 0.0, brightnessMaximum 1.0, brightnessDefault 0.17293233, hdrSdrRatio 1.0, roundedCorners RoundedCorners{[RoundedCorner{position=TopLeft, radius=47, center=Point(47, 47)}, RoundedCorner{position=TopRight, radius=47, center=Point(1033, 47)}, RoundedCorner{position=BottomRight, radius=48, center=Point(1032, 2352)}, RoundedCorner{position=BottomLeft, radius=48, center=Point(48, 2352)}]}, FLAG_ALLOWED_TO_BE_DEFAULT_DISPLAY, FLAG_ROTATES_WITH_CONTENT, FLAG_SECURE, FLAG_SUPPORTS_PROTECTED_BUFFERS, FLAG_TRUSTED, installOrientation 0, displayShape DisplayShape{ spec=903784421 displayWidth=1080 displayHeight=2400 physicalPixelDisplaySizeRatio=1.0 rotation=0 offsetX=0 offsetY=0 scale=1.0}}
11-14 22:16:33.758 1472 1688 D DisplayManagerService: Ignore redundant display event 0/2 to 10292/30368
11-14 22:16:33.909 30243 30572 W CCodecBufferChannel: no present fence for frame 859
11-14 22:16:33.948 923 30040 D BufferPoolAccessor2.0: bufferpool2 0xb400006f7f74b0f8 : 5(19441280 size) total buffers - 5(19441280 size) used buffers - 2848/2856 (recycle/alloc) - 26/2850 (fetch/transfer)
11-14 22:16:34.060 30243 30572 W CCodecBufferChannel: no present fence for frame 860
11-14 22:16:34.407 30243 30572 W CCodecBufferChannel: no present fence for frame 861
11-14 22:16:34.563 30243 30572 W CCodecBufferChannel: no present fence for frame 862
11-14 22:16:34.914 30243 30572 W CCodecBufferChannel: no present fence for frame 863
11-14 22:16:34.922 30621 30621 I trusty_metricsd: starting trusty_metricsd
11-14 22:16:34.923 30621 30621 I trusty_metricsd: trusty dev: /dev/trusty-ipc-dev0
11-14 22:16:34.927 30621 30621 E libtrusty: tipc_connect: can't connect to tipc service "com.android.trusty.metrics" (err=107)
11-14 22:16:34.927 30621 30621 E trusty_metricsd: failed to open TrustyMetricsPixel: failed to connect to Trusty metrics TA: Transport endpoint is not connected
11-14 22:16:34.927 30621 30621 E trusty_metricsd: failed to open Trusty metrics client
11-14 22:16:34.955 30622 30622 I flags_health_check: ServerConfigurableFlagsReset reset_mode value: 1
11-14 22:16:34.955 30622 30622 I flags_health_check: ServerConfigurableFlagsReset updatable crashing detected, resetting flags.
11-14 22:16:35.058 30243 30572 W CCodecBufferChannel: no present fence for frame 864
11-14 22:16:35.085 1128 1349 D CHRE : @ 1910538.538: [ActivityPlatform] type 4, confidence 95
11-14 22:16:35.408 30243 30572 W CCodecBufferChannel: no present fence for frame 865
11-14 22:16:35.565 30243 30572 W CCodecBufferChannel: no present fence for frame 866
11-14 22:16:35.708 30243 30572 W CCodecBufferChannel: no present fence for frame 867
11-14 22:16:35.906 30243 30572 W CCodecBufferChannel: no present fence for frame 868
11-14 22:16:35.906 30243 30572 W CCodecBufferChannel: no present fence for frame 869
11-14 22:16:35.906 30243 30572 W CCodecBufferChannel: no present fence for frame 870
11-14 22:16:35.906 30243 30572 W CCodecBufferChannel: no present fence for frame 871
11-14 22:16:35.906 30243 30572 W CCodecBufferChannel: no present fence for frame 872
11-14 22:16:35.906 30243 30572 W CCodecBufferChannel: no present fence for frame 873
11-14 22:16:35.906 30243 30572 W CCodecBufferChannel: no present fence for frame 874
11-14 22:16:36.062 30243 30572 W CCodecBufferChannel: no present fence for frame 875
11-14 22:16:36.305 936 936 I WifiHAL : Creating message to get link statistics; iface = 47
11-14 22:16:36.360 936 936 I WifiHAL : In GetLinkStatsCommand::handleResponse
11-14 22:16:36.393 1942 1942 D StatusBarIconController: ignoring old pipeline callback because the new wifi icon is enabled
11-14 22:16:36.397 1472 1871 D ConnectivityService: NetReassign [no changes] [c 1] [a 0] [i 2]
11-14 22:16:36.413 30243 30572 W CCodecBufferChannel: no present fence for frame 876
11-14 22:16:36.559 30243 30572 W CCodecBufferChannel: no present fence for frame 877
11-14 22:16:36.909 30243 30572 W CCodecBufferChannel: no present fence for frame 878
11-14 22:16:37.062 30243 30572 W CCodecBufferChannel: no present fence for frame 879
11-14 22:16:37.162 30243 30572 D BufferPoolAccessor2.0: bufferpool2 0xb4000070f4271738 : 5(36700160 size) total buffers - 1(7340032 size) used buffers - 1200/1205 (recycle/alloc) - 27/1205 (fetch/transfer)
11-14 22:16:37.283 30243 30572 W CCodecBufferChannel: no present fence for frame 880
11-14 22:16:37.283 30243 30572 W CCodecBufferChannel: no present fence for frame 881
11-14 22:16:37.283 30243 30572 W CCodecBufferChannel: no present fence for frame 882
11-14 22:16:37.344 30243 30572 W CCodecBufferChannel: no present fence for frame 883
11-14 22:16:37.344 30243 30572 W CCodecBufferChannel: no present fence for frame 884
11-14 22:16:37.478 30243 30572 W CCodecBufferChannel: no present fence for frame 885
11-14 22:16:37.550 30243 30572 W CCodecBufferChannel: no present fence for frame 886
11-14 22:16:37.550 30243 30572 W CCodecBufferChannel: no present fence for frame 887
11-14 22:16:37.550 30243 30572 W CCodecBufferChannel: no present fence for frame 888
11-14 22:16:38.063 30243 30572 W CCodecBufferChannel: no present fence for frame 889
11-14 22:16:38.063 30243 30572 W CCodecBufferChannel: no present fence for frame 890
11-14 22:16:38.063 30243 30572 W CCodecBufferChannel: no present fence for frame 891
11-14 22:16:38.063 30243 30572 W CCodecBufferChannel: no present fence for frame 892
11-14 22:16:38.263 1128 1349 D CHRE : @ 1910541.713: [ActivityPlatform] type 4, confidence 95
11-14 22:16:38.327 30243 30572 W CCodecBufferChannel: no present fence for frame 893
11-14 22:16:38.357 1472 1688 I DisplayDeviceRepository: Display device changed: DisplayDeviceInfo{"Built-in Screen": uniqueId="local:4619827677550801152", 1080 x 2400, modeId 1, renderFrameRate 30.0, defaultModeId 1, supportedModes [{id=1, width=1080, height=2400, fps=60.0, alternativeRefreshRates=[], supportedHdrTypes=[2, 3, 4]}], colorMode 0, supportedColorModes [0, 7, 9], hdrCapabilities HdrCapabilities{mSupportedHdrTypes=[2, 3, 4], mMaxLuminance=800.0, mMaxAverageLuminance=120.0, mMinLuminance=5.0E-4}, allmSupported false, gameContentTypeSupported false, density 420, 428.625 x 429.295 dpi, appVsyncOff 6233334, presDeadline 11500000, cutout DisplayCutout{insets=Rect(0, 132 - 0, 0) waterfall=Insets{left=0, top=0, right=0, bottom=0} boundingRect={Bounds=[Rect(0, 0 - 0, 0), Rect(480, 0 - 625, 132), Rect(0, 0 - 0, 0), Rect(0, 0 - 0, 0)]} cutoutPathParserInfo={CutoutPathParserInfo{displayWidth=1080 displayHeight=2400 physicalDisplayWidth=1080 physicalDisplayHeight=2400 density={2.625} cutoutSpec={M 507,66 a 33,33 0 1 0 66,0 33,33 0 1 0 -66,0 Z @left} rotation={0} scale={1.0} physicalPixelDisplaySizeRatio={1.0}}}}, touch INTERNAL, rotation 0, type INTERNAL, address {port=0, model=0x401ceccbbbeef1}, deviceProductInfo DeviceProductInfo{name=Common Panel, manufacturerPnpId=GGL, productId=0, modelYear=null, manufactureDate=ManufactureDate{week=1, year=1990}, connectionToSinkType=0}, state ON, committedState ON, frameRateOverride , brightnessMinimum 0.0, brightnessMaximum 1.0, brightnessDefault 0.17293233, hdrSdrRatio 1.0, roundedCorners RoundedCorners{[RoundedCorner{position=TopLeft, radius=47, center=Point(47, 47)}, RoundedCorner{position=TopRight, radius=47, center=Point(1033, 47)}, RoundedCorner{position=BottomRight, radius=48, center=Point(1032, 2352)}, RoundedCorner{position=BottomLeft, radius=48, center=Point(48, 2352)}]}, FLAG_ALLOWED_TO_BE_DEFAULT_DISPLAY, FLAG_ROTATES_WITH_CONTENT, FLAG_SECURE, FLAG_SUPPORTS_PROTECTED_BUFFERS, FLAG_TRUSTED, installOrientation 0, displayShape DisplayShape{ spec=903784421 displayWidth=1080 displayHeight=2400 physicalPixelDisplaySizeRatio=1.0 rotation=0 offsetX=0 offsetY=0 scale=1.0}}
11-14 22:16:38.360 1472 1688 D DisplayManagerService: Ignore redundant display event 0/2 to 10292/30368
11-14 22:16:38.501 30243 30572 W CCodecBufferChannel: no present fence for frame 894
11-14 22:16:38.501 30243 30572 W CCodecBufferChannel: no present fence for frame 895
11-14 22:16:38.530 30243 30572 W CCodecBufferChannel: no present fence for frame 896
11-14 22:16:38.571 30243 30572 W CCodecBufferChannel: no present fence for frame 897
11-14 22:16:38.601 30243 30572 W CCodecBufferChannel: no present fence for frame 898
11-14 22:16:38.632 30243 30572 W CCodecBufferChannel: no present fence for frame 899
11-14 22:16:38.672 30243 30572 W CCodecBufferChannel: no present fence for frame 900
11-14 22:16:38.702 30243 30572 W CCodecBufferChannel: no present fence for frame 901
11-14 22:16:38.733 30243 30572 W CCodecBufferChannel: no present fence for frame 902
11-14 22:16:38.764 30243 30572 W CCodecBufferChannel: no present fence for frame 903
11-14 22:16:38.803 30243 30572 W CCodecBufferChannel: no present fence for frame 904
11-14 22:16:38.834 30243 30572 W CCodecBufferChannel: no present fence for frame 905
11-14 22:16:39.039 30243 30572 W CCodecBufferChannel: no present fence for frame 906
11-14 22:16:39.039 30243 30572 W CCodecBufferChannel: no present fence for frame 907
11-14 22:16:39.039 30243 30572 W CCodecBufferChannel: no present fence for frame 908
11-14 22:16:39.039 30243 30572 W CCodecBufferChannel: no present fence for frame 909
11-14 22:16:39.039 30243 30572 W CCodecBufferChannel: no present fence for frame 910
11-14 22:16:39.570 30243 30572 W CCodecBufferChannel: no present fence for frame 911
11-14 22:16:39.571 30243 30572 W CCodecBufferChannel: no present fence for frame 912
11-14 22:16:39.605 923 30040 D BufferPoolAccessor2.0: bufferpool2 0xb400006f7f74b0f8 : 5(19441280 size) total buffers - 5(19441280 size) used buffers - 2899/2907 (recycle/alloc) - 27/2901 (fetch/transfer)
11-14 22:16:39.924 30623 30623 I trusty_metricsd: starting trusty_metricsd
11-14 22:16:39.924 30623 30623 I trusty_metricsd: trusty dev: /dev/trusty-ipc-dev0
11-14 22:16:39.929 30623 30623 E libtrusty: tipc_connect: can't connect to tipc service "com.android.trusty.metrics" (err=107)
11-14 22:16:39.929 30623 30623 E trusty_metricsd: failed to open TrustyMetricsPixel: failed to connect to Trusty metrics TA: Transport endpoint is not connected
11-14 22:16:39.929 30623 30623 E trusty_metricsd: failed to open Trusty metrics client
11-14 22:16:39.965 30625 30625 I flags_health_check: ServerConfigurableFlagsReset reset_mode value: 1
11-14 22:16:39.966 30625 30625 I flags_health_check: ServerConfigurableFlagsReset updatable crashing detected, resetting flags.
11-14 22:16:40.002 30243 30572 W CCodecBufferChannel: no present fence for frame 913
11-14 22:16:40.026 1472 1688 I DisplayDeviceRepository: Display device changed: DisplayDeviceInfo{"Built-in Screen": uniqueId="local:4619827677550801152", 1080 x 2400, modeId 1, renderFrameRate 60.0, defaultModeId 1, supportedModes [{id=1, width=1080, height=2400, fps=60.0, alternativeRefreshRates=[], supportedHdrTypes=[2, 3, 4]}], colorMode 0, supportedColorModes [0, 7, 9], hdrCapabilities HdrCapabilities{mSupportedHdrTypes=[2, 3, 4], mMaxLuminance=800.0, mMaxAverageLuminance=120.0, mMinLuminance=5.0E-4}, allmSupported false, gameContentTypeSupported false, density 420, 428.625 x 429.295 dpi, appVsyncOff 6233334, presDeadline 11500000, cutout DisplayCutout{insets=Rect(0, 132 - 0, 0) waterfall=Insets{left=0, top=0, right=0, bottom=0} boundingRect={Bounds=[Rect(0, 0 - 0, 0), Rect(480, 0 - 625, 132), Rect(0, 0 - 0, 0), Rect(0, 0 - 0, 0)]} cutoutPathParserInfo={CutoutPathParserInfo{displayWidth=1080 displayHeight=2400 physicalDisplayWidth=1080 physicalDisplayHeight=2400 density={2.625} cutoutSpec={M 507,66 a 33,33 0 1 0 66,0 33,33 0 1 0 -66,0 Z @left} rotation={0} scale={1.0} physicalPixelDisplaySizeRatio={1.0}}}}, touch INTERNAL, rotation 0, type INTERNAL, address {port=0, model=0x401ceccbbbeef1}, deviceProductInfo DeviceProductInfo{name=Common Panel, manufacturerPnpId=GGL, productId=0, modelYear=null, manufactureDate=ManufactureDate{week=1, year=1990}, connectionToSinkType=0}, state ON, committedState ON, frameRateOverride , brightnessMinimum 0.0, brightnessMaximum 1.0, brightnessDefault 0.17293233, hdrSdrRatio 1.0, roundedCorners RoundedCorners{[RoundedCorner{position=TopLeft, radius=47, center=Point(47, 47)}, RoundedCorner{position=TopRight, radius=47, center=Point(1033, 47)}, RoundedCorner{position=BottomRight, radius=48, center=Point(1032, 2352)}, RoundedCorner{position=BottomLeft, radius=48, center=Point(48, 2352)}]}, FLAG_ALLOWED_TO_BE_DEFAULT_DISPLAY, FLAG_ROTATES_WITH_CONTENT, FLAG_SECURE, FLAG_SUPPORTS_PROTECTED_BUFFERS, FLAG_TRUSTED, installOrientation 0, displayShape DisplayShape{ spec=903784421 displayWidth=1080 displayHeight=2400 physicalPixelDisplaySizeRatio=1.0 rotation=0 offsetX=0 offsetY=0 scale=1.0}}
11-14 22:16:40.030 1472 1688 D DisplayManagerService: Ignore redundant display event 0/2 to 10292/30368
11-14 22:16:40.153 30243 30572 W CCodecBufferChannel: no present fence for frame 914
11-14 22:16:40.184 30243 30572 W CCodecBufferChannel: no present fence for frame 915
11-14 22:16:40.235 30243 30572 W CCodecBufferChannel: no present fence for frame 916
11-14 22:16:40.266 30243 30572 W CCodecBufferChannel: no present fence for frame 917
11-14 22:16:40.287 30243 30572 W CCodecBufferChannel: no present fence for frame 918
11-14 22:16:40.296 30243 30572 W CCodecBufferChannel: no present fence for frame 919
11-14 22:16:40.316 30243 30572 W CCodecBufferChannel: no present fence for frame 920
11-14 22:16:40.337 30243 30572 W CCodecBufferChannel: no present fence for frame 921
11-14 22:16:40.348 30243 30572 W CCodecBufferChannel: no present fence for frame 922
11-14 22:16:40.367 30243 30572 W CCodecBufferChannel: no present fence for frame 923
11-14 22:16:40.378 30243 30572 W CCodecBufferChannel: no present fence for frame 924
11-14 22:16:40.419 30243 30572 W CCodecBufferChannel: no present fence for frame 925
11-14 22:16:40.419 30243 30572 W CCodecBufferChannel: no present fence for frame 926
11-14 22:16:40.555 30243 30572 W CCodecBufferChannel: no present fence for frame 927
11-14 22:16:40.555 30243 30572 W CCodecBufferChannel: no present fence for frame 928
11-14 22:16:40.555 30243 30572 W CCodecBufferChannel: no present fence for frame 929
11-14 22:16:40.555 30243 30572 W CCodecBufferChannel: no present fence for frame 930
11-14 22:16:40.555 30243 30572 W CCodecBufferChannel: no present fence for frame 931
11-14 22:16:40.555 30243 30572 W CCodecBufferChannel: no present fence for frame 932
11-14 22:16:40.555 30243 30572 W CCodecBufferChannel: no present fence for frame 933
11-14 22:16:40.565 30243 30572 W CCodecBufferChannel: no present fence for frame 934
11-14 22:16:40.704 30243 30572 W CCodecBufferChannel: no present fence for frame 935
11-14 22:16:40.715 30243 30572 W CCodecBufferChannel: no present fence for frame 936
11-14 22:16:40.786 30243 30572 W CCodecBufferChannel: no present fence for frame 937
11-14 22:16:40.797 30243 30572 W CCodecBufferChannel: no present fence for frame 938
11-14 22:16:40.817 30243 30572 W CCodecBufferChannel: no present fence for frame 939
11-14 22:16:40.848 30243 30572 W CCodecBufferChannel: no present fence for frame 940
11-14 22:16:40.848 30243 30572 W CCodecBufferChannel: no present fence for frame 941
11-14 22:16:40.868 30243 30572 W CCodecBufferChannel: no present fence for frame 942
11-14 22:16:40.878 30243 30572 W CCodecBufferChannel: no present fence for frame 943
11-14 22:16:40.899 30243 30572 W CCodecBufferChannel: no present fence for frame 944
11-14 22:16:40.919 30243 30572 W CCodecBufferChannel: no present fence for frame 945
11-14 22:16:40.930 30243 30572 W CCodecBufferChannel: no present fence for frame 946
11-14 22:16:40.952 30243 30572 W CCodecBufferChannel: no present fence for frame 947
11-14 22:16:40.969 30243 30572 W CCodecBufferChannel: no present fence for frame 948
11-14 22:16:41.000 30243 30572 W CCodecBufferChannel: no present fence for frame 949
11-14 22:16:41.020 30243 30572 W CCodecBufferChannel: no present fence for frame 950
11-14 22:16:41.031 30243 30572 W CCodecBufferChannel: no present fence for frame 951
11-14 22:16:41.052 30243 30572 W CCodecBufferChannel: no present fence for frame 952
11-14 22:16:41.064 30243 30572 W CCodecBufferChannel: no present fence for frame 953
11-14 22:16:41.083 30243 30572 W CCodecBufferChannel: no present fence for frame 954
11-14 22:16:41.103 30243 30572 W CCodecBufferChannel: no present fence for frame 955
11-14 22:16:41.114 30243 30572 W CCodecBufferChannel: no present fence for frame 956
11-14 22:16:41.134 30243 30572 W CCodecBufferChannel: no present fence for frame 957
11-14 22:16:41.154 30243 30572 W CCodecBufferChannel: no present fence for frame 958
11-14 22:16:41.164 30243 30572 W CCodecBufferChannel: no present fence for frame 959
11-14 22:16:41.186 30243 30572 W CCodecBufferChannel: no present fence for frame 960
11-14 22:16:41.195 30243 30572 W CCodecBufferChannel: no present fence for frame 961
11-14 22:16:41.215 30243 30572 W CCodecBufferChannel: no present fence for frame 962
11-14 22:16:41.234 30243 30572 W CCodecBufferChannel: no present fence for frame 963
11-14 22:16:41.255 30243 30572 W CCodecBufferChannel: no present fence for frame 964
11-14 22:16:41.265 30243 30572 W CCodecBufferChannel: no present fence for frame 965
11-14 22:16:41.284 30243 30572 W CCodecBufferChannel: no present fence for frame 966
11-14 22:16:41.304 30243 30572 W CCodecBufferChannel: no present fence for frame 967
11-14 22:16:41.316 30243 30572 W CCodecBufferChannel: no present fence for frame 968
11-14 22:16:41.335 30243 30572 W CCodecBufferChannel: no present fence for frame 969
11-14 22:16:41.345 30243 30572 W CCodecBufferChannel: no present fence for frame 970
11-14 22:16:41.366 30243 30572 W CCodecBufferChannel: no present fence for frame 971
11-14 22:16:41.386 30243 30572 W CCodecBufferChannel: no present fence for frame 972
11-14 22:16:41.397 30243 30572 W CCodecBufferChannel: no present fence for frame 973
11-14 22:16:41.418 30243 30572 W CCodecBufferChannel: no present fence for frame 974
11-14 22:16:41.430 30243 30572 W CCodecBufferChannel: no present fence for frame 975
11-14 22:16:41.432 1128 1349 D CHRE : @ 1910544.884: [ActivityPlatform] type 4, confidence 95
11-14 22:16:41.449 30243 30572 W CCodecBufferChannel: no present fence for frame 976
11-14 22:16:41.470 30243 30572 W CCodecBufferChannel: no present fence for frame 977
11-14 22:16:41.481 30243 30572 W CCodecBufferChannel: no present fence for frame 978
11-14 22:16:41.501 30243 30572 W CCodecBufferChannel: no present fence for frame 979
11-14 22:16:41.511 30243 30572 W CCodecBufferChannel: no present fence for frame 980
11-14 22:16:41.533 30243 30572 W CCodecBufferChannel: no present fence for frame 981
11-14 22:16:41.552 30243 30572 W CCodecBufferChannel: no present fence for frame 982
11-14 22:16:41.563 30243 30572 W CCodecBufferChannel: no present fence for frame 983
11-14 22:16:41.584 30243 30572 W CCodecBufferChannel: no present fence for frame 984
11-14 22:16:41.605 30243 30572 W CCodecBufferChannel: no present fence for frame 985
11-14 22:16:41.615 30243 30572 W CCodecBufferChannel: no present fence for frame 986
11-14 22:16:41.635 30243 30572 W CCodecBufferChannel: no present fence for frame 987
11-14 22:16:41.647 30243 30572 W CCodecBufferChannel: no present fence for frame 988
11-14 22:16:41.666 30243 30572 W CCodecBufferChannel: no present fence for frame 989
11-14 22:16:41.686 30243 30572 W CCodecBufferChannel: no present fence for frame 990
11-14 22:16:41.696 30243 30572 W CCodecBufferChannel: no present fence for frame 991
11-14 22:16:41.715 30243 30572 W CCodecBufferChannel: no present fence for frame 992
11-14 22:16:41.736 30243 30572 W CCodecBufferChannel: no present fence for frame 993
11-14 22:16:41.746 30243 30572 W CCodecBufferChannel: no present fence for frame 994
11-14 22:16:41.768 30243 30572 W CCodecBufferChannel: no present fence for frame 995
11-14 22:16:41.787 30243 30572 W CCodecBufferChannel: no present fence for frame 996
11-14 22:16:41.798 30243 30572 W CCodecBufferChannel: no present fence for frame 997
11-14 22:16:41.819 30243 30572 W CCodecBufferChannel: no present fence for frame 998
11-14 22:16:41.838 30243 30572 W CCodecBufferChannel: no present fence for frame 999
11-14 22:16:41.849 30243 30572 W CCodecBufferChannel: no present fence for frame 1000
11-14 22:16:41.869 30243 30572 W CCodecBufferChannel: no present fence for frame 1001
11-14 22:16:41.881 30243 30572 W CCodecBufferChannel: no present fence for frame 1002
11-14 22:16:41.900 30243 30572 W CCodecBufferChannel: no present fence for frame 1003
11-14 22:16:41.920 30243 30572 W CCodecBufferChannel: no present fence for frame 1004
11-14 22:16:41.930 30243 30572 W CCodecBufferChannel: no present fence for frame 1005
11-14 22:16:41.940 923 30033 I ExynosC2H264EncComponent: [onUpdateC2Work] got SYNC FRAME
11-14 22:16:41.951 30243 30572 W CCodecBufferChannel: no present fence for frame 1006
11-14 22:16:41.971 30243 30572 W CCodecBufferChannel: no present fence for frame 1007
11-14 22:16:41.982 30243 30572 W CCodecBufferChannel: no present fence for frame 1008
11-14 22:16:42.004 30243 30572 W CCodecBufferChannel: no present fence for frame 1009
11-14 22:16:42.012 30243 30572 W CCodecBufferChannel: no present fence for frame 1010
11-14 22:16:42.032 30243 30572 W CCodecBufferChannel: no present fence for frame 1011
11-14 22:16:42.054 30243 30572 W CCodecBufferChannel: no present fence for frame 1012
11-14 22:16:42.064 30243 30572 W CCodecBufferChannel: no present fence for frame 1013
11-14 22:16:42.085 30243 30572 W CCodecBufferChannel: no present fence for frame 1014
11-14 22:16:42.105 30243 30572 W CCodecBufferChannel: no present fence for frame 1015
11-14 22:16:42.115 30243 30572 W CCodecBufferChannel: no present fence for frame 1016
11-14 22:16:42.135 30243 30572 W CCodecBufferChannel: no present fence for frame 1017
11-14 22:16:42.154 30243 30572 W CCodecBufferChannel: no present fence for frame 1018
11-14 22:16:42.164 30243 30572 W CCodecBufferChannel: no present fence for frame 1019
11-14 22:16:42.186 30243 30572 W CCodecBufferChannel: no present fence for frame 1020
11-14 22:16:42.196 30243 30572 W CCodecBufferChannel: no present fence for frame 1021
11-14 22:16:42.216 30243 30572 W CCodecBufferChannel: no present fence for frame 1022
11-14 22:16:42.237 30243 30572 W CCodecBufferChannel: no present fence for frame 1023
11-14 22:16:42.249 30243 30572 W CCodecBufferChannel: no present fence for frame 1024
11-14 22:16:42.266 30243 30521 D BufferPoolAccessor2.0: bufferpool2 0xb4000070f4271738 : 5(36700160 size) total buffers - 5(36700160 size) used buffers - 1373/1378 (recycle/alloc) - 27/1377 (fetch/transfer)
11-14 22:16:42.268 30243 30572 W CCodecBufferChannel: no present fence for frame 1025
