11-14 22:18:10.136 30665 30665 I flags_health_check: ServerConfigurableFlagsReset updatable crashing detected, resetting flags.
11-14 22:18:10.142 30243 30572 W CCodecBufferChannel: no present fence for frame 2639
11-14 22:18:10.145 30243 30521 D PipelineWatcher: onInputBufferReleased: frameIndex not found (3392); ignored
11-14 22:18:10.192 30243 30572 W CCodecBufferChannel: no present fence for frame 2640
11-14 22:18:10.223 30243 30572 W CCodecBufferChannel: no present fence for frame 2641
11-14 22:18:10.243 30243 30572 W CCodecBufferChannel: no present fence for frame 2642
11-14 22:18:10.273 30243 30572 W CCodecBufferChannel: no present fence for frame 2643
11-14 22:18:10.273 30243 30572 W CCodecBufferChannel: no present fence for frame 2644
11-14 22:18:10.293 30243 30572 W CCodecBufferChannel: no present fence for frame 2645
11-14 22:18:10.315 30243 30572 W CCodecBufferChannel: no present fence for frame 2646
11-14 22:18:10.345 30243 30572 W CCodecBufferChannel: no present fence for frame 2647
11-14 22:18:10.346 20174 20291 I bbqz : getHotwordActive::active query: null, watch: false, devices connected: []
11-14 22:18:10.415 30243 30572 W CCodecBufferChannel: no present fence for frame 2648
11-14 22:18:10.415 30243 30572 W CCodecBufferChannel: no present fence for frame 2649
11-14 22:18:10.444 30243 30572 W CCodecBufferChannel: no present fence for frame 2650
11-14 22:18:10.444 30243 30572 W CCodecBufferChannel: no present fence for frame 2651
11-14 22:18:10.464 30243 30572 W CCodecBufferChannel: no present fence for frame 2652
11-14 22:18:10.475 30243 30572 W CCodecBufferChannel: no present fence for frame 2653
11-14 22:18:10.507 30243 30572 W CCodecBufferChannel: no present fence for frame 2654
11-14 22:18:10.507 30243 30572 W CCodecBufferChannel: no present fence for frame 2655
11-14 22:18:10.558 30243 30572 W CCodecBufferChannel: no present fence for frame 2656
11-14 22:18:10.589 30243 30572 W CCodecBufferChannel: no present fence for frame 2657
11-14 22:18:10.609 30243 30572 W CCodecBufferChannel: no present fence for frame 2658
11-14 22:18:10.661 30243 30572 W CCodecBufferChannel: no present fence for frame 2659
11-14 22:18:10.661 30243 30572 W CCodecBufferChannel: no present fence for frame 2660
11-14 22:18:10.827 30243 30572 W CCodecBufferChannel: no present fence for frame 2661
11-14 22:18:10.827 30243 30572 W CCodecBufferChannel: no present fence for frame 2662
11-14 22:18:10.827 30243 30572 W CCodecBufferChannel: no present fence for frame 2663
11-14 22:18:10.827 30243 30572 W CCodecBufferChannel: no present fence for frame 2664
11-14 22:18:10.827 30243 30572 W CCodecBufferChannel: no present fence for frame 2665
11-14 22:18:10.975 30243 30572 W CCodecBufferChannel: no present fence for frame 2666
11-14 22:18:11.026 30243 30572 W CCodecBufferChannel: no present fence for frame 2667
11-14 22:18:11.026 30243 30572 W CCodecBufferChannel: no present fence for frame 2668
11-14 22:18:11.046 30243 30572 W CCodecBufferChannel: no present fence for frame 2669
11-14 22:18:11.076 30243 30572 W CCodecBufferChannel: no present fence for frame 2670
11-14 22:18:11.097 30243 30572 W CCodecBufferChannel: no present fence for frame 2671
11-14 22:18:11.108 30243 30572 W CCodecBufferChannel: no present fence for frame 2672
11-14 22:18:11.127 30243 30572 W CCodecBufferChannel: no present fence for frame 2673
11-14 22:18:11.147 30243 30572 W CCodecBufferChannel: no present fence for frame 2674
11-14 22:18:11.178 30243 30572 W CCodecBufferChannel: no present fence for frame 2675
11-14 22:18:11.198 30243 30572 W CCodecBufferChannel: no present fence for frame 2676
11-14 22:18:11.230 30243 30572 W CCodecBufferChannel: no present fence for frame 2677
11-14 22:18:11.249 30243 30572 W CCodecBufferChannel: no present fence for frame 2678
11-14 22:18:11.577 30243 30572 W CCodecBufferChannel: no present fence for frame 2679
11-14 22:18:11.577 30243 30572 W CCodecBufferChannel: no present fence for frame 2680
11-14 22:18:11.577 30243 30572 W CCodecBufferChannel: no present fence for frame 2681
11-14 22:18:11.578 30243 30572 W CCodecBufferChannel: no present fence for frame 2682
11-14 22:18:11.578 30243 30572 W CCodecBufferChannel: no present fence for frame 2683
11-14 22:18:11.578 30243 30572 W CCodecBufferChannel: no present fence for frame 2684
11-14 22:18:11.578 30243 30572 W CCodecBufferChannel: no present fence for frame 2685
11-14 22:18:11.578 30243 30572 W CCodecBufferChannel: no present fence for frame 2686
11-14 22:18:11.578 30243 30572 W CCodecBufferChannel: no present fence for frame 2687
11-14 22:18:11.775 30243 30572 W CCodecBufferChannel: no present fence for frame 2688
11-14 22:18:11.776 30243 30572 W CCodecBufferChannel: no present fence for frame 2689
11-14 22:18:11.826 30243 30572 W CCodecBufferChannel: no present fence for frame 2690
11-14 22:18:11.826 30243 30572 W CCodecBufferChannel: no present fence for frame 2691
11-14 22:18:11.858 30243 30572 W CCodecBufferChannel: no present fence for frame 2692
11-14 22:18:11.949 30243 30572 W CCodecBufferChannel: no present fence for frame 2693
11-14 22:18:12.012 30243 30572 W CCodecBufferChannel: no present fence for frame 2694
11-14 22:18:12.012 30243 30572 W CCodecBufferChannel: no present fence for frame 2695
11-14 22:18:12.143 30243 30572 W CCodecBufferChannel: no present fence for frame 2696
11-14 22:18:12.367 30243 30572 W CCodecBufferChannel: no present fence for frame 2697
11-14 22:18:12.367 30243 30572 W CCodecBufferChannel: no present fence for frame 2698
11-14 22:18:12.367 30243 30572 W CCodecBufferChannel: no present fence for frame 2699
11-14 22:18:12.500 30243 30572 W CCodecBufferChannel: no present fence for frame 2700
11-14 22:18:12.531 30243 30572 W CCodecBufferChannel: no present fence for frame 2701
11-14 22:18:12.551 30243 30572 W CCodecBufferChannel: no present fence for frame 2702
11-14 22:18:12.561 30243 30572 W CCodecBufferChannel: no present fence for frame 2703
11-14 22:18:12.592 30243 30572 W CCodecBufferChannel: no present fence for frame 2704
11-14 22:18:12.611 30243 30572 W CCodecBufferChannel: no present fence for frame 2705
11-14 22:18:12.642 30243 30572 W CCodecBufferChannel: no present fence for frame 2706
11-14 22:18:12.684 30243 30572 W CCodecBufferChannel: no present fence for frame 2707
11-14 22:18:12.725 30243 30572 W CCodecBufferChannel: no present fence for frame 2708
11-14 22:18:12.725 30243 30572 W CCodecBufferChannel: no present fence for frame 2709
11-14 22:18:12.746 30243 30572 W CCodecBufferChannel: no present fence for frame 2710
11-14 22:18:12.765 30243 30572 W CCodecBufferChannel: no present fence for frame 2711
11-14 22:18:12.797 30243 30572 W CCodecBufferChannel: no present fence for frame 2712
11-14 22:18:12.827 30243 30572 W CCodecBufferChannel: no present fence for frame 2713
11-14 22:18:12.827 30243 30572 W CCodecBufferChannel: no present fence for frame 2714
11-14 22:18:12.829 2982 30639 E GRIL-L : blockingConnect not allowed on device without radio. User should check GRilManager#deviceHasRadio result before calling GRilManager#blockingConnect
11-14 22:18:12.833 2982 30639 E SconeRadioEngine: GRilManager connect failed, re-attempting in 30 seconds.
11-14 22:18:12.841 2211 2211 D GRIL-S : [1810]> SET_PREFERRED_DISPLAY_FREQ_1_4[]
11-14 22:18:12.843 2211 3154 D GRIL-S : [1810]< SET_PREFERRED_DISPLAY_FREQ_1_4
11-14 22:18:12.848 2982 30666 E SconeRadioEngine: GRIL send error: 6 re-attempting in 1 minute.
11-14 22:18:12.868 30243 30572 W CCodecBufferChannel: no present fence for frame 2715
11-14 22:18:12.899 30243 30572 W CCodecBufferChannel: no present fence for frame 2716
11-14 22:18:12.899 30243 30572 W CCodecBufferChannel: no present fence for frame 2717
11-14 22:18:12.909 30243 30572 W CCodecBufferChannel: no present fence for frame 2718
11-14 22:18:12.951 923 30574 I ExynosC2H264DecComponent: [doQueue] input detects EOS flag !!
11-14 22:18:12.951 923 30581 D ExynosVideoDecoder: MFC_Decoder_Enqueue_Inbuf: EMPTY DATA
11-14 22:18:12.952 923 30583 I ExynosVideoCodecDec-H264Dec: [dstDequeue] DPB has reached EOS
11-14 22:18:12.952 923 30574 I ExynosC2H264DecComponent: [onUpdateC2Work] output detects EOS !!
11-14 22:18:13.033 30243 30572 W CCodecBufferChannel: no present fence for frame 2719
11-14 22:18:13.033 30243 30572 W CCodecBufferChannel: no present fence for frame 2720
11-14 22:18:13.033 30243 30572 W CCodecBufferChannel: no present fence for frame 2721
11-14 22:18:13.033 30243 30572 W CCodecBufferChannel: no present fence for frame 2722
11-14 22:18:13.144 30243 30572 W CCodecBufferChannel: no present fence for frame 2723
11-14 22:18:13.144 30243 30572 W CCodecBufferChannel: no present fence for frame 2724
11-14 22:18:13.144 30243 30572 W CCodecBufferChannel: no present fence for frame 2725
11-14 22:18:13.535 30243 30572 W CCodecBufferChannel: no present fence for frame 2726
11-14 22:18:13.535 30243 30572 W CCodecBufferChannel: no present fence for frame 2727
11-14 22:18:13.797 1942 1942 D DLObserver: onReceive(); android.intent.action.BATTERY_CHANGED
11-14 22:18:13.797 1942 1942 D DLObserver: plugged=2
11-14 22:18:13.799 1942 3354 D PowerUI : can't show warning due to - plugged: true status unknown: false
11-14 22:18:13.800 1942 1942 D PowerNotificationWarningsGoogleImpl: onReceive: android.intent.action.BATTERY_CHANGED
11-14 22:18:13.800 1942 1942 D BatteryDefenderNotification: isPlugged: true | isOverheated: false | defenderEnabled: false | isCharged: true | isPluggedInDock: false
11-14 22:18:13.800 1942 1942 D IncompatibleChargerNotification: dispatchIntent: android.intent.action.BATTERY_CHANGED
11-14 22:18:14.048 936 936 I WifiHAL : Creating message to get link statistics; iface = 47
11-14 22:18:14.054 30243 30572 W CCodecBufferChannel: no present fence for frame 2728
11-14 22:18:14.054 30243 30572 W CCodecBufferChannel: no present fence for frame 2729
11-14 22:18:14.153 936 936 I WifiHAL : In GetLinkStatsCommand::handleResponse
11-14 22:18:14.156 936 936 E IPCThreadState: binder thread pool (1 threads) starved for 108 ms
11-14 22:18:14.185 1942 1942 D StatusBarIconController: ignoring old pipeline callback because the new wifi icon is enabled
11-14 22:18:14.187 1472 1871 D ConnectivityService: NetReassign [no changes] [c 0] [a 0] [i 2]
11-14 22:18:14.331 30243 30569 I Surface : Surface::setFrameRate is deprecated, setFrameRate hint is dropped as destination is not SurfaceFlinger
11-14 22:18:14.339 30243 30569 D MediaCodec: keep callback message for reclaim
11-14 22:18:14.340 30243 30572 I CCodecConfig: query failed after returning 15 values (BAD_INDEX)
11-14 22:18:14.340 30243 30572 W Codec2Client: query -- param skipped: index = 1073743886.
11-14 22:18:14.340 30243 30572 W Codec2Client: query -- param skipped: index = 1610614798.
11-14 22:18:14.341 30243 30572 D BufferPoolAccessor2.0: bufferpool2 0xb4000070f4271738 : 5(36700160 size) total buffers - 1(7340032 size) used buffers - 3508/3513 (recycle/alloc) - 66/3493 (fetch/transfer)
11-14 22:18:14.359 3703 5916 D MediaProvider: Open with FUSE. FilePath: /storage/emulated/0/QTBUG-107883-quickcontrols-texteditor-qt660.mp4. Uid: 10192. Media Capabilities Uid: 0. ShouldRedact: false. ShouldTranscode: false
11-14 22:18:14.376 30243 30521 D CCodecBufferChannel: [c2.exynos.h264.decoder#302] Ignoring stale input buffer done callback: last flush index = 3494, frameIndex = 3494
11-14 22:18:14.376 923 30574 I ExynosC2H264DecComponent: [updateC2Buffer_ColorAspects] HDR :: color aspects(r:2, p:0x1, t:0x3, m:0x1)
11-14 22:18:14.388 30243 30569 I Surface : Surface::setFrameRate is deprecated, setFrameRate hint is dropped as destination is not SurfaceFlinger
11-14 22:18:14.586 30243 30572 W CCodecBufferChannel: no present fence for frame 2732
11-14 22:18:14.730 30243 30572 W CCodecBufferChannel: no present fence for frame 2733
11-14 22:18:15.079 30243 30572 W CCodecBufferChannel: no present fence for frame 2734
11-14 22:18:15.113 30667 30667 I trusty_metricsd: starting trusty_metricsd
11-14 22:18:15.113 30667 30667 I trusty_metricsd: trusty dev: /dev/trusty-ipc-dev0
11-14 22:18:15.116 30667 30667 E libtrusty: tipc_connect: can't connect to tipc service "com.android.trusty.metrics" (err=107)
11-14 22:18:15.117 30667 30667 E trusty_metricsd: failed to open TrustyMetricsPixel: failed to connect to Trusty metrics TA: Transport endpoint is not connected
11-14 22:18:15.117 30667 30667 E trusty_metricsd: failed to open Trusty metrics client
11-14 22:18:15.148 30668 30668 I flags_health_check: ServerConfigurableFlagsReset reset_mode value: 1
11-14 22:18:15.148 30668 30668 I flags_health_check: ServerConfigurableFlagsReset updatable crashing detected, resetting flags.
11-14 22:18:15.236 30243 30572 W CCodecBufferChannel: no present fence for frame 2735
11-14 22:18:15.587 30243 30572 W CCodecBufferChannel: no present fence for frame 2736
11-14 22:18:15.732 30243 30572 W CCodecBufferChannel: no present fence for frame 2737
11-14 22:18:16.080 30243 30572 W CCodecBufferChannel: no present fence for frame 2738
11-14 22:18:16.235 30243 30572 W CCodecBufferChannel: no present fence for frame 2739
11-14 22:18:16.387 30243 30572 W CCodecBufferChannel: no present fence for frame 2740
11-14 22:18:16.582 30243 30572 W CCodecBufferChannel: no present fence for frame 2741
11-14 22:18:16.582 30243 30572 W CCodecBufferChannel: no present fence for frame 2742
11-14 22:18:16.582 30243 30572 W CCodecBufferChannel: no present fence for frame 2743
11-14 22:18:16.582 30243 30572 W CCodecBufferChannel: no present fence for frame 2744
11-14 22:18:16.582 30243 30572 W CCodecBufferChannel: no present fence for frame 2745
11-14 22:18:16.582 30243 30572 W CCodecBufferChannel: no present fence for frame 2746
11-14 22:18:16.612 18397 18397 E AbstractGmsTracer: Traced class shouldn't be obfuscated: GmsIntentOperationChimeraService [CONTEXT service_id=259 ]
11-14 22:18:16.620 18397 30669 E AbstractGmsTracer: Traced class shouldn't be obfuscated: InstantIndexingIntentOperation [CONTEXT service_id=259 ]
11-14 22:18:16.621 18397 30669 I GmscoreIpa: Starting mediastore instant index [CONTEXT service_id=255 ]
11-14 22:18:16.739 30243 30572 W CCodecBufferChannel: no present fence for frame 2747
11-14 22:18:17.086 30243 30572 W CCodecBufferChannel: no present fence for frame 2748
11-14 22:18:17.231 30243 30572 W CCodecBufferChannel: no present fence for frame 2749
11-14 22:18:17.583 30243 30572 W CCodecBufferChannel: no present fence for frame 2750
11-14 22:18:17.738 30243 30572 W CCodecBufferChannel: no present fence for frame 2751
11-14 22:18:17.952 30243 30572 W CCodecBufferChannel: no present fence for frame 2752
11-14 22:18:17.952 30243 30572 W CCodecBufferChannel: no present fence for frame 2753
11-14 22:18:17.952 30243 30572 W CCodecBufferChannel: no present fence for frame 2754
11-14 22:18:18.024 30243 30572 W CCodecBufferChannel: no present fence for frame 2755
11-14 22:18:18.024 30243 30572 W CCodecBufferChannel: no present fence for frame 2756
11-14 22:18:18.160 30243 30572 W CCodecBufferChannel: no present fence for frame 2757
11-14 22:18:18.219 30243 30572 W CCodecBufferChannel: no present fence for frame 2758
11-14 22:18:18.219 30243 30572 W CCodecBufferChannel: no present fence for frame 2759
11-14 22:18:18.219 30243 30572 W CCodecBufferChannel: no present fence for frame 2760
11-14 22:18:18.740 30243 30572 W CCodecBufferChannel: no present fence for frame 2761
11-14 22:18:18.740 30243 30572 W CCodecBufferChannel: no present fence for frame 2762
11-14 22:18:18.740 30243 30572 W CCodecBufferChannel: no present fence for frame 2763
11-14 22:18:18.740 30243 30572 W CCodecBufferChannel: no present fence for frame 2764
11-14 22:18:19.007 30243 30572 W CCodecBufferChannel: no present fence for frame 2765
11-14 22:18:19.031 1472 1688 I DisplayDeviceRepository: Display device changed: DisplayDeviceInfo{"Built-in Screen": uniqueId="local:4619827677550801152", 1080 x 2400, modeId 1, renderFrameRate 30.0, defaultModeId 1, supportedModes [{id=1, width=1080, height=2400, fps=60.0, alternativeRefreshRates=[], supportedHdrTypes=[2, 3, 4]}], colorMode 0, supportedColorModes [0, 7, 9], hdrCapabilities HdrCapabilities{mSupportedHdrTypes=[2, 3, 4], mMaxLuminance=800.0, mMaxAverageLuminance=120.0, mMinLuminance=5.0E-4}, allmSupported false, gameContentTypeSupported false, density 420, 428.625 x 429.295 dpi, appVsyncOff 6233334, presDeadline 11500000, cutout DisplayCutout{insets=Rect(0, 132 - 0, 0) waterfall=Insets{left=0, top=0, right=0, bottom=0} boundingRect={Bounds=[Rect(0, 0 - 0, 0), Rect(480, 0 - 625, 132), Rect(0, 0 - 0, 0), Rect(0, 0 - 0, 0)]} cutoutPathParserInfo={CutoutPathParserInfo{displayWidth=1080 displayHeight=2400 physicalDisplayWidth=1080 physicalDisplayHeight=2400 density={2.625} cutoutSpec={M 507,66 a 33,33 0 1 0 66,0 33,33 0 1 0 -66,0 Z @left} rotation={0} scale={1.0} physicalPixelDisplaySizeRatio={1.0}}}}, touch INTERNAL, rotation 0, type INTERNAL, address {port=0, model=0x401ceccbbbeef1}, deviceProductInfo DeviceProductInfo{name=Common Panel, manufacturerPnpId=GGL, productId=0, modelYear=null, manufactureDate=ManufactureDate{week=1, year=1990}, connectionToSinkType=0}, state ON, committedState ON, frameRateOverride , brightnessMinimum 0.0, brightnessMaximum 1.0, brightnessDefault 0.17293233, hdrSdrRatio 1.0, roundedCorners RoundedCorners{[RoundedCorner{position=TopLeft, radius=47, center=Point(47, 47)}, RoundedCorner{position=TopRight, radius=47, center=Point(1033, 47)}, RoundedCorner{position=BottomRight, radius=48, center=Point(1032, 2352)}, RoundedCorner{position=BottomLeft, radius=48, center=Point(48, 2352)}]}, FLAG_ALLOWED_TO_BE_DEFAULT_DISPLAY, FLAG_ROTATES_WITH_CONTENT, FLAG_SECURE, FLAG_SUPPORTS_PROTECTED_BUFFERS, FLAG_TRUSTED, installOrientation 0, displayShape DisplayShape{ spec=903784421 displayWidth=1080 displayHeight=2400 physicalPixelDisplaySizeRatio=1.0 rotation=0 offsetX=0 offsetY=0 scale=1.0}}
11-14 22:18:19.035 1472 1688 D DisplayManagerService: Ignore redundant display event 0/2 to 10292/30368
11-14 22:18:19.179 30243 30572 W CCodecBufferChannel: no present fence for frame 2766
11-14 22:18:19.179 30243 30572 W CCodecBufferChannel: no present fence for frame 2767
11-14 22:18:19.179 30243 30572 W CCodecBufferChannel: no present fence for frame 2768
11-14 22:18:19.211 30243 30572 W CCodecBufferChannel: no present fence for frame 2769
11-14 22:18:19.242 30243 30572 W CCodecBufferChannel: no present fence for frame 2770
11-14 22:18:19.272 30243 30572 W CCodecBufferChannel: no present fence for frame 2771
11-14 22:18:19.303 30243 30572 W CCodecBufferChannel: no present fence for frame 2772
11-14 22:18:19.344 30243 30572 W CCodecBufferChannel: no present fence for frame 2773
11-14 22:18:19.374 30243 30572 W CCodecBufferChannel: no present fence for frame 2774
11-14 22:18:19.403 30243 30572 W CCodecBufferChannel: no present fence for frame 2775
11-14 22:18:19.435 30243 30572 W CCodecBufferChannel: no present fence for frame 2776
11-14 22:18:19.477 30243 30572 W CCodecBufferChannel: no present fence for frame 2777
11-14 22:18:19.507 30243 30572 W CCodecBufferChannel: no present fence for frame 2778
11-14 22:18:19.712 30243 30572 W CCodecBufferChannel: no present fence for frame 2779
11-14 22:18:19.712 30243 30572 W CCodecBufferChannel: no present fence for frame 2780
11-14 22:18:19.712 30243 30572 W CCodecBufferChannel: no present fence for frame 2781
11-14 22:18:19.712 30243 30572 W CCodecBufferChannel: no present fence for frame 2782
11-14 22:18:19.712 30243 30572 W CCodecBufferChannel: no present fence for frame 2783
11-14 22:18:20.130 30671 30671 I trusty_metricsd: starting trusty_metricsd
11-14 22:18:20.130 30671 30671 I trusty_metricsd: trusty dev: /dev/trusty-ipc-dev0
11-14 22:18:20.133 30671 30671 E libtrusty: tipc_connect: can't connect to tipc service "com.android.trusty.metrics" (err=107)
11-14 22:18:20.133 30671 30671 E trusty_metricsd: failed to open TrustyMetricsPixel: failed to connect to Trusty metrics TA: Transport endpoint is not connected
11-14 22:18:20.133 30671 30671 E trusty_metricsd: failed to open Trusty metrics client
11-14 22:18:20.164 30672 30672 I flags_health_check: ServerConfigurableFlagsReset reset_mode value: 1
11-14 22:18:20.164 30672 30672 I flags_health_check: ServerConfigurableFlagsReset updatable crashing detected, resetting flags.
11-14 22:18:20.185 936 936 I WifiHAL : Creating message to get link statistics; iface = 47
11-14 22:18:20.227 30243 30572 W CCodecBufferChannel: no present fence for frame 2784
11-14 22:18:20.227 30243 30572 W CCodecBufferChannel: no present fence for frame 2785
11-14 22:18:20.285 936 936 I WifiHAL : In GetLinkStatsCommand::handleResponse
11-14 22:18:20.289 936 936 E IPCThreadState: binder thread pool (1 threads) starved for 104 ms
11-14 22:18:20.324 1472 1871 D ConnectivityService: NetReassign [no changes] [c 1] [a 0] [i 2]
11-14 22:18:20.696 30243 30572 D BufferPoolAccessor2.0: bufferpool2 0xb4000070f4271738 : 5(36700160 size) total buffers - 1(7340032 size) used buffers - 3586/3591 (recycle/alloc) - 74/3571 (fetch/transfer)
11-14 22:18:20.699 30243 30572 W CCodecBufferChannel: no present fence for frame 2786
11-14 22:18:20.699 30243 30572 W CCodecBufferChannel: no present fence for frame 2787
11-14 22:18:20.860 30243 30572 W CCodecBufferChannel: no present fence for frame 2788
11-14 22:18:20.891 30243 30572 W CCodecBufferChannel: no present fence for frame 2789
11-14 22:18:20.921 30243 30572 W CCodecBufferChannel: no present fence for frame 2790
11-14 22:18:20.962 30243 30572 W CCodecBufferChannel: no present fence for frame 2791
11-14 22:18:20.992 30243 30572 W CCodecBufferChannel: no present fence for frame 2792
11-14 22:18:21.022 30243 30572 W CCodecBufferChannel: no present fence for frame 2793
11-14 22:18:21.064 30243 30572 W CCodecBufferChannel: no present fence for frame 2794
11-14 22:18:21.094 30243 30572 W CCodecBufferChannel: no present fence for frame 2795
11-14 22:18:21.226 30243 30572 W CCodecBufferChannel: no present fence for frame 2796
11-14 22:18:21.226 30243 30572 W CCodecBufferChannel: no present fence for frame 2797
11-14 22:18:21.226 30243 30572 W CCodecBufferChannel: no present fence for frame 2798
11-14 22:18:21.226 30243 30572 W CCodecBufferChannel: no present fence for frame 2799
11-14 22:18:21.290 30243 30572 W CCodecBufferChannel: no present fence for frame 2800
11-14 22:18:21.392 30243 30572 W CCodecBufferChannel: no present fence for frame 2801
11-14 22:18:21.465 30243 30572 W CCodecBufferChannel: no present fence for frame 2802
11-14 22:18:21.493 30243 30572 W CCodecBufferChannel: no present fence for frame 2803
11-14 22:18:21.523 30243 30572 W CCodecBufferChannel: no present fence for frame 2804
11-14 22:18:21.563 30243 30572 W CCodecBufferChannel: no present fence for frame 2805
11-14 22:18:21.594 30243 30572 W CCodecBufferChannel: no present fence for frame 2806
11-14 22:18:21.625 30243 30572 W CCodecBufferChannel: no present fence for frame 2807
11-14 22:18:21.664 30243 30572 W CCodecBufferChannel: no present fence for frame 2808
11-14 22:18:21.698 30243 30572 W CCodecBufferChannel: no present fence for frame 2809
11-14 22:18:21.725 30243 30572 W CCodecBufferChannel: no present fence for frame 2810
11-14 22:18:21.756 30243 30572 W CCodecBufferChannel: no present fence for frame 2811
11-14 22:18:21.797 30243 30572 W CCodecBufferChannel: no present fence for frame 2812
11-14 22:18:21.828 30243 30572 W CCodecBufferChannel: no present fence for frame 2813
11-14 22:18:21.858 30243 30572 W CCodecBufferChannel: no present fence for frame 2814
11-14 22:18:21.858 30243 30572 W CCodecBufferChannel: no present fence for frame 2815
11-14 22:18:21.899 30243 30572 W CCodecBufferChannel: no present fence for frame 2816
11-14 22:18:21.930 30243 30572 W CCodecBufferChannel: no present fence for frame 2817
11-14 22:18:21.961 30243 30572 W CCodecBufferChannel: no present fence for frame 2818
11-14 22:18:21.991 30243 30572 W CCodecBufferChannel: no present fence for frame 2819
11-14 22:18:22.022 30243 30572 W CCodecBufferChannel: no present fence for frame 2820
11-14 22:18:22.064 30243 30572 W CCodecBufferChannel: no present fence for frame 2821
11-14 22:18:22.094 30243 30572 W CCodecBufferChannel: no present fence for frame 2822
11-14 22:18:22.126 30243 30572 W CCodecBufferChannel: no present fence for frame 2823
11-14 22:18:22.156 30243 30572 W CCodecBufferChannel: no present fence for frame 2824
11-14 22:18:22.196 30243 30572 W CCodecBufferChannel: no present fence for frame 2825
11-14 22:18:22.227 30243 30572 W CCodecBufferChannel: no present fence for frame 2826
11-14 22:18:22.260 30243 30572 W CCodecBufferChannel: no present fence for frame 2827
11-14 22:18:22.291 30243 30572 W CCodecBufferChannel: no present fence for frame 2828
11-14 22:18:22.332 30243 30572 W CCodecBufferChannel: no present fence for frame 2829
11-14 22:18:22.364 30243 30572 W CCodecBufferChannel: no present fence for frame 2830
11-14 22:18:22.392 30243 30572 W CCodecBufferChannel: no present fence for frame 2831
11-14 22:18:22.422 30243 30572 W CCodecBufferChannel: no present fence for frame 2832
11-14 22:18:22.462 30243 30572 W CCodecBufferChannel: no present fence for frame 2833
11-14 22:18:22.493 30243 30572 W CCodecBufferChannel: no present fence for frame 2834
11-14 22:18:22.523 30243 30572 W CCodecBufferChannel: no present fence for frame 2835
11-14 22:18:22.564 30243 30572 W CCodecBufferChannel: no present fence for frame 2836
11-14 22:18:22.595 30243 30572 W CCodecBufferChannel: no present fence for frame 2837
11-14 22:18:22.624 30243 30572 W CCodecBufferChannel: no present fence for frame 2838
11-14 22:18:22.666 30243 30572 W CCodecBufferChannel: no present fence for frame 2839
11-14 22:18:22.696 30243 30572 W CCodecBufferChannel: no present fence for frame 2840
11-14 22:18:22.726 30243 30572 W CCodecBufferChannel: no present fence for frame 2841
11-14 22:18:22.757 30243 30572 W CCodecBufferChannel: no present fence for frame 2842
11-14 22:18:22.798 30243 30572 W CCodecBufferChannel: no present fence for frame 2843
11-14 22:18:22.830 30243 30572 W CCodecBufferChannel: no present fence for frame 2844
11-14 22:18:22.862 30243 30572 W CCodecBufferChannel: no present fence for frame 2845
11-14 22:18:22.890 30243 30572 W CCodecBufferChannel: no present fence for frame 2846
11-14 22:18:22.932 30243 30572 W CCodecBufferChannel: no present fence for frame 2847
11-14 22:18:22.992 30243 30572 W CCodecBufferChannel: no present fence for frame 2848
11-14 22:18:22.992 30243 30572 W CCodecBufferChannel: no present fence for frame 2849
11-14 22:18:23.033 30243 30572 W CCodecBufferChannel: no present fence for frame 2850
11-14 22:18:23.064 30243 30572 W CCodecBufferChannel: no present fence for frame 2851
11-14 22:18:23.095 30243 30572 W CCodecBufferChannel: no present fence for frame 2852
11-14 22:18:23.166 30243 30572 W CCodecBufferChannel: no present fence for frame 2853
11-14 22:18:23.227 30243 30572 W CCodecBufferChannel: no present fence for frame 2854
11-14 22:18:23.227 30243 30572 W CCodecBufferChannel: no present fence for frame 2855
11-14 22:18:23.391 30243 30572 W CCodecBufferChannel: no present fence for frame 2856
11-14 22:18:23.391 30243 30572 W CCodecBufferChannel: no present fence for frame 2857
11-14 22:18:23.391 30243 30572 W CCodecBufferChannel: no present fence for frame 2858
11-14 22:18:23.391 30243 30572 W CCodecBufferChannel: no present fence for frame 2859
11-14 22:18:23.565 30243 30572 W CCodecBufferChannel: no present fence for frame 2860
11-14 22:18:23.595 30243 30572 W CCodecBufferChannel: no present fence for frame 2861
11-14 22:18:23.625 30243 30572 W CCodecBufferChannel: no present fence for frame 2862
11-14 22:18:23.667 30243 30572 W CCodecBufferChannel: no present fence for frame 2863
11-14 22:18:23.700 30243 30572 W CCodecBufferChannel: no present fence for frame 2864
11-14 22:18:23.729 30243 30572 W CCodecBufferChannel: no present fence for frame 2865
11-14 22:18:23.759 30243 30572 W CCodecBufferChannel: no present fence for frame 2866
11-14 22:18:23.799 30243 30572 W CCodecBufferChannel: no present fence for frame 2867
11-14 22:18:23.829 30243 30572 W CCodecBufferChannel: no present fence for frame 2868
11-14 22:18:24.166 30243 30572 W CCodecBufferChannel: no present fence for frame 2869
11-14 22:18:24.166 30243 30572 W CCodecBufferChannel: no present fence for frame 2870
11-14 22:18:24.166 30243 30572 W CCodecBufferChannel: no present fence for frame 2871
11-14 22:18:24.166 30243 30572 W CCodecBufferChannel: no present fence for frame 2872
11-14 22:18:24.166 30243 30572 W CCodecBufferChannel: no present fence for frame 2873
11-14 22:18:24.368 30243 30572 W CCodecBufferChannel: no present fence for frame 2874
11-14 22:18:24.368 30243 30572 W CCodecBufferChannel: no present fence for frame 2875
11-14 22:18:24.381 923 30584 W C2BqBuffer: last successful dequeue was 90299 us ago, 8 consecutive failures
11-14 22:18:24.398 30243 30572 W CCodecBufferChannel: no present fence for frame 2876
11-14 22:18:24.429 30243 30572 W CCodecBufferChannel: no present fence for frame 2877
11-14 22:18:24.532 30243 30572 W CCodecBufferChannel: no present fence for frame 2878
11-14 22:18:24.596 30243 30572 W CCodecBufferChannel: no present fence for frame 2879
11-14 22:18:24.596 30243 30572 W CCodecBufferChannel: no present fence for frame 2880
11-14 22:18:24.728 30243 30572 W CCodecBufferChannel: no present fence for frame 2881
11-14 22:18:24.933 30243 30572 W CCodecBufferChannel: no present fence for frame 2882
11-14 22:18:24.933 30243 30572 W CCodecBufferChannel: no present fence for frame 2883
11-14 22:18:24.933 30243 30572 W CCodecBufferChannel: no present fence for frame 2884
11-14 22:18:25.095 30243 30572 W CCodecBufferChannel: no present fence for frame 2885
11-14 22:18:25.126 30243 30572 W CCodecBufferChannel: no present fence for frame 2886
11-14 22:18:25.134 30673 30673 I trusty_metricsd: starting trusty_metricsd
11-14 22:18:25.134 30673 30673 I trusty_metricsd: trusty dev: /dev/trusty-ipc-dev0
11-14 22:18:25.137 30673 30673 E libtrusty: tipc_connect: can't connect to tipc service "com.android.trusty.metrics" (err=107)
11-14 22:18:25.137 30673 30673 E trusty_metricsd: failed to open TrustyMetricsPixel: failed to connect to Trusty metrics TA: Transport endpoint is not connected
11-14 22:18:25.137 30673 30673 E trusty_metricsd: failed to open Trusty metrics client
11-14 22:18:25.167 30243 30572 W CCodecBufferChannel: no present fence for frame 2887
11-14 22:18:25.168 30674 30674 I flags_health_check: ServerConfigurableFlagsReset reset_mode value: 1
11-14 22:18:25.168 30674 30674 I flags_health_check: ServerConfigurableFlagsReset updatable crashing detected, resetting flags.
11-14 22:18:25.197 30243 30572 W CCodecBufferChannel: no present fence for frame 2888
11-14 22:18:25.227 30243 30572 W CCodecBufferChannel: no present fence for frame 2889
11-14 22:18:25.267 30243 30572 W CCodecBufferChannel: no present fence for frame 2890
11-14 22:18:25.298 30243 30572 W CCodecBufferChannel: no present fence for frame 2891
11-14 22:18:25.306 18397 19889 I PhenotypeProcessReaper: Memory state is: 100
11-14 22:18:25.329 30243 30572 W CCodecBufferChannel: no present fence for frame 2892
11-14 22:18:25.369 30243 30572 W CCodecBufferChannel: no present fence for frame 2893
11-14 22:18:25.401 30243 30572 W CCodecBufferChannel: no present fence for frame 2894
11-14 22:18:25.430 30243 30572 W CCodecBufferChannel: no present fence for frame 2895
11-14 22:18:25.461 30243 30572 W CCodecBufferChannel: no present fence for frame 2896
11-14 22:18:25.482 923 30574 I ExynosC2H264DecComponent: [doQueue] input detects EOS flag !!
11-14 22:18:25.482 923 30581 D ExynosVideoDecoder: MFC_Decoder_Enqueue_Inbuf: EMPTY DATA
11-14 22:18:25.489 923 30583 I ExynosVideoCodecDec-H264Dec: [dstDequeue] DPB has reached EOS
11-14 22:18:25.490 923 30574 I ExynosC2H264DecComponent: [onUpdateC2Work] output detects EOS !!
11-14 22:18:25.503 30243 30572 W CCodecBufferChannel: no present fence for frame 2897
11-14 22:18:25.596 30243 30572 W CCodecBufferChannel: no present fence for frame 2898
11-14 22:18:25.596 30243 30572 W CCodecBufferChannel: no present fence for frame 2899
11-14 22:18:25.596 30243 30572 W CCodecBufferChannel: no present fence for frame 2900
11-14 22:18:25.729 30243 30572 W CCodecBufferChannel: no present fence for frame 2901
11-14 22:18:25.729 30243 30572 W CCodecBufferChannel: no present fence for frame 2902
11-14 22:18:25.756 1472 1688 I DisplayDeviceRepository: Display device changed: DisplayDeviceInfo{"Built-in Screen": uniqueId="local:4619827677550801152", 1080 x 2400, modeId 1, renderFrameRate 60.0, defaultModeId 1, supportedModes [{id=1, width=1080, height=2400, fps=60.0, alternativeRefreshRates=[], supportedHdrTypes=[2, 3, 4]}], colorMode 0, supportedColorModes [0, 7, 9], hdrCapabilities HdrCapabilities{mSupportedHdrTypes=[2, 3, 4], mMaxLuminance=800.0, mMaxAverageLuminance=120.0, mMinLuminance=5.0E-4}, allmSupported false, gameContentTypeSupported false, density 420, 428.625 x 429.295 dpi, appVsyncOff 6233334, presDeadline 11500000, cutout DisplayCutout{insets=Rect(0, 132 - 0, 0) waterfall=Insets{left=0, top=0, right=0, bottom=0} boundingRect={Bounds=[Rect(0, 0 - 0, 0), Rect(480, 0 - 625, 132), Rect(0, 0 - 0, 0), Rect(0, 0 - 0, 0)]} cutoutPathParserInfo={CutoutPathParserInfo{displayWidth=1080 displayHeight=2400 physicalDisplayWidth=1080 physicalDisplayHeight=2400 density={2.625} cutoutSpec={M 507,66 a 33,33 0 1 0 66,0 33,33 0 1 0 -66,0 Z @left} rotation={0} scale={1.0} physicalPixelDisplaySizeRatio={1.0}}}}, touch INTERNAL, rotation 0, type INTERNAL, address {port=0, model=0x401ceccbbbeef1}, deviceProductInfo DeviceProductInfo{name=Common Panel, manufacturerPnpId=GGL, productId=0, modelYear=null, manufactureDate=ManufactureDate{week=1, year=1990}, connectionToSinkType=0}, state ON, committedState ON, frameRateOverride , brightnessMinimum 0.0, brightnessMaximum 1.0, brightnessDefault 0.17293233, hdrSdrRatio 1.0, roundedCorners RoundedCorners{[RoundedCorner{position=TopLeft, radius=47, center=Point(47, 47)}, RoundedCorner{position=TopRight, radius=47, center=Point(1033, 47)}, RoundedCorner{position=BottomRight, radius=48, center=Point(1032, 2352)}, RoundedCorner{position=BottomLeft, radius=48, center=Point(48, 2352)}]}, FLAG_ALLOWED_TO_BE_DEFAULT_DISPLAY, FLAG_ROTATES_WITH_CONTENT, FLAG_SECURE, FLAG_SUPPORTS_PROTECTED_BUFFERS, FLAG_TRUSTED, installOrientation 0, displayShape DisplayShape{ spec=903784421 displayWidth=1080 displayHeight=2400 physicalPixelDisplaySizeRatio=1.0 rotation=0 offsetX=0 offsetY=0 scale=1.0}}
11-14 22:18:25.760 1472 1688 D DisplayManagerService: Ignore redundant display event 0/2 to 10292/30368
11-14 22:18:26.131 30243 30572 W CCodecBufferChannel: no present fence for frame 2903
11-14 22:18:26.132 30243 30572 W CCodecBufferChannel: no present fence for frame 2904
11-14 22:18:26.323 936 936 I WifiHAL : Creating message to get link statistics; iface = 47
11-14 22:18:26.377 936 936 I WifiHAL : In GetLinkStatsCommand::handleResponse
11-14 22:18:26.410 1942 1942 D StatusBarIconController: ignoring old pipeline callback because the new wifi icon is enabled
11-14 22:18:26.415 1472 1871 D ConnectivityService: NetReassign [no changes] [c 0] [a 1] [i 2]
11-14 22:18:26.626 30243 30572 W CCodecBufferChannel: no present fence for frame 2905
11-14 22:18:26.626 30243 30572 W CCodecBufferChannel: no present fence for frame 2906
11-14 22:18:26.914 30243 30569 I Surface : Surface::setFrameRate is deprecated, setFrameRate hint is dropped as destination is not SurfaceFlinger
11-14 22:18:26.919 30243 30569 D MediaCodec: keep callback message for reclaim
11-14 22:18:26.920 30243 30572 I CCodecConfig: query failed after returning 15 values (BAD_INDEX)
11-14 22:18:26.921 30243 30572 W Codec2Client: query -- param skipped: index = 1073743886.
11-14 22:18:26.921 30243 30572 W Codec2Client: query -- param skipped: index = 1610614798.
11-14 22:18:26.922 30243 30572 D BufferPoolAccessor2.0: bufferpool2 0xb4000070f4271738 : 5(36700160 size) total buffers - 1(7340032 size) used buffers - 3800/3805 (recycle/alloc) - 76/3783 (fetch/transfer)
11-14 22:18:26.940 3703 5916 D MediaProvider: Open with FUSE. FilePath: /storage/emulated/0/QTBUG-107883-quickcontrols-texteditor-qt660.mp4. Uid: 10192. Media Capabilities Uid: 0. ShouldRedact: false. ShouldTranscode: false
11-14 22:18:26.957 923 30574 I ExynosC2H264DecComponent: [updateC2Buffer_ColorAspects] HDR :: color aspects(r:2, p:0x1, t:0x3, m:0x1)
11-14 22:18:26.957 30243 30521 D CCodecBufferChannel: [c2.exynos.h264.decoder#302] Ignoring stale input buffer done callback: last flush index = 3785, frameIndex = 3785
11-14 22:18:26.969 30243 30569 I Surface : Surface::setFrameRate is deprecated, setFrameRate hint is dropped as destination is not SurfaceFlinger
11-14 22:18:27.167 30243 30572 W CCodecBufferChannel: no present fence for frame 2909
11-14 22:18:27.311 30243 30572 W CCodecBufferChannel: no present fence for frame 2910
11-14 22:18:27.660 30243 30572 W CCodecBufferChannel: no present fence for frame 2911
11-14 22:18:27.817 30243 30572 W CCodecBufferChannel: no present fence for frame 2912
11-14 22:18:28.166 30243 30572 W CCodecBufferChannel: no present fence for frame 2913
11-14 22:18:28.315 30243 30572 W CCodecBufferChannel: no present fence for frame 2914
11-14 22:18:28.662 30243 30572 W CCodecBufferChannel: no present fence for frame 2915
11-14 22:18:28.819 30243 30572 W CCodecBufferChannel: no present fence for frame 2916
11-14 22:18:28.964 30243 30572 W CCodecBufferChannel: no present fence for frame 2917
11-14 22:18:29.167 30243 30572 W CCodecBufferChannel: no present fence for frame 2918
11-14 22:18:29.167 30243 30572 W CCodecBufferChannel: no present fence for frame 2919
11-14 22:18:29.167 30243 30572 W CCodecBufferChannel: no present fence for frame 2920
11-14 22:18:29.167 30243 30572 W CCodecBufferChannel: no present fence for frame 2921
11-14 22:18:29.167 30243 30572 W CCodecBufferChannel: no present fence for frame 2922
11-14 22:18:29.167 30243 30572 W CCodecBufferChannel: no present fence for frame 2923
11-14 22:18:29.167 30243 30572 W CCodecBufferChannel: no present fence for frame 2924
11-14 22:18:29.311 30243 30572 W CCodecBufferChannel: no present fence for frame 2925
11-14 22:18:29.664 30243 30572 W CCodecBufferChannel: no present fence for frame 2926
11-14 22:18:29.820 30243 30572 W CCodecBufferChannel: no present fence for frame 2927
11-14 22:18:30.157 30676 30676 I trusty_metricsd: starting trusty_metricsd
11-14 22:18:30.158 30676 30676 I trusty_metricsd: trusty dev: /dev/trusty-ipc-dev0
11-14 22:18:30.162 30676 30676 E libtrusty: tipc_connect: can't connect to tipc service "com.android.trusty.metrics" (err=107)
11-14 22:18:30.162 30676 30676 E trusty_metricsd: failed to open TrustyMetricsPixel: failed to connect to Trusty metrics TA: Transport endpoint is not connected
11-14 22:18:30.162 30676 30676 E trusty_metricsd: failed to open Trusty metrics client
11-14 22:18:30.171 30243 30572 W CCodecBufferChannel: no present fence for frame 2928
11-14 22:18:30.183 30677 30677 I flags_health_check: ServerConfigurableFlagsReset reset_mode value: 1
11-14 22:18:30.183 30677 30677 I flags_health_check: ServerConfigurableFlagsReset updatable crashing detected, resetting flags.
11-14 22:18:30.313 30243 30572 W CCodecBufferChannel: no present fence for frame 2929
11-14 22:18:30.541 30243 30572 W CCodecBufferChannel: no present fence for frame 2930
11-14 22:18:30.541 30243 30572 W CCodecBufferChannel: no present fence for frame 2931
11-14 22:18:30.541 30243 30572 W CCodecBufferChannel: no present fence for frame 2932
11-14 22:18:30.599 30243 30572 W CCodecBufferChannel: no present fence for frame 2933
11-14 22:18:30.599 30243 30572 W CCodecBufferChannel: no present fence for frame 2934
11-14 22:18:30.732 30243 30572 W CCodecBufferChannel: no present fence for frame 2935
11-14 22:18:30.805 30243 30572 W CCodecBufferChannel: no present fence for frame 2936
11-14 22:18:30.805 30243 30572 W CCodecBufferChannel: no present fence for frame 2937
11-14 22:18:30.805 30243 30572 W CCodecBufferChannel: no present fence for frame 2938
11-14 22:18:31.317 30243 30572 W CCodecBufferChannel: no present fence for frame 2939
11-14 22:18:31.317 30243 30572 W CCodecBufferChannel: no present fence for frame 2940
11-14 22:18:31.317 30243 30572 W CCodecBufferChannel: no present fence for frame 2941
11-14 22:18:31.317 30243 30572 W CCodecBufferChannel: no present fence for frame 2942
11-14 22:18:31.583 30243 30572 W CCodecBufferChannel: no present fence for frame 2943
11-14 22:18:31.611 1472 1688 I DisplayDeviceRepository: Display device changed: DisplayDeviceInfo{"Built-in Screen": uniqueId="local:4619827677550801152", 1080 x 2400, modeId 1, renderFrameRate 30.0, defaultModeId 1, supportedModes [{id=1, width=1080, height=2400, fps=60.0, alternativeRefreshRates=[], supportedHdrTypes=[2, 3, 4]}], colorMode 0, supportedColorModes [0, 7, 9], hdrCapabilities HdrCapabilities{mSupportedHdrTypes=[2, 3, 4], mMaxLuminance=800.0, mMaxAverageLuminance=120.0, mMinLuminance=5.0E-4}, allmSupported false, gameContentTypeSupported false, density 420, 428.625 x 429.295 dpi, appVsyncOff 6233334, presDeadline 11500000, cutout DisplayCutout{insets=Rect(0, 132 - 0, 0) waterfall=Insets{left=0, top=0, right=0, bottom=0} boundingRect={Bounds=[Rect(0, 0 - 0, 0), Rect(480, 0 - 625, 132), Rect(0, 0 - 0, 0), Rect(0, 0 - 0, 0)]} cutoutPathParserInfo={CutoutPathParserInfo{displayWidth=1080 displayHeight=2400 physicalDisplayWidth=1080 physicalDisplayHeight=2400 density={2.625} cutoutSpec={M 507,66 a 33,33 0 1 0 66,0 33,33 0 1 0 -66,0 Z @left} rotation={0} scale={1.0} physicalPixelDisplaySizeRatio={1.0}}}}, touch INTERNAL, rotation 0, type INTERNAL, address {port=0, model=0x401ceccbbbeef1}, deviceProductInfo DeviceProductInfo{name=Common Panel, manufacturerPnpId=GGL, productId=0, modelYear=null, manufactureDate=ManufactureDate{week=1, year=1990}, connectionToSinkType=0}, state ON, committedState ON, frameRateOverride , brightnessMinimum 0.0, brightnessMaximum 1.0, brightnessDefault 0.17293233, hdrSdrRatio 1.0, roundedCorners RoundedCorners{[RoundedCorner{position=TopLeft, radius=47, center=Point(47, 47)}, RoundedCorner{position=TopRight, radius=47, center=Point(1033, 47)}, RoundedCorner{position=BottomRight, radius=48, center=Point(1032, 2352)}, RoundedCorner{position=BottomLeft, radius=48, center=Point(48, 2352)}]}, FLAG_ALLOWED_TO_BE_DEFAULT_DISPLAY, FLAG_ROTATES_WITH_CONTENT, FLAG_SECURE, FLAG_SUPPORTS_PROTECTED_BUFFERS, FLAG_TRUSTED, installOrientation 0, displayShape DisplayShape{ spec=903784421 displayWidth=1080 displayHeight=2400 physicalPixelDisplaySizeRatio=1.0 rotation=0 offsetX=0 offsetY=0 scale=1.0}}
11-14 22:18:31.616 1472 1688 D DisplayManagerService: Ignore redundant display event 0/2 to 10292/30368
11-14 22:18:31.754 30243 30572 W CCodecBufferChannel: no present fence for frame 2944
11-14 22:18:31.754 30243 30572 W CCodecBufferChannel: no present fence for frame 2945
11-14 22:18:31.784 30243 30572 W CCodecBufferChannel: no present fence for frame 2946
11-14 22:18:31.784 30243 30572 W CCodecBufferChannel: no present fence for frame 2947
11-14 22:18:31.823 30243 30572 W CCodecBufferChannel: no present fence for frame 2948
11-14 22:18:31.853 30243 30572 W CCodecBufferChannel: no present fence for frame 2949
11-14 22:18:31.884 30243 30572 W CCodecBufferChannel: no present fence for frame 2950
11-14 22:18:31.924 30243 30572 W CCodecBufferChannel: no present fence for frame 2951
11-14 22:18:31.955 30243 30572 W CCodecBufferChannel: no present fence for frame 2952
11-14 22:18:31.985 30243 30572 W CCodecBufferChannel: no present fence for frame 2953
11-14 22:18:32.027 30243 30572 W CCodecBufferChannel: no present fence for frame 2954
11-14 22:18:32.056 30243 30572 W CCodecBufferChannel: no present fence for frame 2955
11-14 22:18:32.086 30243 30572 W CCodecBufferChannel: no present fence for frame 2956
11-14 22:18:32.289 30243 30572 W CCodecBufferChannel: no present fence for frame 2957
11-14 22:18:32.289 30243 30572 W CCodecBufferChannel: no present fence for frame 2958
11-14 22:18:32.289 30243 30572 W CCodecBufferChannel: no present fence for frame 2959
11-14 22:18:32.289 30243 30572 W CCodecBufferChannel: no present fence for frame 2960
11-14 22:18:32.289 30243 30572 W CCodecBufferChannel: no present fence for frame 2961
11-14 22:18:32.416 936 936 I WifiHAL : Creating message to get link statistics; iface = 47
11-14 22:18:32.523 936 936 I WifiHAL : In GetLinkStatsCommand::handleResponse
11-14 22:18:32.528 936 936 E IPCThreadState: binder thread pool (1 threads) starved for 112 ms
11-14 22:18:32.558 1942 1942 D StatusBarIconController: ignoring old pipeline callback because the new wifi icon is enabled
11-14 22:18:32.566 1472 1871 D ConnectivityService: NetReassign [no changes] [c 1] [a 0] [i 3]
11-14 22:18:32.812 30243 30572 W CCodecBufferChannel: no present fence for frame 2962
11-14 22:18:32.812 30243 30572 W CCodecBufferChannel: no present fence for frame 2963
11-14 22:18:33.275 30243 30572 W CCodecBufferChannel: no present fence for frame 2964
11-14 22:18:33.275 30243 30572 W CCodecBufferChannel: no present fence for frame 2965
11-14 22:18:33.276 30243 30572 D BufferPoolAccessor2.0: bufferpool2 0xb4000070f4271738 : 5(36700160 size) total buffers - 1(7340032 size) used buffers - 3879/3884 (recycle/alloc) - 81/3862 (fetch/transfer)
11-14 22:18:33.296 1472 1688 I DisplayDeviceRepository: Display device changed: DisplayDeviceInfo{"Built-in Screen": uniqueId="local:4619827677550801152", 1080 x 2400, modeId 1, renderFrameRate 60.0, defaultModeId 1, supportedModes [{id=1, width=1080, height=2400, fps=60.0, alternativeRefreshRates=[], supportedHdrTypes=[2, 3, 4]}], colorMode 0, supportedColorModes [0, 7, 9], hdrCapabilities HdrCapabilities{mSupportedHdrTypes=[2, 3, 4], mMaxLuminance=800.0, mMaxAverageLuminance=120.0, mMinLuminance=5.0E-4}, allmSupported false, gameContentTypeSupported false, density 420, 428.625 x 429.295 dpi, appVsyncOff 6233334, presDeadline 11500000, cutout DisplayCutout{insets=Rect(0, 132 - 0, 0) waterfall=Insets{left=0, top=0, right=0, bottom=0} boundingRect={Bounds=[Rect(0, 0 - 0, 0), Rect(480, 0 - 625, 132), Rect(0, 0 - 0, 0), Rect(0, 0 - 0, 0)]} cutoutPathParserInfo={CutoutPathParserInfo{displayWidth=1080 displayHeight=2400 physicalDisplayWidth=1080 physicalDisplayHeight=2400 density={2.625} cutoutSpec={M 507,66 a 33,33 0 1 0 66,0 33,33 0 1 0 -66,0 Z @left} rotation={0} scale={1.0} physicalPixelDisplaySizeRatio={1.0}}}}, touch INTERNAL, rotation 0, type INTERNAL, address {port=0, model=0x401ceccbbbeef1}, deviceProductInfo DeviceProductInfo{name=Common Panel, manufacturerPnpId=GGL, productId=0, modelYear=null, manufactureDate=ManufactureDate{week=1, year=1990}, connectionToSinkType=0}, state ON, committedState ON, frameRateOverride , brightnessMinimum 0.0, brightnessMaximum 1.0, brightnessDefault 0.17293233, hdrSdrRatio 1.0, roundedCorners RoundedCorners{[RoundedCorner{position=TopLeft, radius=47, center=Point(47, 47)}, RoundedCorner{position=TopRight, radius=47, center=Point(1033, 47)}, RoundedCorner{position=BottomRight, radius=48, center=Point(1032, 2352)}, RoundedCorner{position=BottomLeft, radius=48, center=Point(48, 2352)}]}, FLAG_ALLOWED_TO_BE_DEFAULT_DISPLAY, FLAG_ROTATES_WITH_CONTENT, FLAG_SECURE, FLAG_SUPPORTS_PROTECTED_BUFFERS, FLAG_TRUSTED, installOrientation 0, displayShape DisplayShape{ spec=903784421 displayWidth=1080 displayHeight=2400 physicalPixelDisplaySizeRatio=1.0 rotation=0 offsetX=0 offsetY=0 scale=1.0}}
11-14 22:18:33.299 1472 1688 D DisplayManagerService: Ignore redundant display event 0/2 to 10292/30368
11-14 22:18:33.438 30243 30572 W CCodecBufferChannel: no present fence for frame 2966
11-14 22:18:33.466 30243 30572 W CCodecBufferChannel: no present fence for frame 2967
11-14 22:18:33.516 30243 30572 W CCodecBufferChannel: no present fence for frame 2968
11-14 22:18:33.536 30243 30572 W CCodecBufferChannel: no present fence for frame 2969
11-14 22:18:33.556 30243 30572 W CCodecBufferChannel: no present fence for frame 2970
11-14 22:18:33.567 30243 30572 W CCodecBufferChannel: no present fence for frame 2971
11-14 22:18:33.595 30243 30572 W CCodecBufferChannel: no present fence for frame 2972
11-14 22:18:33.606 30243 30572 W CCodecBufferChannel: no present fence for frame 2973
11-14 22:18:33.616 30243 30572 W CCodecBufferChannel: no present fence for frame 2974
11-14 22:18:33.636 30243 30572 W CCodecBufferChannel: no present fence for frame 2975
11-14 22:18:33.657 30243 30572 W CCodecBufferChannel: no present fence for frame 2976
11-14 22:18:33.670 30243 30572 W CCodecBufferChannel: no present fence for frame 2977
11-14 22:18:33.802 30243 30572 W CCodecBufferChannel: no present fence for frame 2978
11-14 22:18:33.802 30243 30572 W CCodecBufferChannel: no present fence for frame 2979
11-14 22:18:33.802 30243 30572 W CCodecBufferChannel: no present fence for frame 2980
11-14 22:18:33.802 30243 30572 W CCodecBufferChannel: no present fence for frame 2981
11-14 22:18:33.802 30243 30572 W CCodecBufferChannel: no present fence for frame 2982
11-14 22:18:33.802 30243 30572 W CCodecBufferChannel: no present fence for frame 2983
11-14 22:18:33.802 30243 30572 W CCodecBufferChannel: no present fence for frame 2984
11-14 22:18:33.802 30243 30572 W CCodecBufferChannel: no present fence for frame 2985
11-14 22:18:33.822 30243 30572 W CCodecBufferChannel: no present fence for frame 2986
11-14 22:18:33.955 30243 30572 W CCodecBufferChannel: no present fence for frame 2987
11-14 22:18:33.966 30243 30572 W CCodecBufferChannel: no present fence for frame 2988
11-14 22:18:34.036 30243 30572 W CCodecBufferChannel: no present fence for frame 2989
11-14 22:18:34.057 30243 30572 W CCodecBufferChannel: no present fence for frame 2990
11-14 22:18:34.068 30243 30572 W CCodecBufferChannel: no present fence for frame 2991
11-14 22:18:34.106 30243 30572 W CCodecBufferChannel: no present fence for frame 2992
