11-14 22:15:22.121 30368 30434 E qt.core.jni.threadcheck: : JNI Environment mismatch - probably accessing this Java object from the wrong thread!
11-14 22:15:22.121 30368 30434 E qt.core.jni.threadcheck: : JNI threading error when calling object of type "org/qtproject/qt/android/QtActivityDelegate" from thread QSGRenderThread(0xb400007144218b30)
11-14 22:15:22.157 2391 2391 W FrameTracker: Missing HWUI jank callback for vsyncId: 969684, CUJ=J
11-14 22:15:22.160 30368 30434 E gralloc4: ERROR: Format allocation info not found for format: 3b
11-14 22:15:22.160 30368 30434 E gralloc4: ERROR: Format allocation info not found for format: 0
11-14 22:15:22.160 30368 30434 E gralloc4: Invalid base format! req_base_format = ( 0x0), req_format = ( 0x3b), type = 0x0
11-14 22:15:22.160 30368 30434 E gralloc4: ERROR: Unrecognized and/or unsupported format ( 0x3b) and usage (CPU_READ_NEVER|CPU_WRITE_NEVER|GPU_TEXTURE|GPU_RENDER_TARGET|COMPOSER_OVERLAY 0xb00)
11-14 22:15:22.161 30368 30434 E gralloc4: ERROR: Format allocation info not found for format: 3b
11-14 22:15:22.161 30368 30434 E gralloc4: ERROR: Format allocation info not found for format: 0
11-14 22:15:22.161 30368 30434 E gralloc4: Invalid base format! req_base_format = ( 0x0), req_format = ( 0x3b), type = 0x0
11-14 22:15:22.161 30368 30434 E gralloc4: ERROR: Unrecognized and/or unsupported format ( 0x3b) and usage (CPU_READ_NEVER|CPU_WRITE_NEVER|GPU_TEXTURE|GPU_RENDER_TARGET|COMPOSER_OVERLAY 0xb00)
11-14 22:15:22.167 612 656 E SurfaceFlinger: getDisplayStats: Invalid physical display token 0x0
11-14 22:15:22.213 30368 30368 I ImeTracker: org.qtproject.example.vulkanunderqmlapp:28c17d4c: onRequestHide at ORIGIN_CLIENT_HIDE_SOFT_INPUT reason HIDE_SOFT_INPUT
11-14 22:15:22.214 30368 30368 I ImeTracker: org.qtproject.example.vulkanunderqmlapp:28c17d4c: onFailed at PHASE_CLIENT_VIEW_SERVED
11-14 22:15:22.271 1472 3338 D CoreBackPreview: Window{88c83eb u0 Splash Screen org.qtproject.example.vulkanunderqmlapp EXITING}: Setting back callback null
11-14 22:15:22.271 1472 2129 W InputManager-JNI: Input channel object '88c83eb Splash Screen org.qtproject.example.vulkanunderqmlapp (client)' was disposed without first being removed with the input manager!
11-14 22:15:22.538 866 2551 I bthal.activity: UpdateLeAdvStat: start: 22:15:15:359 - end: 22:15:22:538 duration: 7178 le_adv_count: 12
11-14 22:15:22.916 1127 1127 D AOC : A3:MSG: lsm6dsr_device.cc, 745: USF: Lsm6dsrDevice: Sensor 4: Enabled 0, odr_index 0.
11-14 22:15:22.916 1127 1127 D AOC : A3:MSG: lsm6dsr_fifo.cc, 750: USF: Lsm6dsrFifo: ODR: XL/G/T/TS: 52/208/13/26 WM: 5 Intr: 60.
11-14 22:15:22.918 1127 1127 D AOC : A3:MSG: lsm6dsr_device.cc, 653: USF: Lsm6dsrDevice: Fifo was disabled for 236817ns.
11-14 22:15:22.918 1127 1127 D AOC : A3:MSG: usf_sensor.cc, 1481: USF: Received stop sampling request for LSM6DSR Stationary Detect.
11-14 22:15:22.918 1127 1127 D AOC : A3:MSG: usf_sensor.cc, 1933: USF: Sampling configuration 12532 not found.
11-14 22:15:22.918 1127 1127 D AOC : A3:MSG: usf_sensor_client.cc, 158: USF: Received kErrNotFound when disabling one shot sensor.
11-14 22:15:22.918 1127 1127 D AOC : A3:MSG: usf_sensor.cc, 1474: USF: Received start sampling request for LSM6DSR Motion Detect.
11-14 22:15:22.919 1127 1127 D AOC : A3:MSG: usf_sensor.cc, 1474: USF: Received start sampling request for LSM6DSR Motion Detect.
11-14 22:15:22.919 1127 1127 D AOC : A3:MSG: usf_sensor.cc, 1481: USF: Received stop sampling request for LSM6DSR Stationary Detect.
11-14 22:15:22.919 1127 1127 D AOC : A3:MSG: usf_sensor.cc, 1933: USF: Sampling configuration 12535 not found.
11-14 22:15:23.115 1127 1127 D AOC : A3:MSG: usf_sensor.cc, 1981: USF: Received reconfig sampling request for LSM6DSR Gyroscope.
11-14 22:15:23.116 1127 1127 D AOC : A3:MSG: lsm6dsr_device.cc, 745: USF: Lsm6dsrDevice: Sensor 1: Enabled 1, odr_index 3.
11-14 22:15:23.116 1127 1127 D AOC : A3:MSG: lsm6dsr_fifo.cc, 750: USF: Lsm6dsrFifo: ODR: XL/G/T/TS: 52/52/13/6 WM: 2 Intr: 52.
11-14 22:15:23.116 1127 1127 D AOC : A3:MSG: lsm6dsr_device.cc, 653: USF: Lsm6dsrDevice: Fifo was disabled for 347412ns.
11-14 22:15:23.119 1127 1127 D AOC : A3:MSG: usf_sensor.cc, 1981: USF: Received reconfig sampling request for MMC56X3X Magnetometer.
11-14 22:15:23.119 1127 1127 D AOC : A3:MSG: mmc56x3x_device.cc, 409: USF: MMC56X3X0: mmc56x3x_enable_measure odr = 10.
11-14 22:15:24.091 1128 1349 I CHRE : @ 1910467.532: [Capo] Count NOT Validate in-motion sample2var=0.001059 (#sample 25)
11-14 22:15:24.107 1128 1349 I CHRE : @ 1910467.557: [AR] still: 48.235294
11-14 22:15:24.107 1128 1349 I CHRE : @ 1910467.558: [Capo] Count NOT Validate in-motion sample2var=0.008599 (#sample 25)
11-14 22:15:24.107 1128 1349 I CHRE : @ 1910467.558: [Capo] Count NOT Validate in-motion sample2var=0.000185 (#sample 25)
11-14 22:15:24.107 1128 1349 I CHRE : @ 1910467.558: [Capo] Count NOT Validate in-motion sample2var=0.000244 (#sample 25)
11-14 22:15:24.107 1128 1349 I CHRE : @ 1910467.558: [Capo] Count NOT Validate in-motion sample2var=0.000266 (#sample 25)
11-14 22:15:24.107 1128 1349 D CHRE : @ 1910467.559: [ActivityPlatform] type 4, confidence 48
11-14 22:15:24.190 936 936 I WifiHAL : Creating message to get link statistics; iface = 47
11-14 22:15:24.294 936 936 I WifiHAL : In GetLinkStatsCommand::handleResponse
11-14 22:15:24.294 936 936 E IPCThreadState: binder thread pool (1 threads) starved for 104 ms
11-14 22:15:24.305 1472 1807 D ActivityManager: freezing 18662 com.google.process.gapps
11-14 22:15:24.326 1472 1871 D ConnectivityService: NetReassign [no changes] [c 1] [a 0] [i 0]
11-14 22:15:24.356 1942 3398 I ndroid.systemui: Explicit concurrent copying GC freed 367932(15MB) AllocSpace objects, 2(152KB) LOS objects, 75% free, 15MB/62MB, paused 53us,49us total 75.359ms
11-14 22:15:24.374 1942 1956 W System : A resource failed to call release.
11-14 22:15:24.376 1942 1956 W System : A resource failed to call release.
11-14 22:15:24.378 1942 1956 W System : A resource failed to call release.
11-14 22:15:24.378 1942 1956 W System : A resource failed to call release.
11-14 22:15:24.378 1942 1956 W System : A resource failed to call release.
11-14 22:15:24.381 1942 1956 W System : A resource failed to call release.
11-14 22:15:24.381 1942 1956 W System : A resource failed to call release.
11-14 22:15:24.439 1942 3398 I ndroid.systemui: Explicit concurrent copying GC freed 9543(427KB) AllocSpace objects, 0(0B) LOS objects, 75% free, 15MB/60MB, paused 47us,160us total 55.367ms
11-14 22:15:24.778 30447 30447 I trusty_metricsd: starting trusty_metricsd
11-14 22:15:24.778 30447 30447 I trusty_metricsd: trusty dev: /dev/trusty-ipc-dev0
11-14 22:15:24.781 30447 30447 E libtrusty: tipc_connect: can't connect to tipc service "com.android.trusty.metrics" (err=107)
11-14 22:15:24.781 30447 30447 E trusty_metricsd: failed to open TrustyMetricsPixel: failed to connect to Trusty metrics TA: Transport endpoint is not connected
11-14 22:15:24.781 30447 30447 E trusty_metricsd: failed to open Trusty metrics client
11-14 22:15:24.799 30448 30448 I flags_health_check: ServerConfigurableFlagsReset reset_mode value: 1
11-14 22:15:24.799 30448 30448 I flags_health_check: ServerConfigurableFlagsReset updatable crashing detected, resetting flags.
11-14 22:15:24.806 1127 1127 D AOC : F1:MSG: controller.cc, 273: AudioOutCtrl: cmd ID: 0x00c9, tag: 0x3a [cntr = 728]
11-14 22:15:24.806 1127 1127 D AOC : F1:MSG: controller.cc, 811: AudioOutCtrl: ipc: audio_output_co, cmd ID: 0x00c9, tag: 0x3a, rc: 0
11-14 22:15:24.807 864 1884 D audio_hw: shutdown: low-latency-playback
11-14 22:15:24.807 864 1884 E audio_route: unable to find path 'speaker-post'
11-14 22:15:24.807 864 1884 D audio_hw_aoc_route: speaker-post 0
11-14 22:15:24.808 1127 1127 D AOC : F1:MSG: controller.cc, 273: AudioOutCtrl: cmd ID: 0x010f, tag: 0x3b [cntr = 729]
11-14 22:15:24.808 864 1884 D audio_hw_aoc_route: low-latency-playbackP 0
11-14 22:15:24.808 1127 1127 D AOC : F1:Unregistered Source 1 from Sink 0
11-14 22:15:24.808 864 1884 W audio_hw_35l41: cs35l41_amp_common_event: ret: 0, event: 3, state: 3, device: 4
11-14 22:15:24.808 1127 1127 D AOC : F1:AT Map:0 (LL:0), 0 EPs active, Power: Yes, Config: No
11-14 22:15:24.808 1127 1127 D AOC : F1:Mixer 0 configuration changed: (0)
11-14 22:15:24.808 1127 1127 D AOC : F1:Sink 0 Configuration changed: ULL (disabled)
11-14 22:15:24.808 1127 1127 D AOC : F1:MSG: controller.cc, 811: AudioOutCtrl: ipc: audio_output_co, cmd ID: 0x010f, tag: 0x3b, rc: 0
11-14 22:15:24.808 1127 1127 D AOC : H0:Mixer AMixSPKR: 480 samples (0000/0000) (OFF SC)
11-14 22:15:24.808 1127 1127 D AOC : H0:Mixer configuration updated
11-14 22:15:24.812 864 1884 D audio_hw_aoc_route: speaker 0
11-14 22:15:24.813 864 1884 W audio_hw_35l41: cs35l41_amp_common_event: ret: 0, event: 4, state: 2, device: 4
11-14 22:15:24.813 864 1884 D audio_hw_soundtrigger: st_comm_aud_event_monitor:codec dev:4 inactive
11-14 22:15:24.813 864 1884 D audio_hw_soundtrigger: st_uc_monitor:uc:low-latency-playback inactive
11-14 22:15:24.813 864 1884 I audio_hw_aoc: Mode Ambient is already selected
11-14 22:15:24.813 864 1884 D audio_hw_waves: waves_usecase_event: low-latency-playback stop
11-14 22:15:24.814 1472 1807 D ActivityManager: freezing 19235 com.google.android.gms.unstable
11-14 22:15:24.999 1128 1349 I CHRE : @ 1910468.450: [ip] Peak detected: magnitude = 0.163100 hpa, duration = 80.000001 ms
11-14 22:15:24.999 889 901 D ContextHubHal: Got message from nanoapp: ID 0x476f6f676c001022
11-14 22:15:24.999 1441 1450 I CapoDetector: handleNanoappMessage, Id 5147455389092024354, type 3, size 8
11-14 22:15:24.999 1441 1450 I CapoDetector: handleNanoappMessage, Id 5147455389092024354, type 3, size 8
11-14 22:15:24.999 905 1681 I suez-nanoapp-clients: Barometric peak detected: magnitude = 0.163100 hPa (bucket: 4), duration = 80.000000 ms (bucket: 7).
11-14 22:15:25.000 889 901 D ContextHubHal: Got message from nanoapp: ID 0x476f6f676c001022
11-14 22:15:25.000 1472 1902 E ContextHubClientManager: Cannot send message to unregistered client (host endpoint ID = -28638)
11-14 22:15:25.000 1472 1902 E ContextHubClientManager: Cannot send message to unregistered client (host endpoint ID = -28638)
11-14 22:15:25.000 905 1681 I suez-nanoapp-clients: Vendor atom [id = 100047] reported.
11-14 22:15:25.001 905 1681 I suez-nanoapp-clients: Barometric peak detected: magnitude = 0.118756 hPa (bucket: 3), duration = 80.000000 ms (bucket: 7).
11-14 22:15:25.001 905 1681 I suez-nanoapp-clients: Vendor atom [id = 100047] reported.
11-14 22:15:25.001 1128 1349 I CHRE : @ 1910468.452: [ip] Peak detected: magnitude = 0.118756 hpa, duration = 80.000001 ms
11-14 22:15:25.401 923 30040 D BufferPoolAccessor2.0: bufferpool2 0xb400006f7f74b0f8 : 5(19441280 size) total buffers - 5(19441280 size) used buffers - 1093/1101 (recycle/alloc) - 11/1095 (fetch/transfer)
11-14 22:15:26.276 18370 18603 I NearbySharing: FastInitiation warming period has ended [CONTEXT service_id=194 ]
11-14 22:15:27.158 923 30033 I ExynosC2H264EncComponent: [onUpdateC2Work] got SYNC FRAME
11-14 22:15:27.281 1128 1349 I CHRE : @ 1910470.732: [Capo] Count NOT Validate in-motion sample2var=0.000255 (#sample 25)
11-14 22:15:27.281 1128 1349 I CHRE : @ 1910470.732: [Capo] Count NOT Validate in-motion sample2var=0.000172 (#sample 25)
11-14 22:15:27.281 1128 1349 I CHRE : @ 1910470.732: [Capo] Count NOT Validate in-motion sample2var=0.000192 (#sample 25)
11-14 22:15:27.281 1128 1349 I CHRE : @ 1910470.733: [Capo] MD nanoapp declared stationary at = 1910470732941406
11-14 22:15:27.281 1128 1349 I CHRE : @ 1910470.733: [Capo] PositionDetector mode change from 2 --> 1
11-14 22:15:27.281 1128 1349 I CHRE : @ 1910470.733: [Capo] Update onTable position event: 2, z_axis=9.796407 (#sample 25)
11-14 22:15:27.281 1128 1349 D CHRE : @ 1910470.733: [ActivityPlatform] type 4, confidence 51
11-14 22:15:29.742 595 30336 I keystore2: system/security/keystore2/src/watchdog.rs:319 - Watchdog thread idle -> terminating. Have a great day.
11-14 22:15:29.774 30449 30449 I trusty_metricsd: starting trusty_metricsd
11-14 22:15:29.775 30449 30449 I trusty_metricsd: trusty dev: /dev/trusty-ipc-dev0
11-14 22:15:29.779 30449 30449 E libtrusty: tipc_connect: can't connect to tipc service "com.android.trusty.metrics" (err=107)
11-14 22:15:29.779 30449 30449 E trusty_metricsd: failed to open TrustyMetricsPixel: failed to connect to Trusty metrics TA: Transport endpoint is not connected
11-14 22:15:29.779 30449 30449 E trusty_metricsd: failed to open Trusty metrics client
11-14 22:15:29.817 30450 30450 I flags_health_check: ServerConfigurableFlagsReset reset_mode value: 1
11-14 22:15:29.817 30450 30450 I flags_health_check: ServerConfigurableFlagsReset updatable crashing detected, resetting flags.
11-14 22:15:29.902 18370 18370 D BoundBrokerSvc: onUnbind: Intent { act=com.google.android.gms.clearcut.bootcount.service.START dat=chimera-action:/... cmp=com.google.android.gms/.chimera.PersistentBoundBrokerService }
11-14 22:15:30.330 936 936 I WifiHAL : Creating message to get link statistics; iface = 47
11-14 22:15:30.429 936 936 I WifiHAL : In GetLinkStatsCommand::handleResponse
11-14 22:15:30.455 1128 1349 D CHRE : @ 1910473.907: [ActivityPlatform] type 4, confidence 52
11-14 22:15:30.470 1472 1871 D ConnectivityService: NetReassign [no changes] [c 0] [a 0] [i 2]
11-14 22:15:30.477 923 30040 D BufferPoolAccessor2.0: bufferpool2 0xb400006f7f74b0f8 : 5(19441280 size) total buffers - 5(19441280 size) used buffers - 1397/1405 (recycle/alloc) - 11/1399 (fetch/transfer)
11-14 22:15:30.508 1441 1441 W android.hardwar: type=1400 audit(0.0:9992): avc: denied { read } for name="vibe_state" dev="sysfs" ino=101840 scontext=u:r:hal_vibrator_default:s0 tcontext=u:object_r:sysfs:s0 tclass=file permissive=0 bug=b/264483668
11-14 22:15:30.508 1441 1441 W android.hardwar: type=1400 audit(0.0:9993): avc: denied { read } for name="vibe_state" dev="sysfs" ino=101840 scontext=u:r:hal_vibrator_default:s0 tcontext=u:object_r:sysfs:s0 tclass=file permissive=0 bug=b/264483668
11-14 22:15:30.513 1441 30451 E Vibrator: Failed to poll default/vibe_state (9): Bad file descriptor
11-14 22:15:30.513 1441 30451 W Vibrator: Failed to get state "Haptic"
11-14 22:15:30.513 1441 30451 E Vibrator: Failed to poll default/vibe_state (9): Bad file descriptor
11-14 22:15:30.513 1441 30451 D Vibrator: waitForComplete: Vibrator is already off
11-14 22:15:30.513 1441 30451 E Vibrator: Failed to read default/num_waves (9): Bad file descriptor
11-14 22:15:30.517 864 1884 D audio_hw_output_stream: update stream 1 active 1 gain 0.036208
11-14 22:15:30.517 864 2809 D audio_hw: prepare low-latency-playback
11-14 22:15:30.517 864 2809 D audio_hw_soundtrigger: st_uc_monitor:uc:low-latency-playback active
11-14 22:15:30.517 864 2809 D audio_hw: low-latency-playback:
11-14 22:15:30.517 864 2809 D audio_hw: rx:
11-14 22:15:30.517 864 2809 D audio_hw: #0: OUT_SPEAKER_BE_CFG 0
11-14 22:15:30.517 864 2809 W audio_hw_35l41: cs35l41_amp_common_event: ret: 0, event: 1, state: 2, device: 4
11-14 22:15:30.517 864 2809 D audio_route: Apply path: speaker
11-14 22:15:30.525 864 2809 D audio_hw_aoc_route: speaker 1
11-14 22:15:30.525 864 2809 D audio_route: Apply path: hostless-ulC spk-vi
11-14 22:15:30.527 864 2809 W audio_hw_35l41: cs35l41_amp_common_event: ret: 0, event: 2, state: 3, device: 4
11-14 22:15:30.527 864 2809 D audio_hw_soundtrigger: st_comm_aud_event_monitor:codec dev:4 active
11-14 22:15:30.527 864 2809 I audio_hw_aoc: Mode Ambient is already selected
11-14 22:15:30.527 864 2809 D audio_route: Apply path: low-latency-playbackP
11-14 22:15:30.527 864 2809 D audio_hw_aoc_route: low-latency-playbackP 1
11-14 22:15:30.527 864 2809 E audio_route: unable to find path 'speaker-post'
11-14 22:15:30.527 864 2809 D audio_hw_aoc_route: speaker-post 1
11-14 22:15:30.529 864 2809 D audio_hw_waves: waves_usecase_event: low-latency-playback start
11-14 22:15:30.529 864 2809 D audio_hw_waves: update_sink_info_from_usecases: sink 1 VOL/Stream update 0.000000(4294967295) -> 0.036208(1)
11-14 22:15:30.529 1127 1127 D AOC : F1:MSG: controller.cc, 273: AudioOutCtrl: cmd ID: 0x010f, tag: 0x3c [cntr = 730]
11-14 22:15:30.529 1127 1127 D AOC : F1:Source 1 mastered by sink 0
11-14 22:15:30.529 1127 1127 D AOC : F1:AT Map:2 (LL:0), 1 EPs active, Power: Yes, Config: No
11-14 22:15:30.529 1127 1127 D AOC : F1:Mixer 0 configuration changed: (2)
11-14 22:15:30.529 1127 1127 D AOC : F1:Sink 0 Configuration changed: ULL (enabled)
11-14 22:15:30.529 1127 1127 D AOC : F1:AHWSinkSPKR started: 48 samples (32-bit,2 ch,48 kHz) block 384
11-14 22:15:30.531 1127 1127 D AOC : F1:[AHWSinkSPKR] DL resync B: 0, A:0. wo: 0, target offset: 1632 (align 0) -> ro:0
11-14 22:15:30.531 1127 1127 D AOC : F1:MSG: controller.cc, 811: AudioOutCtrl: ipc: audio_output_co, cmd ID: 0x010f, tag: 0x3c, rc: 0
11-14 22:15:30.531 1127 1127 D AOC : F1:Speaker Started (DualDMA on 1 and 2)
11-14 22:15:30.531 1127 1127 D AOC : F1:[AHWSinkSPKR] mix overrun by 3840
11-14 22:15:30.531 1127 1127 D AOC : F1:MSG: controller.cc, 273: AudioOutCtrl: cmd ID: 0x00ce, tag: 0x3d [cntr = 731]
11-14 22:15:30.531 1127 1127 D AOC : F1:MSG: controller.cc, 811: AudioOutCtrl: ipc: audio_output_co, cmd ID: 0x0120, tag: 0x54, rc: 0
11-14 22:15:30.531 1127 1127 D AOC : H0:Mixer AMixSPKR: 480 samples (0002/0002) (ON SC)
11-14 22:15:30.531 1127 1127 D AOC : H0: 1: 0x403ea9e0
11-14 22:15:30.531 1127 1127 D AOC : H0:AMixSPKR PostProcessing Config: WAVES
11-14 22:15:30.531 1127 1127 D AOC : H0:Mixer configuration updated
11-14 22:15:30.531 1127 1127 D AOC : H0:Mixer state changed
11-14 22:15:30.531 864 2809 D audio_hw_waves: send_waves_tuning: instance_id = 1, tuning_id = 2
11-14 22:15:30.531 864 2809 D audio_hw_aoc: aoc_send_rtc_mixer_tuning: block_id = 16, comp_id = 2
11-14 22:15:30.532 1127 1127 D AOC : F1:MSG: controller.cc, 273: AudioOutCtrl: cmd ID: 0x00d5, tag: 0xa8 [cntr = 732]
11-14 22:15:30.534 1127 1127 D AOC : F1:MSG: controller.cc, 811: AudioOutCtrl: ipc: audio_output_tu, cmd ID: 0x00d5, tag: 0xb7, rc: 0
11-14 22:15:30.534 1127 1127 D AOC : H0:MSG: controller.cc, 811: AudOutCtrlH0: ipc: C-AO-H0, cmd ID: 0x00d5, tag: 0xb7, rc: 0
11-14 22:15:30.539 1127 1127 D AOC : F1:MSG: controller.cc, 273: AudioOutCtrl: cmd ID: 0x00c9, tag: 0x3e [cntr = 733]
11-14 22:15:30.539 1127 1127 D AOC : F1:MSG: controller.cc, 811: AudioOutCtrl: ipc: audio_output_co, cmd ID: 0x00c9, tag: 0x3e, rc: 0
11-14 22:15:30.609 1827 1836 I native : I0000 00:00:1699992930.609679 1836 tf_lite_classifier.cc:400] Event stream classified as kNone
11-14 22:15:30.620 1942 1966 V WindowManagerShell: RecentsTransitionHandler.startRecentsTransition
11-14 22:15:30.620 1942 1966 V WindowManagerShell: Directly starting a new transition type=3 wct=WindowContainerTransaction { changes = {} hops = [{PendingIntent: options=Bundle[mParcelledData.dataSize=332]}] errorCallbackToken=null taskFragmentOrganizer=null } handler=com.android.wm.shell.recents.RecentsTransitionHandler@48002a0
11-14 22:15:30.626 1942 1942 I vol.VolumeDialogImpl: mDialog.dismiss() reason: volume_controller from: com.android.systemui.volume.VolumeDialogImpl$8.onDismissRequested:3
11-14 22:15:30.626 1942 1942 I vol.VolumeDialogImpl: mDialog.dismiss() reason: volume_controller from: com.android.systemui.volume.VolumeDialogImpl$8.onDismissRequested:3
11-14 22:15:30.626 1942 1942 D vol.VolumeDialogImpl: dismissH: isAnimatingDismiss
11-14 22:15:30.626 1942 1966 V WindowManagerShell: RecentsController.setTransition: id=android.os.BinderProxy@83c7f48
11-14 22:15:30.629 2391 2482 I ImeTracker: com.google.android.apps.nexuslauncher:c3c69beb: onRequestHide at ORIGIN_CLIENT_HIDE_SOFT_INPUT reason HIDE_SOFT_INPUT
11-14 22:15:30.630 1472 4944 W InputMethodManagerService: Ignoring hideSoftInput of uid 10218 : com.android.internal.inputmethod.IInputMethodClient$Stub$Proxy@6043286
11-14 22:15:30.630 1472 4944 I ImeTracker: com.google.android.apps.nexuslauncher:c3c69beb: onCancelled at PHASE_SERVER_CLIENT_FOCUSED
11-14 22:15:30.651 1472 1685 V WindowManager: Sent Transition #263 createdAt=11-14 22:15:30.621
11-14 22:15:30.651 1472 1685 V WindowManager: startWCT=WindowContainerTransaction { changes = {} hops = [{PendingIntent: options=Bundle[{android.activity.splashScreenStyle=-1, android.activity.sourceInfo=android.app.ActivityOptions$SourceInfo@884489d, android.activity.transientLaunch=true}]}] errorCallbackToken=null taskFragmentOrganizer=null }
11-14 22:15:30.651 1472 1685 V WindowManager: info={id=263 t=TO_FRONT f=0x80 r=[0@Point(0, 0)] c=[{WCT{RemoteToken{b4e2d72 Task{d91fcd9 #1 type=home}}} m=SHOW f=SHOW_WALLPAPER leash=Surface(name=Task=1)/@0x666b647 sb=Rect(0, 0 - 1080, 2400) eb=Rect(0, 0 - 1080, 2400) d=0},{WCT{RemoteToken{40462ee Task{15ac5a8 #415 type=standard A=10292:org.qtproject.example.vulkanunderqmlapp}}} m=HIDE f=NONE leash=Surface(name=Task=415)/@0x294491d sb=Rect(0, 0 - 1080, 2400) eb=Rect(0, 0 - 1080, 2400) d=0}]}
11-14 22:15:30.652 1942 1966 V WindowManagerShell: onTransitionReady android.os.BinderProxy@83c7f48: {id=263 t=TO_FRONT f=0x80 r=[0@Point(0, 0)] c=[{WCT{android.window.IWindowContainerToken$Stub$Proxy@a3a51e1} m=SHOW f=SHOW_WALLPAPER leash=Surface(name=Task=1)/@0x4cd9b06 sb=Rect(0, 0 - 1080, 2400) eb=Rect(0, 0 - 1080, 2400) d=0},{WCT{android.window.IWindowContainerToken$Stub$Proxy@d6b05c7} m=HIDE f=NONE leash=Surface(name=Task=415)/@0x13e47f4 sb=Rect(0, 0 - 1080, 2400) eb=Rect(0, 0 - 1080, 2400) d=0}]}
11-14 22:15:30.652 1942 1966 V WindowManagerShell: Playing animation for (#263)android.os.BinderProxy@83c7f48
11-14 22:15:30.652 1942 1966 V WindowManagerShell: try firstHandler com.android.wm.shell.recents.RecentsTransitionHandler@48002a0
11-14 22:15:30.652 1942 1966 V WindowManagerShell: RecentsController.start
11-14 22:15:30.653 1942 1966 V WindowManagerShell: adding pausing taskId=415
11-14 22:15:30.654 1942 1966 V WindowManagerShell: RecentsController.start: calling onAnimationStart
11-14 22:15:30.654 1942 1966 V WindowManagerShell: animated by firstHandler
11-14 22:15:30.656 1472 1830 E HandwritingModeController: Cannot get requestId: Handwriting was not initialized.
11-14 22:15:30.657 1472 1830 E HandwritingModeController: Cannot get requestId: Handwriting was not initialized.
11-14 22:15:30.658 1942 1966 V WindowManagerShell: RecentsController.setInputConsumerEnabled: set focus to recents
11-14 22:15:30.677 1472 1830 E HandwritingModeController: Cannot get requestId: Handwriting was not initialized.
11-14 22:15:30.692 612 612 I BpBinder: onLastStrongRef automatically unlinking death recipients:
11-14 22:15:30.764 864 1884 D audio_hw_output_stream: update stream 1 active 0 gain 0.000000
11-14 22:15:31.010 1942 22900 V WindowManagerShell: RecentsController.screenshotTask: taskId=415
11-14 22:15:31.025 2391 2482 I ImeTracker: com.google.android.apps.nexuslauncher:24a7e22b: onRequestHide at ORIGIN_CLIENT_HIDE_SOFT_INPUT reason HIDE_SOFT_INPUT
11-14 22:15:31.025 2391 2391 I AiAiSuggestUi: Clearing suggestions.
11-14 22:15:31.025 2391 2391 I AiAiSuggestUi: Requesting to show indicators
11-14 22:15:31.026 1472 4944 W InputMethodManagerService: Ignoring hideSoftInput of uid 10218 : com.android.internal.inputmethod.IInputMethodClient$Stub$Proxy@44eb50c
11-14 22:15:31.026 2391 2391 I AiAiSuggestUi: Fetching contents, isPrimaryTask = true
11-14 22:15:31.026 2391 4129 E OneSearchSuggestProvider: Failed to fetch suggestions from AppSearch, fallback to AGA
11-14 22:15:31.026 2391 4129 E OneSearchSuggestProvider: java.util.concurrent.CompletionException: java.util.NoSuchElementException: No value present
11-14 22:15:31.026 2391 4129 E OneSearchSuggestProvider: at java.util.concurrent.CompletableFuture.encodeThrowable(CompletableFuture.java:308)
11-14 22:15:31.026 2391 4129 E OneSearchSuggestProvider: at java.util.concurrent.CompletableFuture.completeThrowable(CompletableFuture.java:323)
11-14 22:15:31.026 2391 4129 E OneSearchSuggestProvider: at java.util.concurrent.CompletableFuture$UniAccept.tryFire(CompletableFuture.java:684)
11-14 22:15:31.026 2391 4129 E OneSearchSuggestProvider: at java.util.concurrent.CompletableFuture.postComplete(CompletableFuture.java:486)
11-14 22:15:31.026 2391 4129 E OneSearchSuggestProvider: at java.util.concurrent.CompletableFuture.completeExceptionally(CompletableFuture.java:2138)
11-14 22:15:31.026 2391 4129 E OneSearchSuggestProvider: at com.google.android.apps.nexuslauncher.allapps.A0.onResult(Unknown Source:59)
11-14 22:15:31.026 2391 4129 E OneSearchSuggestProvider: at android.app.appsearch.SearchSessionUtil$1.lambda$onResult$0(SearchSessionUtil.java:129)
11-14 22:15:31.026 2391 4129 E OneSearchSuggestProvider: at android.app.appsearch.SearchSessionUtil$1.$r8$lambda$_nlk9WiPjSfaAsqKYmp0aPvSRC0(SearchSessionUtil.java:1)
11-14 22:15:31.026 2391 4129 E OneSearchSuggestProvider: at android.app.appsearch.SearchSessionUtil$1$$ExternalSyntheticLambda0.run(R8$$SyntheticClass:13)
11-14 22:15:31.026 2391 4129 E OneSearchSuggestProvider: at android.os.Handler.handleCallback(Handler.java:958)
11-14 22:15:31.026 2391 4129 E OneSearchSuggestProvider: at android.os.Handler.dispatchMessage(Handler.java:99)
11-14 22:15:31.026 2391 4129 E OneSearchSuggestProvider: at android.os.Looper.loopOnce(Looper.java:205)
11-14 22:15:31.026 2391 4129 E OneSearchSuggestProvider: at android.os.Looper.loop(Looper.java:294)
11-14 22:15:31.026 2391 4129 E OneSearchSuggestProvider: at android.os.HandlerThread.run(HandlerThread.java:67)
11-14 22:15:31.026 2391 4129 E OneSearchSuggestProvider: Caused by: java.util.NoSuchElementException: No value present
11-14 22:15:31.026 2391 4129 E OneSearchSuggestProvider: at java.util.Optional.get(Optional.java:144)
11-14 22:15:31.026 2391 4129 E OneSearchSuggestProvider: at com.google.android.apps.nexuslauncher.allapps.A0.onResult(Unknown Source:16)
11-14 22:15:31.026 2391 4129 E OneSearchSuggestProvider: ... 8 more
11-14 22:15:31.026 1472 4944 I ImeTracker: com.google.android.apps.nexuslauncher:24a7e22b: onCancelled at PHASE_SERVER_CLIENT_FOCUSED
11-14 22:15:31.027 2391 2483 D QuickstepModelDelegate: notifyAppTargetEvent action=1 launchLocation=
11-14 22:15:31.027 2391 4129 D OneSearchSuggestProvider: Created the binder channel successfully for end point service =com.google.android.apps.search.googleapp.search.suggest.plugins.onesearch.server.OneSearchSuggestService , mChannel=z1{delegate=s1{logId=249, target=directaddress:///AndroidComponentAddress%5BIntent%20%7B%20act=grpc.io.action.BIND%20cmp=com.google.android.googlequicksearchbox/com.google.android.apps.search.googleapp.search.suggest.plugins.onesearch.server.OneSearchSuggestService%20%7D%5D}} , mOneSearchConnection=U1.T@77bc0cb
11-14 22:15:31.030 3715 3900 I AiAiEcho: Predicting[7]: { Feature:1, creation:2023-11-14T15:24:48Z, expiry:2023-11-14T16:00:00Z, isExpired: true}, { Feature:1, creation:2023-11-14T16:00:00Z, expiry:2023-11-14T17:00:00Z, isExpired: true}, { Feature:1, creation:2023-11-14T17:00:00Z, expiry:2023-11-14T18:00:00Z, isExpired: true}, { Feature:1, creation:2023-11-14T18:00:00Z, expiry:2023-11-14T19:00:00Z, isExpired: true}, { Feature:1, creation:2023-11-14T19:00:00Z, expiry:2023-11-14T20:00:00Z, isExpired: true}, { Feature:1, creation:2023-11-14T20:00:00Z, expiry:2023-11-14T21:00:00Z, isExpired: false}, { Feature:1, creation:2023-11-14T21:00:00Z, expiry:2023-11-14T21:24:48Z, isExpired: true}
11-14 22:15:31.031 3715 3900 I AiAiEcho: EchoTargets: Feature:1
11-14 22:15:31.031 3715 3900 I AiAiEcho: Filtered by AiAi flag check:
11-14 22:15:31.031 3715 3900 I AiAiEcho: Ranked targets strategy: WEIGHTED, count: 1, ranking metadata: { cardId: WEATHER-569377248, card type: 1, update time: 2023-11-14T20:00:00Z, expiration time: 2023-11-14T21:00:00Z, ranking metadata: RankingMetaData(urgency=0.934, priority=0.3, recency=1.0, rankScore=0.2802, importantTimePoints=# mta@7bca4) }
11-14 22:15:31.031 20145 20145 I dzkq : onStart
11-14 22:15:31.031 3715 3900 I AiAiEcho: #weatherTwiddler: Weather removes SubtitleSupplementalItem in surface: home
11-14 22:15:31.035 905 1405 D usf_sensor_hal: accelerometer: Enter Flush
11-14 22:15:31.036 3715 3900 I AiAiEcho: #postPredictionTargets: Sending updates to UISurface home with targets# 1 (types=[1])
11-14 22:15:31.036 1942 22900 V WindowManagerShell: RecentsController.detachNavigationBarFromApp
11-14 22:15:31.038 20145 20145 I dzkq : onResume
11-14 22:15:31.042 2391 2391 D SsBaseTemplateCard: No text view can be set up
11-14 22:15:31.043 2391 2391 D SsBaseTemplateCard: Passed-in item info is null
11-14 22:15:31.043 2391 2391 D SsBaseTemplateCard: Passed-in item info is null
11-14 22:15:31.043 2391 2391 I SsBaseTemplateCard: Secondary card pane is null
11-14 22:15:31.045 20145 20145 I ipbl : Created gRPC endpoint for service class com.google.android.apps.search.googleapp.search.suggest.plugins.onesearch.server.OneSearchSuggestService
11-14 22:15:31.119 2391 9087 I AiAiSuggestUi: Fetched content back in callback
11-14 22:15:31.119 2391 2391 I AiAiSuggestUi: Display indicators
11-14 22:15:31.119 2391 2391 I AiAiSuggestUi: Show single image indicators
11-14 22:15:31.567 864 1480 D audio_hw_35l41: cs35l41_rtlogger_data_analysis: Left/Top impedance: 100000
11-14 22:15:31.567 864 1480 D audio_hw_35l41: cs35l41_rtlogger_data_analysis: Right/Bottom impedance: 100000
11-14 22:15:31.567 864 1480 D audio_hw_35l41: cs35l41_bdlogger_data_analysis: Left/Top Max temp: 0x790ae ==> 30.260620 C
11-14 22:15:31.567 864 1480 D audio_hw_35l41: cs35l41_bdlogger_data_analysis: Left/Top Max exc: 0xd725 ==> 0.105051 mm
11-14 22:15:31.568 864 1480 D audio_hw_35l41: cs35l41_bdlogger_data_analysis: Left/Top dsp heartbeat = 0x32dd
11-14 22:15:31.568 864 1480 D audio_hw_35l41: cs35l41_bdlogger_data_analysis: Right/Bottom Max temp: 0x749aa ==> 29.151001 C
11-14 22:15:31.568 864 1480 D audio_hw_35l41: cs35l41_bdlogger_data_analysis: Right/Bottom Max exc: 0x33333 ==> 0.400000 mm
11-14 22:15:31.568 864 1480 D audio_hw_35l41: cs35l41_bdlogger_data_analysis: Right/Bottom dsp heartbeat = 0x32de
11-14 22:15:31.706 1472 1807 D ActivityManager: freezing 12005 com.google.process.gservices
11-14 22:15:31.708 1472 1807 D ActivityManager: freezing 18421 com.google.android.apps.wellbeing
11-14 22:15:31.862 1827 1836 I native : I0000 00:00:1699992931.862099 1836 tf_lite_classifier.cc:400] Event stream classified as kNone
11-14 22:15:31.879 905 1405 D usf_sensor_hal: accelerometer: Enter Batch. period = 20000000, latency = 0.
11-14 22:15:31.879 905 1405 D usf_sensor_hal: IMU temperature: Enter Batch. period = 615385000, latency = 0.
11-14 22:15:31.927 612 612 I BpBinder: onLastStrongRef automatically unlinking death recipients:
11-14 22:15:32.059 1472 1807 D ActivityManager: freezing 13655 com.android.vending
11-14 22:15:32.147 1942 1966 V WindowManagerShell: RecentsController.finishInner: toHome=true userLeaveHint=true willFinishToHome=true
11-14 22:15:32.147 1942 1966 V WindowManagerShell: normal finish
11-14 22:15:32.148 1942 1966 V WindowManagerShell: RecentsController.cleanup
11-14 22:15:32.148 2391 2391 I AiAiSuggestUi: Clearing suggestions.
11-14 22:15:32.148 1942 1966 V WindowManagerShell: Transition animation finished (aborted=false), notifying core (#263)android.os.BinderProxy@83c7f48
11-14 22:15:32.148 2391 2391 I AiAiSuggestUi: Clearing suggestions.
11-14 22:15:32.149 1472 1685 V WindowManager: Finish Transition #263: created at
11-14 22:15:30.621 collect-started=0.103ms started=0.16ms ready=5.177ms sent=29.744ms finished=1527.868ms
11-14 22:15:32.162 1942 1966 V WindowManagerShell: All active transition animations finished
11-14 22:15:32.172 1472 1688 V WindowManager: Unknown focus tokens, dropping reportFocusChanged
11-14 22:15:32.182 1472 4946 I ImeTracker: com.google.android.apps.nexuslauncher:2ac27df5: onRequestHide at ORIGIN_SERVER_HIDE_INPUT reason HIDE_UNSPECIFIED_WINDOW
11-14 22:15:32.182 1472 4946 I ImeTracker: com.google.android.apps.nexuslauncher:2ac27df5: onCancelled at PHASE_SERVER_SHOULD_HIDE
11-14 22:15:32.183 18640 18640 I GoogleInputMethodService: GoogleInputMethodService.onFinishInput():3154
11-14 22:15:32.184 18640 18640 I GoogleInputMethodService: GoogleInputMethodService.updateDeviceLockedStatus():2088 repeatCheckTimes = 0, locked = false
11-14 22:15:32.184 18640 18640 I GoogleInputMethodService: GoogleInputMethodService.onStartInput():1883 onStartInput(EditorInfo{EditorInfo{packageName=com.google.android.apps.nexuslauncher, inputType=0, inputTypeString=NULL, enableLearning=false, autoCorrection=false, autoComplete=false, imeOptions=0, privateImeOptions=null, actionName=UNSPECIFIED, actionLabel=null, initialSelStart=-1, initialSelEnd=-1, initialCapsMode=0, label=null, fieldId=0, fieldName=null, extras=null, hintText=null, hintLocales=[]}}, false)
11-14 22:15:32.184 18640 18640 I GoogleInputMethodService: GoogleInputMethodService.updateDeviceLockedStatus():2088 repeatCheckTimes = 1, locked = false
11-14 22:15:32.186 30368 30434 E BufferQueueProducer: [SurfaceView[org.qtproject.example.vulkanunderqmlapp/org.qtproject.qt.android.bindings.QtActivity]#1(BLAST Consumer)1](id:76a000000001,api:0,p:-1,c:30368) requestBuffer: BufferQueue has no connected producer
11-14 22:15:32.186 30368 30434 E Surface : dequeueBuffer: IGraphicBufferProducer::requestBuffer failed: -19
11-14 22:15:32.186 30368 30434 E BufferQueueProducer: [SurfaceView[org.qtproject.example.vulkanunderqmlapp/org.qtproject.qt.android.bindings.QtActivity]#1(BLAST Consumer)1](id:76a000000001,api:0,p:-1,c:30368) cancelBuffer: BufferQueue has no connected producer
11-14 22:15:32.186 30368 30434 E vulkan : dequeueBuffer failed: No such device (-19)
11-14 22:15:32.187 30368 30434 W libvulkanunderqmlapp_arm64-v8a.so: Failed to acquire next swapchain image: -1000000000
11-14 22:15:32.187 30368 30434 W libvulkanunderqmlapp_arm64-v8a.so: Failed to start frame
11-14 22:15:32.194 30368 30434 E BufferQueueProducer: [SurfaceView[org.qtproject.example.vulkanunderqmlapp/org.qtproject.qt.android.bindings.QtActivity]#1(BLAST Consumer)1](id:76a000000001,api:0,p:-1,c:30368) dequeueBuffer: BufferQueue has no connected producer
11-14 22:15:32.194 30368 30434 E vulkan : dequeueBuffer failed: No such device (-19)
11-14 22:15:32.194 30368 30434 W libvulkanunderqmlapp_arm64-v8a.so: Failed to acquire next swapchain image: -1000000000
11-14 22:15:32.194 30368 30434 W libvulkanunderqmlapp_arm64-v8a.so: Failed to start frame
11-14 22:15:32.207 30368 30434 E BufferQueueProducer: [SurfaceView[org.qtproject.example.vulkanunderqmlapp/org.qtproject.qt.android.bindings.QtActivity]#1(BLAST Consumer)1](id:76a000000001,api:0,p:-1,c:30368) dequeueBuffer: BufferQueue has been abandoned
11-14 22:15:32.207 30368 30434 E vulkan : dequeueBuffer failed: No such device (-19)
11-14 22:15:32.207 30368 30434 W libvulkanunderqmlapp_arm64-v8a.so: Failed to acquire next swapchain image: -1000000000
11-14 22:15:32.207 30368 30434 W libvulkanunderqmlapp_arm64-v8a.so: Failed to start frame
11-14 22:15:33.354 1827 1836 I native : I0000 00:00:1699992933.353493 1836 tf_lite_classifier.cc:400] Event stream classified as kNone
11-14 22:15:33.364 1472 4784 D CompatibilityChangeReporter: Compat change id reported: 161252188; UID 10192; state: DISABLED
11-14 22:15:33.365 1472 4784 D CompatibilityChangeReporter: Compat change id reported: 265464455; UID 10192; state: DISABLED
11-14 22:15:33.365 1472 4784 D CompatibilityChangeReporter: Compat change id reported: 265452344; UID 10192; state: DISABLED
11-14 22:15:33.365 1472 4784 D CompatibilityChangeReporter: Compat change id reported: 266124927; UID 10192; state: DISABLED
11-14 22:15:33.365 1472 4784 D CompatibilityChangeReporter: Compat change id reported: 265451093; UID 10192; state: DISABLED
11-14 22:15:33.365 1472 4784 D CompatibilityChangeReporter: Compat change id reported: 265456536; UID 10192; state: DISABLED
11-14 22:15:33.365 1472 4784 D CompatibilityChangeReporter: Compat change id reported: 255940284; UID 10192; state: DISABLED
11-14 22:15:33.365 1472 4784 D CompatibilityChangeReporter: Compat change id reported: 236283604; UID 10192; state: DISABLED
11-14 22:15:33.366 1472 4784 D CompatibilityChangeReporter: Compat change id reported: 263959004; UID 10192; state: DISABLED
11-14 22:15:33.366 1472 4784 D CompatibilityChangeReporter: Compat change id reported: 264304459; UID 10192; state: DISABLED
11-14 22:15:33.366 1472 4784 D CompatibilityChangeReporter: Compat change id reported: 264301586; UID 10192; state: DISABLED
11-14 22:15:33.366 1472 4784 D CompatibilityChangeReporter: Compat change id reported: 254631730; UID 10192; state: DISABLED
11-14 22:15:33.366 1472 4784 D CompatibilityChangeReporter: Compat change id reported: 273509367; UID 10192; state: DISABLED
11-14 22:15:33.366 1472 4784 D CompatibilityChangeReporter: Compat change id reported: 263259275; UID 10192; state: DISABLED
11-14 22:15:33.366 1472 4784 D CompatibilityChangeReporter: Compat change id reported: 194480991; UID 10192; state: ENABLED
11-14 22:15:33.367 1472 4784 D CompatibilityChangeReporter: Compat change id reported: 174042980; UID 10192; state: DISABLED
11-14 22:15:33.369 1472 4784 D CompatibilityChangeReporter: Compat change id reported: 184838306; UID 10192; state: DISABLED
11-14 22:15:33.369 1472 4784 D CompatibilityChangeReporter: Compat change id reported: 185004937; UID 10192; state: DISABLED
11-14 22:15:33.369 1472 4784 D CompatibilityChangeReporter: Compat change id reported: 181136395; UID 10192; state: DISABLED
11-14 22:15:33.370 1472 4784 D CompatibilityChangeReporter: Compat change id reported: 174042936; UID 10192; state: DISABLED
11-14 22:15:33.370 1472 4784 D CompatibilityChangeReporter: Compat change id reported: 197654537; UID 10192; state: ENABLED
11-14 22:15:33.371 1472 4784 D CompatibilityChangeReporter: Compat change id reported: 205907456; UID 10192; state: ENABLED
11-14 22:15:33.372 1472 4784 D CompatibilityChangeReporter: Compat change id reported: 194833441; UID 10192; state: ENABLED
11-14 22:15:33.372 1472 4784 I ActivityTaskManager: START u0 {act=android.intent.action.MAIN cat=[android.intent.category.LAUNCHER] flg=0x10200000 cmp=com.google.android.apps.photos/.home.HomeActivity bnds=[561,1483][771,1755]} with LAUNCH_SINGLE_TOP from uid 10218 (BAL_ALLOW_ALLOWLISTED_COMPONENT) result code=0
11-14 22:15:33.372 1942 1966 V WindowManagerShell: Transition requested: android.os.BinderProxy@7083763 TransitionRequestInfo { type = OPEN, triggerTask = TaskInfo{userId=0 taskId=416 displayId=0 isRunning=true baseIntent=Intent { act=android.intent.action.MAIN cat=[android.intent.category.LAUNCHER] flg=0x10200000 cmp=com.google.android.apps.photos/.home.HomeActivity } baseActivity=ComponentInfo{com.google.android.apps.photos/com.google.android.apps.photos.home.HomeActivity} topActivity=ComponentInfo{com.google.android.apps.photos/com.google.android.apps.photos.home.HomeActivity} origActivity=null realActivity=ComponentInfo{com.google.android.apps.photos/com.google.android.apps.photos.home.HomeActivity} numActivities=1 lastActiveTime=1910483783 supportsMultiWindow=true resizeMode=2 isResizeable=true minWidth=-1 minHeight=-1 defaultMinSize=220 token=WCT{android.window.IWindowContainerToken$Stub$Proxy@8f1ef60} topActivityType=1 pictureInPictureParams=null shouldDockBigOverlays=false launchIntoPipHostTaskId=-1 lastParentTaskIdBeforePip=-1 displayCutoutSafeInsets=Rect(0, 132 - 0, 0) topActivityInfo=ActivityInfo{a325c19 com.google.android.apps.photos.home.HomeActivity} launchCookies=[android.os.BinderProxy@3d704de] positionInParent=Point(0, 0) parentTaskId=-1 isFocused=false isVisible=false isSleeping=false topActivityInSizeCompat=false topActivityEligibleForLetterboxEducation= false topActivityLetterboxed= false isFromDoubleTap= false topActivityLetterboxVerticalPosition= -1 topActivityLetterboxHorizontalPosition= -1 topActivityLetterboxWidth=-1 topActivityLetterboxHeight=-1 locusId=null displayAreaFeatureId=1 cameraCompatControlState=hidden}, remoteTransition = RemoteTransition { remoteTransition = android.window.IRemoteTransition$Stub$Proxy@7bce6bf, appThread = android.app.IApplicationThread$Stub$Proxy@76a18c, debugName = QuickstepLaunch }, displayChange = null }
11-14 22:15:33.372 1942 1966 E RecentsTransitionHandler: RecentsTransitionHandler.handleRequest: Unexpected transition request
11-14 22:15:33.372 1942 1966 V WindowManagerShell: RemoteTransition directly requested for android.os.BinderProxy@7083763: RemoteTransition { remoteTransition = android.window.IRemoteTransition$Stub$Proxy@7bce6bf, appThread = android.app.IApplicationThread$Stub$Proxy@76a18c, debugName = QuickstepLaunch }
11-14 22:15:33.373 2391 2483 D QuickstepModelDelegate: notifyAppTargetEvent action=1 launchLocation=workspace/0/[2,4]/[1,1]
11-14 22:15:33.374 864 1884 D audio_hw_output_stream: update stream 1 active 1 gain 0.036208
11-14 22:15:33.376 1472 4784 D ActivityManager: quick sync unfreeze 30243
11-14 22:15:33.379 1472 1688 D ActivityManager: sync unfroze 30243 com.google.android.apps.photos
11-14 22:15:33.386 1472 2129 D CompatibilityChangeReporter: Compat change id reported: 168419799; UID 10192; state: DISABLED
11-14 22:15:33.386 1472 2129 D CompatibilityChangeReporter: Compat change id reported: 273564678; UID 10192; state: DISABLED
11-14 22:15:33.387 30243 30461 D vulkan : searching for layers in '/data/app/~~DxHETD2OZmsUYEs804jB-A==/com.google.android.apps.photos-6_2Q2FQL293cUr2KV0lzBA==/lib/arm64'
11-14 22:15:33.388 30243 30461 D vulkan : searching for layers in '/data/app/~~DxHETD2OZmsUYEs804jB-A==/com.google.android.apps.photos-6_2Q2FQL293cUr2KV0lzBA==/base.apk!/lib/arm64-v8a'
11-14 22:15:33.388 30243 30461 D vulkan : searching for layers in '/data/app/~~DxHETD2OZmsUYEs804jB-A==/com.google.android.apps.photos-6_2Q2FQL293cUr2KV0lzBA==/split_config.en.apk!/lib/arm64-v8a'
11-14 22:15:33.388 30243 30461 D vulkan : searching for layers in '/data/app/~~DxHETD2OZmsUYEs804jB-A==/com.google.android.apps.photos-6_2Q2FQL293cUr2KV0lzBA==/split_config.ja.apk!/lib/arm64-v8a'
11-14 22:15:33.388 30243 30461 D vulkan : searching for layers in '/data/app/~~DxHETD2OZmsUYEs804jB-A==/com.google.android.apps.photos-6_2Q2FQL293cUr2KV0lzBA==/split_config.xxhdpi.apk!/lib/arm64-v8a'
11-14 22:15:33.389 30243 30461 I DMABUFHEAPS: Using DMA-BUF heap named: vframe-secure
11-14 22:15:33.392 30243 30461 I vulkan : CreateInfoWrapper::FilterExtension: already have 'VK_KHR_external_fence_fd'.
11-14 22:15:33.397 1472 4784 D CoreBackPreview: Window{c953527 u0 Splash Screen com.google.android.apps.photos}: Setting back callback OnBackInvokedCallbackInfo{mCallback=android.window.IOnBackInvokedCallback$Stub$Proxy@eb23940, mPriority=0}
11-14 22:15:33.404 1472 1685 V WindowManager: Sent Transition #264 createdAt=11-14 22:15:33.367 via request=TransitionRequestInfo { type = OPEN, triggerTask = TaskInfo{userId=0 taskId=416 displayId=0 isRunning=true baseIntent=Intent { act=android.intent.action.MAIN cat=[android.intent.category.LAUNCHER] flg=0x10200000 cmp=com.google.android.apps.photos/.home.HomeActivity } baseActivity=ComponentInfo{com.google.android.apps.photos/com.google.android.apps.photos.home.HomeActivity} topActivity=ComponentInfo{com.google.android.apps.photos/com.google.android.apps.photos.home.HomeActivity} origActivity=null realActivity=ComponentInfo{com.google.android.apps.photos/com.google.android.apps.photos.home.HomeActivity} numActivities=1 lastActiveTime=1910483783 supportsMultiWindow=true resizeMode=2 isResizeable=true minWidth=-1 minHeight=-1 defaultMinSize=220 token=WCT{RemoteToken{151a21f Task{f28ef4b #416 type=standard A=10192:com.google.android.apps.photos}}} topActivityType=1 pictureInPictureParams=null shouldDockBigOverlays=false launchIntoPipHostTaskId=-1 lastParentTaskIdBeforePip=-1 displayCutoutSafeInsets=Rect(0, 132 - 0, 0) topActivityInfo=ActivityInfo{221a96c com.google.android.apps.photos.home.HomeActivity} launchCookies=[android.os.BinderProxy@f7c3b35] positionInParent=Point(0, 0) parentTaskId=-1 isFocused=false isVisible=false isSleeping=false topActivityInSizeCompat=false topActivityEligibleForLetterboxEducation= false topActivityLetterboxed= false isFromDoubleTap= false topActivityLetterboxVerticalPosition= -1 topActivityLetterboxHorizontalPosition= -1 topActivityLetterboxWidth=-1 topActivityLetterboxHeight=-1 locusId=null displayAreaFeatureId=1 cameraCompatControlState=hidden}, remoteTransition = RemoteTransition { remoteTransition = android.window.IRemoteTransition$Stub$Proxy@1ed8bca, appThread = android.app.IApplicationThread$Stub$Proxy@af8413b, debugName = QuickstepLaunch }, displayChange = null }
11-14 22:15:33.404 1472 1685 V WindowManager: startWCT=WindowContainerTransaction { changes = {} hops = [] errorCallbackToken=null taskFragmentOrganizer=null }
11-14 22:15:33.404 1472 1685 V WindowManager: info={id=264 t=OPEN f=0x0 r=[0@Point(0, 0)] c=[{WCT{RemoteToken{151a21f Task{f28ef4b #416 type=standard A=10192:com.google.android.apps.photos}}} m=OPEN f=NONE leash=Surface(name=Task=416)/@0x6d41079 sb=Rect(0, 0 - 1080, 2400) eb=Rect(0, 0 - 1080, 2400) d=0},{WCT{RemoteToken{b4e2d72 Task{d91fcd9 #1 type=home}}} m=HIDE f=SHOW_WALLPAPER|TRANSLUCENT leash=Surface(name=Task=1)/@0x666b647 sb=Rect(0, 0 - 1080, 2400) eb=Rect(0, 0 - 1080, 2400) d=0}]}
11-14 22:15:33.404 1942 1966 V WindowManagerShell: onTransitionReady android.os.BinderProxy@7083763: {id=264 t=OPEN f=0x0 r=[0@Point(0, 0)] c=[{WCT{android.window.IWindowContainerToken$Stub$Proxy@86d2343} m=OPEN f=NONE leash=Surface(name=Task=416)/@0x89dc0 sb=Rect(0, 0 - 1080, 2400) eb=Rect(0, 0 - 1080, 2400) d=0},{WCT{android.window.IWindowContainerToken$Stub$Proxy@63bdaf9} m=HIDE f=SHOW_WALLPAPER|TRANSLUCENT leash=Surface(name=Task=1)/@0x9ca4a3e sb=Rect(0, 0 - 1080, 2400) eb=Rect(0, 0 - 1080, 2400) d=0}]}
11-14 22:15:33.404 1942 1966 V WindowManagerShell: Playing animation for (#264)android.os.BinderProxy@7083763
11-14 22:15:33.404 1942 1966 V WindowManagerShell: try firstHandler com.android.wm.shell.transition.DefaultMixedHandler@9baf2d2
11-14 22:15:33.404 1942 1966 V WindowManagerShell: Delegate animation for #264 to RemoteTransition { remoteTransition = android.window.IRemoteTransition$Stub$Proxy@7bce6bf, appThread = android.app.IApplicationThread$Stub$Proxy@76a18c, debugName = QuickstepLaunch }
11-14 22:15:33.404 1942 1966 V WindowManagerShell: animated by firstHandler
11-14 22:15:33.411 612 612 I BpBinder: onLastStrongRef automatically unlinking death recipients:
11-14 22:15:33.423 30243 30243 D CompatibilityChangeReporter: Compat change id reported: 237531167; UID 10192; state: DISABLED
11-14 22:15:33.429 30243 30243 W WindowOnBackDispatcher: OnBackInvokedCallback is not enabled for the application.
11-14 22:15:33.429 30243 30243 W WindowOnBackDispatcher: Set 'android:enableOnBackInvokedCallback="true"' in the application manifest.
11-14 22:15:33.431 1472 4784 D CoreBackPreview: Window{1825a5d u0 com.google.android.apps.photos/com.google.android.apps.photos.home.HomeActivity}: Setting back callback OnBackInvokedCallbackInfo{mCallback=android.window.IOnBackInvokedCallback$Stub$Proxy@58918a3, mPriority=0}
11-14 22:15:33.437 524 524 I hwservicemanager: getTransport: Cannot find entry android.hardware.graphics.allocator@4.0::IAllocator/default in either framework or device VINTF manifest.
11-14 22:15:33.450 1472 1685 I ActivityTaskManager: Displayed com.google.android.apps.photos/.home.HomeActivity for user 0: +83ms
11-14 22:15:33.452 704 704 I libperfmgr: Hint type not present in actions: CPU_LOAD_UP
11-14 22:15:33.473 1472 4944 D CompatibilityChangeReporter: Compat change id reported: 214016041; UID 10192; state: ENABLED
11-14 22:15:33.473 1472 4944 I ImeTracker: com.google.android.apps.photos:5b185775: onRequestHide at ORIGIN_SERVER_HIDE_INPUT reason HIDE_UNSPECIFIED_WINDOW
11-14 22:15:33.473 1472 4944 I ImeTracker: com.google.android.apps.photos:5b185775: onCancelled at PHASE_SERVER_SHOULD_HIDE
11-14 22:15:33.474 20145 20145 I dzkq : onPause
11-14 22:15:33.476 18640 18640 I GoogleInputMethodService: GoogleInputMethodService.onFinishInput():3154
11-14 22:15:33.476 18640 18640 I GoogleInputMethodService: GoogleInputMethodService.updateDeviceLockedStatus():2088 repeatCheckTimes = 0, locked = false
11-14 22:15:33.476 18640 18640 I GoogleInputMethodService: GoogleInputMethodService.onStartInput():1883 onStartInput(EditorInfo{EditorInfo{packageName=com.google.android.apps.photos, inputType=0, inputTypeString=NULL, enableLearning=false, autoCorrection=false, autoComplete=false, imeOptions=0, privateImeOptions=null, actionName=UNSPECIFIED, actionLabel=null, initialSelStart=-1, initialSelEnd=-1, initialCapsMode=0, label=null, fieldId=0, fieldName=null, extras=null, hintText=null, hintLocales=[]}}, false)
11-14 22:15:33.476 18640 18640 I GoogleInputMethodService: GoogleInputMethodService.updateDeviceLockedStatus():2088 repeatCheckTimes = 1, locked = false
11-14 22:15:33.484 20145 20755 V ClearcutMetricXmitter: Transmission is done.
11-14 22:15:33.522 864 1884 D audio_hw_output_stream: update stream 1 active 0 gain 0.000000
11-14 22:15:33.529 1472 1685 I ActivityTaskManager: Fully drawn com.google.android.apps.photos/.home.HomeActivity: +165ms
11-14 22:15:33.821 1472 4944 D CoreBackPreview: Window{c953527 u0 Splash Screen com.google.android.apps.photos EXITING}: Setting back callback null
11-14 22:15:33.822 1472 2129 W InputManager-JNI: Input channel object 'c953527 Splash Screen com.google.android.apps.photos (client)' was disposed without first being removed with the input manager!
11-14 22:15:33.932 1942 1966 V WindowManagerShell: Transition animation finished (aborted=false), notifying core (#264)android.os.BinderProxy@7083763
11-14 22:15:33.934 1472 1685 V WindowManager: Finish Transition #264: created at
11-14 22:15:33.367 collect-started=0.064ms request-sent=5.423ms started=6.269ms ready=34.655ms sent=36.39ms finished=567.156ms
11-14 22:15:33.938 1942 1966 V WindowManagerShell: All active transition animations finished
11-14 22:15:33.950 1472 4944 D ActivityManager: sync unfroze 12005 com.google.process.gservices
