11-14 17:51:06.165 1472 1721 I AppsFilter: interaction: PackageSetting{b8bf670 org.qtproject.example.calendarwidget/10278} -> PackageSetting{7beb332 com.google.android.apps.photos/10192} BLOCKED
11-14 17:51:06.165 1472 1721 I AppsFilter: interaction: PackageSetting{e574d7d org.qtproject.example.QTBUG97503/10284} -> PackageSetting{7beb332 com.google.android.apps.photos/10192} BLOCKED
11-14 17:51:06.165 1472 1721 I AppsFilter: interaction: PackageSetting{59c4cd3 org.qtproject.example.unicode_bug/10280} -> PackageSetting{7beb332 com.google.android.apps.photos/10192} BLOCKED
11-14 17:51:06.165 1472 1721 I AppsFilter: interaction: PackageSetting{277dda4 com.example.qtbug/10276} -> PackageSetting{7beb332 com.google.android.apps.photos/10192} BLOCKED
11-14 17:51:06.165 1472 1721 I AppsFilter: interaction: PackageSetting{607ced1 org.qtproject.example.implicit_height/10275} -> PackageSetting{7beb332 com.google.android.apps.photos/10192} BLOCKED
11-14 17:51:06.165 1472 1721 I AppsFilter: interaction: PackageSetting{a26c3f org.qtproject.example.simplemqttclient/10254} -> PackageSetting{7beb332 com.google.android.apps.photos/10192} BLOCKED
11-14 17:51:06.165 1472 1721 I AppsFilter: interaction: PackageSetting{171305e org.qtproject.example.qtbug90324/10271} -> PackageSetting{7beb332 com.google.android.apps.photos/10192} BLOCKED
11-14 17:51:06.165 1472 1721 I AppsFilter: interaction: PackageSetting{739d6f org.qtproject.example.qtbug87334/10247} -> PackageSetting{7beb332 com.google.android.apps.photos/10192} BLOCKED
11-14 17:51:06.165 1472 1721 I AppsFilter: interaction: PackageSetting{d740599 org.qtproject.example.qtbug40728/10273} -> PackageSetting{7beb332 com.google.android.apps.photos/10192} BLOCKED
11-14 17:51:06.166 1472 1721 I AppsFilter: interaction: PackageSetting{89b3c9d org.qtproject.example.Android_keyboard_cover/10283} -> PackageSetting{7beb332 com.google.android.apps.photos/10192} BLOCKED
11-14 17:51:06.166 1472 1721 I AppsFilter: interaction: PackageSetting{fde6ec8 org.qtproject.example.appqtbug98776_for_qtbug114437/10281} -> PackageSetting{7beb332 com.google.android.apps.photos/10192} BLOCKED
11-14 17:51:06.166 1472 1721 I AppsFilter: interaction: PackageSetting{2cd19b0 org.qtproject.example/10282} -> PackageSetting{7beb332 com.google.android.apps.photos/10192} BLOCKED
11-14 17:51:06.166 1472 1721 I AppsFilter: interaction: PackageSetting{d382e57 org.qtproject.example.textfinder/10272} -> PackageSetting{7beb332 com.google.android.apps.photos/10192} BLOCKED
11-14 17:51:06.166 1472 1721 I AppsFilter: interaction: PackageSetting{47d83f1 org.qtproject.example.openglunderqml/10251} -> PackageSetting{7beb332 com.google.android.apps.photos/10192} BLOCKED
11-14 17:51:06.166 1472 1721 I AppsFilter: interaction: PackageSetting{143ef98 org.qtproject.example.texteditor/10285} -> PackageSetting{7beb332 com.google.android.apps.photos/10192} BLOCKED
11-14 17:51:06.166 1472 1721 I AppsFilter: interaction: PackageSetting{59234ac org.qtproject.example.hellocube/10258} -> PackageSetting{7beb332 com.google.android.apps.photos/10192} BLOCKED
11-14 17:51:06.166 1472 1721 I AppsFilter: interaction: PackageSetting{a174853 org.qtproject.example.texteditorexample/10290} -> PackageSetting{7beb332 com.google.android.apps.photos/10192} BLOCKED
11-14 17:51:06.166 1472 1721 I AppsFilter: interaction: PackageSetting{2c11bbd org.qtproject.example.contactlistexample/10277} -> PackageSetting{7beb332 com.google.android.apps.photos/10192} BLOCKED
11-14 17:51:06.166 1472 1721 I AppsFilter: interaction: PackageSetting{f13b073 org.qtproject.example.highdpi/10288} -> PackageSetting{7beb332 com.google.android.apps.photos/10192} BLOCKED
11-14 17:51:06.166 1472 1721 I AppsFilter: interaction: PackageSetting{cae2aca org.qtproject.example.deleteme/10291} -> PackageSetting{7beb332 com.google.android.apps.photos/10192} BLOCKED
11-14 17:51:06.166 1472 1721 I AppsFilter: interaction: PackageSetting{c514d9b org.qtproject.example.quickspeech/10274} -> PackageSetting{7beb332 com.google.android.apps.photos/10192} BLOCKED
11-14 17:51:06.259 1472 1721 I ActivityManager: Force stopping com.google.android.apps.photos appid=10192 user=0: pkg removed
11-14 17:51:06.281 1472 1721 I ActivityManager: Force stopping com.google.android.apps.photos appid=10192 user=0: pkg removed
11-14 17:51:06.345 1472 1472 D ActivityManager: sync unfroze 3999 com.android.keychain
11-14 17:51:06.346 1472 1721 D CompatibilityChangeReporter: Compat change id reported: 168419799; UID 10192; state: DISABLED
11-14 17:51:06.346 1472 1721 D CompatibilityChangeReporter: Compat change id reported: 273564678; UID 10192; state: DISABLED
11-14 17:51:06.362 1472 1721 D PackageInstallerSession: Marking session 1346170524 as applied
11-14 17:51:06.365 1472 1472 I Telecom : CarModeTracker: Package com.google.android.apps.photos is not tracked.: SSH.oR@RmE
11-14 17:51:06.365 1472 1472 I Telecom : InCallController: updateCarModeForConnections: car mode apps: : SSH.oR@RmE
11-14 17:51:06.367 1472 1840 D LocaleManagerService: getApplicationLocales: fetching locales for package com.google.android.apps.photos and user 0
11-14 17:51:06.367 1472 1840 W PackageConfigPersister: App-specific configuration not found for packageName: com.google.android.apps.photos and userId: 0
11-14 17:51:06.367 1472 1840 D LocaleManagerService: getApplicationLocales: application config not found for com.google.android.apps.photos and user id 0
11-14 17:51:06.394 1472 1472 D CompatibilityChangeReporter: Compat change id reported: 171306433; UID 10192; state: ENABLED
11-14 17:51:06.395 1472 1472 W AlarmManager: Package com.google.android.apps.photos, uid 10192 lost permission to set exact alarms!
11-14 17:51:06.421 1472 1808 D ActivityManager: sync unfroze 2098 com.google.android.permissioncontroller
11-14 17:51:06.447 1472 1697 D CompatibilityChangeReporter: Compat change id reported: 135634846; UID 10192; state: DISABLED
11-14 17:51:06.447 1472 1697 D CompatibilityChangeReporter: Compat change id reported: 177438394; UID 10192; state: DISABLED
11-14 17:51:06.448 1472 1697 D CompatibilityChangeReporter: Compat change id reported: 135772972; UID 10192; state: DISABLED
11-14 17:51:06.448 1472 1697 D CompatibilityChangeReporter: Compat change id reported: 135754954; UID 10192; state: ENABLED
11-14 17:51:06.448 1472 1698 D CompatibilityChangeReporter: Compat change id reported: 143937733; UID 10192; state: ENABLED
11-14 17:51:06.467 1472 1698 I ActivityManager: Start proc 19779:com.google.android.apps.photos/u0a192 for broadcast {com.google.android.apps.photos/com.google.android.apps.photos.account.full.RefreshAccountsReceiver}
11-14 17:51:06.492 1472 1472 D TransparencyService: com.google.android.apps.photos was updated. Scheduling measurement...
11-14 17:51:06.492 1472 1472 I TransparencyService: Scheduling binary content-digest computation job
11-14 17:51:06.492 1472 1472 D TransparencyService: A measurement job has already been scheduled.
11-14 17:51:06.520 1472 4801 D CompatibilityChangeReporter: Compat change id reported: 170503758; UID 10192; state: ENABLED
11-14 17:51:06.523 1472 1797 D CompatibilityChangeReporter: Compat change id reported: 265195908; UID 10192; state: ENABLED
11-14 17:51:06.613 1472 1696 W WindowMagnificationMgr: requestConnection duplicated request: connect=false, mConnectionState=DISCONNECTED
11-14 17:51:06.653 1472 1696 W WindowMagnificationMgr: requestConnection duplicated request: connect=false, mConnectionState=DISCONNECTED
11-14 17:51:06.753 1472 1986 I ActivityManager: Flag disabled. Ignoring finishAttachApplication from uid: 10192. pid: 19779
11-14 17:51:06.779 1472 1986 D CompatibilityChangeReporter: Compat change id reported: 161145287; UID 10192; state: DISABLED
11-14 17:51:06.790 1472 2615 D CompatibilityChangeReporter: Compat change id reported: 261072174; UID 10192; state: DISABLED
11-14 17:51:06.794 1472 1697 D ActivityManager: sync unfroze 19214 com.google.android.apps.messaging
11-14 17:51:06.799 1472 2615 D ActivityManager: sync unfroze 18421 com.google.android.apps.wellbeing
11-14 17:51:06.864 1472 2544 D CompatibilityChangeReporter: Compat change id reported: 253665015; UID 10192; state: ENABLED
11-14 17:51:06.864 1472 2544 D CompatibilityChangeReporter: Compat change id reported: 194532703; UID 10192; state: ENABLED
11-14 17:51:06.887 1472 1986 D CompatibilityChangeReporter: Compat change id reported: 271850009; UID 10192; state: ENABLED
11-14 17:51:06.918 1472 1696 D AppWidgetServiceImpl: Provider info from ComponentInfo{com.google.android.apps.photos/com.google.android.apps.photos.widget.people.WidgetProviderPeoplePets} won't be persisted.
11-14 17:51:06.918 1472 1696 D AppWidgetServiceImpl: Provider info from ComponentInfo{com.google.android.apps.photos/com.google.android.apps.photos.widget.WidgetProvider} won't be persisted.
11-14 17:51:07.214 1472 3338 D CompatibilityChangeReporter: Compat change id reported: 161252188; UID 10192; state: DISABLED
11-14 17:51:07.943 1472 4801 I ActivityManager: Background started FGS: Allowed [callingPackage: com.android.vending; callingUid: 10136; uidState: TRNB; uidBFSL: n/a; intent: Intent { act=com.google.android.finsky.BIND_DOWNLOAD_SERVICE pkg=com.android.vending (has extras) }; code:BACKGROUND_ACTIVITY_PERMISSION; tempAllowListReason:<,reasonCode:SYSTEM_ALLOW_LISTED,duration:9223372036854775807,callingUid:-1>; targetSdkVersion:34; callerTargetSdkVersion:34; startForegroundCount:0; bindFromPackage:null: isBindService:false]
11-14 17:51:08.164 1472 1472 W NotificationHistory: Attempted to add notif for locked/gone/disabled user 0
11-14 17:51:13.162 1472 1807 D ActivityManager: freezing 18662 com.google.process.gapps
11-14 17:51:13.164 1472 1807 D ActivityManager: freezing 4624 android.process.media
11-14 17:51:13.811 1942 3404 D PowerUI : can't show warning due to - plugged: true status unknown: false
11-14 17:51:14.321 1472 3338 W ActivityManager: stopServiceToken startId 13 is last, but have 1 remaining args
11-14 17:51:16.809 1472 1807 D ActivityManager: freezing 19214 com.google.android.apps.messaging
11-14 17:51:26.951 1472 1721 I PackageManager: Integrity check passed for file:///data/app/vmdl1426774079.tmp
11-14 17:51:26.969 1472 1721 I PackageManager: Continuing with installation of file:///data/app/vmdl1426774079.tmp
11-14 17:51:27.046 1472 1697 I ActivityManager: Force stopping com.google.android.videos appid=10190 user=-1: installPackageLI
11-14 17:51:27.053 1472 1721 I PackageManager: Update system package com.google.android.videos code path from /data/app/~~Y7kjqWyR75h6HXDcZ47lyA==/com.google.android.videos-PqBG3zwG0mmb366xQ5o6ag== to /data/app/~~YuP4sKIr_6FE-IoBDxwXcA==/com.google.android.videos-t7BuKq5PQ4FoLTtyayxIfg==; Retain data and using new
11-14 17:51:27.054 1472 1721 I AppsFilter: interaction: PackageSetting{a971eec org.qtproject.example.qmlchart/10248} -> PackageSetting{629fa1b com.google.android.videos/10190} BLOCKED
11-14 17:51:27.054 1472 1721 I AppsFilter: interaction: PackageSetting{c7356c0 org.qtproject.example.vulkanunderqml/10267} -> PackageSetting{629fa1b com.google.android.videos/10190} BLOCKED
11-14 17:51:27.055 1472 1721 I AppsFilter: interaction: PackageSetting{473e1f2 com.qt.finweather/10286} -> PackageSetting{629fa1b com.google.android.videos/10190} BLOCKED
11-14 17:51:27.055 1472 1721 I AppsFilter: interaction: PackageSetting{b6720a7 org.qtproject.example.appQTBUG_38700_example/10269} -> PackageSetting{629fa1b com.google.android.videos/10190} BLOCKED
11-14 17:51:27.055 1472 1721 I AppsFilter: interaction: PackageSetting{e968aaf org.qtproject.example.minimal_qml/10262} -> PackageSetting{629fa1b com.google.android.videos/10190} BLOCKED
11-14 17:51:27.055 1472 1721 I AppsFilter: interaction: PackageSetting{d5ddbb7 org.qtproject.example.qmloscilloscope/10255} -> PackageSetting{629fa1b com.google.android.videos/10190} BLOCKED
11-14 17:51:27.055 1472 1721 I AppsFilter: interaction: PackageSetting{1bb2e8f org.qtproject.example.calqlatrexample/10266} -> PackageSetting{629fa1b com.google.android.videos/10190} BLOCKED
11-14 17:51:27.055 1472 1721 I AppsFilter: interaction: PackageSetting{6b2f6e1 org.qtproject.example.appqt66beta1androidquickexample/10256} -> PackageSetting{629fa1b com.google.android.videos/10190} BLOCKED
11-14 17:51:27.055 1472 1721 I AppsFilter: interaction: PackageSetting{5cde19a org.qtproject.example.coffee/10279} -> PackageSetting{629fa1b com.google.android.videos/10190} BLOCKED
11-14 17:51:27.055 1472 1721 I AppsFilter: interaction: PackageSetting{681d2eb org.qtproject.example.contactlist/10252} -> PackageSetting{629fa1b com.google.android.videos/10190} BLOCKED
11-14 17:51:27.055 1472 1721 I AppsFilter: interaction: PackageSetting{2c049b9 org.qtproject.example.appmuu/10287} -> PackageSetting{629fa1b com.google.android.videos/10190} BLOCKED
11-14 17:51:27.055 1472 1721 I AppsFilter: interaction: PackageSetting{4264ce2 org.qtproject.example.qtbug98766_compat/10289} -> PackageSetting{629fa1b com.google.android.videos/10190} BLOCKED
11-14 17:51:27.055 1472 1721 I AppsFilter: interaction: PackageSetting{e48a5d7 org.qtproject.example.galleryexample/10265} -> PackageSetting{629fa1b com.google.android.videos/10190} BLOCKED
11-14 17:51:27.055 1472 1721 I AppsFilter: interaction: PackageSetting{32cb918 org.qtproject.example.objectlistmodelexample/10263} -> PackageSetting{629fa1b com.google.android.videos/10190} BLOCKED
11-14 17:51:27.056 1472 1721 I AppsFilter: interaction: PackageSetting{54ce4c9 org.qtproject.example.testFont/10270} -> PackageSetting{629fa1b com.google.android.videos/10190} BLOCKED
11-14 17:51:27.056 1472 1721 I AppsFilter: interaction: PackageSetting{d136cd0 org.qtproject.example.widgetdeom/10259} -> PackageSetting{629fa1b com.google.android.videos/10190} BLOCKED
11-14 17:51:27.056 1472 1721 I AppsFilter: interaction: PackageSetting{88b8d1b org.qtproject.example.declarative_camera/10253} -> PackageSetting{629fa1b com.google.android.videos/10190} BLOCKED
11-14 17:51:27.056 1472 1721 I AppsFilter: interaction: PackageSetting{2c76e2e org.qtproject.example.vulkanunderqmlapp/10292} -> PackageSetting{629fa1b com.google.android.videos/10190} BLOCKED
11-14 17:51:27.056 1472 1721 I AppsFilter: interaction: PackageSetting{246c121 com.test.ouluweather/10268} -> PackageSetting{629fa1b com.google.android.videos/10190} BLOCKED
11-14 17:51:27.056 1472 1721 I AppsFilter: interaction: PackageSetting{5638a6e com.google.android.microdroid.empty_payload/10246} -> PackageSetting{629fa1b com.google.android.videos/10190} BLOCKED
11-14 17:51:27.056 1472 1721 I AppsFilter: interaction: PackageSetting{b8bf670 org.qtproject.example.calendarwidget/10278} -> PackageSetting{629fa1b com.google.android.videos/10190} BLOCKED
11-14 17:51:27.056 1472 1721 I AppsFilter: interaction: PackageSetting{e574d7d org.qtproject.example.QTBUG97503/10284} -> PackageSetting{629fa1b com.google.android.videos/10190} BLOCKED
11-14 17:51:27.056 1472 1721 I AppsFilter: interaction: PackageSetting{59c4cd3 org.qtproject.example.unicode_bug/10280} -> PackageSetting{629fa1b com.google.android.videos/10190} BLOCKED
11-14 17:51:27.056 1472 1721 I AppsFilter: interaction: PackageSetting{277dda4 com.example.qtbug/10276} -> PackageSetting{629fa1b com.google.android.videos/10190} BLOCKED
11-14 17:51:27.056 1472 1721 I AppsFilter: interaction: PackageSetting{607ced1 org.qtproject.example.implicit_height/10275} -> PackageSetting{629fa1b com.google.android.videos/10190} BLOCKED
11-14 17:51:27.056 1472 1721 I AppsFilter: interaction: PackageSetting{a26c3f org.qtproject.example.simplemqttclient/10254} -> PackageSetting{629fa1b com.google.android.videos/10190} BLOCKED
11-14 17:51:27.056 1472 1721 I AppsFilter: interaction: PackageSetting{171305e org.qtproject.example.qtbug90324/10271} -> PackageSetting{629fa1b com.google.android.videos/10190} BLOCKED
11-14 17:51:27.057 1472 1721 I AppsFilter: interaction: PackageSetting{739d6f org.qtproject.example.qtbug87334/10247} -> PackageSetting{629fa1b com.google.android.videos/10190} BLOCKED
11-14 17:51:27.057 1472 1721 I AppsFilter: interaction: PackageSetting{d740599 org.qtproject.example.qtbug40728/10273} -> PackageSetting{629fa1b com.google.android.videos/10190} BLOCKED
11-14 17:51:27.057 1472 1721 I AppsFilter: interaction: PackageSetting{89b3c9d org.qtproject.example.Android_keyboard_cover/10283} -> PackageSetting{629fa1b com.google.android.videos/10190} BLOCKED
11-14 17:51:27.057 1472 1721 I AppsFilter: interaction: PackageSetting{fde6ec8 org.qtproject.example.appqtbug98776_for_qtbug114437/10281} -> PackageSetting{629fa1b com.google.android.videos/10190} BLOCKED
11-14 17:51:27.057 1472 1721 I AppsFilter: interaction: PackageSetting{2cd19b0 org.qtproject.example/10282} -> PackageSetting{629fa1b com.google.android.videos/10190} BLOCKED
11-14 17:51:27.057 1472 1721 I AppsFilter: interaction: PackageSetting{d382e57 org.qtproject.example.textfinder/10272} -> PackageSetting{629fa1b com.google.android.videos/10190} BLOCKED
11-14 17:51:27.057 1472 1721 I AppsFilter: interaction: PackageSetting{47d83f1 org.qtproject.example.openglunderqml/10251} -> PackageSetting{629fa1b com.google.android.videos/10190} BLOCKED
11-14 17:51:27.057 1472 1721 I AppsFilter: interaction: PackageSetting{143ef98 org.qtproject.example.texteditor/10285} -> PackageSetting{629fa1b com.google.android.videos/10190} BLOCKED
11-14 17:51:27.057 1472 1721 I AppsFilter: interaction: PackageSetting{59234ac org.qtproject.example.hellocube/10258} -> PackageSetting{629fa1b com.google.android.videos/10190} BLOCKED
11-14 17:51:27.057 1472 1721 I AppsFilter: interaction: PackageSetting{a174853 org.qtproject.example.texteditorexample/10290} -> PackageSetting{629fa1b com.google.android.videos/10190} BLOCKED
11-14 17:51:27.057 1472 1721 I AppsFilter: interaction: PackageSetting{2c11bbd org.qtproject.example.contactlistexample/10277} -> PackageSetting{629fa1b com.google.android.videos/10190} BLOCKED
11-14 17:51:27.057 1472 1721 I AppsFilter: interaction: PackageSetting{f13b073 org.qtproject.example.highdpi/10288} -> PackageSetting{629fa1b com.google.android.videos/10190} BLOCKED
11-14 17:51:27.057 1472 1721 I AppsFilter: interaction: PackageSetting{cae2aca org.qtproject.example.deleteme/10291} -> PackageSetting{629fa1b com.google.android.videos/10190} BLOCKED
11-14 17:51:27.058 1472 1721 I AppsFilter: interaction: PackageSetting{c514d9b org.qtproject.example.quickspeech/10274} -> PackageSetting{629fa1b com.google.android.videos/10190} BLOCKED
11-14 17:51:27.087 1472 1721 I PermissionManager: Permission ownership changed. Updating all permissions.
11-14 17:51:27.198 1472 1685 W Looper : Slow dispatch took 108ms android.fg h=android.os.Handler c= m=0
11-14 17:51:28.779 1472 1721 I AppsFilter: interaction: PackageSetting{a971eec org.qtproject.example.qmlchart/10248} -> PackageSetting{d95ce64 com.google.android.videos/10190} BLOCKED
11-14 17:51:28.779 1472 1721 I AppsFilter: interaction: PackageSetting{c7356c0 org.qtproject.example.vulkanunderqml/10267} -> PackageSetting{d95ce64 com.google.android.videos/10190} BLOCKED
11-14 17:51:28.779 1472 1721 I AppsFilter: interaction: PackageSetting{473e1f2 com.qt.finweather/10286} -> PackageSetting{d95ce64 com.google.android.videos/10190} BLOCKED
11-14 17:51:28.779 1472 1721 I AppsFilter: interaction: PackageSetting{b6720a7 org.qtproject.example.appQTBUG_38700_example/10269} -> PackageSetting{d95ce64 com.google.android.videos/10190} BLOCKED
11-14 17:51:28.779 1472 1721 I AppsFilter: interaction: PackageSetting{e968aaf org.qtproject.example.minimal_qml/10262} -> PackageSetting{d95ce64 com.google.android.videos/10190} BLOCKED
11-14 17:51:28.779 1472 1721 I AppsFilter: interaction: PackageSetting{d5ddbb7 org.qtproject.example.qmloscilloscope/10255} -> PackageSetting{d95ce64 com.google.android.videos/10190} BLOCKED
11-14 17:51:28.780 1472 1721 I AppsFilter: interaction: PackageSetting{1bb2e8f org.qtproject.example.calqlatrexample/10266} -> PackageSetting{d95ce64 com.google.android.videos/10190} BLOCKED
11-14 17:51:28.780 1472 1721 I AppsFilter: interaction: PackageSetting{6b2f6e1 org.qtproject.example.appqt66beta1androidquickexample/10256} -> PackageSetting{d95ce64 com.google.android.videos/10190} BLOCKED
11-14 17:51:28.780 1472 1721 I AppsFilter: interaction: PackageSetting{5cde19a org.qtproject.example.coffee/10279} -> PackageSetting{d95ce64 com.google.android.videos/10190} BLOCKED
11-14 17:51:28.780 1472 1721 I AppsFilter: interaction: PackageSetting{681d2eb org.qtproject.example.contactlist/10252} -> PackageSetting{d95ce64 com.google.android.videos/10190} BLOCKED
11-14 17:51:28.780 1472 1721 I AppsFilter: interaction: PackageSetting{2c049b9 org.qtproject.example.appmuu/10287} -> PackageSetting{d95ce64 com.google.android.videos/10190} BLOCKED
11-14 17:51:28.780 1472 1721 I AppsFilter: interaction: PackageSetting{4264ce2 org.qtproject.example.qtbug98766_compat/10289} -> PackageSetting{d95ce64 com.google.android.videos/10190} BLOCKED
11-14 17:51:28.780 1472 1721 I AppsFilter: interaction: PackageSetting{e48a5d7 org.qtproject.example.galleryexample/10265} -> PackageSetting{d95ce64 com.google.android.videos/10190} BLOCKED
11-14 17:51:28.780 1472 1721 I AppsFilter: interaction: PackageSetting{32cb918 org.qtproject.example.objectlistmodelexample/10263} -> PackageSetting{d95ce64 com.google.android.videos/10190} BLOCKED
11-14 17:51:28.780 1472 1721 I AppsFilter: interaction: PackageSetting{54ce4c9 org.qtproject.example.testFont/10270} -> PackageSetting{d95ce64 com.google.android.videos/10190} BLOCKED
11-14 17:51:28.780 1472 1721 I AppsFilter: interaction: PackageSetting{d136cd0 org.qtproject.example.widgetdeom/10259} -> PackageSetting{d95ce64 com.google.android.videos/10190} BLOCKED
11-14 17:51:28.780 1472 1721 I AppsFilter: interaction: PackageSetting{88b8d1b org.qtproject.example.declarative_camera/10253} -> PackageSetting{d95ce64 com.google.android.videos/10190} BLOCKED
11-14 17:51:28.780 1472 1721 I AppsFilter: interaction: PackageSetting{2c76e2e org.qtproject.example.vulkanunderqmlapp/10292} -> PackageSetting{d95ce64 com.google.android.videos/10190} BLOCKED
11-14 17:51:28.780 1472 1721 I AppsFilter: interaction: PackageSetting{246c121 com.test.ouluweather/10268} -> PackageSetting{d95ce64 com.google.android.videos/10190} BLOCKED
11-14 17:51:28.780 1472 1721 I AppsFilter: interaction: PackageSetting{5638a6e com.google.android.microdroid.empty_payload/10246} -> PackageSetting{d95ce64 com.google.android.videos/10190} BLOCKED
11-14 17:51:28.780 1472 1721 I AppsFilter: interaction: PackageSetting{b8bf670 org.qtproject.example.calendarwidget/10278} -> PackageSetting{d95ce64 com.google.android.videos/10190} BLOCKED
11-14 17:51:28.780 1472 1721 I AppsFilter: interaction: PackageSetting{e574d7d org.qtproject.example.QTBUG97503/10284} -> PackageSetting{d95ce64 com.google.android.videos/10190} BLOCKED
11-14 17:51:28.780 1472 1721 I AppsFilter: interaction: PackageSetting{59c4cd3 org.qtproject.example.unicode_bug/10280} -> PackageSetting{d95ce64 com.google.android.videos/10190} BLOCKED
11-14 17:51:28.780 1472 1721 I AppsFilter: interaction: PackageSetting{277dda4 com.example.qtbug/10276} -> PackageSetting{d95ce64 com.google.android.videos/10190} BLOCKED
11-14 17:51:28.781 1472 1721 I AppsFilter: interaction: PackageSetting{607ced1 org.qtproject.example.implicit_height/10275} -> PackageSetting{d95ce64 com.google.android.videos/10190} BLOCKED
11-14 17:51:28.781 1472 1721 I AppsFilter: interaction: PackageSetting{a26c3f org.qtproject.example.simplemqttclient/10254} -> PackageSetting{d95ce64 com.google.android.videos/10190} BLOCKED
11-14 17:51:28.781 1472 1721 I AppsFilter: interaction: PackageSetting{171305e org.qtproject.example.qtbug90324/10271} -> PackageSetting{d95ce64 com.google.android.videos/10190} BLOCKED
11-14 17:51:28.781 1472 1721 I AppsFilter: interaction: PackageSetting{739d6f org.qtproject.example.qtbug87334/10247} -> PackageSetting{d95ce64 com.google.android.videos/10190} BLOCKED
11-14 17:51:28.781 1472 1721 I AppsFilter: interaction: PackageSetting{d740599 org.qtproject.example.qtbug40728/10273} -> PackageSetting{d95ce64 com.google.android.videos/10190} BLOCKED
11-14 17:51:28.781 1472 1721 I AppsFilter: interaction: PackageSetting{89b3c9d org.qtproject.example.Android_keyboard_cover/10283} -> PackageSetting{d95ce64 com.google.android.videos/10190} BLOCKED
11-14 17:51:28.781 1472 1721 I AppsFilter: interaction: PackageSetting{fde6ec8 org.qtproject.example.appqtbug98776_for_qtbug114437/10281} -> PackageSetting{d95ce64 com.google.android.videos/10190} BLOCKED
11-14 17:51:28.781 1472 1721 I AppsFilter: interaction: PackageSetting{2cd19b0 org.qtproject.example/10282} -> PackageSetting{d95ce64 com.google.android.videos/10190} BLOCKED
11-14 17:51:28.781 1472 1721 I AppsFilter: interaction: PackageSetting{d382e57 org.qtproject.example.textfinder/10272} -> PackageSetting{d95ce64 com.google.android.videos/10190} BLOCKED
11-14 17:51:28.781 1472 1721 I AppsFilter: interaction: PackageSetting{47d83f1 org.qtproject.example.openglunderqml/10251} -> PackageSetting{d95ce64 com.google.android.videos/10190} BLOCKED
11-14 17:51:28.781 1472 1721 I AppsFilter: interaction: PackageSetting{143ef98 org.qtproject.example.texteditor/10285} -> PackageSetting{d95ce64 com.google.android.videos/10190} BLOCKED
11-14 17:51:28.781 1472 1721 I AppsFilter: interaction: PackageSetting{59234ac org.qtproject.example.hellocube/10258} -> PackageSetting{d95ce64 com.google.android.videos/10190} BLOCKED
11-14 17:51:28.781 1472 1721 I AppsFilter: interaction: PackageSetting{a174853 org.qtproject.example.texteditorexample/10290} -> PackageSetting{d95ce64 com.google.android.videos/10190} BLOCKED
11-14 17:51:28.781 1472 1721 I AppsFilter: interaction: PackageSetting{2c11bbd org.qtproject.example.contactlistexample/10277} -> PackageSetting{d95ce64 com.google.android.videos/10190} BLOCKED
11-14 17:51:28.781 1472 1721 I AppsFilter: interaction: PackageSetting{f13b073 org.qtproject.example.highdpi/10288} -> PackageSetting{d95ce64 com.google.android.videos/10190} BLOCKED
11-14 17:51:28.781 1472 1721 I AppsFilter: interaction: PackageSetting{cae2aca org.qtproject.example.deleteme/10291} -> PackageSetting{d95ce64 com.google.android.videos/10190} BLOCKED
11-14 17:51:28.781 1472 1721 I AppsFilter: interaction: PackageSetting{c514d9b org.qtproject.example.quickspeech/10274} -> PackageSetting{d95ce64 com.google.android.videos/10190} BLOCKED
11-14 17:51:28.805 1472 1721 I ActivityManager: Force stopping com.google.android.videos appid=10190 user=0: pkg removed
11-14 17:51:28.833 1472 1721 I ActivityManager: Force stopping com.google.android.videos appid=10190 user=0: pkg removed
11-14 17:51:28.870 1472 1721 D CompatibilityChangeReporter: Compat change id reported: 168419799; UID 10190; state: DISABLED
11-14 17:51:28.870 1472 1721 D CompatibilityChangeReporter: Compat change id reported: 273564678; UID 10190; state: DISABLED
11-14 17:51:28.903 1472 1721 D PackageInstallerSession: Marking session 1426774079 as applied
11-14 17:51:28.919 1472 1697 D CompatibilityChangeReporter: Compat change id reported: 177438394; UID 10190; state: DISABLED
11-14 17:51:28.919 1472 1697 D CompatibilityChangeReporter: Compat change id reported: 135772972; UID 10190; state: DISABLED
11-14 17:51:28.919 1472 1697 D CompatibilityChangeReporter: Compat change id reported: 135754954; UID 10190; state: ENABLED
11-14 17:51:28.920 1472 1698 D CompatibilityChangeReporter: Compat change id reported: 143937733; UID 10190; state: ENABLED
11-14 17:51:28.942 1472 1472 I Telecom : CarModeTracker: Package com.google.android.videos is not tracked.: SSH.oR@Rnw
11-14 17:51:28.942 1472 1472 I Telecom : InCallController: updateCarModeForConnections: car mode apps: : SSH.oR@Rnw
11-14 17:51:28.947 1472 1698 I ActivityManager: Start proc 19936:com.google.android.videos/u0a190 for broadcast {com.google.android.videos/com.google.android.apps.play.movies.mobile.service.restart.GtvExperienceInitializer}
11-14 17:51:28.961 1472 1840 D LocaleManagerService: getApplicationLocales: fetching locales for package com.google.android.videos and user 0
11-14 17:51:28.961 1472 1840 W PackageConfigPersister: App-specific configuration not found for packageName: com.google.android.videos and userId: 0
11-14 17:51:28.961 1472 1840 D LocaleManagerService: getApplicationLocales: application config not found for com.google.android.videos and user id 0
11-14 17:51:28.963 1472 1472 D CompatibilityChangeReporter: Compat change id reported: 171306433; UID 10190; state: ENABLED
11-14 17:51:28.963 1472 1472 W AlarmManager: Package com.google.android.videos, uid 10190 lost permission to set exact alarms!
11-14 17:51:28.964 1472 1472 D TransparencyService: com.google.android.videos was updated. Scheduling measurement...
11-14 17:51:28.964 1472 1472 I TransparencyService: Scheduling binary content-digest computation job
11-14 17:51:28.964 1472 1472 D TransparencyService: A measurement job has already been scheduled.
11-14 17:51:28.993 1472 1797 D CompatibilityChangeReporter: Compat change id reported: 265195908; UID 10190; state: ENABLED
11-14 17:51:28.996 1472 1797 D CompatibilityChangeReporter: Compat change id reported: 271850009; UID 10190; state: DISABLED
11-14 17:51:28.999 1472 1694 D CompatibilityChangeReporter: Compat change id reported: 170503758; UID 10190; state: ENABLED
11-14 17:51:29.017 1472 1696 W WindowMagnificationMgr: requestConnection duplicated request: connect=false, mConnectionState=DISCONNECTED
11-14 17:51:29.068 1472 1696 W WindowMagnificationMgr: requestConnection duplicated request: connect=false, mConnectionState=DISCONNECTED
11-14 17:51:29.149 1472 1696 D AppWidgetServiceImpl: Provider info from ComponentInfo{com.google.android.videos/com.google.android.apps.googletv.app.presentation.widgets.toppicks.TopPicksWidgetReceiver} won't be persisted.
11-14 17:51:29.191 1472 1694 D CompatibilityChangeReporter: Compat change id reported: 161145287; UID 10190; state: DISABLED
11-14 17:51:29.217 1472 2557 D CompatibilityChangeReporter: Compat change id reported: 261072174; UID 10190; state: DISABLED
11-14 17:51:29.267 1472 1694 I MediaSessionStack: addSession to bottom of stack | record: com.google.android.videos/play_movies_media (userId=0)
11-14 17:51:29.274 1472 1694 D CompatibilityChangeReporter: Compat change id reported: 253665015; UID 10190; state: DISABLED
11-14 17:51:29.274 1472 1694 D CompatibilityChangeReporter: Compat change id reported: 194532703; UID 10190; state: ENABLED
11-14 17:51:29.274 1472 1694 E JobScheduler.JobStatus: App com.google.android.videos became active but still in NEVER bucket
11-14 17:51:29.317 1472 4786 I ActivityManager: Flag disabled. Ignoring finishAttachApplication from uid: 10190. pid: 19936
11-14 17:51:29.342 1472 1694 E JobScheduler.JobStatus: App com.google.android.videos became active but still in NEVER bucket
11-14 17:51:29.349 1472 1697 D ActivityManager: sync unfroze 19214 com.google.android.apps.messaging
11-14 17:51:29.363 1472 4786 E JobScheduler.JobStatus: App com.google.android.videos became active but still in NEVER bucket
11-14 17:51:29.366 1472 2615 E JobScheduler.JobStatus: App com.google.android.videos became active but still in NEVER bucket
11-14 17:51:29.369 1472 1694 E JobScheduler.JobStatus: App com.google.android.videos became active but still in NEVER bucket
11-14 17:51:29.385 1472 1986 E JobScheduler.JobStatus: App com.google.android.videos became active but still in NEVER bucket
11-14 17:51:29.388 1472 2557 E JobScheduler.JobStatus: App com.google.android.videos became active but still in NEVER bucket
11-14 17:51:29.406 1472 1694 E JobScheduler.JobStatus: App com.google.android.videos became active but still in NEVER bucket
11-14 17:51:29.407 1472 1694 E JobScheduler.JobStatus: App com.google.android.videos became active but still in NEVER bucket
11-14 17:51:29.417 1472 2557 E JobScheduler.JobStatus: App com.google.android.videos became active but still in NEVER bucket
11-14 17:51:29.459 1472 2557 E JobScheduler.JobStatus: App com.google.android.videos became active but still in NEVER bucket
11-14 17:51:29.465 1472 2557 W JobScheduler: Job didn't exist in JobStore: 1b7fba7 #u0a190/449 com.google.android.videos/androidx.work.impl.background.systemjob.SystemJobService
11-14 17:51:29.473 1472 4949 E JobScheduler.JobStatus: App com.google.android.videos became active but still in NEVER bucket
11-14 17:51:29.478 1472 2557 E JobScheduler.JobStatus: App com.google.android.videos became active but still in NEVER bucket
11-14 17:51:29.486 1472 2615 E JobScheduler.JobStatus: App com.google.android.videos became active but still in NEVER bucket
11-14 17:51:29.491 1472 4949 E JobScheduler.JobStatus: App com.google.android.videos became active but still in NEVER bucket
11-14 17:51:29.563 1472 1986 D CompatibilityChangeReporter: Compat change id reported: 161252188; UID 10190; state: DISABLED
11-14 17:51:29.823 1472 4786 E JobScheduler.JobStatus: App com.google.android.videos became active but still in NEVER bucket
11-14 17:51:29.856 1472 3338 E JobScheduler.JobStatus: App com.google.android.videos became active but still in NEVER bucket
11-14 17:51:30.142 1472 1807 D ActivityManager: freezing 25489 android.process.acore
11-14 17:51:33.127 1472 1986 I ActivityManager: Background started FGS: Allowed [callingPackage: com.android.vending; callingUid: 10136; uidState: TRNB; uidBFSL: n/a; intent: Intent { act=com.google.android.finsky.BIND_DOWNLOAD_SERVICE pkg=com.android.vending (has extras) }; code:BACKGROUND_ACTIVITY_PERMISSION; tempAllowListReason:<,reasonCode:SYSTEM_ALLOW_LISTED,duration:9223372036854775807,callingUid:-1>; targetSdkVersion:34; callerTargetSdkVersion:34; startForegroundCount:0; bindFromPackage:null: isBindService:false]
11-14 17:51:33.341 1472 1472 W NotificationHistory: Attempted to add notif for locked/gone/disabled user 0
11-14 17:51:39.830 1472 1807 D ActivityManager: freezing 19214 com.google.android.apps.messaging
11-14 17:51:39.833 1472 1807 D ActivityManager: freezing 19779 com.google.android.apps.photos
11-14 17:51:53.958 1472 1807 D ActivityManager: freezing 19250 com.android.vending:instant_app_installer
11-14 17:51:53.960 1472 1807 D ActivityManager: freezing 19396 com.android.vending:quick_launch
11-14 17:51:54.754 1472 1807 D ActivityManager: freezing 2098 com.google.android.permissioncontroller
11-14 17:51:55.200 1472 1807 D ActivityManager: freezing 18397 com.google.android.gms
11-14 17:51:59.538 1472 1807 D ActivityManager: freezing 19936 com.google.android.videos
11-14 17:52:01.432 1472 1721 D ActivityManager: sync unfroze 19250 com.android.vending:instant_app_installer
11-14 17:52:01.434 1472 1721 D ActivityManager: sync unfroze 19396 com.android.vending:quick_launch
11-14 17:52:01.436 1472 1721 I PackageManager: Integrity check passed for file:///data/app/vmdl1394183305.tmp
11-14 17:52:01.457 1472 1721 I PackageManager: Continuing with installation of file:///data/app/vmdl1394183305.tmp
11-14 17:52:01.515 1472 1721 W PackageParsing: No actions in intent-filter at /data/app/vmdl1394183305.tmp/base.apk Binary XML file line #2411
11-14 17:52:01.522 1472 1721 W PackageParsing: No actions in intent-filter at /data/app/vmdl1394183305.tmp/base.apk Binary XML file line #4509
11-14 17:52:01.534 1472 1721 W PackageParsing: Unknown element under : uses-sdk at /data/app/vmdl1394183305.tmp/base.apk Binary XML file line #9
11-14 17:52:01.534 1472 1721 W PackageParsing: Unknown element under : module at /data/app/vmdl1394183305.tmp/base.apk Binary XML file line #11
11-14 17:52:01.544 1472 1697 I ActivityManager: Force stopping com.google.android.googlequicksearchbox appid=10148 user=-1: installPackageLI
11-14 17:52:01.544 1472 1697 I ActivityManager: Killing 18766:com.google.android.googlequicksearchbox:search/u0a148 (adj 100): stop com.google.android.googlequicksearchbox due to installPackageLI
11-14 17:52:01.547 1472 1721 I PackageManager: Update system package com.google.android.googlequicksearchbox code path from /data/app/~~UI9l3wsFgTKpg2zXKmgr0w==/com.google.android.googlequicksearchbox-bVBaONWtjUG5Jd-ZbZ6P4A== to /data/app/~~M8TBkCp-As1u3mBq1sjMNg==/com.google.android.googlequicksearchbox-UKJuvjaMxZX5RTIbwytMaQ==; Retain data and using new
11-14 17:52:01.547 1472 1721 I AppsFilter: interaction: PackageSetting{a971eec org.qtproject.example.qmlchart/10248} -> PackageSetting{cac4e2d com.google.android.googlequicksearchbox/10148} BLOCKED
11-14 17:52:01.547 1472 1721 I AppsFilter: interaction: PackageSetting{c7356c0 org.qtproject.example.vulkanunderqml/10267} -> PackageSetting{cac4e2d com.google.android.googlequicksearchbox/10148} BLOCKED
11-14 17:52:01.547 1472 1721 I AppsFilter: interaction: PackageSetting{473e1f2 com.qt.finweather/10286} -> PackageSetting{cac4e2d com.google.android.googlequicksearchbox/10148} BLOCKED
11-14 17:52:01.547 1472 1721 I AppsFilter: interaction: PackageSetting{b6720a7 org.qtproject.example.appQTBUG_38700_example/10269} -> PackageSetting{cac4e2d com.google.android.googlequicksearchbox/10148} BLOCKED
11-14 17:52:01.547 1472 1721 I AppsFilter: interaction: PackageSetting{e968aaf org.qtproject.example.minimal_qml/10262} -> PackageSetting{cac4e2d com.google.android.googlequicksearchbox/10148} BLOCKED
11-14 17:52:01.547 1472 1721 I AppsFilter: interaction: PackageSetting{d5ddbb7 org.qtproject.example.qmloscilloscope/10255} -> PackageSetting{cac4e2d com.google.android.googlequicksearchbox/10148} BLOCKED
11-14 17:52:01.547 1472 1721 I AppsFilter: interaction: PackageSetting{1bb2e8f org.qtproject.example.calqlatrexample/10266} -> PackageSetting{cac4e2d com.google.android.googlequicksearchbox/10148} BLOCKED
11-14 17:52:01.547 1472 1721 I AppsFilter: interaction: PackageSetting{6b2f6e1 org.qtproject.example.appqt66beta1androidquickexample/10256} -> PackageSetting{cac4e2d com.google.android.googlequicksearchbox/10148} BLOCKED
11-14 17:52:01.547 1472 1721 I AppsFilter: interaction: PackageSetting{5cde19a org.qtproject.example.coffee/10279} -> PackageSetting{cac4e2d com.google.android.googlequicksearchbox/10148} BLOCKED
11-14 17:52:01.547 1472 1721 I AppsFilter: interaction: PackageSetting{681d2eb org.qtproject.example.contactlist/10252} -> PackageSetting{cac4e2d com.google.android.googlequicksearchbox/10148} BLOCKED
11-14 17:52:01.547 1472 1721 I AppsFilter: interaction: PackageSetting{2c049b9 org.qtproject.example.appmuu/10287} -> PackageSetting{cac4e2d com.google.android.googlequicksearchbox/10148} BLOCKED
11-14 17:52:01.547 1472 1721 I AppsFilter: interaction: PackageSetting{4264ce2 org.qtproject.example.qtbug98766_compat/10289} -> PackageSetting{cac4e2d com.google.android.googlequicksearchbox/10148} BLOCKED
11-14 17:52:01.547 1472 1721 I AppsFilter: interaction: PackageSetting{e48a5d7 org.qtproject.example.galleryexample/10265} -> PackageSetting{cac4e2d com.google.android.googlequicksearchbox/10148} BLOCKED
11-14 17:52:01.548 1472 1721 I AppsFilter: interaction: PackageSetting{32cb918 org.qtproject.example.objectlistmodelexample/10263} -> PackageSetting{cac4e2d com.google.android.googlequicksearchbox/10148} BLOCKED
11-14 17:52:01.548 1472 1721 I AppsFilter: interaction: PackageSetting{54ce4c9 org.qtproject.example.testFont/10270} -> PackageSetting{cac4e2d com.google.android.googlequicksearchbox/10148} BLOCKED
11-14 17:52:01.548 1472 1721 I AppsFilter: interaction: PackageSetting{d136cd0 org.qtproject.example.widgetdeom/10259} -> PackageSetting{cac4e2d com.google.android.googlequicksearchbox/10148} BLOCKED
11-14 17:52:01.548 1472 1721 I AppsFilter: interaction: PackageSetting{88b8d1b org.qtproject.example.declarative_camera/10253} -> PackageSetting{cac4e2d com.google.android.googlequicksearchbox/10148} BLOCKED
11-14 17:52:01.548 1472 1721 I AppsFilter: interaction: PackageSetting{2c76e2e org.qtproject.example.vulkanunderqmlapp/10292} -> PackageSetting{cac4e2d com.google.android.googlequicksearchbox/10148} BLOCKED
11-14 17:52:01.548 1472 1721 I AppsFilter: interaction: PackageSetting{246c121 com.test.ouluweather/10268} -> PackageSetting{cac4e2d com.google.android.googlequicksearchbox/10148} BLOCKED
11-14 17:52:01.548 1472 1721 I AppsFilter: interaction: PackageSetting{5638a6e com.google.android.microdroid.empty_payload/10246} -> PackageSetting{cac4e2d com.google.android.googlequicksearchbox/10148} BLOCKED
11-14 17:52:01.548 1472 1721 I AppsFilter: interaction: PackageSetting{b8bf670 org.qtproject.example.calendarwidget/10278} -> PackageSetting{cac4e2d com.google.android.googlequicksearchbox/10148} BLOCKED
11-14 17:52:01.548 1472 1721 I AppsFilter: interaction: PackageSetting{e574d7d org.qtproject.example.QTBUG97503/10284} -> PackageSetting{cac4e2d com.google.android.googlequicksearchbox/10148} BLOCKED
11-14 17:52:01.548 1472 1721 I AppsFilter: interaction: PackageSetting{59c4cd3 org.qtproject.example.unicode_bug/10280} -> PackageSetting{cac4e2d com.google.android.googlequicksearchbox/10148} BLOCKED
11-14 17:52:01.548 1472 1721 I AppsFilter: interaction: PackageSetting{277dda4 com.example.qtbug/10276} -> PackageSetting{cac4e2d com.google.android.googlequicksearchbox/10148} BLOCKED
11-14 17:52:01.548 1472 1721 I AppsFilter: interaction: PackageSetting{607ced1 org.qtproject.example.implicit_height/10275} -> PackageSetting{cac4e2d com.google.android.googlequicksearchbox/10148} BLOCKED
11-14 17:52:01.548 1472 1721 I AppsFilter: interaction: PackageSetting{a26c3f org.qtproject.example.simplemqttclient/10254} -> PackageSetting{cac4e2d com.google.android.googlequicksearchbox/10148} BLOCKED
11-14 17:52:01.548 1472 1721 I AppsFilter: interaction: PackageSetting{171305e org.qtproject.example.qtbug90324/10271} -> PackageSetting{cac4e2d com.google.android.googlequicksearchbox/10148} BLOCKED
11-14 17:52:01.548 1472 1721 I AppsFilter: interaction: PackageSetting{739d6f org.qtproject.example.qtbug87334/10247} -> PackageSetting{cac4e2d com.google.android.googlequicksearchbox/10148} BLOCKED
11-14 17:52:01.548 1472 1721 I AppsFilter: interaction: PackageSetting{d740599 org.qtproject.example.qtbug40728/10273} -> PackageSetting{cac4e2d com.google.android.googlequicksearchbox/10148} BLOCKED
11-14 17:52:01.548 1472 1721 I AppsFilter: interaction: PackageSetting{89b3c9d org.qtproject.example.Android_keyboard_cover/10283} -> PackageSetting{cac4e2d com.google.android.googlequicksearchbox/10148} BLOCKED
11-14 17:52:01.548 1472 1721 I AppsFilter: interaction: PackageSetting{fde6ec8 org.qtproject.example.appqtbug98776_for_qtbug114437/10281} -> PackageSetting{cac4e2d com.google.android.googlequicksearchbox/10148} BLOCKED
11-14 17:52:01.548 1472 1721 I AppsFilter: interaction: PackageSetting{2cd19b0 org.qtproject.example/10282} -> PackageSetting{cac4e2d com.google.android.googlequicksearchbox/10148} BLOCKED
11-14 17:52:01.548 1472 1721 I AppsFilter: interaction: PackageSetting{d382e57 org.qtproject.example.textfinder/10272} -> PackageSetting{cac4e2d com.google.android.googlequicksearchbox/10148} BLOCKED
11-14 17:52:01.548 1472 1721 I AppsFilter: interaction: PackageSetting{47d83f1 org.qtproject.example.openglunderqml/10251} -> PackageSetting{cac4e2d com.google.android.googlequicksearchbox/10148} BLOCKED
11-14 17:52:01.548 1472 1721 I AppsFilter: interaction: PackageSetting{143ef98 org.qtproject.example.texteditor/10285} -> PackageSetting{cac4e2d com.google.android.googlequicksearchbox/10148} BLOCKED
11-14 17:52:01.548 1472 1721 I AppsFilter: interaction: PackageSetting{59234ac org.qtproject.example.hellocube/10258} -> PackageSetting{cac4e2d com.google.android.googlequicksearchbox/10148} BLOCKED
11-14 17:52:01.548 1472 1721 I AppsFilter: interaction: PackageSetting{a174853 org.qtproject.example.texteditorexample/10290} -> PackageSetting{cac4e2d com.google.android.googlequicksearchbox/10148} BLOCKED
11-14 17:52:01.548 1472 1721 I AppsFilter: interaction: PackageSetting{2c11bbd org.qtproject.example.contactlistexample/10277} -> PackageSetting{cac4e2d com.google.android.googlequicksearchbox/10148} BLOCKED
11-14 17:52:01.548 1472 1721 I AppsFilter: interaction: PackageSetting{f13b073 org.qtproject.example.highdpi/10288} -> PackageSetting{cac4e2d com.google.android.googlequicksearchbox/10148} BLOCKED
11-14 17:52:01.548 1472 1721 I AppsFilter: interaction: PackageSetting{cae2aca org.qtproject.example.deleteme/10291} -> PackageSetting{cac4e2d com.google.android.googlequicksearchbox/10148} BLOCKED
11-14 17:52:01.548 1472 1721 I AppsFilter: interaction: PackageSetting{c514d9b org.qtproject.example.quickspeech/10274} -> PackageSetting{cac4e2d com.google.android.googlequicksearchbox/10148} BLOCKED
11-14 17:52:01.617 1472 1721 I PermissionManager: Permission ownership changed. Updating all permissions.
11-14 17:52:01.650 1472 1697 I ActivityManager: Killing 28917:com.google.android.googlequicksearchbox:interactor/u0a148 (adj 0): stop com.google.android.googlequicksearchbox due to installPackageLI
11-14 17:52:01.721 1472 1685 W Looper : Slow dispatch took 102ms android.fg h=android.os.Handler c= m=0
11-14 17:52:01.806 1472 1472 D VoiceInteractionServiceManager: onBindingDied to ComponentInfo{com.google.android.googlequicksearchbox/com.google.android.voiceinteraction.GsaVoiceInteractionService}
11-14 17:52:01.806 1472 1697 I ActivityManager: Killing 2724:com.google.android.googlequicksearchbox:train/u0a148 (adj 915): stop com.google.android.googlequicksearchbox due to installPackageLI
11-14 17:52:01.807 1472 1686 D DisplayManagerService: Drop pending events for gone uid 10148
11-14 17:52:01.918 1472 1697 I ActivityManager: Force stopping service ServiceRecord{965c695 u0 com.google.android.googlequicksearchbox/androidx.work.impl.background.gcm.WorkManagerGcmService}
11-14 17:52:01.921 1472 4946 W ActivityManager: Unbind failed: could not find connection for android.os.BinderProxy@48ddb77
11-14 17:52:01.922 1472 4786 V ActivityManager: Got obituary of 28917:com.google.android.googlequicksearchbox:interactor
11-14 17:52:01.922 1472 1987 V ActivityManager: Got obituary of 2724:com.google.android.googlequicksearchbox:train
11-14 17:52:01.922 1472 4801 V ActivityManager: Got obituary of 18766:com.google.android.googlequicksearchbox:search
11-14 17:52:08.365 1472 1697 D ActivityManager: sync unfroze 18747 com.google.audio.hearing.visualization.accessibility.scribe
11-14 17:52:08.368 1472 1697 D ActivityManager: sync unfroze 14998 com.google.android.projection.gearhead:car
11-14 17:52:08.369 1472 1697 D ActivityManager: sync unfroze 8763 com.google.android.accessibility.soundamplifier
11-14 17:52:08.371 1472 1697 D ActivityManager: sync unfroze 29482 com.google.android.deskclock
11-14 17:52:08.424 1472 1987 I ActivityManager: Process com.google.android.accessibility.soundamplifier (pid 8763) has died: cch+25 CEM
11-14 17:52:08.428 1472 1686 D DisplayManagerService: Drop pending events for gone uid 10162
11-14 17:52:08.468 1472 3644 I ActivityManager: Process com.google.android.deskclock (pid 29482) has died: cch+5 CEM
11-14 17:52:08.470 1472 1686 D DisplayManagerService: Drop pending events for gone uid 10182
11-14 17:52:08.499 1472 3644 I ActivityManager: Process com.google.audio.hearing.visualization.accessibility.scribe (pid 18747) has died: cch+75 CEM
11-14 17:52:08.502 1472 1686 D DisplayManagerService: Drop pending events for gone uid 10122
11-14 17:52:08.507 1472 3644 D ActivityManager: sync unfroze 8000 com.android.hotwordenrollment.okgoogle
11-14 17:52:08.508 1472 3644 D ActivityManager: sync unfroze 6495 com.google.android.hardwareinfo
11-14 17:52:08.509 1472 3644 D ActivityManager: sync unfroze 7906 com.android.imsserviceentitlement
11-14 17:52:08.510 1472 3644 D ActivityManager: sync unfroze 21005 com.google.android.webview:webview_apk
11-14 17:52:08.512 1472 3644 D ActivityManager: sync unfroze 1317 com.google.android.documentsui
11-14 17:52:08.513 1472 3644 D ActivityManager: sync unfroze 5382 com.android.externalstorage
11-14 17:52:08.514 1472 3644 D ActivityManager: sync unfroze 11432 com.android.shell
11-14 17:52:08.515 1472 3644 D ActivityManager: sync unfroze 1650 com.google.android.marvin.talkback
11-14 17:52:08.516 1472 3644 D ActivityManager: sync unfroze 8898 com.google.android.apps.wearables.maestro.companion
11-14 17:52:08.522 1472 3644 D ActivityManager: sync unfroze 8985 com.google.android.apps.accessibility.voiceaccess
11-14 17:52:08.524 1472 3644 D ActivityManager: sync unfroze 9034 com.google.android.calculator
11-14 17:52:08.526 1472 3644 D ActivityManager: sync unfroze 9135 com.google.android.apps.carrier.carrierwifi
11-14 17:52:08.527 1472 3644 D ActivityManager: sync unfroze 18570 com.google.android.soundpicker
11-14 17:52:08.529 1472 3644 D ActivityManager: sync unfroze 15085 com.google.android.projection.gearhead:primes_lifeboat
11-14 17:52:08.530 1472 3644 D ActivityManager: sync unfroze 4760 com.google.android.apps.wallpaper
11-14 17:52:08.531 1472 3644 D ActivityManager: sync unfroze 6090 com.google.android.uvexposurereporter
11-14 17:52:08.533 1472 3644 D ActivityManager: sync unfroze 7533 com.google.android.adservices.api
11-14 17:52:08.534 1472 3644 D ActivityManager: sync unfroze 6399 com.google.android.packageinstaller
11-14 17:52:08.536 1472 3644 D ActivityManager: sync unfroze 5791 com.google.android.webview:webview_service
11-14 17:52:08.538 1472 3644 D ActivityManager: sync unfroze 2726 com.google.android.carrier
11-14 17:52:08.540 1472 3644 D ActivityManager: sync unfroze 2005 com.google.android.flipendo
11-14 17:52:08.542 1472 3644 D ActivityManager: sync unfroze 16945 com.google.android.apps.turbo:aab
11-14 17:52:08.544 1472 3644 D ActivityManager: sync unfroze 12137 com.google.android.apps.betterbug
11-14 17:52:08.545 1472 3644 D ActivityManager: sync unfroze 18234 com.google.android.webview
11-14 17:52:08.546 1472 3644 D ActivityManager: sync unfroze 18456 com.google.android.apps.restore
11-14 17:52:08.547 1472 3644 D ActivityManager: sync unfroze 5139 com.android.providers.calendar
11-14 17:52:08.549 1472 3644 D ActivityManager: sync unfroze 8423 com.google.android.turboadapter
11-14 17:52:08.550 1472 3644 D ActivityManager: sync unfroze 11615 com.google.android.tts
