11-14 22:10:12.302 28736 28736 E AndroidRuntime: at org.qtproject.qt.android.QtDisplayManager$1.onDisplayChanged(QtDisplayManager.java:76)
11-14 22:10:12.302 28736 28736 E AndroidRuntime: at android.hardware.display.DisplayManagerGlobal$DisplayListenerDelegate.handleMessage(DisplayManagerGlobal.java:1163)
11-14 22:10:12.302 28736 28736 E AndroidRuntime: at android.hardware.display.DisplayManagerGlobal$DisplayListenerDelegate.lambda$sendDisplayEvent$0(DisplayManagerGlobal.java:1131)
11-14 22:10:12.302 28736 28736 E AndroidRuntime: at android.hardware.display.DisplayManagerGlobal$DisplayListenerDelegate.$r8$lambda$aO0d1U2yv7-42_0MvY8uEf7AtpE(Unknown Source:0)
11-14 22:10:12.302 28736 28736 E AndroidRuntime: at android.hardware.display.DisplayManagerGlobal$DisplayListenerDelegate$$ExternalSyntheticLambda0.run(Unknown Source:6)
11-14 22:10:12.302 28736 28736 E AndroidRuntime: at android.os.Handler.handleCallback(Handler.java:958)
11-14 22:10:12.302 28736 28736 E AndroidRuntime: at android.os.Handler.dispatchMessage(Handler.java:99)
11-14 22:10:12.302 28736 28736 E AndroidRuntime: at android.os.Looper.loopOnce(Looper.java:205)
11-14 22:10:12.302 28736 28736 E AndroidRuntime: at android.os.Looper.loop(Looper.java:294)
11-14 22:10:12.302 28736 28736 E AndroidRuntime: at android.app.ActivityThread.main(ActivityThread.java:8170)
11-14 22:10:12.302 28736 28736 E AndroidRuntime: at java.lang.reflect.Method.invoke(Native Method)
11-14 22:10:12.302 28736 28736 E AndroidRuntime: at com.android.internal.os.RuntimeInit$MethodAndArgsCaller.run(RuntimeInit.java:552)
11-14 22:10:12.302 28736 28736 E AndroidRuntime: at com.android.internal.os.ZygoteInit.main(ZygoteInit.java:971)
11-14 22:10:12.310 1472 28894 I DropBoxManagerService: add tag=data_app_crash isTagEnabled=true flags=0x2
11-14 22:10:12.311 1472 4950 W ActivityTaskManager: Force finishing activity org.qtproject.example.vulkanunderqmlapp/org.qtproject.qt.android.bindings.QtActivity
11-14 22:10:12.311 1942 1966 V WindowManagerShell: Transition requested: android.os.BinderProxy@305d533 TransitionRequestInfo { type = CLOSE, triggerTask = null, remoteTransition = null, displayChange = null }
11-14 22:10:12.312 1942 1966 E RecentsTransitionHandler: RecentsTransitionHandler.handleRequest: Unexpected transition request
11-14 22:10:12.317 1942 1966 V WindowManagerShell: onTransitionReady android.os.BinderProxy@305d533: {id=236 t=CLOSE f=0x10 r=[] c=[]}
11-14 22:10:12.318 1942 1966 V WindowManagerShell: No transition roots in (#236)android.os.BinderProxy@305d533 so abort
11-14 22:10:12.318 1472 1685 V WindowManager: Sent Transition #236 createdAt=11-14 22:10:12.311 via request=TransitionRequestInfo { type = CLOSE, triggerTask = null, remoteTransition = null, displayChange = null }
11-14 22:10:12.318 1942 1966 V WindowManagerShell: Transition animation finished (aborted=true), notifying core (#236)android.os.BinderProxy@305d533
11-14 22:10:12.318 1472 1685 V WindowManager: startWCT=WindowContainerTransaction { changes = {} hops = [] errorCallbackToken=null taskFragmentOrganizer=null }
11-14 22:10:12.318 1472 1685 V WindowManager: info={id=236 t=CLOSE f=0x10 r=[] c=[]}
11-14 22:10:12.323 1942 1966 V WindowManagerShell: All active transition animations finished
11-14 22:10:12.323 1472 1685 V WindowManager: Finish Transition #236: created at
11-14 22:10:12.311 collect-started=0.038ms request-sent=0.091ms started=5.187ms ready=5.186ms sent=6.206ms finished=10.504ms
11-14 22:10:12.372 1472 4949 W InputMethodManagerService: Ignoring hideSoftInput of uid 10218 : com.android.internal.inputmethod.IInputMethodClient$Stub$Proxy@eed1978
11-14 22:10:12.402 1472 1688 I DisplayDeviceRepository: Display device changed state: "Built-in Screen", OFF
11-14 22:10:12.407 1472 1715 I DreamManagerService: Entering dreamland.
11-14 22:10:12.408 1472 1715 I PowerManagerService: Dozing...
11-14 22:10:12.412 1472 1685 I DreamController: Starting dream: name=ComponentInfo{com.android.systemui/com.android.systemui.doze.DozeService}, isPreviewMode=false, canDoze=true, userId=0, reason='power manager request'
11-14 22:10:12.469 1472 1472 I PowerManagerService: onFlip(): Face up.
11-14 22:10:12.473 1472 1697 D ActivityManager: sync unfroze 19235 com.google.android.gms.unstable
11-14 22:10:12.495 1472 1807 D ActivityManager: freezing 2098 com.google.android.permissioncontroller
11-14 22:10:12.500 1472 2129 E JobScheduler.JobStatus: App com.google.android.inputmethod.latin became active but still in NEVER bucket
11-14 22:10:12.507 1472 1472 D BiometricService: Sensor ID(0), oemStrength: 15, updatedStrength: 15, modality: 2, state: 0, cookie: 0, sensorId 0, hasEnrollments: false cannot participate in Keystore operations
11-14 22:10:12.510 1472 2544 I WindowManager: WIN DEATH: Window{4915cb0 u0 org.qtproject.example.vulkanunderqmlapp/org.qtproject.qt.android.bindings.QtActivity}
11-14 22:10:12.512 595 28389 I keystore2: system/security/keystore2/src/authorization.rs:143 - on_lock_screen_event(r#LOCK, user_id=0, password.is_some()=false, unlocking_sids=Some([]))
11-14 22:10:12.512 595 28389 I keystore2: system/security/keystore2/src/super_key.rs:930 - Locking screen bound for user 0 sids []
11-14 22:10:12.514 1472 2557 I ActivityManager: Process org.qtproject.example.vulkanunderqmlapp (pid 28736) has died: cch CRE
11-14 22:10:12.516 1472 1686 D DisplayManagerService: Drop pending events for gone uid 10292
11-14 22:10:12.580 1472 2129 D SystemServerTiming: getUserSwitchability-0
11-14 22:10:12.580 1472 2129 D SystemServerTiming: TM.isInCall
11-14 22:10:12.580 1472 2129 D SystemServerTiming: hasUserRestriction-DISALLOW_USER_SWITCH
11-14 22:10:12.580 1472 2129 D SystemServerTiming: getInt-ALLOW_USER_SWITCHING_WHEN_SYSTEM_USER_LOCKED
11-14 22:10:12.580 1472 2129 D SystemServerTiming: isUserUnlocked-USER_SYSTEM
11-14 22:10:12.594 1472 2544 W AppOps : Noting op not finished: uid 10140 pkg com.google.android.gms code 113 startTime of in progress event=1699977010974
11-14 22:10:12.604 1472 4953 D SystemServerTiming: getUserSwitchability-0
11-14 22:10:12.604 1472 4953 D SystemServerTiming: TM.isInCall
11-14 22:10:12.604 1472 4953 D SystemServerTiming: hasUserRestriction-DISALLOW_USER_SWITCH
11-14 22:10:12.605 1472 4953 D SystemServerTiming: getInt-ALLOW_USER_SWITCHING_WHEN_SYSTEM_USER_LOCKED
11-14 22:10:12.605 1472 4953 D SystemServerTiming: isUserUnlocked-USER_SYSTEM
11-14 22:10:12.605 1472 4953 D SystemServerTiming: getUserSwitchability-0
11-14 22:10:12.605 1472 4953 D SystemServerTiming: TM.isInCall
11-14 22:10:12.605 1472 4953 D SystemServerTiming: hasUserRestriction-DISALLOW_USER_SWITCH
11-14 22:10:12.605 1472 4953 D SystemServerTiming: getInt-ALLOW_USER_SWITCHING_WHEN_SYSTEM_USER_LOCKED
11-14 22:10:12.605 1472 4953 D SystemServerTiming: isUserUnlocked-USER_SYSTEM
11-14 22:10:12.625 1472 2544 W AppOps : Noting op not finished: uid 10140 pkg com.google.android.gms code 113 startTime of in progress event=1699977010974
11-14 22:10:12.659 1472 2557 W AppOps : Noting op not finished: uid 10140 pkg com.google.android.gms code 79 startTime of in progress event=1699977029219
11-14 22:10:12.720 1472 2557 I DropBoxManagerService: add tag=platform_stats_bookmark isTagEnabled=true flags=0x2
11-14 22:10:12.729 595 28389 W keystore2: system/security/keystore2/src/remote_provisioning.rs:102 - Error occurred: system/security/keystore2/src/rkpd_client.rs:226: Trying to get to IRegistration service.
11-14 22:10:12.729 595 28389 W keystore2:
11-14 22:10:12.729 595 28389 W keystore2: Caused by:
11-14 22:10:12.729 595 28389 W keystore2: 0: system/security/keystore2/src/rkpd_client.rs:120: Trying to get IRPC name.
11-14 22:10:12.729 595 28389 W keystore2: 1: system/security/keystore2/src/globals.rs:443
11-14 22:10:12.729 595 28389 W keystore2: 2: Error::Km(r#HARDWARE_TYPE_UNAVAILABLE)
11-14 22:10:12.802 595 28389 E keystore2: system/security/keystore2/src/error.rs:180 - system/security/keystore2/src/security_level.rs:622
11-14 22:10:12.802 595 28389 E keystore2:
11-14 22:10:12.802 595 28389 E keystore2: Caused by:
11-14 22:10:12.802 595 28389 E keystore2: 0: system/security/keystore2/src/security_level.rs:620: While generating Key without explicit attestation key.
11-14 22:10:12.802 595 28389 E keystore2: 1: Error::Km(r#CANNOT_ATTEST_IDS)
11-14 22:10:12.858 1472 1821 I PowerGroup: Waking up power group from Dozing (groupId=0, uid=1000, reason=WAKE_REASON_POWER_BUTTON, details=android.policy:POWER)...
11-14 22:10:12.858 1472 1821 I PowerManagerService: Waking up from Dozing (uid=1000, reason=WAKE_REASON_POWER_BUTTON, details=android.policy:POWER)...
11-14 22:10:12.861 1472 1472 E ActivityManager: Cancel pending or running compactions as system is awake
11-14 22:10:12.864 1472 1715 I DreamManagerService: Gently waking up from dream.
11-14 22:10:12.872 1472 1715 I DisplayPowerController2[0]: Blocking screen on until initial contents have been drawn.
11-14 22:10:12.873 1472 1715 I DisplayBrightnessStrategySelector: Changing the DisplayBrightnessStrategy from ScreenOffBrightnessStrategy toInvalidBrightnessStrategy for display 0
11-14 22:10:12.880 1472 1715 V DisplayPowerController2[0]: Brightness [0.0037629898] reason changing to: 'screen_off_brightness_sensor', previous reason: 'screen_off'.
11-14 22:10:12.880 1472 1715 I DisplayPowerController2[0]: BrightnessEvent: disp=0, physDisp=local:4619827677550801152, brt=0.0037629898, initBrt=0.0, rcmdBrt=NaN, preBrt=NaN, lux=0.0, preLux=0.0, hbmMax=0.62, hbmMode=off, rbcStrength=50, thrmMax=1.0, powerFactor=1.0, wasShortTermModelActive=false, flags=, reason=screen_off_brightness_sensor, autoBrightness=true, strategy=InvalidBrightnessStrategy
11-14 22:10:12.881 1472 1688 I DisplayDeviceRepository: Display device changed state: "Built-in Screen", ON
11-14 22:10:12.883 1472 1472 I BrightnessSynchronizer: [328] New Update 0.0037629898(f) set brightness values: 2(i)
11-14 22:10:12.884 1472 1689 I DisplayDevice: [0] Layerstack set to 0 for local:4619827677550801152
11-14 22:10:12.885 1472 4953 I DreamManagerService: Leaving dreamland.
11-14 22:10:12.886 1472 1685 I DreamController: Stopping dream: name=ComponentInfo{com.android.systemui/com.android.systemui.doze.DozeService}, isPreviewMode=false, canDoze=true, userId=0, reason='finished self'(from 'power manager request')
11-14 22:10:12.887 1472 1472 I BrightnessSynchronizer: New PendingUpdate: {[329] 0.0037629898(f), mUpdatedTypes=0, mConfirmedTypes=0, mTimeUpdated=0}, prev=null
11-14 22:10:12.893 1472 1472 I BrightnessSynchronizer: Swallowing update of 2(i) by update: {[328] 0.0037629898(f), mUpdatedTypes=1, mConfirmedTypes=1, mTimeUpdated=364421441}
11-14 22:10:12.894 1472 1472 I BrightnessSynchronizer: Completed Update: {[328] 0.0037629898(f), mUpdatedTypes=1, mConfirmedTypes=1, mTimeUpdated=364421441}
11-14 22:10:12.936 1472 1715 V DisplayPowerController2[0]: Brightness [0.021475] reason changing to: 'automatic', previous reason: 'screen_off_brightness_sensor'.
11-14 22:10:12.936 1472 1715 I DisplayPowerController2[0]: BrightnessEvent: disp=0, physDisp=local:4619827677550801152, brt=0.021475, initBrt=0.0037629898, rcmdBrt=NaN, preBrt=NaN, lux=0.0, preLux=0.0, hbmMax=0.62, hbmMode=off, rbcStrength=50, thrmMax=1.0, powerFactor=1.0, wasShortTermModelActive=false, flags=, reason=automatic, autoBrightness=true, strategy=InvalidBrightnessStrategy
11-14 22:10:13.069 1472 1715 I DisplayPowerController2[0]: Unblocked screen on after 197 ms
11-14 22:10:13.070 1472 1688 I DisplayDeviceRepository: Display device changed state: "Built-in Screen", ON
11-14 22:10:13.074 1472 1472 I BrightnessSynchronizer: [330] New Update 0.021475(f) set brightness values: 6(i)
11-14 22:10:13.074 1472 1472 I BrightnessSynchronizer: New PendingUpdate: {[331] 0.021475(f), mUpdatedTypes=0, mConfirmedTypes=0, mTimeUpdated=0}, prev=null
11-14 22:10:13.074 1472 1715 W PowerManagerService: Screen on took 220 ms
11-14 22:10:13.075 1472 1472 I BrightnessSynchronizer: Swallowing update of 6(i) by update: {[330] 0.021475(f), mUpdatedTypes=1, mConfirmedTypes=1, mTimeUpdated=364421632}
11-14 22:10:13.075 1472 1472 I BrightnessSynchronizer: Completed Update: {[330] 0.021475(f), mUpdatedTypes=1, mConfirmedTypes=1, mTimeUpdated=364421632}
11-14 22:10:13.098 1472 1472 D WindowManager: powerPress: eventTime=364421412 interactive=true count=1 beganFromNonInteractive=true mShortPressOnPowerBehavior=1
11-14 22:10:13.310 595 28389 W keystore2: system/security/keystore2/src/remote_provisioning.rs:102 - Error occurred: system/security/keystore2/src/rkpd_client.rs:226: Trying to get to IRegistration service.
11-14 22:10:13.310 595 28389 W keystore2:
11-14 22:10:13.310 595 28389 W keystore2: Caused by:
11-14 22:10:13.310 595 28389 W keystore2: 0: system/security/keystore2/src/rkpd_client.rs:120: Trying to get IRPC name.
11-14 22:10:13.310 595 28389 W keystore2: 1: system/security/keystore2/src/globals.rs:443
11-14 22:10:13.310 595 28389 W keystore2: 2: Error::Km(r#HARDWARE_TYPE_UNAVAILABLE)
11-14 22:10:13.371 595 28389 E keystore2: system/security/keystore2/src/error.rs:180 - system/security/keystore2/src/security_level.rs:622
11-14 22:10:13.371 595 28389 E keystore2:
11-14 22:10:13.371 595 28389 E keystore2: Caused by:
11-14 22:10:13.371 595 28389 E keystore2: 0: system/security/keystore2/src/security_level.rs:620: While generating Key without explicit attestation key.
11-14 22:10:13.371 595 28389 E keystore2: 1: Error::Km(r#CANNOT_ATTEST_IDS)
11-14 22:10:13.814 1942 3355 D PowerUI : can't show warning due to - plugged: true status unknown: false
11-14 22:10:14.380 595 28389 W keystore2: system/security/keystore2/src/remote_provisioning.rs:102 - Error occurred: system/security/keystore2/src/rkpd_client.rs:226: Trying to get to IRegistration service.
11-14 22:10:14.380 595 28389 W keystore2:
11-14 22:10:14.380 595 28389 W keystore2: Caused by:
11-14 22:10:14.380 595 28389 W keystore2: 0: system/security/keystore2/src/rkpd_client.rs:120: Trying to get IRPC name.
11-14 22:10:14.380 595 28389 W keystore2: 1: system/security/keystore2/src/globals.rs:443
11-14 22:10:14.380 595 28389 W keystore2: 2: Error::Km(r#HARDWARE_TYPE_UNAVAILABLE)
11-14 22:10:14.426 595 28389 E keystore2: system/security/keystore2/src/error.rs:180 - system/security/keystore2/src/security_level.rs:622
11-14 22:10:14.426 595 28389 E keystore2:
11-14 22:10:14.426 595 28389 E keystore2: Caused by:
11-14 22:10:14.426 595 28389 E keystore2: 0: system/security/keystore2/src/security_level.rs:620: While generating Key without explicit attestation key.
11-14 22:10:14.426 595 28389 E keystore2: 1: Error::Km(r#CANNOT_ATTEST_IDS)
11-14 22:10:16.435 595 28389 W keystore2: system/security/keystore2/src/remote_provisioning.rs:102 - Error occurred: system/security/keystore2/src/rkpd_client.rs:226: Trying to get to IRegistration service.
11-14 22:10:16.435 595 28389 W keystore2:
11-14 22:10:16.435 595 28389 W keystore2: Caused by:
11-14 22:10:16.435 595 28389 W keystore2: 0: system/security/keystore2/src/rkpd_client.rs:120: Trying to get IRPC name.
11-14 22:10:16.435 595 28389 W keystore2: 1: system/security/keystore2/src/globals.rs:443
11-14 22:10:16.435 595 28389 W keystore2: 2: Error::Km(r#HARDWARE_TYPE_UNAVAILABLE)
11-14 22:10:16.509 595 28389 E keystore2: system/security/keystore2/src/error.rs:180 - system/security/keystore2/src/security_level.rs:622
11-14 22:10:16.509 595 28389 E keystore2:
11-14 22:10:16.509 595 28389 E keystore2: Caused by:
11-14 22:10:16.509 595 28389 E keystore2: 0: system/security/keystore2/src/security_level.rs:620: While generating Key without explicit attestation key.
11-14 22:10:16.509 595 28389 E keystore2: 1: Error::Km(r#CANNOT_ATTEST_IDS)
11-14 22:10:17.191 1472 2129 I LockSettingsService: Verifying lockscreen credential for user 0
11-14 22:10:17.262 1472 1844 D BiometricDeferredQueue: Fingerprint addPendingLockoutResetForUser: 0
11-14 22:10:17.283 1472 2129 I LockSettingsService: Successfully verified lockscreen credential for user 0
11-14 22:10:17.285 595 28389 I keystore2: system/security/keystore2/src/authorization.rs:143 - on_lock_screen_event(r#UNLOCK, user_id=0, password.is_some()=true, unlocking_sids=None)
11-14 22:10:17.304 595 28389 I keystore2: system/security/keystore2/src/super_key.rs:1141 - Trying to unlock when already unlocked.
11-14 22:10:17.304 1472 2129 D LockSettingsService: CE storage for user 0 is already unlocked
11-14 22:10:17.304 1472 2129 D LockSettingsService: unlockUser finished
11-14 22:10:17.304 1472 2129 D SystemServerTiming: finishUserUnlocking-0
11-14 22:10:17.304 1472 2129 W ActivityManager: UserLifecycleEvent 5 received without an active userJourneySession.
11-14 22:10:17.304 1472 2129 D LockSettingsService: unlockUser finished
11-14 22:10:17.305 1472 1844 D BiometricDeferredQueue: Processing pending resetLockouts(Generic)
11-14 22:10:17.305 1472 1844 D BiometricDeferredQueue: Resetting biometric lockout for user: 0
11-14 22:10:17.319 1472 2129 I LockSettingsService: Sending vendor auth secret to IAuthSecret HAL as user: 0
11-14 22:10:17.334 1472 1844 D BiometricService: resetLockout(userId=0, hat=present)
11-14 22:10:17.486 1942 1966 V WindowManagerShell: Transition requested: android.os.BinderProxy@165c334 TransitionRequestInfo { type = TO_BACK, triggerTask = null, remoteTransition = null, displayChange = null }
11-14 22:10:17.486 1472 2129 D ActivityTaskManager: Top Process State changed to PROCESS_STATE_TOP
11-14 22:10:17.486 1942 1966 E RecentsTransitionHandler: RecentsTransitionHandler.handleRequest: Unexpected transition request
11-14 22:10:17.518 1942 1966 V WindowManagerShell: onTransitionReady android.os.BinderProxy@165c334: {id=237 t=TO_BACK f=0x104 r=[0@Point(0, 0)] c=[{WCT{android.window.IWindowContainerToken$Stub$Proxy@cee6ed2} m=SHOW f=SHOW_WALLPAPER p=WCT{android.window.IWindowContainerToken$Stub$Proxy@fb55ba3} leash=Surface(name=Task=1)/@0x535dea0 sb=Rect(0, 0 - 1080, 2400) eb=Rect(0, 0 - 1080, 2400) d=0},{WCT{android.window.IWindowContainerToken$Stub$Proxy@184ba59} m=SHOW f=SHOW_WALLPAPER leash=Surface(name=DefaultTaskDisplayArea)/@0x20a61e sb=Rect(0, 0 - 1080, 2400) eb=Rect(0, 0 - 1080, 2400) d=0}]}
11-14 22:10:17.518 1942 1966 V WindowManagerShell: Playing animation for (#237)android.os.BinderProxy@165c334
11-14 22:10:17.518 1942 1966 V WindowManagerShell: try handler com.android.wm.shell.transition.DefaultMixedHandler@9baf2d2
11-14 22:10:17.518 1942 1966 V WindowManagerShell: try handler com.android.wm.shell.activityembedding.ActivityEmbeddingController@b018fa3
11-14 22:10:17.518 1942 1966 V WindowManagerShell: try handler com.android.wm.shell.recents.RecentsTransitionHandler@48002a0
11-14 22:10:17.518 1942 1966 V WindowManagerShell: RecentsTransitionHandler.startAnimation: no controller found
11-14 22:10:17.518 1942 1966 V WindowManagerShell: try handler com.android.wm.shell.pip.PipTransition@30e0e59
11-14 22:10:17.518 1942 1966 V WindowManagerShell: try handler com.android.wm.shell.splitscreen.StageCoordinator@7316a1e
11-14 22:10:17.518 1942 1966 V WindowManagerShell: try handler com.android.wm.shell.transition.RemoteTransitionHandler@f9382ff
11-14 22:10:17.519 1942 1966 V WindowManagerShell: Transition doesn't have explicit remote, search filters for match for {id=237 t=TO_BACK f=0x104 r=[0@Point(0, 0)] c=[{WCT{android.window.IWindowContainerToken$Stub$Proxy@cee6ed2} m=SHOW f=SHOW_WALLPAPER p=WCT{android.window.IWindowContainerToken$Stub$Proxy@fb55ba3} leash=Surface(name=Task=1)/@0x535dea0 sb=Rect(0, 0 - 1080, 2400) eb=Rect(0, 0 - 1080, 2400) d=0},{WCT{android.window.IWindowContainerToken$Stub$Proxy@184ba59} m=SHOW f=SHOW_WALLPAPER leash=Surface(name=DefaultTaskDisplayArea)/@0x20a61e sb=Rect(0, 0 - 1080, 2400) eb=Rect(0, 0 - 1080, 2400) d=0}]}
11-14 22:10:17.519 1942 1966 V WindowManagerShell: Checking filter Pair{{types=[] flags=0x0] notFlags=0x100 checks=[{atype=home independent=true modes=[OPEN,SHOW] flags=NONE mustBeTask=false order=TOP topActivity=ComponentInfo{com.google.android.apps.nexuslauncher/com.google.android.apps.nexuslauncher.NexusLauncherActivity}},{atype=standard independent=true modes=[CLOSE,HIDE] flags=NONE mustBeTask=false order=ANY topActivity=null}]} RemoteTransition { remoteTransition = android.window.IRemoteTransition$Stub$Proxy@c464077, appThread = android.app.IApplicationThread$Stub$Proxy@497e4e4, debugName = QuickstepLaunchHome }}
11-14 22:10:17.519 1942 1966 V WindowManagerShell: Checking filter Pair{{types=[] flags=0x40] notFlags=0x0 checks=[{atype=dream independent=false modes=[OPEN,SHOW] flags=OCCLUDES_KEYGUARD mustBeTask=false order=ANY topActivity=null},{NOT atype=undefined independent=false modes=[CLOSE,HIDE] flags=OCCLUDES_KEYGUARD mustBeTask=false order=ANY topActivity=null}]} RemoteTransition { remoteTransition = com.android.systemui.keyguard.KeyguardService$1@ef4f4b9, appThread = android.app.ActivityThread$ApplicationThread@3f2a8cc, debugName = KeyguardOccludeByDream }}
11-14 22:10:17.519 1942 1966 V WindowManagerShell: Checking filter Pair{{types=[KEYGUARD_UNOCCLUDE] flags=0x0] notFlags=0x0 checks=[]} RemoteTransition { remoteTransition = com.android.systemui.keyguard.KeyguardService$3@7730680, appThread = android.app.ActivityThread$ApplicationThread@3f2a8cc, debugName = KeyguardUnocclude }}
11-14 22:10:17.519 1942 1966 V WindowManagerShell: Checking filter Pair{{types=[KEYGUARD_OCCLUDE] flags=0x0] notFlags=0x0 checks=[]} RemoteTransition { remoteTransition = com.android.systemui.keyguard.KeyguardService$3@650b703, appThread = android.app.ActivityThread$ApplicationThread@3f2a8cc, debugName = KeyguardOcclude }}
11-14 22:10:17.519 1942 1966 V WindowManagerShell: Checking filter Pair{{types=[] flags=0x40] notFlags=0x0 checks=[{NOT atype=undefined independent=false modes=[OPEN,SHOW] flags=OCCLUDES_KEYGUARD mustBeTask=false order=ANY topActivity=null},{atype=undefined independent=false modes=[CLOSE,HIDE] flags=NONE mustBeTask=true order=ANY topActivity=null}]} RemoteTransition { remoteTransition = com.android.systemui.keyguard.KeyguardService$3@7730680, appThread = android.app.ActivityThread$ApplicationThread@3f2a8cc, debugName = KeyguardUnocclude }}
11-14 22:10:17.519 1942 1966 V WindowManagerShell: Checking filter Pair{{types=[] flags=0x40] notFlags=0x0 checks=[{atype=undefined independent=false modes=[OPEN,SHOW] flags=OCCLUDES_KEYGUARD mustBeTask=false order=ANY topActivity=null},{NOT atype=undefined independent=false modes=[CLOSE,HIDE] flags=OCCLUDES_KEYGUARD mustBeTask=false order=ANY topActivity=null}]} RemoteTransition { remoteTransition = com.android.systemui.keyguard.KeyguardService$3@650b703, appThread = android.app.ActivityThread$ApplicationThread@3f2a8cc, debugName = KeyguardOcclude }}
11-14 22:10:17.519 1942 1966 V WindowManagerShell: Checking filter Pair{{types=[] flags=0x100] notFlags=0x0 checks=[]} RemoteTransition { remoteTransition = com.android.systemui.keyguard.KeyguardService$1@d7a9bb2, appThread = android.app.ActivityThread$ApplicationThread@3f2a8cc, debugName = ExitKeyguard }}
11-14 22:10:17.519 1942 1966 D RemoteTransitionHandler: Found filterPair{{types=[] flags=0x100] notFlags=0x0 checks=[]} RemoteTransition { remoteTransition = com.android.systemui.keyguard.KeyguardService$1@d7a9bb2, appThread = android.app.ActivityThread$ApplicationThread@3f2a8cc, debugName = ExitKeyguard }}
11-14 22:10:17.519 1942 1966 V WindowManagerShell: Delegate animation for #237 to RemoteTransition { remoteTransition = com.android.systemui.keyguard.KeyguardService$1@d7a9bb2, appThread = android.app.ActivityThread$ApplicationThread@3f2a8cc, debugName = ExitKeyguard }
11-14 22:10:17.519 1472 1685 V WindowManager: Sent Transition #237 createdAt=11-14 22:10:17.485 via request=TransitionRequestInfo { type = TO_BACK, triggerTask = null, remoteTransition = null, displayChange = null }
11-14 22:10:17.519 1472 1685 V WindowManager: startWCT=WindowContainerTransaction { changes = {} hops = [] errorCallbackToken=null taskFragmentOrganizer=null }
11-14 22:10:17.520 1472 1685 V WindowManager: info={id=237 t=TO_BACK f=0x104 r=[0@Point(0, 0)] c=[{WCT{RemoteToken{b4e2d72 Task{d91fcd9 #1 type=home}}} m=SHOW f=SHOW_WALLPAPER p=WCT{RemoteToken{ee19fc7 DefaultTaskDisplayArea@210868897}} leash=Surface(name=Task=1)/@0x666b647 sb=Rect(0, 0 - 1080, 2400) eb=Rect(0, 0 - 1080, 2400) d=0},{WCT{RemoteToken{ee19fc7 DefaultTaskDisplayArea@210868897}} m=SHOW f=SHOW_WALLPAPER leash=Surface(name=DefaultTaskDisplayArea)/@0x79fbd86 sb=Rect(0, 0 - 1080, 2400) eb=Rect(0, 0 - 1080, 2400) d=0}]}
11-14 22:10:17.523 1942 1966 D KeyguardService: Starts IRemoteAnimationRunner: info={id=237 t=TO_BACK f=0x104 r=[0@Point(0, 0)] c=[{WCT{android.window.IWindowContainerToken$Stub$Proxy@cee6ed2} m=SHOW f=SHOW_WALLPAPER p=WCT{android.window.IWindowContainerToken$Stub$Proxy@fb55ba3} leash=Surface(name=Task=1)/@0x9b80eff sb=Rect(0, 0 - 1080, 2400) eb=Rect(0, 0 - 1080, 2400) d=0},{WCT{android.window.IWindowContainerToken$Stub$Proxy@184ba59} m=SHOW f=SHOW_WALLPAPER leash=Surface(name=DefaultTaskDisplayArea)/@0x2a44cc sb=Rect(0, 0 - 1080, 2400) eb=Rect(0, 0 - 1080, 2400) d=0}]}
11-14 22:10:17.525 1942 1966 V WindowManagerShell: animated by com.android.wm.shell.transition.RemoteTransitionHandler@f9382ff
11-14 22:10:17.667 1472 1472 D BiometricService: Sensor ID(0), oemStrength: 15, updatedStrength: 15, modality: 2, state: 0, cookie: 0, sensorId 0, hasEnrollments: false cannot participate in Keystore operations
11-14 22:10:17.668 595 28389 I keystore2: system/security/keystore2/src/authorization.rs:143 - on_lock_screen_event(r#UNLOCK, user_id=0, password.is_some()=false, unlocking_sids=Some([]))
11-14 22:10:17.672 1472 2557 D FingerprintProvider/default: Starting watchdog for fingerprint
11-14 22:10:17.673 1942 1942 D KeyguardService: Finish IRemoteAnimationRunner.
11-14 22:10:17.673 1942 1966 V WindowManagerShell: Transition animation finished (aborted=false), notifying core (#237)android.os.BinderProxy@165c334
11-14 22:10:17.673 1472 4959 D SystemServerTiming: getUserSwitchability-0
11-14 22:10:17.673 1472 4959 D SystemServerTiming: TM.isInCall
11-14 22:10:17.674 1472 4959 D SystemServerTiming: hasUserRestriction-DISALLOW_USER_SWITCH
11-14 22:10:17.674 1472 4959 D SystemServerTiming: getInt-ALLOW_USER_SWITCHING_WHEN_SYSTEM_USER_LOCKED
11-14 22:10:17.674 1472 4959 D SystemServerTiming: isUserUnlocked-USER_SYSTEM
11-14 22:10:17.675 1472 1685 V WindowManager: Finish Transition #237: created at
11-14 22:10:17.485 collect-started=0.12ms request-sent=0.303ms started=8.197ms ready=8.196ms sent=31.276ms finished=189.753ms
11-14 22:10:17.676 1942 1966 V WindowManagerShell: All active transition animations finished
11-14 22:10:18.208 1472 2129 D BiometricService: canAuthenticate: User=0, Caller=0, Authenticators=255
11-14 22:10:18.209 1472 2129 D BiometricService/PreAuthInfo: Package: com.google.android.gms Sensor ID: 0 Modality: 2 Status: 7
11-14 22:10:18.209 1472 2129 D BiometricService/PreAuthInfo: getCanAuthenticateInternal Modality: 2 AuthenticatorStatus: 7
11-14 22:10:18.209 1472 2129 D AuthService: canAuthenticate, userId: 0, callingUserId: 0, authenticators: 255, result: 11
11-14 22:10:18.210 1472 1807 D ActivityManager: freezing 19250 com.android.vending:instant_app_installer
11-14 22:10:18.213 1472 1807 D ActivityManager: freezing 19084 com.android.vending:background
11-14 22:10:18.214 1472 1807 D ActivityManager: freezing 19396 com.android.vending:quick_launch
11-14 22:10:19.393 1472 4959 W ActivityTaskManager: getApplicationThreadForTopActivity failed: Requested task not found
11-14 22:10:20.129 1472 4804 D CompatibilityChangeReporter: Compat change id reported: 265464455; UID 10292; state: DISABLED
11-14 22:10:20.129 1472 4804 D CompatibilityChangeReporter: Compat change id reported: 265452344; UID 10292; state: DISABLED
11-14 22:10:20.129 1472 4804 D CompatibilityChangeReporter: Compat change id reported: 266124927; UID 10292; state: DISABLED
11-14 22:10:20.129 1472 4804 D CompatibilityChangeReporter: Compat change id reported: 265451093; UID 10292; state: DISABLED
11-14 22:10:20.129 1472 4804 D CompatibilityChangeReporter: Compat change id reported: 265456536; UID 10292; state: DISABLED
11-14 22:10:20.129 1472 4804 D CompatibilityChangeReporter: Compat change id reported: 255940284; UID 10292; state: DISABLED
11-14 22:10:20.130 1472 4804 D CompatibilityChangeReporter: Compat change id reported: 236283604; UID 10292; state: DISABLED
11-14 22:10:20.130 1472 4804 D CompatibilityChangeReporter: Compat change id reported: 263959004; UID 10292; state: DISABLED
11-14 22:10:20.130 1472 4804 D CompatibilityChangeReporter: Compat change id reported: 264304459; UID 10292; state: DISABLED
11-14 22:10:20.130 1472 4804 D CompatibilityChangeReporter: Compat change id reported: 264301586; UID 10292; state: DISABLED
11-14 22:10:20.130 1472 4804 D CompatibilityChangeReporter: Compat change id reported: 254631730; UID 10292; state: DISABLED
11-14 22:10:20.130 1472 4804 D CompatibilityChangeReporter: Compat change id reported: 273509367; UID 10292; state: DISABLED
11-14 22:10:20.130 1472 4804 D CompatibilityChangeReporter: Compat change id reported: 263259275; UID 10292; state: DISABLED
11-14 22:10:20.130 1472 4804 D CompatibilityChangeReporter: Compat change id reported: 194480991; UID 10292; state: ENABLED
11-14 22:10:20.131 1472 4804 D CompatibilityChangeReporter: Compat change id reported: 174042980; UID 10292; state: DISABLED
11-14 22:10:20.132 1472 4804 D CompatibilityChangeReporter: Compat change id reported: 184838306; UID 10292; state: DISABLED
11-14 22:10:20.132 1472 4804 D CompatibilityChangeReporter: Compat change id reported: 185004937; UID 10292; state: DISABLED
11-14 22:10:20.132 1472 4804 D CompatibilityChangeReporter: Compat change id reported: 181136395; UID 10292; state: DISABLED
11-14 22:10:20.132 1472 4804 D CompatibilityChangeReporter: Compat change id reported: 174042936; UID 10292; state: DISABLED
11-14 22:10:20.134 1472 4804 D CompatibilityChangeReporter: Compat change id reported: 205907456; UID 10292; state: ENABLED
11-14 22:10:20.135 1472 4804 I ActivityTaskManager: START u0 {flg=0x10100000 cmp=org.qtproject.example.vulkanunderqmlapp/org.qtproject.qt.android.bindings.QtActivity} with LAUNCH_SINGLE_TOP from uid 2000 (realCallingUid=10218) (BAL_ALLOW_PENDING_INTENT) result code=0
11-14 22:10:20.135 1942 1966 V WindowManagerShell: Transition requested: android.os.BinderProxy@9eafae5 TransitionRequestInfo { type = OPEN, triggerTask = TaskInfo{userId=0 taskId=413 displayId=0 isRunning=true baseIntent=Intent { flg=0x10100000 cmp=org.qtproject.example.vulkanunderqmlapp/org.qtproject.qt.android.bindings.QtActivity } baseActivity=ComponentInfo{org.qtproject.example.vulkanunderqmlapp/org.qtproject.qt.android.bindings.QtActivity} topActivity=ComponentInfo{org.qtproject.example.vulkanunderqmlapp/org.qtproject.qt.android.bindings.QtActivity} origActivity=null realActivity=ComponentInfo{org.qtproject.example.vulkanunderqmlapp/org.qtproject.qt.android.bindings.QtActivity} numActivities=1 lastActiveTime=1910162648 supportsMultiWindow=true resizeMode=1 isResizeable=true minWidth=-1 minHeight=-1 defaultMinSize=220 token=WCT{android.window.IWindowContainerToken$Stub$Proxy@39cc9ba} topActivityType=1 pictureInPictureParams=null shouldDockBigOverlays=false launchIntoPipHostTaskId=-1 lastParentTaskIdBeforePip=-1 displayCutoutSafeInsets=Rect(0, 132 - 0, 0) topActivityInfo=ActivityInfo{f14c06b org.qtproject.qt.android.bindings.QtActivity} launchCookies=[] positionInParent=Point(0, 0) parentTaskId=-1 isFocused=false isVisible=false isSleeping=false topActivityInSizeCompat=false topActivityEligibleForLetterboxEducation= false topActivityLetterboxed= false isFromDoubleTap= false topActivityLetterboxVerticalPosition= -1 topActivityLetterboxHorizontalPosition= -1 topActivityLetterboxWidth=-1 topActivityLetterboxHeight=-1 locusId=null displayAreaFeatureId=1 cameraCompatControlState=hidden}, remoteTransition = RemoteTransition { remoteTransition = android.window.IRemoteTransition$Stub$Proxy@c38b7c8, appThread = android.app.IApplicationThread$Stub$Proxy@8d56061, debugName = QuickstepLaunch }, displayChange = null }
11-14 22:10:20.135 1942 1966 E RecentsTransitionHandler: RecentsTransitionHandler.handleRequest: Unexpected transition request
11-14 22:10:20.135 1942 1966 V WindowManagerShell: RemoteTransition directly requested for android.os.BinderProxy@9eafae5: RemoteTransition { remoteTransition = android.window.IRemoteTransition$Stub$Proxy@c38b7c8, appThread = android.app.IApplicationThread$Stub$Proxy@8d56061, debugName = QuickstepLaunch }
11-14 22:10:20.136 1472 1688 D CompatibilityChangeReporter: Compat change id reported: 135634846; UID 10292; state: DISABLED
11-14 22:10:20.136 1472 1688 D CompatibilityChangeReporter: Compat change id reported: 177438394; UID 10292; state: DISABLED
11-14 22:10:20.136 1472 1688 D CompatibilityChangeReporter: Compat change id reported: 135772972; UID 10292; state: DISABLED
11-14 22:10:20.136 1472 1688 D CompatibilityChangeReporter: Compat change id reported: 135754954; UID 10292; state: ENABLED
11-14 22:10:20.137 1472 1698 D CompatibilityChangeReporter: Compat change id reported: 143937733; UID 10292; state: ENABLED
11-14 22:10:20.141 1472 2129 D CompatibilityChangeReporter: Compat change id reported: 168419799; UID 10292; state: DISABLED
11-14 22:10:20.141 1472 2129 D CompatibilityChangeReporter: Compat change id reported: 273564678; UID 10292; state: DISABLED
11-14 22:10:20.143 1472 2129 D CoreBackPreview: Window{3afed5e u0 Splash Screen org.qtproject.example.vulkanunderqmlapp}: Setting back callback OnBackInvokedCallbackInfo{mCallback=android.window.IOnBackInvokedCallback$Stub$Proxy@d4afe0c, mPriority=0}
11-14 22:10:20.146 1472 1698 I ActivityManager: Start proc 28956:org.qtproject.example.vulkanunderqmlapp/u0a292 for next-top-activity {org.qtproject.example.vulkanunderqmlapp/org.qtproject.qt.android.bindings.QtActivity}
11-14 22:10:20.180 1942 1966 V WindowManagerShell: onTransitionReady android.os.BinderProxy@9eafae5: {id=238 t=OPEN f=0x0 r=[0@Point(0, 0)] c=[{WCT{android.window.IWindowContainerToken$Stub$Proxy@82cb7e0} m=SHOW f= leash=Surface(name=Task=413)/@0x250ba99 sb=Rect(0, 0 - 1080, 2400) eb=Rect(0, 0 - 1080, 2400) d=0},{WCT{android.window.IWindowContainerToken$Stub$Proxy@90415e} m=HIDE f=SHOW_WALLPAPER|TRANSLUCENT leash=Surface(name=Task=1)/@0xe0aa93f sb=Rect(0, 0 - 1080, 2400) eb=Rect(0, 0 - 1080, 2400) d=0}]}
11-14 22:10:20.180 1942 1966 V WindowManagerShell: Playing animation for (#238)android.os.BinderProxy@9eafae5
11-14 22:10:20.180 1942 1966 V WindowManagerShell: try firstHandler com.android.wm.shell.transition.DefaultMixedHandler@9baf2d2
11-14 22:10:20.180 1942 1966 V WindowManagerShell: Delegate animation for #238 to RemoteTransition { remoteTransition = android.window.IRemoteTransition$Stub$Proxy@c38b7c8, appThread = android.app.IApplicationThread$Stub$Proxy@8d56061, debugName = QuickstepLaunch }
11-14 22:10:20.180 1472 1685 V WindowManager: Sent Transition #238 createdAt=11-14 22:10:20.131 via request=TransitionRequestInfo { type = OPEN, triggerTask = TaskInfo{userId=0 taskId=413 displayId=0 isRunning=true baseIntent=Intent { flg=0x10100000 cmp=org.qtproject.example.vulkanunderqmlapp/org.qtproject.qt.android.bindings.QtActivity } baseActivity=ComponentInfo{org.qtproject.example.vulkanunderqmlapp/org.qtproject.qt.android.bindings.QtActivity} topActivity=ComponentInfo{org.qtproject.example.vulkanunderqmlapp/org.qtproject.qt.android.bindings.QtActivity} origActivity=null realActivity=ComponentInfo{org.qtproject.example.vulkanunderqmlapp/org.qtproject.qt.android.bindings.QtActivity} numActivities=1 lastActiveTime=1910162648 supportsMultiWindow=true resizeMode=1 isResizeable=true minWidth=-1 minHeight=-1 defaultMinSize=220 token=WCT{RemoteToken{84d9e25 Task{be02551 #413 type=standard A=10292:org.qtproject.example.vulkanunderqmlapp}}} topActivityType=1 pictureInPictureParams=null shouldDockBigOverlays=false launchIntoPipHostTaskId=-1 lastParentTaskIdBeforePip=-1 displayCutoutSafeInsets=Rect(0, 132 - 0, 0) topActivityInfo=ActivityInfo{2b64a36 org.qtproject.qt.android.bindings.QtActivity} launchCookies=[] positionInParent=Point(0, 0) parentTaskId=-1 isFocused=false isVisible=false isSleeping=false topActivityInSizeCompat=false topActivityEligibleForLetterboxEducation= false topActivityLetterboxed= false isFromDoubleTap= false topActivityLetterboxVerticalPosition= -1 topActivityLetterboxHorizontalPosition= -1 topActivityLetterboxWidth=-1 topActivityLetterboxHeight=-1 locusId=null displayAreaFeatureId=1 cameraCompatControlState=hidden}, remoteTransition = RemoteTransition { remoteTransition = android.window.IRemoteTransition$Stub$Proxy@dfe3d37, appThread = android.app.IApplicationThread$Stub$Proxy@b7102a4, debugName = QuickstepLaunch }, displayChange = null }
11-14 22:10:20.180 1472 1685 V WindowManager: startWCT=WindowContainerTransaction { changes = {} hops = [] errorCallbackToken=null taskFragmentOrganizer=null }
11-14 22:10:20.180 1472 1685 V WindowManager: info={id=238 t=OPEN f=0x0 r=[0@Point(0, 0)] c=[{WCT{RemoteToken{84d9e25 Task{be02551 #413 type=standard A=10292:org.qtproject.example.vulkanunderqmlapp}}} m=SHOW f= leash=Surface(name=Task=413)/@0x8afeef8 sb=Rect(0, 0 - 1080, 2400) eb=Rect(0, 0 - 1080, 2400) d=0},{WCT{RemoteToken{b4e2d72 Task{d91fcd9 #1 type=home}}} m=HIDE f=SHOW_WALLPAPER|TRANSLUCENT leash=Surface(name=Task=1)/@0x666b647 sb=Rect(0, 0 - 1080, 2400) eb=Rect(0, 0 - 1080, 2400) d=0}]}
11-14 22:10:20.181 1942 1966 V WindowManagerShell: animated by firstHandler
11-14 22:10:20.183 1472 4959 D CompatibilityChangeReporter: Compat change id reported: 170503758; UID 10292; state: ENABLED
11-14 22:10:20.225 1472 4953 I ActivityManager: Flag disabled. Ignoring finishAttachApplication from uid: 10292. pid: 28956
11-14 22:10:20.320 1472 4959 D CoreBackPreview: Window{183ace6 u0 org.qtproject.example.vulkanunderqmlapp/org.qtproject.qt.android.bindings.QtActivity}: Setting back callback OnBackInvokedCallbackInfo{mCallback=android.window.IOnBackInvokedCallback$Stub$Proxy@8644e7d, mPriority=0}
11-14 22:10:20.355 1472 2557 D CompatibilityChangeReporter: Compat change id reported: 214016041; UID 10292; state: ENABLED
11-14 22:10:20.516 595 5712 W keystore2: system/security/keystore2/src/remote_provisioning.rs:102 - Error occurred: system/security/keystore2/src/rkpd_client.rs:226: Trying to get to IRegistration service.
11-14 22:10:20.516 595 5712 W keystore2:
11-14 22:10:20.516 595 5712 W keystore2: Caused by:
11-14 22:10:20.516 595 5712 W keystore2: 0: system/security/keystore2/src/rkpd_client.rs:120: Trying to get IRPC name.
11-14 22:10:20.516 595 5712 W keystore2: 1: system/security/keystore2/src/globals.rs:443
11-14 22:10:20.516 595 5712 W keystore2: 2: Error::Km(r#HARDWARE_TYPE_UNAVAILABLE)
11-14 22:10:20.518 1942 1966 V WindowManagerShell: Transition animation finished (aborted=false), notifying core (#238)android.os.BinderProxy@9eafae5
11-14 22:10:20.521 1472 1685 V WindowManager: Finish Transition #238: created at
11-14 22:10:20.131 collect-started=0.071ms request-sent=3.624ms started=4.624ms ready=46.244ms sent=48.403ms finished=388.988ms
11-14 22:10:20.522 1942 1966 V WindowManagerShell: All active transition animations finished
11-14 22:10:20.538 1472 1696 I UsageStatsService: User[0] Rolling over usage stats
11-14 22:10:20.540 1472 1696 I UsageStatsService: User[0] Flushing usage stats to disk
11-14 22:10:20.543 1472 4959 W InputMethodManagerService: Ignoring hideSoftInput of uid 10218 : com.android.internal.inputmethod.IInputMethodClient$Stub$Proxy@2b14e9c
11-14 22:10:20.546 1472 4953 W InputMethodManagerService: Ignoring hideSoftInput of uid 10218 : com.android.internal.inputmethod.IInputMethodClient$Stub$Proxy@e972c7a
11-14 22:10:20.582 1472 1696 D IntervalStats: Unable to parse usage stats packages: [265, 267, 273, 290]
11-14 22:10:20.588 1472 1696 D IntervalStats: Unable to parse usage stats packages: [296, 311]
11-14 22:10:20.588 595 5712 E keystore2: system/security/keystore2/src/error.rs:180 - system/security/keystore2/src/security_level.rs:622
11-14 22:10:20.588 595 5712 E keystore2:
11-14 22:10:20.588 595 5712 E keystore2: Caused by:
11-14 22:10:20.588 595 5712 E keystore2: 0: system/security/keystore2/src/security_level.rs:620: While generating Key without explicit attestation key.
11-14 22:10:20.588 595 5712 E keystore2: 1: Error::Km(r#CANNOT_ATTEST_IDS)
11-14 22:10:20.598 1472 1696 D IntervalStats: Unable to parse usage stats packages: [265, 267, 273, 290, 292]
11-14 22:10:20.635 1472 1696 I UsageStatsService: User[0] Rollover scheduled @ 2023-11-15 22:10:20(1700079020538)
11-14 22:10:20.636 1472 1696 I UsageStatsService: User[0] Flushing usage stats to disk
11-14 22:10:20.654 1472 1696 I UsageStatsService: User[0] Rolling over usage stats complete. Took 116 milliseconds
11-14 22:10:20.664 1472 1797 D CompatibilityChangeReporter: Compat change id reported: 218533173; UID 10188; state: ENABLED
11-14 22:10:20.664 1472 1797 D CompatibilityChangeReporter: Compat change id reported: 262645982; UID 10188; state: DISABLED
11-14 22:10:20.664 1472 1797 D CompatibilityChangeReporter: Compat change id reported: 171306433; UID 10188; state: ENABLED
11-14 22:10:20.664 1472 1797 D CompatibilityChangeReporter: Compat change id reported: 226439802; UID 10188; state: ENABLED
11-14 22:10:20.665 1472 1797 D CompatibilityChangeReporter: Compat change id reported: 218533173; UID 10292; state: ENABLED
11-14 22:10:20.665 1472 1797 D CompatibilityChangeReporter: Compat change id reported: 262645982; UID 10292; state: DISABLED
11-14 22:10:20.704 1472 4953 D CoreBackPreview: Window{3afed5e u0 Splash Screen org.qtproject.example.vulkanunderqmlapp EXITING}: Setting back callback null
11-14 22:10:22.326 1472 1688 D CompatibilityChangeReporter: Compat change id reported: 181136395; UID 10292; state: DISABLED
11-14 22:10:22.326 1472 1688 D CompatibilityChangeReporter: Compat change id reported: 174042936; UID 10292; state: DISABLED
11-14 22:10:22.830 1472 1807 D ActivityManager: freezing 13655 com.android.vending
11-14 22:10:22.987 1472 1807 D ActivityManager: freezing 19235 com.google.android.gms.unstable
11-14 22:10:30.171 1472 1807 D ActivityManager: freezing 18421 com.google.android.apps.wellbeing
11-14 22:10:30.590 595 28904 I keystore2: system/security/keystore2/src/watchdog.rs:319 - Watchdog thread idle -> terminating. Have a great day.
11-14 22:10:30.627 1472 1472 D WindowManager: powerPress: eventTime=364439036 interactive=true count=1 beganFromNonInteractive=false mShortPressOnPowerBehavior=1
11-14 22:10:30.628 1472 1472 I PowerGroup: Powering off display group due to power_button (groupId= 0, uid= 1000, millisSinceLastUserActivity=10418, lastUserActivityEvent=touch)...
11-14 22:10:30.629 1472 1472 I PowerManagerService: Going to sleep due to power_button (uid 1000, screenOffTimeout=1800000, activityTimeoutWM=-1, maxDimRatio=0.20000005, maxDimDur=7000)...
11-14 22:10:31.119 1472 1715 I DisplayPowerController2[0]: Blocking screen off
11-14 22:10:31.119 1472 1715 I DisplayPowerController2[0]: Unblocked screen off after 0 ms
11-14 22:10:31.138 1472 1715 D ActivityTaskManager: Top Process State changed to PROCESS_STATE_TOP_SLEEPING
11-14 22:10:31.140 1942 1966 V WindowManagerShell: Transition requested: android.os.BinderProxy@e55f6a4 TransitionRequestInfo { type = SLEEP, triggerTask = null, remoteTransition = null, displayChange = null }
11-14 22:10:31.141 1472 1685 V WindowManager: Sent Transition #239 createdAt=11-14 22:10:31.139 via request=TransitionRequestInfo { type = SLEEP, triggerTask = null, remoteTransition = null, displayChange = null }
11-14 22:10:31.141 1472 1685 V WindowManager: startWCT=null
11-14 22:10:31.141 1472 1685 V WindowManager: info={id=239 t=SLEEP f=0x0 r=[] c=[]}
11-14 22:10:31.145 1472 4959 D CompatibilityChangeReporter: Compat change id reported: 197654537; UID 10292; state: ENABLED
11-14 22:10:31.146 1472 1694 W Transition: Transition already started id=239 state=2
11-14 22:10:31.147 1942 1966 V WindowManagerShell: onTransitionReady android.os.BinderProxy@e55f6a4: {id=239 t=SLEEP f=0x0 r=[] c=[]}
11-14 22:10:31.147 1942 1966 V WindowManagerShell: No transition roots in (#239)android.os.BinderProxy@e55f6a4 so abort
11-14 22:10:31.147 1942 1966 V WindowManagerShell: Transition animation finished (aborted=true), notifying core (#239)android.os.BinderProxy@e55f6a4
11-14 22:10:31.150 1942 1966 V WindowManagerShell: All active transition animations finished
11-14 22:10:31.150 1472 1685 V WindowManager: Finish Transition #239: created at
11-14 22:10:31.139 collect-started=0.158ms request-sent=0.41ms started=0.75ms ready=0.749ms sent=1.337ms finished=9.939ms
11-14 22:10:31.151 1472 1797 D CompatibilityChangeReporter: Compat change id reported: 265195908; UID 10292; state: ENABLED
11-14 22:10:31.154 1472 1715 I DisplayBrightnessStrategySelector: Changing the DisplayBrightnessStrategy from InvalidBrightnessStrategy toScreenOffBrightnessStrategy for display 0
11-14 22:10:31.162 1472 1715 V DisplayPowerController2[0]: Brightness [0.0] reason changing to: 'screen_off', previous reason: 'automatic'.
11-14 22:10:31.162 1472 1715 I DisplayPowerController2[0]: BrightnessEvent: disp=0, physDisp=local:4619827677550801152, brt=0.0, initBrt=0.021475, rcmdBrt=NaN, preBrt=NaN, lux=0.0, preLux=0.0, hbmMax=0.62, hbmMode=off, rbcStrength=50, thrmMax=1.0, powerFactor=1.0, wasShortTermModelActive=false, flags=, reason=screen_off, autoBrightness=true, strategy=ScreenOffBrightnessStrategy
11-14 22:10:31.163 1472 1688 I DisplayDeviceRepository: Display device changed state: "Built-in Screen", OFF
11-14 22:10:31.167 1472 1694 I DisplayDevice: [0] Layerstack set to -1 for local:4619827677550801152
11-14 22:10:31.202 28956 28956 E AndroidRuntime: FATAL EXCEPTION: main
11-14 22:10:31.202 28956 28956 E AndroidRuntime: Process: org.qtproject.example.vulkanunderqmlapp, PID: 28956
11-14 22:10:31.202 28956 28956 E AndroidRuntime: java.lang.NullPointerException: Attempt to invoke virtual method 'void org.qtproject.qt.android.QtLayout.setActivityDisplayRotation(int)' on a null object reference
11-14 22:10:31.202 28956 28956 E AndroidRuntime: at org.qtproject.qt.android.QtDisplayManager$1.onDisplayChanged(QtDisplayManager.java:76)
11-14 22:10:31.202 28956 28956 E AndroidRuntime: at android.hardware.display.DisplayManagerGlobal$DisplayListenerDelegate.handleMessage(DisplayManagerGlobal.java:1163)
11-14 22:10:31.202 28956 28956 E AndroidRuntime: at android.hardware.display.DisplayManagerGlobal$DisplayListenerDelegate.lambda$sendDisplayEvent$0(DisplayManagerGlobal.java:1131)
11-14 22:10:31.202 28956 28956 E AndroidRuntime: at android.hardware.display.DisplayManagerGlobal$DisplayListenerDelegate.$r8$lambda$aO0d1U2yv7-42_0MvY8uEf7AtpE(Unknown Source:0)
11-14 22:10:31.202 28956 28956 E AndroidRuntime: at android.hardware.display.DisplayManagerGlobal$DisplayListenerDelegate$$ExternalSyntheticLambda0.run(Unknown Source:6)
11-14 22:10:31.202 28956 28956 E AndroidRuntime: at android.os.Handler.handleCallback(Handler.java:958)
11-14 22:10:31.202 28956 28956 E AndroidRuntime: at android.os.Handler.dispatchMessage(Handler.java:99)
11-14 22:10:31.202 28956 28956 E AndroidRuntime: at android.os.Looper.loopOnce(Looper.java:205)
11-14 22:10:31.202 28956 28956 E AndroidRuntime: at android.os.Looper.loop(Looper.java:294)
11-14 22:10:31.202 28956 28956 E AndroidRuntime: at android.app.ActivityThread.main(ActivityThread.java:8170)
11-14 22:10:31.202 28956 28956 E AndroidRuntime: at java.lang.reflect.Method.invoke(Native Method)
11-14 22:10:31.202 28956 28956 E AndroidRuntime: at com.android.internal.os.RuntimeInit$MethodAndArgsCaller.run(RuntimeInit.java:552)
11-14 22:10:31.202 28956 28956 E AndroidRuntime: at com.android.internal.os.ZygoteInit.main(ZygoteInit.java:971)
11-14 22:10:31.213 1472 2544 W ActivityTaskManager: Force finishing activity org.qtproject.example.vulkanunderqmlapp/org.qtproject.qt.android.bindings.QtActivity
11-14 22:10:31.213 1472 29035 I DropBoxManagerService: add tag=data_app_crash isTagEnabled=true flags=0x2
11-14 22:10:31.213 1942 1966 V WindowManagerShell: Transition requested: android.os.BinderProxy@2982c0d TransitionRequestInfo { type = CLOSE, triggerTask = null, remoteTransition = null, displayChange = null }
11-14 22:10:31.214 1942 1966 E RecentsTransitionHandler: RecentsTransitionHandler.handleRequest: Unexpected transition request
11-14 22:10:31.223 1472 1685 V WindowManager: Sent Transition #240 createdAt=11-14 22:10:31.213 via request=TransitionRequestInfo { type = CLOSE, triggerTask = null, remoteTransition = null, displayChange = null }
11-14 22:10:31.223 1942 1966 V WindowManagerShell: onTransitionReady android.os.BinderProxy@2982c0d: {id=240 t=CLOSE f=0x10 r=[] c=[]}
11-14 22:10:31.223 1472 1685 V WindowManager: startWCT=WindowContainerTransaction { changes = {} hops = [] errorCallbackToken=null taskFragmentOrganizer=null }
11-14 22:10:31.223 1942 1966 V WindowManagerShell: No transition roots in (#240)android.os.BinderProxy@2982c0d so abort
11-14 22:10:31.223 1472 1685 V WindowManager: info={id=240 t=CLOSE f=0x10 r=[] c=[]}
11-14 22:10:31.224 1942 1966 V WindowManagerShell: Transition animation finished (aborted=true), notifying core (#240)android.os.BinderProxy@2982c0d
11-14 22:10:31.225 1942 1966 V WindowManagerShell: All active transition animations finished
11-14 22:10:31.226 1472 1685 V WindowManager: Finish Transition #240: created at
11-14 22:10:31.213 collect-started=0.059ms request-sent=0.163ms started=8.918ms ready=8.918ms sent=9.958ms finished=11.514ms
11-14 22:10:31.281 1472 4804 W InputMethodManagerService: Ignoring hideSoftInput of uid 10218 : com.android.internal.inputmethod.IInputMethodClient$Stub$Proxy@3d063bd
11-14 22:10:31.305 1472 1688 I DisplayDeviceRepository: Display device changed state: "Built-in Screen", OFF
11-14 22:10:31.308 1472 1715 I DreamManagerService: Entering dreamland.
11-14 22:10:31.309 1472 1715 I PowerManagerService: Dozing...
