11-14 17:50:35.445 1472 1472 I PackageWatchdog: Syncing health check requests for packages: {}
11-14 17:50:35.445 1472 1472 D ExplicitHealthCheckController: Getting health check supported packages
11-14 17:50:35.448 1472 4784 I ExplicitHealthCheckController: Explicit health check supported packages [PackageConfig{com.google.android.networkstack, 86400000}]
11-14 17:50:35.448 1472 4784 D PackageWatchdog: Received supported packages [PackageConfig{com.google.android.networkstack, 86400000}]
11-14 17:50:35.448 1472 4784 D ExplicitHealthCheckController: Getting health check requested packages
11-14 17:50:35.449 1472 4784 I ExplicitHealthCheckController: Explicit health check requested packages []
11-14 17:50:35.449 1472 4784 I ExplicitHealthCheckController: No more health check requests, unbinding...
11-14 17:50:35.450 1472 1813 I RescueParty: Starting to observe: [com.google.android.turboadapter, com.android.settings, com.android.systemui], updated namespace: adaptive_charging
11-14 17:50:35.451 1472 1696 I PackageWatchdog: Syncing state, reason: observing new packages
11-14 17:50:35.451 1472 1696 D PackageWatchdog: rescue-party-observer added the following packages to monitor [com.google.android.turboadapter, com.android.settings, com.android.systemui]
11-14 17:50:35.451 1472 1696 I PackageWatchdog: Syncing state, reason: updated observers
11-14 17:50:35.451 1472 1696 I PackageWatchdog: Not pruning observers, elapsed time: 0ms
11-14 17:50:35.451 1472 1696 I PackageWatchdog: Saving observer state to file
11-14 17:50:35.451 1472 4784 I ExplicitHealthCheckController: Explicit health check service is unbound
11-14 17:50:35.453 1472 1472 I PackageWatchdog: Syncing health check requests for packages: {}
11-14 17:50:35.453 1472 1472 I ExplicitHealthCheckController: Service not ready to get health check supported packages. Binding...
11-14 17:50:35.457 1472 1472 I ExplicitHealthCheckController: Explicit health check service is bound
11-14 17:50:35.461 1472 1472 I ExplicitHealthCheckController: Explicit health check service is connected ComponentInfo{com.google.android.ext.services/android.ext.services.watchdog.ExplicitHealthCheckServiceImpl}
11-14 17:50:35.462 1472 1472 I ExplicitHealthCheckController: Service initialized, syncing requests
11-14 17:50:35.462 1472 1472 I PackageWatchdog: Syncing health check requests for packages: {}
11-14 17:50:35.462 1472 1472 D ExplicitHealthCheckController: Getting health check supported packages
11-14 17:50:35.463 1472 4784 I ExplicitHealthCheckController: Explicit health check supported packages [PackageConfig{com.google.android.networkstack, 86400000}]
11-14 17:50:35.463 1472 4784 D PackageWatchdog: Received supported packages [PackageConfig{com.google.android.networkstack, 86400000}]
11-14 17:50:35.463 1472 4784 D ExplicitHealthCheckController: Getting health check requested packages
11-14 17:50:35.464 1472 4786 I ExplicitHealthCheckController: Explicit health check requested packages []
11-14 17:50:35.464 1472 4786 I ExplicitHealthCheckController: No more health check requests, unbinding...
11-14 17:50:35.465 1472 4786 I ExplicitHealthCheckController: Explicit health check service is unbound
11-14 17:50:35.491 1472 1813 I RescueParty: Starting to observe: [com.google.android.connectivitythermalpowermanager, com.android.systemui], updated namespace: connectivity_thermal_power_manager
11-14 17:50:35.491 1472 1696 I PackageWatchdog: Syncing state, reason: observing new packages
11-14 17:50:35.492 1472 1696 D PackageWatchdog: rescue-party-observer added the following packages to monitor [com.google.android.connectivitythermalpowermanager, com.android.systemui]
11-14 17:50:35.492 1472 1696 I PackageWatchdog: Syncing state, reason: updated observers
11-14 17:50:35.492 1472 1696 I PackageWatchdog: Saving observer state to file
11-14 17:50:35.502 1472 1472 I PackageWatchdog: Syncing health check requests for packages: {}
11-14 17:50:35.502 1472 1472 I ExplicitHealthCheckController: Service not ready to get health check supported packages. Binding...
11-14 17:50:35.504 1472 1472 I ExplicitHealthCheckController: Explicit health check service is bound
11-14 17:50:35.508 1472 1472 I ExplicitHealthCheckController: Explicit health check service is connected ComponentInfo{com.google.android.ext.services/android.ext.services.watchdog.ExplicitHealthCheckServiceImpl}
11-14 17:50:35.508 1472 1472 I ExplicitHealthCheckController: Service initialized, syncing requests
11-14 17:50:35.508 1472 1472 I PackageWatchdog: Syncing health check requests for packages: {}
11-14 17:50:35.508 1472 1472 D ExplicitHealthCheckController: Getting health check supported packages
11-14 17:50:35.511 1472 4938 I ExplicitHealthCheckController: Explicit health check supported packages [PackageConfig{com.google.android.networkstack, 86400000}]
11-14 17:50:35.511 1472 4938 D PackageWatchdog: Received supported packages [PackageConfig{com.google.android.networkstack, 86400000}]
11-14 17:50:35.511 1472 4938 D ExplicitHealthCheckController: Getting health check requested packages
11-14 17:50:35.512 1472 4938 I ExplicitHealthCheckController: Explicit health check requested packages []
11-14 17:50:35.513 1472 4938 I ExplicitHealthCheckController: No more health check requests, unbinding...
11-14 17:50:35.515 1472 4938 I ExplicitHealthCheckController: Explicit health check service is unbound
11-14 17:50:35.551 1472 1813 I RescueParty: Starting to observe: [com.google.android.adservices.api, android, com.android.systemui], updated namespace: adservices
11-14 17:50:35.552 1472 1696 I PackageWatchdog: Syncing state, reason: observing new packages
11-14 17:50:35.552 1472 1696 D PackageWatchdog: rescue-party-observer added the following packages to monitor [com.google.android.adservices.api, android, com.android.systemui]
11-14 17:50:35.552 1472 1696 I PackageWatchdog: Syncing state, reason: updated observers
11-14 17:50:35.552 1472 1696 I PackageWatchdog: Not pruning observers, elapsed time: 0ms
11-14 17:50:35.552 1472 1696 I PackageWatchdog: Saving observer state to file
11-14 17:50:35.552 1472 1472 I PackageWatchdog: Syncing health check requests for packages: {}
11-14 17:50:35.552 1472 1472 I ExplicitHealthCheckController: Service not ready to get health check supported packages. Binding...
11-14 17:50:35.557 1472 1472 I ExplicitHealthCheckController: Explicit health check service is bound
11-14 17:50:35.557 1472 1472 I PackageWatchdog: Syncing health check requests for packages: {}
11-14 17:50:35.557 1472 1472 I ExplicitHealthCheckController: Service not ready to get health check supported packages. Binding...
11-14 17:50:35.557 1472 1472 I ExplicitHealthCheckController: Not binding to service, service already connecting
11-14 17:50:35.566 1472 1472 I ExplicitHealthCheckController: Explicit health check service is connected ComponentInfo{com.google.android.ext.services/android.ext.services.watchdog.ExplicitHealthCheckServiceImpl}
11-14 17:50:35.566 1472 1472 I ExplicitHealthCheckController: Service initialized, syncing requests
11-14 17:50:35.577 1472 1472 I PackageWatchdog: Syncing health check requests for packages: {}
11-14 17:50:35.577 1472 1472 D ExplicitHealthCheckController: Getting health check supported packages
11-14 17:50:35.578 1472 4938 I ExplicitHealthCheckController: Explicit health check supported packages [PackageConfig{com.google.android.networkstack, 86400000}]
11-14 17:50:35.578 1472 4938 D PackageWatchdog: Received supported packages [PackageConfig{com.google.android.networkstack, 86400000}]
11-14 17:50:35.578 1472 4938 D ExplicitHealthCheckController: Getting health check requested packages
11-14 17:50:35.579 1472 4938 I ExplicitHealthCheckController: Explicit health check requested packages []
11-14 17:50:35.579 1472 4938 I ExplicitHealthCheckController: No more health check requests, unbinding...
11-14 17:50:35.580 1472 4938 I ExplicitHealthCheckController: Explicit health check service is unbound
11-14 17:50:35.600 1472 1813 I RescueParty: Starting to observe: [android, com.android.settings, com.android.providers.blockednumber, com.android.systemui, com.android.providers.contacts], updated namespace: app_cloning
11-14 17:50:35.600 1472 1696 I PackageWatchdog: Syncing state, reason: observing new packages
11-14 17:50:35.600 1472 1696 D PackageWatchdog: rescue-party-observer added the following packages to monitor [android, com.android.settings, com.android.providers.blockednumber, com.android.systemui, com.android.providers.contacts]
11-14 17:50:35.600 1472 1696 I PackageWatchdog: Syncing state, reason: updated observers
11-14 17:50:35.600 1472 1696 I PackageWatchdog: Not pruning observers, elapsed time: 0ms
11-14 17:50:35.600 1472 1696 I PackageWatchdog: Saving observer state to file
11-14 17:50:35.609 1472 1472 I PackageWatchdog: Syncing health check requests for packages: {}
11-14 17:50:35.609 1472 1472 I ExplicitHealthCheckController: Service not ready to get health check supported packages. Binding...
11-14 17:50:35.611 1472 1472 I ExplicitHealthCheckController: Explicit health check service is bound
11-14 17:50:35.614 1472 1472 I ExplicitHealthCheckController: Explicit health check service is connected ComponentInfo{com.google.android.ext.services/android.ext.services.watchdog.ExplicitHealthCheckServiceImpl}
11-14 17:50:35.614 1472 1472 I ExplicitHealthCheckController: Service initialized, syncing requests
11-14 17:50:35.614 1472 1472 I PackageWatchdog: Syncing health check requests for packages: {}
11-14 17:50:35.614 1472 1472 D ExplicitHealthCheckController: Getting health check supported packages
11-14 17:50:35.615 1472 4785 I ExplicitHealthCheckController: Explicit health check supported packages [PackageConfig{com.google.android.networkstack, 86400000}]
11-14 17:50:35.615 1472 4785 D PackageWatchdog: Received supported packages [PackageConfig{com.google.android.networkstack, 86400000}]
11-14 17:50:35.615 1472 4785 D ExplicitHealthCheckController: Getting health check requested packages
11-14 17:50:35.616 1472 4785 I ExplicitHealthCheckController: Explicit health check requested packages []
11-14 17:50:35.616 1472 4785 I ExplicitHealthCheckController: No more health check requests, unbinding...
11-14 17:50:35.617 1472 4785 I ExplicitHealthCheckController: Explicit health check service is unbound
11-14 17:50:35.626 1472 1813 I RescueParty: Starting to observe: [android, com.android.systemui], updated namespace: tare
11-14 17:50:35.626 1472 1696 I PackageWatchdog: Syncing state, reason: observing new packages
11-14 17:50:35.626 1472 1696 D PackageWatchdog: rescue-party-observer added the following packages to monitor [android, com.android.systemui]
11-14 17:50:35.626 1472 1696 I PackageWatchdog: Syncing state, reason: updated observers
11-14 17:50:35.626 1472 1696 I PackageWatchdog: Saving observer state to file
11-14 17:50:35.634 1472 1472 I PackageWatchdog: Syncing health check requests for packages: {}
11-14 17:50:35.634 1472 1472 I ExplicitHealthCheckController: Service not ready to get health check supported packages. Binding...
11-14 17:50:35.637 1472 1472 I ExplicitHealthCheckController: Explicit health check service is bound
11-14 17:50:35.642 1472 1472 I ExplicitHealthCheckController: Explicit health check service is connected ComponentInfo{com.google.android.ext.services/android.ext.services.watchdog.ExplicitHealthCheckServiceImpl}
11-14 17:50:35.642 1472 1472 I ExplicitHealthCheckController: Service initialized, syncing requests
11-14 17:50:35.643 1472 1472 I PackageWatchdog: Syncing health check requests for packages: {}
11-14 17:50:35.643 1472 1472 D ExplicitHealthCheckController: Getting health check supported packages
11-14 17:50:35.645 1472 4786 I ExplicitHealthCheckController: Explicit health check supported packages [PackageConfig{com.google.android.networkstack, 86400000}]
11-14 17:50:35.645 1472 4786 D PackageWatchdog: Received supported packages [PackageConfig{com.google.android.networkstack, 86400000}]
11-14 17:50:35.645 1472 4786 D ExplicitHealthCheckController: Getting health check requested packages
11-14 17:50:35.645 1472 4786 I ExplicitHealthCheckController: Explicit health check requested packages []
11-14 17:50:35.646 1472 4786 I ExplicitHealthCheckController: No more health check requests, unbinding...
11-14 17:50:35.647 1472 4786 I ExplicitHealthCheckController: Explicit health check service is unbound
11-14 17:50:35.664 1472 1813 I RescueParty: Starting to observe: [android, com.android.systemui], updated namespace: lmkd_native
11-14 17:50:35.665 1472 1696 I PackageWatchdog: Syncing state, reason: observing new packages
11-14 17:50:35.665 1472 1696 D PackageWatchdog: rescue-party-observer added the following packages to monitor [android, com.android.systemui]
11-14 17:50:35.665 1472 1696 I PackageWatchdog: Syncing state, reason: updated observers
11-14 17:50:35.665 1472 1696 I PackageWatchdog: Not pruning observers, elapsed time: 0ms
11-14 17:50:35.665 1472 1696 I PackageWatchdog: Saving observer state to file
11-14 17:50:35.685 1472 1472 I PackageWatchdog: Syncing health check requests for packages: {}
11-14 17:50:35.686 1472 1472 I ExplicitHealthCheckController: Service not ready to get health check supported packages. Binding...
11-14 17:50:35.691 1472 1472 I ExplicitHealthCheckController: Explicit health check service is bound
11-14 17:50:35.696 1472 1472 I ExplicitHealthCheckController: Explicit health check service is connected ComponentInfo{com.google.android.ext.services/android.ext.services.watchdog.ExplicitHealthCheckServiceImpl}
11-14 17:50:35.696 1472 1472 I ExplicitHealthCheckController: Service initialized, syncing requests
11-14 17:50:35.696 1472 1472 I PackageWatchdog: Syncing health check requests for packages: {}
11-14 17:50:35.696 1472 1472 D ExplicitHealthCheckController: Getting health check supported packages
11-14 17:50:35.697 1472 4784 I ExplicitHealthCheckController: Explicit health check supported packages [PackageConfig{com.google.android.networkstack, 86400000}]
11-14 17:50:35.698 1472 4784 D PackageWatchdog: Received supported packages [PackageConfig{com.google.android.networkstack, 86400000}]
11-14 17:50:35.698 1472 4784 D ExplicitHealthCheckController: Getting health check requested packages
11-14 17:50:35.698 1472 4784 I ExplicitHealthCheckController: Explicit health check requested packages []
11-14 17:50:35.698 1472 4784 I ExplicitHealthCheckController: No more health check requests, unbinding...
11-14 17:50:35.700 1472 4784 I ExplicitHealthCheckController: Explicit health check service is unbound
11-14 17:50:35.729 1472 1813 I RescueParty: Starting to observe: [android, com.android.settings, com.android.systemui], updated namespace: auto_pin_confirmation
11-14 17:50:35.729 1472 1696 I PackageWatchdog: Syncing state, reason: observing new packages
11-14 17:50:35.729 1472 1696 D PackageWatchdog: rescue-party-observer added the following packages to monitor [android, com.android.settings, com.android.systemui]
11-14 17:50:35.729 1472 1696 I PackageWatchdog: Syncing state, reason: updated observers
11-14 17:50:35.729 1472 1696 I PackageWatchdog: Not pruning observers, elapsed time: 0ms
11-14 17:50:35.729 1472 1696 I PackageWatchdog: Saving observer state to file
11-14 17:50:35.740 1472 1813 I RescueParty: Starting to observe: [com.android.systemui], updated namespace: launcher_lily
11-14 17:50:35.742 1472 1472 I PackageWatchdog: Syncing health check requests for packages: {}
11-14 17:50:35.742 1472 1472 I ExplicitHealthCheckController: Service not ready to get health check supported packages. Binding...
11-14 17:50:35.743 1472 1696 I PackageWatchdog: Syncing state, reason: observing new packages
11-14 17:50:35.743 1472 1696 D PackageWatchdog: rescue-party-observer added the following packages to monitor [com.android.systemui]
11-14 17:50:35.743 1472 1696 I PackageWatchdog: Syncing state, reason: updated observers
11-14 17:50:35.743 1472 1696 I PackageWatchdog: Not pruning observers, elapsed time: 0ms
11-14 17:50:35.743 1472 1696 I PackageWatchdog: Saving observer state to file
11-14 17:50:35.746 1472 1472 I ExplicitHealthCheckController: Explicit health check service is bound
11-14 17:50:35.747 1472 1472 I PackageWatchdog: Syncing health check requests for packages: {}
11-14 17:50:35.747 1472 1472 I ExplicitHealthCheckController: Service not ready to get health check supported packages. Binding...
11-14 17:50:35.747 1472 1472 I ExplicitHealthCheckController: Not binding to service, service already connecting
11-14 17:50:35.751 1472 1472 I ExplicitHealthCheckController: Explicit health check service is connected ComponentInfo{com.google.android.ext.services/android.ext.services.watchdog.ExplicitHealthCheckServiceImpl}
11-14 17:50:35.751 1472 1472 I ExplicitHealthCheckController: Service initialized, syncing requests
11-14 17:50:35.751 1472 1472 I PackageWatchdog: Syncing health check requests for packages: {}
11-14 17:50:35.751 1472 1472 D ExplicitHealthCheckController: Getting health check supported packages
11-14 17:50:35.752 1472 4784 I ExplicitHealthCheckController: Explicit health check supported packages [PackageConfig{com.google.android.networkstack, 86400000}]
11-14 17:50:35.752 1472 4784 D PackageWatchdog: Received supported packages [PackageConfig{com.google.android.networkstack, 86400000}]
11-14 17:50:35.752 1472 4784 D ExplicitHealthCheckController: Getting health check requested packages
11-14 17:50:35.753 1472 4784 I ExplicitHealthCheckController: Explicit health check requested packages []
11-14 17:50:35.753 1472 4784 I ExplicitHealthCheckController: No more health check requests, unbinding...
11-14 17:50:35.754 1472 4784 I ExplicitHealthCheckController: Explicit health check service is unbound
11-14 17:50:35.754 1472 1813 I RescueParty: Starting to observe: [com.android.hbmsvmanager, android, com.android.systemui], updated namespace: display_manager
11-14 17:50:35.754 1472 1696 I PackageWatchdog: Syncing state, reason: observing new packages
11-14 17:50:35.755 1472 1696 D PackageWatchdog: rescue-party-observer added the following packages to monitor [com.android.hbmsvmanager, android, com.android.systemui]
11-14 17:50:35.755 1472 1696 I PackageWatchdog: Syncing state, reason: updated observers
11-14 17:50:35.755 1472 1696 I PackageWatchdog: Not pruning observers, elapsed time: 0ms
11-14 17:50:35.755 1472 1696 I PackageWatchdog: Saving observer state to file
11-14 17:50:35.759 1472 1715 W BrightnessThrottler: DeviceConfig ThermalBrightnessThrottlingData is null
11-14 17:50:35.760 1472 1472 I PackageWatchdog: Syncing health check requests for packages: {}
11-14 17:50:35.760 1472 1472 I ExplicitHealthCheckController: Service not ready to get health check supported packages. Binding...
11-14 17:50:35.766 1472 1472 I ExplicitHealthCheckController: Explicit health check service is bound
11-14 17:50:35.768 1472 1813 I RescueParty: Starting to observe: [android, com.android.systemui], updated namespace: media_native
11-14 17:50:35.768 1472 1472 I ExplicitHealthCheckController: Explicit health check service is connected ComponentInfo{com.google.android.ext.services/android.ext.services.watchdog.ExplicitHealthCheckServiceImpl}
11-14 17:50:35.768 1472 1472 I ExplicitHealthCheckController: Service initialized, syncing requests
11-14 17:50:35.769 1472 1696 I PackageWatchdog: Syncing state, reason: observing new packages
11-14 17:50:35.770 1472 1696 D PackageWatchdog: rescue-party-observer added the following packages to monitor [android, com.android.systemui]
11-14 17:50:35.770 1472 1696 I PackageWatchdog: Syncing state, reason: updated observers
11-14 17:50:35.770 1472 1696 I PackageWatchdog: Saving observer state to file
11-14 17:50:35.779 1472 1813 I RescueParty: Starting to observe: [android, com.android.systemui], updated namespace: biometrics
11-14 17:50:35.779 1472 1696 I PackageWatchdog: Syncing state, reason: observing new packages
11-14 17:50:35.779 1472 1696 D PackageWatchdog: rescue-party-observer added the following packages to monitor [android, com.android.systemui]
11-14 17:50:35.779 1472 1696 I PackageWatchdog: Syncing state, reason: updated observers
11-14 17:50:35.779 1472 1696 I PackageWatchdog: Saving observer state to file
11-14 17:50:35.788 1472 1472 I PackageWatchdog: Syncing health check requests for packages: {}
11-14 17:50:35.788 1472 1472 D ExplicitHealthCheckController: Getting health check supported packages
11-14 17:50:35.789 1472 4785 I ExplicitHealthCheckController: Explicit health check supported packages [PackageConfig{com.google.android.networkstack, 86400000}]
11-14 17:50:35.789 1472 4785 D PackageWatchdog: Received supported packages [PackageConfig{com.google.android.networkstack, 86400000}]
11-14 17:50:35.789 1472 4785 D ExplicitHealthCheckController: Getting health check requested packages
11-14 17:50:35.790 1472 4785 I ExplicitHealthCheckController: Explicit health check requested packages []
11-14 17:50:35.790 1472 4785 I ExplicitHealthCheckController: No more health check requests, unbinding...
11-14 17:50:35.792 1472 4785 I ExplicitHealthCheckController: Explicit health check service is unbound
11-14 17:50:35.792 1472 1813 I RescueParty: Starting to observe: [com.android.systemui], updated namespace: twoshay_native
11-14 17:50:35.793 1472 1696 I PackageWatchdog: Syncing state, reason: observing new packages
11-14 17:50:35.793 1472 1696 D PackageWatchdog: rescue-party-observer added the following packages to monitor [com.android.systemui]
11-14 17:50:35.793 1472 1696 I PackageWatchdog: Syncing state, reason: updated observers
11-14 17:50:35.793 1472 1696 I PackageWatchdog: Not pruning observers, elapsed time: 0ms
11-14 17:50:35.793 1472 1696 I PackageWatchdog: Saving observer state to file
11-14 17:50:35.799 1472 1472 I PackageWatchdog: Syncing health check requests for packages: {}
11-14 17:50:35.799 1472 1472 I ExplicitHealthCheckController: Service not ready to get health check supported packages. Binding...
11-14 17:50:35.803 1472 1472 I ExplicitHealthCheckController: Explicit health check service is bound
11-14 17:50:35.806 1472 1472 I ExplicitHealthCheckController: Explicit health check service is connected ComponentInfo{com.google.android.ext.services/android.ext.services.watchdog.ExplicitHealthCheckServiceImpl}
11-14 17:50:35.807 1472 1472 I ExplicitHealthCheckController: Service initialized, syncing requests
11-14 17:50:35.807 1472 1472 I PackageWatchdog: Syncing health check requests for packages: {}
11-14 17:50:35.807 1472 1472 D ExplicitHealthCheckController: Getting health check supported packages
11-14 17:50:35.810 1472 4785 I ExplicitHealthCheckController: Explicit health check supported packages [PackageConfig{com.google.android.networkstack, 86400000}]
11-14 17:50:35.810 1472 4785 D PackageWatchdog: Received supported packages [PackageConfig{com.google.android.networkstack, 86400000}]
11-14 17:50:35.810 1472 4785 D ExplicitHealthCheckController: Getting health check requested packages
11-14 17:50:35.812 1472 4786 I ExplicitHealthCheckController: Explicit health check requested packages []
11-14 17:50:35.812 1472 4786 I ExplicitHealthCheckController: No more health check requests, unbinding...
11-14 17:50:35.814 1472 4786 I ExplicitHealthCheckController: Explicit health check service is unbound
11-14 17:50:35.821 1472 1813 I RescueParty: Starting to observe: [android, com.android.systemui], updated namespace: activity_manager
11-14 17:50:35.822 1472 1696 I PackageWatchdog: Syncing state, reason: observing new packages
11-14 17:50:35.822 1472 1696 D PackageWatchdog: rescue-party-observer added the following packages to monitor [android, com.android.systemui]
11-14 17:50:35.822 1472 1696 I PackageWatchdog: Syncing state, reason: updated observers
11-14 17:50:35.822 1472 1696 I PackageWatchdog: Not pruning observers, elapsed time: 0ms
11-14 17:50:35.822 1472 1696 I PackageWatchdog: Saving observer state to file
11-14 17:50:35.827 1472 1472 I PackageWatchdog: Syncing health check requests for packages: {}
11-14 17:50:35.827 1472 1472 I ExplicitHealthCheckController: Service not ready to get health check supported packages. Binding...
11-14 17:50:35.834 1472 1472 I ExplicitHealthCheckController: Explicit health check service is bound
11-14 17:50:35.842 1472 1472 I ExplicitHealthCheckController: Explicit health check service is connected ComponentInfo{com.google.android.ext.services/android.ext.services.watchdog.ExplicitHealthCheckServiceImpl}
11-14 17:50:35.843 1472 1472 I ExplicitHealthCheckController: Service initialized, syncing requests
11-14 17:50:35.843 1472 1472 I PackageWatchdog: Syncing health check requests for packages: {}
11-14 17:50:35.843 1472 1472 D ExplicitHealthCheckController: Getting health check supported packages
11-14 17:50:35.845 1472 4786 I ExplicitHealthCheckController: Explicit health check supported packages [PackageConfig{com.google.android.networkstack, 86400000}]
11-14 17:50:35.845 1472 4786 D PackageWatchdog: Received supported packages [PackageConfig{com.google.android.networkstack, 86400000}]
11-14 17:50:35.845 1472 4786 D ExplicitHealthCheckController: Getting health check requested packages
11-14 17:50:35.850 1472 1472 I AutofillManagerService: Ignoring change on package_deny_list_for_unimportant_view
11-14 17:50:35.851 1472 4785 I ExplicitHealthCheckController: Explicit health check requested packages []
11-14 17:50:35.852 1472 4785 I ExplicitHealthCheckController: No more health check requests, unbinding...
11-14 17:50:35.854 1472 4785 I ExplicitHealthCheckController: Explicit health check service is unbound
11-14 17:50:35.855 1472 1472 I AutofillManagerService: Ignoring change on trigger_fill_request_on_filtered_important_views
11-14 17:50:35.855 1472 1472 I AutofillManagerService: Ignoring change on package_and_activity_allowlist_for_triggering_fill_request
11-14 17:50:35.855 1472 1472 I AutofillManagerService: Ignoring change on multiline_filter_enabled
11-14 17:50:35.855 1472 1472 I AutofillManagerService: Ignoring change on augmented_autofill_mode
11-14 17:50:35.855 1472 1472 I AutofillManagerService: Ignoring change on autofill_dialog_hints
11-14 17:50:35.855 1472 1472 I AutofillManagerService: Ignoring change on include_all_views_in_assist_structure
11-14 17:50:35.855 1472 1472 I AutofillManagerService: Ignoring change on should_enable_autofill_on_all_view_types
11-14 17:50:35.856 1472 1472 I AutofillManagerService: Ignoring change on autofill_save_dialog_landscape_body_height_max_percent
11-14 17:50:35.856 1472 1472 I AutofillManagerService: Ignoring change on non_autofillable_ime_action_ids
11-14 17:50:35.856 1472 1472 I AutofillManagerService: Ignoring change on autofill_save_dialog_portrait_body_height_max_percent
11-14 17:50:35.856 1472 1472 I AutofillManagerService: Ignoring change on include_all_autofill_type_not_none_views_in_assist_structure
11-14 17:50:35.856 1472 1472 I AutofillManagerService: Ignoring change on trigger_fill_request_on_unimportant_view
11-14 17:50:35.856 1472 1472 I AutofillManagerService: Ignoring change on autofill_dialog_enabled
11-14 17:50:35.857 1472 1813 I RescueParty: Starting to observe: [com.android.systemui], updated namespace: on_device_personalization
11-14 17:50:35.858 1472 1696 I PackageWatchdog: Syncing state, reason: observing new packages
11-14 17:50:35.858 1472 1696 D PackageWatchdog: rescue-party-observer added the following packages to monitor [com.android.systemui]
11-14 17:50:35.858 1472 1696 I PackageWatchdog: Syncing state, reason: updated observers
11-14 17:50:35.858 1472 1696 I PackageWatchdog: Not pruning observers, elapsed time: 0ms
11-14 17:50:35.858 1472 1696 I PackageWatchdog: Saving observer state to file
11-14 17:50:35.867 1472 1472 I PackageWatchdog: Syncing health check requests for packages: {}
11-14 17:50:35.867 1472 1472 I ExplicitHealthCheckController: Service not ready to get health check supported packages. Binding...
11-14 17:50:35.870 1472 1472 I ExplicitHealthCheckController: Explicit health check service is bound
11-14 17:50:35.875 1472 1472 I ExplicitHealthCheckController: Explicit health check service is connected ComponentInfo{com.google.android.ext.services/android.ext.services.watchdog.ExplicitHealthCheckServiceImpl}
11-14 17:50:35.876 1472 1472 I ExplicitHealthCheckController: Service initialized, syncing requests
11-14 17:50:35.876 1472 1472 I PackageWatchdog: Syncing health check requests for packages: {}
11-14 17:50:35.876 1472 1472 D ExplicitHealthCheckController: Getting health check supported packages
11-14 17:50:35.878 1472 4786 I ExplicitHealthCheckController: Explicit health check supported packages [PackageConfig{com.google.android.networkstack, 86400000}]
11-14 17:50:35.878 1472 4786 D PackageWatchdog: Received supported packages [PackageConfig{com.google.android.networkstack, 86400000}]
11-14 17:50:35.878 1472 4786 D ExplicitHealthCheckController: Getting health check requested packages
11-14 17:50:35.878 1472 4786 I ExplicitHealthCheckController: Explicit health check requested packages []
11-14 17:50:35.878 1472 4786 I ExplicitHealthCheckController: No more health check requests, unbinding...
11-14 17:50:35.881 1472 4786 I ExplicitHealthCheckController: Explicit health check service is unbound
11-14 17:50:35.896 1472 1813 I RescueParty: Starting to observe: [com.google.android.odad, com.android.systemui], updated namespace: odad
11-14 17:50:35.896 1472 1696 I PackageWatchdog: Syncing state, reason: observing new packages
11-14 17:50:35.896 1472 1696 D PackageWatchdog: rescue-party-observer added the following packages to monitor [com.google.android.odad, com.android.systemui]
11-14 17:50:35.896 1472 1696 I PackageWatchdog: Syncing state, reason: updated observers
11-14 17:50:35.896 1472 1696 I PackageWatchdog: Not pruning observers, elapsed time: 0ms
11-14 17:50:35.896 1472 1696 I PackageWatchdog: Saving observer state to file
11-14 17:50:35.905 1472 1472 I PackageWatchdog: Syncing health check requests for packages: {}
11-14 17:50:35.905 1472 1472 I ExplicitHealthCheckController: Service not ready to get health check supported packages. Binding...
11-14 17:50:35.909 1472 1472 I ExplicitHealthCheckController: Explicit health check service is bound
11-14 17:50:35.912 1472 1472 I ExplicitHealthCheckController: Explicit health check service is connected ComponentInfo{com.google.android.ext.services/android.ext.services.watchdog.ExplicitHealthCheckServiceImpl}
11-14 17:50:35.913 1472 1472 I ExplicitHealthCheckController: Service initialized, syncing requests
11-14 17:50:35.913 1472 1472 I PackageWatchdog: Syncing health check requests for packages: {}
11-14 17:50:35.913 1472 1472 D ExplicitHealthCheckController: Getting health check supported packages
11-14 17:50:35.915 1472 4786 I ExplicitHealthCheckController: Explicit health check supported packages [PackageConfig{com.google.android.networkstack, 86400000}]
11-14 17:50:35.915 1472 4786 D PackageWatchdog: Received supported packages [PackageConfig{com.google.android.networkstack, 86400000}]
11-14 17:50:35.916 1472 4786 D ExplicitHealthCheckController: Getting health check requested packages
11-14 17:50:35.916 1472 4786 I ExplicitHealthCheckController: Explicit health check requested packages []
11-14 17:50:35.916 1472 4786 I ExplicitHealthCheckController: No more health check requests, unbinding...
11-14 17:50:35.922 1472 4786 I ExplicitHealthCheckController: Explicit health check service is unbound
11-14 17:50:35.993 1472 1813 I RescueParty: Starting to observe: [com.google.android.googlequicksearchbox, com.google.android.as, com.google.android.as.oss, com.google.android.apps.tips, com.google.android.odad, com.android.systemui], updated namespace: device_personalization_services
11-14 17:50:35.994 1472 1696 I PackageWatchdog: Syncing state, reason: observing new packages
11-14 17:50:35.994 1472 1696 D PackageWatchdog: rescue-party-observer added the following packages to monitor [com.google.android.googlequicksearchbox, com.google.android.as, com.google.android.as.oss, com.google.android.apps.tips, com.google.android.odad, com.android.systemui]
11-14 17:50:35.994 1472 1696 I PackageWatchdog: Syncing state, reason: updated observers
11-14 17:50:35.994 1472 1696 I PackageWatchdog: Not pruning observers, elapsed time: 0ms
11-14 17:50:35.994 1472 1696 I PackageWatchdog: Saving observer state to file
11-14 17:50:36.002 1472 1472 I PackageWatchdog: Syncing health check requests for packages: {}
11-14 17:50:36.002 1472 1472 I ExplicitHealthCheckController: Service not ready to get health check supported packages. Binding...
11-14 17:50:36.005 1472 1472 I ExplicitHealthCheckController: Explicit health check service is bound
11-14 17:50:36.017 1472 1472 I ExplicitHealthCheckController: Explicit health check service is connected ComponentInfo{com.google.android.ext.services/android.ext.services.watchdog.ExplicitHealthCheckServiceImpl}
11-14 17:50:36.017 1472 1472 I ExplicitHealthCheckController: Service initialized, syncing requests
11-14 17:50:36.018 1472 1472 I PackageWatchdog: Syncing health check requests for packages: {}
11-14 17:50:36.018 1472 1472 D ExplicitHealthCheckController: Getting health check supported packages
11-14 17:50:36.027 1472 4785 I ExplicitHealthCheckController: Explicit health check supported packages [PackageConfig{com.google.android.networkstack, 86400000}]
11-14 17:50:36.027 1472 4785 D PackageWatchdog: Received supported packages [PackageConfig{com.google.android.networkstack, 86400000}]
11-14 17:50:36.027 1472 4785 D ExplicitHealthCheckController: Getting health check requested packages
11-14 17:50:36.027 1472 4785 I ExplicitHealthCheckController: Explicit health check requested packages []
11-14 17:50:36.027 1472 4785 I ExplicitHealthCheckController: No more health check requests, unbinding...
11-14 17:50:36.029 1472 4785 I ExplicitHealthCheckController: Explicit health check service is unbound
11-14 17:50:36.169 1472 1813 I RescueParty: Starting to observe: [android, com.android.systemui], updated namespace: app_compat
11-14 17:50:36.169 1472 1696 I PackageWatchdog: Syncing state, reason: observing new packages
11-14 17:50:36.169 1472 1696 D PackageWatchdog: rescue-party-observer added the following packages to monitor [android, com.android.systemui]
11-14 17:50:36.169 1472 1696 I PackageWatchdog: Syncing state, reason: updated observers
11-14 17:50:36.169 1472 1696 I PackageWatchdog: Not pruning observers, elapsed time: 0ms
11-14 17:50:36.169 1472 1696 I PackageWatchdog: Saving observer state to file
11-14 17:50:36.174 1472 1472 I PackageWatchdog: Syncing health check requests for packages: {}
11-14 17:50:36.174 1472 1472 I ExplicitHealthCheckController: Service not ready to get health check supported packages. Binding...
11-14 17:50:36.178 1472 1472 I ExplicitHealthCheckController: Explicit health check service is bound
11-14 17:50:36.181 1472 1472 I ExplicitHealthCheckController: Explicit health check service is connected ComponentInfo{com.google.android.ext.services/android.ext.services.watchdog.ExplicitHealthCheckServiceImpl}
11-14 17:50:36.181 1472 1472 I ExplicitHealthCheckController: Service initialized, syncing requests
11-14 17:50:36.181 1472 1472 I PackageWatchdog: Syncing health check requests for packages: {}
11-14 17:50:36.181 1472 1472 D ExplicitHealthCheckController: Getting health check supported packages
11-14 17:50:36.182 1472 4785 I ExplicitHealthCheckController: Explicit health check supported packages [PackageConfig{com.google.android.networkstack, 86400000}]
11-14 17:50:36.182 1472 4785 D PackageWatchdog: Received supported packages [PackageConfig{com.google.android.networkstack, 86400000}]
11-14 17:50:36.183 1472 4785 D ExplicitHealthCheckController: Getting health check requested packages
11-14 17:50:36.183 1472 4785 I ExplicitHealthCheckController: Explicit health check requested packages []
11-14 17:50:36.183 1472 4785 I ExplicitHealthCheckController: No more health check requests, unbinding...
11-14 17:50:36.184 1472 4785 I ExplicitHealthCheckController: Explicit health check service is unbound
11-14 17:50:36.278 1472 1696 W ProcessStats: Tracking association SourceState{b6ccca8 com.google.android.settings.intelligence/10159 Top #303533} whose proc state 1 is better than process ProcessState{59e83c1 com.google.android.gms.persistent/10140 pkg=com.google.android.gms (sub)} proc state 4 (1827 skipped)
11-14 17:50:36.523 1472 1813 I RescueParty: Starting to observe: [android, com.android.systemui], updated namespace: system_time
11-14 17:50:36.526 1472 1696 I PackageWatchdog: Syncing state, reason: observing new packages
11-14 17:50:36.526 1472 1696 D PackageWatchdog: rescue-party-observer added the following packages to monitor [android, com.android.systemui]
11-14 17:50:36.526 1472 1696 I PackageWatchdog: Syncing state, reason: updated observers
11-14 17:50:36.526 1472 1696 I PackageWatchdog: Saving observer state to file
11-14 17:50:36.541 1472 1472 I PackageWatchdog: Syncing health check requests for packages: {}
11-14 17:50:36.541 1472 1472 I ExplicitHealthCheckController: Service not ready to get health check supported packages. Binding...
11-14 17:50:36.542 1472 1685 W LocationTZDetector: onProviderStateChange: Ignoring provider state change because both providers have not yet completed initialization. providerState=ProviderState{stateEnum=Perm failure (5), event=null, currentUserConfiguration=null, mStateEntryTimeMillis=1894586953, mDebugInfo=Failed to initialize: onInitialize() returned false}
11-14 17:50:36.546 1472 1472 I ExplicitHealthCheckController: Explicit health check service is bound
11-14 17:50:36.551 1472 1813 I RescueParty: Starting to observe: [android, com.android.systemui], updated namespace: camera_native
11-14 17:50:36.551 1472 1696 I PackageWatchdog: Syncing state, reason: observing new packages
11-14 17:50:36.551 1472 1696 D PackageWatchdog: rescue-party-observer added the following packages to monitor [android, com.android.systemui]
11-14 17:50:36.551 1472 1696 I PackageWatchdog: Syncing state, reason: updated observers
11-14 17:50:36.551 1472 1696 I PackageWatchdog: Not pruning observers, elapsed time: 0ms
11-14 17:50:36.551 1472 1696 I PackageWatchdog: Saving observer state to file
11-14 17:50:36.556 1472 1472 I PackageWatchdog: Syncing health check requests for packages: {}
11-14 17:50:36.556 1472 1472 I ExplicitHealthCheckController: Service not ready to get health check supported packages. Binding...
11-14 17:50:36.556 1472 1472 I ExplicitHealthCheckController: Not binding to service, service already connecting
11-14 17:50:36.556 1472 1472 I ExplicitHealthCheckController: Explicit health check service is connected ComponentInfo{com.google.android.ext.services/android.ext.services.watchdog.ExplicitHealthCheckServiceImpl}
11-14 17:50:36.556 1472 1472 I ExplicitHealthCheckController: Service initialized, syncing requests
11-14 17:50:36.556 1472 1472 I PackageWatchdog: Syncing health check requests for packages: {}
11-14 17:50:36.556 1472 1472 D ExplicitHealthCheckController: Getting health check supported packages
11-14 17:50:36.559 1472 4785 I ExplicitHealthCheckController: Explicit health check supported packages [PackageConfig{com.google.android.networkstack, 86400000}]
11-14 17:50:36.559 1472 4785 D PackageWatchdog: Received supported packages [PackageConfig{com.google.android.networkstack, 86400000}]
11-14 17:50:36.559 1472 4785 D ExplicitHealthCheckController: Getting health check requested packages
11-14 17:50:36.559 1472 4785 I ExplicitHealthCheckController: Explicit health check requested packages []
11-14 17:50:36.559 1472 4785 I ExplicitHealthCheckController: No more health check requests, unbinding...
11-14 17:50:36.575 1472 4785 I ExplicitHealthCheckController: Explicit health check service is unbound
11-14 17:50:36.695 1472 1813 I RescueParty: Starting to observe: [com.android.systemui], updated namespace: mediaprovider
11-14 17:50:36.695 1472 1696 I PackageWatchdog: Syncing state, reason: observing new packages
11-14 17:50:36.695 1472 1696 D PackageWatchdog: rescue-party-observer added the following packages to monitor [com.android.systemui]
11-14 17:50:36.695 1472 1696 I PackageWatchdog: Syncing state, reason: updated observers
11-14 17:50:36.695 1472 1472 I PackageWatchdog: Syncing health check requests for packages: {}
11-14 17:50:36.695 1472 1472 I ExplicitHealthCheckController: Service not ready to get health check supported packages. Binding...
11-14 17:50:36.696 1472 1696 I PackageWatchdog: Not pruning observers, elapsed time: 0ms
11-14 17:50:36.696 1472 1696 I PackageWatchdog: Saving observer state to file
11-14 17:50:36.698 1472 1472 I ExplicitHealthCheckController: Explicit health check service is bound
11-14 17:50:36.703 1472 1472 I PackageWatchdog: Syncing health check requests for packages: {}
11-14 17:50:36.703 1472 1472 I ExplicitHealthCheckController: Service not ready to get health check supported packages. Binding...
11-14 17:50:36.703 1472 1472 I ExplicitHealthCheckController: Not binding to service, service already connecting
11-14 17:50:36.703 1472 1472 I ExplicitHealthCheckController: Explicit health check service is connected ComponentInfo{com.google.android.ext.services/android.ext.services.watchdog.ExplicitHealthCheckServiceImpl}
11-14 17:50:36.703 1472 1472 I ExplicitHealthCheckController: Service initialized, syncing requests
11-14 17:50:36.703 1472 1472 I PackageWatchdog: Syncing health check requests for packages: {}
11-14 17:50:36.703 1472 1472 D ExplicitHealthCheckController: Getting health check supported packages
11-14 17:50:36.708 1472 2557 I ExplicitHealthCheckController: Explicit health check supported packages [PackageConfig{com.google.android.networkstack, 86400000}]
11-14 17:50:36.708 1472 2557 D PackageWatchdog: Received supported packages [PackageConfig{com.google.android.networkstack, 86400000}]
11-14 17:50:36.708 1472 2557 D ExplicitHealthCheckController: Getting health check requested packages
11-14 17:50:36.710 1472 1813 I RescueParty: Starting to observe: [android, com.android.systemui], updated namespace: credential_manager
11-14 17:50:36.710 1472 1696 I PackageWatchdog: Syncing state, reason: observing new packages
11-14 17:50:36.710 1472 1696 D PackageWatchdog: rescue-party-observer added the following packages to monitor [android, com.android.systemui]
11-14 17:50:36.710 1472 1696 I PackageWatchdog: Syncing state, reason: updated observers
11-14 17:50:36.710 1472 1696 I PackageWatchdog: Not pruning observers, elapsed time: 0ms
11-14 17:50:36.710 1472 1472 I PackageWatchdog: Syncing health check requests for packages: {}
11-14 17:50:36.710 1472 1696 I PackageWatchdog: Saving observer state to file
11-14 17:50:36.710 1472 1472 D ExplicitHealthCheckController: Getting health check supported packages
11-14 17:50:36.711 1472 1472 I PackageWatchdog: Syncing health check requests for packages: {}
11-14 17:50:36.711 1472 1472 D ExplicitHealthCheckController: Getting health check supported packages
11-14 17:50:36.712 1472 2557 I ExplicitHealthCheckController: Explicit health check requested packages []
11-14 17:50:36.712 1472 2557 I ExplicitHealthCheckController: No more health check requests, unbinding...
11-14 17:50:36.713 1472 2557 I ExplicitHealthCheckController: Explicit health check service is unbound
11-14 17:50:36.713 1472 4785 I ExplicitHealthCheckController: Explicit health check supported packages [PackageConfig{com.google.android.networkstack, 86400000}]
11-14 17:50:36.713 1472 4785 D PackageWatchdog: Received supported packages [PackageConfig{com.google.android.networkstack, 86400000}]
11-14 17:50:36.713 1472 4785 I ExplicitHealthCheckController: Service not ready to get health check requested packages. Binding...
11-14 17:50:36.716 1472 4938 I ExplicitHealthCheckController: Explicit health check supported packages [PackageConfig{com.google.android.networkstack, 86400000}]
11-14 17:50:36.716 1472 4785 I ExplicitHealthCheckController: Explicit health check service is bound
11-14 17:50:36.719 1472 1472 I ExplicitHealthCheckController: Explicit health check service is connected ComponentInfo{com.google.android.ext.services/android.ext.services.watchdog.ExplicitHealthCheckServiceImpl}
11-14 17:50:36.719 1472 1472 I ExplicitHealthCheckController: Service initialized, syncing requests
11-14 17:50:36.721 1472 4938 D PackageWatchdog: Received supported packages [PackageConfig{com.google.android.networkstack, 86400000}]
11-14 17:50:36.721 1472 4938 D ExplicitHealthCheckController: Getting health check requested packages
11-14 17:50:36.721 1472 1472 I PackageWatchdog: Syncing health check requests for packages: {}
11-14 17:50:36.722 1472 1472 D ExplicitHealthCheckController: Getting health check supported packages
11-14 17:50:36.722 1472 4938 I ExplicitHealthCheckController: Explicit health check requested packages []
11-14 17:50:36.722 1472 4938 I ExplicitHealthCheckController: No more health check requests, unbinding...
11-14 17:50:36.722 1472 4949 I ExplicitHealthCheckController: Explicit health check supported packages [PackageConfig{com.google.android.networkstack, 86400000}]
11-14 17:50:36.722 1472 4949 D PackageWatchdog: Received supported packages [PackageConfig{com.google.android.networkstack, 86400000}]
11-14 17:50:36.724 1472 4938 I ExplicitHealthCheckController: Explicit health check service is unbound
11-14 17:50:36.725 1472 4949 I ExplicitHealthCheckController: Service not ready to get health check requested packages. Binding...
11-14 17:50:36.731 1472 4949 I ExplicitHealthCheckController: Explicit health check service is bound
11-14 17:50:36.733 1472 1472 I ExplicitHealthCheckController: Explicit health check service is connected ComponentInfo{com.google.android.ext.services/android.ext.services.watchdog.ExplicitHealthCheckServiceImpl}
11-14 17:50:36.733 1472 1472 I ExplicitHealthCheckController: Service initialized, syncing requests
11-14 17:50:36.733 1472 1472 I PackageWatchdog: Syncing health check requests for packages: {}
11-14 17:50:36.734 1472 1472 D ExplicitHealthCheckController: Getting health check supported packages
11-14 17:50:36.736 1472 4938 I ExplicitHealthCheckController: Explicit health check supported packages [PackageConfig{com.google.android.networkstack, 86400000}]
11-14 17:50:36.736 1472 4938 D PackageWatchdog: Received supported packages [PackageConfig{com.google.android.networkstack, 86400000}]
11-14 17:50:36.736 1472 4938 D ExplicitHealthCheckController: Getting health check requested packages
11-14 17:50:36.736 1472 4938 I ExplicitHealthCheckController: Explicit health check requested packages []
11-14 17:50:36.736 1472 4938 I ExplicitHealthCheckController: No more health check requests, unbinding...
11-14 17:50:36.737 1472 4938 I ExplicitHealthCheckController: Explicit health check service is unbound
11-14 17:50:36.752 1472 1813 I RescueParty: Starting to observe: [android, com.android.systemui], updated namespace: remote_key_provisioning_native
11-14 17:50:36.754 1472 1696 I PackageWatchdog: Syncing state, reason: observing new packages
11-14 17:50:36.754 1472 1696 D PackageWatchdog: rescue-party-observer added the following packages to monitor [android, com.android.systemui]
11-14 17:50:36.754 1472 1696 I PackageWatchdog: Syncing state, reason: updated observers
11-14 17:50:36.754 1472 1696 I PackageWatchdog: Not pruning observers, elapsed time: 0ms
11-14 17:50:36.754 1472 1696 I PackageWatchdog: Saving observer state to file
11-14 17:50:36.767 1472 1472 I PackageWatchdog: Syncing health check requests for packages: {}
11-14 17:50:36.768 1472 1472 I ExplicitHealthCheckController: Service not ready to get health check supported packages. Binding...
11-14 17:50:36.770 1472 1472 I ExplicitHealthCheckController: Explicit health check service is bound
11-14 17:50:36.775 1472 1472 I ExplicitHealthCheckController: Explicit health check service is connected ComponentInfo{com.google.android.ext.services/android.ext.services.watchdog.ExplicitHealthCheckServiceImpl}
11-14 17:50:36.775 1472 1472 I ExplicitHealthCheckController: Service initialized, syncing requests
11-14 17:50:36.775 1472 1472 I PackageWatchdog: Syncing health check requests for packages: {}
11-14 17:50:36.775 1472 1472 D ExplicitHealthCheckController: Getting health check supported packages
11-14 17:50:36.777 1472 4785 I ExplicitHealthCheckController: Explicit health check supported packages [PackageConfig{com.google.android.networkstack, 86400000}]
11-14 17:50:36.777 1472 4785 D PackageWatchdog: Received supported packages [PackageConfig{com.google.android.networkstack, 86400000}]
11-14 17:50:36.777 1472 4785 D ExplicitHealthCheckController: Getting health check requested packages
11-14 17:50:36.780 1472 4949 I ExplicitHealthCheckController: Explicit health check requested packages []
11-14 17:50:36.780 1472 4949 I ExplicitHealthCheckController: No more health check requests, unbinding...
11-14 17:50:36.782 1472 4949 I ExplicitHealthCheckController: Explicit health check service is unbound
11-14 17:50:36.782 1472 1813 I RescueParty: Starting to observe: [android, com.android.phone, com.android.systemui], updated namespace: telephony
11-14 17:50:36.784 1472 1696 I PackageWatchdog: Syncing state, reason: observing new packages
11-14 17:50:36.784 1472 1696 D PackageWatchdog: rescue-party-observer added the following packages to monitor [android, com.android.phone, com.android.systemui]
11-14 17:50:36.784 1472 1696 I PackageWatchdog: Syncing state, reason: updated observers
11-14 17:50:36.784 1472 1472 I PackageWatchdog: Syncing health check requests for packages: {}
11-14 17:50:36.784 1472 1696 I PackageWatchdog: Not pruning observers, elapsed time: 0ms
11-14 17:50:36.784 1472 1472 I ExplicitHealthCheckController: Service not ready to get health check supported packages. Binding...
11-14 17:50:36.784 1472 1696 I PackageWatchdog: Saving observer state to file
11-14 17:50:36.786 1472 1472 I ExplicitHealthCheckController: Explicit health check service is bound
