11-14 22:15:37.941 18640 30557 I DeviceStatusMonitor: DeviceStatusMonitor.updateCountryInfo():139 updateCountryInfo(), notifyAnyway = false
11-14 22:15:37.941 1655 1655 I pixel-thermal: usb_pwr_therm2:28.656 raw data: usb_pwr_therm2:28656
11-14 22:15:37.941 2159 2621 D ActivityAttributionService: notifyActivityAttributionInfo UID=1002 packageName=com.google.android.bluetooth deviceAddress=no_active_device_address
11-14 22:15:37.941 2159 2621 I bt_btif : packages/modules/Bluetooth/system/btif/src/bluetooth.cc:822 get_profile_interface: get_profile_interface: id = activity_attribution
11-14 22:15:37.941 1655 1655 I pixel-thermal: VIRTUAL-USB-UI:0 raw data: USB2-MINUS-CHG:-5275 VIRTUAL-USB-UI:0 charger_skin_therm:33931 usb_pwr_therm2:28656
11-14 22:15:37.941 1127 1127 D AOC : A3:MSG: usf_sensor.cc, 1481: USF: Received stop sampling request for LSM6DSR Accelerometer.
11-14 22:15:37.942 2159 2494 I bt_stack: [INFO:le_scanning_manager.cc(263)] ScanFilterEnable in shim layer
11-14 22:15:37.943 905 1405 D usf_sensor_hal: proximity gated single tap: Enter Activate. Enable = 0.
11-14 22:15:37.943 2159 2494 I bt_stack: [INFO:le_scanning_manager.cc(238)] ScanFilterAdd in shim layer
11-14 22:15:37.944 2159 2494 I bt_stack: [INFO:le_scanning_manager.cc(199)] ScanFilterParamSetup in shim layer
11-14 22:15:37.945 2159 2494 I bt_stack: [INFO:le_scanning_manager.cc(238)] ScanFilterAdd in shim layer
11-14 22:15:37.945 1127 1127 D AOC : A3:MSG: usf_sensor.cc, 1481: USF: Received stop sampling request for Proximity Gated Single Tap Gesture.
11-14 22:15:37.945 1127 1127 D AOC : A3:MSG: vsc_sensor.cc, 68: VSC: [Proximity Gated Single Tap Gesture] disable.
11-14 22:15:37.945 1127 1127 D AOC : A3:MSG: vsc_controller.cc, 549: VSC: [Proximity Gated Single Tap Gesture] stopSensorEvents: sensor 0x20006
11-14 22:15:37.945 1127 1127 D AOC : A3:MSG: usf_sensor.cc, 1481: USF: Received stop sampling request for FTM5 Touch Gesture Sensor.
11-14 22:15:37.945 1127 1127 D AOC : A3:MSG: ftm5_sensor.cc, 99: USF: FTM5: StopSampling: FTM5 Touch Gesture Sensor.
11-14 22:15:37.945 1127 1127 D AOC : A3:MSG: ftm5_device.cc, 168: USF: FTM5: Priority: 0, Bus:1, Host:0; Enabled:1
11-14 22:15:37.945 1127 1127 D AOC : A3:MSG: ftm5_device.cc, 243: USF: FTM5: Device is disabled.
11-14 22:15:37.945 1127 1127 D AOC : A3:MSG: vsc_controller.cc, 549: VSC: [Proximity Gated Single Tap Gesture] stopSensorEvents: sensor 0x10008
11-14 22:15:37.945 1127 1127 D AOC : A3:MSG: usf_sensor.cc, 1481: USF: Received stop sampling request for TMD3719 Proximity.
11-14 22:15:37.945 1127 1127 D AOC : A3:MSG: usf_vsc_log.cc, 44: USF: [single-tap-prox-gated] sensor disabled
11-14 22:15:37.945 2159 2621 D ActivityAttributionService: notifyActivityAttributionInfo UID=1002 packageName=com.google.android.bluetooth deviceAddress=no_active_device_address
11-14 22:15:37.945 2159 2621 I bt_btif : packages/modules/Bluetooth/system/btif/src/bluetooth.cc:822 get_profile_interface: get_profile_interface: id = activity_attribution
11-14 22:15:37.946 2159 2494 I bt_stack: [INFO:le_scanning_manager.cc(199)] ScanFilterParamSetup in shim layer
11-14 22:15:37.947 2159 2494 I bt_stack: [INFO:le_scanning_manager.cc(238)] ScanFilterAdd in shim layer
11-14 22:15:37.946 18370 18950 I NearbyDiscovery: (REDACTED) FastPairScanner: Start scanning, mode=%s
11-14 22:15:37.948 3715 3900 I AiAiEcho: #postPredictionTargets: Sending updates to UISurface home with targets# 1 (types=[1])
11-14 22:15:37.949 2391 2391 D SsBaseTemplateCard: No text view can be set up
11-14 22:15:37.949 1128 1349 I CHRE : @ 1910481.401: [Capo] Count NOT Validate in-motion sample2var=0.021722 (#sample 25)
11-14 22:15:37.949 1128 1349 D CHRE : @ 1910481.401: [ActivityPlatform] type 4, confidence 42
11-14 22:15:37.949 2391 2391 D SsBaseTemplateCard: Passed-in item info is null
11-14 22:15:37.949 2391 2391 D SsBaseTemplateCard: Passed-in item info is null
11-14 22:15:37.949 2391 2391 I SsBaseTemplateCard: Secondary card pane is null
11-14 22:15:37.951 2159 2494 I bt_stack: [INFO:le_scanning_manager.cc(199)] ScanFilterParamSetup in shim layer
11-14 22:15:37.952 2159 2494 I bt_stack: [INFO:le_scanning_manager.cc(238)] ScanFilterAdd in shim layer
11-14 22:15:37.952 2159 2494 I bt_stack: [INFO:le_scanning_manager.cc(199)] ScanFilterParamSetup in shim layer
11-14 22:15:37.953 2159 2494 I bt_stack: [INFO:le_scanning_manager.cc(163)] Scan in shim layer started
11-14 22:15:37.953 2159 2494 I bt_stack: [INFO:le_scanning_manager.cc(163)] Scan in shim layer stopped
11-14 22:15:37.953 2159 2494 I bt_stack: [INFO:le_scanning_manager.cc(341)] SetScanParameters in shim layer
11-14 22:15:37.953 2159 2494 I bt_stack: [INFO:le_scanning_manager.cc(163)] Scan in shim layer started
11-14 22:15:37.953 2159 2494 I bt_stack: [INFO:le_scanning_manager.cc(263)] ScanFilterEnable in shim layer
11-14 22:15:37.955 2159 2500 I bluetooth: packages/modules/Bluetooth/system/gd/hci/le_scanning_manager.cc:546 stop_scan: Scanning already stopped, return!
11-14 22:15:37.955 2159 2500 I bluetooth: packages/modules/Bluetooth/system/gd/hci/le_address_manager.cc:175 register_client: Scheduled address rotation for first client registered
11-14 22:15:37.955 2159 2500 I bluetooth: packages/modules/Bluetooth/system/gd/hci/le_address_manager.cc:178 register_client: Client registered
11-14 22:15:37.955 2159 2500 I bluetooth: packages/modules/Bluetooth/system/gd/hci/le_address_manager.cc:193 unregister_client: Client unregistered
11-14 22:15:37.955 2159 2500 I bluetooth: packages/modules/Bluetooth/system/gd/hci/le_address_manager.cc:197 unregister_client: Cancelled address rotation alarm
11-14 22:15:37.955 2159 2500 I bluetooth: packages/modules/Bluetooth/system/gd/hci/le_scanning_manager.cc:546 stop_scan: Scanning already stopped, return!
11-14 22:15:37.955 2159 2500 I bluetooth: packages/modules/Bluetooth/system/gd/hci/le_address_manager.cc:175 register_client: Scheduled address rotation for first client registered
11-14 22:15:37.955 2159 2500 I bluetooth: packages/modules/Bluetooth/system/gd/hci/le_address_manager.cc:178 register_client: Client registered
11-14 22:15:37.957 1942 1942 W PageIndicator: Total number of pages invalid: 0. Assuming 1 page.
11-14 22:15:37.959 1472 1715 I DisplayPowerController2[0]: Unblocked screen on after 63 ms
11-14 22:15:37.959 905 1405 D usf_sensor_hal: device orientation: Enter Batch. period = 66667000, latency = 0.
11-14 22:15:37.959 905 1405 D usf_sensor_hal: device orientation: Enter Activate. Enable = 1.
11-14 22:15:37.959 866 866 I bthal.activity: LogActivities: BALANCED ScanMode
11-14 22:15:37.960 1127 1127 D AOC : A3:MSG: usf_sensor.cc, 1474: USF: Received start sampling request for Device Orientation.
11-14 22:15:37.961 866 866 I bthal.activity: LogActivities: Enable LE Scanning, 0x2042
11-14 22:15:37.961 866 866 I bthal.shim: Send: TX command 0x2042
11-14 22:15:37.961 936 936 I WifiHAL : Creating message to get link statistics; iface = 47
11-14 22:15:37.961 1127 1127 D AOC : A3:MSG: vsc_sensor.cc, 37: VSC: [Device Orientation] enable: period 66667000, latency = 0
11-14 22:15:37.961 1127 1127 D AOC : A3:MSG: vsc_controller.cc, 531: VSC: [Device Orientation] requestSensorEvents: sensor 0x1010001, period=66 latency=40ms
11-14 22:15:37.961 1127 1127 D AOC : A3:MSG: usf_vsc_log.cc, 53: USF: [WO] No second IMU detected
11-14 22:15:37.961 1127 1127 D AOC : A3:MSG: usf_vsc_log.cc, 53: USF: [WO] Set sensor rate and start algorithm version 13_2, imu 0
11-14 22:15:37.961 1127 1127 D AOC : A3:MSG: usf_vsc_log.cc, 53: USF: [WO] Reset mTask, clear history
11-14 22:15:37.961 1127 1127 D AOC : A3:MSG: vsc_controller.cc, 531: VSC: [Device Orientation] requestSensorEvents: sensor 0x10001, period=66 latency=40ms.
11-14 22:15:37.961 1127 1127 D AOC : A3:MSG: usf_sensor.cc, 1981: USF: Received reconfig sampling request for LSM6DSR Accelerometer.
11-14 22:15:37.961 1127 1127 D AOC : A3:MSG: vsc_controller.cc, 531: VSC: [Device Orientation] requestSensorEvents: sensor 0x10004, period=66 latency=40ms.
11-14 22:15:37.961 1127 1127 D AOC : A3:MSG: usf_sensor.cc, 1474: USF: Received start sampling request for LSM6DSR Gyroscope.
11-14 22:15:37.962 2159 2494 I bt_stack: [INFO:le_scanning_manager.cc(238)] ScanFilterAdd in shim layer
11-14 22:15:37.962 866 1117 I bthal.debug_central: Command Complete Event of LE_SET_EXTENDED_SCAN_ENABLE, opcode:2042
11-14 22:15:37.962 866 1117 I bthal.flowcontrol: HciEventPreProcess: HCI Event 0xe Opcode 0x2042 Length 6 unhandled by LeSetExtentedScanEnableEvent
11-14 22:15:37.962 1127 1127 D AOC : A3:MSG: lsm6dsr_device.cc, 745: USF: Lsm6dsrDevice: Sensor 1: Enabled 1, odr_index 5.
11-14 22:15:37.962 18370 18950 I NearbyDiscovery: (REDACTED) FastPairHandler: Received action %s
11-14 22:15:37.962 1127 1127 D AOC : A3:MSG: lsm6dsr_fifo.cc, 750: USF: Lsm6dsrFifo: ODR: XL/G/T/TS: 52/208/13/26 WM: 5 Intr: 60.
11-14 22:15:37.962 1472 1472 D FastPairService: onReceive: ACTION_SCREEN_ON
11-14 22:15:37.962 1472 1472 V FastPairService: invalidateScan: scan is disabled
11-14 22:15:37.962 1472 1472 E NearbyManager: Cannot stop scan with this callback because it is never registered.
11-14 22:15:37.963 866 866 I bthal.activity: LogActivities: Disable LE Scanning, 0x2042
11-14 22:15:37.963 866 866 I bthal.shim: Send: TX command 0x2042
11-14 22:15:37.963 1127 1127 D AOC : A3:MSG: lsm6dsr_device.cc, 653: USF: Lsm6dsrDevice: Fifo was disabled for 176758ns.
11-14 22:15:37.963 2159 2494 I bt_stack: [INFO:le_scanning_manager.cc(199)] ScanFilterParamSetup in shim layer
11-14 22:15:37.964 2159 2494 I bt_stack: [INFO:le_scanning_manager.cc(238)] ScanFilterAdd in shim layer
11-14 22:15:37.964 866 1117 I bthal.debug_central: Command Complete Event of LE_SET_EXTENDED_SCAN_ENABLE, opcode:2042
11-14 22:15:37.964 866 1117 I bthal.flowcontrol: HciEventPreProcess: HCI Event 0xe Opcode 0x2042 Length 6 unhandled by LeSetExtentedScanEnableEvent
11-14 22:15:37.964 18370 18950 I NearbyDiscovery: (REDACTED) OffloadFastPairScanner: eventType=%s, isInternalReq=%s, isOffloadScanning=%s, isOffloadScanningAllowed=%s
11-14 22:15:37.964 18370 18950 I NearbyDiscovery: (REDACTED) FastPairScanner: isScreenOn=%s, isLocationEnabled=%s, disableLocationRequirement=%s, isDiscoveryScanningEnabled=%s, during24GhzWifiWarmingUpPeriod=%s
11-14 22:15:37.964 905 1405 D usf_sensor_hal: auto brightness: Enter Flush
11-14 22:15:37.965 2159 2494 I bt_stack: [INFO:le_scanning_manager.cc(199)] ScanFilterParamSetup in shim layer
11-14 22:15:37.965 866 866 I bthal.activity: LogActivities: LOW_LATENCY ScanMode
11-14 22:15:37.965 18370 18950 D BluetoothAdapter: isLeEnabled(): ON
11-14 22:15:37.966 18370 18950 I NearbyDiscovery: (REDACTED) FastPairScanner: eventType=%s, intReq=%s, scanning=%s, scanAllowed=%s, bleEnabled=%s, lockScanRate=%s, startScanningByLowPowerMode=%s
11-14 22:15:37.966 18370 18950 I NearbyDiscovery: FastPairController: onSystemStateChanged: skip due to flag disabled [CONTEXT service_id=265 ]
11-14 22:15:37.966 866 866 I bthal.activity: LogActivities: Enable LE Scanning, 0x2042
11-14 22:15:37.966 866 866 I bthal.shim: Send: TX command 0x2042
11-14 22:15:37.967 866 1117 I bthal.debug_central: Command Complete Event of LE_SET_EXTENDED_SCAN_ENABLE, opcode:2042
11-14 22:15:37.967 866 1117 I bthal.flowcontrol: HciEventPreProcess: HCI Event 0xe Opcode 0x2042 Length 6 unhandled by LeSetExtentedScanEnableEvent
11-14 22:15:37.969 1472 1715 V DisplayPowerController2[0]: Brightness [0.033411216] reason changing to: 'automatic', previous reason: 'screen_off_brightness_sensor'.
11-14 22:15:37.970 1472 1715 I DisplayPowerController2[0]: BrightnessEvent: disp=0, physDisp=local:4619827677550801152, brt=0.033411216, initBrt=0.029278375, rcmdBrt=NaN, preBrt=NaN, lux=0.0, preLux=0.0, hbmMax=0.62, hbmMode=off, rbcStrength=50, thrmMax=1.0, powerFactor=1.0, wasShortTermModelActive=false, flags=, reason=automatic, autoBrightness=true, strategy=InvalidBrightnessStrategy
11-14 22:15:37.973 2211 3154 D GRIL-S : [1806]< UPDATE_DEVICE_STATE
11-14 22:15:37.974 1076 1119 D RILClient: [OemClient]IND: (clientId = 0, msgId = 2015, dataLength = 68, channel = 0)
11-14 22:15:37.974 943 2638 D RILClient: [OemClient]IND: (clientId = 5, msgId = 2015, dataLength = 68, channel = 0)
11-14 22:15:37.977 2673 2735 D IwlanNetworkServiceHandler: msg.what = EVENT_NETWORK_REGISTRATION_INFO_REQUEST
11-14 22:15:37.978 2673 2735 D IwlanNetworkServiceHandler[0]: : reg state REGISTRATION_STATE_HOME
11-14 22:15:37.984 3715 3900 I AiAiEcho: Predicting[7]: { Feature:1, creation:2023-11-14T15:24:48Z, expiry:2023-11-14T16:00:00Z, isExpired: true}, { Feature:1, creation:2023-11-14T16:00:00Z, expiry:2023-11-14T17:00:00Z, isExpired: true}, { Feature:1, creation:2023-11-14T17:00:00Z, expiry:2023-11-14T18:00:00Z, isExpired: true}, { Feature:1, creation:2023-11-14T18:00:00Z, expiry:2023-11-14T19:00:00Z, isExpired: true}, { Feature:1, creation:2023-11-14T19:00:00Z, expiry:2023-11-14T20:00:00Z, isExpired: true}, { Feature:1, creation:2023-11-14T20:00:00Z, expiry:2023-11-14T21:00:00Z, isExpired: false}, { Feature:1, creation:2023-11-14T21:00:00Z, expiry:2023-11-14T21:24:48Z, isExpired: true}
11-14 22:15:37.985 3715 3900 I AiAiEcho: EchoTargets: Feature:1
11-14 22:15:37.985 3715 3900 I AiAiEcho: Filtered by AiAi flag check:
11-14 22:15:37.985 3715 3900 I AiAiEcho: Ranked targets strategy: WEIGHTED, count: 1, ranking metadata: { cardId: WEATHER-569377248, card type: 1, update time: 2023-11-14T20:00:00Z, expiration time: 2023-11-14T21:00:00Z, ranking metadata: RankingMetaData(urgency=0.933, priority=0.3, recency=1.0, rankScore=0.2799, importantTimePoints=# mta@7bca4) }
11-14 22:15:37.985 3715 3900 I AiAiEcho: #weatherTwiddler: Weather removes SubtitleSupplementalItem in surface: lockscreen
11-14 22:15:37.986 3715 3900 I AiAiEcho: #postPredictionTargets: Sending updates to UISurface lockscreen with targets# 1 (types=[1])
11-14 22:15:37.986 1942 1942 W PageIndicator: Total number of pages invalid: 0. Assuming 1 page.
11-14 22:15:37.992 1076 1119 D RILClient: [OemClient]IND: (clientId = 0, msgId = 3005, dataLength = 17, channel = 0)
11-14 22:15:37.992 943 2638 D RILClient: [OemClient]IND: (clientId = 5, msgId = 3005, dataLength = 17, channel = 0)
11-14 22:15:37.994 1127 1127 D AOC : A3:MSG: usf_vsc_log.cc, 53: USF: [WO] Reset mTask, clear history
11-14 22:15:37.995 1942 1981 D LocalImageResolver: Couldn't use ImageDecoder for drawable, falling back to non-resized load.
11-14 22:15:37.995 1942 1981 D LocalImageResolver: Couldn't use ImageDecoder for drawable, falling back to non-resized load.
11-14 22:15:38.007 936 936 I WifiHAL : In GetLinkStatsCommand::handleResponse
11-14 22:15:38.008 936 936 I WifiHAL : Creating message to get link statistics; iface = 47
11-14 22:15:38.055 936 936 I WifiHAL : In GetLinkStatsCommand::handleResponse
11-14 22:15:38.070 905 2546 I suez-nanoapp-clients: Enabling ip_health nanoapp.
11-14 22:15:38.071 1127 1127 D AOC : A3:MSG: usf_tbn_server.cc, 52: USF: Change bus owner to AP.
11-14 22:15:38.071 1127 1127 D AOC : A3:MSG: ftm5_device.cc, 168: USF: FTM5: Priority: 0, Bus:0, Host:0; Enabled:0
11-14 22:15:38.071 1127 1127 D AOC : A3:MSG: usf_vsc_log.cc, 53: USF: [WO] displayInfoEvent displayId=0, status=1
11-14 22:15:38.071 1127 1127 D AOC : A3:MSG: usf_tbn_server.cc, 241: USF: Ack request for AP requests bus
11-14 22:15:38.071 1127 1127 D AOC : A3:MSG: tmd3719_device.cc, 4350: USF: TMD3719: brightness:0 leakage:0.000000 refresh_rate:60 status:1 op_hz:0
11-14 22:15:38.072 1127 1127 D AOC : A3:MSG: tmd3719_device.cc, 4012: USF: TMD3719: [PROX]New PPERS: 0
11-14 22:15:38.072 905 2546 I suez-nanoapp-clients: Vendor atom [id = 100046] reported.
11-14 22:15:38.073 1128 1349 D CHRE : @ 1910481.525: Parsed nanoapp message from host: app ID 0x476f6f676c001022 endpoint 0x9022 msgType 1 payload size 0
11-14 22:15:38.073 1128 1349 I CHRE : @ 1910481.525: [ip] Received message from host endpoint 0x9022 of type 1 and size 0.
11-14 22:15:38.073 1128 1349 I CHRE : @ 1910481.525: [ip] App enabled by host.
11-14 22:15:38.075 1127 1127 D AOC : A3:MSG: usf_sensor.cc, 1474: USF: Received start sampling request for ICP10101 Pressure Sensor.
11-14 22:15:38.076 1127 1127 D AOC : A3:MSG: icp10101_device.cc, 161: USF: ICP10101: Barometer stops sampling.
11-14 22:15:38.076 1127 1127 D AOC : A3:MSG: icp10101_device.cc, 147: USF: ICP10101: Barometer starts sampling: period_ns = 40000000, max_latency_ns = 10000
11-14 22:15:38.086 614 22148 I hwc-display: setActiveConfig:: PrimaryDisplay config(36)
11-14 22:15:38.086 614 22148 I hwc-display: [PrimaryDisplay] resetConfigRequestStateLocked: mConfigRequestState (0) is not REQUESTED
11-14 22:15:38.086 612 612 D SurfaceFlinger: Finished setting power mode 2 on display 4619827677550801152
11-14 22:15:38.087 1472 1924 D SurfaceControl: Excessive delay in setPowerMode()
11-14 22:15:38.089 1472 1715 W PowerManagerService: Screen on took 212 ms
11-14 22:15:38.091 614 22148 I hwc-display: [0] presentDisplay is skipped by mSkipFrame
11-14 22:15:38.091 614 22148 D hwc-display: This is the first frame after power on
11-14 22:15:38.092 612 612 W HwcComposer: command 0x3010000 generated error 3
11-14 22:15:38.092 612 612 W HwcComposer: command 0x3010000 generated error 3
11-14 22:15:38.092 612 612 W HwcComposer: command 0x3010000 generated error 3
11-14 22:15:38.092 612 612 W HwcComposer: command 0x3010000 generated error 3
11-14 22:15:38.092 612 612 W HwcComposer: command 0x3010000 generated error 3
11-14 22:15:38.092 612 612 W HwcComposer: command 0x3010000 generated error 3
11-14 22:15:38.092 612 612 W HwcComposer: command 0x3010000 generated error 3
11-14 22:15:38.098 612 612 I RefreshRateSelector: Display 4619827677550801152 policy changed
11-14 22:15:38.098 612 612 I RefreshRateSelector: Previous: {defaultModeId=0, allowGroupSwitching=false, primaryRanges={physical=[0.00 Hz, inf Hz], render=[0.00 Hz, 60.00 Hz]}, appRequestRanges={physical=[0.00 Hz, inf Hz], render=[0.00 Hz, inf Hz]}}
11-14 22:15:38.098 612 612 I RefreshRateSelector: Current: DisplayManagerPolicy{defaultModeId=0, allowGroupSwitching=false, primaryRanges={physical=[60.00 Hz, 60.00 Hz], render=[0.00 Hz, 60.00 Hz]}, appRequestRanges={physical=[60.00 Hz, 60.00 Hz], render=[0.00 Hz, 60.00 Hz]}}
11-14 22:15:38.098 612 612 I RefreshRateSelector: 0 mode changes were performed under the previous policy
11-14 22:15:38.099 1472 1688 D DisplayManagerService: Ignore redundant display event 0/4 to 10292/30368
11-14 22:15:38.099 1472 1472 I SideFpsEventHandler: notifyPowerPressed
11-14 22:15:38.099 1472 1688 I DisplayDeviceRepository: Display device changed state: "Built-in Screen", ON
11-14 22:15:38.099 1472 1472 D WindowManager: powerPress: eventTime=364746436 interactive=true count=1 beganFromNonInteractive=true mShortPressOnPowerBehavior=1
11-14 22:15:38.103 2673 2729 D IwlanDataService: onCapabilitiesChanged: 175 [ Transports: WIFI Capabilities: NOT_METERED&INTERNET&NOT_RESTRICTED&TRUSTED&NOT_VPN&VALIDATED&NOT_ROAMING&FOREGROUND&NOT_CONGESTED&NOT_SUSPENDED&NOT_VCN_MANAGED LinkUpBandwidth>=12000Kbps LinkDnBandwidth>=76604Kbps TransportInfo: , BSSID: 02:00:00:00:00:00, MAC: 02:00:00:00:00:00, IP: /192.168.2.226, Security type: 2, Supplicant state: COMPLETED, Wi-Fi standard: 4, RSSI: -56, Link speed: 156Mbps, Tx Link speed: 156Mbps, Max Supported Tx Link speed: 300Mbps, Rx Link speed: 192Mbps, Max Supported Rx Link speed: 300Mbps, Frequency: 2412MHz, Net ID: -1, Metered hint: false, score: 60, isUsable: true, CarrierMerged: false, SubscriptionId: -1, IsPrimary: -1, Trusted: true, Restricted: false, Ephemeral: false, OEM paid: false, OEM private: false, OSU AP: false, FQDN: , Provider friendly name: , Requesting package name: MLO Information: , Is TID-To-Link negotiation supported by the AP: false, AP MLD Address: , AP MLO Link Id: , AP MLO Affiliated links: > SignalStrength: -56 UnderlyingNetworks: Null]
11-14 22:15:38.103 2673 2729 D IwlanDataService: Network 175 connected using transport WIFI
11-14 22:15:38.104 2673 2735 D IwlanNetworkService: onCapabilitiesChanged: 175
11-14 22:15:38.105 614 22148 I hwc-display: path=sysfs, id=0, level=104, DimmingOn=1, Hbm=0, LhbmOn=0
11-14 22:15:38.105 1127 1127 D AOC : A3:MSG: tmd3719_device.cc, 4350: USF: TMD3719: brightness:104 leakage:0.000000 refresh_rate:60 status:1 op_hz:0
11-14 22:15:38.105 1472 1472 I BrightnessSynchronizer: [360] New Update 0.033411216(f) set brightness values: 9(i)
11-14 22:15:38.105 1472 1472 I BrightnessSynchronizer: New PendingUpdate: {[361] 0.033411216(f), mUpdatedTypes=0, mConfirmedTypes=0, mTimeUpdated=0}, prev=null
11-14 22:15:38.107 612 612 E Scheduler: trackPendingFrame: Invalid present fence
11-14 22:15:38.108 1472 1472 I BrightnessSynchronizer: Swallowing update of 9(i) by update: {[360] 0.033411216(f), mUpdatedTypes=1, mConfirmedTypes=1, mTimeUpdated=364746663}
11-14 22:15:38.108 1472 1472 I BrightnessSynchronizer: Completed Update: {[360] 0.033411216(f), mUpdatedTypes=1, mConfirmedTypes=1, mTimeUpdated=364746663}
11-14 22:15:38.108 2982 3136 D DeviceStateHelper: Wifi freq: 2412
11-14 22:15:38.109 614 22148 I hwc-display: path=sysfs, id=0, level=105, DimmingOn=1, Hbm=0, LhbmOn=0
11-14 22:15:38.110 18370 18830 I ChimeraSrvcProxy: NullBinder for android.net.action.RECOMMEND_NETWORKS triggering remote TransactionTooLargeException due to Service without Chimera impl
11-14 22:15:38.110 18370 18830 W .gms.persistent: Large reply transaction of 1056768 bytes, interface descriptor , code 1
11-14 22:15:38.116 28817 29053 I BugleRcsEngine: [63] bywy.handleMessage: RcsEngineImpl[DUAL_REG]:[fde849e2-921d]>Handler: handleMessage processing message:[NOTIFY_UPTIME_IGNORE_STATE_CHANGED] with [non-null]:RcsEngineImpl reference
11-14 22:15:38.116 28817 28980 I BugleRcsEngine: [49] bydl.c: Connected state: [1], networkType: [WIFI]
11-14 22:15:38.116 614 22148 I hwc-display: path=sysfs, id=0, level=105, DimmingOn=1, Hbm=0, LhbmOn=0
11-14 22:15:38.117 2357 22413 E PhoneInterfaceManager: getCarrierPrivilegeStatusForUid: Invalid subId
11-14 22:15:38.117 28817 29053 I BugleRcsEngine: [63] byuj.i: ProvisioningEngineDataRetriever: RCS Configuration storage in Bugle is disabled by p/h flag, using ProvisioningEngineStateCacheUtil.getProvisioningConfigurationForGivenSimIfExist()
11-14 22:15:38.119 1942 1942 D LocalImageResolver: Couldn't use ImageDecoder for drawable, falling back to non-resized load.
11-14 22:15:38.138 1942 1942 D StatusBarIconController: ignoring old pipeline callback because the new wifi icon is enabled
11-14 22:15:38.146 614 22148 I hwc-display: path=sysfs, id=0, level=106, DimmingOn=1, Hbm=0, LhbmOn=0
11-14 22:15:38.164 614 22148 I hwc-display: path=sysfs, id=0, level=107, DimmingOn=1, Hbm=0, LhbmOn=0
11-14 22:15:38.180 614 22148 I hwc-display: path=sysfs, id=0, level=107, DimmingOn=1, Hbm=0, LhbmOn=0
11-14 22:15:38.196 614 22148 I hwc-display: path=sysfs, id=0, level=108, DimmingOn=1, Hbm=0, LhbmOn=0
11-14 22:15:38.214 614 22148 I hwc-display: path=sysfs, id=0, level=108, DimmingOn=1, Hbm=0, LhbmOn=0
11-14 22:15:38.234 614 22148 I hwc-display: path=sysfs, id=0, level=109, DimmingOn=1, Hbm=0, LhbmOn=0
11-14 22:15:38.247 614 22148 I hwc-display: path=sysfs, id=0, level=109, DimmingOn=1, Hbm=0, LhbmOn=0
11-14 22:15:38.263 614 22148 I hwc-display: path=sysfs, id=0, level=110, DimmingOn=1, Hbm=0, LhbmOn=0
11-14 22:15:38.281 614 22148 I hwc-display: path=sysfs, id=0, level=111, DimmingOn=1, Hbm=0, LhbmOn=0
11-14 22:15:38.302 614 22148 I hwc-display: path=sysfs, id=0, level=111, DimmingOn=1, Hbm=0, LhbmOn=0
11-14 22:15:38.313 614 22148 I hwc-display: path=sysfs, id=0, level=112, DimmingOn=1, Hbm=0, LhbmOn=0
11-14 22:15:38.333 614 22148 I hwc-display: path=sysfs, id=0, level=112, DimmingOn=1, Hbm=0, LhbmOn=0
11-14 22:15:38.349 614 22148 I hwc-display: path=sysfs, id=0, level=113, DimmingOn=1, Hbm=0, LhbmOn=0
11-14 22:15:38.364 614 22148 I hwc-display: path=sysfs, id=0, level=113, DimmingOn=1, Hbm=0, LhbmOn=0
11-14 22:15:38.381 614 22148 I hwc-display: path=sysfs, id=0, level=114, DimmingOn=1, Hbm=0, LhbmOn=0
11-14 22:15:38.398 614 22148 I hwc-display: path=sysfs, id=0, level=114, DimmingOn=1, Hbm=0, LhbmOn=0
11-14 22:15:38.837 30243 30505 I FA : Application backgrounded at: timestamp_millis: 1699992936832
11-14 22:15:39.239 1942 1942 D CentralSurfaces: Received new disable state: enaiHbcRso.qingr (unchanged)
11-14 22:15:39.239 1942 1942 D CentralSurfaces: Received new disable state: enaiHbcRso.qingr (unchanged)
11-14 22:15:39.239 1942 1942 D CentralSurfaces: Received new disable state: enaiHbcRso.qingr (unchanged)
11-14 22:15:39.240 1942 1942 D CentralSurfaces: Received new disable state: enaiHbcRso.qingr (unchanged)
11-14 22:15:39.242 1942 1942 W WindowOnBackDispatcher: OnBackInvokedCallback is not enabled for the application.
11-14 22:15:39.242 1942 1942 W WindowOnBackDispatcher: Set 'android:enableOnBackInvokedCallback="true"' in the application manifest.
11-14 22:15:39.266 1827 1836 I native : I0000 00:00:1699992939.266007 1836 tf_lite_classifier.cc:400] Event stream classified as kNone
11-14 22:15:39.272 1441 1441 W android.hardwar: type=1400 audit(0.0:9998): avc: denied { read } for name="vibe_state" dev="sysfs" ino=101840 scontext=u:r:hal_vibrator_default:s0 tcontext=u:object_r:sysfs:s0 tclass=file permissive=0 bug=b/264483668
11-14 22:15:39.272 1441 1441 W android.hardwar: type=1400 audit(0.0:9999): avc: denied { read } for name="vibe_state" dev="sysfs" ino=101840 scontext=u:r:hal_vibrator_default:s0 tcontext=u:object_r:sysfs:s0 tclass=file permissive=0 bug=b/264483668
11-14 22:15:39.275 1441 30559 E Vibrator: Failed to poll default/vibe_state (9): Bad file descriptor
11-14 22:15:39.275 1441 30559 W Vibrator: Failed to get state "Haptic"
11-14 22:15:39.275 1441 30559 E Vibrator: Failed to poll default/vibe_state (9): Bad file descriptor
11-14 22:15:39.275 1441 30559 D Vibrator: waitForComplete: Vibrator is already off
11-14 22:15:39.275 1441 30559 E Vibrator: Failed to read default/num_waves (9): Bad file descriptor
11-14 22:15:39.304 1942 1942 I FalsingManager: {context=DistanceClassifier reason={distanceVectors={dx=25.000000, vx=0.830577, dy=-349.000000, vy=-8.145175}, isHorizontal=false, velocityToDistanceMultiplier=30.000000, horizontalFlingThreshold=428.625000, verticalFlingThreshold=643.942505, horizontalSwipeThreshold=864.000000, verticalSwipeThreshold=1287.885}}
11-14 22:15:39.304 1942 1942 I FalsingManager: {belief=0.3762030306288441 confidence=1.0}
11-14 22:15:39.395 1127 1127 D AOC : A3:MSG: lsm6dsr_device.cc, 745: USF: Lsm6dsrDevice: Sensor 4: Enabled 0, odr_index 0.
11-14 22:15:39.395 1127 1127 D AOC : A3:MSG: lsm6dsr_fifo.cc, 750: USF: Lsm6dsrFifo: ODR: XL/G/T/TS: 52/208/13/26 WM: 5 Intr: 60.
11-14 22:15:39.395 1127 1127 D AOC : A3:MSG: lsm6dsr_device.cc, 653: USF: Lsm6dsrDevice: Fifo was disabled for 353271ns.
11-14 22:15:39.395 1127 1127 D AOC : A3:MSG: usf_sensor.cc, 1481: USF: Received stop sampling request for LSM6DSR Stationary Detect.
11-14 22:15:39.396 1127 1127 D AOC : A3:MSG: usf_sensor.cc, 1933: USF: Sampling configuration 12550 not found.
11-14 22:15:39.396 1127 1127 D AOC : A3:MSG: usf_sensor_client.cc, 158: USF: Received kErrNotFound when disabling one shot sensor.
11-14 22:15:39.396 1127 1127 D AOC : A3:MSG: usf_sensor.cc, 1474: USF: Received start sampling request for LSM6DSR Motion Detect.
11-14 22:15:39.396 1127 1127 D AOC : A3:MSG: lsm6dsr_device.cc, 745: USF: Lsm6dsrDevice: Sensor 3: Enabled 1, odr_index 1.
11-14 22:15:39.396 1127 1127 D AOC : A3:MSG: lsm6dsr_fifo.cc, 750: USF: Lsm6dsrFifo: ODR: XL/G/T/TS: 52/208/13/26 WM: 5 Intr: 60.
11-14 22:15:39.397 1127 1127 D AOC : A3:MSG: lsm6dsr_device.cc, 653: USF: Lsm6dsrDevice: Fifo was disabled for 374756ns.
11-14 22:15:39.398 1127 1127 D AOC : A3:MSG: usf_sensor.cc, 1474: USF: Received start sampling request for LSM6DSR Motion Detect.
11-14 22:15:39.399 1127 1127 D AOC : A3:MSG: usf_sensor.cc, 1481: USF: Received stop sampling request for LSM6DSR Stationary Detect.
11-14 22:15:39.399 1127 1127 D AOC : A3:MSG: usf_sensor.cc, 1933: USF: Sampling configuration 12551 not found.
11-14 22:15:39.461 1127 1127 D AOC : F1:MSG: controller.cc, 273: AudioOutCtrl: cmd ID: 0x00c9, tag: 0x3f [cntr = 734]
11-14 22:15:39.461 1127 1127 D AOC : F1:MSG: controller.cc, 811: AudioOutCtrl: ipc: audio_output_co, cmd ID: 0x00c9, tag: 0x3f, rc: 0
11-14 22:15:39.462 864 921 D audio_hw: shutdown: low-latency-playback
11-14 22:15:39.462 864 921 E audio_route: unable to find path 'speaker-post'
11-14 22:15:39.462 864 921 D audio_hw_aoc_route: speaker-post 0
11-14 22:15:39.462 864 921 D audio_hw_aoc_route: low-latency-playbackP 0
11-14 22:15:39.462 1127 1127 D AOC : F1:MSG: controller.cc, 273: AudioOutCtrl: cmd ID: 0x010f, tag: 0x40 [cntr = 735]
11-14 22:15:39.462 864 921 W audio_hw_35l41: cs35l41_amp_common_event: ret: 0, event: 3, state: 3, device: 4
11-14 22:15:39.462 1127 1127 D AOC : F1:Unregistered Source 1 from Sink 0
11-14 22:15:39.462 1127 1127 D AOC : F1:AT Map:0 (LL:0), 0 EPs active, Power: Yes, Config: No
11-14 22:15:39.462 1127 1127 D AOC : F1:Mixer 0 configuration changed: (0)
11-14 22:15:39.463 1127 1127 D AOC : F1:Sink 0 Configuration changed: ULL (disabled)
11-14 22:15:39.463 1127 1127 D AOC : F1:MSG: controller.cc, 811: AudioOutCtrl: ipc: audio_output_co, cmd ID: 0x010f, tag: 0x40, rc: 0
11-14 22:15:39.463 1127 1127 D AOC : H0:Mixer AMixSPKR: 480 samples (0000/0000) (OFF SC)
11-14 22:15:39.463 1127 1127 D AOC : H0:Mixer configuration updated
11-14 22:15:39.466 864 921 D audio_hw_aoc_route: speaker 0
11-14 22:15:39.467 864 921 W audio_hw_35l41: cs35l41_amp_common_event: ret: 0, event: 4, state: 2, device: 4
11-14 22:15:39.467 864 921 D audio_hw_soundtrigger: st_comm_aud_event_monitor:codec dev:4 inactive
11-14 22:15:39.467 864 921 D audio_hw_soundtrigger: st_uc_monitor:uc:low-latency-playback inactive
11-14 22:15:39.467 864 921 I audio_hw_aoc: Mode Ambient is already selected
11-14 22:15:39.467 864 921 D audio_hw_waves: waves_usecase_event: low-latency-playback stop
11-14 22:15:39.626 1942 1942 I KeyguardTransitionRepository: Transition still active: TransitionStep(from=LOCKSCREEN, to=PRIMARY_BOUNCER, value=0.734, transitionState=RUNNING, ownerName=FromLockscreenTransitionInteractor), canceling
11-14 22:15:39.679 1942 1942 W FrameTracker: Missing HWUI jank callback for vsyncId: 978262, CUJ=J
11-14 22:15:39.679 1942 1942 W FrameTracker: Missed App frame:JANK_APP_DEADLINE_MISSED, 978278, 19804099, CUJ=J
11-14 22:15:39.679 1942 1942 W FrameTracker: Missing HWUI jank callback for vsyncId: 978317, CUJ=J
11-14 22:15:39.679 1942 1942 W FrameTracker: Missing HWUI jank callback for vsyncId: 978397, CUJ=J
11-14 22:15:39.679 1942 1942 W FrameTracker: Missing HWUI jank callback for vsyncId: 978413, CUJ=J
11-14 22:15:39.679 1942 1942 W FrameTracker: Missing HWUI jank callback for vsyncId: 978421, CUJ=J
11-14 22:15:39.680 1942 1972 V PerfettoTrigger: Not triggering com.android.telemetry.interaction-jank-monitor-0 - not enough time since last trigger
11-14 22:15:39.684 1127 1127 D AOC : A3:MSG: usf_sensor.cc, 1981: USF: Received reconfig sampling request for LSM6DSR Gyroscope.
11-14 22:15:39.684 1127 1127 D AOC : A3:MSG: lsm6dsr_device.cc, 745: USF: Lsm6dsrDevice: Sensor 1: Enabled 1, odr_index 3.
11-14 22:15:39.684 1127 1127 D AOC : A3:MSG: lsm6dsr_fifo.cc, 750: USF: Lsm6dsrFifo: ODR: XL/G/T/TS: 52/52/13/6 WM: 2 Intr: 52.
11-14 22:15:39.684 1127 1127 D AOC : A3:MSG: lsm6dsr_device.cc, 653: USF: Lsm6dsrDevice: Fifo was disabled for 331543ns.
11-14 22:15:39.685 1127 1127 D AOC : A3:MSG: usf_sensor.cc, 1981: USF: Received reconfig sampling request for MMC56X3X Magnetometer.
11-14 22:15:39.685 1127 1127 D AOC : A3:MSG: mmc56x3x_device.cc, 409: USF: MMC56X3X0: mmc56x3x_enable_measure odr = 10.
11-14 22:15:39.822 30560 30560 I trusty_metricsd: starting trusty_metricsd
11-14 22:15:39.822 30560 30560 I trusty_metricsd: trusty dev: /dev/trusty-ipc-dev0
11-14 22:15:39.824 30560 30560 E libtrusty: tipc_connect: can't connect to tipc service "com.android.trusty.metrics" (err=107)
11-14 22:15:39.824 30560 30560 E trusty_metricsd: failed to open TrustyMetricsPixel: failed to connect to Trusty metrics TA: Transport endpoint is not connected
11-14 22:15:39.824 30560 30560 E trusty_metricsd: failed to open Trusty metrics client
11-14 22:15:39.862 30561 30561 I flags_health_check: ServerConfigurableFlagsReset reset_mode value: 1
11-14 22:15:39.863 30561 30561 I flags_health_check: ServerConfigurableFlagsReset updatable crashing detected, resetting flags.
11-14 22:15:40.192 1942 1942 W WindowOnBackDispatcher: OnBackInvokedCallback is not enabled for the application.
11-14 22:15:40.192 1942 1942 W WindowOnBackDispatcher: Set 'android:enableOnBackInvokedCallback="true"' in the application manifest.
11-14 22:15:40.247 1827 1836 I native : I0000 00:00:1699992940.247788 1836 tf_lite_classifier.cc:400] Event stream classified as kNone
11-14 22:15:40.275 1942 1942 I FalsingManager: {belief=0.2171525411906353 confidence=0.9583333333333334}
11-14 22:15:40.342 1942 1942 D CentralSurfaces: Received new disable state: enaiHbcRso.qingr (unchanged)
11-14 22:15:40.342 1942 1942 D CentralSurfaces: Received new disable state: enaiHbcRso.qingr (unchanged)
11-14 22:15:40.342 905 1405 D usf_sensor_hal: ppg controller: Enter Activate. Enable = 0.
11-14 22:15:40.343 1127 1127 D AOC : A3:MSG: usf_sensor.cc, 1481: USF: Received stop sampling request for TMD3719 Proximity.
11-14 22:15:40.344 1127 1127 D AOC : A3:MSG: tmd3719_sensor.cc, 317: USF: TMD3719: Report new active state:0
11-14 22:15:40.345 905 969 I usf_sensor_hal: Received REPORT_SENSOR_ACTIVE_STATE_CHANGES event from 'TMD3719 Proximity' with new state:kInactive!
11-14 22:15:40.346 614 650 I hwc-display: ExynosPrimaryDisplay::setMinIdleRefreshRate() writes min_vrefresh(0) to the sysfs node
11-14 22:15:40.346 614 650 I hwc-display: setRefreshRateThrottleNanos() requester(0) set delay to 0ns
11-14 22:15:40.346 614 650 I hwc-display: setDisplayIdleDelayNanos() writes idle_delay_ms(0) to the sysfs node (0x0)
11-14 22:15:40.351 612 612 I RefreshRateSelector: Display 4619827677550801152 policy changed
11-14 22:15:40.351 612 612 I RefreshRateSelector: Previous: {defaultModeId=0, allowGroupSwitching=false, primaryRanges={physical=[60.00 Hz, 60.00 Hz], render=[0.00 Hz, 60.00 Hz]}, appRequestRanges={physical=[60.00 Hz, 60.00 Hz], render=[0.00 Hz, 60.00 Hz]}}
11-14 22:15:40.351 612 612 I RefreshRateSelector: Current: DisplayManagerPolicy{defaultModeId=0, allowGroupSwitching=false, primaryRanges={physical=[0.00 Hz, inf Hz], render=[0.00 Hz, 60.00 Hz]}, appRequestRanges={physical=[0.00 Hz, inf Hz], render=[0.00 Hz, inf Hz]}}
11-14 22:15:40.351 612 612 I RefreshRateSelector: 0 mode changes were performed under the previous policy
11-14 22:15:40.360 1942 1942 D CentralSurfaces: Received new disable state: enaiHbcRso.qingr (unchanged)
11-14 22:15:40.390 1942 1981 D LocalImageResolver: Couldn't use ImageDecoder for drawable, falling back to non-resized load.
11-14 22:15:40.392 1942 1981 D LocalImageResolver: Couldn't use ImageDecoder for drawable, falling back to non-resized load.
11-14 22:15:40.400 1942 1942 W FrameTracker: Missing HWUI jank callback for vsyncId: 978633, CUJ=J
11-14 22:15:40.401 1942 1942 W FrameTracker: Missed App frame:JANK_APP_DEADLINE_MISSED, 978649, 37711344, CUJ=J
11-14 22:15:40.401 1942 1972 V PerfettoTrigger: Not triggering com.android.telemetry.interaction-jank-monitor-0 - not enough time since last trigger
11-14 22:15:41.092 936 936 I WifiHAL : Creating message to get link statistics; iface = 47
11-14 22:15:41.099 1128 1349 I CHRE : @ 1910484.546: [Capo] Count NOT Validate in-motion sample2var=0.025204 (#sample 25)
11-14 22:15:41.099 1128 1349 I CHRE : @ 1910484.546: [Capo] Count NOT Validate in-motion sample2var=0.013699 (#sample 25)
11-14 22:15:41.099 1128 1349 I CHRE : @ 1910484.546: [Capo] Count NOT Validate in-motion sample2var=0.002457 (#sample 25)
11-14 22:15:41.121 1128 1349 I CHRE : @ 1910484.573: [Capo] Count NOT Validate in-motion sample2var=0.002161 (#sample 25)
11-14 22:15:41.121 1128 1349 D CHRE : @ 1910484.574: [ActivityPlatform] type 4, confidence 45
11-14 22:15:41.141 936 936 I WifiHAL : In GetLinkStatsCommand::handleResponse
11-14 22:15:41.178 2673 2729 D IwlanDataService: onCapabilitiesChanged: 175 [ Transports: WIFI Capabilities: NOT_METERED&INTERNET&NOT_RESTRICTED&TRUSTED&NOT_VPN&VALIDATED&NOT_ROAMING&FOREGROUND&NOT_CONGESTED&NOT_SUSPENDED&NOT_VCN_MANAGED LinkUpBandwidth>=12000Kbps LinkDnBandwidth>=76604Kbps TransportInfo: , BSSID: 02:00:00:00:00:00, MAC: 02:00:00:00:00:00, IP: /192.168.2.226, Security type: 2, Supplicant state: COMPLETED, Wi-Fi standard: 4, RSSI: -44, Link speed: 156Mbps, Tx Link speed: 156Mbps, Max Supported Tx Link speed: 300Mbps, Rx Link speed: 192Mbps, Max Supported Rx Link speed: 300Mbps, Frequency: 2412MHz, Net ID: -1, Metered hint: false, score: 60, isUsable: true, CarrierMerged: false, SubscriptionId: -1, IsPrimary: -1, Trusted: true, Restricted: false, Ephemeral: false, OEM paid: false, OEM private: false, OSU AP: false, FQDN: , Provider friendly name: , Requesting package name: MLO Information: , Is TID-To-Link negotiation supported by the AP: false, AP MLD Address: , AP MLO Link Id: , AP MLO Affiliated links: > SignalStrength: -44 UnderlyingNetworks: Null]
11-14 22:15:41.178 2673 2729 D IwlanDataService: Network 175 connected using transport WIFI
11-14 22:15:41.180 2982 3136 D DeviceStateHelper: Wifi freq: 2412
11-14 22:15:41.180 18370 18830 I ChimeraSrvcProxy: NullBinder for android.net.action.RECOMMEND_NETWORKS triggering remote TransactionTooLargeException due to Service without Chimera impl
11-14 22:15:41.180 18370 18830 W .gms.persistent: Large reply transaction of 1056768 bytes, interface descriptor , code 1
11-14 22:15:41.181 2673 2735 D IwlanNetworkService: onCapabilitiesChanged: 175
11-14 22:15:41.186 28817 29053 I BugleRcsEngine: [63] bywy.handleMessage: RcsEngineImpl[DUAL_REG]:[fde849e2-921d]>Handler: handleMessage processing message:[NOTIFY_UPTIME_IGNORE_STATE_CHANGED] with [non-null]:RcsEngineImpl reference
11-14 22:15:41.191 2357 22578 E PhoneInterfaceManager: getCarrierPrivilegeStatusForUid: Invalid subId
11-14 22:15:41.188 1441 1441 W android.hardwar: type=1400 audit(0.0:10000): avc: denied { read } for name="vibe_state" dev="sysfs" ino=101840 scontext=u:r:hal_vibrator_default:s0 tcontext=u:object_r:sysfs:s0 tclass=file permissive=0 bug=b/264483668
11-14 22:15:41.188 1441 1441 W android.hardwar: type=1400 audit(0.0:10001): avc: denied { read } for name="vibe_state" dev="sysfs" ino=101840 scontext=u:r:hal_vibrator_default:s0 tcontext=u:object_r:sysfs:s0 tclass=file permissive=0 bug=b/264483668
11-14 22:15:41.192 1472 1863 E WifiStaIfaceAidlImpl: stopRssiMonitoring failed with service-specific exception: android.os.ServiceSpecificException: (code 5)
11-14 22:15:41.192 936 936 I WifiHAL : Starting RSSI monitor 7551
11-14 22:15:41.192 936 936 I WifiHAL : SetRSSIMonitorCommand 0xb400007c5a896520 created
11-14 22:15:41.192 936 936 D WifiHAL : create request
11-14 22:15:41.192 936 936 I WifiHAL : Added event handler 0xb400007c5a896520:0x7e3209121c for vendor 0x1a11 and subcmd 0xd at 19
11-14 22:15:41.192 936 936 I WifiHAL : Register GOOGLE_RSSI_MONITOR_EVENT handler
11-14 22:15:41.193 1441 30563 E Vibrator: Failed to poll default/vibe_state (9): Bad file descriptor
11-14 22:15:41.193 1441 30563 W Vibrator: Failed to get state "Haptic"
11-14 22:15:41.193 1441 30563 E Vibrator: Failed to poll default/vibe_state (9): Bad file descriptor
11-14 22:15:41.193 1441 30563 D Vibrator: waitForComplete: Vibrator is already off
11-14 22:15:41.193 1441 30563 E Vibrator: Failed to read default/num_waves (9): Bad file descriptor
11-14 22:15:41.193 28817 29053 I BugleRcsEngine: [63] byuj.i: ProvisioningEngineDataRetriever: RCS Configuration storage in Bugle is disabled by p/h flag, using ProvisioningEngineStateCacheUtil.getProvisioningConfigurationForGivenSimIfExist()
11-14 22:15:41.193 28817 28980 I BugleRcsEngine: [49] bydl.c: Connected state: [1], networkType: [WIFI]
11-14 22:15:41.197 936 936 I WifiHAL : Successfully set RSSI monitoring
11-14 22:15:41.202 1472 1871 D ConnectivityService: NetReassign [no changes] [c 1] [a 0] [i 2]
11-14 22:15:41.207 1942 1942 D StatusBarIconController: ignoring old pipeline callback because the new wifi icon is enabled
11-14 22:15:41.211 1942 1942 W FrameTracker: Missing HWUI jank callback for vsyncId: 978893, CUJ=J
11-14 22:15:41.259 1827 1836 I native : I0000 00:00:1699992941.259742 1836 tf_lite_classifier.cc:400] Event stream classified as kNone
11-14 22:15:41.266 1942 1942 I FalsingManager: {belief=0.08402358842160917 confidence=0.92852955372073}
11-14 22:15:41.267 864 921 D audio_hw_output_stream: update stream 1 active 1 gain 0.036208
11-14 22:15:41.267 864 2809 D audio_hw: prepare low-latency-playback
11-14 22:15:41.267 864 2809 D audio_hw_soundtrigger: st_uc_monitor:uc:low-latency-playback active
11-14 22:15:41.267 864 2809 D audio_hw: low-latency-playback:
11-14 22:15:41.267 864 2809 D audio_hw: rx:
11-14 22:15:41.267 864 2809 D audio_hw: #0: OUT_SPEAKER_BE_CFG 0
11-14 22:15:41.267 864 2809 W audio_hw_35l41: cs35l41_amp_common_event: ret: 0, event: 1, state: 2, device: 4
11-14 22:15:41.267 864 2809 D audio_route: Apply path: speaker
11-14 22:15:41.274 864 2809 D audio_hw_aoc_route: speaker 1
11-14 22:15:41.274 864 2809 D audio_route: Apply path: hostless-ulC spk-vi
11-14 22:15:41.276 864 2809 W audio_hw_35l41: cs35l41_amp_common_event: ret: 0, event: 2, state: 3, device: 4
11-14 22:15:41.276 864 2809 D audio_hw_soundtrigger: st_comm_aud_event_monitor:codec dev:4 active
11-14 22:15:41.276 864 2809 I audio_hw_aoc: Mode Ambient is already selected
11-14 22:15:41.276 864 2809 D audio_route: Apply path: low-latency-playbackP
11-14 22:15:41.276 864 2809 D audio_hw_aoc_route: low-latency-playbackP 1
11-14 22:15:41.276 864 2809 E audio_route: unable to find path 'speaker-post'
11-14 22:15:41.276 864 2809 D audio_hw_aoc_route: speaker-post 1
11-14 22:15:41.277 1127 1127 D AOC : F1:MSG: controller.cc, 273: AudioOutCtrl: cmd ID: 0x010f, tag: 0x41 [cntr = 736]
11-14 22:15:41.277 1127 1127 D AOC : F1:Source 1 mastered by sink 0
11-14 22:15:41.277 1127 1127 D AOC : F1:AT Map:2 (LL:0), 1 EPs active, Power: Yes, Config: No
11-14 22:15:41.277 1127 1127 D AOC : F1:Mixer 0 configuration changed: (2)
11-14 22:15:41.277 1127 1127 D AOC : F1:Sink 0 Configuration changed: ULL (enabled)
11-14 22:15:41.277 1127 1127 D AOC : F1:AHWSinkSPKR started: 48 samples (32-bit,2 ch,48 kHz) block 384
11-14 22:15:41.278 1127 1127 D AOC : F1:[AHWSinkSPKR] DL resync B: 0, A:0. wo: 0, target offset: 1632 (align 0) -> ro:0
11-14 22:15:41.278 1127 1127 D AOC : F1:MSG: controller.cc, 811: AudioOutCtrl: ipc: audio_output_co, cmd ID: 0x010f, tag: 0x41, rc: 0
11-14 22:15:41.278 1127 1127 D AOC : F1:Speaker Started (DualDMA on 1 and 2)
11-14 22:15:41.278 1127 1127 D AOC : F1:[AHWSinkSPKR] mix overrun by 3840
11-14 22:15:41.278 1127 1127 D AOC : H0:Mixer AMixSPKR: 480 samples (0002/0002) (ON SC)
11-14 22:15:41.278 864 2809 D audio_hw_waves: waves_usecase_event: low-latency-playback start
11-14 22:15:41.278 1127 1127 D AOC : H0: 1: 0x403ea9e0
11-14 22:15:41.278 864 2809 D audio_hw_waves: update_sink_info_from_usecases: sink 1 VOL/Stream update 0.000000(4294967295) -> 0.036208(1)
11-14 22:15:41.278 1127 1127 D AOC : H0:AMixSPKR PostProcessing Config: WAVES
11-14 22:15:41.278 1127 1127 D AOC : H0:Mixer configuration updated
11-14 22:15:41.278 1127 1127 D AOC : H0:Mixer state changed
11-14 22:15:41.278 1127 1127 D AOC : F1:MSG: controller.cc, 273: AudioOutCtrl: cmd ID: 0x00ce, tag: 0x42 [cntr = 737]
11-14 22:15:41.278 1127 1127 D AOC : F1:MSG: controller.cc, 811: AudioOutCtrl: ipc: audio_output_co, cmd ID: 0x0120, tag: 0x58, rc: 0
11-14 22:15:41.281 864 2809 D audio_hw_waves: send_waves_tuning: instance_id = 1, tuning_id = 2
11-14 22:15:41.281 864 2809 D audio_hw_aoc: aoc_send_rtc_mixer_tuning: block_id = 16, comp_id = 2
11-14 22:15:41.283 1127 1127 D AOC : F1:MSG: controller.cc, 273: AudioOutCtrl: cmd ID: 0x00d5, tag: 0xa9 [cntr = 738]
11-14 22:15:41.284 1127 1127 D AOC : H0:MSG: controller.cc, 811: AudOutCtrlH0: ipc: C-AO-H0, cmd ID: 0x00d5, tag: 0xb8, rc: 0
11-14 22:15:41.284 1127 1127 D AOC : F1:MSG: controller.cc, 811: AudioOutCtrl: ipc: audio_output_tu, cmd ID: 0x00d5, tag: 0xb8, rc: 0
11-14 22:15:41.289 1127 1127 D AOC : F1:MSG: controller.cc, 273: AudioOutCtrl: cmd ID: 0x00c9, tag: 0x43 [cntr = 739]
11-14 22:15:41.289 1127 1127 D AOC : F1:MSG: controller.cc, 811: AudioOutCtrl: ipc: audio_output_co, cmd ID: 0x00c9, tag: 0x43, rc: 0
11-14 22:15:41.391 923 30040 D BufferPoolAccessor2.0: bufferpool2 0xb400006f7f74b0f8 : 5(19441280 size) total buffers - 5(19441280 size) used buffers - 1785/1793 (recycle/alloc) - 19/1787 (fetch/transfer)
11-14 22:15:41.456 1441 1441 W android.hardwar: type=1400 audit(0.0:10002): avc: denied { read } for name="vibe_state" dev="sysfs" ino=101840 scontext=u:r:hal_vibrator_default:s0 tcontext=u:object_r:sysfs:s0 tclass=file permissive=0 bug=b/264483668
11-14 22:15:41.461 1441 30564 W Vibrator: Failed to get state "Haptic"
11-14 22:15:41.461 1441 30564 E Vibrator: Failed to poll default/vibe_state (9): Bad file descriptor
11-14 22:15:41.461 1441 30564 D Vibrator: waitForComplete: Vibrator is already off
11-14 22:15:41.461 1441 30564 E Vibrator: Failed to read default/num_waves (9): Bad file descriptor
11-14 22:15:41.456 1441 1441 W android.hardwar: type=1400 audit(0.0:10003): avc: denied { read } for name="vibe_state" dev="sysfs" ino=101840 scontext=u:r:hal_vibrator_default:s0 tcontext=u:object_r:sysfs:s0 tclass=file permissive=0 bug=b/264483668
11-14 22:15:41.474 864 921 D audio_hw_output_stream: update stream 1 active 0 gain 0.000000
11-14 22:15:41.526 1827 1836 I native : I0000 00:00:1699992941.526752 1836 tf_lite_classifier.cc:400] Event stream classified as kNone
11-14 22:15:41.540 1942 1942 I FalsingManager: {belief=0.026606769288071493 confidence=0.9271131013144338}
11-14 22:15:41.546 864 921 D audio_hw_output_stream: update stream 1 active 1 gain 0.036208
11-14 22:15:41.603 923 30033 I ExynosC2H264EncComponent: [onUpdateC2Work] got SYNC FRAME
11-14 22:15:41.693 864 921 D audio_hw_output_stream: update stream 1 active 0 gain 0.000000
11-14 22:15:41.750 1441 30565 E Vibrator: Failed to poll default/vibe_state (9): Bad file descriptor
11-14 22:15:41.750 1441 30565 W Vibrator: Failed to get state "Haptic"
11-14 22:15:41.750 1441 30565 E Vibrator: Failed to poll default/vibe_state (9): Bad file descriptor
11-14 22:15:41.750 1441 30565 D Vibrator: waitForComplete: Vibrator is already off
11-14 22:15:41.750 1441 30565 E Vibrator: Failed to read default/num_waves (9): Bad file descriptor
11-14 22:15:41.748 1441 1441 W android.hardwar: type=1400 audit(0.0:10004): avc: denied { read } for name="vibe_state" dev="sysfs" ino=101840 scontext=u:r:hal_vibrator_default:s0 tcontext=u:object_r:sysfs:s0 tclass=file permissive=0 bug=b/264483668
11-14 22:15:41.748 1441 1441 W android.hardwar: type=1400 audit(0.0:10005): avc: denied { read } for name="vibe_state" dev="sysfs" ino=101840 scontext=u:r:hal_vibrator_default:s0 tcontext=u:object_r:sysfs:s0 tclass=file permissive=0 bug=b/264483668
11-14 22:15:41.833 1827 1836 I native : I0000 00:00:1699992941.833054 1836 tf_lite_classifier.cc:400] Event stream classified as kNone
11-14 22:15:41.838 1942 1942 I FalsingManager: {belief=0.00907454033142937 confidence=0.9295648446362819}
11-14 22:15:41.846 864 921 D audio_hw_output_stream: update stream 1 active 1 gain 0.036208
11-14 22:15:41.992 864 921 D audio_hw_output_stream: update stream 1 active 0 gain 0.000000
11-14 22:15:42.083 1441 30566 E Vibrator: Failed to poll default/vibe_state (9): Bad file descriptor
11-14 22:15:42.083 1441 30566 W Vibrator: Failed to get state "Haptic"
11-14 22:15:42.083 1441 30566 E Vibrator: Failed to poll default/vibe_state (9): Bad file descriptor
11-14 22:15:42.083 1441 30566 D Vibrator: waitForComplete: Vibrator is already off
11-14 22:15:42.083 1441 30566 E Vibrator: Failed to read default/num_waves (9): Bad file descriptor
11-14 22:15:42.080 1441 1441 W android.hardwar: type=1400 audit(0.0:10006): avc: denied { read } for name="vibe_state" dev="sysfs" ino=101840 scontext=u:r:hal_vibrator_default:s0 tcontext=u:object_r:sysfs:s0 tclass=file permissive=0 bug=b/264483668
11-14 22:15:42.080 1441 1441 W android.hardwar: type=1400 audit(0.0:10007): avc: denied { read } for name="vibe_state" dev="sysfs" ino=101840 scontext=u:r:hal_vibrator_default:s0 tcontext=u:object_r:sysfs:s0 tclass=file permissive=0 bug=b/264483668
11-14 22:15:42.133 1827 1836 I native : I0000 00:00:1699992942.133344 1836 tf_lite_classifier.cc:400] Event stream classified as kNone
11-14 22:15:42.137 1942 1942 I FalsingManager: {belief=0.0033346001942118533 confidence=0.9326997697800794}
11-14 22:15:42.145 864 921 D audio_hw_output_stream: update stream 1 active 1 gain 0.036208
11-14 22:15:42.146 30243 30520 D BufferPoolAccessor2.0: bufferpool2 0xb4000070f4279fa8 : 0(0 size) total buffers - 0(0 size) used buffers - 31/36 (recycle/alloc) - 8/32 (fetch/transfer)
11-14 22:15:42.147 30243 30520 D BufferPoolAccessor2.0: evictor expired: 1, evicted: 1
11-14 22:15:42.292 864 921 D audio_hw_output_stream: update stream 1 active 0 gain 0.000000
11-14 22:15:42.321 864 1480 D audio_hw_35l41: cs35l41_rtlogger_data_analysis: Left/Top impedance: 597297
11-14 22:15:42.321 864 1480 D audio_hw_35l41: cs35l41_rtlogger_data_analysis: Right/Bottom impedance: 696465
11-14 22:15:42.321 864 1480 D audio_hw_35l41: cs35l41_bdlogger_data_analysis: Left/Top Max temp: 0x790ae ==> 30.260620 C
11-14 22:15:42.321 864 1480 D audio_hw_35l41: cs35l41_bdlogger_data_analysis: Left/Top Max exc: 0xd725 ==> 0.105051 mm
11-14 22:15:42.321 864 1480 D audio_hw_35l41: cs35l41_bdlogger_data_analysis: Left/Top dsp heartbeat = 0x6743
11-14 22:15:42.322 864 1480 D audio_hw_35l41: cs35l41_bdlogger_data_analysis: Right/Bottom Max temp: 0x7521a ==> 29.282837 C
