11-14 22:16:00.613 1472 1688 I DisplayDeviceRepository: Display device changed: DisplayDeviceInfo{"Built-in Screen": uniqueId="local:4619827677550801152", 1080 x 2400, modeId 1, renderFrameRate 30.0, defaultModeId 1, supportedModes [{id=1, width=1080, height=2400, fps=60.0, alternativeRefreshRates=[], supportedHdrTypes=[2, 3, 4]}], colorMode 0, supportedColorModes [0, 7, 9], hdrCapabilities HdrCapabilities{mSupportedHdrTypes=[2, 3, 4], mMaxLuminance=800.0, mMaxAverageLuminance=120.0, mMinLuminance=5.0E-4}, allmSupported false, gameContentTypeSupported false, density 420, 428.625 x 429.295 dpi, appVsyncOff 6233334, presDeadline 11500000, cutout DisplayCutout{insets=Rect(0, 132 - 0, 0) waterfall=Insets{left=0, top=0, right=0, bottom=0} boundingRect={Bounds=[Rect(0, 0 - 0, 0), Rect(480, 0 - 625, 132), Rect(0, 0 - 0, 0), Rect(0, 0 - 0, 0)]} cutoutPathParserInfo={CutoutPathParserInfo{displayWidth=1080 displayHeight=2400 physicalDisplayWidth=1080 physicalDisplayHeight=2400 density={2.625} cutoutSpec={M 507,66 a 33,33 0 1 0 66,0 33,33 0 1 0 -66,0 Z @left} rotation={0} scale={1.0} physicalPixelDisplaySizeRatio={1.0}}}}, touch INTERNAL, rotation 0, type INTERNAL, address {port=0, model=0x401ceccbbbeef1}, deviceProductInfo DeviceProductInfo{name=Common Panel, manufacturerPnpId=GGL, productId=0, modelYear=null, manufactureDate=ManufactureDate{week=1, year=1990}, connectionToSinkType=0}, state ON, committedState ON, frameRateOverride , brightnessMinimum 0.0, brightnessMaximum 1.0, brightnessDefault 0.17293233, hdrSdrRatio 1.0, roundedCorners RoundedCorners{[RoundedCorner{position=TopLeft, radius=47, center=Point(47, 47)}, RoundedCorner{position=TopRight, radius=47, center=Point(1033, 47)}, RoundedCorner{position=BottomRight, radius=48, center=Point(1032, 2352)}, RoundedCorner{position=BottomLeft, radius=48, center=Point(48, 2352)}]}, FLAG_ALLOWED_TO_BE_DEFAULT_DISPLAY, FLAG_ROTATES_WITH_CONTENT, FLAG_SECURE, FLAG_SUPPORTS_PROTECTED_BUFFERS, FLAG_TRUSTED, installOrientation 0, displayShape DisplayShape{ spec=903784421 displayWidth=1080 displayHeight=2400 physicalPixelDisplaySizeRatio=1.0 rotation=0 offsetX=0 offsetY=0 scale=1.0}}
11-14 22:16:00.617 1472 1688 D DisplayManagerService: Ignore redundant display event 0/2 to 10292/30368
11-14 22:16:00.750 30243 30572 W CCodecBufferChannel: no present fence for frame 286
11-14 22:16:00.751 30243 30572 W CCodecBufferChannel: no present fence for frame 287
11-14 22:16:00.790 30243 30572 W CCodecBufferChannel: no present fence for frame 288
11-14 22:16:00.790 30243 30572 W CCodecBufferChannel: no present fence for frame 289
11-14 22:16:00.821 30243 30572 W CCodecBufferChannel: no present fence for frame 290
11-14 22:16:00.851 30243 30572 W CCodecBufferChannel: no present fence for frame 291
11-14 22:16:00.890 30243 30572 W CCodecBufferChannel: no present fence for frame 292
11-14 22:16:00.921 30243 30572 W CCodecBufferChannel: no present fence for frame 293
11-14 22:16:00.950 30243 30572 W CCodecBufferChannel: no present fence for frame 294
11-14 22:16:00.991 30243 30572 W CCodecBufferChannel: no present fence for frame 295
11-14 22:16:01.020 30243 30572 W CCodecBufferChannel: no present fence for frame 296
11-14 22:16:01.051 30243 30572 W CCodecBufferChannel: no present fence for frame 297
11-14 22:16:01.083 30243 30572 W CCodecBufferChannel: no present fence for frame 298
11-14 22:16:01.286 30243 30572 W CCodecBufferChannel: no present fence for frame 299
11-14 22:16:01.286 30243 30572 W CCodecBufferChannel: no present fence for frame 300
11-14 22:16:01.286 30243 30572 W CCodecBufferChannel: no present fence for frame 301
11-14 22:16:01.286 30243 30572 W CCodecBufferChannel: no present fence for frame 302
11-14 22:16:01.286 30243 30572 W CCodecBufferChannel: no present fence for frame 303
11-14 22:16:01.788 30243 30572 W CCodecBufferChannel: no present fence for frame 304
11-14 22:16:02.261 30243 30572 W CCodecBufferChannel: no present fence for frame 305
11-14 22:16:02.262 30243 30572 W CCodecBufferChannel: no present fence for frame 306
11-14 22:16:02.326 923 30040 D BufferPoolAccessor2.0: bufferpool2 0xb400006f7f74b0f8 : 5(19441280 size) total buffers - 5(19441280 size) used buffers - 2303/2311 (recycle/alloc) - 22/2305 (fetch/transfer)
11-14 22:16:02.422 30243 30572 W CCodecBufferChannel: no present fence for frame 307
11-14 22:16:02.453 30243 30572 W CCodecBufferChannel: no present fence for frame 308
11-14 22:16:02.494 30243 30572 W CCodecBufferChannel: no present fence for frame 309
11-14 22:16:02.525 30243 30572 W CCodecBufferChannel: no present fence for frame 310
11-14 22:16:02.554 30243 30572 W CCodecBufferChannel: no present fence for frame 311
11-14 22:16:02.585 30243 30572 W CCodecBufferChannel: no present fence for frame 312
11-14 22:16:02.626 30243 30572 W CCodecBufferChannel: no present fence for frame 313
11-14 22:16:02.656 30243 30572 W CCodecBufferChannel: no present fence for frame 314
11-14 22:16:02.790 30243 30572 W CCodecBufferChannel: no present fence for frame 315
11-14 22:16:02.790 30243 30572 W CCodecBufferChannel: no present fence for frame 316
11-14 22:16:02.790 30243 30572 W CCodecBufferChannel: no present fence for frame 317
11-14 22:16:02.790 30243 30572 W CCodecBufferChannel: no present fence for frame 318
11-14 22:16:02.821 30243 30572 W CCodecBufferChannel: no present fence for frame 319
11-14 22:16:02.961 30243 30572 W CCodecBufferChannel: no present fence for frame 320
11-14 22:16:02.992 30243 30572 W CCodecBufferChannel: no present fence for frame 321
11-14 22:16:03.022 30243 30572 W CCodecBufferChannel: no present fence for frame 322
11-14 22:16:03.061 30243 30572 W CCodecBufferChannel: no present fence for frame 323
11-14 22:16:03.093 30243 30572 W CCodecBufferChannel: no present fence for frame 324
11-14 22:16:03.124 30243 30572 W CCodecBufferChannel: no present fence for frame 325
11-14 22:16:03.154 30243 30572 W CCodecBufferChannel: no present fence for frame 326
11-14 22:16:03.194 30243 30572 W CCodecBufferChannel: no present fence for frame 327
11-14 22:16:03.226 30243 30572 W CCodecBufferChannel: no present fence for frame 328
11-14 22:16:03.257 30243 30572 W CCodecBufferChannel: no present fence for frame 329
11-14 22:16:03.287 30243 30572 W CCodecBufferChannel: no present fence for frame 330
11-14 22:16:03.326 30243 30572 W CCodecBufferChannel: no present fence for frame 331
11-14 22:16:03.342 1128 1349 I CHRE : @ 1910506.793: [AR] send to host, reason=4, sampleSize=112, transitionSize=0, lastAccelTime = 1910513725, lastAudioTime = 0
11-14 22:16:03.343 1128 1349 I CHRE : @ 1910506.794: [NanoMinion] sent MSG Type 0x72, Version 0, 1709 bytes, MessageId 19
11-14 22:16:03.345 889 901 D ContextHubHal: Got message from nanoapp: ID 0x476f6f676c00100b
11-14 22:16:03.345 1128 1349 D CHRE : @ 1910506.795: [ActivityPlatform] type 6, confidence 41
11-14 22:16:03.346 1441 1450 I CapoDetector: handleNanoappMessage, Id 5147455389092024331, type 1025, size 1717
11-14 22:16:03.359 30243 30572 W CCodecBufferChannel: no present fence for frame 332
11-14 22:16:03.364 889 901 D ContextHubHal: Got nanoapp list response with 17 apps
11-14 22:16:03.365 1128 1349 D CHRE : @ 1910506.816: Nanoapp list request from client ID 1
11-14 22:16:03.369 1128 1349 D CHRE : @ 1910506.822: Nanoapp list request from client ID 1
11-14 22:16:03.369 889 901 D ContextHubHal: Got nanoapp list response with 17 apps
11-14 22:16:03.383 1128 1349 D CHRE : @ 1910506.836: Nanoapp list request from client ID 1
11-14 22:16:03.383 889 901 D ContextHubHal: Got nanoapp list response with 17 apps
11-14 22:16:03.387 1128 1349 D CHRE : @ 1910506.839: Nanoapp list request from client ID 1
11-14 22:16:03.387 889 901 D ContextHubHal: Got nanoapp list response with 17 apps
11-14 22:16:03.389 30243 30572 W CCodecBufferChannel: no present fence for frame 333
11-14 22:16:03.429 30243 30572 W CCodecBufferChannel: no present fence for frame 334
11-14 22:16:03.459 30243 30572 W CCodecBufferChannel: no present fence for frame 335
11-14 22:16:03.489 30243 30572 W CCodecBufferChannel: no present fence for frame 336
11-14 22:16:03.520 30243 30572 W CCodecBufferChannel: no present fence for frame 337
11-14 22:16:03.560 30243 30572 W CCodecBufferChannel: no present fence for frame 338
11-14 22:16:03.591 30243 30572 W CCodecBufferChannel: no present fence for frame 339
11-14 22:16:03.622 30243 30572 W CCodecBufferChannel: no present fence for frame 340
11-14 22:16:03.653 30243 30572 W CCodecBufferChannel: no present fence for frame 341
11-14 22:16:03.693 30243 30572 W CCodecBufferChannel: no present fence for frame 342
11-14 22:16:03.724 30243 30572 W CCodecBufferChannel: no present fence for frame 343
11-14 22:16:03.755 30243 30572 W CCodecBufferChannel: no present fence for frame 344
11-14 22:16:03.794 30243 30572 W CCodecBufferChannel: no present fence for frame 345
11-14 22:16:03.825 30243 30572 W CCodecBufferChannel: no present fence for frame 346
11-14 22:16:03.856 30243 30572 W CCodecBufferChannel: no present fence for frame 347
11-14 22:16:03.887 30243 30572 W CCodecBufferChannel: no present fence for frame 348
11-14 22:16:03.927 30243 30572 W CCodecBufferChannel: no present fence for frame 349
11-14 22:16:03.958 30243 30572 W CCodecBufferChannel: no present fence for frame 350
11-14 22:16:03.988 30243 30572 W CCodecBufferChannel: no present fence for frame 351
11-14 22:16:04.028 30243 30572 W CCodecBufferChannel: no present fence for frame 352
11-14 22:16:04.058 30243 30572 W CCodecBufferChannel: no present fence for frame 353
11-14 22:16:04.089 30243 30572 W CCodecBufferChannel: no present fence for frame 354
11-14 22:16:04.129 30243 30572 W CCodecBufferChannel: no present fence for frame 355
11-14 22:16:04.160 30243 30572 W CCodecBufferChannel: no present fence for frame 356
11-14 22:16:04.191 30243 30572 W CCodecBufferChannel: no present fence for frame 357
11-14 22:16:04.221 30243 30572 W CCodecBufferChannel: no present fence for frame 358
11-14 22:16:04.262 30243 30572 W CCodecBufferChannel: no present fence for frame 359
11-14 22:16:04.293 30243 30572 W CCodecBufferChannel: no present fence for frame 360
11-14 22:16:04.323 30243 30572 W CCodecBufferChannel: no present fence for frame 361
11-14 22:16:04.353 30243 30572 W CCodecBufferChannel: no present fence for frame 362
11-14 22:16:04.394 30243 30572 W CCodecBufferChannel: no present fence for frame 363
11-14 22:16:04.424 30243 30572 W CCodecBufferChannel: no present fence for frame 364
11-14 22:16:04.456 30243 30572 W CCodecBufferChannel: no present fence for frame 365
11-14 22:16:04.494 30243 30572 W CCodecBufferChannel: no present fence for frame 366
11-14 22:16:04.525 30243 30572 W CCodecBufferChannel: no present fence for frame 367
11-14 22:16:04.527 30243 30521 D PipelineWatcher: onInputBufferReleased: frameIndex not found (498); ignored
11-14 22:16:04.555 30243 30572 W CCodecBufferChannel: no present fence for frame 368
11-14 22:16:04.595 30243 30572 W CCodecBufferChannel: no present fence for frame 369
11-14 22:16:04.595 30243 30572 D BufferPoolAccessor2.0: bufferpool2 0xb4000070f4271738 : 5(36700160 size) total buffers - 1(7340032 size) used buffers - 498/503 (recycle/alloc) - 14/510 (fetch/transfer)
11-14 22:16:04.602 1472 1807 D ActivityManager: freezing 5451 com.google.android.euicc
11-14 22:16:04.626 30243 30572 W CCodecBufferChannel: no present fence for frame 370
11-14 22:16:04.656 30243 30572 W CCodecBufferChannel: no present fence for frame 371
11-14 22:16:04.696 30243 30572 W CCodecBufferChannel: no present fence for frame 372
11-14 22:16:04.728 30243 30572 W CCodecBufferChannel: no present fence for frame 373
11-14 22:16:04.758 30243 30572 W CCodecBufferChannel: no present fence for frame 374
11-14 22:16:04.788 30243 30572 W CCodecBufferChannel: no present fence for frame 375
11-14 22:16:04.863 30604 30604 I trusty_metricsd: starting trusty_metricsd
11-14 22:16:04.863 30604 30604 I trusty_metricsd: trusty dev: /dev/trusty-ipc-dev0
11-14 22:16:04.867 30604 30604 E libtrusty: tipc_connect: can't connect to tipc service "com.android.trusty.metrics" (err=107)
11-14 22:16:04.867 30604 30604 E trusty_metricsd: failed to open TrustyMetricsPixel: failed to connect to Trusty metrics TA: Transport endpoint is not connected
11-14 22:16:04.867 30604 30604 E trusty_metricsd: failed to open Trusty metrics client
11-14 22:16:04.893 30605 30605 I flags_health_check: ServerConfigurableFlagsReset reset_mode value: 1
11-14 22:16:04.893 30605 30605 I flags_health_check: ServerConfigurableFlagsReset updatable crashing detected, resetting flags.
11-14 22:16:04.993 30243 30572 W CCodecBufferChannel: no present fence for frame 376
11-14 22:16:04.993 30243 30572 W CCodecBufferChannel: no present fence for frame 377
11-14 22:16:04.993 30243 30572 W CCodecBufferChannel: no present fence for frame 378
11-14 22:16:04.993 30243 30572 W CCodecBufferChannel: no present fence for frame 379
11-14 22:16:04.993 30243 30572 W CCodecBufferChannel: no present fence for frame 380
11-14 22:16:05.164 30243 30572 W CCodecBufferChannel: no present fence for frame 381
11-14 22:16:05.195 30243 30572 W CCodecBufferChannel: no present fence for frame 382
11-14 22:16:05.256 30243 30572 W CCodecBufferChannel: no present fence for frame 383
11-14 22:16:05.296 30243 30572 W CCodecBufferChannel: no present fence for frame 384
11-14 22:16:05.327 30243 30572 W CCodecBufferChannel: no present fence for frame 385
11-14 22:16:05.357 30243 30572 W CCodecBufferChannel: no present fence for frame 386
11-14 22:16:05.388 30243 30572 W CCodecBufferChannel: no present fence for frame 387
11-14 22:16:05.601 936 936 I WifiHAL : Creating message to get link statistics; iface = 47
11-14 22:16:05.706 936 936 I WifiHAL : In GetLinkStatsCommand::handleResponse
11-14 22:16:05.708 936 936 E IPCThreadState: binder thread pool (1 threads) starved for 108 ms
11-14 22:16:05.727 30243 30572 W CCodecBufferChannel: no present fence for frame 388
11-14 22:16:05.727 30243 30572 W CCodecBufferChannel: no present fence for frame 389
11-14 22:16:05.727 30243 30572 W CCodecBufferChannel: no present fence for frame 390
11-14 22:16:05.727 30243 30572 W CCodecBufferChannel: no present fence for frame 391
11-14 22:16:05.727 30243 30572 W CCodecBufferChannel: no present fence for frame 392
11-14 22:16:05.743 1472 1871 D ConnectivityService: NetReassign [no changes] [c 1] [a 0] [i 2]
11-14 22:16:05.930 30243 30572 W CCodecBufferChannel: no present fence for frame 393
11-14 22:16:05.930 30243 30572 W CCodecBufferChannel: no present fence for frame 394
11-14 22:16:05.990 30243 30572 W CCodecBufferChannel: no present fence for frame 395
11-14 22:16:05.990 30243 30572 W CCodecBufferChannel: no present fence for frame 396
11-14 22:16:06.031 30243 30572 W CCodecBufferChannel: no present fence for frame 397
11-14 22:16:06.092 30243 30572 W CCodecBufferChannel: no present fence for frame 398
11-14 22:16:06.161 30243 30572 W CCodecBufferChannel: no present fence for frame 399
11-14 22:16:06.192 30243 30572 W CCodecBufferChannel: no present fence for frame 400
11-14 22:16:06.295 30243 30572 W CCodecBufferChannel: no present fence for frame 401
11-14 22:16:06.490 30243 30572 W CCodecBufferChannel: no present fence for frame 402
11-14 22:16:06.490 30243 30572 W CCodecBufferChannel: no present fence for frame 403
11-14 22:16:06.490 30243 30572 W CCodecBufferChannel: no present fence for frame 404
11-14 22:16:06.517 1128 1349 D CHRE : @ 1910509.969: [ActivityPlatform] type 6, confidence 41
11-14 22:16:06.531 923 30033 I ExynosC2H264EncComponent: [onUpdateC2Work] got SYNC FRAME
11-14 22:16:06.662 30243 30572 W CCodecBufferChannel: no present fence for frame 405
11-14 22:16:06.693 30243 30572 W CCodecBufferChannel: no present fence for frame 406
11-14 22:16:06.724 30243 30572 W CCodecBufferChannel: no present fence for frame 407
11-14 22:16:06.764 30243 30572 W CCodecBufferChannel: no present fence for frame 408
11-14 22:16:06.796 30243 30572 W CCodecBufferChannel: no present fence for frame 409
11-14 22:16:06.826 30243 30572 W CCodecBufferChannel: no present fence for frame 410
11-14 22:16:06.856 30243 30572 W CCodecBufferChannel: no present fence for frame 411
11-14 22:16:06.897 30243 30572 W CCodecBufferChannel: no present fence for frame 412
11-14 22:16:06.929 30243 30572 W CCodecBufferChannel: no present fence for frame 413
11-14 22:16:06.958 30243 30572 W CCodecBufferChannel: no present fence for frame 414
11-14 22:16:06.998 30243 30572 W CCodecBufferChannel: no present fence for frame 415
11-14 22:16:07.029 30243 30572 W CCodecBufferChannel: no present fence for frame 416
11-14 22:16:07.059 30243 30572 W CCodecBufferChannel: no present fence for frame 417
11-14 22:16:07.061 923 30574 I ExynosC2H264DecComponent: [doQueue] input detects EOS flag !!
11-14 22:16:07.061 923 30581 D ExynosVideoDecoder: MFC_Decoder_Enqueue_Inbuf: EMPTY DATA
11-14 22:16:07.063 923 30583 I ExynosVideoCodecDec-H264Dec: [dstDequeue] DPB has reached EOS
11-14 22:16:07.064 923 30574 I ExynosC2H264DecComponent: [onUpdateC2Work] output detects EOS !!
11-14 22:16:07.100 30243 30572 W CCodecBufferChannel: no present fence for frame 418
11-14 22:16:07.192 30243 30572 W CCodecBufferChannel: no present fence for frame 419
11-14 22:16:07.192 30243 30572 W CCodecBufferChannel: no present fence for frame 420
11-14 22:16:07.192 30243 30572 W CCodecBufferChannel: no present fence for frame 421
11-14 22:16:07.295 30243 30572 W CCodecBufferChannel: no present fence for frame 422
11-14 22:16:07.295 30243 30572 W CCodecBufferChannel: no present fence for frame 423
11-14 22:16:07.691 30243 30572 W CCodecBufferChannel: no present fence for frame 424
11-14 22:16:07.691 30243 30572 W CCodecBufferChannel: no present fence for frame 425
11-14 22:16:07.732 923 30040 D BufferPoolAccessor2.0: bufferpool2 0xb400006f7f74b0f8 : 5(19441280 size) total buffers - 5(19441280 size) used buffers - 2419/2427 (recycle/alloc) - 22/2421 (fetch/transfer)
11-14 22:16:08.198 30243 30572 W CCodecBufferChannel: no present fence for frame 426
11-14 22:16:08.198 30243 30572 W CCodecBufferChannel: no present fence for frame 427
11-14 22:16:08.221 1472 1688 I DisplayDeviceRepository: Display device changed: DisplayDeviceInfo{"Built-in Screen": uniqueId="local:4619827677550801152", 1080 x 2400, modeId 1, renderFrameRate 60.0, defaultModeId 1, supportedModes [{id=1, width=1080, height=2400, fps=60.0, alternativeRefreshRates=[], supportedHdrTypes=[2, 3, 4]}], colorMode 0, supportedColorModes [0, 7, 9], hdrCapabilities HdrCapabilities{mSupportedHdrTypes=[2, 3, 4], mMaxLuminance=800.0, mMaxAverageLuminance=120.0, mMinLuminance=5.0E-4}, allmSupported false, gameContentTypeSupported false, density 420, 428.625 x 429.295 dpi, appVsyncOff 6233334, presDeadline 11500000, cutout DisplayCutout{insets=Rect(0, 132 - 0, 0) waterfall=Insets{left=0, top=0, right=0, bottom=0} boundingRect={Bounds=[Rect(0, 0 - 0, 0), Rect(480, 0 - 625, 132), Rect(0, 0 - 0, 0), Rect(0, 0 - 0, 0)]} cutoutPathParserInfo={CutoutPathParserInfo{displayWidth=1080 displayHeight=2400 physicalDisplayWidth=1080 physicalDisplayHeight=2400 density={2.625} cutoutSpec={M 507,66 a 33,33 0 1 0 66,0 33,33 0 1 0 -66,0 Z @left} rotation={0} scale={1.0} physicalPixelDisplaySizeRatio={1.0}}}}, touch INTERNAL, rotation 0, type INTERNAL, address {port=0, model=0x401ceccbbbeef1}, deviceProductInfo DeviceProductInfo{name=Common Panel, manufacturerPnpId=GGL, productId=0, modelYear=null, manufactureDate=ManufactureDate{week=1, year=1990}, connectionToSinkType=0}, state ON, committedState ON, frameRateOverride , brightnessMinimum 0.0, brightnessMaximum 1.0, brightnessDefault 0.17293233, hdrSdrRatio 1.0, roundedCorners RoundedCorners{[RoundedCorner{position=TopLeft, radius=47, center=Point(47, 47)}, RoundedCorner{position=TopRight, radius=47, center=Point(1033, 47)}, RoundedCorner{position=BottomRight, radius=48, center=Point(1032, 2352)}, RoundedCorner{position=BottomLeft, radius=48, center=Point(48, 2352)}]}, FLAG_ALLOWED_TO_BE_DEFAULT_DISPLAY, FLAG_ROTATES_WITH_CONTENT, FLAG_SECURE, FLAG_SUPPORTS_PROTECTED_BUFFERS, FLAG_TRUSTED, installOrientation 0, displayShape DisplayShape{ spec=903784421 displayWidth=1080 displayHeight=2400 physicalPixelDisplaySizeRatio=1.0 rotation=0 offsetX=0 offsetY=0 scale=1.0}}
11-14 22:16:08.227 1472 1688 D DisplayManagerService: Ignore redundant display event 0/2 to 10292/30368
11-14 22:16:08.497 30243 30569 I Surface : Surface::setFrameRate is deprecated, setFrameRate hint is dropped as destination is not SurfaceFlinger
11-14 22:16:08.503 30243 30569 D MediaCodec: keep callback message for reclaim
11-14 22:16:08.504 30243 30572 I CCodecConfig: query failed after returning 15 values (BAD_INDEX)
11-14 22:16:08.505 30243 30572 D CCodecConfig: c2 config diff is c2::u32 coded.vui.color.matrix = 1
11-14 22:16:08.505 30243 30572 D CCodecConfig: c2::u32 coded.vui.color.primaries = 1
11-14 22:16:08.505 30243 30572 D CCodecConfig: c2::u32 coded.vui.color.range = 2
11-14 22:16:08.505 30243 30572 D CCodecConfig: c2::u32 coded.vui.color.transfer = 3
11-14 22:16:08.507 30243 30572 W Codec2Client: query -- param skipped: index = 1073743886.
11-14 22:16:08.507 30243 30572 W Codec2Client: query -- param skipped: index = 1610614798.
11-14 22:16:08.525 3703 29680 D MediaProvider: Open with FUSE. FilePath: /storage/emulated/0/QTBUG-107883-quickcontrols-texteditor-qt660.mp4. Uid: 10192. Media Capabilities Uid: 0. ShouldRedact: false. ShouldTranscode: false
11-14 22:16:08.544 30243 30521 D CCodecBufferChannel: [c2.exynos.h264.decoder#302] Ignoring stale input buffer done callback: last flush index = 584, frameIndex = 584
11-14 22:16:08.544 923 30574 I ExynosC2H264DecComponent: [updateC2Buffer_ColorAspects] HDR :: color aspects(r:2, p:0x1, t:0x3, m:0x1)
11-14 22:16:08.555 30243 30569 I Surface : Surface::setFrameRate is deprecated, setFrameRate hint is dropped as destination is not SurfaceFlinger
11-14 22:16:08.761 30243 30572 W CCodecBufferChannel: no present fence for frame 430
11-14 22:16:08.907 30243 30572 W CCodecBufferChannel: no present fence for frame 431
11-14 22:16:09.259 30243 30572 W CCodecBufferChannel: no present fence for frame 432
11-14 22:16:09.407 30243 30572 W CCodecBufferChannel: no present fence for frame 433
11-14 22:16:09.491 1655 1677 I pixel-thermal: VIRTUAL-USB-UI:0 raw data: USB2-MINUS-CHG:-3584 VIRTUAL-USB-UI:0 charger_skin_therm:32329 usb_pwr_therm2:28745
11-14 22:16:09.495 1655 1677 I pixel-thermal: VIRTUAL-USB-THROTTLING:0 raw data: USB2-MINUS-CHG:-3584 VIRTUAL-USB-THROTTLING:0 usb_pwr_therm2:28745
11-14 22:16:09.495 1655 1677 I pixel-thermal: neutral_therm:29.301 raw data: neutral_therm:29301
11-14 22:16:09.693 1128 1349 D CHRE : @ 1910513.144: [ActivityPlatform] type 6, confidence 41
11-14 22:16:09.756 30243 30572 W CCodecBufferChannel: no present fence for frame 434
11-14 22:16:09.875 30606 30606 I trusty_metricsd: starting trusty_metricsd
11-14 22:16:09.875 30606 30606 I trusty_metricsd: trusty dev: /dev/trusty-ipc-dev0
11-14 22:16:09.877 30606 30606 E libtrusty: tipc_connect: can't connect to tipc service "com.android.trusty.metrics" (err=107)
11-14 22:16:09.877 30606 30606 E trusty_metricsd: failed to open TrustyMetricsPixel: failed to connect to Trusty metrics TA: Transport endpoint is not connected
11-14 22:16:09.877 30606 30606 E trusty_metricsd: failed to open Trusty metrics client
11-14 22:16:09.890 30243 30572 D BufferPoolAccessor2.0: bufferpool2 0xb4000070f4271738 : 5(36700160 size) total buffers - 1(7340032 size) used buffers - 596/601 (recycle/alloc) - 15/605 (fetch/transfer)
11-14 22:16:09.892 30243 30572 W CCodecBufferChannel: no present fence for frame 435
11-14 22:16:09.909 30607 30607 I flags_health_check: ServerConfigurableFlagsReset reset_mode value: 1
11-14 22:16:09.910 30607 30607 I flags_health_check: ServerConfigurableFlagsReset updatable crashing detected, resetting flags.
11-14 22:16:10.123 18397 18397 E AbstractGmsTracer: Traced class shouldn't be obfuscated: GmsIntentOperationChimeraService [CONTEXT service_id=259 ]
11-14 22:16:10.138 1472 1797 D ActivityManager: sync unfroze 10916 com.google.android.as.oss
11-14 22:16:10.146 18397 30608 E AbstractGmsTracer: Traced class shouldn't be obfuscated: CheckStateEventIntentOperation [CONTEXT service_id=259 ]
11-14 22:16:10.153 1472 2615 W JobScheduler: Job didn't exist in JobStore: fc838a7 #u0a131/-1269679295 com.google.android.as.oss/com.google.android.gms.learning.internal.training.InAppJobService
11-14 22:16:10.155 18397 30608 I Authzen : [DeviceStateSyncManager] The server is in sync with current state. Nothing to do
11-14 22:16:10.242 30243 30572 W CCodecBufferChannel: no present fence for frame 436
11-14 22:16:10.346 20174 20291 I bbqz : getHotwordActive::active query: null, watch: false, devices connected: []
11-14 22:16:10.396 30243 30572 W CCodecBufferChannel: no present fence for frame 437
11-14 22:16:10.549 30243 30572 W CCodecBufferChannel: no present fence for frame 438
11-14 22:16:10.765 30243 30572 W CCodecBufferChannel: no present fence for frame 439
11-14 22:16:10.765 30243 30572 W CCodecBufferChannel: no present fence for frame 440
11-14 22:16:10.765 30243 30572 W CCodecBufferChannel: no present fence for frame 441
11-14 22:16:10.765 30243 30572 W CCodecBufferChannel: no present fence for frame 442
11-14 22:16:10.765 30243 30572 W CCodecBufferChannel: no present fence for frame 443
11-14 22:16:10.765 30243 30572 W CCodecBufferChannel: no present fence for frame 444
11-14 22:16:10.911 30243 30572 W CCodecBufferChannel: no present fence for frame 445
11-14 22:16:11.262 30243 30572 W CCodecBufferChannel: no present fence for frame 446
11-14 22:16:11.418 30243 30572 W CCodecBufferChannel: no present fence for frame 447
11-14 22:16:11.745 936 936 I WifiHAL : Creating message to get link statistics; iface = 47
11-14 22:16:11.765 30243 30572 W CCodecBufferChannel: no present fence for frame 448
11-14 22:16:11.844 936 936 I WifiHAL : In GetLinkStatsCommand::handleResponse
11-14 22:16:11.846 936 936 E IPCThreadState: binder thread pool (1 threads) starved for 101 ms
11-14 22:16:11.879 1942 1942 D StatusBarIconController: ignoring old pipeline callback because the new wifi icon is enabled
11-14 22:16:11.884 1472 1871 D ConnectivityService: NetReassign [no changes] [c 0] [a 1] [i 2]
11-14 22:16:11.908 30243 30572 W CCodecBufferChannel: no present fence for frame 449
11-14 22:16:12.114 30243 30572 W CCodecBufferChannel: no present fence for frame 450
11-14 22:16:12.114 30243 30572 W CCodecBufferChannel: no present fence for frame 451
11-14 22:16:12.114 30243 30572 W CCodecBufferChannel: no present fence for frame 452
11-14 22:16:12.186 30243 30572 W CCodecBufferChannel: no present fence for frame 453
11-14 22:16:12.317 30243 30572 W CCodecBufferChannel: no present fence for frame 454
11-14 22:16:12.380 30243 30572 W CCodecBufferChannel: no present fence for frame 455
11-14 22:16:12.380 30243 30572 W CCodecBufferChannel: no present fence for frame 456
11-14 22:16:12.380 30243 30572 W CCodecBufferChannel: no present fence for frame 457
11-14 22:16:12.791 2982 30316 E GRIL-L : blockingConnect not allowed on device without radio. User should check GRilManager#deviceHasRadio result before calling GRilManager#blockingConnect
11-14 22:16:12.795 2982 30316 E SconeRadioEngine: GRilManager connect failed, re-attempting in 30 seconds.
11-14 22:16:12.804 2211 2211 D GRIL-S : [1807]> SET_PREFERRED_DISPLAY_FREQ_1_4[]
11-14 22:16:12.806 2211 3154 D GRIL-S : [1807]< SET_PREFERRED_DISPLAY_FREQ_1_4
11-14 22:16:12.810 2982 30610 E SconeRadioEngine: GRIL send error: 6 re-attempting in 1 minute.
11-14 22:16:12.910 30243 30572 W CCodecBufferChannel: no present fence for frame 458
11-14 22:16:12.910 30243 30572 W CCodecBufferChannel: no present fence for frame 459
11-14 22:16:12.910 30243 30572 W CCodecBufferChannel: no present fence for frame 460
11-14 22:16:12.957 923 30040 D BufferPoolAccessor2.0: bufferpool2 0xb400006f7f74b0f8 : 5(19441280 size) total buffers - 5(19441280 size) used buffers - 2455/2463 (recycle/alloc) - 23/2457 (fetch/transfer)
11-14 22:16:13.167 30243 30572 W CCodecBufferChannel: no present fence for frame 461
11-14 22:16:13.319 30243 30572 W CCodecBufferChannel: no present fence for frame 462
11-14 22:16:13.351 30243 30572 W CCodecBufferChannel: no present fence for frame 463
11-14 22:16:13.360 30243 30572 W CCodecBufferChannel: no present fence for frame 464
11-14 22:16:13.382 30243 30572 W CCodecBufferChannel: no present fence for frame 465
11-14 22:16:13.403 30243 30572 W CCodecBufferChannel: no present fence for frame 466
11-14 22:16:13.413 30243 30572 W CCodecBufferChannel: no present fence for frame 467
11-14 22:16:13.432 30243 30572 W CCodecBufferChannel: no present fence for frame 468
11-14 22:16:13.453 30243 30572 W CCodecBufferChannel: no present fence for frame 469
11-14 22:16:13.465 30243 30572 W CCodecBufferChannel: no present fence for frame 470
11-14 22:16:13.483 30243 30572 W CCodecBufferChannel: no present fence for frame 471
11-14 22:16:13.503 30243 30572 W CCodecBufferChannel: no present fence for frame 472
11-14 22:16:13.513 30243 30572 W CCodecBufferChannel: no present fence for frame 473
11-14 22:16:13.535 30243 30572 W CCodecBufferChannel: no present fence for frame 474
11-14 22:16:13.545 30243 30572 W CCodecBufferChannel: no present fence for frame 475
11-14 22:16:13.565 30243 30572 W CCodecBufferChannel: no present fence for frame 476
11-14 22:16:13.596 30243 30572 W CCodecBufferChannel: no present fence for frame 477
11-14 22:16:13.596 30243 30572 W CCodecBufferChannel: no present fence for frame 478
11-14 22:16:13.627 30243 30572 W CCodecBufferChannel: no present fence for frame 479
11-14 22:16:13.627 30243 30572 W CCodecBufferChannel: no present fence for frame 480
11-14 22:16:13.646 30243 30572 W CCodecBufferChannel: no present fence for frame 481
11-14 22:16:13.677 30243 30572 W CCodecBufferChannel: no present fence for frame 482
11-14 22:16:13.678 30243 30572 W CCodecBufferChannel: no present fence for frame 483
11-14 22:16:13.799 1942 1942 D DLObserver: onReceive(); android.intent.action.BATTERY_CHANGED
11-14 22:16:13.799 1942 1942 D DLObserver: plugged=2
11-14 22:16:13.802 1942 3314 D PowerUI : can't show warning due to - plugged: true status unknown: false
11-14 22:16:13.804 1942 1942 D PowerNotificationWarningsGoogleImpl: onReceive: android.intent.action.BATTERY_CHANGED
11-14 22:16:13.804 1942 1942 D BatteryDefenderNotification: isPlugged: true | isOverheated: false | defenderEnabled: false | isCharged: true | isPluggedInDock: false
11-14 22:16:13.804 1942 1942 D IncompatibleChargerNotification: dispatchIntent: android.intent.action.BATTERY_CHANGED
11-14 22:16:13.885 30243 30572 W CCodecBufferChannel: no present fence for frame 484
11-14 22:16:13.885 30243 30572 W CCodecBufferChannel: no present fence for frame 485
11-14 22:16:13.885 30243 30572 W CCodecBufferChannel: no present fence for frame 486
11-14 22:16:13.885 30243 30572 W CCodecBufferChannel: no present fence for frame 487
11-14 22:16:13.885 30243 30572 W CCodecBufferChannel: no present fence for frame 488
11-14 22:16:13.885 30243 30572 W CCodecBufferChannel: no present fence for frame 489
11-14 22:16:14.404 30243 30572 W CCodecBufferChannel: no present fence for frame 490
11-14 22:16:14.404 30243 30572 W CCodecBufferChannel: no present fence for frame 491
11-14 22:16:14.855 30243 30572 W CCodecBufferChannel: no present fence for frame 492
11-14 22:16:14.855 30243 30572 W CCodecBufferChannel: no present fence for frame 493
11-14 22:16:14.877 30611 30611 I trusty_metricsd: starting trusty_metricsd
11-14 22:16:14.877 30611 30611 I trusty_metricsd: trusty dev: /dev/trusty-ipc-dev0
11-14 22:16:14.880 30611 30611 E libtrusty: tipc_connect: can't connect to tipc service "com.android.trusty.metrics" (err=107)
11-14 22:16:14.880 30611 30611 E trusty_metricsd: failed to open TrustyMetricsPixel: failed to connect to Trusty metrics TA: Transport endpoint is not connected
11-14 22:16:14.880 30611 30611 E trusty_metricsd: failed to open Trusty metrics client
11-14 22:16:14.912 30612 30612 I flags_health_check: ServerConfigurableFlagsReset reset_mode value: 1
11-14 22:16:14.912 30612 30612 I flags_health_check: ServerConfigurableFlagsReset updatable crashing detected, resetting flags.
11-14 22:16:14.946 30243 30572 D BufferPoolAccessor2.0: bufferpool2 0xb4000070f4271738 : 5(36700160 size) total buffers - 1(7340032 size) used buffers - 666/671 (recycle/alloc) - 17/675 (fetch/transfer)
11-14 22:16:14.997 30243 30572 W CCodecBufferChannel: no present fence for frame 494
11-14 22:16:15.029 30243 30572 W CCodecBufferChannel: no present fence for frame 495
11-14 22:16:15.029 30243 30572 W CCodecBufferChannel: no present fence for frame 496
11-14 22:16:15.071 30243 30572 W CCodecBufferChannel: no present fence for frame 497
11-14 22:16:15.100 30243 30572 W CCodecBufferChannel: no present fence for frame 498
11-14 22:16:15.119 30243 30572 W CCodecBufferChannel: no present fence for frame 499
11-14 22:16:15.150 30243 30572 W CCodecBufferChannel: no present fence for frame 500
11-14 22:16:15.150 30243 30572 W CCodecBufferChannel: no present fence for frame 501
11-14 22:16:15.180 30243 30572 W CCodecBufferChannel: no present fence for frame 502
11-14 22:16:15.201 30243 30572 W CCodecBufferChannel: no present fence for frame 503
11-14 22:16:15.222 30243 30572 W CCodecBufferChannel: no present fence for frame 504
11-14 22:16:15.250 30243 30572 W CCodecBufferChannel: no present fence for frame 505
11-14 22:16:15.384 30243 30572 W CCodecBufferChannel: no present fence for frame 506
11-14 22:16:15.385 30243 30572 W CCodecBufferChannel: no present fence for frame 507
11-14 22:16:15.385 30243 30572 W CCodecBufferChannel: no present fence for frame 508
11-14 22:16:15.385 30243 30572 W CCodecBufferChannel: no present fence for frame 509
11-14 22:16:15.385 30243 30572 W CCodecBufferChannel: no present fence for frame 510
11-14 22:16:15.385 30243 30572 W CCodecBufferChannel: no present fence for frame 511
11-14 22:16:15.385 30243 30572 W CCodecBufferChannel: no present fence for frame 512
11-14 22:16:15.416 30243 30572 W CCodecBufferChannel: no present fence for frame 513
11-14 22:16:15.538 30243 30572 W CCodecBufferChannel: no present fence for frame 514
11-14 22:16:15.569 30243 30572 W CCodecBufferChannel: no present fence for frame 515
11-14 22:16:15.630 30243 30572 W CCodecBufferChannel: no present fence for frame 516
11-14 22:16:15.630 30243 30572 W CCodecBufferChannel: no present fence for frame 517
11-14 22:16:15.670 30243 30572 W CCodecBufferChannel: no present fence for frame 518
11-14 22:16:15.680 30243 30572 W CCodecBufferChannel: no present fence for frame 519
11-14 22:16:15.721 30243 30572 W CCodecBufferChannel: no present fence for frame 520
11-14 22:16:15.770 30243 30572 W CCodecBufferChannel: no present fence for frame 521
11-14 22:16:15.781 30243 30572 W CCodecBufferChannel: no present fence for frame 522
11-14 22:16:15.802 30243 30572 W CCodecBufferChannel: no present fence for frame 523
11-14 22:16:15.855 30243 30572 W CCodecBufferChannel: no present fence for frame 524
11-14 22:16:15.855 30243 30572 W CCodecBufferChannel: no present fence for frame 525
11-14 22:16:15.885 30243 30572 W CCodecBufferChannel: no present fence for frame 526
11-14 22:16:15.885 30243 30572 W CCodecBufferChannel: no present fence for frame 527
11-14 22:16:15.936 30243 30572 W CCodecBufferChannel: no present fence for frame 528
11-14 22:16:15.936 30243 30572 W CCodecBufferChannel: no present fence for frame 529
11-14 22:16:15.966 30243 30572 W CCodecBufferChannel: no present fence for frame 530
11-14 22:16:15.966 30243 30572 W CCodecBufferChannel: no present fence for frame 531
11-14 22:16:15.997 30243 30572 W CCodecBufferChannel: no present fence for frame 532
11-14 22:16:16.039 1128 1349 I CHRE : @ 1910519.490: [AR] still: 95.686268
11-14 22:16:16.039 1128 1349 D CHRE : @ 1910519.491: [ActivityPlatform] type 4, confidence 95
11-14 22:16:16.050 30243 30572 W CCodecBufferChannel: no present fence for frame 533
11-14 22:16:16.051 30243 30572 W CCodecBufferChannel: no present fence for frame 534
11-14 22:16:16.088 30243 30572 W CCodecBufferChannel: no present fence for frame 535
11-14 22:16:16.119 30243 30572 W CCodecBufferChannel: no present fence for frame 536
11-14 22:16:16.149 30243 30572 W CCodecBufferChannel: no present fence for frame 537
11-14 22:16:16.149 30243 30572 W CCodecBufferChannel: no present fence for frame 538
11-14 22:16:16.170 30243 30572 W CCodecBufferChannel: no present fence for frame 539
11-14 22:16:16.200 30243 30572 W CCodecBufferChannel: no present fence for frame 540
11-14 22:16:16.221 30243 30572 W CCodecBufferChannel: no present fence for frame 541
11-14 22:16:16.251 30243 30572 W CCodecBufferChannel: no present fence for frame 542
11-14 22:16:16.251 30243 30572 W CCodecBufferChannel: no present fence for frame 543
11-14 22:16:16.272 30243 30572 W CCodecBufferChannel: no present fence for frame 544
11-14 22:16:16.314 30243 30572 W CCodecBufferChannel: no present fence for frame 545
11-14 22:16:16.314 30243 30572 W CCodecBufferChannel: no present fence for frame 546
11-14 22:16:16.355 30243 30572 W CCodecBufferChannel: no present fence for frame 547
11-14 22:16:16.355 30243 30572 W CCodecBufferChannel: no present fence for frame 548
11-14 22:16:16.366 30243 30572 W CCodecBufferChannel: no present fence for frame 549
11-14 22:16:16.407 30243 30572 W CCodecBufferChannel: no present fence for frame 550
11-14 22:16:16.416 30243 30572 W CCodecBufferChannel: no present fence for frame 551
11-14 22:16:16.437 30243 30572 W CCodecBufferChannel: no present fence for frame 552
11-14 22:16:16.467 30243 30572 W CCodecBufferChannel: no present fence for frame 553
11-14 22:16:16.516 30243 30572 W CCodecBufferChannel: no present fence for frame 554
11-14 22:16:16.516 30243 30572 W CCodecBufferChannel: no present fence for frame 555
11-14 22:16:16.556 30243 30572 W CCodecBufferChannel: no present fence for frame 556
11-14 22:16:16.567 30243 30572 W CCodecBufferChannel: no present fence for frame 557
11-14 22:16:16.587 30243 30572 W CCodecBufferChannel: no present fence for frame 558
11-14 22:16:16.597 30243 30572 W CCodecBufferChannel: no present fence for frame 559
11-14 22:16:16.620 30243 30572 W CCodecBufferChannel: no present fence for frame 560
11-14 22:16:16.648 30243 30572 W CCodecBufferChannel: no present fence for frame 561
11-14 22:16:16.668 30243 30572 W CCodecBufferChannel: no present fence for frame 562
11-14 22:16:16.699 30243 30572 W CCodecBufferChannel: no present fence for frame 563
11-14 22:16:16.741 30243 30572 W CCodecBufferChannel: no present fence for frame 564
11-14 22:16:16.741 30243 30572 W CCodecBufferChannel: no present fence for frame 565
11-14 22:16:16.749 30243 30572 W CCodecBufferChannel: no present fence for frame 566
11-14 22:16:16.781 30243 30572 W CCodecBufferChannel: no present fence for frame 567
11-14 22:16:16.801 30243 30572 W CCodecBufferChannel: no present fence for frame 568
11-14 22:16:16.821 30243 30572 W CCodecBufferChannel: no present fence for frame 569
11-14 22:16:16.834 30243 30572 W CCodecBufferChannel: no present fence for frame 570
11-14 22:16:16.872 30243 30572 W CCodecBufferChannel: no present fence for frame 571
11-14 22:16:16.883 30243 30572 W CCodecBufferChannel: no present fence for frame 572
11-14 22:16:16.923 30243 30572 W CCodecBufferChannel: no present fence for frame 573
11-14 22:16:16.923 30243 30572 W CCodecBufferChannel: no present fence for frame 574
11-14 22:16:16.932 30243 30572 W CCodecBufferChannel: no present fence for frame 575
11-14 22:16:16.952 30243 30572 W CCodecBufferChannel: no present fence for frame 576
11-14 22:16:16.983 30243 30572 W CCodecBufferChannel: no present fence for frame 577
11-14 22:16:16.984 30243 30572 W CCodecBufferChannel: no present fence for frame 578
11-14 22:16:17.023 30243 30572 W CCodecBufferChannel: no present fence for frame 579
11-14 22:16:17.056 30243 30572 W CCodecBufferChannel: no present fence for frame 580
11-14 22:16:17.065 30243 30572 W CCodecBufferChannel: no present fence for frame 581
11-14 22:16:17.085 30243 30572 W CCodecBufferChannel: no present fence for frame 582
11-14 22:16:17.105 30243 30572 W CCodecBufferChannel: no present fence for frame 583
11-14 22:16:17.156 30243 30572 W CCodecBufferChannel: no present fence for frame 584
11-14 22:16:17.156 30243 30572 W CCodecBufferChannel: no present fence for frame 585
11-14 22:16:17.166 30243 30572 W CCodecBufferChannel: no present fence for frame 586
11-14 22:16:17.208 30243 30572 W CCodecBufferChannel: no present fence for frame 587
11-14 22:16:17.217 30243 30572 W CCodecBufferChannel: no present fence for frame 588
11-14 22:16:17.238 30243 30572 W CCodecBufferChannel: no present fence for frame 589
11-14 22:16:17.258 30243 30572 W CCodecBufferChannel: no present fence for frame 590
11-14 22:16:17.267 30243 30572 W CCodecBufferChannel: no present fence for frame 591
11-14 22:16:17.308 30243 30572 W CCodecBufferChannel: no present fence for frame 592
11-14 22:16:17.320 30243 30572 W CCodecBufferChannel: no present fence for frame 593
11-14 22:16:17.349 30243 30572 W CCodecBufferChannel: no present fence for frame 594
11-14 22:16:17.349 30243 30572 W CCodecBufferChannel: no present fence for frame 595
11-14 22:16:17.400 30243 30572 W CCodecBufferChannel: no present fence for frame 596
11-14 22:16:17.400 30243 30572 W CCodecBufferChannel: no present fence for frame 597
11-14 22:16:17.400 30243 30572 W CCodecBufferChannel: no present fence for frame 598
11-14 22:16:17.585 30243 30572 W CCodecBufferChannel: no present fence for frame 599
11-14 22:16:17.585 30243 30572 W CCodecBufferChannel: no present fence for frame 600
11-14 22:16:17.585 30243 30572 W CCodecBufferChannel: no present fence for frame 601
11-14 22:16:17.585 30243 30572 W CCodecBufferChannel: no present fence for frame 602
11-14 22:16:17.586 30243 30572 W CCodecBufferChannel: no present fence for frame 603
11-14 22:16:17.586 30243 30572 W CCodecBufferChannel: no present fence for frame 604
11-14 22:16:17.737 30243 30572 W CCodecBufferChannel: no present fence for frame 605
11-14 22:16:17.757 30243 30572 W CCodecBufferChannel: no present fence for frame 606
11-14 22:16:17.769 30243 30572 W CCodecBufferChannel: no present fence for frame 607
11-14 22:16:17.788 30243 30572 W CCodecBufferChannel: no present fence for frame 608
11-14 22:16:17.851 30243 30572 W CCodecBufferChannel: no present fence for frame 609
11-14 22:16:17.851 30243 30572 W CCodecBufferChannel: no present fence for frame 610
11-14 22:16:17.870 30243 30572 W CCodecBufferChannel: no present fence for frame 611
11-14 22:16:17.882 936 936 I WifiHAL : Creating message to get link statistics; iface = 47
11-14 22:16:17.893 30243 30572 W CCodecBufferChannel: no present fence for frame 612
11-14 22:16:17.901 30243 30572 W CCodecBufferChannel: no present fence for frame 613
11-14 22:16:17.941 30243 30572 W CCodecBufferChannel: no present fence for frame 614
11-14 22:16:17.941 30243 30572 W CCodecBufferChannel: no present fence for frame 615
11-14 22:16:17.950 30243 30572 W CCodecBufferChannel: no present fence for frame 616
11-14 22:16:17.971 30243 30572 W CCodecBufferChannel: no present fence for frame 617
11-14 22:16:17.987 936 936 I WifiHAL : In GetLinkStatsCommand::handleResponse
11-14 22:16:17.988 936 936 E IPCThreadState: binder thread pool (1 threads) starved for 106 ms
11-14 22:16:18.018 1942 1942 D StatusBarIconController: ignoring old pipeline callback because the new wifi icon is enabled
11-14 22:16:18.022 1472 1871 D ConnectivityService: NetReassign [no changes] [c 1] [a 0] [i 2]
11-14 22:16:18.339 30243 30572 W CCodecBufferChannel: no present fence for frame 618
11-14 22:16:18.339 30243 30572 W CCodecBufferChannel: no present fence for frame 619
11-14 22:16:18.339 30243 30572 W CCodecBufferChannel: no present fence for frame 620
11-14 22:16:18.339 30243 30572 W CCodecBufferChannel: no present fence for frame 621
11-14 22:16:18.339 30243 30572 W CCodecBufferChannel: no present fence for frame 622
11-14 22:16:18.339 30243 30572 W CCodecBufferChannel: no present fence for frame 623
11-14 22:16:18.339 30243 30572 W CCodecBufferChannel: no present fence for frame 624
11-14 22:16:18.339 30243 30572 W CCodecBufferChannel: no present fence for frame 625
11-14 22:16:18.377 923 30040 D BufferPoolAccessor2.0: bufferpool2 0xb400006f7f74b0f8 : 5(19441280 size) total buffers - 5(19441280 size) used buffers - 2620/2628 (recycle/alloc) - 23/2622 (fetch/transfer)
11-14 22:16:18.536 30243 30572 W CCodecBufferChannel: no present fence for frame 626
11-14 22:16:18.536 30243 30572 W CCodecBufferChannel: no present fence for frame 627
11-14 22:16:18.542 923 30584 W C2BqBuffer: last successful dequeue was 73153 us ago, 7 consecutive failures
11-14 22:16:18.585 30243 30572 W CCodecBufferChannel: no present fence for frame 628
11-14 22:16:18.585 30243 30572 W CCodecBufferChannel: no present fence for frame 629
11-14 22:16:18.605 30243 30572 W CCodecBufferChannel: no present fence for frame 630
11-14 22:16:18.706 30243 30572 W CCodecBufferChannel: no present fence for frame 631
11-14 22:16:18.771 30243 30572 W CCodecBufferChannel: no present fence for frame 632
11-14 22:16:18.771 30243 30572 W CCodecBufferChannel: no present fence for frame 633
11-14 22:16:18.771 30243 30572 W CCodecBufferChannel: no present fence for frame 634
11-14 22:16:18.900 30243 30572 W CCodecBufferChannel: no present fence for frame 635
11-14 22:16:19.108 30243 30572 W CCodecBufferChannel: no present fence for frame 636
11-14 22:16:19.108 30243 30572 W CCodecBufferChannel: no present fence for frame 637
11-14 22:16:19.108 30243 30572 W CCodecBufferChannel: no present fence for frame 638
11-14 22:16:19.109 30243 30572 W CCodecBufferChannel: no present fence for frame 639
11-14 22:16:19.213 1128 1349 D CHRE : @ 1910522.666: [ActivityPlatform] type 4, confidence 95
11-14 22:16:19.260 30243 30572 W CCodecBufferChannel: no present fence for frame 640
11-14 22:16:19.292 30243 30572 W CCodecBufferChannel: no present fence for frame 641
11-14 22:16:19.292 30243 30572 W CCodecBufferChannel: no present fence for frame 642
11-14 22:16:19.301 30243 30572 W CCodecBufferChannel: no present fence for frame 643
11-14 22:16:19.321 30243 30572 W CCodecBufferChannel: no present fence for frame 644
11-14 22:16:19.342 30243 30572 W CCodecBufferChannel: no present fence for frame 645
11-14 22:16:19.352 30243 30572 W CCodecBufferChannel: no present fence for frame 646
11-14 22:16:19.373 30243 30572 W CCodecBufferChannel: no present fence for frame 647
11-14 22:16:19.394 30243 30572 W CCodecBufferChannel: no present fence for frame 648
11-14 22:16:19.405 30243 30572 W CCodecBufferChannel: no present fence for frame 649
11-14 22:16:19.435 30243 30572 W CCodecBufferChannel: no present fence for frame 650
11-14 22:16:19.476 30243 30572 W CCodecBufferChannel: no present fence for frame 651
11-14 22:16:19.476 30243 30572 W CCodecBufferChannel: no present fence for frame 652
11-14 22:16:19.486 30243 30572 W CCodecBufferChannel: no present fence for frame 653
11-14 22:16:19.505 30243 30572 W CCodecBufferChannel: no present fence for frame 654
11-14 22:16:19.528 30243 30572 W CCodecBufferChannel: no present fence for frame 655
11-14 22:16:19.536 30243 30572 W CCodecBufferChannel: no present fence for frame 656
11-14 22:16:19.557 30243 30572 W CCodecBufferChannel: no present fence for frame 657
11-14 22:16:19.588 30243 30572 W CCodecBufferChannel: no present fence for frame 658
11-14 22:16:19.628 30243 30572 W CCodecBufferChannel: no present fence for frame 659
11-14 22:16:19.638 30243 30572 W CCodecBufferChannel: no present fence for frame 660
11-14 22:16:19.658 30243 30572 W CCodecBufferChannel: no present fence for frame 661
11-14 22:16:19.668 30243 30572 W CCodecBufferChannel: no present fence for frame 662
11-14 22:16:19.669 923 30574 I ExynosC2H264DecComponent: [doQueue] input detects EOS flag !!
11-14 22:16:19.669 923 30581 D ExynosVideoDecoder: MFC_Decoder_Enqueue_Inbuf: EMPTY DATA
11-14 22:16:19.670 923 30583 I ExynosVideoCodecDec-H264Dec: [dstDequeue] DPB has reached EOS
11-14 22:16:19.671 923 30574 I ExynosC2H264DecComponent: [onUpdateC2Work] output detects EOS !!
11-14 22:16:19.689 30243 30572 W CCodecBufferChannel: no present fence for frame 663
11-14 22:16:19.792 30243 30572 W CCodecBufferChannel: no present fence for frame 664
11-14 22:16:19.792 30243 30572 W CCodecBufferChannel: no present fence for frame 665
11-14 22:16:19.792 30243 30572 W CCodecBufferChannel: no present fence for frame 666
11-14 22:16:19.792 30243 30572 W CCodecBufferChannel: no present fence for frame 667
11-14 22:16:19.793 30243 30572 W CCodecBufferChannel: no present fence for frame 668
11-14 22:16:19.793 30243 30572 W CCodecBufferChannel: no present fence for frame 669
11-14 22:16:19.888 30613 30613 I trusty_metricsd: starting trusty_metricsd
11-14 22:16:19.888 30613 30613 I trusty_metricsd: trusty dev: /dev/trusty-ipc-dev0
11-14 22:16:19.891 30613 30613 E libtrusty: tipc_connect: can't connect to tipc service "com.android.trusty.metrics" (err=107)
11-14 22:16:19.891 30613 30613 E trusty_metricsd: failed to open TrustyMetricsPixel: failed to connect to Trusty metrics TA: Transport endpoint is not connected
11-14 22:16:19.891 30613 30613 E trusty_metricsd: failed to open Trusty metrics client
11-14 22:16:19.905 30243 30572 W CCodecBufferChannel: no present fence for frame 670
11-14 22:16:19.905 30243 30572 W CCodecBufferChannel: no present fence for frame 671
11-14 22:16:19.905 30243 30572 W CCodecBufferChannel: no present fence for frame 672
11-14 22:16:19.918 30614 30614 I flags_health_check: ServerConfigurableFlagsReset reset_mode value: 1
11-14 22:16:19.919 30614 30614 I flags_health_check: ServerConfigurableFlagsReset updatable crashing detected, resetting flags.
11-14 22:16:20.160 1472 1807 D ActivityManager: freezing 10916 com.google.android.as.oss
