11-14 17:50:36.789 1472 1472 I PackageWatchdog: Syncing health check requests for packages: {}
11-14 17:50:36.789 1472 1472 I ExplicitHealthCheckController: Service not ready to get health check supported packages. Binding...
11-14 17:50:36.789 1472 1472 I ExplicitHealthCheckController: Not binding to service, service already connecting
11-14 17:50:36.794 1472 1472 I ExplicitHealthCheckController: Explicit health check service is connected ComponentInfo{com.google.android.ext.services/android.ext.services.watchdog.ExplicitHealthCheckServiceImpl}
11-14 17:50:36.794 1472 1472 I ExplicitHealthCheckController: Service initialized, syncing requests
11-14 17:50:36.795 1472 1472 I PackageWatchdog: Syncing health check requests for packages: {}
11-14 17:50:36.795 1472 1472 D ExplicitHealthCheckController: Getting health check supported packages
11-14 17:50:36.797 1472 1813 I RescueParty: Starting to observe: [com.android.systemui], updated namespace: aicore
11-14 17:50:36.800 1472 4786 I ExplicitHealthCheckController: Explicit health check supported packages [PackageConfig{com.google.android.networkstack, 86400000}]
11-14 17:50:36.800 1472 4786 D PackageWatchdog: Received supported packages [PackageConfig{com.google.android.networkstack, 86400000}]
11-14 17:50:36.800 1472 4786 D ExplicitHealthCheckController: Getting health check requested packages
11-14 17:50:36.801 1472 1696 I PackageWatchdog: Syncing state, reason: observing new packages
11-14 17:50:36.801 1472 4786 I ExplicitHealthCheckController: Explicit health check requested packages []
11-14 17:50:36.801 1472 4786 I ExplicitHealthCheckController: No more health check requests, unbinding...
11-14 17:50:36.801 1472 1696 D PackageWatchdog: rescue-party-observer added the following packages to monitor [com.android.systemui]
11-14 17:50:36.801 1472 1696 I PackageWatchdog: Syncing state, reason: updated observers
11-14 17:50:36.801 1472 1696 I PackageWatchdog: Not pruning observers, elapsed time: 0ms
11-14 17:50:36.801 1472 1696 I PackageWatchdog: Saving observer state to file
11-14 17:50:36.801 1472 1472 I PackageWatchdog: Syncing health check requests for packages: {}
11-14 17:50:36.804 1472 4786 I ExplicitHealthCheckController: Explicit health check service is unbound
11-14 17:50:36.804 1472 1472 I ExplicitHealthCheckController: Service not ready to get health check supported packages. Binding...
11-14 17:50:36.806 1472 1472 I ExplicitHealthCheckController: Explicit health check service is bound
11-14 17:50:36.807 1472 1472 I PackageWatchdog: Syncing health check requests for packages: {}
11-14 17:50:36.807 1472 1472 I ExplicitHealthCheckController: Service not ready to get health check supported packages. Binding...
11-14 17:50:36.807 1472 1472 I ExplicitHealthCheckController: Not binding to service, service already connecting
11-14 17:50:36.808 1472 1813 I RescueParty: Starting to observe: [android, com.android.systemui], updated namespace: media_better_together
11-14 17:50:36.809 1472 1696 I PackageWatchdog: Syncing state, reason: observing new packages
11-14 17:50:36.810 1472 1696 D PackageWatchdog: rescue-party-observer added the following packages to monitor [android, com.android.systemui]
11-14 17:50:36.810 1472 1696 I PackageWatchdog: Syncing state, reason: updated observers
11-14 17:50:36.810 1472 1696 I PackageWatchdog: Not pruning observers, elapsed time: 0ms
11-14 17:50:36.810 1472 1696 I PackageWatchdog: Saving observer state to file
11-14 17:50:36.812 1472 1472 I PackageWatchdog: Syncing health check requests for packages: {}
11-14 17:50:36.812 1472 1472 I ExplicitHealthCheckController: Service not ready to get health check supported packages. Binding...
11-14 17:50:36.812 1472 1472 I ExplicitHealthCheckController: Not binding to service, service already connecting
11-14 17:50:36.814 1472 1472 I ExplicitHealthCheckController: Explicit health check service is connected ComponentInfo{com.google.android.ext.services/android.ext.services.watchdog.ExplicitHealthCheckServiceImpl}
11-14 17:50:36.815 1472 1472 I ExplicitHealthCheckController: Service initialized, syncing requests
11-14 17:50:36.815 1472 1472 I PackageWatchdog: Syncing health check requests for packages: {}
11-14 17:50:36.815 1472 1472 D ExplicitHealthCheckController: Getting health check supported packages
11-14 17:50:36.817 1472 4785 I ExplicitHealthCheckController: Explicit health check supported packages [PackageConfig{com.google.android.networkstack, 86400000}]
11-14 17:50:36.817 1472 4785 D PackageWatchdog: Received supported packages [PackageConfig{com.google.android.networkstack, 86400000}]
11-14 17:50:36.817 1472 4785 D ExplicitHealthCheckController: Getting health check requested packages
11-14 17:50:36.818 1472 4953 I ExplicitHealthCheckController: Explicit health check requested packages []
11-14 17:50:36.818 1472 4953 I ExplicitHealthCheckController: No more health check requests, unbinding...
11-14 17:50:36.820 1472 4953 I ExplicitHealthCheckController: Explicit health check service is unbound
11-14 17:50:36.823 1472 1813 I RescueParty: Starting to observe: [android, com.android.systemui], updated namespace: health_fitness
11-14 17:50:36.824 1472 1696 I PackageWatchdog: Syncing state, reason: observing new packages
11-14 17:50:36.824 1472 1696 D PackageWatchdog: rescue-party-observer added the following packages to monitor [android, com.android.systemui]
11-14 17:50:36.824 1472 1696 I PackageWatchdog: Syncing state, reason: updated observers
11-14 17:50:36.824 1472 1696 I PackageWatchdog: Not pruning observers, elapsed time: 0ms
11-14 17:50:36.824 1472 1696 I PackageWatchdog: Saving observer state to file
11-14 17:50:36.838 1472 1472 I PackageWatchdog: Syncing health check requests for packages: {}
11-14 17:50:36.838 1472 1472 I ExplicitHealthCheckController: Service not ready to get health check supported packages. Binding...
11-14 17:50:36.841 1472 1472 I ExplicitHealthCheckController: Explicit health check service is bound
11-14 17:50:36.844 1472 1472 I ExplicitHealthCheckController: Explicit health check service is connected ComponentInfo{com.google.android.ext.services/android.ext.services.watchdog.ExplicitHealthCheckServiceImpl}
11-14 17:50:36.845 1472 1472 I ExplicitHealthCheckController: Service initialized, syncing requests
11-14 17:50:36.845 1472 1472 I PackageWatchdog: Syncing health check requests for packages: {}
11-14 17:50:36.845 1472 1472 D ExplicitHealthCheckController: Getting health check supported packages
11-14 17:50:36.846 1472 4949 I ExplicitHealthCheckController: Explicit health check supported packages [PackageConfig{com.google.android.networkstack, 86400000}]
11-14 17:50:36.846 1472 4949 D PackageWatchdog: Received supported packages [PackageConfig{com.google.android.networkstack, 86400000}]
11-14 17:50:36.847 1472 4949 D ExplicitHealthCheckController: Getting health check requested packages
11-14 17:50:36.848 1472 4949 I ExplicitHealthCheckController: Explicit health check requested packages []
11-14 17:50:36.848 1472 4949 I ExplicitHealthCheckController: No more health check requests, unbinding...
11-14 17:50:36.849 1472 4949 I ExplicitHealthCheckController: Explicit health check service is unbound
11-14 17:50:36.851 1472 1813 I RescueParty: Starting to observe: [android, com.android.systemui], updated namespace: app_standby
11-14 17:50:36.852 1472 1696 I PackageWatchdog: Syncing state, reason: observing new packages
11-14 17:50:36.852 1472 1696 D PackageWatchdog: rescue-party-observer added the following packages to monitor [android, com.android.systemui]
11-14 17:50:36.852 1472 1696 I PackageWatchdog: Syncing state, reason: updated observers
11-14 17:50:36.852 1472 1472 I PackageWatchdog: Syncing health check requests for packages: {}
11-14 17:50:36.852 1472 1696 I PackageWatchdog: Not pruning observers, elapsed time: 0ms
11-14 17:50:36.852 1472 1472 I ExplicitHealthCheckController: Service not ready to get health check supported packages. Binding...
11-14 17:50:36.852 1472 1696 I PackageWatchdog: Saving observer state to file
11-14 17:50:36.855 1472 1472 I ExplicitHealthCheckController: Explicit health check service is bound
11-14 17:50:36.860 1472 1472 I PackageWatchdog: Syncing health check requests for packages: {}
11-14 17:50:36.860 1472 1472 I ExplicitHealthCheckController: Service not ready to get health check supported packages. Binding...
11-14 17:50:36.860 1472 1472 I ExplicitHealthCheckController: Not binding to service, service already connecting
11-14 17:50:36.868 1472 1472 I ExplicitHealthCheckController: Explicit health check service is connected ComponentInfo{com.google.android.ext.services/android.ext.services.watchdog.ExplicitHealthCheckServiceImpl}
11-14 17:50:36.868 1472 1472 I ExplicitHealthCheckController: Service initialized, syncing requests
11-14 17:50:36.868 1472 1472 I PackageWatchdog: Syncing health check requests for packages: {}
11-14 17:50:36.868 1472 1472 D ExplicitHealthCheckController: Getting health check supported packages
11-14 17:50:36.869 1472 4938 I ExplicitHealthCheckController: Explicit health check supported packages [PackageConfig{com.google.android.networkstack, 86400000}]
11-14 17:50:36.869 1472 4938 D PackageWatchdog: Received supported packages [PackageConfig{com.google.android.networkstack, 86400000}]
11-14 17:50:36.869 1472 4938 D ExplicitHealthCheckController: Getting health check requested packages
11-14 17:50:36.870 1472 4938 I ExplicitHealthCheckController: Explicit health check requested packages []
11-14 17:50:36.870 1472 4938 I ExplicitHealthCheckController: No more health check requests, unbinding...
11-14 17:50:36.872 1472 1813 I RescueParty: Starting to observe: [com.google.android.flipendo, com.google.android.apps.tips, com.android.systemui], updated namespace: flipendo
11-14 17:50:36.872 1472 1696 I PackageWatchdog: Syncing state, reason: observing new packages
11-14 17:50:36.872 1472 1696 D PackageWatchdog: rescue-party-observer added the following packages to monitor [com.google.android.flipendo, com.google.android.apps.tips, com.android.systemui]
11-14 17:50:36.872 1472 1696 I PackageWatchdog: Syncing state, reason: updated observers
11-14 17:50:36.872 1472 1696 I PackageWatchdog: Not pruning observers, elapsed time: 0ms
11-14 17:50:36.872 1472 1696 I PackageWatchdog: Saving observer state to file
11-14 17:50:36.872 1472 4938 I ExplicitHealthCheckController: Explicit health check service is unbound
11-14 17:50:36.877 1472 1472 I PackageWatchdog: Syncing health check requests for packages: {}
11-14 17:50:36.877 1472 1472 I ExplicitHealthCheckController: Service not ready to get health check supported packages. Binding...
11-14 17:50:36.878 1472 1797 D CompatibilityChangeReporter: Compat change id reported: 218533173; UID 10191; state: ENABLED
11-14 17:50:36.878 1472 1797 D CompatibilityChangeReporter: Compat change id reported: 262645982; UID 10191; state: DISABLED
11-14 17:50:36.880 1472 1472 I ExplicitHealthCheckController: Explicit health check service is bound
11-14 17:50:36.882 1472 1797 D CompatibilityChangeReporter: Compat change id reported: 218533173; UID 10148; state: ENABLED
11-14 17:50:36.883 1472 1797 D CompatibilityChangeReporter: Compat change id reported: 262645982; UID 10148; state: DISABLED
11-14 17:50:36.883 1472 1797 D CompatibilityChangeReporter: Compat change id reported: 171306433; UID 10148; state: ENABLED
11-14 17:50:36.883 1472 1472 I ExplicitHealthCheckController: Explicit health check service is connected ComponentInfo{com.google.android.ext.services/android.ext.services.watchdog.ExplicitHealthCheckServiceImpl}
11-14 17:50:36.883 1472 1797 D CompatibilityChangeReporter: Compat change id reported: 226439802; UID 10148; state: ENABLED
11-14 17:50:36.883 1472 1813 I RescueParty: Starting to observe: [com.google.android.apps.nexuslauncher, com.android.systemui], updated namespace: launcher
11-14 17:50:36.884 1472 1472 I ExplicitHealthCheckController: Service initialized, syncing requests
11-14 17:50:36.884 1472 1696 I PackageWatchdog: Syncing state, reason: observing new packages
11-14 17:50:36.884 1472 1696 D PackageWatchdog: rescue-party-observer added the following packages to monitor [com.google.android.apps.nexuslauncher, com.android.systemui]
11-14 17:50:36.884 1472 1696 I PackageWatchdog: Syncing state, reason: updated observers
11-14 17:50:36.884 1472 1696 I PackageWatchdog: Not pruning observers, elapsed time: 0ms
11-14 17:50:36.884 1472 1696 I PackageWatchdog: Saving observer state to file
11-14 17:50:36.891 1472 1472 I PackageWatchdog: Syncing health check requests for packages: {}
11-14 17:50:36.892 1472 1472 D ExplicitHealthCheckController: Getting health check supported packages
11-14 17:50:36.893 1472 4938 I ExplicitHealthCheckController: Explicit health check supported packages [PackageConfig{com.google.android.networkstack, 86400000}]
11-14 17:50:36.893 1472 4938 D PackageWatchdog: Received supported packages [PackageConfig{com.google.android.networkstack, 86400000}]
11-14 17:50:36.893 1472 4938 D ExplicitHealthCheckController: Getting health check requested packages
11-14 17:50:36.894 1472 4938 I ExplicitHealthCheckController: Explicit health check requested packages []
11-14 17:50:36.894 1472 4938 I ExplicitHealthCheckController: No more health check requests, unbinding...
11-14 17:50:36.895 1472 4938 I ExplicitHealthCheckController: Explicit health check service is unbound
11-14 17:50:36.895 1472 1797 D CompatibilityChangeReporter: Compat change id reported: 218533173; UID 10135; state: ENABLED
11-14 17:50:36.895 1472 1797 D CompatibilityChangeReporter: Compat change id reported: 262645982; UID 10135; state: DISABLED
11-14 17:50:36.896 1472 1797 D CompatibilityChangeReporter: Compat change id reported: 171306433; UID 10135; state: ENABLED
11-14 17:50:36.896 1472 1797 D CompatibilityChangeReporter: Compat change id reported: 226439802; UID 10135; state: ENABLED
11-14 17:50:36.899 1472 1813 I RescueParty: Starting to observe: [android, com.android.systemui], updated namespace: configuration
11-14 17:50:36.899 1472 1696 I PackageWatchdog: Syncing state, reason: observing new packages
11-14 17:50:36.900 1472 1696 D PackageWatchdog: rescue-party-observer added the following packages to monitor [android, com.android.systemui]
11-14 17:50:36.900 1472 1696 I PackageWatchdog: Syncing state, reason: updated observers
11-14 17:50:36.900 1472 1696 I PackageWatchdog: Not pruning observers, elapsed time: 0ms
11-14 17:50:36.900 1472 1696 I PackageWatchdog: Saving observer state to file
11-14 17:50:36.910 1472 1472 I PackageWatchdog: Syncing health check requests for packages: {}
11-14 17:50:36.910 1472 1472 I ExplicitHealthCheckController: Service not ready to get health check supported packages. Binding...
11-14 17:50:36.915 1472 1472 I ExplicitHealthCheckController: Explicit health check service is bound
11-14 17:50:36.917 1472 1797 D CompatibilityChangeReporter: Compat change id reported: 218533173; UID 10188; state: ENABLED
11-14 17:50:36.917 1472 1797 D CompatibilityChangeReporter: Compat change id reported: 262645982; UID 10188; state: DISABLED
11-14 17:50:36.917 1472 1797 D CompatibilityChangeReporter: Compat change id reported: 171306433; UID 10188; state: ENABLED
11-14 17:50:36.917 1472 1797 D CompatibilityChangeReporter: Compat change id reported: 226439802; UID 10188; state: ENABLED
11-14 17:50:36.918 1472 4784 D SearchUiPerUserService: Removing all callbacks for session Id=com.google.android.apps.nexuslauncher:ddb8c861-7bc3-4660-b945-43b4edcac772,0 and 0 callbacks.
11-14 17:50:36.919 1472 1472 I ExplicitHealthCheckController: Explicit health check service is connected ComponentInfo{com.google.android.ext.services/android.ext.services.watchdog.ExplicitHealthCheckServiceImpl}
11-14 17:50:36.919 1472 1472 I ExplicitHealthCheckController: Service initialized, syncing requests
11-14 17:50:36.920 1472 1472 I PackageWatchdog: Syncing health check requests for packages: {}
11-14 17:50:36.920 1472 1472 D ExplicitHealthCheckController: Getting health check supported packages
11-14 17:50:36.920 1472 4953 D CoreBackPreview: Window{a2cf63c u0 com.google.android.apps.nexuslauncher/com.google.android.apps.nexuslauncher.NexusLauncherActivity}: Setting back callback null
11-14 17:50:36.921 1472 1797 D CompatibilityChangeReporter: Compat change id reported: 262645982; UID 10140; state: ENABLED
11-14 17:50:36.925 1472 4953 I ExplicitHealthCheckController: Explicit health check supported packages [PackageConfig{com.google.android.networkstack, 86400000}]
11-14 17:50:36.925 1472 4953 D PackageWatchdog: Received supported packages [PackageConfig{com.google.android.networkstack, 86400000}]
11-14 17:50:36.926 1472 4953 D ExplicitHealthCheckController: Getting health check requested packages
11-14 17:50:36.926 1472 1797 D CompatibilityChangeReporter: Compat change id reported: 218533173; UID 10192; state: ENABLED
11-14 17:50:36.926 1472 1797 D CompatibilityChangeReporter: Compat change id reported: 262645982; UID 10192; state: DISABLED
11-14 17:50:36.926 1472 1797 D CompatibilityChangeReporter: Compat change id reported: 218533173; UID 10173; state: ENABLED
11-14 17:50:36.930 1472 4938 I ExplicitHealthCheckController: Explicit health check requested packages []
11-14 17:50:36.930 1472 4938 I ExplicitHealthCheckController: No more health check requests, unbinding...
11-14 17:50:36.932 1472 1797 D CompatibilityChangeReporter: Compat change id reported: 218533173; UID 10142; state: ENABLED
11-14 17:50:36.932 1472 1797 D CompatibilityChangeReporter: Compat change id reported: 262645982; UID 10142; state: DISABLED
11-14 17:50:36.935 1472 4938 I ExplicitHealthCheckController: Explicit health check service is unbound
11-14 17:50:36.935 1472 1797 D CompatibilityChangeReporter: Compat change id reported: 218533173; UID 10184; state: ENABLED
11-14 17:50:36.935 1472 1797 D CompatibilityChangeReporter: Compat change id reported: 262645982; UID 10184; state: DISABLED
11-14 17:50:36.935 1472 1813 I RescueParty: Starting to observe: [com.android.systemui], updated namespace: companion
11-14 17:50:36.967 1472 1813 I RescueParty: Starting to observe: [android, com.android.systemui], updated namespace: package_manager_service
11-14 17:50:36.968 1472 19683 E SettingsToPropertiesMapper: key=persist.device_config.configuration.AdbWritableFlags__adb_writable_flags_list value=adservices/disable_sdk_sandbox,adservices/enforce_broadcast_receiver_restrictions,adservices/fledge_ad_selection_enforce_foreground_status_custom_audience,adservices/fledge_custom_audience_max_count,adservices/fledge_custom_audience_max_num_ads,adservices/fledge_custom_audience_max_owner_count,adservices/fledge_custom_audience_per_app_max_count,adservices/fledge_js_isolate_enforce_max_heap_size,adservices/fledge_js_isolate_max_heap_size_bytes,adservices/sdk_request_permits_per_second,adservices/sdksandbox_customized_sdk_context_enabled,configuration/namespace_to_package_mapping,constrain_display_apis/always_constrain_display_apis,constrain_display_apis/never_constrain_display_apis,constrain_display_apis/never_constrain_display_apis_all_packages,device_policy_manager/disable_resources_updatability,flipendo/default_savings_mode_launch,flipendo/essential_apps,flipendo/flipendo_enabled_launch,flipendo/grayscale_enabled_launch,flipendo/lever_ble_scanning_enabled_launch,flipendo/lever_hotspot_enabled_launch,flipendo/lever_work_profile_enabled_launch,flipendo/resuspend_delay_minutes,namespace/key,namespace1/key1,namespace1/key2,namespace2/key1,namespace2/key2,package_manager_service/incfs_default_timeouts,package_manager_service/known_digesters_list,privacy/location_access_check_periodic_interval_millis,rollback/enable_rollback_timeout,rollback/watchdog_explicit_health_check_enabled,rollback/watchdog_request_timeout_millis,rollback/watchdog_trigger_failure_count,rollback/watchdog_trigger_failure_duration_millis,rollback_boot/rollback_lifetime_in_millis,systemui/nas_generate_actions,systemui/nas_generate_replies,systemui/nas_max_messages_to_extract,systemui/nas_max_suggestions,testspace/another,testspace/flagname,textclassifier/config_updater_model_enabled,textclassifier/key,textclassifier/key2,textclassifier/manifest_url_annotator_en,textclassifier/manifest_url_annotator_ru,textclassifier/model_download_backoff_delay_in_millis,textclassifier/model_download_manager_enabled,textclassifier/multi_language_support_enabled,textclassifier/testing_locale_list_override,textclassifier/textclassifier_service_package_override,window_manager/enable_default_rescind_bal_privileges_from_pending_intent_sender,wrong/nas_generate_replies, exceeds system property max length.
11-14 17:50:36.981 1472 1696 I PackageWatchdog: Syncing state, reason: observing new packages
11-14 17:50:36.981 1472 1696 D PackageWatchdog: rescue-party-observer added the following packages to monitor [com.android.systemui]
11-14 17:50:36.981 1472 1696 I PackageWatchdog: Syncing state, reason: updated observers
11-14 17:50:36.981 1472 1696 I PackageWatchdog: Not pruning observers, elapsed time: 0ms
11-14 17:50:36.982 1472 1472 I PackageWatchdog: Syncing health check requests for packages: {}
11-14 17:50:36.982 1472 1472 I ExplicitHealthCheckController: Service not ready to get health check supported packages. Binding...
11-14 17:50:36.984 1472 1472 I ExplicitHealthCheckController: Explicit health check service is bound
11-14 17:50:36.987 1472 1472 I ExplicitHealthCheckController: Explicit health check service is connected ComponentInfo{com.google.android.ext.services/android.ext.services.watchdog.ExplicitHealthCheckServiceImpl}
11-14 17:50:36.987 1472 1472 I ExplicitHealthCheckController: Service initialized, syncing requests
11-14 17:50:36.987 1472 1472 I PackageWatchdog: Syncing health check requests for packages: {}
11-14 17:50:36.987 1472 1472 D ExplicitHealthCheckController: Getting health check supported packages
11-14 17:50:36.988 1472 4785 I ExplicitHealthCheckController: Explicit health check supported packages [PackageConfig{com.google.android.networkstack, 86400000}]
11-14 17:50:36.988 1472 4785 D PackageWatchdog: Received supported packages [PackageConfig{com.google.android.networkstack, 86400000}]
11-14 17:50:36.988 1472 4785 D ExplicitHealthCheckController: Getting health check requested packages
11-14 17:50:36.988 1472 1813 I RescueParty: Starting to observe: [android, com.google.android.permissioncontroller, com.android.settings, com.android.systemui], updated namespace: privacy
11-14 17:50:36.990 1472 4949 I ExplicitHealthCheckController: Explicit health check requested packages []
11-14 17:50:36.990 1472 4949 I ExplicitHealthCheckController: No more health check requests, unbinding...
11-14 17:50:36.990 1472 4949 I ExplicitHealthCheckController: Explicit health check service is unbound
11-14 17:50:36.998 1472 1696 I PackageWatchdog: Syncing state, reason: observing new packages
11-14 17:50:36.998 1472 1696 D PackageWatchdog: rescue-party-observer added the following packages to monitor [android, com.android.systemui]
11-14 17:50:36.998 1472 1696 I PackageWatchdog: Syncing state, reason: updated observers
11-14 17:50:36.998 1472 1696 I PackageWatchdog: Not pruning observers, elapsed time: 0ms
11-14 17:50:36.998 1472 1472 I PackageWatchdog: Syncing health check requests for packages: {}
11-14 17:50:36.998 1472 1472 I ExplicitHealthCheckController: Service not ready to get health check supported packages. Binding...
11-14 17:50:36.999 1472 1472 I ExplicitHealthCheckController: Explicit health check service is bound
11-14 17:50:36.999 1472 1472 I PackageWatchdog: Syncing health check requests for packages: {}
11-14 17:50:36.999 1472 1472 I ExplicitHealthCheckController: Service not ready to get health check supported packages. Binding...
11-14 17:50:36.999 1472 1472 I ExplicitHealthCheckController: Not binding to service, service already connecting
11-14 17:50:36.999 1472 1696 I PackageWatchdog: Saving observer state to file
11-14 17:50:37.003 1472 1472 I ExplicitHealthCheckController: Explicit health check service is connected ComponentInfo{com.google.android.ext.services/android.ext.services.watchdog.ExplicitHealthCheckServiceImpl}
11-14 17:50:37.003 1472 1472 I ExplicitHealthCheckController: Service initialized, syncing requests
11-14 17:50:37.006 1472 1813 I RescueParty: Starting to observe: [com.android.systemui], updated namespace: intelligence_bubbles
11-14 17:50:37.009 1472 1472 I PackageWatchdog: Syncing health check requests for packages: {}
11-14 17:50:37.009 1472 1472 D ExplicitHealthCheckController: Getting health check supported packages
11-14 17:50:37.011 1472 4949 I ExplicitHealthCheckController: Explicit health check supported packages [PackageConfig{com.google.android.networkstack, 86400000}]
11-14 17:50:37.011 1472 4949 D PackageWatchdog: Received supported packages [PackageConfig{com.google.android.networkstack, 86400000}]
11-14 17:50:37.011 1472 4949 D ExplicitHealthCheckController: Getting health check requested packages
11-14 17:50:37.012 1472 1696 I PackageWatchdog: Syncing state, reason: observing new packages
11-14 17:50:37.012 1472 1696 D PackageWatchdog: rescue-party-observer added the following packages to monitor [android, com.google.android.permissioncontroller, com.android.settings, com.android.systemui]
11-14 17:50:37.012 1472 1696 I PackageWatchdog: Syncing state, reason: updated observers
11-14 17:50:37.012 1472 1696 I PackageWatchdog: Not pruning observers, elapsed time: 0ms
11-14 17:50:37.013 1472 1472 I PackageWatchdog: Syncing health check requests for packages: {}
11-14 17:50:37.013 1472 1472 D ExplicitHealthCheckController: Getting health check supported packages
11-14 17:50:37.013 1472 1696 I PackageWatchdog: Syncing state, reason: observing new packages
11-14 17:50:37.013 1472 1696 I PackageWatchdog: Not pruning observers, elapsed time: 0ms
11-14 17:50:37.013 1472 1472 I PackageWatchdog: Syncing health check requests for packages: {}
11-14 17:50:37.013 1472 1472 D ExplicitHealthCheckController: Getting health check supported packages
11-14 17:50:37.013 1472 1696 D PackageWatchdog: rescue-party-observer added the following packages to monitor [com.android.systemui]
11-14 17:50:37.013 1472 1696 I PackageWatchdog: Syncing state, reason: updated observers
11-14 17:50:37.013 1472 1696 I PackageWatchdog: Not pruning observers, elapsed time: 0ms
11-14 17:50:37.013 1472 1472 I PackageWatchdog: Syncing health check requests for packages: {}
11-14 17:50:37.013 1472 1696 I PackageWatchdog: Saving observer state to file
11-14 17:50:37.013 1472 1472 D ExplicitHealthCheckController: Getting health check supported packages
11-14 17:50:37.015 1472 4785 I ExplicitHealthCheckController: Explicit health check requested packages []
11-14 17:50:37.015 1472 4785 I ExplicitHealthCheckController: No more health check requests, unbinding...
11-14 17:50:37.015 1472 4785 I ExplicitHealthCheckController: Explicit health check service is unbound
11-14 17:50:37.015 1472 4953 I ExplicitHealthCheckController: Explicit health check supported packages [PackageConfig{com.google.android.networkstack, 86400000}]
11-14 17:50:37.016 1472 4938 I ExplicitHealthCheckController: Explicit health check supported packages [PackageConfig{com.google.android.networkstack, 86400000}]
11-14 17:50:37.016 1472 4949 I ExplicitHealthCheckController: Explicit health check supported packages [PackageConfig{com.google.android.networkstack, 86400000}]
11-14 17:50:37.025 1472 4953 D PackageWatchdog: Received supported packages [PackageConfig{com.google.android.networkstack, 86400000}]
11-14 17:50:37.025 1472 4953 I ExplicitHealthCheckController: Service not ready to get health check requested packages. Binding...
11-14 17:50:37.025 1472 4938 D PackageWatchdog: Received supported packages [PackageConfig{com.google.android.networkstack, 86400000}]
11-14 17:50:37.026 1472 4953 I ExplicitHealthCheckController: Explicit health check service is bound
11-14 17:50:37.026 1472 4938 I ExplicitHealthCheckController: Service not ready to get health check requested packages. Binding...
11-14 17:50:37.026 1472 4938 I ExplicitHealthCheckController: Not binding to service, service already connecting
11-14 17:50:37.027 1472 4949 D PackageWatchdog: Received supported packages [PackageConfig{com.google.android.networkstack, 86400000}]
11-14 17:50:37.027 1472 4949 I ExplicitHealthCheckController: Service not ready to get health check requested packages. Binding...
11-14 17:50:37.027 1472 4949 I ExplicitHealthCheckController: Not binding to service, service already connecting
11-14 17:50:37.029 1472 1813 I RescueParty: Starting to observe: [android, com.google.android.as, com.android.settings, com.android.systemui], updated namespace: systemui
11-14 17:50:37.029 1472 1696 I PackageWatchdog: Syncing state, reason: observing new packages
11-14 17:50:37.030 1472 1696 D PackageWatchdog: rescue-party-observer added the following packages to monitor [android, com.google.android.as, com.android.settings, com.android.systemui]
11-14 17:50:37.030 1472 1696 I PackageWatchdog: Syncing state, reason: updated observers
11-14 17:50:37.030 1472 1696 I PackageWatchdog: Not pruning observers, elapsed time: 0ms
11-14 17:50:37.030 1472 1696 I PackageWatchdog: Saving observer state to file
11-14 17:50:37.044 1472 4784 D CompatibilityChangeReporter: Compat change id reported: 161252188; UID 10140; state: DISABLED
11-14 17:50:37.051 1472 1813 I RescueParty: Starting to observe: [android, com.android.systemui], updated namespace: media
11-14 17:50:37.051 1472 1472 I PackageWatchdog: Syncing health check requests for packages: {}
11-14 17:50:37.051 1472 1472 I ExplicitHealthCheckController: Service not ready to get health check supported packages. Binding...
11-14 17:50:37.051 1472 1472 I ExplicitHealthCheckController: Not binding to service, service already connecting
11-14 17:50:37.052 1472 1472 I ExplicitHealthCheckController: Explicit health check service is connected ComponentInfo{com.google.android.ext.services/android.ext.services.watchdog.ExplicitHealthCheckServiceImpl}
11-14 17:50:37.052 1472 1472 I ExplicitHealthCheckController: Service initialized, syncing requests
11-14 17:50:37.053 1472 1472 I PackageWatchdog: Syncing health check requests for packages: {}
11-14 17:50:37.053 1472 1472 D ExplicitHealthCheckController: Getting health check supported packages
11-14 17:50:37.054 1472 4953 I ExplicitHealthCheckController: Explicit health check supported packages [PackageConfig{com.google.android.networkstack, 86400000}]
11-14 17:50:37.054 1472 4953 D PackageWatchdog: Received supported packages [PackageConfig{com.google.android.networkstack, 86400000}]
11-14 17:50:37.054 1472 4953 D ExplicitHealthCheckController: Getting health check requested packages
11-14 17:50:37.054 1472 4953 I ExplicitHealthCheckController: Explicit health check requested packages []
11-14 17:50:37.055 1472 4953 I ExplicitHealthCheckController: No more health check requests, unbinding...
11-14 17:50:37.055 1472 4953 I ExplicitHealthCheckController: Explicit health check service is unbound
11-14 17:50:37.062 1472 4938 D SearchUiPerUserService: Creating SearchSessionInfo for session Id=com.google.android.apps.nexuslauncher:c8d4fe6e-275e-481a-8233-b216862942e4,0
11-14 17:50:37.066 1472 1696 I PackageWatchdog: Syncing state, reason: observing new packages
11-14 17:50:37.066 1472 1472 I PackageWatchdog: Syncing health check requests for packages: {}
11-14 17:50:37.066 1472 1696 D PackageWatchdog: rescue-party-observer added the following packages to monitor [android, com.android.systemui]
11-14 17:50:37.066 1472 1472 I ExplicitHealthCheckController: Service not ready to get health check supported packages. Binding...
11-14 17:50:37.066 1472 1696 I PackageWatchdog: Syncing state, reason: updated observers
11-14 17:50:37.066 1472 1696 I PackageWatchdog: Not pruning observers, elapsed time: 0ms
11-14 17:50:37.066 1472 1696 I PackageWatchdog: Saving observer state to file
11-14 17:50:37.068 1472 1472 I ExplicitHealthCheckController: Explicit health check service is bound
11-14 17:50:37.074 1472 1472 I PackageWatchdog: Syncing health check requests for packages: {}
11-14 17:50:37.074 1472 1472 I ExplicitHealthCheckController: Service not ready to get health check supported packages. Binding...
11-14 17:50:37.074 1472 1472 I ExplicitHealthCheckController: Not binding to service, service already connecting
11-14 17:50:37.074 1472 1472 I ExplicitHealthCheckController: Explicit health check service is connected ComponentInfo{com.google.android.ext.services/android.ext.services.watchdog.ExplicitHealthCheckServiceImpl}
11-14 17:50:37.074 1472 1472 I ExplicitHealthCheckController: Service initialized, syncing requests
11-14 17:50:37.074 1472 1472 I PackageWatchdog: Syncing health check requests for packages: {}
11-14 17:50:37.074 1472 1472 D ExplicitHealthCheckController: Getting health check supported packages
11-14 17:50:37.075 1472 4938 I ExplicitHealthCheckController: Explicit health check supported packages [PackageConfig{com.google.android.networkstack, 86400000}]
11-14 17:50:37.075 1472 4938 D PackageWatchdog: Received supported packages [PackageConfig{com.google.android.networkstack, 86400000}]
11-14 17:50:37.075 1472 4938 D ExplicitHealthCheckController: Getting health check requested packages
11-14 17:50:37.076 1472 4938 I ExplicitHealthCheckController: Explicit health check requested packages []
11-14 17:50:37.076 1472 4938 I ExplicitHealthCheckController: No more health check requests, unbinding...
11-14 17:50:37.078 1472 4938 I ExplicitHealthCheckController: Explicit health check service is unbound
11-14 17:50:37.122 1472 4784 D CoreBackPreview: Window{f8520a5 u0 com.google.android.apps.nexuslauncher/com.google.android.apps.nexuslauncher.NexusLauncherActivity}: Setting back callback OnBackInvokedCallbackInfo{mCallback=android.window.IOnBackInvokedCallback$Stub$Proxy@d90061b, mPriority=0}
11-14 17:50:37.126 1472 4949 I ActivityTaskManager: Activity reported stop, but no longer stopping: ActivityRecord{188b444 u0 com.google.android.apps.nexuslauncher/.NexusLauncherActivity t350} STOPPED
11-14 17:50:37.190 1472 1813 I RescueParty: Starting to observe: [android, com.android.systemui], updated namespace: alarm_manager
11-14 17:50:37.190 1472 1696 I PackageWatchdog: Syncing state, reason: observing new packages
11-14 17:50:37.190 1472 1696 D PackageWatchdog: rescue-party-observer added the following packages to monitor [android, com.android.systemui]
11-14 17:50:37.190 1472 1696 I PackageWatchdog: Syncing state, reason: updated observers
11-14 17:50:37.190 1472 1696 I PackageWatchdog: Not pruning observers, elapsed time: 0ms
11-14 17:50:37.190 1472 1696 I PackageWatchdog: Saving observer state to file
11-14 17:50:37.195 1472 1472 I PackageWatchdog: Syncing health check requests for packages: {}
11-14 17:50:37.195 1472 1472 I ExplicitHealthCheckController: Service not ready to get health check supported packages. Binding...
11-14 17:50:37.197 1472 1472 I ExplicitHealthCheckController: Explicit health check service is bound
11-14 17:50:37.200 1472 1472 I ExplicitHealthCheckController: Explicit health check service is connected ComponentInfo{com.google.android.ext.services/android.ext.services.watchdog.ExplicitHealthCheckServiceImpl}
11-14 17:50:37.200 1472 1472 I ExplicitHealthCheckController: Service initialized, syncing requests
11-14 17:50:37.200 1472 1472 I PackageWatchdog: Syncing health check requests for packages: {}
11-14 17:50:37.200 1472 1472 D ExplicitHealthCheckController: Getting health check supported packages
11-14 17:50:37.201 1472 4938 I ExplicitHealthCheckController: Explicit health check supported packages [PackageConfig{com.google.android.networkstack, 86400000}]
11-14 17:50:37.201 1472 4938 D PackageWatchdog: Received supported packages [PackageConfig{com.google.android.networkstack, 86400000}]
11-14 17:50:37.201 1472 4938 D ExplicitHealthCheckController: Getting health check requested packages
11-14 17:50:37.202 1472 4938 I ExplicitHealthCheckController: Explicit health check requested packages []
11-14 17:50:37.202 1472 4938 I ExplicitHealthCheckController: No more health check requests, unbinding...
11-14 17:50:37.203 1472 4938 I ExplicitHealthCheckController: Explicit health check service is unbound
11-14 17:50:37.206 1472 1813 I RescueParty: Starting to observe: [com.android.systemui], updated namespace: notification_assistant
11-14 17:50:37.207 1472 1696 I PackageWatchdog: Syncing state, reason: observing new packages
11-14 17:50:37.207 1472 1696 D PackageWatchdog: rescue-party-observer added the following packages to monitor [com.android.systemui]
11-14 17:50:37.207 1472 1696 I PackageWatchdog: Syncing state, reason: updated observers
11-14 17:50:37.207 1472 1696 I PackageWatchdog: Not pruning observers, elapsed time: 0ms
11-14 17:50:37.207 1472 1696 I PackageWatchdog: Saving observer state to file
11-14 17:50:37.207 1472 1472 I PackageWatchdog: Syncing health check requests for packages: {}
11-14 17:50:37.207 1472 1472 I ExplicitHealthCheckController: Service not ready to get health check supported packages. Binding...
11-14 17:50:37.208 1472 1472 I ExplicitHealthCheckController: Explicit health check service is bound
11-14 17:50:37.212 1472 1472 I PackageWatchdog: Syncing health check requests for packages: {}
11-14 17:50:37.212 1472 1472 I ExplicitHealthCheckController: Service not ready to get health check supported packages. Binding...
11-14 17:50:37.212 1472 1472 I ExplicitHealthCheckController: Not binding to service, service already connecting
11-14 17:50:37.213 1472 1472 I ExplicitHealthCheckController: Explicit health check service is connected ComponentInfo{com.google.android.ext.services/android.ext.services.watchdog.ExplicitHealthCheckServiceImpl}
11-14 17:50:37.213 1472 1472 I ExplicitHealthCheckController: Service initialized, syncing requests
11-14 17:50:37.213 1472 1472 I PackageWatchdog: Syncing health check requests for packages: {}
11-14 17:50:37.213 1472 1472 D ExplicitHealthCheckController: Getting health check supported packages
11-14 17:50:37.214 1472 4949 I ExplicitHealthCheckController: Explicit health check supported packages [PackageConfig{com.google.android.networkstack, 86400000}]
11-14 17:50:37.214 1472 4949 D PackageWatchdog: Received supported packages [PackageConfig{com.google.android.networkstack, 86400000}]
11-14 17:50:37.214 1472 4949 D ExplicitHealthCheckController: Getting health check requested packages
11-14 17:50:37.214 1472 4949 I ExplicitHealthCheckController: Explicit health check requested packages []
11-14 17:50:37.214 1472 4949 I ExplicitHealthCheckController: No more health check requests, unbinding...
11-14 17:50:37.215 1472 4949 I ExplicitHealthCheckController: Explicit health check service is unbound
11-14 17:50:37.224 1472 1813 I RescueParty: Starting to observe: [android, com.google.android.permissioncontroller, com.android.settings, com.android.systemui], updated namespace: app_hibernation
11-14 17:50:37.224 1472 1696 I PackageWatchdog: Syncing state, reason: observing new packages
11-14 17:50:37.224 1472 1696 D PackageWatchdog: rescue-party-observer added the following packages to monitor [android, com.google.android.permissioncontroller, com.android.settings, com.android.systemui]
11-14 17:50:37.224 1472 1696 I PackageWatchdog: Syncing state, reason: updated observers
11-14 17:50:37.224 1472 1696 I PackageWatchdog: Not pruning observers, elapsed time: 0ms
11-14 17:50:37.224 1472 1696 I PackageWatchdog: Saving observer state to file
11-14 17:50:37.231 1472 1472 I PackageWatchdog: Syncing health check requests for packages: {}
11-14 17:50:37.231 1472 1472 I ExplicitHealthCheckController: Service not ready to get health check supported packages. Binding...
11-14 17:50:37.234 1472 1472 I ExplicitHealthCheckController: Explicit health check service is bound
11-14 17:50:37.235 1472 1472 D AppHibernationService: App hibernation changed to enabled=true
11-14 17:50:37.236 1472 1472 I ExplicitHealthCheckController: Explicit health check service is connected ComponentInfo{com.google.android.ext.services/android.ext.services.watchdog.ExplicitHealthCheckServiceImpl}
11-14 17:50:37.237 1472 1472 I ExplicitHealthCheckController: Service initialized, syncing requests
11-14 17:50:37.237 1472 1472 I PackageWatchdog: Syncing health check requests for packages: {}
11-14 17:50:37.237 1472 1472 D ExplicitHealthCheckController: Getting health check supported packages
11-14 17:50:37.237 1472 4938 I ExplicitHealthCheckController: Explicit health check supported packages [PackageConfig{com.google.android.networkstack, 86400000}]
11-14 17:50:37.238 1472 4938 D PackageWatchdog: Received supported packages [PackageConfig{com.google.android.networkstack, 86400000}]
11-14 17:50:37.238 1472 4938 D ExplicitHealthCheckController: Getting health check requested packages
11-14 17:50:37.238 1472 4938 I ExplicitHealthCheckController: Explicit health check requested packages []
11-14 17:50:37.238 1472 4938 I ExplicitHealthCheckController: No more health check requests, unbinding...
11-14 17:50:37.239 1472 4938 I ExplicitHealthCheckController: Explicit health check service is unbound
11-14 17:50:37.257 1472 1813 I RescueParty: Starting to observe: [android, com.android.systemui], updated namespace: window_manager
11-14 17:50:37.258 1472 1696 I PackageWatchdog: Syncing state, reason: observing new packages
11-14 17:50:37.258 1472 1696 D PackageWatchdog: rescue-party-observer added the following packages to monitor [android, com.android.systemui]
11-14 17:50:37.258 1472 1696 I PackageWatchdog: Syncing state, reason: updated observers
11-14 17:50:37.258 1472 1696 I PackageWatchdog: Not pruning observers, elapsed time: 0ms
11-14 17:50:37.258 1472 1696 I PackageWatchdog: Saving observer state to file
11-14 17:50:37.264 1472 1472 I PackageWatchdog: Syncing health check requests for packages: {}
11-14 17:50:37.264 1472 1472 I ExplicitHealthCheckController: Service not ready to get health check supported packages. Binding...
11-14 17:50:37.268 1472 1472 I ExplicitHealthCheckController: Explicit health check service is bound
11-14 17:50:37.270 1472 1472 I ExplicitHealthCheckController: Explicit health check service is connected ComponentInfo{com.google.android.ext.services/android.ext.services.watchdog.ExplicitHealthCheckServiceImpl}
11-14 17:50:37.270 1472 1472 I ExplicitHealthCheckController: Service initialized, syncing requests
11-14 17:50:37.270 1472 1472 I PackageWatchdog: Syncing health check requests for packages: {}
11-14 17:50:37.270 1472 1472 D ExplicitHealthCheckController: Getting health check supported packages
11-14 17:50:37.271 1472 4938 I ExplicitHealthCheckController: Explicit health check supported packages [PackageConfig{com.google.android.networkstack, 86400000}]
11-14 17:50:37.271 1472 4938 D PackageWatchdog: Received supported packages [PackageConfig{com.google.android.networkstack, 86400000}]
11-14 17:50:37.271 1472 4938 D ExplicitHealthCheckController: Getting health check requested packages
11-14 17:50:37.273 1472 4938 I ExplicitHealthCheckController: Explicit health check requested packages []
11-14 17:50:37.273 1472 4938 I ExplicitHealthCheckController: No more health check requests, unbinding...
11-14 17:50:37.274 1472 4938 I ExplicitHealthCheckController: Explicit health check service is unbound
11-14 17:50:37.285 1472 1813 I RescueParty: Starting to observe: [android, com.android.systemui], updated namespace: attention_manager_service
11-14 17:50:37.288 1472 1472 I ScreenUndimDetector: onDeviceConfigChange; key=post_dim_check_duration_millis
11-14 17:50:37.288 1472 1472 I ScreenUndimDetector: Ignoring change on post_dim_check_duration_millis
11-14 17:50:37.288 1472 1472 I ScreenUndimDetector: onDeviceConfigChange; key=max_extension_millis
11-14 17:50:37.288 1472 1472 I ScreenUndimDetector: Ignoring change on max_extension_millis
11-14 17:50:37.288 1472 1472 I ScreenUndimDetector: onDeviceConfigChange; key=keep_screen_on_for_millis
11-14 17:50:37.288 1472 1472 I ScreenUndimDetector: readValuesFromDeviceConfig():
11-14 17:50:37.288 1472 1472 I ScreenUndimDetector: mKeepScreenOnForMillis=300000
11-14 17:50:37.288 1472 1472 I ScreenUndimDetector: mKeepScreenOnNotificationEnabled=false
11-14 17:50:37.288 1472 1472 I ScreenUndimDetector: mUndimsRequired=2
11-14 17:50:37.288 1472 1472 I AttentionManagerService: Ignoring change on post_dim_check_duration_millis
11-14 17:50:37.288 1472 1472 I AttentionManagerService: Ignoring change on max_extension_millis
11-14 17:50:37.288 1472 1472 I AttentionManagerService: Ignoring change on keep_screen_on_for_millis
11-14 17:50:37.288 1472 1472 I AttentionManagerService: Ignoring change on keep_screen_on_enabled
11-14 17:50:37.288 1472 1472 I AttentionManagerService: Ignoring change on enable_flip_to_screen_off
11-14 17:50:37.288 1472 1472 I AttentionManagerService: Ignoring change on pre_dim_check_duration_millis
11-14 17:50:37.289 1472 1472 I AttentionDetector: readValuesFromDeviceConfig():
11-14 17:50:37.289 1472 1472 I AttentionDetector: mMaximumExtensionMillis=330000
11-14 17:50:37.289 1472 1472 I AttentionDetector: mPreDimCheckDurationMillis=2100
11-14 17:50:37.289 1472 1472 I AttentionDetector: mRequestedPostDimTimeoutMillis=0
11-14 17:50:37.289 1472 1472 I FaceDownDetector: Ignoring change on post_dim_check_duration_millis
11-14 17:50:37.289 1472 1472 I FaceDownDetector: Ignoring change on max_extension_millis
11-14 17:50:37.289 1472 1472 I FaceDownDetector: Ignoring change on keep_screen_on_for_millis
11-14 17:50:37.289 1472 1472 I FaceDownDetector: Ignoring change on keep_screen_on_enabled
11-14 17:50:37.289 1472 1472 I FaceDownDetector: readValuesFromDeviceConfig():
11-14 17:50:37.289 1472 1472 I FaceDownDetector: mAccelerationThreshold=0.2
11-14 17:50:37.289 1472 1472 I FaceDownDetector: mZAccelerationThreshold=-9.5
11-14 17:50:37.289 1472 1472 I FaceDownDetector: mTimeThreshold=PT1S
11-14 17:50:37.289 1472 1472 I FaceDownDetector: mIsEnabled=true
11-14 17:50:37.289 1472 1696 I PackageWatchdog: Syncing state, reason: observing new packages
11-14 17:50:37.290 1472 1696 D PackageWatchdog: rescue-party-observer added the following packages to monitor [android, com.android.systemui]
11-14 17:50:37.290 1472 1696 I PackageWatchdog: Syncing state, reason: updated observers
11-14 17:50:37.290 1472 1696 I PackageWatchdog: Not pruning observers, elapsed time: 0ms
11-14 17:50:37.290 1472 1696 I PackageWatchdog: Saving observer state to file
11-14 17:50:37.295 1472 1472 I PackageWatchdog: Syncing health check requests for packages: {}
11-14 17:50:37.295 1472 1472 I ExplicitHealthCheckController: Service not ready to get health check supported packages. Binding...
11-14 17:50:37.298 1472 1472 I ExplicitHealthCheckController: Explicit health check service is bound
11-14 17:50:37.300 1472 1472 I ExplicitHealthCheckController: Explicit health check service is connected ComponentInfo{com.google.android.ext.services/android.ext.services.watchdog.ExplicitHealthCheckServiceImpl}
11-14 17:50:37.300 1472 1472 I ExplicitHealthCheckController: Service initialized, syncing requests
11-14 17:50:37.300 1472 1472 I PackageWatchdog: Syncing health check requests for packages: {}
11-14 17:50:37.300 1472 1472 D ExplicitHealthCheckController: Getting health check supported packages
11-14 17:50:37.301 1472 4938 I ExplicitHealthCheckController: Explicit health check supported packages [PackageConfig{com.google.android.networkstack, 86400000}]
11-14 17:50:37.301 1472 4938 D PackageWatchdog: Received supported packages [PackageConfig{com.google.android.networkstack, 86400000}]
11-14 17:50:37.301 1472 4938 D ExplicitHealthCheckController: Getting health check requested packages
11-14 17:50:37.302 1472 4938 I ExplicitHealthCheckController: Explicit health check requested packages []
11-14 17:50:37.302 1472 4938 I ExplicitHealthCheckController: No more health check requests, unbinding...
11-14 17:50:37.303 1472 4938 I ExplicitHealthCheckController: Explicit health check service is unbound
11-14 17:50:37.318 1472 1813 I RescueParty: Starting to observe: [android, com.android.systemui], updated namespace: game_overlay
11-14 17:50:37.318 1472 1696 I PackageWatchdog: Syncing state, reason: observing new packages
11-14 17:50:37.318 1472 1472 I PackageWatchdog: Syncing health check requests for packages: {}
11-14 17:50:37.318 1472 1472 I ExplicitHealthCheckController: Service not ready to get health check supported packages. Binding...
11-14 17:50:37.320 1472 1472 I ExplicitHealthCheckController: Explicit health check service is bound
11-14 17:50:37.320 1472 1696 D PackageWatchdog: rescue-party-observer added the following packages to monitor [android, com.android.systemui]
11-14 17:50:37.320 1472 1696 I PackageWatchdog: Syncing state, reason: updated observers
11-14 17:50:37.320 1472 1696 I PackageWatchdog: Saving observer state to file
11-14 17:50:37.325 1472 1472 I PackageWatchdog: Syncing health check requests for packages: {}
11-14 17:50:37.326 1472 1472 I ExplicitHealthCheckController: Service not ready to get health check supported packages. Binding...
11-14 17:50:37.326 1472 1472 I ExplicitHealthCheckController: Not binding to service, service already connecting
11-14 17:50:37.332 1472 1472 I ExplicitHealthCheckController: Explicit health check service is connected ComponentInfo{com.google.android.ext.services/android.ext.services.watchdog.ExplicitHealthCheckServiceImpl}
11-14 17:50:37.335 1472 1472 I ExplicitHealthCheckController: Service initialized, syncing requests
11-14 17:50:37.343 1472 1472 I PackageWatchdog: Syncing health check requests for packages: {}
11-14 17:50:37.343 1472 1472 D ExplicitHealthCheckController: Getting health check supported packages
11-14 17:50:37.344 1472 4938 I ExplicitHealthCheckController: Explicit health check supported packages [PackageConfig{com.google.android.networkstack, 86400000}]
