11-14 22:15:43.931 2159 2500 I bluetooth: packages/modules/Bluetooth/system/gd/hci/le_scanning_manager.cc:546 stop_scan: Scanning already stopped, return!
11-14 22:15:43.932 2159 2500 I bluetooth: packages/modules/Bluetooth/system/gd/hci/le_address_manager.cc:175 register_client: Scheduled address rotation for first client registered
11-14 22:15:43.932 2159 2500 I bluetooth: packages/modules/Bluetooth/system/gd/hci/le_address_manager.cc:178 register_client: Client registered
11-14 22:15:43.932 18370 18386 D BluetoothLeScanner: onScannerRegistered() - status=0 scannerId=2 mScannerId=0
11-14 22:15:43.934 866 866 I bthal.activity: LogActivities: Disable LE Scanning, 0x2042
11-14 22:15:43.934 866 866 I bthal.shim: Send: TX command 0x2042
11-14 22:15:43.935 866 1117 I bthal.debug_central: Command Complete Event of LE_SET_EXTENDED_SCAN_ENABLE, opcode:2042
11-14 22:15:43.935 866 1117 I bthal.flowcontrol: HciEventPreProcess: HCI Event 0xe Opcode 0x2042 Length 6 unhandled by LeSetExtentedScanEnableEvent
11-14 22:15:43.935 866 866 I bthal.activity: LogActivities: BALANCED ScanMode
11-14 22:15:43.936 866 866 I bthal.activity: LogActivities: Enable LE Scanning, 0x2042
11-14 22:15:43.936 866 866 I bthal.shim: Send: TX command 0x2042
11-14 22:15:43.936 866 1117 I bthal.debug_central: Command Complete Event of LE_SET_EXTENDED_SCAN_ENABLE, opcode:2042
11-14 22:15:43.936 866 1117 I bthal.flowcontrol: HciEventPreProcess: HCI Event 0xe Opcode 0x2042 Length 6 unhandled by LeSetExtentedScanEnableEvent
11-14 22:15:43.939 2159 10738 D ActivityAttributionService: notifyActivityAttributionInfo UID=1002 packageName=com.google.android.bluetooth deviceAddress=no_active_device_address
11-14 22:15:43.939 2159 10738 I bt_btif : packages/modules/Bluetooth/system/btif/src/bluetooth.cc:822 get_profile_interface: get_profile_interface: id = activity_attribution
11-14 22:15:44.078 30243 30572 W CCodecBufferChannel: no present fence for frame 3
11-14 22:15:44.109 1942 1942 D CentralSurfaces: Received new disable state: enaihbcrso.qingr (unchanged)
11-14 22:15:44.113 20174 20174 I GsaVoiceInteractionSrv: O received Intent { act=android.intent.action.USER_PRESENT flg=0x24200010 }
11-14 22:15:44.230 30243 30572 W CCodecBufferChannel: no present fence for frame 4
11-14 22:15:44.270 1128 1349 I CHRE : @ 1910487.722: [Capo] Count NOT Validate in-motion sample2var=0.005694 (#sample 25)
11-14 22:15:44.281 1128 1349 I CHRE : @ 1910487.723: [Capo] Count NOT Validate in-motion sample2var=0.003019 (#sample 25)
11-14 22:15:44.281 1128 1349 I CHRE : @ 1910487.723: [Capo] Count NOT Validate in-motion sample2var=0.177828 (#sample 25)
11-14 22:15:44.294 1128 1349 I CHRE : @ 1910487.746: [AR] inconsistent: 41.176471
11-14 22:15:44.294 1128 1349 I CHRE : @ 1910487.747: [Capo] Count NOT Validate in-motion sample2var=0.000619 (#sample 25)
11-14 22:15:44.294 1128 1349 D CHRE : @ 1910487.747: [ActivityPlatform] type 6, confidence 41
11-14 22:15:44.534 1127 1127 D AOC : A3:MSG: vsc_controller.cc, 531: VSC: [Significant Motion] requestSensorEvents: sensor 0x20002, period=18446744073709 la
11-14 22:15:44.537 1127 1127 D AOC : A3:MSG: usf_sensor.cc, 1474: USF: Received start sampling request for LSM6DSR Motion Detect.
11-14 22:15:44.537 1127 1127 D AOC : A3:MSG: vsc_controller.cc, 549: VSC: [Significant Motion] stopSensorEvents: sensor 0x10001
11-14 22:15:44.538 1127 1127 D AOC : A3:MSG: usf_sensor.cc, 1981: USF: Received reconfig sampling request for LSM6DSR Accelerometer.
11-14 22:15:44.564 30243 30572 W CCodecBufferChannel: no present fence for frame 5
11-14 22:15:44.692 1127 1127 D AOC : F1:Irregular FIQ at 448284: delta 4149 (lb: 4056, ub: 4136, FIQ delta: 0)
11-14 22:15:44.692 1127 1127 D AOC : F1:Irregular FIQ at 448285: delta 4028 (lb: 4056, ub: 4136, FIQ delta: 0)
11-14 22:15:44.717 30243 30572 W CCodecBufferChannel: no present fence for frame 6
11-14 22:15:44.825 30595 30595 I trusty_metricsd: starting trusty_metricsd
11-14 22:15:44.825 30595 30595 I trusty_metricsd: trusty dev: /dev/trusty-ipc-dev0
11-14 22:15:44.828 30595 30595 E libtrusty: tipc_connect: can't connect to tipc service "com.android.trusty.metrics" (err=107)
11-14 22:15:44.828 30595 30595 E trusty_metricsd: failed to open TrustyMetricsPixel: failed to connect to Trusty metrics TA: Transport endpoint is not connected
11-14 22:15:44.828 30595 30595 E trusty_metricsd: failed to open Trusty metrics client
11-14 22:15:44.862 30596 30596 I flags_health_check: ServerConfigurableFlagsReset reset_mode value: 1
11-14 22:15:44.862 30596 30596 I flags_health_check: ServerConfigurableFlagsReset updatable crashing detected, resetting flags.
11-14 22:15:45.067 30243 30572 W CCodecBufferChannel: no present fence for frame 7
11-14 22:15:45.097 1472 3787 D KeySyncTask: Key sync not needed.
11-14 22:15:45.213 30243 30572 W CCodecBufferChannel: no present fence for frame 8
11-14 22:15:45.293 1472 1844 I system_server: Explicit concurrent copying GC freed 285586(11MB) AllocSpace objects, 15(364KB) LOS objects, 67% free, 45MB/141MB, paused 120us,105us total 185.526ms
11-14 22:15:45.304 1472 1619 W System : A resource failed to call release.
11-14 22:15:45.304 1472 1619 W System : A resource failed to call HardwareBuffer.close.
11-14 22:15:45.304 1472 1619 W System : A resource failed to call HardwareBuffer.close.
11-14 22:15:45.304 1472 1619 W System : A resource failed to call release.
11-14 22:15:45.328 866 2551 I bthal.activity: UpdateLeAdvStat: start: 22:15:38:148 - end: 22:15:45:328 duration: 7179 le_adv_count: 12
11-14 22:15:45.386 30243 30572 W CCodecBufferChannel: no present fence for frame 9
11-14 22:15:45.470 1472 1844 I system_server: Explicit concurrent copying GC freed 4051(258KB) AllocSpace objects, 0(0B) LOS objects, 67% free, 45MB/141MB, paused 79us,109us total 164.256ms
11-14 22:15:45.470 1472 1619 W System : A resource failed to call HardwareBuffer.close.
11-14 22:15:45.471 1472 1619 W System : A resource failed to call HardwareBuffer.close.
11-14 22:15:45.581 30243 30572 W CCodecBufferChannel: no present fence for frame 10
11-14 22:15:45.581 30243 30572 W CCodecBufferChannel: no present fence for frame 11
11-14 22:15:45.581 30243 30572 W CCodecBufferChannel: no present fence for frame 12
11-14 22:15:45.581 30243 30572 W CCodecBufferChannel: no present fence for frame 13
11-14 22:15:45.581 30243 30572 W CCodecBufferChannel: no present fence for frame 14
11-14 22:15:45.581 30243 30572 W CCodecBufferChannel: no present fence for frame 15
11-14 22:15:45.735 30243 30572 W CCodecBufferChannel: no present fence for frame 16
11-14 22:15:46.087 30243 30572 W CCodecBufferChannel: no present fence for frame 17
11-14 22:15:46.233 30243 30572 W CCodecBufferChannel: no present fence for frame 18
11-14 22:15:46.590 30243 30572 W CCodecBufferChannel: no present fence for frame 19
11-14 22:15:46.631 923 30040 D BufferPoolAccessor2.0: bufferpool2 0xb400006f7f74b0f8 : 5(19441280 size) total buffers - 5(19441280 size) used buffers - 1983/1991 (recycle/alloc) - 19/1985 (fetch/transfer)
11-14 22:15:46.740 30243 30572 W CCodecBufferChannel: no present fence for frame 20
11-14 22:15:46.802 1127 1127 D AOC : F1:MSG: controller.cc, 273: AudioOutCtrl: cmd ID: 0x00c9, tag: 0x44 [cntr = 740]
11-14 22:15:46.803 1127 1127 D AOC : F1:MSG: controller.cc, 811: AudioOutCtrl: ipc: audio_output_co, cmd ID: 0x00c9, tag: 0x44, rc: 0
11-14 22:15:46.804 864 921 D audio_hw: shutdown: low-latency-playback
11-14 22:15:46.804 864 921 E audio_route: unable to find path 'speaker-post'
11-14 22:15:46.804 864 921 D audio_hw_aoc_route: speaker-post 0
11-14 22:15:46.805 1127 1127 D AOC : F1:MSG: controller.cc, 273: AudioOutCtrl: cmd ID: 0x010f, tag: 0x45 [cntr = 741]
11-14 22:15:46.805 864 921 D audio_hw_aoc_route: low-latency-playbackP 0
11-14 22:15:46.805 864 921 W audio_hw_35l41: cs35l41_amp_common_event: ret: 0, event: 3, state: 3, device: 4
11-14 22:15:46.806 1127 1127 D AOC : F1:Unregistered Source 1 from Sink 0
11-14 22:15:46.806 1127 1127 D AOC : F1:AT Map:0 (LL:0), 0 EPs active, Power: Yes, Config: No
11-14 22:15:46.806 1127 1127 D AOC : F1:Mixer 0 configuration changed: (0)
11-14 22:15:46.806 1127 1127 D AOC : F1:Sink 0 Configuration changed: ULL (disabled)
11-14 22:15:46.806 1127 1127 D AOC : F1:MSG: controller.cc, 811: AudioOutCtrl: ipc: audio_output_co, cmd ID: 0x010f, tag: 0x45, rc: 0
11-14 22:15:46.806 1127 1127 D AOC : H0:Mixer AMixSPKR: 480 samples (0000/0000) (OFF SC)
11-14 22:15:46.807 1127 1127 D AOC : H0:Mixer configuration updated
11-14 22:15:46.810 864 921 D audio_hw_aoc_route: speaker 0
11-14 22:15:46.811 864 921 W audio_hw_35l41: cs35l41_amp_common_event: ret: 0, event: 4, state: 2, device: 4
11-14 22:15:46.811 864 921 D audio_hw_soundtrigger: st_comm_aud_event_monitor:codec dev:4 inactive
11-14 22:15:46.811 864 921 D audio_hw_soundtrigger: st_uc_monitor:uc:low-latency-playback inactive
11-14 22:15:46.811 864 921 I audio_hw_aoc: Mode Ambient is already selected
11-14 22:15:46.811 864 921 D audio_hw_waves: waves_usecase_event: low-latency-playback stop
11-14 22:15:46.820 18370 30175 W AdaptiveDiscoveryWorker: Exiting Adaptive Discovery. Current NetworkInfo is NULL.
11-14 22:15:46.934 30243 30572 W CCodecBufferChannel: no present fence for frame 21
11-14 22:15:46.934 30243 30572 W CCodecBufferChannel: no present fence for frame 22
11-14 22:15:46.934 30243 30572 W CCodecBufferChannel: no present fence for frame 23
11-14 22:15:47.005 30243 30572 W CCodecBufferChannel: no present fence for frame 24
11-14 22:15:47.138 30243 30572 W CCodecBufferChannel: no present fence for frame 25
11-14 22:15:47.200 30243 30572 W CCodecBufferChannel: no present fence for frame 26
11-14 22:15:47.200 30243 30572 W CCodecBufferChannel: no present fence for frame 27
11-14 22:15:47.204 936 936 I WifiHAL : Creating message to get link statistics; iface = 47
11-14 22:15:47.306 936 936 I WifiHAL : In GetLinkStatsCommand::handleResponse
11-14 22:15:47.308 936 936 E IPCThreadState: binder thread pool (1 threads) starved for 104 ms
11-14 22:15:47.341 1472 1871 D ConnectivityService: NetReassign [no changes] [c 0] [a 0] [i 2]
11-14 22:15:47.444 1128 1349 I CHRE : @ 1910490.895: [Capo] Count NOT Validate in-motion sample2var=0.000777 (#sample 25)
11-14 22:15:47.445 1128 1349 I CHRE : @ 1910490.896: [Capo] Count NOT Validate in-motion sample2var=0.001046 (#sample 25)
11-14 22:15:47.450 1128 1349 I CHRE : @ 1910490.897: [Capo] Count NOT Validate in-motion sample2var=0.000192 (#sample 25)
11-14 22:15:47.450 1128 1349 I CHRE : @ 1910490.898: [Capo] Count NOT Validate in-motion sample2var=0.000283 (#sample 25)
11-14 22:15:47.470 1128 1349 I CHRE : @ 1910490.922: [AR] still: 46.666666
11-14 22:15:47.470 1128 1349 I CHRE : @ 1910490.922: [Capo] Count NOT Validate in-motion sample2var=0.001536 (#sample 25)
11-14 22:15:47.470 1128 1349 D CHRE : @ 1910490.922: [ActivityPlatform] type 4, confidence 46
11-14 22:15:47.733 30243 30572 W CCodecBufferChannel: no present fence for frame 28
11-14 22:15:47.733 30243 30572 W CCodecBufferChannel: no present fence for frame 29
11-14 22:15:47.733 30243 30572 W CCodecBufferChannel: no present fence for frame 30
11-14 22:15:47.986 1472 1807 D ActivityManager: freezing 19235 com.google.android.gms.unstable
11-14 22:15:47.988 30243 30572 W CCodecBufferChannel: no present fence for frame 31
11-14 22:15:48.079 1441 1450 I CapoDetector: handleNanoappMessage, Id 5147455389092024354, type 3, size 8
11-14 22:15:48.079 1441 1450 I CapoDetector: handleNanoappMessage, Id 5147455389092024354, type 3, size 8
11-14 22:15:48.079 1441 1450 I CapoDetector: handleNanoappMessage, Id 5147455389092024354, type 3, size 8
11-14 22:15:48.079 905 1681 I suez-nanoapp-clients: Barometric peak detected: magnitude = 0.111691 hPa (bucket: 2), duration = 159.000000 ms (bucket: 14).
11-14 22:15:48.079 1441 1450 I CapoDetector: handleNanoappMessage, Id 5147455389092024354, type 3, size 8
11-14 22:15:48.079 889 901 D ContextHubHal: Got message from nanoapp: ID 0x476f6f676c001022
11-14 22:15:48.080 889 901 D ContextHubHal: Got message from nanoapp: ID 0x476f6f676c001022
11-14 22:15:48.080 905 1681 I suez-nanoapp-clients: Vendor atom [id = 100047] reported.
11-14 22:15:48.080 889 901 D ContextHubHal: Got message from nanoapp: ID 0x476f6f676c001022
11-14 22:15:48.080 1128 1349 I CHRE : @ 1910491.519: [ip] Peak detected: magnitude = 0.111690 hpa, duration = 158.999994 ms
11-14 22:15:48.080 1128 1349 I CHRE : @ 1910491.519: [ip] Peak detected: magnitude = 0.110087 hpa, duration = 79.000002 ms
11-14 22:15:48.080 905 1681 I suez-nanoapp-clients: Barometric peak detected: magnitude = 0.110088 hPa (bucket: 2), duration = 79.000000 ms (bucket: 7).
11-14 22:15:48.080 1128 1349 I CHRE : @ 1910491.519: [ip] Peak detected: magnitude = 0.107972 hpa, duration = 40.000000 ms
11-14 22:15:48.080 1128 1349 I CHRE : @ 1910491.520: [ip] Peak detected: magnitude = 0.124874 hpa, duration = 119.999997 ms
11-14 22:15:48.080 1472 1902 E ContextHubClientManager: Cannot send message to unregistered client (host endpoint ID = -28638)
11-14 22:15:48.081 889 901 D ContextHubHal: Got message from nanoapp: ID 0x476f6f676c001022
11-14 22:15:48.081 1472 1902 E ContextHubClientManager: Cannot send message to unregistered client (host endpoint ID = -28638)
11-14 22:15:48.081 1472 1902 E ContextHubClientManager: Cannot send message to unregistered client (host endpoint ID = -28638)
11-14 22:15:48.081 1472 1902 E ContextHubClientManager: Cannot send message to unregistered client (host endpoint ID = -28638)
11-14 22:15:48.081 905 1681 I suez-nanoapp-clients: Vendor atom [id = 100047] reported.
11-14 22:15:48.081 905 1681 I suez-nanoapp-clients: Barometric peak detected: magnitude = 0.107973 hPa (bucket: 2), duration = 40.000000 ms (bucket: 3).
11-14 22:15:48.081 905 1681 I suez-nanoapp-clients: Vendor atom [id = 100047] reported.
11-14 22:15:48.082 905 1681 I suez-nanoapp-clients: Barometric peak detected: magnitude = 0.124875 hPa (bucket: 3), duration = 120.000000 ms (bucket: 11).
11-14 22:15:48.082 905 1681 I suez-nanoapp-clients: Vendor atom [id = 100047] reported.
11-14 22:15:48.121 1942 3404 I ndroid.systemui: Explicit concurrent copying GC freed 399661(15MB) AllocSpace objects, 1(20KB) LOS objects, 75% free, 15MB/62MB, paused 164us,53us total 139.989ms
11-14 22:15:48.140 30243 30572 W CCodecBufferChannel: no present fence for frame 32
11-14 22:15:48.140 1942 1956 W System : A resource failed to call release.
11-14 22:15:48.140 1942 1956 W System : A resource failed to call release.
11-14 22:15:48.140 1942 1956 W System : A resource failed to call HardwareBuffer.close.
11-14 22:15:48.144 1942 1956 W System : A resource failed to call release.
11-14 22:15:48.144 1942 1956 W System : A resource failed to call release.
11-14 22:15:48.172 30243 30572 W CCodecBufferChannel: no present fence for frame 33
11-14 22:15:48.190 30243 30572 W CCodecBufferChannel: no present fence for frame 34
11-14 22:15:48.200 30243 30572 W CCodecBufferChannel: no present fence for frame 35
11-14 22:15:48.202 1942 3404 I ndroid.systemui: Explicit concurrent copying GC freed 9886(414KB) AllocSpace objects, 0(0B) LOS objects, 75% free, 15MB/60MB, paused 44us,45us total 56.083ms
11-14 22:15:48.241 30243 30572 W CCodecBufferChannel: no present fence for frame 36
11-14 22:15:48.251 30243 30572 W CCodecBufferChannel: no present fence for frame 37
11-14 22:15:48.271 30243 30572 W CCodecBufferChannel: no present fence for frame 38
11-14 22:15:48.293 30243 30572 W CCodecBufferChannel: no present fence for frame 39
11-14 22:15:48.301 30243 30572 W CCodecBufferChannel: no present fence for frame 40
11-14 22:15:48.322 30243 30572 W CCodecBufferChannel: no present fence for frame 41
11-14 22:15:48.341 30243 30572 W CCodecBufferChannel: no present fence for frame 42
11-14 22:15:48.352 30243 30572 W CCodecBufferChannel: no present fence for frame 43
11-14 22:15:48.373 30243 30572 W CCodecBufferChannel: no present fence for frame 44
11-14 22:15:48.382 30243 30572 W CCodecBufferChannel: no present fence for frame 45
11-14 22:15:48.424 30243 30572 W CCodecBufferChannel: no present fence for frame 46
11-14 22:15:48.424 30243 30572 W CCodecBufferChannel: no present fence for frame 47
11-14 22:15:48.453 30243 30572 W CCodecBufferChannel: no present fence for frame 48
11-14 22:15:48.453 30243 30572 W CCodecBufferChannel: no present fence for frame 49
11-14 22:15:48.474 30243 30572 W CCodecBufferChannel: no present fence for frame 50
11-14 22:15:48.505 30243 30572 W CCodecBufferChannel: no present fence for frame 51
11-14 22:15:48.505 30243 30572 W CCodecBufferChannel: no present fence for frame 52
11-14 22:15:48.703 30243 30572 D BufferPoolAccessor2.0: bufferpool2 0xb4000070f4271738 : 5(36700160 size) total buffers - 1(7340032 size) used buffers - 72/77 (recycle/alloc) - 11/78 (fetch/transfer)
11-14 22:15:48.705 30243 30572 W CCodecBufferChannel: no present fence for frame 53
11-14 22:15:48.705 30243 30572 W CCodecBufferChannel: no present fence for frame 54
11-14 22:15:48.705 30243 30572 W CCodecBufferChannel: no present fence for frame 55
11-14 22:15:48.705 30243 30572 W CCodecBufferChannel: no present fence for frame 56
11-14 22:15:48.705 30243 30572 W CCodecBufferChannel: no present fence for frame 57
11-14 22:15:48.705 30243 30572 W CCodecBufferChannel: no present fence for frame 58
11-14 22:15:48.705 30243 30572 W CCodecBufferChannel: no present fence for frame 59
11-14 22:15:48.972 18397 18397 D BoundBrokerSvc: onUnbind: Intent { act=com.google.android.gms.inappreach.service.START dat=chimera-action:/... cmp=com.google.android.gms/.chimera.GmsApiService }
11-14 22:15:49.225 30243 30572 W CCodecBufferChannel: no present fence for frame 60
11-14 22:15:49.225 30243 30572 W CCodecBufferChannel: no present fence for frame 61
11-14 22:15:49.340 30243 30520 D BufferPoolAccessor2.0: evictor expired: 1, evicted: 0
11-14 22:15:49.675 30243 30572 W CCodecBufferChannel: no present fence for frame 62
11-14 22:15:49.675 30243 30572 W CCodecBufferChannel: no present fence for frame 63
11-14 22:15:49.820 30243 30572 W CCodecBufferChannel: no present fence for frame 64
11-14 22:15:49.832 30597 30597 I trusty_metricsd: starting trusty_metricsd
11-14 22:15:49.832 30597 30597 I trusty_metricsd: trusty dev: /dev/trusty-ipc-dev0
11-14 22:15:49.836 30597 30597 E libtrusty: tipc_connect: can't connect to tipc service "com.android.trusty.metrics" (err=107)
11-14 22:15:49.836 30597 30597 E trusty_metricsd: failed to open TrustyMetricsPixel: failed to connect to Trusty metrics TA: Transport endpoint is not connected
11-14 22:15:49.836 30597 30597 E trusty_metricsd: failed to open Trusty metrics client
11-14 22:15:49.843 18370 18603 I NearbySharing: FastInitiation warming period has ended [CONTEXT service_id=194 ]
11-14 22:15:49.851 30243 30572 W CCodecBufferChannel: no present fence for frame 65
11-14 22:15:49.851 30243 30572 W CCodecBufferChannel: no present fence for frame 66
11-14 22:15:49.861 30598 30598 I flags_health_check: ServerConfigurableFlagsReset reset_mode value: 1
11-14 22:15:49.861 30598 30598 I flags_health_check: ServerConfigurableFlagsReset updatable crashing detected, resetting flags.
11-14 22:15:49.891 30243 30572 W CCodecBufferChannel: no present fence for frame 67
11-14 22:15:49.921 30243 30572 W CCodecBufferChannel: no present fence for frame 68
11-14 22:15:49.940 30243 30572 W CCodecBufferChannel: no present fence for frame 69
11-14 22:15:49.971 30243 30572 W CCodecBufferChannel: no present fence for frame 70
11-14 22:15:49.971 30243 30572 W CCodecBufferChannel: no present fence for frame 71
11-14 22:15:49.993 30243 30572 W CCodecBufferChannel: no present fence for frame 72
11-14 22:15:50.002 30243 30572 W CCodecBufferChannel: no present fence for frame 73
11-14 22:15:50.021 30243 30572 W CCodecBufferChannel: no present fence for frame 74
11-14 22:15:50.042 30243 30572 W CCodecBufferChannel: no present fence for frame 75
11-14 22:15:50.073 30243 30572 W CCodecBufferChannel: no present fence for frame 76
11-14 22:15:50.204 30243 30572 W CCodecBufferChannel: no present fence for frame 77
11-14 22:15:50.204 30243 30572 W CCodecBufferChannel: no present fence for frame 78
11-14 22:15:50.204 30243 30572 W CCodecBufferChannel: no present fence for frame 79
11-14 22:15:50.204 30243 30572 W CCodecBufferChannel: no present fence for frame 80
11-14 22:15:50.204 30243 30572 W CCodecBufferChannel: no present fence for frame 81
11-14 22:15:50.204 30243 30572 W CCodecBufferChannel: no present fence for frame 82
11-14 22:15:50.204 30243 30572 W CCodecBufferChannel: no present fence for frame 83
11-14 22:15:50.236 30243 30572 W CCodecBufferChannel: no present fence for frame 84
11-14 22:15:50.359 30243 30572 W CCodecBufferChannel: no present fence for frame 85
11-14 22:15:50.389 30243 30572 W CCodecBufferChannel: no present fence for frame 86
11-14 22:15:50.440 30243 30572 W CCodecBufferChannel: no present fence for frame 87
11-14 22:15:50.462 30243 30572 W CCodecBufferChannel: no present fence for frame 88
11-14 22:15:50.511 30243 30572 W CCodecBufferChannel: no present fence for frame 89
11-14 22:15:50.511 30243 30572 W CCodecBufferChannel: no present fence for frame 90
11-14 22:15:50.542 30243 30572 W CCodecBufferChannel: no present fence for frame 91
11-14 22:15:50.594 30243 30572 W CCodecBufferChannel: no present fence for frame 92
11-14 22:15:50.594 30243 30572 W CCodecBufferChannel: no present fence for frame 93
11-14 22:15:50.603 30243 30572 W CCodecBufferChannel: no present fence for frame 94
11-14 22:15:50.622 1128 1349 I CHRE : @ 1910494.069: [Capo] Count NOT Validate in-motion sample2var=0.000233 (#sample 25)
11-14 22:15:50.622 1128 1349 I CHRE : @ 1910494.070: [Capo] Count NOT Validate in-motion sample2var=0.000218 (#sample 25)
11-14 22:15:50.623 1128 1349 I CHRE : @ 1910494.070: [Capo] Count NOT Validate in-motion sample2var=0.000830 (#sample 25)
11-14 22:15:50.623 30243 30572 W CCodecBufferChannel: no present fence for frame 95
11-14 22:15:50.644 1128 1349 I CHRE : @ 1910494.096: [Capo] MD nanoapp declared stationary at = 1910494096292480
11-14 22:15:50.644 1128 1349 I CHRE : @ 1910494.096: [Capo] PositionDetector mode change from 2 --> 1
11-14 22:15:50.644 1128 1349 I CHRE : @ 1910494.096: [Capo] Update onTable position event: 2, z_axis=9.794015 (#sample 25)
11-14 22:15:50.644 1128 1349 D CHRE : @ 1910494.096: [ActivityPlatform] type 4, confidence 47
11-14 22:15:50.673 30243 30572 W CCodecBufferChannel: no present fence for frame 96
11-14 22:15:50.673 30243 30572 W CCodecBufferChannel: no present fence for frame 97
11-14 22:15:50.703 30243 30572 W CCodecBufferChannel: no present fence for frame 98
11-14 22:15:50.703 30243 30572 W CCodecBufferChannel: no present fence for frame 99
11-14 22:15:50.754 30243 30572 W CCodecBufferChannel: no present fence for frame 100
11-14 22:15:50.754 30243 30572 W CCodecBufferChannel: no present fence for frame 101
11-14 22:15:50.795 30243 30572 W CCodecBufferChannel: no present fence for frame 102
11-14 22:15:50.795 30243 30572 W CCodecBufferChannel: no present fence for frame 103
11-14 22:15:50.828 30243 30572 W CCodecBufferChannel: no present fence for frame 104
11-14 22:15:50.876 30243 30572 W CCodecBufferChannel: no present fence for frame 105
11-14 22:15:50.876 30243 30572 W CCodecBufferChannel: no present fence for frame 106
11-14 22:15:50.907 30243 30572 W CCodecBufferChannel: no present fence for frame 107
11-14 22:15:50.938 30243 30572 W CCodecBufferChannel: no present fence for frame 108
11-14 22:15:50.978 30243 30572 W CCodecBufferChannel: no present fence for frame 109
11-14 22:15:50.978 30243 30572 W CCodecBufferChannel: no present fence for frame 110
11-14 22:15:50.988 30243 30572 W CCodecBufferChannel: no present fence for frame 111
11-14 22:15:51.018 30243 30572 W CCodecBufferChannel: no present fence for frame 112
11-14 22:15:51.038 30243 30572 W CCodecBufferChannel: no present fence for frame 113
11-14 22:15:51.079 30243 30572 W CCodecBufferChannel: no present fence for frame 114
11-14 22:15:51.079 30243 30572 W CCodecBufferChannel: no present fence for frame 115
11-14 22:15:51.089 30243 30572 W CCodecBufferChannel: no present fence for frame 116
11-14 22:15:51.140 30243 30572 W CCodecBufferChannel: no present fence for frame 117
11-14 22:15:51.140 30243 30572 W CCodecBufferChannel: no present fence for frame 118
11-14 22:15:51.170 30243 30572 W CCodecBufferChannel: no present fence for frame 119
11-14 22:15:51.170 30243 30572 W CCodecBufferChannel: no present fence for frame 120
11-14 22:15:51.190 30243 30572 W CCodecBufferChannel: no present fence for frame 121
11-14 22:15:51.220 30243 30572 W CCodecBufferChannel: no present fence for frame 122
11-14 22:15:51.239 30243 30572 W CCodecBufferChannel: no present fence for frame 123
11-14 22:15:51.260 30243 30572 W CCodecBufferChannel: no present fence for frame 124
11-14 22:15:51.290 30243 30572 W CCodecBufferChannel: no present fence for frame 125
11-14 22:15:51.342 30243 30572 W CCodecBufferChannel: no present fence for frame 126
11-14 22:15:51.342 30243 30572 W CCodecBufferChannel: no present fence for frame 127
11-14 22:15:51.370 30243 30572 W CCodecBufferChannel: no present fence for frame 128
11-14 22:15:51.390 30243 30572 W CCodecBufferChannel: no present fence for frame 129
11-14 22:15:51.410 30243 30572 W CCodecBufferChannel: no present fence for frame 130
11-14 22:15:51.421 30243 30572 W CCodecBufferChannel: no present fence for frame 131
11-14 22:15:51.444 30243 30572 W CCodecBufferChannel: no present fence for frame 132
11-14 22:15:51.472 30243 30572 W CCodecBufferChannel: no present fence for frame 133
11-14 22:15:51.492 30243 30572 W CCodecBufferChannel: no present fence for frame 134
11-14 22:15:51.523 30243 30572 W CCodecBufferChannel: no present fence for frame 135
11-14 22:15:51.555 30243 30572 W CCodecBufferChannel: no present fence for frame 136
11-14 22:15:51.555 30243 30572 W CCodecBufferChannel: no present fence for frame 137
11-14 22:15:51.574 30243 30572 W CCodecBufferChannel: no present fence for frame 138
11-14 22:15:51.594 30243 30572 W CCodecBufferChannel: no present fence for frame 139
11-14 22:15:51.625 30243 30572 W CCodecBufferChannel: no present fence for frame 140
11-14 22:15:51.645 30243 30572 W CCodecBufferChannel: no present fence for frame 141
11-14 22:15:51.654 30243 30572 W CCodecBufferChannel: no present fence for frame 142
11-14 22:15:51.696 30243 30572 W CCodecBufferChannel: no present fence for frame 143
11-14 22:15:51.704 30243 30572 W CCodecBufferChannel: no present fence for frame 144
11-14 22:15:51.744 30243 30572 W CCodecBufferChannel: no present fence for frame 145
11-14 22:15:51.744 30243 30572 W CCodecBufferChannel: no present fence for frame 146
11-14 22:15:51.754 30243 30572 W CCodecBufferChannel: no present fence for frame 147
11-14 22:15:51.775 30243 30572 W CCodecBufferChannel: no present fence for frame 148
11-14 22:15:51.806 30243 30572 W CCodecBufferChannel: no present fence for frame 149
11-14 22:15:51.806 30243 30572 W CCodecBufferChannel: no present fence for frame 150
11-14 22:15:51.838 30243 30572 W CCodecBufferChannel: no present fence for frame 151
11-14 22:15:51.851 923 30040 D BufferPoolAccessor2.0: bufferpool2 0xb400006f7f74b0f8 : 5(19441280 size) total buffers - 5(19441280 size) used buffers - 2153/2161 (recycle/alloc) - 19/2155 (fetch/transfer)
11-14 22:15:51.878 30243 30572 W CCodecBufferChannel: no present fence for frame 152
11-14 22:15:51.887 30243 30572 W CCodecBufferChannel: no present fence for frame 153
11-14 22:15:51.908 30243 30572 W CCodecBufferChannel: no present fence for frame 154
11-14 22:15:51.930 30243 30572 W CCodecBufferChannel: no present fence for frame 155
11-14 22:15:51.980 30243 30572 W CCodecBufferChannel: no present fence for frame 156
11-14 22:15:51.980 30243 30572 W CCodecBufferChannel: no present fence for frame 157
11-14 22:15:51.989 30243 30572 W CCodecBufferChannel: no present fence for frame 158
11-14 22:15:52.020 30243 30572 W CCodecBufferChannel: no present fence for frame 159
11-14 22:15:52.039 30243 30572 W CCodecBufferChannel: no present fence for frame 160
11-14 22:15:52.062 30243 30572 W CCodecBufferChannel: no present fence for frame 161
11-14 22:15:52.070 30243 30572 W CCodecBufferChannel: no present fence for frame 162
11-14 22:15:52.091 30243 30572 W CCodecBufferChannel: no present fence for frame 163
11-14 22:15:52.122 30243 30572 W CCodecBufferChannel: no present fence for frame 164
11-14 22:15:52.142 30243 30572 W CCodecBufferChannel: no present fence for frame 165
11-14 22:15:52.172 30243 30572 W CCodecBufferChannel: no present fence for frame 166
11-14 22:15:52.172 30243 30572 W CCodecBufferChannel: no present fence for frame 167
11-14 22:15:52.223 30243 30572 W CCodecBufferChannel: no present fence for frame 168
11-14 22:15:52.223 30243 30572 W CCodecBufferChannel: no present fence for frame 169
11-14 22:15:52.223 30243 30572 W CCodecBufferChannel: no present fence for frame 170
11-14 22:15:52.408 30243 30572 W CCodecBufferChannel: no present fence for frame 171
11-14 22:15:52.408 30243 30572 W CCodecBufferChannel: no present fence for frame 172
11-14 22:15:52.408 30243 30572 W CCodecBufferChannel: no present fence for frame 173
11-14 22:15:52.408 30243 30572 W CCodecBufferChannel: no present fence for frame 174
11-14 22:15:52.408 30243 30572 W CCodecBufferChannel: no present fence for frame 175
11-14 22:15:52.408 30243 30572 W CCodecBufferChannel: no present fence for frame 176
11-14 22:15:52.563 30243 30572 W CCodecBufferChannel: no present fence for frame 177
11-14 22:15:52.573 30243 30572 W CCodecBufferChannel: no present fence for frame 178
11-14 22:15:52.594 30243 30572 W CCodecBufferChannel: no present fence for frame 179
11-14 22:15:52.604 30243 30572 W CCodecBufferChannel: no present fence for frame 180
11-14 22:15:52.675 30243 30572 W CCodecBufferChannel: no present fence for frame 181
11-14 22:15:52.675 30243 30572 W CCodecBufferChannel: no present fence for frame 182
11-14 22:15:52.695 30243 30572 W CCodecBufferChannel: no present fence for frame 183
11-14 22:15:52.705 30243 30572 W CCodecBufferChannel: no present fence for frame 184
11-14 22:15:52.725 30243 30572 W CCodecBufferChannel: no present fence for frame 185
11-14 22:15:52.757 30243 30572 W CCodecBufferChannel: no present fence for frame 186
11-14 22:15:52.757 30243 30572 W CCodecBufferChannel: no present fence for frame 187
11-14 22:15:52.776 30243 30572 W CCodecBufferChannel: no present fence for frame 188
11-14 22:15:52.795 30243 30572 W CCodecBufferChannel: no present fence for frame 189
11-14 22:15:52.985 18370 18370 D BoundBrokerSvc: onUnbind: Intent { act=com.google.android.gms.clearcut.bootcount.service.START dat=chimera-action:/... cmp=com.google.android.gms/.chimera.PersistentBoundBrokerService }
11-14 22:15:53.162 30243 30572 W CCodecBufferChannel: no present fence for frame 190
11-14 22:15:53.162 30243 30572 W CCodecBufferChannel: no present fence for frame 191
11-14 22:15:53.162 30243 30572 W CCodecBufferChannel: no present fence for frame 192
11-14 22:15:53.162 30243 30572 W CCodecBufferChannel: no present fence for frame 193
11-14 22:15:53.162 30243 30572 W CCodecBufferChannel: no present fence for frame 194
11-14 22:15:53.162 30243 30572 W CCodecBufferChannel: no present fence for frame 195
11-14 22:15:53.162 30243 30572 W CCodecBufferChannel: no present fence for frame 196
11-14 22:15:53.162 30243 30572 W CCodecBufferChannel: no present fence for frame 197
11-14 22:15:53.339 936 936 I WifiHAL : Creating message to get link statistics; iface = 47
11-14 22:15:53.356 30243 30572 W CCodecBufferChannel: no present fence for frame 198
11-14 22:15:53.357 30243 30572 W CCodecBufferChannel: no present fence for frame 199
11-14 22:15:53.370 923 30584 W C2BqBuffer: last successful dequeue was 75711 us ago, 7 consecutive failures
11-14 22:15:53.409 30243 30572 W CCodecBufferChannel: no present fence for frame 200
11-14 22:15:53.409 30243 30572 W CCodecBufferChannel: no present fence for frame 201
11-14 22:15:53.429 30243 30572 W CCodecBufferChannel: no present fence for frame 202
11-14 22:15:53.436 936 936 I WifiHAL : In GetLinkStatsCommand::handleResponse
11-14 22:15:53.466 1942 1942 D StatusBarIconController: ignoring old pipeline callback because the new wifi icon is enabled
11-14 22:15:53.469 1472 1871 D ConnectivityService: NetReassign [no changes] [c 0] [a 0] [i 2]
11-14 22:15:53.530 30243 30572 W CCodecBufferChannel: no present fence for frame 203
11-14 22:15:53.593 30243 30572 W CCodecBufferChannel: no present fence for frame 204
11-14 22:15:53.593 30243 30572 W CCodecBufferChannel: no present fence for frame 205
11-14 22:15:53.594 30243 30572 W CCodecBufferChannel: no present fence for frame 206
11-14 22:15:53.723 30243 30572 W CCodecBufferChannel: no present fence for frame 207
11-14 22:15:53.819 1128 1349 D CHRE : @ 1910497.271: [ActivityPlatform] type 4, confidence 45
11-14 22:15:53.929 30243 30572 W CCodecBufferChannel: no present fence for frame 208
11-14 22:15:53.930 30243 30572 W CCodecBufferChannel: no present fence for frame 209
11-14 22:15:53.930 30243 30572 W CCodecBufferChannel: no present fence for frame 210
11-14 22:15:53.930 30243 30572 W CCodecBufferChannel: no present fence for frame 211
11-14 22:15:53.990 30243 30572 D BufferPoolAccessor2.0: bufferpool2 0xb4000070f4271738 : 5(36700160 size) total buffers - 1(7340032 size) used buffers - 256/261 (recycle/alloc) - 11/270 (fetch/transfer)
11-14 22:15:54.073 30243 30572 W CCodecBufferChannel: no present fence for frame 212
11-14 22:15:54.107 595 30552 I keystore2: system/security/keystore2/src/watchdog.rs:319 - Watchdog thread idle -> terminating. Have a great day.
11-14 22:15:54.114 30243 30572 W CCodecBufferChannel: no present fence for frame 213
11-14 22:15:54.114 30243 30572 W CCodecBufferChannel: no present fence for frame 214
11-14 22:15:54.124 30243 30572 W CCodecBufferChannel: no present fence for frame 215
11-14 22:15:54.145 30243 30572 W CCodecBufferChannel: no present fence for frame 216
11-14 22:15:54.165 30243 30572 W CCodecBufferChannel: no present fence for frame 217
11-14 22:15:54.175 30243 30572 W CCodecBufferChannel: no present fence for frame 218
11-14 22:15:54.196 30243 30572 W CCodecBufferChannel: no present fence for frame 219
11-14 22:15:54.207 30243 30572 W CCodecBufferChannel: no present fence for frame 220
11-14 22:15:54.230 30243 30572 W CCodecBufferChannel: no present fence for frame 221
11-14 22:15:54.240 30243 30521 D PipelineWatcher: onInputBufferReleased: frameIndex not found (275); ignored
11-14 22:15:54.260 30243 30572 W CCodecBufferChannel: no present fence for frame 222
11-14 22:15:54.290 30243 30572 W CCodecBufferChannel: no present fence for frame 223
11-14 22:15:54.291 30243 30572 W CCodecBufferChannel: no present fence for frame 224
11-14 22:15:54.311 30243 30572 W CCodecBufferChannel: no present fence for frame 225
11-14 22:15:54.331 30243 30572 W CCodecBufferChannel: no present fence for frame 226
11-14 22:15:54.344 30243 30572 W CCodecBufferChannel: no present fence for frame 227
11-14 22:15:54.363 30243 30572 W CCodecBufferChannel: no present fence for frame 228
11-14 22:15:54.382 30243 30572 W CCodecBufferChannel: no present fence for frame 229
11-14 22:15:54.412 30243 30572 W CCodecBufferChannel: no present fence for frame 230
11-14 22:15:54.444 30243 30572 W CCodecBufferChannel: no present fence for frame 231
11-14 22:15:54.466 30243 30572 W CCodecBufferChannel: no present fence for frame 232
11-14 22:15:54.474 30243 30572 W CCodecBufferChannel: no present fence for frame 233
11-14 22:15:54.493 30243 30572 W CCodecBufferChannel: no present fence for frame 234
11-14 22:15:54.496 923 30574 I ExynosC2H264DecComponent: [doQueue] input detects EOS flag !!
11-14 22:15:54.496 923 30581 D ExynosVideoDecoder: MFC_Decoder_Enqueue_Inbuf: EMPTY DATA
11-14 22:15:54.499 923 30583 I ExynosVideoCodecDec-H264Dec: [dstDequeue] DPB has reached EOS
11-14 22:15:54.500 923 30574 I ExynosC2H264DecComponent: [onUpdateC2Work] output detects EOS !!
11-14 22:15:54.515 30243 30572 W CCodecBufferChannel: no present fence for frame 235
11-14 22:15:54.550 2357 2612 D EuiccConnector: handleMessage: E msg.what=3
11-14 22:15:54.550 2357 2612 D EuiccConnector: processMsg: ConnectedState
11-14 22:15:54.552 5451 5451 I EuiccGoogle: [2] EuiccServiceImpl.onDestroy: onDestroy: EuiccService on destroy.
11-14 22:15:54.555 2357 2612 D EuiccConnector: transitionTo: destState=AvailableState
11-14 22:15:54.555 2357 2612 D EuiccConnector: handleMessage: new destination call exit/enter
11-14 22:15:54.556 2357 2612 D EuiccConnector: setupTempStateStackWithStatesToEnter: X mTempStateStackCount=2,curStateInfo: null
11-14 22:15:54.556 2357 2612 D EuiccConnector: invokeExitMethods: ConnectedState
11-14 22:15:54.556 2357 2612 D EuiccConnector: invokeExitMethods: DisconnectedState
11-14 22:15:54.556 2357 2612 D EuiccConnector: moveTempStackToStateStack: i=1,j=0
11-14 22:15:54.556 2357 2612 D EuiccConnector: moveTempStackToStateStack: i=0,j=1
11-14 22:15:54.556 2357 2612 D EuiccConnector: moveTempStackToStateStack: X mStateStackTop=1,startingIndex=0,Top=AvailableState
11-14 22:15:54.556 2357 2612 D EuiccConnector: invokeEnterMethods: UnavailableState
11-14 22:15:54.556 2357 2612 D EuiccConnector: invokeEnterMethods: AvailableState
11-14 22:15:54.556 2357 2612 D EuiccConnector: handleMessage: X
11-14 22:15:54.608 30243 30572 W CCodecBufferChannel: no present fence for frame 236
11-14 22:15:54.608 30243 30572 W CCodecBufferChannel: no present fence for frame 237
11-14 22:15:54.608 30243 30572 W CCodecBufferChannel: no present fence for frame 238
11-14 22:15:54.608 30243 30572 W CCodecBufferChannel: no present fence for frame 239
11-14 22:15:54.608 30243 30572 W CCodecBufferChannel: no present fence for frame 240
11-14 22:15:54.608 30243 30572 W CCodecBufferChannel: no present fence for frame 241
11-14 22:15:54.731 30243 30572 W CCodecBufferChannel: no present fence for frame 242
11-14 22:15:54.731 30243 30572 W CCodecBufferChannel: no present fence for frame 243
11-14 22:15:54.731 30243 30572 W CCodecBufferChannel: no present fence for frame 244
11-14 22:15:54.844 30599 30599 I trusty_metricsd: starting trusty_metricsd
11-14 22:15:54.844 30599 30599 I trusty_metricsd: trusty dev: /dev/trusty-ipc-dev0
11-14 22:15:54.848 30599 30599 E libtrusty: tipc_connect: can't connect to tipc service "com.android.trusty.metrics" (err=107)
11-14 22:15:54.848 30599 30599 E trusty_metricsd: failed to open TrustyMetricsPixel: failed to connect to Trusty metrics TA: Transport endpoint is not connected
11-14 22:15:54.848 30599 30599 E trusty_metricsd: failed to open Trusty metrics client
11-14 22:15:54.882 30600 30600 I flags_health_check: ServerConfigurableFlagsReset reset_mode value: 1
11-14 22:15:54.882 30600 30600 I flags_health_check: ServerConfigurableFlagsReset updatable crashing detected, resetting flags.
11-14 22:15:55.113 30243 30572 W CCodecBufferChannel: no present fence for frame 245
11-14 22:15:55.114 30243 30572 W CCodecBufferChannel: no present fence for frame 246
11-14 22:15:55.271 1655 1677 I pixel-thermal: usb_pwr_therm2:28.656 raw data: usb_pwr_therm2:28656
11-14 22:15:55.278 1655 1677 I pixel-thermal: cellular-emergency:30.2375 raw data: VIRTUAL-NEUTRAL:30237.4 VIRTUAL-NEUTRAL-SKIN2:30038.1 VIRTUAL-QUIET-NEUTRAL:29143.1 cellular-emergency:30237.4 disp_therm:28522 gnss_tcxo_therm:30526 neutral_therm:29190 quiet_therm:29123 skin_therm1:31305 skin_therm2:32017
11-14 22:15:55.278 1655 1677 I pixel-thermal: VIRTUAL-SKIN-CPU:30.2375 raw data: VIRTUAL-NEUTRAL:30237.4 VIRTUAL-NEUTRAL-SKIN2:30038.1 VIRTUAL-QUIET-NEUTRAL:29143.1 VIRTUAL-SKIN-CPU:30237.4
11-14 22:15:55.279 1655 1677 I pixel-thermal: batoilo:0 raw data: batoilo:0
11-14 22:15:55.279 1655 1677 I pixel-thermal: VIRTUAL-SKIN:30.2375 raw data: VIRTUAL-NEUTRAL:30237.4 VIRTUAL-NEUTRAL-SKIN2:30038.1 VIRTUAL-QUIET-NEUTRAL:29143.1 VIRTUAL-SKIN:30237.4
11-14 22:15:55.279 1655 1677 I pixel-thermal: VIRTUAL-SKIN-CHARGE:30.2375 raw data: VIRTUAL-NEUTRAL:30237.4 VIRTUAL-NEUTRAL-SKIN2:30038.1 VIRTUAL-QUIET-NEUTRAL:29143.1 VIRTUAL-SKIN-CHARGE:30237.4
11-14 22:15:55.279 1655 1677 I pixel-thermal: VIRTUAL-SKIN-CPU-GPU:30.2375 raw data: VIRTUAL-NEUTRAL:30237.4 VIRTUAL-NEUTRAL-SKIN2:30038.1 VIRTUAL-QUIET-NEUTRAL:29143.1 VIRTUAL-SKIN-CPU-GPU:30237.4
11-14 22:15:55.281 1655 1677 I pixel-thermal: critical-battery-cell:0 raw data: battery:27900 battery_cycle:12 critical-battery-cell:0 vdroop1:0
11-14 22:15:55.281 1655 1677 I pixel-thermal: FLASH_LED_REDUCE:0 raw data: FLASH_LED_REDUCE:0 battery:27900 battery_cycle:12 vdroop1:0
11-14 22:15:55.281 1655 1677 I pixel-thermal: LOW_TEMP_UVLO2:0 raw data: LOW_TEMP_UVLO2:0 battery:27900 vdroop2:0
11-14 22:15:55.281 1655 1677 I pixel-thermal: vdroop1:0 raw data: vdroop1:0
11-14 22:15:55.282 1655 1677 I pixel-thermal: VIRTUAL-SKIN-HINT:30.2375 raw data: VIRTUAL-NEUTRAL:30237.4 VIRTUAL-NEUTRAL-SKIN2:30038.1 VIRTUAL-QUIET-NEUTRAL:29143.1 VIRTUAL-SKIN-HINT:30237.4
11-14 22:15:55.282 1655 1677 I pixel-thermal: smpl_gm:0 raw data: smpl_gm:0
11-14 22:15:55.282 1655 1677 I pixel-thermal: vdroop2:0 raw data: vdroop2:0
11-14 22:15:55.615 30243 30572 W CCodecBufferChannel: no present fence for frame 247
11-14 22:15:55.615 30243 30572 W CCodecBufferChannel: no present fence for frame 248
11-14 22:15:55.912 30243 30569 I Surface : Surface::setFrameRate is deprecated, setFrameRate hint is dropped as destination is not SurfaceFlinger
11-14 22:15:55.918 30243 30569 D MediaCodec: keep callback message for reclaim
11-14 22:15:55.919 30243 30572 I CCodecConfig: query failed after returning 15 values (BAD_INDEX)
11-14 22:15:55.920 30243 30572 W Codec2Client: query -- param skipped: index = 1073743886.
11-14 22:15:55.920 30243 30572 W Codec2Client: query -- param skipped: index = 1610614798.
11-14 22:15:55.937 3703 29680 D MediaProvider: Open with FUSE. FilePath: /storage/emulated/0/QTBUG-107883-quickcontrols-texteditor-qt660.mp4. Uid: 10192. Media Capabilities Uid: 0. ShouldRedact: false. ShouldTranscode: false
11-14 22:15:55.953 30243 30521 D CCodecBufferChannel: [c2.exynos.h264.decoder#302] Ignoring stale input buffer done callback: last flush index = 293, frameIndex = 293
11-14 22:15:55.954 923 30574 I ExynosC2H264DecComponent: [updateC2Buffer_ColorAspects] HDR :: color aspects(r:2, p:0x1, t:0x3, m:0x1)
11-14 22:15:55.967 30243 30569 I Surface : Surface::setFrameRate is deprecated, setFrameRate hint is dropped as destination is not SurfaceFlinger
11-14 22:15:56.169 30243 30572 W CCodecBufferChannel: no present fence for frame 251
11-14 22:15:56.311 30243 30572 W CCodecBufferChannel: no present fence for frame 252
11-14 22:15:56.663 30243 30572 W CCodecBufferChannel: no present fence for frame 253
11-14 22:15:56.816 30243 30572 W CCodecBufferChannel: no present fence for frame 254
11-14 22:15:56.994 1128 1349 I CHRE : @ 1910500.445: [AR] inconsistent: 41.176471
11-14 22:15:56.994 1128 1349 D CHRE : @ 1910500.445: [ActivityPlatform] type 6, confidence 41
11-14 22:15:57.166 30243 30572 W CCodecBufferChannel: no present fence for frame 255
11-14 22:15:57.204 923 30040 D BufferPoolAccessor2.0: bufferpool2 0xb400006f7f74b0f8 : 5(19441280 size) total buffers - 5(19441280 size) used buffers - 2252/2260 (recycle/alloc) - 20/2254 (fetch/transfer)
11-14 22:15:57.322 30243 30572 W CCodecBufferChannel: no present fence for frame 256
11-14 22:15:57.669 30243 30572 W CCodecBufferChannel: no present fence for frame 257
11-14 22:15:57.813 30243 30572 W CCodecBufferChannel: no present fence for frame 258
11-14 22:15:57.966 30243 30572 W CCodecBufferChannel: no present fence for frame 259
11-14 22:15:58.163 30243 30572 W CCodecBufferChannel: no present fence for frame 260
11-14 22:15:58.163 30243 30572 W CCodecBufferChannel: no present fence for frame 261
11-14 22:15:58.163 30243 30572 W CCodecBufferChannel: no present fence for frame 262
11-14 22:15:58.163 30243 30572 W CCodecBufferChannel: no present fence for frame 263
11-14 22:15:58.163 30243 30572 W CCodecBufferChannel: no present fence for frame 264
11-14 22:15:58.163 30243 30572 W CCodecBufferChannel: no present fence for frame 265
11-14 22:15:58.163 30243 30572 W CCodecBufferChannel: no present fence for frame 266
11-14 22:15:58.317 30243 30572 W CCodecBufferChannel: no present fence for frame 267
11-14 22:15:58.671 30243 30572 W CCodecBufferChannel: no present fence for frame 268
11-14 22:15:58.811 30243 30572 W CCodecBufferChannel: no present fence for frame 269
11-14 22:15:59.170 30243 30572 W CCodecBufferChannel: no present fence for frame 270
11-14 22:15:59.312 30243 30572 W CCodecBufferChannel: no present fence for frame 271
11-14 22:15:59.404 30243 30572 D BufferPoolAccessor2.0: bufferpool2 0xb4000070f4271738 : 5(36700160 size) total buffers - 1(7340032 size) used buffers - 322/327 (recycle/alloc) - 14/334 (fetch/transfer)
11-14 22:15:59.467 936 936 I WifiHAL : Creating message to get link statistics; iface = 47
11-14 22:15:59.537 30243 30572 W CCodecBufferChannel: no present fence for frame 272
11-14 22:15:59.537 30243 30572 W CCodecBufferChannel: no present fence for frame 273
11-14 22:15:59.537 30243 30572 W CCodecBufferChannel: no present fence for frame 274
11-14 22:15:59.566 936 936 I WifiHAL : In GetLinkStatsCommand::handleResponse
11-14 22:15:59.596 30243 30572 W CCodecBufferChannel: no present fence for frame 275
11-14 22:15:59.596 30243 30572 W CCodecBufferChannel: no present fence for frame 276
11-14 22:15:59.599 1472 1871 D ConnectivityService: NetReassign [no changes] [c 0] [a 0] [i 3]
11-14 22:15:59.730 30243 30572 W CCodecBufferChannel: no present fence for frame 277
11-14 22:15:59.800 30243 30572 W CCodecBufferChannel: no present fence for frame 278
11-14 22:15:59.800 30243 30572 W CCodecBufferChannel: no present fence for frame 279
11-14 22:15:59.800 30243 30572 W CCodecBufferChannel: no present fence for frame 280
11-14 22:15:59.850 30602 30602 I trusty_metricsd: starting trusty_metricsd
11-14 22:15:59.850 30602 30602 I trusty_metricsd: trusty dev: /dev/trusty-ipc-dev0
11-14 22:15:59.852 30602 30602 E libtrusty: tipc_connect: can't connect to tipc service "com.android.trusty.metrics" (err=107)
11-14 22:15:59.852 30602 30602 E trusty_metricsd: failed to open TrustyMetricsPixel: failed to connect to Trusty metrics TA: Transport endpoint is not connected
11-14 22:15:59.852 30602 30602 E trusty_metricsd: failed to open Trusty metrics client
11-14 22:15:59.884 30603 30603 I flags_health_check: ServerConfigurableFlagsReset reset_mode value: 1
11-14 22:15:59.885 30603 30603 I flags_health_check: ServerConfigurableFlagsReset updatable crashing detected, resetting flags.
11-14 22:16:00.010 3715 3900 I AiAiEcho: Predicting[7]: { Feature:1, creation:2023-11-14T15:24:48Z, expiry:2023-11-14T16:00:00Z, isExpired: true}, { Feature:1, creation:2023-11-14T16:00:00Z, expiry:2023-11-14T17:00:00Z, isExpired: true}, { Feature:1, creation:2023-11-14T17:00:00Z, expiry:2023-11-14T18:00:00Z, isExpired: true}, { Feature:1, creation:2023-11-14T18:00:00Z, expiry:2023-11-14T19:00:00Z, isExpired: true}, { Feature:1, creation:2023-11-14T19:00:00Z, expiry:2023-11-14T20:00:00Z, isExpired: true}, { Feature:1, creation:2023-11-14T20:00:00Z, expiry:2023-11-14T21:00:00Z, isExpired: false}, { Feature:1, creation:2023-11-14T21:00:00Z, expiry:2023-11-14T21:24:48Z, isExpired: true}
11-14 22:16:00.011 3715 3900 I AiAiEcho: EchoTargets: Feature:1
11-14 22:16:00.011 3715 3900 I AiAiEcho: Filtered by AiAi flag check:
11-14 22:16:00.012 3715 3900 I AiAiEcho: Ranked targets strategy: WEIGHTED, count: 1, ranking metadata: { cardId: WEATHER-569377248, card type: 1, update time: 2023-11-14T20:00:00Z, expiration time: 2023-11-14T21:00:00Z, ranking metadata: RankingMetaData(urgency=0.929, priority=0.3, recency=1.0, rankScore=0.27870002, importantTimePoints=# mta@7bca4) }
11-14 22:16:00.012 3715 3900 I AiAiEcho: #weatherTwiddler: Weather removes SubtitleSupplementalItem in surface: lockscreen
11-14 22:16:00.018 3715 3900 I AiAiEcho: #postPredictionTargets: Sending updates to UISurface lockscreen with targets# 1 (types=[1])
11-14 22:16:00.027 1942 1942 W PageIndicator: Total number of pages invalid: 0. Assuming 1 page.
11-14 22:16:00.167 1128 1349 D CHRE : @ 1910503.619: [ActivityPlatform] type 6, confidence 41
11-14 22:16:00.322 30243 30572 W CCodecBufferChannel: no present fence for frame 281
11-14 22:16:00.322 30243 30572 W CCodecBufferChannel: no present fence for frame 282
11-14 22:16:00.322 30243 30572 W CCodecBufferChannel: no present fence for frame 283
11-14 22:16:00.322 30243 30572 W CCodecBufferChannel: no present fence for frame 284
11-14 22:16:00.384 20174 20186 I IPCThreadState: oneway function results for code 2 on binder at 0xb400007134eea0e0 will be dropped but finished with status UNKNOWN_TRANSACTION
11-14 22:16:00.586 30243 30572 W CCodecBufferChannel: no present fence for frame 285
