11-14 17:52:08.551 1472 3644 D ActivityManager: sync unfroze 18802 com.google.android.apps.healthdata
11-14 17:52:08.554 1472 3644 D ActivityManager: sync unfroze 18837 com.google.android.dialer
11-14 17:52:08.555 1472 3644 D ActivityManager: sync unfroze 19704 com.google.android.apps.turbo
11-14 17:52:08.558 1472 3644 D ActivityManager: sync unfroze 31802 com.google.android.contacts
11-14 17:52:08.559 1472 3644 D ActivityManager: sync unfroze 5833 com.android.angle
11-14 17:52:08.559 1472 3644 D ActivityManager: sync unfroze 4356 com.android.traceur
11-14 17:52:08.560 1472 3644 D ActivityManager: sync unfroze 8936 com.google.android.accessibility.switchaccess
11-14 17:52:08.561 1472 3644 D ActivityManager: sync unfroze 9120 com.google.android.apps.tips
11-14 17:52:08.562 1472 3644 D ActivityManager: sync unfroze 2609 com.google.android.cellbroadcastreceiver
11-14 17:52:08.563 1472 3644 D ActivityManager: sync unfroze 7205 com.google.android.healthconnect.controller
11-14 17:52:08.564 1472 3644 D ActivityManager: sync unfroze 17242 com.google.android.projection.gearhead:projection
11-14 17:52:08.565 1472 3644 D ActivityManager: sync unfroze 10000 com.google.android.apps.turbo:ssb
11-14 17:52:08.566 1472 3644 D ActivityManager: sync unfroze 6472 com.google.android.odad
11-14 17:52:08.567 1472 3644 D ActivityManager: sync unfroze 19331 com.google.android.projection.gearhead:provider
11-14 17:52:08.568 1472 3644 D ActivityManager: sync unfroze 9447 com.google.android.as.oss:learning_bg
11-14 17:52:08.569 1472 3644 D ActivityManager: sync unfroze 10916 com.google.android.as.oss
11-14 17:52:08.570 1472 3644 D ActivityManager: sync unfroze 31926 com.google.android.projection.gearhead:shared
11-14 17:52:08.571 1472 3644 D ActivityManager: sync unfroze 6263 com.google.android.rkpdapp
11-14 17:52:08.572 1472 3644 D ActivityManager: sync unfroze 17097 com.google.android.partnersetup
11-14 17:52:08.573 1472 3644 D ActivityManager: sync unfroze 1220 com.google.android.apps.carrier.log
11-14 17:52:08.574 1472 3644 D ActivityManager: sync unfroze 7778 com.google.RilConfigService
11-14 17:52:08.575 1472 3644 D ActivityManager: sync unfroze 12068 com.google.android.apps.gcs
11-14 17:52:08.575 1472 3644 D ActivityManager: sync unfroze 4624 android.process.media
11-14 17:52:08.576 1472 3644 D ActivityManager: sync unfroze 18481 com.google.android.setupwizard
11-14 17:52:08.578 1472 3644 D ActivityManager: sync unfroze 12046 com.google.android.apps.safetyhub
11-14 17:52:08.579 1472 3644 D ActivityManager: sync unfroze 16210 com.google.android.calendar
11-14 17:52:08.580 1472 3644 D ActivityManager: sync unfroze 6647 com.google.android.configupdater
11-14 17:52:08.580 1472 3644 D ActivityManager: sync unfroze 18662 com.google.process.gapps
11-14 17:52:08.581 1472 3644 D ActivityManager: sync unfroze 19235 com.google.android.gms.unstable
11-14 17:52:08.582 1472 3644 D ActivityManager: sync unfroze 25489 android.process.acore
11-14 17:52:08.584 1472 3644 D ActivityManager: sync unfroze 19214 com.google.android.apps.messaging
11-14 17:52:08.585 1472 3644 D ActivityManager: sync unfroze 19779 com.google.android.apps.photos
11-14 17:52:08.587 1472 3644 D ActivityManager: sync unfroze 19936 com.google.android.videos
11-14 17:52:08.588 1472 3644 D ActivityManager: sync unfroze 2098 com.google.android.permissioncontroller
11-14 17:52:08.590 1472 3644 D ActivityManager: sync unfroze 18397 com.google.android.gms
11-14 17:52:08.594 1472 3338 I ActivityManager: Process com.google.android.projection.gearhead:car (pid 14998) has died: cch+35 CEM
11-14 17:52:08.740 1472 1721 I AppsFilter: interaction: PackageSetting{a971eec org.qtproject.example.qmlchart/10248} -> PackageSetting{2842802 com.google.android.googlequicksearchbox/10148} BLOCKED
11-14 17:52:08.740 1472 1721 I AppsFilter: interaction: PackageSetting{c7356c0 org.qtproject.example.vulkanunderqml/10267} -> PackageSetting{2842802 com.google.android.googlequicksearchbox/10148} BLOCKED
11-14 17:52:08.740 1472 1721 I AppsFilter: interaction: PackageSetting{473e1f2 com.qt.finweather/10286} -> PackageSetting{2842802 com.google.android.googlequicksearchbox/10148} BLOCKED
11-14 17:52:08.740 1472 1721 I AppsFilter: interaction: PackageSetting{b6720a7 org.qtproject.example.appQTBUG_38700_example/10269} -> PackageSetting{2842802 com.google.android.googlequicksearchbox/10148} BLOCKED
11-14 17:52:08.740 1472 1721 I AppsFilter: interaction: PackageSetting{e968aaf org.qtproject.example.minimal_qml/10262} -> PackageSetting{2842802 com.google.android.googlequicksearchbox/10148} BLOCKED
11-14 17:52:08.740 1472 1721 I AppsFilter: interaction: PackageSetting{d5ddbb7 org.qtproject.example.qmloscilloscope/10255} -> PackageSetting{2842802 com.google.android.googlequicksearchbox/10148} BLOCKED
11-14 17:52:08.740 1472 1721 I AppsFilter: interaction: PackageSetting{1bb2e8f org.qtproject.example.calqlatrexample/10266} -> PackageSetting{2842802 com.google.android.googlequicksearchbox/10148} BLOCKED
11-14 17:52:08.740 1472 1721 I AppsFilter: interaction: PackageSetting{6b2f6e1 org.qtproject.example.appqt66beta1androidquickexample/10256} -> PackageSetting{2842802 com.google.android.googlequicksearchbox/10148} BLOCKED
11-14 17:52:08.740 1472 1721 I AppsFilter: interaction: PackageSetting{5cde19a org.qtproject.example.coffee/10279} -> PackageSetting{2842802 com.google.android.googlequicksearchbox/10148} BLOCKED
11-14 17:52:08.740 1472 1721 I AppsFilter: interaction: PackageSetting{681d2eb org.qtproject.example.contactlist/10252} -> PackageSetting{2842802 com.google.android.googlequicksearchbox/10148} BLOCKED
11-14 17:52:08.740 1472 1721 I AppsFilter: interaction: PackageSetting{2c049b9 org.qtproject.example.appmuu/10287} -> PackageSetting{2842802 com.google.android.googlequicksearchbox/10148} BLOCKED
11-14 17:52:08.740 1472 1721 I AppsFilter: interaction: PackageSetting{4264ce2 org.qtproject.example.qtbug98766_compat/10289} -> PackageSetting{2842802 com.google.android.googlequicksearchbox/10148} BLOCKED
11-14 17:52:08.740 1472 1721 I AppsFilter: interaction: PackageSetting{e48a5d7 org.qtproject.example.galleryexample/10265} -> PackageSetting{2842802 com.google.android.googlequicksearchbox/10148} BLOCKED
11-14 17:52:08.740 1472 1721 I AppsFilter: interaction: PackageSetting{32cb918 org.qtproject.example.objectlistmodelexample/10263} -> PackageSetting{2842802 com.google.android.googlequicksearchbox/10148} BLOCKED
11-14 17:52:08.740 1472 1721 I AppsFilter: interaction: PackageSetting{54ce4c9 org.qtproject.example.testFont/10270} -> PackageSetting{2842802 com.google.android.googlequicksearchbox/10148} BLOCKED
11-14 17:52:08.740 1472 1721 I AppsFilter: interaction: PackageSetting{d136cd0 org.qtproject.example.widgetdeom/10259} -> PackageSetting{2842802 com.google.android.googlequicksearchbox/10148} BLOCKED
11-14 17:52:08.740 1472 1721 I AppsFilter: interaction: PackageSetting{88b8d1b org.qtproject.example.declarative_camera/10253} -> PackageSetting{2842802 com.google.android.googlequicksearchbox/10148} BLOCKED
11-14 17:52:08.741 1472 1721 I AppsFilter: interaction: PackageSetting{2c76e2e org.qtproject.example.vulkanunderqmlapp/10292} -> PackageSetting{2842802 com.google.android.googlequicksearchbox/10148} BLOCKED
11-14 17:52:08.741 1472 1721 I AppsFilter: interaction: PackageSetting{246c121 com.test.ouluweather/10268} -> PackageSetting{2842802 com.google.android.googlequicksearchbox/10148} BLOCKED
11-14 17:52:08.741 1472 1721 I AppsFilter: interaction: PackageSetting{5638a6e com.google.android.microdroid.empty_payload/10246} -> PackageSetting{2842802 com.google.android.googlequicksearchbox/10148} BLOCKED
11-14 17:52:08.741 1472 1721 I AppsFilter: interaction: PackageSetting{b8bf670 org.qtproject.example.calendarwidget/10278} -> PackageSetting{2842802 com.google.android.googlequicksearchbox/10148} BLOCKED
11-14 17:52:08.741 1472 1721 I AppsFilter: interaction: PackageSetting{e574d7d org.qtproject.example.QTBUG97503/10284} -> PackageSetting{2842802 com.google.android.googlequicksearchbox/10148} BLOCKED
11-14 17:52:08.741 1472 1721 I AppsFilter: interaction: PackageSetting{59c4cd3 org.qtproject.example.unicode_bug/10280} -> PackageSetting{2842802 com.google.android.googlequicksearchbox/10148} BLOCKED
11-14 17:52:08.741 1472 1721 I AppsFilter: interaction: PackageSetting{277dda4 com.example.qtbug/10276} -> PackageSetting{2842802 com.google.android.googlequicksearchbox/10148} BLOCKED
11-14 17:52:08.741 1472 1721 I AppsFilter: interaction: PackageSetting{607ced1 org.qtproject.example.implicit_height/10275} -> PackageSetting{2842802 com.google.android.googlequicksearchbox/10148} BLOCKED
11-14 17:52:08.741 1472 1721 I AppsFilter: interaction: PackageSetting{a26c3f org.qtproject.example.simplemqttclient/10254} -> PackageSetting{2842802 com.google.android.googlequicksearchbox/10148} BLOCKED
11-14 17:52:08.741 1472 1721 I AppsFilter: interaction: PackageSetting{171305e org.qtproject.example.qtbug90324/10271} -> PackageSetting{2842802 com.google.android.googlequicksearchbox/10148} BLOCKED
11-14 17:52:08.741 1472 1721 I AppsFilter: interaction: PackageSetting{739d6f org.qtproject.example.qtbug87334/10247} -> PackageSetting{2842802 com.google.android.googlequicksearchbox/10148} BLOCKED
11-14 17:52:08.741 1472 1721 I AppsFilter: interaction: PackageSetting{d740599 org.qtproject.example.qtbug40728/10273} -> PackageSetting{2842802 com.google.android.googlequicksearchbox/10148} BLOCKED
11-14 17:52:08.741 1472 1721 I AppsFilter: interaction: PackageSetting{89b3c9d org.qtproject.example.Android_keyboard_cover/10283} -> PackageSetting{2842802 com.google.android.googlequicksearchbox/10148} BLOCKED
11-14 17:52:08.741 1472 1721 I AppsFilter: interaction: PackageSetting{fde6ec8 org.qtproject.example.appqtbug98776_for_qtbug114437/10281} -> PackageSetting{2842802 com.google.android.googlequicksearchbox/10148} BLOCKED
11-14 17:52:08.741 1472 1721 I AppsFilter: interaction: PackageSetting{2cd19b0 org.qtproject.example/10282} -> PackageSetting{2842802 com.google.android.googlequicksearchbox/10148} BLOCKED
11-14 17:52:08.741 1472 1721 I AppsFilter: interaction: PackageSetting{d382e57 org.qtproject.example.textfinder/10272} -> PackageSetting{2842802 com.google.android.googlequicksearchbox/10148} BLOCKED
11-14 17:52:08.741 1472 1721 I AppsFilter: interaction: PackageSetting{47d83f1 org.qtproject.example.openglunderqml/10251} -> PackageSetting{2842802 com.google.android.googlequicksearchbox/10148} BLOCKED
11-14 17:52:08.741 1472 1721 I AppsFilter: interaction: PackageSetting{143ef98 org.qtproject.example.texteditor/10285} -> PackageSetting{2842802 com.google.android.googlequicksearchbox/10148} BLOCKED
11-14 17:52:08.741 1472 1721 I AppsFilter: interaction: PackageSetting{59234ac org.qtproject.example.hellocube/10258} -> PackageSetting{2842802 com.google.android.googlequicksearchbox/10148} BLOCKED
11-14 17:52:08.741 1472 1721 I AppsFilter: interaction: PackageSetting{a174853 org.qtproject.example.texteditorexample/10290} -> PackageSetting{2842802 com.google.android.googlequicksearchbox/10148} BLOCKED
11-14 17:52:08.741 1472 1721 I AppsFilter: interaction: PackageSetting{2c11bbd org.qtproject.example.contactlistexample/10277} -> PackageSetting{2842802 com.google.android.googlequicksearchbox/10148} BLOCKED
11-14 17:52:08.741 1472 1721 I AppsFilter: interaction: PackageSetting{f13b073 org.qtproject.example.highdpi/10288} -> PackageSetting{2842802 com.google.android.googlequicksearchbox/10148} BLOCKED
11-14 17:52:08.741 1472 1721 I AppsFilter: interaction: PackageSetting{cae2aca org.qtproject.example.deleteme/10291} -> PackageSetting{2842802 com.google.android.googlequicksearchbox/10148} BLOCKED
11-14 17:52:08.741 1472 1721 I AppsFilter: interaction: PackageSetting{c514d9b org.qtproject.example.quickspeech/10274} -> PackageSetting{2842802 com.google.android.googlequicksearchbox/10148} BLOCKED
11-14 17:52:08.797 1472 1721 I ActivityManager: Force stopping com.google.android.googlequicksearchbox appid=10148 user=0: pkg removed
11-14 17:52:08.810 1472 1721 I ActivityManager: Force stopping com.google.android.googlequicksearchbox appid=10148 user=0: pkg removed
11-14 17:52:08.861 1472 1721 D CompatibilityChangeReporter: Compat change id reported: 168419799; UID 10148; state: DISABLED
11-14 17:52:08.861 1472 1721 D CompatibilityChangeReporter: Compat change id reported: 273564678; UID 10148; state: DISABLED
11-14 17:52:08.865 1472 1472 I Telecom : CarModeTracker: Package com.google.android.googlequicksearchbox is not tracked.: SSH.oR@RrE
11-14 17:52:08.865 1472 1472 I Telecom : InCallController: updateCarModeForConnections: car mode apps: : SSH.oR@RrE
11-14 17:52:08.886 1472 1721 D PackageInstallerSession: Marking session 1394183305 as applied
11-14 17:52:08.893 1472 1697 D CompatibilityChangeReporter: Compat change id reported: 135634846; UID 10148; state: DISABLED
11-14 17:52:08.893 1472 1697 D CompatibilityChangeReporter: Compat change id reported: 177438394; UID 10148; state: DISABLED
11-14 17:52:08.893 1472 1697 D CompatibilityChangeReporter: Compat change id reported: 135772972; UID 10148; state: DISABLED
11-14 17:52:08.893 1472 1697 D CompatibilityChangeReporter: Compat change id reported: 135754954; UID 10148; state: ENABLED
11-14 17:52:08.894 1472 1698 D CompatibilityChangeReporter: Compat change id reported: 143937733; UID 10148; state: ENABLED
11-14 17:52:08.911 1472 1472 D TransparencyService: com.google.android.googlequicksearchbox was updated. Scheduling measurement...
11-14 17:52:08.911 1472 1472 I TransparencyService: Scheduling binary content-digest computation job
11-14 17:52:08.911 1472 1472 D TransparencyService: A measurement job has already been scheduled.
11-14 17:52:08.918 1472 1840 D LocaleManagerService: getApplicationLocales: fetching locales for package com.google.android.googlequicksearchbox and user 0
11-14 17:52:08.918 1472 1840 W PackageConfigPersister: App-specific configuration not found for packageName: com.google.android.googlequicksearchbox and userId: 0
11-14 17:52:08.918 1472 1840 D LocaleManagerService: getApplicationLocales: application config not found for com.google.android.googlequicksearchbox and user id 0
11-14 17:52:08.932 1472 1698 I ActivityManager: Start proc 20145:com.google.android.googlequicksearchbox:search/u0a148 for broadcast {com.google.android.googlequicksearchbox/com.google.android.apps.gsa.startup.StartUpReceiver}
11-14 17:52:09.017 1472 1797 D CompatibilityChangeReporter: Compat change id reported: 265195908; UID 10148; state: ENABLED
11-14 17:52:09.031 1472 1695 D CompatibilityChangeReporter: Compat change id reported: 170503758; UID 10148; state: ENABLED
11-14 17:52:09.075 1472 1696 W WindowMagnificationMgr: requestConnection duplicated request: connect=false, mConnectionState=DISCONNECTED
11-14 17:52:09.102 1472 1696 W WindowMagnificationMgr: requestConnection duplicated request: connect=false, mConnectionState=DISCONNECTED
11-14 17:52:09.230 1472 1696 D AppWidgetServiceImpl: Provider info from ComponentInfo{com.google.android.googlequicksearchbox/com.google.android.googlequicksearchbox.SearchWidgetProvider} won't be persisted.
11-14 17:52:09.230 1472 1696 D AppWidgetServiceImpl: Provider info from ComponentInfo{com.google.android.googlequicksearchbox/com.google.android.apps.gsa.staticplugins.smartspace.widget.SmartspaceWidgetProvider} won't be persisted.
11-14 17:52:09.230 1472 1696 D AppWidgetServiceImpl: Provider info from ComponentInfo{com.google.android.googlequicksearchbox/com.google.android.apps.search.assistant.verticals.automation.routines.routineblocks.widget.RoutineAppWidgetProvider} won't be persisted.
11-14 17:52:09.230 1472 1696 D AppWidgetServiceImpl: Provider info from ComponentInfo{com.google.android.googlequicksearchbox/com.google.android.apps.search.assistant.verticals.snapshot.widgets.weather.WeatherWidget_Receiver} won't be persisted.
11-14 17:52:09.230 1472 1696 D AppWidgetServiceImpl: Provider info from ComponentInfo{com.google.android.googlequicksearchbox/com.google.android.apps.search.assistant.verticals.snapshot.widgets.weather.FreeformWeatherWidget_Receiver} won't be persisted.
11-14 17:52:09.230 1472 1696 D AppWidgetServiceImpl: Provider info from ComponentInfo{com.google.android.googlequicksearchbox/com.google.android.apps.search.widgets.stocks.StocksWidgetReceiver} won't be persisted.
11-14 17:52:09.287 1472 1696 D CompatibilityChangeReporter: Compat change id reported: 135634846; UID 10148; state: DISABLED
11-14 17:52:09.287 1472 1696 D CompatibilityChangeReporter: Compat change id reported: 177438394; UID 10148; state: DISABLED
11-14 17:52:09.287 1472 1696 D CompatibilityChangeReporter: Compat change id reported: 135772972; UID 10148; state: DISABLED
11-14 17:52:09.287 1472 1696 D CompatibilityChangeReporter: Compat change id reported: 135754954; UID 10148; state: ENABLED
11-14 17:52:09.288 1472 1698 D CompatibilityChangeReporter: Compat change id reported: 143937733; UID 10148; state: ENABLED
11-14 17:52:09.303 1472 1698 I ActivityManager: Start proc 20174:com.google.android.googlequicksearchbox:interactor/u0a148 for service {com.google.android.googlequicksearchbox/com.google.android.voiceinteraction.GsaVoiceInteractionService}
11-14 17:52:09.515 1472 2549 D CompatibilityChangeReporter: Compat change id reported: 161252188; UID 10148; state: DISABLED
11-14 17:52:09.515 1472 2549 W ActivityManager: Permission Denial: Accessing service com.google.android.googlequicksearchbox/androidx.work.impl.background.gcm.WorkManagerGcmService from pid=18370, uid=10140 that is not exported from uid 10148
11-14 17:52:09.667 1472 4801 D CompatibilityChangeReporter: Compat change id reported: 161145287; UID 10148; state: DISABLED
11-14 17:52:09.924 1472 2549 D CompatibilityChangeReporter: Compat change id reported: 261072174; UID 10148; state: DISABLED
11-14 17:52:09.981 1472 4801 I ActivityManager: Flag disabled. Ignoring finishAttachApplication from uid: 10148. pid: 20174
11-14 17:52:10.058 1472 4801 I ActivityManager: Flag disabled. Ignoring finishAttachApplication from uid: 10148. pid: 20145
11-14 17:52:10.351 1472 2557 D CompatibilityChangeReporter: Compat change id reported: 211757425; UID 10148; state: DISABLED
11-14 17:52:10.423 1472 2615 D CompatibilityChangeReporter: Compat change id reported: 271850009; UID 10148; state: ENABLED
11-14 17:52:10.424 1472 2615 D CompatibilityChangeReporter: Compat change id reported: 253665015; UID 10148; state: ENABLED
11-14 17:52:10.424 1472 2615 D CompatibilityChangeReporter: Compat change id reported: 194532703; UID 10148; state: ENABLED
11-14 17:52:10.921 1472 4786 W JobScheduler: Job didn't exist in JobStore: f1113a9 #u0a148/-163 com.google.android.googlequicksearchbox/com.google.android.apps.gsa.tasks.BackgroundTasksJobService
11-14 17:52:11.351 1472 1621 W JobScheduler: Job didn't exist in JobStore: a6df843 #u0a148/-353 com.google.android.googlequicksearchbox/com.google.android.apps.gsa.tasks.BackgroundTasksJobService
11-14 17:52:11.378 1472 4786 I ContentCaptureManagerService: Data share request accepted by Content Capture service
11-14 17:52:11.462 1472 1987 W JobScheduler: Job didn't exist in JobStore: 4a1a200 #u0a148/-167 com.google.android.googlequicksearchbox/com.google.android.apps.gsa.tasks.BackgroundTasksJobService
11-14 17:52:11.467 1472 1987 W JobScheduler: Job didn't exist in JobStore: 1432eef #u0a148/-45 com.google.android.googlequicksearchbox/com.google.android.apps.gsa.tasks.BackgroundTasksJobService
11-14 17:52:11.469 1472 4786 D CompatibilityChangeReporter: Compat change id reported: 143231523; UID 10148; state: DISABLED
11-14 17:52:11.471 1472 1987 W JobScheduler: Job didn't exist in JobStore: c85c9dd #u0a148/-87 com.google.android.googlequicksearchbox/com.google.android.apps.gsa.tasks.BackgroundTasksJobService
11-14 17:52:11.473 1472 4786 W JobScheduler: Job didn't exist in JobStore: e6d7833 #u0a148/-237 com.google.android.googlequicksearchbox/com.google.android.apps.gsa.tasks.BackgroundTasksJobService
11-14 17:52:11.475 1472 4786 W JobScheduler: Job didn't exist in JobStore: fe6a0cd #u0a148/-47 com.google.android.googlequicksearchbox/com.google.android.apps.gsa.tasks.BackgroundTasksJobService
11-14 17:52:11.709 1472 1987 W JobScheduler: Job didn't exist in JobStore: ad496ec #u0a148/-369 com.google.android.googlequicksearchbox/com.google.android.apps.gsa.tasks.BackgroundTasksJobService
11-14 17:52:11.755 1472 1694 W JobScheduler: Job didn't exist in JobStore: f9697ee #u0a148/-163 com.google.android.googlequicksearchbox/com.google.android.apps.gsa.tasks.BackgroundTasksJobService
11-14 17:52:11.882 1472 1694 W ActivityManager: Unable to start service Intent { cmp=com.google.android.apps.tachyon/.clientapi.ClientApiService } U=0: not found
11-14 17:52:12.082 1472 1621 I ContentCaptureManagerService: Data share request accepted by Content Capture service
11-14 17:52:12.168 1472 3849 I ContentCaptureManagerService: Data share request accepted by Content Capture service
11-14 17:52:12.823 1472 4801 W ActivityManager: Unable to start service Intent { act=grpc.io.action.BIND cmp=com.google.android.apps.nest.dockmanager.app/.service.DockManagerAndroidService } U=0: not found
11-14 17:52:12.823 1472 1987 W ActivityManager: Unbind failed: could not find connection for android.os.BinderProxy@95ee8c1
11-14 17:52:12.926 1472 1694 I ContentCaptureManagerService: Data share request accepted by Content Capture service
11-14 17:52:13.044 1472 2615 W ActivityManager: Receiver with filter android.content.IntentFilter@6348a7b already registered for pid 20174, callerPackage is com.google.android.googlequicksearchbox
11-14 17:52:13.234 1472 1694 I ContentCaptureManagerService: Data share request accepted by Content Capture service
11-14 17:52:13.340 1472 2615 D CompatibilityChangeReporter: Compat change id reported: 218533173; UID 10148; state: ENABLED
11-14 17:52:13.701 1472 3849 D CompatibilityChangeReporter: Compat change id reported: 266524688; UID 10148; state: ENABLED
11-14 17:52:13.797 1942 3314 D PowerUI : can't show warning due to - plugged: true status unknown: false
11-14 17:52:13.892 1472 3849 W ActivityManager: Unable to start service Intent { act=grpc.io.action.BIND cmp=com.google.android.apps.nest.dockmanager.app/.service.DockManagerAndroidService } U=0: not found
11-14 17:52:13.893 1472 3849 W ActivityManager: Unbind failed: could not find connection for android.os.BinderProxy@d2c340d
11-14 17:52:14.284 1472 1694 I ContentCaptureManagerService: Data share request accepted by Content Capture service
11-14 17:52:15.518 1472 1694 W ActivityManager: Unable to start service Intent { act=grpc.io.action.BIND cmp=com.google.android.apps.nest.dockmanager.app/.service.DockManagerAndroidService } U=0: not found
11-14 17:52:15.519 1472 1694 W ActivityManager: Unbind failed: could not find connection for android.os.BinderProxy@b03a60e
11-14 17:52:16.686 1472 2557 W JobScheduler: Job didn't exist in JobStore: c2e573d #u0a148/-151 com.google.android.googlequicksearchbox/com.google.android.apps.gsa.tasks.BackgroundTasksJobService
11-14 17:52:17.270 1472 1694 W JobScheduler: Job didn't exist in JobStore: 3f93919 #u0a148/-49 com.google.android.googlequicksearchbox/com.google.android.apps.gsa.tasks.BackgroundTasksJobService
11-14 17:52:18.092 1472 1987 W ActivityManager: Unable to start service Intent { act=grpc.io.action.BIND cmp=com.google.android.apps.nest.dockmanager.app/.service.DockManagerAndroidService } U=0: not found
11-14 17:52:18.098 1472 1987 W ActivityManager: Unbind failed: could not find connection for android.os.BinderProxy@ea5cf1e
11-14 17:52:18.516 1472 1807 D ActivityManager: freezing 8000 com.android.hotwordenrollment.okgoogle
11-14 17:52:18.517 1472 1807 D ActivityManager: freezing 6495 com.google.android.hardwareinfo
11-14 17:52:18.518 1472 1807 D ActivityManager: freezing 7906 com.android.imsserviceentitlement
11-14 17:52:18.520 1472 1807 D ActivityManager: freezing 21005 com.google.android.webview:webview_apk
11-14 17:52:18.521 1472 1807 D ActivityManager: freezing 1317 com.google.android.documentsui
11-14 17:52:18.523 1472 1807 D ActivityManager: freezing 5382 com.android.externalstorage
11-14 17:52:18.524 1472 1807 D ActivityManager: freezing 11432 com.android.shell
11-14 17:52:18.525 1472 1807 D ActivityManager: freezing 1650 com.google.android.marvin.talkback
11-14 17:52:18.526 1472 1807 D ActivityManager: freezing 8898 com.google.android.apps.wearables.maestro.companion
11-14 17:52:18.529 1472 1807 D ActivityManager: freezing 8985 com.google.android.apps.accessibility.voiceaccess
11-14 17:52:18.531 1472 1807 D ActivityManager: freezing 9034 com.google.android.calculator
11-14 17:52:18.533 1472 1807 D ActivityManager: freezing 9135 com.google.android.apps.carrier.carrierwifi
11-14 17:52:18.534 1472 1807 D ActivityManager: freezing 18570 com.google.android.soundpicker
11-14 17:52:18.536 1472 1807 D ActivityManager: freezing 15085 com.google.android.projection.gearhead:primes_lifeboat
11-14 17:52:18.537 1472 1807 D ActivityManager: freezing 4760 com.google.android.apps.wallpaper
11-14 17:52:18.539 1472 1807 D ActivityManager: freezing 6090 com.google.android.uvexposurereporter
11-14 17:52:18.540 1472 1807 D ActivityManager: freezing 7533 com.google.android.adservices.api
11-14 17:52:18.542 1472 1807 D ActivityManager: freezing 6399 com.google.android.packageinstaller
11-14 17:52:18.544 1472 1807 D ActivityManager: freezing 5791 com.google.android.webview:webview_service
11-14 17:52:18.607 1472 1807 D ActivityManager: freezing 2726 com.google.android.carrier
11-14 17:52:18.608 1472 1807 D ActivityManager: freezing 2005 com.google.android.flipendo
11-14 17:52:18.610 1472 1807 D ActivityManager: freezing 12137 com.google.android.apps.betterbug
11-14 17:52:18.612 1472 1807 D ActivityManager: freezing 18234 com.google.android.webview
11-14 17:52:18.613 1472 1807 D ActivityManager: freezing 18456 com.google.android.apps.restore
11-14 17:52:18.614 1472 1807 D ActivityManager: freezing 8423 com.google.android.turboadapter
11-14 17:52:18.615 1472 1807 D ActivityManager: freezing 11615 com.google.android.tts
11-14 17:52:18.617 1472 1807 D ActivityManager: freezing 18802 com.google.android.apps.healthdata
11-14 17:52:18.618 1472 1807 D ActivityManager: freezing 18837 com.google.android.dialer
11-14 17:52:18.620 1472 1807 D ActivityManager: freezing 19704 com.google.android.apps.turbo
11-14 17:52:18.621 1472 1807 D ActivityManager: freezing 31802 com.google.android.contacts
11-14 17:52:18.623 1472 1807 D ActivityManager: freezing 5833 com.android.angle
11-14 17:52:18.624 1472 1807 D ActivityManager: freezing 4356 com.android.traceur
11-14 17:52:18.624 1472 1807 D ActivityManager: freezing 8936 com.google.android.accessibility.switchaccess
11-14 17:52:18.626 1472 1807 D ActivityManager: freezing 9120 com.google.android.apps.tips
11-14 17:52:18.627 1472 1807 D ActivityManager: freezing 2609 com.google.android.cellbroadcastreceiver
11-14 17:52:18.634 1472 1807 D ActivityManager: freezing 7205 com.google.android.healthconnect.controller
11-14 17:52:18.635 1472 1807 D ActivityManager: freezing 17242 com.google.android.projection.gearhead:projection
11-14 17:52:18.636 1472 1807 D ActivityManager: freezing 10000 com.google.android.apps.turbo:ssb
11-14 17:52:18.637 1472 1807 D ActivityManager: freezing 6472 com.google.android.odad
11-14 17:52:18.639 1472 1807 D ActivityManager: freezing 19331 com.google.android.projection.gearhead:provider
11-14 17:52:18.640 1472 1807 D ActivityManager: freezing 9447 com.google.android.as.oss:learning_bg
11-14 17:52:18.641 1472 1807 D ActivityManager: freezing 6263 com.google.android.rkpdapp
11-14 17:52:18.642 1472 1807 D ActivityManager: freezing 17097 com.google.android.partnersetup
11-14 17:52:18.643 1472 1807 D ActivityManager: freezing 1220 com.google.android.apps.carrier.log
11-14 17:52:18.644 1472 1807 D ActivityManager: freezing 7778 com.google.RilConfigService
11-14 17:52:18.645 1472 1807 D ActivityManager: freezing 12068 com.google.android.apps.gcs
11-14 17:52:18.647 1472 1807 D ActivityManager: freezing 4624 android.process.media
11-14 17:52:18.648 1472 1807 D ActivityManager: freezing 18481 com.google.android.setupwizard
11-14 17:52:18.649 1472 1807 D ActivityManager: freezing 12046 com.google.android.apps.safetyhub
11-14 17:52:18.650 1472 1807 D ActivityManager: freezing 16210 com.google.android.calendar
11-14 17:52:18.652 1472 1807 D ActivityManager: freezing 6647 com.google.android.configupdater
11-14 17:52:18.653 1472 1807 D ActivityManager: freezing 19235 com.google.android.gms.unstable
11-14 17:52:19.057 1472 1807 D ActivityManager: freezing 16945 com.google.android.apps.turbo:aab
11-14 17:52:19.060 1472 1807 D ActivityManager: freezing 10916 com.google.android.as.oss
11-14 17:52:19.063 1472 1807 D ActivityManager: freezing 31926 com.google.android.projection.gearhead:shared
11-14 17:52:19.412 1472 1807 D ActivityManager: freezing 19214 com.google.android.apps.messaging
11-14 17:52:21.647 1472 2557 D ActivityManager: sync unfroze 5791 com.google.android.webview:webview_service
11-14 17:52:21.981 1472 4801 W ActivityManager: Unable to start service Intent { act=grpc.io.action.BIND cmp=com.google.android.apps.nest.dockmanager.app/.service.DockManagerAndroidService } U=0: not found
11-14 17:52:21.992 1472 4801 W ActivityManager: Unbind failed: could not find connection for android.os.BinderProxy@77eddf
11-14 17:52:23.374 1472 1987 W JobScheduler: Job didn't exist in JobStore: 7ffa015 #u0a148/-43 com.google.android.googlequicksearchbox/com.google.android.apps.gsa.tasks.BackgroundTasksJobService
11-14 17:52:27.198 1472 1807 D ActivityManager: freezing 19936 com.google.android.videos
11-14 17:52:27.492 595 20609 I keystore2: system/security/keystore2/src/watchdog.rs:319 - Watchdog thread idle -> terminating. Have a great day.
11-14 17:52:27.697 1472 1987 W JobScheduler: Job didn't exist in JobStore: fc8b9c8 #u0a148/-353 com.google.android.googlequicksearchbox/com.google.android.apps.gsa.tasks.BackgroundTasksJobService
11-14 17:52:28.337 1472 1987 W ActivityManager: Unable to start service Intent { act=grpc.io.action.BIND cmp=com.google.android.apps.nest.dockmanager.app/.service.DockManagerAndroidService } U=0: not found
11-14 17:52:28.338 1472 1987 W ActivityManager: Unbind failed: could not find connection for android.os.BinderProxy@1a9cc23
11-14 17:52:28.442 1472 1807 D ActivityManager: freezing 19250 com.android.vending:instant_app_installer
11-14 17:52:28.447 1472 1807 D ActivityManager: freezing 19396 com.android.vending:quick_launch
11-14 17:52:30.410 1472 1807 D ActivityManager: freezing 19084 com.android.vending:background
11-14 17:52:31.754 1472 1807 D ActivityManager: freezing 5791 com.google.android.webview:webview_service
11-14 17:52:34.734 1472 1807 D ActivityManager: freezing 2098 com.google.android.permissioncontroller
11-14 17:52:35.947 1472 1807 D ActivityManager: freezing 13655 com.android.vending
11-14 17:52:37.786 1472 4801 W ActivityManager: Unable to start service Intent { act=grpc.io.action.BIND cmp=com.google.android.apps.nest.dockmanager.app/.service.DockManagerAndroidService } U=0: not found
11-14 17:52:37.787 1472 4801 W ActivityManager: Unbind failed: could not find connection for android.os.BinderProxy@40a9c9b
11-14 17:52:39.731 1472 1807 D ActivityManager: freezing 19779 com.google.android.apps.photos
11-14 17:52:47.745 1472 1797 D ActivityManager: sync unfroze 10916 com.google.android.as.oss
11-14 17:52:47.811 1472 1621 D ActivityManager: sync unfroze 9447 com.google.android.as.oss:learning_bg
11-14 17:52:48.859 1472 1807 D ActivityManager: freezing 18421 com.google.android.apps.wellbeing
11-14 17:52:48.862 1472 1807 D ActivityManager: freezing 3999 com.android.keychain
11-14 17:52:48.957 1472 4801 D ActivityManager: sync unfroze 6263 com.google.android.rkpdapp
11-14 17:52:52.137 1472 4801 W ActivityManager: Unable to start service Intent { act=grpc.io.action.BIND cmp=com.google.android.apps.nest.dockmanager.app/.service.DockManagerAndroidService } U=0: not found
11-14 17:52:52.138 1472 4801 W ActivityManager: Unbind failed: could not find connection for android.os.BinderProxy@1da315f
11-14 17:52:52.793 1472 1807 D ActivityManager: freezing 18397 com.google.android.gms
11-14 17:52:58.995 1472 1807 D ActivityManager: freezing 6263 com.google.android.rkpdapp
11-14 17:53:00.743 595 20693 I keystore2: system/security/keystore2/src/watchdog.rs:319 - Watchdog thread idle -> terminating. Have a great day.
11-14 17:53:10.006 1472 2549 W JobScheduler: Job didn't exist in JobStore: 7601f9e #u0a131/-1667279869 com.google.android.as.oss/com.google.android.gms.learning.internal.training.InAppJobService
11-14 17:53:13.816 1942 2553 D PowerUI : can't show warning due to - plugged: true status unknown: false
11-14 17:53:14.958 1472 2549 W ActivityManager: Unable to start service Intent { act=grpc.io.action.BIND cmp=com.google.android.apps.nest.dockmanager.app/.service.DockManagerAndroidService } U=0: not found
11-14 17:53:14.958 1472 4801 W ActivityManager: Unbind failed: could not find connection for android.os.BinderProxy@a98304f
11-14 17:53:19.118 1472 1807 D ActivityManager: freezing 5451 com.google.android.euicc
11-14 17:53:19.992 1472 1807 D ActivityManager: freezing 9447 com.google.android.as.oss:learning_bg
11-14 17:53:20.112 1472 1807 D ActivityManager: freezing 10916 com.google.android.as.oss
11-14 17:53:20.208 1472 1811 D ActivityManager: sync unfroze 18397 com.google.android.gms
11-14 17:53:20.257 1472 1621 W JobScheduler: Job didn't exist in JobStore: d20c292 #u0a148/-353 com.google.android.googlequicksearchbox/com.google.android.apps.gsa.tasks.BackgroundTasksJobService
11-14 17:53:20.882 18397 20196 W PackageParser: Unknown element under : queries at /data/user_de/0/com.google.android.gms/app_chimera/m/000000c9/dl-AdsFdrDynamite.integ_233012802100000.apk Binary XML file line #15
11-14 17:53:20.908 18397 20196 W PackageParser: Unknown element under : queries at /data/user_de/0/com.google.android.gms/app_chimera/m/0000013d/dl-AdsFdrDynamite.integ_233702200100000.apk Binary XML file line #15
11-14 17:53:37.875 1472 1807 D ActivityManager: freezing 18397 com.google.android.gms
11-14 17:53:44.346 1472 1807 D ActivityManager: freezing 20145 com.google.android.googlequicksearchbox:search
11-14 17:54:13.810 1942 3354 D PowerUI : can't show warning due to - plugged: true status unknown: false
11-14 17:55:05.287 1472 1797 D ActivityManager: sync unfroze 19214 com.google.android.apps.messaging
11-14 17:55:05.301 1472 1797 D ActivityManager: sync unfroze 20145 com.google.android.googlequicksearchbox:search
11-14 17:55:05.383 1472 2615 W JobScheduler: Job didn't exist in JobStore: aaf186 #u0a148/-353 com.google.android.googlequicksearchbox/com.google.android.apps.gsa.tasks.BackgroundTasksJobService
11-14 17:55:05.442 1472 2615 D ActivityManager: sync unfroze 18397 com.google.android.gms
11-14 17:55:09.712 1472 2615 W AlarmManager: Alarms must either supply a PendingIntent or an AlarmReceiver
11-14 17:55:13.805 1942 3355 D PowerUI : can't show warning due to - plugged: true status unknown: false
11-14 17:55:14.502 1472 1472 I ContentCaptureManagerService: Content capture data sharing session terminated successfully for package 'com.google.android.googlequicksearchbox'
11-14 17:55:14.738 1472 4801 W AlarmManager: Alarms must either supply a PendingIntent or an AlarmReceiver
11-14 17:55:14.837 1472 1472 I ContentCaptureManagerService: Content capture data sharing session terminated successfully for package 'com.google.android.googlequicksearchbox'
11-14 17:55:15.434 1472 1807 D ActivityManager: freezing 20145 com.google.android.googlequicksearchbox:search
11-14 17:55:15.556 1472 1807 D ActivityManager: freezing 19214 com.google.android.apps.messaging
11-14 17:55:15.559 1472 1807 D ActivityManager: freezing 18397 com.google.android.gms
11-14 17:56:13.810 1942 3359 D PowerUI : can't show warning due to - plugged: true status unknown: false
11-14 17:56:43.939 1472 1697 D ActivityManager: sync unfroze 3999 com.android.keychain
11-14 17:56:53.986 1472 1807 D ActivityManager: freezing 18662 com.google.process.gapps
11-14 17:56:53.987 1472 1807 D ActivityManager: freezing 12005 com.google.process.gservices
11-14 17:56:53.988 1472 1807 D ActivityManager: freezing 5139 com.android.providers.calendar
11-14 17:56:53.990 1472 1807 D ActivityManager: freezing 25489 android.process.acore
11-14 17:57:04.013 1472 1807 D ActivityManager: freezing 3999 com.android.keychain
11-14 17:57:10.519 1472 2549 D ActivityManager: sync unfroze 12005 com.google.process.gservices
11-14 17:57:11.385 1472 1472 I ContentCaptureManagerService: Content capture data sharing session terminated successfully for package 'com.google.android.googlequicksearchbox'
11-14 17:57:12.084 1472 1472 I ContentCaptureManagerService: Content capture data sharing session terminated successfully for package 'com.google.android.googlequicksearchbox'
11-14 17:57:12.171 1472 1472 I ContentCaptureManagerService: Content capture data sharing session terminated successfully for package 'com.google.android.googlequicksearchbox'
11-14 17:57:12.929 1472 1472 I ContentCaptureManagerService: Content capture data sharing session terminated successfully for package 'com.google.android.googlequicksearchbox'
11-14 17:57:13.236 1472 1472 I ContentCaptureManagerService: Content capture data sharing session terminated successfully for package 'com.google.android.googlequicksearchbox'
11-14 17:57:13.804 1942 3397 D PowerUI : can't show warning due to - plugged: true status unknown: false
11-14 17:57:14.285 1472 1472 I ContentCaptureManagerService: Content capture data sharing session terminated successfully for package 'com.google.android.googlequicksearchbox'
11-14 17:57:15.943 1472 1696 I UsageStatsService: User[0] Flushing usage stats to disk
11-14 17:58:13.809 1942 3398 D PowerUI : can't show warning due to - plugged: true status unknown: false
11-14 17:58:35.399 1472 1797 D ActivityManager: sync unfroze 19704 com.google.android.apps.turbo
11-14 17:58:35.407 1472 1797 D ActivityManager: sync unfroze 20145 com.google.android.googlequicksearchbox:search
11-14 17:58:35.507 1472 1621 W JobScheduler: Job didn't exist in JobStore: 1b82bc9 #u0a148/-353 com.google.android.googlequicksearchbox/com.google.android.apps.gsa.tasks.BackgroundTasksJobService
11-14 17:58:45.458 1472 1807 D ActivityManager: freezing 19704 com.google.android.apps.turbo
11-14 17:58:45.538 1472 1807 D ActivityManager: freezing 20145 com.google.android.googlequicksearchbox:search
11-14 17:58:45.540 1472 1807 D ActivityManager: freezing 12005 com.google.process.gservices
11-14 17:59:13.810 1942 3404 D PowerUI : can't show warning due to - plugged: true status unknown: false
11-14 18:00:00.029 1472 1697 D ActivityManager: sync unfroze 3999 com.android.keychain
11-14 18:00:00.050 1472 1797 D ActivityManager: sync unfroze 12046 com.google.android.apps.safetyhub
11-14 18:00:00.062 1472 1797 D ActivityManager: sync unfroze 19214 com.google.android.apps.messaging
11-14 18:00:00.070 1472 1797 D ActivityManager: sync unfroze 18397 com.google.android.gms
11-14 18:00:10.126 1472 1807 D ActivityManager: freezing 18397 com.google.android.gms
11-14 18:00:10.238 1472 1807 D ActivityManager: freezing 12046 com.google.android.apps.safetyhub
11-14 18:00:10.240 1472 1807 D ActivityManager: freezing 19214 com.google.android.apps.messaging
11-14 18:00:13.808 1942 3314 D PowerUI : can't show warning due to - plugged: true status unknown: false
11-14 18:00:20.086 1472 1807 D ActivityManager: freezing 3999 com.android.keychain
11-14 18:01:13.817 1942 2553 D PowerUI : can't show warning due to - plugged: true status unknown: false
11-14 18:02:13.807 1942 3354 D PowerUI : can't show warning due to - plugged: true status unknown: false
11-14 18:03:13.808 1942 3355 D PowerUI : can't show warning due to - plugged: true status unknown: false
11-14 18:04:13.804 1942 3359 D PowerUI : can't show warning due to - plugged: true status unknown: false
11-14 18:05:13.806 1942 3397 D PowerUI : can't show warning due to - plugged: true status unknown: false
11-14 18:05:35.567 1472 1797 D ActivityManager: sync unfroze 12137 com.google.android.apps.betterbug
11-14 18:05:35.576 1472 1797 D ActivityManager: sync unfroze 10916 com.google.android.as.oss
11-14 18:05:35.597 1472 1797 D ActivityManager: sync unfroze 20145 com.google.android.googlequicksearchbox:search
11-14 18:05:35.640 1472 2615 D ActivityManager: sync unfroze 9447 com.google.android.as.oss:learning_bg
11-14 18:05:35.690 1472 2557 W JobScheduler: Job didn't exist in JobStore: 46311ba #u0a131/-1679289975 com.google.android.as.oss/com.google.android.gms.learning.internal.training.InAppJobService
11-14 18:05:35.707 1472 2615 W JobScheduler: Job didn't exist in JobStore: 4b077fa #u0a148/-353 com.google.android.googlequicksearchbox/com.google.android.apps.gsa.tasks.BackgroundTasksJobService
11-14 18:05:35.717 1472 2557 W JobScheduler: Job didn't exist in JobStore: d71686b #u0a131/-578294288 com.google.android.as.oss/com.google.android.gms.learning.internal.training.InAppJobService
11-14 18:05:36.039 1472 2557 D ActivityManager: sync unfroze 6263 com.google.android.rkpdapp
11-14 18:05:37.726 1472 4786 W JobScheduler: Job didn't exist in JobStore: 114d9d5 #u0a131/-2127835104 com.google.android.as.oss/com.google.android.gms.learning.internal.training.InAppJobService
11-14 18:05:45.728 1472 1807 D ActivityManager: freezing 12137 com.google.android.apps.betterbug
11-14 18:05:45.732 1472 1807 D ActivityManager: freezing 20145 com.google.android.googlequicksearchbox:search
11-14 18:05:46.051 1472 1807 D ActivityManager: freezing 6263 com.google.android.rkpdapp
11-14 18:05:47.715 1472 1807 D ActivityManager: freezing 9447 com.google.android.as.oss:learning_bg
11-14 18:05:47.778 595 21164 I keystore2: system/security/keystore2/src/watchdog.rs:319 - Watchdog thread idle -> terminating. Have a great day.
11-14 18:05:47.799 1472 1807 D ActivityManager: freezing 10916 com.google.android.as.oss
11-14 18:06:13.811 1942 3398 D PowerUI : can't show warning due to - plugged: true status unknown: false
11-14 18:06:56.109 1942 3404 D PowerUI : can't show warning due to - plugged: true status unknown: false
11-14 18:06:56.119 1472 2615 D ActivityManager: sync unfroze 19704 com.google.android.apps.turbo
11-14 18:07:13.808 1942 3314 D PowerUI : can't show warning due to - plugged: true status unknown: false
11-14 18:07:24.332 1942 2553 D PowerUI : can't show warning due to - plugged: true status unknown: false
11-14 18:07:34.889 1472 1807 D ActivityManager: freezing 19704 com.google.android.apps.turbo
11-14 18:08:13.804 1942 3354 D PowerUI : can't show warning due to - plugged: true status unknown: false
11-14 18:09:13.803 1942 3355 D PowerUI : can't show warning due to - plugged: true status unknown: false
11-14 18:10:13.805 1942 3359 D PowerUI : can't show warning due to - plugged: true status unknown: false
11-14 18:10:24.337 1942 3397 D PowerUI : can't show warning due to - plugged: true status unknown: false
11-14 18:11:13.808 1942 3398 D PowerUI : can't show warning due to - plugged: true status unknown: false
11-14 18:12:13.805 1942 3404 D PowerUI : can't show warning due to - plugged: true status unknown: false
11-14 18:12:35.419 1942 3314 D PowerUI : can't show warning due to - plugged: true status unknown: false
11-14 18:13:13.806 1942 2553 D PowerUI : can't show warning due to - plugged: true status unknown: false
11-14 18:14:13.805 1942 3354 D PowerUI : can't show warning due to - plugged: true status unknown: false
11-14 18:14:20.262 1472 1797 D ActivityManager: sync unfroze 10916 com.google.android.as.oss
11-14 18:14:20.272 1472 1797 D ActivityManager: sync unfroze 19250 com.android.vending:instant_app_installer
11-14 18:14:20.286 1472 1797 D ActivityManager: sync unfroze 19704 com.google.android.apps.turbo
11-14 18:14:20.295 1472 1797 D ActivityManager: sync unfroze 19214 com.google.android.apps.messaging
11-14 18:14:20.304 1472 1797 D ActivityManager: sync unfroze 20145 com.google.android.googlequicksearchbox:search
11-14 18:14:20.323 1472 4786 D ActivityManager: sync unfroze 12005 com.google.process.gservices
11-14 18:14:20.335 1472 4786 W JobScheduler: Job didn't exist in JobStore: f3127b8 #u0a136/165064389 com.android.vending/com.google.android.finsky.instantapps.metrics.LogFlushJob
11-14 18:14:20.369 1472 4786 D ActivityManager: sync unfroze 9447 com.google.android.as.oss:learning_bg
11-14 18:14:20.422 1472 1695 W JobScheduler: Job didn't exist in JobStore: 63687b1 #u0a148/-353 com.google.android.googlequicksearchbox/com.google.android.apps.gsa.tasks.BackgroundTasksJobService
11-14 18:14:20.884 1472 1695 D ActivityManager: sync unfroze 6263 com.google.android.rkpdapp
11-14 18:14:22.301 1472 3849 W JobScheduler: Job didn't exist in JobStore: 4dc3fc8 #u0a131/-280572046 com.google.android.as.oss/com.google.android.gms.learning.internal.training.InAppJobService
11-14 18:14:30.385 1472 1807 D ActivityManager: freezing 19250 com.android.vending:instant_app_installer
11-14 18:14:30.390 1472 1807 D ActivityManager: freezing 12005 com.google.process.gservices
11-14 18:14:30.391 1472 1807 D ActivityManager: freezing 19704 com.google.android.apps.turbo
11-14 18:14:30.486 1472 1807 D ActivityManager: freezing 19214 com.google.android.apps.messaging
11-14 18:14:30.488 1472 1807 D ActivityManager: freezing 20145 com.google.android.googlequicksearchbox:search
11-14 18:14:30.898 1472 1807 D ActivityManager: freezing 6263 com.google.android.rkpdapp
11-14 18:14:32.281 1472 1807 D ActivityManager: freezing 9447 com.google.android.as.oss:learning_bg
11-14 18:14:32.372 1472 1807 D ActivityManager: freezing 10916 com.google.android.as.oss
11-14 18:14:32.385 595 21443 I keystore2: system/security/keystore2/src/watchdog.rs:319 - Watchdog thread idle -> terminating. Have a great day.
11-14 18:15:13.817 1942 3355 D PowerUI : can't show warning due to - plugged: true status unknown: false
11-14 18:16:13.808 1942 3359 D PowerUI : can't show warning due to - plugged: true status unknown: false
11-14 18:17:13.805 1942 3397 D PowerUI : can't show warning due to - plugged: true status unknown: false
11-14 18:17:16.097 1472 1696 I UsageStatsService: User[0] Flushing usage stats to disk
11-14 18:17:46.715 1942 3398 D PowerUI : can't show warning due to - plugged: true status unknown: false
11-14 18:18:13.804 1942 3404 D PowerUI : can't show warning due to - plugged: true status unknown: false
11-14 18:19:13.807 1942 3314 D PowerUI : can't show warning due to - plugged: true status unknown: false
11-14 18:20:13.804 1942 2553 D PowerUI : can't show warning due to - plugged: true status unknown: false
11-14 18:21:13.803 1942 3354 D PowerUI : can't show warning due to - plugged: true status unknown: false
11-14 18:22:13.805 1942 3355 D PowerUI : can't show warning due to - plugged: true status unknown: false
11-14 18:22:58.008 1942 3359 D PowerUI : can't show warning due to - plugged: true status unknown: false
11-14 18:23:13.806 1942 3397 D PowerUI : can't show warning due to - plugged: true status unknown: false
11-14 18:24:13.807 1942 3398 D PowerUI : can't show warning due to - plugged: true status unknown: false
11-14 18:25:13.804 1942 3404 D PowerUI : can't show warning due to - plugged: true status unknown: false
11-14 18:26:13.801 1942 3314 D PowerUI : can't show warning due to - plugged: true status unknown: false
11-14 18:26:46.316 1472 4786 D ActivityManager: sync unfroze 2098 com.google.android.permissioncontroller
11-14 18:27:13.808 1942 2553 D PowerUI : can't show warning due to - plugged: true status unknown: false
11-14 18:27:26.398 1472 1807 D ActivityManager: freezing 2098 com.google.android.permissioncontroller
11-14 18:28:09.302 1942 3354 D PowerUI : can't show warning due to - plugged: true status unknown: false
11-14 18:28:13.808 1942 3355 D PowerUI : can't show warning due to - plugged: true status unknown: false
11-14 18:29:13.806 1942 3359 D PowerUI : can't show warning due to - plugged: true status unknown: false
11-14 18:30:07.548 1472 1797 D ActivityManager: sync unfroze 18421 com.google.android.apps.wellbeing
11-14 18:30:07.555 1472 1797 D ActivityManager: sync unfroze 17097 com.google.android.partnersetup
11-14 18:30:07.583 1472 1797 D ActivityManager: sync unfroze 16945 com.google.android.apps.turbo:aab
11-14 18:30:07.594 1472 1797 D ActivityManager: sync unfroze 19214 com.google.android.apps.messaging
11-14 18:30:07.600 1472 1797 D ActivityManager: sync unfroze 10916 com.google.android.as.oss
11-14 18:30:07.604 1472 1797 D ActivityManager: sync unfroze 12046 com.google.android.apps.safetyhub
11-14 18:30:07.616 1472 1695 D ActivityManager: sync unfroze 12005 com.google.process.gservices
11-14 18:30:07.630 1472 1472 I StorageManagerService: Storage lifetime: 1
11-14 18:30:07.630 1472 1472 I StorageManagerService: Set smart idle maintenance: latest write amount: 947, average write amount: 199, min segment threshold: 512, dirty reclaim rate: 0.5, segment reclaim weight: 2.0, period(min): 60, min gc sleep time(ms): 5000, target dirty ratio: 80
11-14 18:30:07.634 548 560 I vold : Enough free segments: 43524
11-14 18:30:07.635 1472 1472 I SmartStorageMaintIdler: Got smart storage maintenance service completion callback
11-14 18:30:07.642 1472 1472 W JobScheduler: Job didn't exist in JobStore: a1a0889 #1000/2808 android/com.android.server.SmartStorageMaintIdler
11-14 18:30:07.647 1472 1472 D ActivityManager: sync unfroze 19704 com.google.android.apps.turbo
11-14 18:30:07.704 1472 4801 W JobScheduler: Job didn't exist in JobStore: 793c790 #u0a115/4096 com.google.android.partnersetup/.InstalledAppJobService
11-14 18:30:07.717 1472 4786 D ActivityManager: sync unfroze 9447 com.google.android.as.oss:learning_bg
11-14 18:30:07.756 1472 3849 W JobScheduler: Job didn't exist in JobStore: b73aa58 #u0a131/-1679289975 com.google.android.as.oss/com.google.android.gms.learning.internal.training.InAppJobService
