11-14 22:16:42.288 30243 30572 W CCodecBufferChannel: no present fence for frame 1026
11-14 22:16:42.319 30243 30572 W CCodecBufferChannel: no present fence for frame 1027
11-14 22:16:42.319 30243 30572 W CCodecBufferChannel: no present fence for frame 1028
11-14 22:16:42.339 30243 30572 W CCodecBufferChannel: no present fence for frame 1029
11-14 22:16:42.350 30243 30572 W CCodecBufferChannel: no present fence for frame 1030
11-14 22:16:42.371 30243 30572 W CCodecBufferChannel: no present fence for frame 1031
11-14 22:16:42.383 30243 30572 W CCodecBufferChannel: no present fence for frame 1032
11-14 22:16:42.394 936 936 I WifiHAL : Creating message to get link statistics; iface = 47
11-14 22:16:42.401 30243 30572 W CCodecBufferChannel: no present fence for frame 1033
11-14 22:16:42.421 30243 30572 W CCodecBufferChannel: no present fence for frame 1034
11-14 22:16:42.431 30243 30572 W CCodecBufferChannel: no present fence for frame 1035
11-14 22:16:42.445 936 936 I WifiHAL : In GetLinkStatsCommand::handleResponse
11-14 22:16:42.471 30243 30572 W CCodecBufferChannel: no present fence for frame 1036
11-14 22:16:42.480 1472 1871 D ConnectivityService: NetReassign [no changes] [c 0] [a 0] [i 2]
11-14 22:16:42.481 30243 30572 W CCodecBufferChannel: no present fence for frame 1037
11-14 22:16:42.504 30243 30572 W CCodecBufferChannel: no present fence for frame 1038
11-14 22:16:42.513 30243 30572 W CCodecBufferChannel: no present fence for frame 1039
11-14 22:16:42.573 30243 30572 W CCodecBufferChannel: no present fence for frame 1040
11-14 22:16:42.573 30243 30572 W CCodecBufferChannel: no present fence for frame 1041
11-14 22:16:42.573 30243 30572 W CCodecBufferChannel: no present fence for frame 1042
11-14 22:16:42.748 30243 30572 W CCodecBufferChannel: no present fence for frame 1043
11-14 22:16:42.748 30243 30572 W CCodecBufferChannel: no present fence for frame 1044
11-14 22:16:42.748 30243 30572 W CCodecBufferChannel: no present fence for frame 1045
11-14 22:16:42.748 30243 30572 W CCodecBufferChannel: no present fence for frame 1046
11-14 22:16:42.748 30243 30572 W CCodecBufferChannel: no present fence for frame 1047
11-14 22:16:42.748 30243 30572 W CCodecBufferChannel: no present fence for frame 1048
11-14 22:16:42.748 30243 30572 W CCodecBufferChannel: no present fence for frame 1049
11-14 22:16:42.899 30243 30572 W CCodecBufferChannel: no present fence for frame 1050
11-14 22:16:42.920 30243 30572 W CCodecBufferChannel: no present fence for frame 1051
11-14 22:16:42.940 30243 30572 W CCodecBufferChannel: no present fence for frame 1052
11-14 22:16:42.950 30243 30572 W CCodecBufferChannel: no present fence for frame 1053
11-14 22:16:43.001 30243 30572 W CCodecBufferChannel: no present fence for frame 1054
11-14 22:16:43.021 30243 30572 W CCodecBufferChannel: no present fence for frame 1055
11-14 22:16:43.031 30243 30572 W CCodecBufferChannel: no present fence for frame 1056
11-14 22:16:43.050 30243 30572 W CCodecBufferChannel: no present fence for frame 1057
11-14 22:16:43.073 30243 30572 W CCodecBufferChannel: no present fence for frame 1058
11-14 22:16:43.082 30243 30572 W CCodecBufferChannel: no present fence for frame 1059
11-14 22:16:43.102 30243 30572 W CCodecBufferChannel: no present fence for frame 1060
11-14 22:16:43.122 30243 30572 W CCodecBufferChannel: no present fence for frame 1061
11-14 22:16:43.132 30243 30572 W CCodecBufferChannel: no present fence for frame 1062
11-14 22:16:43.153 30243 30572 W CCodecBufferChannel: no present fence for frame 1063
11-14 22:16:43.502 30243 30572 W CCodecBufferChannel: no present fence for frame 1064
11-14 22:16:43.502 30243 30572 W CCodecBufferChannel: no present fence for frame 1065
11-14 22:16:43.502 30243 30572 W CCodecBufferChannel: no present fence for frame 1066
11-14 22:16:43.502 30243 30572 W CCodecBufferChannel: no present fence for frame 1067
11-14 22:16:43.502 30243 30572 W CCodecBufferChannel: no present fence for frame 1068
11-14 22:16:43.502 30243 30572 W CCodecBufferChannel: no present fence for frame 1069
11-14 22:16:43.502 30243 30572 W CCodecBufferChannel: no present fence for frame 1070
11-14 22:16:43.502 30243 30572 W CCodecBufferChannel: no present fence for frame 1071
11-14 22:16:43.502 30243 30572 W CCodecBufferChannel: no present fence for frame 1072
11-14 22:16:43.703 923 30584 W C2BqBuffer: last successful dequeue was 64079 us ago, 6 consecutive failures
11-14 22:16:43.706 30243 30572 W CCodecBufferChannel: no present fence for frame 1073
11-14 22:16:43.706 30243 30572 W CCodecBufferChannel: no present fence for frame 1074
11-14 22:16:43.756 30243 30572 W CCodecBufferChannel: no present fence for frame 1075
11-14 22:16:43.756 30243 30572 W CCodecBufferChannel: no present fence for frame 1076
11-14 22:16:43.756 30243 30572 W CCodecBufferChannel: no present fence for frame 1077
11-14 22:16:43.766 30243 30572 W CCodecBufferChannel: no present fence for frame 1078
11-14 22:16:43.868 30243 30572 W CCodecBufferChannel: no present fence for frame 1079
11-14 22:16:43.938 30243 30572 W CCodecBufferChannel: no present fence for frame 1080
11-14 22:16:43.939 30243 30572 W CCodecBufferChannel: no present fence for frame 1081
11-14 22:16:43.939 30243 30572 W CCodecBufferChannel: no present fence for frame 1082
11-14 22:16:44.072 30243 30572 W CCodecBufferChannel: no present fence for frame 1083
11-14 22:16:44.268 30243 30572 W CCodecBufferChannel: no present fence for frame 1084
11-14 22:16:44.268 30243 30572 W CCodecBufferChannel: no present fence for frame 1085
11-14 22:16:44.268 30243 30572 W CCodecBufferChannel: no present fence for frame 1086
11-14 22:16:44.268 30243 30572 W CCodecBufferChannel: no present fence for frame 1087
11-14 22:16:44.418 30243 30572 W CCodecBufferChannel: no present fence for frame 1088
11-14 22:16:44.439 30243 30572 W CCodecBufferChannel: no present fence for frame 1089
11-14 22:16:44.449 30243 30572 W CCodecBufferChannel: no present fence for frame 1090
11-14 22:16:44.469 30243 30572 W CCodecBufferChannel: no present fence for frame 1091
11-14 22:16:44.492 30243 30572 W CCodecBufferChannel: no present fence for frame 1092
11-14 22:16:44.500 30243 30572 W CCodecBufferChannel: no present fence for frame 1093
11-14 22:16:44.520 30243 30572 W CCodecBufferChannel: no present fence for frame 1094
11-14 22:16:44.541 30243 30572 W CCodecBufferChannel: no present fence for frame 1095
11-14 22:16:44.551 30243 30572 W CCodecBufferChannel: no present fence for frame 1096
11-14 22:16:44.571 30243 30572 W CCodecBufferChannel: no present fence for frame 1097
11-14 22:16:44.592 30243 30572 W CCodecBufferChannel: no present fence for frame 1098
11-14 22:16:44.604 30243 30572 W CCodecBufferChannel: no present fence for frame 1099
11-14 22:16:44.607 1127 1127 D AOC : A3:MSG: usf_sensor.cc, 1481: USF: Received stop sampling request for LSM6DSR Accelerometer.
11-14 22:16:44.608 1128 1349 I CHRE : @ 1910548.060: [AR] ON => IDLE
11-14 22:16:44.609 1128 1349 I CHRE : @ 1910548.061: [AR] audiofusion:HandleIdleStateChange: state = 1
11-14 22:16:44.609 1128 1349 D CHRE : @ 1910548.061: [ActivityPlatform] type 4, confidence 95
11-14 22:16:44.609 923 30040 D BufferPoolAccessor2.0: bufferpool2 0xb400006f7f74b0f8 : 6(23329536 size) total buffers - 5(19441280 size) used buffers - 3091/3100 (recycle/alloc) - 28/3094 (fetch/transfer)
11-14 22:16:44.632 30243 30572 W CCodecBufferChannel: no present fence for frame 1100
11-14 22:16:44.632 30243 30572 W CCodecBufferChannel: no present fence for frame 1101
11-14 22:16:44.652 30243 30572 W CCodecBufferChannel: no present fence for frame 1102
11-14 22:16:44.672 30243 30572 W CCodecBufferChannel: no present fence for frame 1103
11-14 22:16:44.683 30243 30572 W CCodecBufferChannel: no present fence for frame 1104
11-14 22:16:44.705 30243 30572 W CCodecBufferChannel: no present fence for frame 1105
11-14 22:16:44.725 30243 30572 W CCodecBufferChannel: no present fence for frame 1106
11-14 22:16:44.735 30243 30572 W CCodecBufferChannel: no present fence for frame 1107
11-14 22:16:44.755 30243 30572 W CCodecBufferChannel: no present fence for frame 1108
11-14 22:16:44.786 30243 30572 W CCodecBufferChannel: no present fence for frame 1109
11-14 22:16:44.806 30243 30572 W CCodecBufferChannel: no present fence for frame 1110
11-14 22:16:44.819 30243 30572 W CCodecBufferChannel: no present fence for frame 1111
11-14 22:16:44.838 30243 30572 W CCodecBufferChannel: no present fence for frame 1112
11-14 22:16:44.839 923 30574 I ExynosC2H264DecComponent: [doQueue] input detects EOS flag !!
11-14 22:16:44.839 923 30581 D ExynosVideoDecoder: MFC_Decoder_Enqueue_Inbuf: EMPTY DATA
11-14 22:16:44.841 923 30583 I ExynosVideoCodecDec-H264Dec: [dstDequeue] DPB has reached EOS
11-14 22:16:44.841 923 30574 I ExynosC2H264DecComponent: [onUpdateC2Work] output detects EOS !!
11-14 22:16:44.858 30243 30572 W CCodecBufferChannel: no present fence for frame 1113
11-14 22:16:44.922 30627 30627 I trusty_metricsd: starting trusty_metricsd
11-14 22:16:44.922 30627 30627 I trusty_metricsd: trusty dev: /dev/trusty-ipc-dev0
11-14 22:16:44.925 30627 30627 E libtrusty: tipc_connect: can't connect to tipc service "com.android.trusty.metrics" (err=107)
11-14 22:16:44.925 30627 30627 E trusty_metricsd: failed to open TrustyMetricsPixel: failed to connect to Trusty metrics TA: Transport endpoint is not connected
11-14 22:16:44.926 30627 30627 E trusty_metricsd: failed to open Trusty metrics client
11-14 22:16:44.949 30243 30572 W CCodecBufferChannel: no present fence for frame 1114
11-14 22:16:44.950 30243 30572 W CCodecBufferChannel: no present fence for frame 1115
11-14 22:16:44.950 30243 30572 W CCodecBufferChannel: no present fence for frame 1116
11-14 22:16:44.950 30243 30572 W CCodecBufferChannel: no present fence for frame 1117
11-14 22:16:44.950 30243 30572 W CCodecBufferChannel: no present fence for frame 1118
11-14 22:16:44.950 30243 30572 W CCodecBufferChannel: no present fence for frame 1119
11-14 22:16:44.952 30628 30628 I flags_health_check: ServerConfigurableFlagsReset reset_mode value: 1
11-14 22:16:44.953 30628 30628 I flags_health_check: ServerConfigurableFlagsReset updatable crashing detected, resetting flags.
11-14 22:16:45.073 30243 30572 W CCodecBufferChannel: no present fence for frame 1120
11-14 22:16:45.073 30243 30572 W CCodecBufferChannel: no present fence for frame 1121
11-14 22:16:45.073 30243 30572 W CCodecBufferChannel: no present fence for frame 1122
11-14 22:16:45.453 30243 30572 W CCodecBufferChannel: no present fence for frame 1123
11-14 22:16:45.453 30243 30572 W CCodecBufferChannel: no present fence for frame 1124
11-14 22:16:45.960 30243 30572 W CCodecBufferChannel: no present fence for frame 1125
11-14 22:16:45.960 30243 30572 W CCodecBufferChannel: no present fence for frame 1126
11-14 22:16:46.247 30243 30569 I Surface : Surface::setFrameRate is deprecated, setFrameRate hint is dropped as destination is not SurfaceFlinger
11-14 22:16:46.252 30243 30569 D MediaCodec: keep callback message for reclaim
11-14 22:16:46.253 30243 30572 I CCodecConfig: query failed after returning 15 values (BAD_INDEX)
11-14 22:16:46.254 30243 30572 W Codec2Client: query -- param skipped: index = 1073743886.
11-14 22:16:46.254 30243 30572 W Codec2Client: query -- param skipped: index = 1610614798.
11-14 22:16:46.270 3703 29680 D MediaProvider: Open with FUSE. FilePath: /storage/emulated/0/QTBUG-107883-quickcontrols-texteditor-qt660.mp4. Uid: 10192. Media Capabilities Uid: 0. ShouldRedact: false. ShouldTranscode: false
11-14 22:16:46.286 30243 30521 D CCodecBufferChannel: [c2.exynos.h264.decoder#302] Ignoring stale input buffer done callback: last flush index = 1457, frameIndex = 1457
11-14 22:16:46.286 923 30574 I ExynosC2H264DecComponent: [updateC2Buffer_ColorAspects] HDR :: color aspects(r:2, p:0x1, t:0x3, m:0x1)
11-14 22:16:46.300 30243 30569 I Surface : Surface::setFrameRate is deprecated, setFrameRate hint is dropped as destination is not SurfaceFlinger
11-14 22:16:46.493 30243 30572 W CCodecBufferChannel: no present fence for frame 1129
11-14 22:16:46.639 30243 30572 W CCodecBufferChannel: no present fence for frame 1130
11-14 22:16:46.996 30243 30572 W CCodecBufferChannel: no present fence for frame 1131
11-14 22:16:47.147 30243 30572 W CCodecBufferChannel: no present fence for frame 1132
11-14 22:16:47.496 30243 30572 W CCodecBufferChannel: no present fence for frame 1133
11-14 22:16:47.639 30243 30572 D BufferPoolAccessor2.0: bufferpool2 0xb4000070f4271738 : 5(36700160 size) total buffers - 1(7340032 size) used buffers - 1473/1478 (recycle/alloc) - 29/1475 (fetch/transfer)
11-14 22:16:47.642 30243 30572 W CCodecBufferChannel: no present fence for frame 1134
11-14 22:16:47.989 30243 30572 W CCodecBufferChannel: no present fence for frame 1135
11-14 22:16:48.146 30243 30572 W CCodecBufferChannel: no present fence for frame 1136
11-14 22:16:48.306 30243 30572 W CCodecBufferChannel: no present fence for frame 1137
11-14 22:16:48.482 936 936 I WifiHAL : Creating message to get link statistics; iface = 47
11-14 22:16:48.513 30243 30572 W CCodecBufferChannel: no present fence for frame 1138
11-14 22:16:48.513 30243 30572 W CCodecBufferChannel: no present fence for frame 1139
11-14 22:16:48.513 30243 30572 W CCodecBufferChannel: no present fence for frame 1140
11-14 22:16:48.513 30243 30572 W CCodecBufferChannel: no present fence for frame 1141
11-14 22:16:48.513 30243 30572 W CCodecBufferChannel: no present fence for frame 1142
11-14 22:16:48.513 30243 30572 W CCodecBufferChannel: no present fence for frame 1143
11-14 22:16:48.566 936 936 I WifiHAL : In GetLinkStatsCommand::handleResponse
11-14 22:16:48.596 1942 1942 D StatusBarIconController: ignoring old pipeline callback because the new wifi icon is enabled
11-14 22:16:48.601 1472 1871 D ConnectivityService: NetReassign [no changes] [c 0] [a 0] [i 2]
11-14 22:16:48.655 30243 30572 W CCodecBufferChannel: no present fence for frame 1144
11-14 22:16:49.014 30243 30572 W CCodecBufferChannel: no present fence for frame 1145
11-14 22:16:49.513 30243 30572 W CCodecBufferChannel: no present fence for frame 1146
11-14 22:16:49.513 30243 30572 W CCodecBufferChannel: no present fence for frame 1147
11-14 22:16:49.663 30243 30572 W CCodecBufferChannel: no present fence for frame 1148
11-14 22:16:49.683 923 30040 D BufferPoolAccessor2.0: bufferpool2 0xb400006f7f74b0f8 : 6(23329536 size) total buffers - 5(19441280 size) used buffers - 3134/3143 (recycle/alloc) - 30/3137 (fetch/transfer)
11-14 22:16:49.861 30243 30572 W CCodecBufferChannel: no present fence for frame 1149
11-14 22:16:49.861 30243 30572 W CCodecBufferChannel: no present fence for frame 1150
11-14 22:16:49.861 30243 30572 W CCodecBufferChannel: no present fence for frame 1151
11-14 22:16:49.929 30243 30572 W CCodecBufferChannel: no present fence for frame 1152
11-14 22:16:49.929 30243 30572 W CCodecBufferChannel: no present fence for frame 1153
11-14 22:16:49.943 30629 30629 I trusty_metricsd: starting trusty_metricsd
11-14 22:16:49.943 30629 30629 I trusty_metricsd: trusty dev: /dev/trusty-ipc-dev0
11-14 22:16:49.947 30629 30629 E libtrusty: tipc_connect: can't connect to tipc service "com.android.trusty.metrics" (err=107)
11-14 22:16:49.947 30629 30629 E trusty_metricsd: failed to open TrustyMetricsPixel: failed to connect to Trusty metrics TA: Transport endpoint is not connected
11-14 22:16:49.947 30629 30629 E trusty_metricsd: failed to open Trusty metrics client
11-14 22:16:49.980 30630 30630 I flags_health_check: ServerConfigurableFlagsReset reset_mode value: 1
11-14 22:16:49.981 30630 30630 I flags_health_check: ServerConfigurableFlagsReset updatable crashing detected, resetting flags.
11-14 22:16:50.064 30243 30572 W CCodecBufferChannel: no present fence for frame 1154
11-14 22:16:50.124 30243 30572 W CCodecBufferChannel: no present fence for frame 1155
11-14 22:16:50.124 30243 30572 W CCodecBufferChannel: no present fence for frame 1156
11-14 22:16:50.640 30243 30572 W CCodecBufferChannel: no present fence for frame 1157
11-14 22:16:50.640 30243 30572 W CCodecBufferChannel: no present fence for frame 1158
11-14 22:16:50.640 30243 30572 W CCodecBufferChannel: no present fence for frame 1159
11-14 22:16:50.640 30243 30572 W CCodecBufferChannel: no present fence for frame 1160
11-14 22:16:50.909 30243 30572 W CCodecBufferChannel: no present fence for frame 1161
11-14 22:16:51.061 30243 30572 W CCodecBufferChannel: no present fence for frame 1162
11-14 22:16:51.082 30243 30572 W CCodecBufferChannel: no present fence for frame 1163
11-14 22:16:51.092 30243 30572 W CCodecBufferChannel: no present fence for frame 1164
11-14 22:16:51.114 30243 30572 W CCodecBufferChannel: no present fence for frame 1165
11-14 22:16:51.143 30243 30572 W CCodecBufferChannel: no present fence for frame 1166
11-14 22:16:51.143 30243 30572 W CCodecBufferChannel: no present fence for frame 1167
11-14 22:16:51.164 30243 30572 W CCodecBufferChannel: no present fence for frame 1168
11-14 22:16:51.174 30243 30572 W CCodecBufferChannel: no present fence for frame 1169
11-14 22:16:51.228 30243 30572 W CCodecBufferChannel: no present fence for frame 1170
11-14 22:16:51.228 30243 30572 W CCodecBufferChannel: no present fence for frame 1171
11-14 22:16:51.247 30243 30572 W CCodecBufferChannel: no present fence for frame 1172
11-14 22:16:51.257 30243 30572 W CCodecBufferChannel: no present fence for frame 1173
11-14 22:16:51.297 30243 30572 W CCodecBufferChannel: no present fence for frame 1174
11-14 22:16:51.308 30243 30572 W CCodecBufferChannel: no present fence for frame 1175
11-14 22:16:51.328 30243 30572 W CCodecBufferChannel: no present fence for frame 1176
11-14 22:16:51.349 30243 30572 W CCodecBufferChannel: no present fence for frame 1177
11-14 22:16:51.399 30243 30572 W CCodecBufferChannel: no present fence for frame 1178
11-14 22:16:51.399 30243 30572 W CCodecBufferChannel: no present fence for frame 1179
11-14 22:16:51.408 30243 30572 W CCodecBufferChannel: no present fence for frame 1180
11-14 22:16:51.625 30243 30572 W CCodecBufferChannel: no present fence for frame 1181
11-14 22:16:51.625 30243 30572 W CCodecBufferChannel: no present fence for frame 1182
11-14 22:16:51.625 30243 30572 W CCodecBufferChannel: no present fence for frame 1183
11-14 22:16:51.625 30243 30572 W CCodecBufferChannel: no present fence for frame 1184
11-14 22:16:51.625 30243 30572 W CCodecBufferChannel: no present fence for frame 1185
11-14 22:16:51.625 30243 30572 W CCodecBufferChannel: no present fence for frame 1186
11-14 22:16:51.625 30243 30572 W CCodecBufferChannel: no present fence for frame 1187
11-14 22:16:51.625 30243 30572 W CCodecBufferChannel: no present fence for frame 1188
11-14 22:16:52.148 30243 30572 W CCodecBufferChannel: no present fence for frame 1189
11-14 22:16:52.149 30243 30572 W CCodecBufferChannel: no present fence for frame 1190
11-14 22:16:52.599 30243 30572 W CCodecBufferChannel: no present fence for frame 1191
11-14 22:16:52.599 30243 30572 W CCodecBufferChannel: no present fence for frame 1192
11-14 22:16:52.661 30243 30572 D BufferPoolAccessor2.0: bufferpool2 0xb4000070f4271738 : 5(36700160 size) total buffers - 1(7340032 size) used buffers - 1542/1547 (recycle/alloc) - 33/1544 (fetch/transfer)
11-14 22:16:52.751 30243 30572 W CCodecBufferChannel: no present fence for frame 1193
11-14 22:16:52.762 30243 30572 W CCodecBufferChannel: no present fence for frame 1194
11-14 22:16:52.784 30243 30572 W CCodecBufferChannel: no present fence for frame 1195
11-14 22:16:52.812 30243 30572 W CCodecBufferChannel: no present fence for frame 1196
11-14 22:16:52.842 30243 30572 W CCodecBufferChannel: no present fence for frame 1197
11-14 22:16:52.863 30243 30572 W CCodecBufferChannel: no present fence for frame 1198
11-14 22:16:52.883 30243 30572 W CCodecBufferChannel: no present fence for frame 1199
11-14 22:16:52.915 30243 30572 W CCodecBufferChannel: no present fence for frame 1200
11-14 22:16:52.915 30243 30572 W CCodecBufferChannel: no present fence for frame 1201
11-14 22:16:52.933 30243 30572 W CCodecBufferChannel: no present fence for frame 1202
11-14 22:16:52.944 30243 30572 W CCodecBufferChannel: no present fence for frame 1203
11-14 22:16:52.983 30243 30572 W CCodecBufferChannel: no present fence for frame 1204
11-14 22:16:52.983 30243 30572 W CCodecBufferChannel: no present fence for frame 1205
11-14 22:16:52.993 30243 30572 W CCodecBufferChannel: no present fence for frame 1206
11-14 22:16:53.136 30243 30572 W CCodecBufferChannel: no present fence for frame 1207
11-14 22:16:53.136 30243 30572 W CCodecBufferChannel: no present fence for frame 1208
11-14 22:16:53.136 30243 30572 W CCodecBufferChannel: no present fence for frame 1209
11-14 22:16:53.136 30243 30572 W CCodecBufferChannel: no present fence for frame 1210
11-14 22:16:53.136 30243 30572 W CCodecBufferChannel: no present fence for frame 1211
11-14 22:16:53.136 30243 30572 W CCodecBufferChannel: no present fence for frame 1212
11-14 22:16:53.146 30243 30572 W CCodecBufferChannel: no present fence for frame 1213
11-14 22:16:53.279 30243 30572 W CCodecBufferChannel: no present fence for frame 1214
11-14 22:16:53.301 30243 30572 W CCodecBufferChannel: no present fence for frame 1215
11-14 22:16:53.361 30243 30572 W CCodecBufferChannel: no present fence for frame 1216
11-14 22:16:53.383 30243 30572 W CCodecBufferChannel: no present fence for frame 1217
11-14 22:16:53.432 30243 30572 W CCodecBufferChannel: no present fence for frame 1218
11-14 22:16:53.432 30243 30572 W CCodecBufferChannel: no present fence for frame 1219
11-14 22:16:53.452 30243 30572 W CCodecBufferChannel: no present fence for frame 1220
11-14 22:16:53.462 30243 30572 W CCodecBufferChannel: no present fence for frame 1221
11-14 22:16:53.514 30243 30572 W CCodecBufferChannel: no present fence for frame 1222
11-14 22:16:53.514 30243 30572 W CCodecBufferChannel: no present fence for frame 1223
11-14 22:16:53.533 30243 30572 W CCodecBufferChannel: no present fence for frame 1224
11-14 22:16:53.553 30243 30572 W CCodecBufferChannel: no present fence for frame 1225
11-14 22:16:53.585 30243 30572 W CCodecBufferChannel: no present fence for frame 1226
11-14 22:16:53.596 30243 30572 W CCodecBufferChannel: no present fence for frame 1227
11-14 22:16:53.616 30243 30572 W CCodecBufferChannel: no present fence for frame 1228
11-14 22:16:53.629 30243 30572 W CCodecBufferChannel: no present fence for frame 1229
11-14 22:16:53.667 30243 30572 W CCodecBufferChannel: no present fence for frame 1230
11-14 22:16:53.677 30243 30572 W CCodecBufferChannel: no present fence for frame 1231
11-14 22:16:53.718 30243 30572 W CCodecBufferChannel: no present fence for frame 1232
11-14 22:16:53.718 30243 30572 W CCodecBufferChannel: no present fence for frame 1233
11-14 22:16:53.728 30243 30572 W CCodecBufferChannel: no present fence for frame 1234
11-14 22:16:53.751 30243 30572 W CCodecBufferChannel: no present fence for frame 1235
11-14 22:16:53.770 30243 30572 W CCodecBufferChannel: no present fence for frame 1236
11-14 22:16:53.779 30243 30572 W CCodecBufferChannel: no present fence for frame 1237
11-14 22:16:53.800 30243 30572 W CCodecBufferChannel: no present fence for frame 1238
11-14 22:16:53.810 30243 30572 W CCodecBufferChannel: no present fence for frame 1239
11-14 22:16:53.833 30243 30572 W CCodecBufferChannel: no present fence for frame 1240
11-14 22:16:53.862 30243 30572 W CCodecBufferChannel: no present fence for frame 1241
11-14 22:16:53.902 30243 30572 W CCodecBufferChannel: no present fence for frame 1242
11-14 22:16:53.902 30243 30572 W CCodecBufferChannel: no present fence for frame 1243
11-14 22:16:53.912 30243 30572 W CCodecBufferChannel: no present fence for frame 1244
11-14 22:16:53.932 30243 30572 W CCodecBufferChannel: no present fence for frame 1245
11-14 22:16:53.962 30243 30572 W CCodecBufferChannel: no present fence for frame 1246
11-14 22:16:53.963 30243 30572 W CCodecBufferChannel: no present fence for frame 1247
11-14 22:16:53.983 30243 30572 W CCodecBufferChannel: no present fence for frame 1248
11-14 22:16:54.013 30243 30572 W CCodecBufferChannel: no present fence for frame 1249
11-14 22:16:54.044 30243 30572 W CCodecBufferChannel: no present fence for frame 1250
11-14 22:16:54.064 30243 30572 W CCodecBufferChannel: no present fence for frame 1251
11-14 22:16:54.084 30243 30572 W CCodecBufferChannel: no present fence for frame 1252
11-14 22:16:54.115 30243 30572 W CCodecBufferChannel: no present fence for frame 1253
11-14 22:16:54.134 30243 30572 W CCodecBufferChannel: no present fence for frame 1254
11-14 22:16:54.166 30243 30572 W CCodecBufferChannel: no present fence for frame 1255
11-14 22:16:54.185 30243 30572 W CCodecBufferChannel: no present fence for frame 1256
11-14 22:16:54.195 30243 30572 W CCodecBufferChannel: no present fence for frame 1257
11-14 22:16:54.216 30243 30572 W CCodecBufferChannel: no present fence for frame 1258
11-14 22:16:54.236 30243 30572 W CCodecBufferChannel: no present fence for frame 1259
11-14 22:16:54.246 30243 30572 W CCodecBufferChannel: no present fence for frame 1260
11-14 22:16:54.269 30243 30572 W CCodecBufferChannel: no present fence for frame 1261
11-14 22:16:54.296 30243 30572 W CCodecBufferChannel: no present fence for frame 1262
11-14 22:16:54.296 30243 30572 W CCodecBufferChannel: no present fence for frame 1263
11-14 22:16:54.317 30243 30572 W CCodecBufferChannel: no present fence for frame 1264
11-14 22:16:54.337 30243 30572 W CCodecBufferChannel: no present fence for frame 1265
11-14 22:16:54.347 30243 30572 W CCodecBufferChannel: no present fence for frame 1266
11-14 22:16:54.370 30243 30572 W CCodecBufferChannel: no present fence for frame 1267
11-14 22:16:54.378 30243 30572 W CCodecBufferChannel: no present fence for frame 1268
11-14 22:16:54.398 30243 30572 W CCodecBufferChannel: no present fence for frame 1269
11-14 22:16:54.419 30243 30572 W CCodecBufferChannel: no present fence for frame 1270
11-14 22:16:54.448 30243 30572 W CCodecBufferChannel: no present fence for frame 1271
11-14 22:16:54.469 30243 30572 W CCodecBufferChannel: no present fence for frame 1272
11-14 22:16:54.481 30243 30572 W CCodecBufferChannel: no present fence for frame 1273
11-14 22:16:54.500 30243 30572 W CCodecBufferChannel: no present fence for frame 1274
11-14 22:16:54.510 30243 30572 W CCodecBufferChannel: no present fence for frame 1275
11-14 22:16:54.531 30243 30572 W CCodecBufferChannel: no present fence for frame 1276
11-14 22:16:54.551 30243 30572 W CCodecBufferChannel: no present fence for frame 1277
11-14 22:16:54.561 30243 30572 W CCodecBufferChannel: no present fence for frame 1278
11-14 22:16:54.582 30243 30572 W CCodecBufferChannel: no present fence for frame 1279
11-14 22:16:54.599 936 936 I WifiHAL : Creating message to get link statistics; iface = 47
11-14 22:16:54.604 30243 30572 W CCodecBufferChannel: no present fence for frame 1280
11-14 22:16:54.612 30243 30572 W CCodecBufferChannel: no present fence for frame 1281
11-14 22:16:54.634 30243 30572 W CCodecBufferChannel: no present fence for frame 1282
11-14 22:16:54.664 30243 30572 W CCodecBufferChannel: no present fence for frame 1283
11-14 22:16:54.664 30243 30572 W CCodecBufferChannel: no present fence for frame 1284
11-14 22:16:54.668 936 936 I WifiHAL : In GetLinkStatsCommand::handleResponse
11-14 22:16:54.684 30243 30572 W CCodecBufferChannel: no present fence for frame 1285
11-14 22:16:54.699 1942 1942 D StatusBarIconController: ignoring old pipeline callback because the new wifi icon is enabled
11-14 22:16:54.703 30243 30572 W CCodecBufferChannel: no present fence for frame 1286
11-14 22:16:54.703 1472 1871 D ConnectivityService: NetReassign [no changes] [c 1] [a 0] [i 3]
11-14 22:16:54.715 30243 30572 W CCodecBufferChannel: no present fence for frame 1287
11-14 22:16:54.734 30243 30572 W CCodecBufferChannel: no present fence for frame 1288
11-14 22:16:54.754 30243 30572 W CCodecBufferChannel: no present fence for frame 1289
11-14 22:16:54.764 30243 30572 W CCodecBufferChannel: no present fence for frame 1290
11-14 22:16:54.775 923 30040 D BufferPoolAccessor2.0: bufferpool2 0xb400006f7f74b0f8 : 6(23329536 size) total buffers - 5(19441280 size) used buffers - 3280/3289 (recycle/alloc) - 31/3283 (fetch/transfer)
11-14 22:16:54.804 30243 30572 W CCodecBufferChannel: no present fence for frame 1291
11-14 22:16:54.815 30243 30572 W CCodecBufferChannel: no present fence for frame 1292
11-14 22:16:54.837 30243 30572 W CCodecBufferChannel: no present fence for frame 1293
11-14 22:16:54.845 30243 30572 W CCodecBufferChannel: no present fence for frame 1294
11-14 22:16:54.866 30243 30572 W CCodecBufferChannel: no present fence for frame 1295
11-14 22:16:54.896 30243 30572 W CCodecBufferChannel: no present fence for frame 1296
11-14 22:16:54.896 30243 30572 W CCodecBufferChannel: no present fence for frame 1297
11-14 22:16:54.916 30243 30572 W CCodecBufferChannel: no present fence for frame 1298
11-14 22:16:54.947 30243 30572 W CCodecBufferChannel: no present fence for frame 1299
11-14 22:16:54.953 30631 30631 I trusty_metricsd: starting trusty_metricsd
11-14 22:16:54.953 30631 30631 I trusty_metricsd: trusty dev: /dev/trusty-ipc-dev0
11-14 22:16:54.957 30631 30631 E libtrusty: tipc_connect: can't connect to tipc service "com.android.trusty.metrics" (err=107)
11-14 22:16:54.957 30631 30631 E trusty_metricsd: failed to open TrustyMetricsPixel: failed to connect to Trusty metrics TA: Transport endpoint is not connected
11-14 22:16:54.957 30631 30631 E trusty_metricsd: failed to open Trusty metrics client
11-14 22:16:54.968 30243 30572 W CCodecBufferChannel: no present fence for frame 1300
11-14 22:16:54.979 30243 30572 W CCodecBufferChannel: no present fence for frame 1301
11-14 22:16:54.981 30632 30632 I flags_health_check: ServerConfigurableFlagsReset reset_mode value: 1
11-14 22:16:54.982 30632 30632 I flags_health_check: ServerConfigurableFlagsReset updatable crashing detected, resetting flags.
11-14 22:16:54.997 30243 30572 W CCodecBufferChannel: no present fence for frame 1302
11-14 22:16:55.017 30243 30572 W CCodecBufferChannel: no present fence for frame 1303
11-14 22:16:55.048 30243 30572 W CCodecBufferChannel: no present fence for frame 1304
11-14 22:16:55.069 30243 30572 W CCodecBufferChannel: no present fence for frame 1305
11-14 22:16:55.089 30243 30572 W CCodecBufferChannel: no present fence for frame 1306
11-14 22:16:55.101 30243 30572 W CCodecBufferChannel: no present fence for frame 1307
11-14 22:16:55.150 30243 30572 W CCodecBufferChannel: no present fence for frame 1308
11-14 22:16:55.150 30243 30572 W CCodecBufferChannel: no present fence for frame 1309
11-14 22:16:55.150 30243 30572 W CCodecBufferChannel: no present fence for frame 1310
11-14 22:16:55.336 30243 30572 W CCodecBufferChannel: no present fence for frame 1311
11-14 22:16:55.336 30243 30572 W CCodecBufferChannel: no present fence for frame 1312
11-14 22:16:55.337 30243 30572 W CCodecBufferChannel: no present fence for frame 1313
11-14 22:16:55.337 30243 30572 W CCodecBufferChannel: no present fence for frame 1314
11-14 22:16:55.337 30243 30572 W CCodecBufferChannel: no present fence for frame 1315
11-14 22:16:55.337 30243 30572 W CCodecBufferChannel: no present fence for frame 1316
11-14 22:16:55.337 30243 30572 W CCodecBufferChannel: no present fence for frame 1317
11-14 22:16:55.478 30243 30572 W CCodecBufferChannel: no present fence for frame 1318
11-14 22:16:55.498 30243 30572 W CCodecBufferChannel: no present fence for frame 1319
11-14 22:16:55.519 30243 30572 W CCodecBufferChannel: no present fence for frame 1320
11-14 22:16:55.529 30243 30572 W CCodecBufferChannel: no present fence for frame 1321
11-14 22:16:55.581 30243 30572 W CCodecBufferChannel: no present fence for frame 1322
11-14 22:16:55.602 30243 30572 W CCodecBufferChannel: no present fence for frame 1323
11-14 22:16:55.612 30243 30572 W CCodecBufferChannel: no present fence for frame 1324
11-14 22:16:55.632 30243 30572 W CCodecBufferChannel: no present fence for frame 1325
11-14 22:16:55.653 30243 30572 W CCodecBufferChannel: no present fence for frame 1326
11-14 22:16:55.685 30243 30572 W CCodecBufferChannel: no present fence for frame 1327
11-14 22:16:55.685 30243 30572 W CCodecBufferChannel: no present fence for frame 1328
11-14 22:16:55.704 30243 30572 W CCodecBufferChannel: no present fence for frame 1329
11-14 22:16:55.713 30243 30572 W CCodecBufferChannel: no present fence for frame 1330
11-14 22:16:55.734 30243 30572 W CCodecBufferChannel: no present fence for frame 1331
11-14 22:16:56.086 30243 30572 W CCodecBufferChannel: no present fence for frame 1332
11-14 22:16:56.086 30243 30572 W CCodecBufferChannel: no present fence for frame 1333
11-14 22:16:56.086 30243 30572 W CCodecBufferChannel: no present fence for frame 1334
11-14 22:16:56.086 30243 30572 W CCodecBufferChannel: no present fence for frame 1335
11-14 22:16:56.086 30243 30572 W CCodecBufferChannel: no present fence for frame 1336
11-14 22:16:56.086 30243 30572 W CCodecBufferChannel: no present fence for frame 1337
11-14 22:16:56.086 30243 30572 W CCodecBufferChannel: no present fence for frame 1338
11-14 22:16:56.086 30243 30572 W CCodecBufferChannel: no present fence for frame 1339
11-14 22:16:56.280 30243 30572 W CCodecBufferChannel: no present fence for frame 1340
11-14 22:16:56.281 30243 30572 W CCodecBufferChannel: no present fence for frame 1341
11-14 22:16:56.331 30243 30572 W CCodecBufferChannel: no present fence for frame 1342
11-14 22:16:56.331 30243 30572 W CCodecBufferChannel: no present fence for frame 1343
11-14 22:16:56.331 30243 30572 W CCodecBufferChannel: no present fence for frame 1344
11-14 22:16:56.352 30243 30572 W CCodecBufferChannel: no present fence for frame 1345
11-14 22:16:56.457 30243 30572 W CCodecBufferChannel: no present fence for frame 1346
11-14 22:16:56.516 30243 30572 W CCodecBufferChannel: no present fence for frame 1347
11-14 22:16:56.516 30243 30572 W CCodecBufferChannel: no present fence for frame 1348
11-14 22:16:56.516 30243 30572 W CCodecBufferChannel: no present fence for frame 1349
11-14 22:16:56.651 30243 30572 W CCodecBufferChannel: no present fence for frame 1350
11-14 22:16:56.857 30243 30572 W CCodecBufferChannel: no present fence for frame 1351
11-14 22:16:56.857 30243 30572 W CCodecBufferChannel: no present fence for frame 1352
11-14 22:16:56.857 30243 30572 W CCodecBufferChannel: no present fence for frame 1353
11-14 22:16:56.857 30243 30572 W CCodecBufferChannel: no present fence for frame 1354
11-14 22:16:57.001 30243 30572 W CCodecBufferChannel: no present fence for frame 1355
11-14 22:16:57.032 30243 30572 W CCodecBufferChannel: no present fence for frame 1356
11-14 22:16:57.032 30243 30572 W CCodecBufferChannel: no present fence for frame 1357
11-14 22:16:57.052 30243 30572 W CCodecBufferChannel: no present fence for frame 1358
11-14 22:16:57.073 30243 30572 W CCodecBufferChannel: no present fence for frame 1359
11-14 22:16:57.082 30243 30572 W CCodecBufferChannel: no present fence for frame 1360
11-14 22:16:57.103 30243 30572 W CCodecBufferChannel: no present fence for frame 1361
11-14 22:16:57.122 30243 30572 W CCodecBufferChannel: no present fence for frame 1362
11-14 22:16:57.132 30243 30572 W CCodecBufferChannel: no present fence for frame 1363
11-14 22:16:57.153 30243 30572 W CCodecBufferChannel: no present fence for frame 1364
11-14 22:16:57.184 30243 30572 W CCodecBufferChannel: no present fence for frame 1365
11-14 22:16:57.224 30243 30572 W CCodecBufferChannel: no present fence for frame 1366
11-14 22:16:57.224 30243 30572 W CCodecBufferChannel: no present fence for frame 1367
11-14 22:16:57.236 30243 30572 W CCodecBufferChannel: no present fence for frame 1368
11-14 22:16:57.254 30243 30572 W CCodecBufferChannel: no present fence for frame 1369
11-14 22:16:57.264 30243 30572 W CCodecBufferChannel: no present fence for frame 1370
11-14 22:16:57.284 30243 30572 W CCodecBufferChannel: no present fence for frame 1371
11-14 22:16:57.305 30243 30572 W CCodecBufferChannel: no present fence for frame 1372
11-14 22:16:57.314 30243 30572 W CCodecBufferChannel: no present fence for frame 1373
11-14 22:16:57.337 30243 30572 W CCodecBufferChannel: no present fence for frame 1374
11-14 22:16:57.367 30243 30572 W CCodecBufferChannel: no present fence for frame 1375
11-14 22:16:57.388 30243 30572 W CCodecBufferChannel: no present fence for frame 1376
11-14 22:16:57.407 30243 30572 W CCodecBufferChannel: no present fence for frame 1377
11-14 22:16:57.417 30243 30572 W CCodecBufferChannel: no present fence for frame 1378
11-14 22:16:57.438 30243 30572 W CCodecBufferChannel: no present fence for frame 1379
11-14 22:16:57.542 30243 30572 W CCodecBufferChannel: no present fence for frame 1380
11-14 22:16:57.542 30243 30572 W CCodecBufferChannel: no present fence for frame 1381
11-14 22:16:57.542 30243 30572 W CCodecBufferChannel: no present fence for frame 1382
11-14 22:16:57.542 30243 30572 W CCodecBufferChannel: no present fence for frame 1383
11-14 22:16:57.542 30243 30572 W CCodecBufferChannel: no present fence for frame 1384
11-14 22:16:57.542 30243 30572 W CCodecBufferChannel: no present fence for frame 1385
11-14 22:16:57.551 923 30574 I ExynosC2H264DecComponent: [doQueue] input detects EOS flag !!
11-14 22:16:57.553 923 30581 D ExynosVideoDecoder: MFC_Decoder_Enqueue_Inbuf: EMPTY DATA
11-14 22:16:57.554 923 30583 I ExynosVideoCodecDec-H264Dec: [dstDequeue] DPB has reached EOS
11-14 22:16:57.554 923 30574 I ExynosC2H264DecComponent: [onUpdateC2Work] output detects EOS !!
11-14 22:16:57.654 30243 30572 W CCodecBufferChannel: no present fence for frame 1386
11-14 22:16:57.654 30243 30572 W CCodecBufferChannel: no present fence for frame 1387
11-14 22:16:57.654 30243 30572 W CCodecBufferChannel: no present fence for frame 1388
11-14 22:16:58.033 30243 30572 W CCodecBufferChannel: no present fence for frame 1389
11-14 22:16:58.033 30243 30572 W CCodecBufferChannel: no present fence for frame 1390
11-14 22:16:58.542 30243 30572 W CCodecBufferChannel: no present fence for frame 1391
11-14 22:16:58.542 30243 30572 W CCodecBufferChannel: no present fence for frame 1392
11-14 22:16:58.830 30243 30569 I Surface : Surface::setFrameRate is deprecated, setFrameRate hint is dropped as destination is not SurfaceFlinger
11-14 22:16:58.834 30243 30572 D CCodecBufferChannel: [c2.exynos.h264.decoder#302] MediaCodec discarded an unknown buffer
11-14 22:16:58.834 30243 30569 D MediaCodec: keep callback message for reclaim
11-14 22:16:58.835 30243 30572 I CCodecConfig: query failed after returning 15 values (BAD_INDEX)
11-14 22:16:58.836 30243 30572 W Codec2Client: query -- param skipped: index = 1073743886.
11-14 22:16:58.836 30243 30572 W Codec2Client: query -- param skipped: index = 1610614798.
11-14 22:16:58.836 30243 30572 D BufferPoolAccessor2.0: bufferpool2 0xb4000070f4271738 : 5(36700160 size) total buffers - 1(7340032 size) used buffers - 1755/1760 (recycle/alloc) - 33/1753 (fetch/transfer)
11-14 22:16:58.851 3703 29680 D MediaProvider: Open with FUSE. FilePath: /storage/emulated/0/QTBUG-107883-quickcontrols-texteditor-qt660.mp4. Uid: 10192. Media Capabilities Uid: 0. ShouldRedact: false. ShouldTranscode: false
11-14 22:16:58.869 30243 30521 D CCodecBufferChannel: [c2.exynos.h264.decoder#302] Ignoring stale input buffer done callback: last flush index = 1748, frameIndex = 1748
11-14 22:16:58.870 923 30574 I ExynosC2H264DecComponent: [updateC2Buffer_ColorAspects] HDR :: color aspects(r:2, p:0x1, t:0x3, m:0x1)
11-14 22:16:58.872 30243 30569 I Surface : Surface::setFrameRate is deprecated, setFrameRate hint is dropped as destination is not SurfaceFlinger
11-14 22:16:59.075 30243 30572 W CCodecBufferChannel: no present fence for frame 1395
11-14 22:16:59.218 30243 30572 W CCodecBufferChannel: no present fence for frame 1396
11-14 22:16:59.573 30243 30572 W CCodecBufferChannel: no present fence for frame 1397
11-14 22:16:59.725 30243 30572 W CCodecBufferChannel: no present fence for frame 1398
11-14 22:16:59.969 30633 30633 I trusty_metricsd: starting trusty_metricsd
11-14 22:16:59.970 30633 30633 I trusty_metricsd: trusty dev: /dev/trusty-ipc-dev0
11-14 22:16:59.973 30633 30633 E libtrusty: tipc_connect: can't connect to tipc service "com.android.trusty.metrics" (err=107)
11-14 22:16:59.973 30633 30633 E trusty_metricsd: failed to open TrustyMetricsPixel: failed to connect to Trusty metrics TA: Transport endpoint is not connected
11-14 22:16:59.973 30633 30633 E trusty_metricsd: failed to open Trusty metrics client
11-14 22:17:00.008 3715 3900 I AiAiEcho: Predicting[7]: { Feature:1, creation:2023-11-14T15:24:48Z, expiry:2023-11-14T16:00:00Z, isExpired: true}, { Feature:1, creation:2023-11-14T16:00:00Z, expiry:2023-11-14T17:00:00Z, isExpired: true}, { Feature:1, creation:2023-11-14T17:00:00Z, expiry:2023-11-14T18:00:00Z, isExpired: true}, { Feature:1, creation:2023-11-14T18:00:00Z, expiry:2023-11-14T19:00:00Z, isExpired: true}, { Feature:1, creation:2023-11-14T19:00:00Z, expiry:2023-11-14T20:00:00Z, isExpired: true}, { Feature:1, creation:2023-11-14T20:00:00Z, expiry:2023-11-14T21:00:00Z, isExpired: false}, { Feature:1, creation:2023-11-14T21:00:00Z, expiry:2023-11-14T21:24:48Z, isExpired: true}
11-14 22:17:00.009 30634 30634 I flags_health_check: ServerConfigurableFlagsReset reset_mode value: 1
11-14 22:17:00.009 30634 30634 I flags_health_check: ServerConfigurableFlagsReset updatable crashing detected, resetting flags.
11-14 22:17:00.010 3715 3900 I AiAiEcho: EchoTargets: Feature:1
11-14 22:17:00.010 3715 3900 I AiAiEcho: Filtered by AiAi flag check:
11-14 22:17:00.010 3715 3900 I AiAiEcho: Ranked targets strategy: WEIGHTED, count: 1, ranking metadata: { cardId: WEATHER-569377248, card type: 1, update time: 2023-11-14T20:00:00Z, expiration time: 2023-11-14T21:00:00Z, ranking metadata: RankingMetaData(urgency=0.916, priority=0.3, recency=1.0, rankScore=0.2748, importantTimePoints=# mta@7bca4) }
11-14 22:17:00.011 3715 3900 I AiAiEcho: #weatherTwiddler: Weather removes SubtitleSupplementalItem in surface: lockscreen
11-14 22:17:00.014 3715 3900 I AiAiEcho: #postPredictionTargets: Sending updates to UISurface lockscreen with targets# 1 (types=[1])
11-14 22:17:00.019 1942 1942 W PageIndicator: Total number of pages invalid: 0. Assuming 1 page.
11-14 22:17:00.073 30243 30572 W CCodecBufferChannel: no present fence for frame 1399
11-14 22:17:00.222 30243 30572 W CCodecBufferChannel: no present fence for frame 1400
11-14 22:17:00.266 923 30040 D BufferPoolAccessor2.0: bufferpool2 0xb400006f7f74b0f8 : 6(23329536 size) total buffers - 5(19441280 size) used buffers - 3387/3396 (recycle/alloc) - 32/3390 (fetch/transfer)
11-14 22:17:00.574 30243 30572 W CCodecBufferChannel: no present fence for frame 1401
11-14 22:17:00.702 936 936 I WifiHAL : Creating message to get link statistics; iface = 47
11-14 22:17:00.727 30243 30572 W CCodecBufferChannel: no present fence for frame 1402
11-14 22:17:00.752 936 936 I WifiHAL : In GetLinkStatsCommand::handleResponse
11-14 22:17:00.787 1472 1871 D ConnectivityService: NetReassign [no changes] [c 0] [a 0] [i 2]
11-14 22:17:00.878 30243 30572 W CCodecBufferChannel: no present fence for frame 1403
11-14 22:17:01.076 30243 30572 W CCodecBufferChannel: no present fence for frame 1404
11-14 22:17:01.076 30243 30572 W CCodecBufferChannel: no present fence for frame 1405
11-14 22:17:01.076 30243 30572 W CCodecBufferChannel: no present fence for frame 1406
11-14 22:17:01.076 30243 30572 W CCodecBufferChannel: no present fence for frame 1407
11-14 22:17:01.076 30243 30572 W CCodecBufferChannel: no present fence for frame 1408
11-14 22:17:01.076 30243 30572 W CCodecBufferChannel: no present fence for frame 1409
11-14 22:17:01.076 30243 30572 W CCodecBufferChannel: no present fence for frame 1410
11-14 22:17:01.076 30243 30572 W CCodecBufferChannel: no present fence for frame 1411
11-14 22:17:01.222 30243 30572 W CCodecBufferChannel: no present fence for frame 1412
11-14 22:17:01.574 30243 30572 W CCodecBufferChannel: no present fence for frame 1413
11-14 22:17:01.730 30243 30572 W CCodecBufferChannel: no present fence for frame 1414
11-14 22:17:02.077 30243 30572 W CCodecBufferChannel: no present fence for frame 1415
11-14 22:17:02.231 30243 30572 W CCodecBufferChannel: no present fence for frame 1416
11-14 22:17:02.447 30243 30572 W CCodecBufferChannel: no present fence for frame 1417
11-14 22:17:02.447 30243 30572 W CCodecBufferChannel: no present fence for frame 1418
11-14 22:17:02.447 30243 30572 W CCodecBufferChannel: no present fence for frame 1419
11-14 22:17:02.509 30243 30572 W CCodecBufferChannel: no present fence for frame 1420
11-14 22:17:02.509 30243 30572 W CCodecBufferChannel: no present fence for frame 1421
11-14 22:17:02.642 30243 30572 W CCodecBufferChannel: no present fence for frame 1422
11-14 22:17:02.714 30243 30572 W CCodecBufferChannel: no present fence for frame 1423
11-14 22:17:02.715 30243 30572 W CCodecBufferChannel: no present fence for frame 1424
11-14 22:17:02.715 30243 30572 W CCodecBufferChannel: no present fence for frame 1425
11-14 22:17:03.228 30243 30572 W CCodecBufferChannel: no present fence for frame 1426
11-14 22:17:03.228 30243 30572 W CCodecBufferChannel: no present fence for frame 1427
11-14 22:17:03.228 30243 30572 W CCodecBufferChannel: no present fence for frame 1428
11-14 22:17:03.229 30243 30572 W CCodecBufferChannel: no present fence for frame 1429
11-14 22:17:03.497 30243 30572 W CCodecBufferChannel: no present fence for frame 1430
11-14 22:17:03.522 1472 1688 I DisplayDeviceRepository: Display device changed: DisplayDeviceInfo{"Built-in Screen": uniqueId="local:4619827677550801152", 1080 x 2400, modeId 1, renderFrameRate 30.0, defaultModeId 1, supportedModes [{id=1, width=1080, height=2400, fps=60.0, alternativeRefreshRates=[], supportedHdrTypes=[2, 3, 4]}], colorMode 0, supportedColorModes [0, 7, 9], hdrCapabilities HdrCapabilities{mSupportedHdrTypes=[2, 3, 4], mMaxLuminance=800.0, mMaxAverageLuminance=120.0, mMinLuminance=5.0E-4}, allmSupported false, gameContentTypeSupported false, density 420, 428.625 x 429.295 dpi, appVsyncOff 6233334, presDeadline 11500000, cutout DisplayCutout{insets=Rect(0, 132 - 0, 0) waterfall=Insets{left=0, top=0, right=0, bottom=0} boundingRect={Bounds=[Rect(0, 0 - 0, 0), Rect(480, 0 - 625, 132), Rect(0, 0 - 0, 0), Rect(0, 0 - 0, 0)]} cutoutPathParserInfo={CutoutPathParserInfo{displayWidth=1080 displayHeight=2400 physicalDisplayWidth=1080 physicalDisplayHeight=2400 density={2.625} cutoutSpec={M 507,66 a 33,33 0 1 0 66,0 33,33 0 1 0 -66,0 Z @left} rotation={0} scale={1.0} physicalPixelDisplaySizeRatio={1.0}}}}, touch INTERNAL, rotation 0, type INTERNAL, address {port=0, model=0x401ceccbbbeef1}, deviceProductInfo DeviceProductInfo{name=Common Panel, manufacturerPnpId=GGL, productId=0, modelYear=null, manufactureDate=ManufactureDate{week=1, year=1990}, connectionToSinkType=0}, state ON, committedState ON, frameRateOverride , brightnessMinimum 0.0, brightnessMaximum 1.0, brightnessDefault 0.17293233, hdrSdrRatio 1.0, roundedCorners RoundedCorners{[RoundedCorner{position=TopLeft, radius=47, center=Point(47, 47)}, RoundedCorner{position=TopRight, radius=47, center=Point(1033, 47)}, RoundedCorner{position=BottomRight, radius=48, center=Point(1032, 2352)}, RoundedCorner{position=BottomLeft, radius=48, center=Point(48, 2352)}]}, FLAG_ALLOWED_TO_BE_DEFAULT_DISPLAY, FLAG_ROTATES_WITH_CONTENT, FLAG_SECURE, FLAG_SUPPORTS_PROTECTED_BUFFERS, FLAG_TRUSTED, installOrientation 0, displayShape DisplayShape{ spec=903784421 displayWidth=1080 displayHeight=2400 physicalPixelDisplaySizeRatio=1.0 rotation=0 offsetX=0 offsetY=0 scale=1.0}}
11-14 22:17:03.526 1472 1688 D DisplayManagerService: Ignore redundant display event 0/2 to 10292/30368
11-14 22:17:03.670 30243 30572 W CCodecBufferChannel: no present fence for frame 1431
11-14 22:17:03.670 30243 30572 W CCodecBufferChannel: no present fence for frame 1432
11-14 22:17:03.699 30243 30572 W CCodecBufferChannel: no present fence for frame 1433
11-14 22:17:03.699 30243 30572 W CCodecBufferChannel: no present fence for frame 1434
11-14 22:17:03.731 30243 30572 W CCodecBufferChannel: no present fence for frame 1435
11-14 22:17:03.762 30243 30572 W CCodecBufferChannel: no present fence for frame 1436
11-14 22:17:03.795 30243 30572 W CCodecBufferChannel: no present fence for frame 1437
11-14 22:17:03.834 30243 30572 W CCodecBufferChannel: no present fence for frame 1438
11-14 22:17:03.864 30243 30572 W CCodecBufferChannel: no present fence for frame 1439
11-14 22:17:03.895 30243 30572 W CCodecBufferChannel: no present fence for frame 1440
11-14 22:17:03.934 30243 30572 W CCodecBufferChannel: no present fence for frame 1441
11-14 22:17:03.966 30243 30572 W CCodecBufferChannel: no present fence for frame 1442
11-14 22:17:03.997 30243 30572 W CCodecBufferChannel: no present fence for frame 1443
11-14 22:17:04.202 30243 30572 D BufferPoolAccessor2.0: bufferpool2 0xb4000070f4271738 : 5(36700160 size) total buffers - 1(7340032 size) used buffers - 1829/1834 (recycle/alloc) - 38/1827 (fetch/transfer)
11-14 22:17:04.205 30243 30572 W CCodecBufferChannel: no present fence for frame 1444
11-14 22:17:04.205 30243 30572 W CCodecBufferChannel: no present fence for frame 1445
11-14 22:17:04.205 30243 30572 W CCodecBufferChannel: no present fence for frame 1446
11-14 22:17:04.205 30243 30572 W CCodecBufferChannel: no present fence for frame 1447
11-14 22:17:04.205 30243 30572 W CCodecBufferChannel: no present fence for frame 1448
11-14 22:17:04.705 30243 30572 W CCodecBufferChannel: no present fence for frame 1449
11-14 22:17:04.981 30635 30635 I trusty_metricsd: starting trusty_metricsd
11-14 22:17:04.981 30635 30635 I trusty_metricsd: trusty dev: /dev/trusty-ipc-dev0
11-14 22:17:04.984 30635 30635 E libtrusty: tipc_connect: can't connect to tipc service "com.android.trusty.metrics" (err=107)
