11-14 17:50:06.805 1472 1696 D CredManSysServiceImpl: CredentialManagerServiceImpl constructed for: com.google.android.gms/.auth.api.credentials.credman.service.PasswordAndPasskeyService
11-14 17:50:06.805 1472 1696 D CredManSysServiceImpl: newServiceInfoLocked, mInfo null, com.google.android.gms/com.google.android.gms.auth.api.credentials.credman.service.PasswordAndPasskeyService
11-14 17:50:07.265 18370 18370 W PackageParser: Unknown element under : queries at /data/user_de/0/com.google.android.gms/app_chimera/m/000000c9/dl-AdsFdrDynamite.integ_233012802100000.apk Binary XML file line #15
11-14 17:50:07.286 18370 18370 W PackageParser: Unknown element under : queries at /data/user_de/0/com.google.android.gms/app_chimera/m/0000013d/dl-AdsFdrDynamite.integ_233702200100000.apk Binary XML file line #15
11-14 17:50:07.862 1472 1622 I ActivityManager: Background started FGS: Allowed [callingPackage: com.android.vending; callingUid: 10136; uidState: TRNB; uidBFSL: n/a; intent: Intent { act=com.google.android.finsky.BIND_DOWNLOAD_SERVICE pkg=com.android.vending (has extras) }; code:BACKGROUND_ACTIVITY_PERMISSION; tempAllowListReason:<,reasonCode:SYSTEM_ALLOW_LISTED,duration:9223372036854775807,callingUid:-1>; targetSdkVersion:34; callerTargetSdkVersion:34; startForegroundCount:0; bindFromPackage:null: isBindService:false]
11-14 17:50:08.083 1472 1472 W NotificationHistory: Attempted to add notif for locked/gone/disabled user 0
11-14 17:50:08.361 1472 1622 D CompatibilityChangeReporter: Compat change id reported: 229362273; UID 10140; state: ENABLED
11-14 17:50:08.364 1472 1697 D ActivityManager: sync unfroze 15999 com.google.android.apps.photos
11-14 17:50:08.366 1472 1697 D ActivityManager: sync unfroze 4461 com.google.android.apps.maps
11-14 17:50:08.720 1472 1622 I ActivityManager: Process com.google.android.inputmethod.latin (pid 3655) has died: prcp IMPB
11-14 17:50:08.721 1472 1622 W ActivityManager: Scheduling restart of crashed service com.google.android.inputmethod.latin/com.android.inputmethod.latin.LatinIME in 1000ms for connection
11-14 17:50:08.722 1472 4950 I WindowManager: WIN DEATH: Window{5cc6917 u0 InputMethod}
11-14 17:50:08.722 1472 1686 D DisplayManagerService: Drop pending events for gone uid 10184
11-14 17:50:08.723 1472 1472 W InputMethodManagerService: Session failed to close due to remote exception
11-14 17:50:08.723 1472 1472 W InputMethodManagerService: android.os.DeadObjectException
11-14 17:50:08.723 1472 1472 W InputMethodManagerService: at android.os.BinderProxy.transactNative(Native Method)
11-14 17:50:08.723 1472 1472 W InputMethodManagerService: at android.os.BinderProxy.transact(BinderProxy.java:584)
11-14 17:50:08.723 1472 1472 W InputMethodManagerService: at com.android.internal.inputmethod.IInputMethodSession$Stub$Proxy.finishSession(IInputMethodSession.java:358)
11-14 17:50:08.723 1472 1472 W InputMethodManagerService: at com.android.server.inputmethod.InputMethodManagerService.finishSessionLocked(InputMethodManagerService.java:2932)
11-14 17:50:08.723 1472 1472 W InputMethodManagerService: at com.android.server.inputmethod.InputMethodManagerService.clearClientSessionLocked(InputMethodManagerService.java:2904)
11-14 17:50:08.723 1472 1472 W InputMethodManagerService: at com.android.server.inputmethod.InputMethodManagerService.clearClientSessionsLocked(InputMethodManagerService.java:2965)
11-14 17:50:08.723 1472 1472 W InputMethodManagerService: at com.android.server.inputmethod.InputMethodBindingController.clearCurMethodAndSessions(InputMethodBindingController.java:381)
11-14 17:50:08.723 1472 1472 W InputMethodManagerService: at com.android.server.inputmethod.InputMethodBindingController.-$$Nest$mclearCurMethodAndSessions(InputMethodBindingController.java:0)
11-14 17:50:08.723 1472 1472 W InputMethodManagerService: at com.android.server.inputmethod.InputMethodBindingController$2.onServiceDisconnected(InputMethodBindingController.java:352)
11-14 17:50:08.723 1472 1472 W InputMethodManagerService: at android.app.LoadedApk$ServiceDispatcher.doDeath(LoadedApk.java:2218)
11-14 17:50:08.723 1472 1472 W InputMethodManagerService: at android.app.LoadedApk$ServiceDispatcher$RunConnection.run(LoadedApk.java:2233)
11-14 17:50:08.723 1472 1472 W InputMethodManagerService: at android.os.Handler.handleCallback(Handler.java:958)
11-14 17:50:08.723 1472 1472 W InputMethodManagerService: at android.os.Handler.dispatchMessage(Handler.java:99)
11-14 17:50:08.723 1472 1472 W InputMethodManagerService: at android.os.Looper.loopOnce(Looper.java:205)
11-14 17:50:08.723 1472 1472 W InputMethodManagerService: at android.os.Looper.loop(Looper.java:294)
11-14 17:50:08.723 1472 1472 W InputMethodManagerService: at com.android.server.SystemServer.run(SystemServer.java:969)
11-14 17:50:08.723 1472 1472 W InputMethodManagerService: at com.android.server.SystemServer.main(SystemServer.java:663)
11-14 17:50:08.723 1472 1472 W InputMethodManagerService: at java.lang.reflect.Method.invoke(Native Method)
11-14 17:50:08.723 1472 1472 W InputMethodManagerService: at com.android.internal.os.RuntimeInit$MethodAndArgsCaller.run(RuntimeInit.java:552)
11-14 17:50:08.723 1472 1472 W InputMethodManagerService: at com.android.internal.os.ZygoteInit.main(ZygoteInit.java:949)
11-14 17:50:08.723 1472 1472 W InputMethodManagerService: Session failed to close due to remote exception
11-14 17:50:08.723 1472 1472 W InputMethodManagerService: android.os.DeadObjectException
11-14 17:50:08.723 1472 1472 W InputMethodManagerService: at android.os.BinderProxy.transactNative(Native Method)
11-14 17:50:08.723 1472 1472 W InputMethodManagerService: at android.os.BinderProxy.transact(BinderProxy.java:584)
11-14 17:50:08.723 1472 1472 W InputMethodManagerService: at com.android.internal.inputmethod.IInputMethodSession$Stub$Proxy.finishSession(IInputMethodSession.java:358)
11-14 17:50:08.723 1472 1472 W InputMethodManagerService: at com.android.server.inputmethod.InputMethodManagerService.finishSessionLocked(InputMethodManagerService.java:2932)
11-14 17:50:08.723 1472 1472 W InputMethodManagerService: at com.android.server.inputmethod.InputMethodManagerService.clearClientSessionLocked(InputMethodManagerService.java:2904)
11-14 17:50:08.723 1472 1472 W InputMethodManagerService: at com.android.server.inputmethod.InputMethodManagerService.clearClientSessionsLocked(InputMethodManagerService.java:2965)
11-14 17:50:08.723 1472 1472 W InputMethodManagerService: at com.android.server.inputmethod.InputMethodBindingController.clearCurMethodAndSessions(InputMethodBindingController.java:381)
11-14 17:50:08.723 1472 1472 W InputMethodManagerService: at com.android.server.inputmethod.InputMethodBindingController.-$$Nest$mclearCurMethodAndSessions(InputMethodBindingController.java:0)
11-14 17:50:08.723 1472 1472 W InputMethodManagerService: at com.android.server.inputmethod.InputMethodBindingController$2.onServiceDisconnected(InputMethodBindingController.java:352)
11-14 17:50:08.723 1472 1472 W InputMethodManagerService: at android.app.LoadedApk$ServiceDispatcher.doDeath(LoadedApk.java:2218)
11-14 17:50:08.723 1472 1472 W InputMethodManagerService: at android.app.LoadedApk$ServiceDispatcher$RunConnection.run(LoadedApk.java:2233)
11-14 17:50:08.723 1472 1472 W InputMethodManagerService: at android.os.Handler.handleCallback(Handler.java:958)
11-14 17:50:08.723 1472 1472 W InputMethodManagerService: at android.os.Handler.dispatchMessage(Handler.java:99)
11-14 17:50:08.723 1472 1472 W InputMethodManagerService: at android.os.Looper.loopOnce(Looper.java:205)
11-14 17:50:08.723 1472 1472 W InputMethodManagerService: at android.os.Looper.loop(Looper.java:294)
11-14 17:50:08.723 1472 1472 W InputMethodManagerService: at com.android.server.SystemServer.run(SystemServer.java:969)
11-14 17:50:08.723 1472 1472 W InputMethodManagerService: at com.android.server.SystemServer.main(SystemServer.java:663)
11-14 17:50:08.723 1472 1472 W InputMethodManagerService: at java.lang.reflect.Method.invoke(Native Method)
11-14 17:50:08.723 1472 1472 W InputMethodManagerService: at com.android.internal.os.RuntimeInit$MethodAndArgsCaller.run(RuntimeInit.java:552)
11-14 17:50:08.723 1472 1472 W InputMethodManagerService: at com.android.internal.os.ZygoteInit.main(ZygoteInit.java:949)
11-14 17:50:08.727 1472 1688 W ActivityManager: setHasOverlayUi called on unknown pid: 3655
11-14 17:50:08.811 1472 1621 I ActivityManager: Process com.google.android.apps.photos (pid 15999) has died: cch+15 CEM
11-14 17:50:08.813 1472 1686 D DisplayManagerService: Drop pending events for gone uid 10192
11-14 17:50:08.816 1472 1621 D ActivityManager: sync unfroze 8000 com.android.hotwordenrollment.okgoogle
11-14 17:50:08.817 1472 1621 D ActivityManager: sync unfroze 6495 com.google.android.hardwareinfo
11-14 17:50:08.817 1472 1621 D ActivityManager: sync unfroze 7906 com.android.imsserviceentitlement
11-14 17:50:08.818 1472 1621 D ActivityManager: sync unfroze 21005 com.google.android.webview:webview_apk
11-14 17:50:08.818 1472 1621 D ActivityManager: sync unfroze 1317 com.google.android.documentsui
11-14 17:50:08.819 1472 1621 D ActivityManager: sync unfroze 5382 com.android.externalstorage
11-14 17:50:08.819 1472 1621 D ActivityManager: sync unfroze 11432 com.android.shell
11-14 17:50:08.820 1472 1621 D ActivityManager: sync unfroze 1650 com.google.android.marvin.talkback
11-14 17:50:08.820 1472 1621 D ActivityManager: sync unfroze 8763 com.google.android.accessibility.soundamplifier
11-14 17:50:08.821 1472 1621 D ActivityManager: sync unfroze 8898 com.google.android.apps.wearables.maestro.companion
11-14 17:50:08.821 1472 1621 D ActivityManager: sync unfroze 8985 com.google.android.apps.accessibility.voiceaccess
11-14 17:50:08.822 1472 1621 D ActivityManager: sync unfroze 9034 com.google.android.calculator
11-14 17:50:08.822 1472 1621 D ActivityManager: sync unfroze 9135 com.google.android.apps.carrier.carrierwifi
11-14 17:50:08.822 1472 1621 D ActivityManager: sync unfroze 18570 com.google.android.soundpicker
11-14 17:50:08.823 1472 1621 D ActivityManager: sync unfroze 18747 com.google.audio.hearing.visualization.accessibility.scribe
11-14 17:50:08.823 1472 1621 D ActivityManager: sync unfroze 15085 com.google.android.projection.gearhead:primes_lifeboat
11-14 17:50:08.824 1472 1621 D ActivityManager: sync unfroze 4760 com.google.android.apps.wallpaper
11-14 17:50:08.824 1472 1621 D ActivityManager: sync unfroze 6090 com.google.android.uvexposurereporter
11-14 17:50:08.825 1472 1621 D ActivityManager: sync unfroze 7533 com.google.android.adservices.api
11-14 17:50:08.825 1472 1621 D ActivityManager: sync unfroze 6399 com.google.android.packageinstaller
11-14 17:50:08.826 1472 1621 D ActivityManager: sync unfroze 5791 com.google.android.webview:webview_service
11-14 17:50:08.826 1472 1621 D ActivityManager: sync unfroze 2726 com.google.android.carrier
11-14 17:50:08.827 1472 1621 D ActivityManager: sync unfroze 2005 com.google.android.flipendo
11-14 17:50:08.827 1472 1621 D ActivityManager: sync unfroze 7778 com.google.RilConfigService
11-14 17:50:08.828 1472 1621 D ActivityManager: sync unfroze 6647 com.google.android.configupdater
11-14 17:50:08.828 1472 1621 D ActivityManager: sync unfroze 7681 com.google.android.apps.work.oobconfig
11-14 17:50:08.829 1472 1621 D ActivityManager: sync unfroze 12068 com.google.android.apps.gcs
11-14 17:50:08.829 1472 1621 D ActivityManager: sync unfroze 17097 com.google.android.partnersetup
11-14 17:50:08.830 1472 1621 D ActivityManager: sync unfroze 16945 com.google.android.apps.turbo:aab
11-14 17:50:08.831 1472 1621 D ActivityManager: sync unfroze 12137 com.google.android.apps.betterbug
11-14 17:50:08.831 1472 1621 D ActivityManager: sync unfroze 18481 com.google.android.setupwizard
11-14 17:50:08.831 1472 1621 D ActivityManager: sync unfroze 1220 com.google.android.apps.carrier.log
11-14 17:50:08.832 1472 1621 D ActivityManager: sync unfroze 18234 com.google.android.webview
11-14 17:50:08.832 1472 1621 D ActivityManager: sync unfroze 18456 com.google.android.apps.restore
11-14 17:50:08.833 1472 1621 D ActivityManager: sync unfroze 29482 com.google.android.deskclock
11-14 17:50:08.834 1472 1621 D ActivityManager: sync unfroze 16210 com.google.android.calendar
11-14 17:50:08.835 1472 1621 D ActivityManager: sync unfroze 5139 com.android.providers.calendar
11-14 17:50:08.835 1472 1621 D ActivityManager: sync unfroze 8423 com.google.android.turboadapter
11-14 17:50:08.836 1472 1621 D ActivityManager: sync unfroze 2724 com.google.android.googlequicksearchbox:train
11-14 17:50:08.836 1472 1621 D ActivityManager: sync unfroze 11615 com.google.android.tts
11-14 17:50:08.837 1472 1621 D ActivityManager: sync unfroze 18802 com.google.android.apps.healthdata
11-14 17:50:08.838 1472 1621 D ActivityManager: sync unfroze 18837 com.google.android.dialer
11-14 17:50:08.838 1472 1621 D ActivityManager: sync unfroze 25489 android.process.acore
11-14 17:50:08.839 1472 1621 D ActivityManager: sync unfroze 19704 com.google.android.apps.turbo
11-14 17:50:08.839 1472 1621 D ActivityManager: sync unfroze 31802 com.google.android.contacts
11-14 17:50:08.840 1472 1621 D ActivityManager: sync unfroze 4624 android.process.media
11-14 17:50:08.841 1472 1621 D ActivityManager: sync unfroze 5833 com.android.angle
11-14 17:50:08.841 1472 1621 D ActivityManager: sync unfroze 4356 com.android.traceur
11-14 17:50:08.842 1472 1621 D ActivityManager: sync unfroze 8936 com.google.android.accessibility.switchaccess
11-14 17:50:08.842 1472 1621 D ActivityManager: sync unfroze 12046 com.google.android.apps.safetyhub
11-14 17:50:08.843 1472 1621 D ActivityManager: sync unfroze 9120 com.google.android.apps.tips
11-14 17:50:08.843 1472 1621 D ActivityManager: sync unfroze 2609 com.google.android.cellbroadcastreceiver
11-14 17:50:08.843 1472 1621 D ActivityManager: sync unfroze 7205 com.google.android.healthconnect.controller
11-14 17:50:08.844 1472 1621 D ActivityManager: sync unfroze 17242 com.google.android.projection.gearhead:projection
11-14 17:50:08.844 1472 1621 D ActivityManager: sync unfroze 10000 com.google.android.apps.turbo:ssb
11-14 17:50:08.844 1472 1621 D ActivityManager: sync unfroze 6472 com.google.android.odad
11-14 17:50:08.845 1472 1621 D ActivityManager: sync unfroze 19331 com.google.android.projection.gearhead:provider
11-14 17:50:08.846 1472 1621 D ActivityManager: sync unfroze 6263 com.google.android.rkpdapp
11-14 17:50:08.846 1472 1621 D ActivityManager: sync unfroze 9447 com.google.android.as.oss:learning_bg
11-14 17:50:08.846 1472 1621 D ActivityManager: sync unfroze 10916 com.google.android.as.oss
11-14 17:50:08.847 1472 1621 D ActivityManager: sync unfroze 31926 com.google.android.projection.gearhead:shared
11-14 17:50:08.847 1472 1621 D ActivityManager: sync unfroze 14998 com.google.android.projection.gearhead:car
11-14 17:50:08.849 1472 1696 W ActivityManager: Rescheduling restart of crashed service com.google.android.inputmethod.latin/com.android.inputmethod.latin.LatinIME in 9872ms for mem-pressure-event
11-14 17:50:08.937 1472 1695 I ActivityManager: Flag disabled. Ignoring finishAttachApplication from uid: 10140. pid: 18370
11-14 17:50:09.041 1472 4784 I ActivityManager: Flag disabled. Ignoring finishAttachApplication from uid: 10140. pid: 18397
11-14 17:50:09.143 1472 2129 I ActivityManager: Process com.android.chrome (pid 3310) has died: cch+15 CEM
11-14 17:50:09.143 1472 2129 W ActivityManager: Scheduling restart of crashed service com.android.chrome/org.chromium.chrome.browser.customtabs.CustomTabsConnectionService in 29578ms for connection
11-14 17:50:09.148 1472 1686 D DisplayManagerService: Drop pending events for gone uid 10186
11-14 17:50:09.443 1472 4944 I WindowManager: WIN DEATH: Window{296c049 u0 com.google.android.apps.nexuslauncher/com.google.android.apps.nexuslauncher.NexusLauncherActivity}
11-14 17:50:09.444 1472 4960 I ActivityManager: Process com.google.android.googlequicksearchbox:search (pid 28874) has died: cch+5 SVC
11-14 17:50:09.446 1472 4960 W ActivityManager: Scheduling restart of crashed service com.google.android.googlequicksearchbox/com.google.frameworks.client.data.android.server.tiktok.SearchProcessEndpointService in 29275ms for connection
11-14 17:50:09.446 1472 4960 W ActivityManager: Scheduling restart of crashed service com.google.android.googlequicksearchbox/com.google.android.apps.gsa.nowoverlayservice.DrawerOverlayService in 49275ms for connection
11-14 17:50:09.446 1472 4960 W ActivityManager: Scheduling restart of crashed service com.google.android.googlequicksearchbox/com.google.android.apps.gsa.shared.util.keepalive.StandaloneKeepAlive$KeepAliveService in 69275ms for start-requested
11-14 17:50:09.448 1472 1688 W ActivityManager: setHasOverlayUi called on unknown pid: 28874
11-14 17:50:09.634 1472 4944 D CompatibilityChangeReporter: Compat change id reported: 171306433; UID 10140; state: ENABLED
11-14 17:50:09.680 1472 2544 D CompatibilityChangeReporter: Compat change id reported: 168936375; UID 10140; state: ENABLED
11-14 17:50:09.682 1472 2544 D CompatibilityChangeReporter: Compat change id reported: 73144566; UID 10140; state: ENABLED
11-14 17:50:09.726 1472 2615 I ActivityManager: Process com.google.android.apps.maps (pid 4461) has died: cch+5 CEM
11-14 17:50:09.729 1472 1686 D DisplayManagerService: Drop pending events for gone uid 10188
11-14 17:50:09.740 1472 1696 W ActivityManager: Rescheduling restart of crashed service com.google.android.inputmethod.latin/com.android.inputmethod.latin.LatinIME in 0ms for mem-pressure-event
11-14 17:50:09.740 1472 1696 W ActivityManager: Rescheduling restart of crashed service com.google.android.googlequicksearchbox/com.google.android.apps.gsa.shared.util.keepalive.StandaloneKeepAlive$KeepAliveService in 706ms for mem-pressure-event
11-14 17:50:09.741 1472 1697 D CompatibilityChangeReporter: Compat change id reported: 177438394; UID 10184; state: DISABLED
11-14 17:50:09.741 1472 1697 D CompatibilityChangeReporter: Compat change id reported: 135772972; UID 10184; state: DISABLED
11-14 17:50:09.741 1472 1697 D CompatibilityChangeReporter: Compat change id reported: 135754954; UID 10184; state: ENABLED
11-14 17:50:09.742 1472 1698 D CompatibilityChangeReporter: Compat change id reported: 143937733; UID 10184; state: ENABLED
11-14 17:50:09.760 1472 1698 I ActivityManager: Start proc 18640:com.google.android.inputmethod.latin/u0a184 for service {com.google.android.inputmethod.latin/com.android.inputmethod.latin.LatinIME}
11-14 17:50:09.783 1472 1797 D CompatibilityChangeReporter: Compat change id reported: 265195908; UID 10184; state: ENABLED
11-14 17:50:09.784 1472 4786 D CompatibilityChangeReporter: Compat change id reported: 170503758; UID 10184; state: ENABLED
11-14 17:50:09.804 1472 2557 D CompatibilityChangeReporter: Compat change id reported: 161145287; UID 10184; state: DISABLED
11-14 17:50:09.861 1472 2544 D CompatibilityChangeReporter: Compat change id reported: 253665015; UID 10184; state: ENABLED
11-14 17:50:09.861 1472 2544 D CompatibilityChangeReporter: Compat change id reported: 194532703; UID 10184; state: ENABLED
11-14 17:50:09.861 1472 2544 E JobScheduler.JobStatus: App com.google.android.inputmethod.latin became active but still in NEVER bucket
11-14 17:50:09.867 1472 1472 I TransportConnection: D2dTransportService#17: Notifying [TransportManager.registerTransport()] transport = BackupTransportClient
11-14 17:50:09.883 1472 2544 I ActivityManager: Flag disabled. Ignoring finishAttachApplication from uid: 10184. pid: 18640
11-14 17:50:09.884 1472 4785 E JobScheduler.JobStatus: App com.google.android.inputmethod.latin became active but still in NEVER bucket
11-14 17:50:09.894 1472 2615 E JobScheduler.JobStatus: App com.google.android.inputmethod.latin became active but still in NEVER bucket
11-14 17:50:09.903 1472 3716 D BackupTransportManager: [UserID:0] Transport com.google.android.gms/.backup.component.D2dTransportService registered
11-14 17:50:09.903 1472 3716 D BackupManagerService: [UserID:0] Transport com.google.android.gms/.backup.migrate.service.D2dTransport registered 1894055663ms after first request (delay = 3000ms)
11-14 17:50:09.904 1472 2544 E JobScheduler.JobStatus: App com.google.android.inputmethod.latin became active but still in NEVER bucket
11-14 17:50:09.905 1472 1830 D HandwritingModeController: clearPendingHandwritingDelegation
11-14 17:50:09.905 1472 2557 E JobScheduler.JobStatus: App com.google.android.inputmethod.latin became active but still in NEVER bucket
11-14 17:50:09.906 1472 2557 D CompatibilityChangeReporter: Compat change id reported: 271850009; UID 10184; state: ENABLED
11-14 17:50:09.906 1472 2557 E JobScheduler.JobStatus: App com.google.android.inputmethod.latin became active but still in NEVER bucket
11-14 17:50:09.907 1472 2557 E JobScheduler.JobStatus: App com.google.android.inputmethod.latin became active but still in NEVER bucket
11-14 17:50:09.911 1472 4956 E JobScheduler.JobStatus: App com.google.android.inputmethod.latin became active but still in NEVER bucket
11-14 17:50:09.946 1472 2544 D CoreBackPreview: Window{d18dd37 u0 InputMethod}: Setting back callback OnBackInvokedCallbackInfo{mCallback=android.window.IOnBackInvokedCallback$Stub$Proxy@ed9f579, mPriority=-1}
11-14 17:50:09.968 1472 4953 D CompatibilityChangeReporter: Compat change id reported: 135634846; UID 10148; state: DISABLED
11-14 17:50:09.968 1472 4953 D CompatibilityChangeReporter: Compat change id reported: 177438394; UID 10148; state: DISABLED
11-14 17:50:09.968 1472 4953 D CompatibilityChangeReporter: Compat change id reported: 135772972; UID 10148; state: DISABLED
11-14 17:50:09.968 1472 4953 D CompatibilityChangeReporter: Compat change id reported: 135754954; UID 10148; state: ENABLED
11-14 17:50:09.968 1472 1698 D CompatibilityChangeReporter: Compat change id reported: 143937733; UID 10148; state: ENABLED
11-14 17:50:09.977 1472 1698 I ActivityManager: Start proc 18766:com.google.android.googlequicksearchbox:search/u0a148 for service {com.google.android.googlequicksearchbox/com.google.android.apps.search.assistant.surfaces.dictation.service.endpoint.AssistantDictationService}
11-14 17:50:09.979 1472 4786 E JobScheduler.JobStatus: App com.google.android.inputmethod.latin became active but still in NEVER bucket
11-14 17:50:09.988 1472 4956 E JobScheduler.JobStatus: App com.google.android.inputmethod.latin became active but still in NEVER bucket
11-14 17:50:10.008 1472 4785 D CompatibilityChangeReporter: Compat change id reported: 168419799; UID 10148; state: DISABLED
11-14 17:50:10.008 1472 4785 D CompatibilityChangeReporter: Compat change id reported: 273564678; UID 10148; state: DISABLED
11-14 17:50:10.027 1472 4785 D CompatibilityChangeReporter: Compat change id reported: 170503758; UID 10148; state: ENABLED
11-14 17:50:10.259 1472 2557 D CompatibilityChangeReporter: Compat change id reported: 161145287; UID 10148; state: DISABLED
11-14 17:50:10.606 1472 2615 I ActivityManager: Flag disabled. Ignoring finishAttachApplication from uid: 10148. pid: 18766
11-14 17:50:10.730 1472 1472 I TransportConnection: BackupTransportService#18: Notifying [TransportManager.registerTransport()] transport = BackupTransportClient
11-14 17:50:10.754 1472 3716 D BackupTransportManager: [UserID:0] Transport com.google.android.gms/.backup.BackupTransportService registered
11-14 17:50:10.754 1472 3716 D BackupManagerService: [UserID:0] Transport com.google.android.gms/.backup.BackupTransportService registered 1894056514ms after first request (delay = 3000ms)
11-14 17:50:11.081 1472 1987 W AppOps : Noting op not finished: uid 10158 pkg com.google.android.apps.scone code 79 startTime of in progress event=1699977011058
11-14 17:50:11.529 1472 2615 D CompatibilityChangeReporter: Compat change id reported: 253665015; UID 10141; state: ENABLED
11-14 17:50:11.529 1472 2615 D CompatibilityChangeReporter: Compat change id reported: 194532703; UID 10141; state: ENABLED
11-14 17:50:11.992 1472 4938 W ActivityManager: Unable to start service Intent { act=com.google.android.gms.home.service.START pkg=com.google.android.gms } U=0: not found
11-14 17:50:11.998 1472 4786 W ActivityManager: Unbind failed: could not find connection for android.os.BinderProxy@d9a446f
11-14 17:50:12.003 1472 4784 D CompatibilityChangeReporter: Compat change id reported: 271850009; UID 10148; state: ENABLED
11-14 17:50:12.004 1472 4784 D CompatibilityChangeReporter: Compat change id reported: 253665015; UID 10148; state: ENABLED
11-14 17:50:12.004 1472 4784 D CompatibilityChangeReporter: Compat change id reported: 194532703; UID 10148; state: ENABLED
11-14 17:50:12.086 1472 2615 W AlarmManager: Alarms must either supply a PendingIntent or an AlarmReceiver
11-14 17:50:12.121 1472 4954 W AlarmManager: Alarms must either supply a PendingIntent or an AlarmReceiver
11-14 17:50:12.180 1472 4784 W AlarmManager: Alarms must either supply a PendingIntent or an AlarmReceiver
11-14 17:50:12.259 1472 2615 W AlarmManager: Window length 1383505805244004864ms too long; limiting to 1 day
11-14 17:50:12.554 1472 4784 W AlarmManager: Alarms must either supply a PendingIntent or an AlarmReceiver
11-14 17:50:12.730 1472 4954 W AppOps : Noting op not finished: uid 10140 pkg com.google.android.gms code 113 startTime of in progress event=1699977010974
11-14 17:50:12.750 1472 4938 W AppOps : Noting op not finished: uid 10140 pkg com.google.android.gms code 113 startTime of in progress event=1699977010974
11-14 17:50:12.825 1472 4786 W AppOps : Noting op not finished: uid 10140 pkg com.google.android.gms code 113 startTime of in progress event=1699977010974
11-14 17:50:12.847 1472 2615 W AppOps : Noting op not finished: uid 10140 pkg com.google.android.gms code 113 startTime of in progress event=1699977010974
11-14 17:50:13.062 1472 4786 D CompatibilityChangeReporter: Compat change id reported: 161252188; UID 10159; state: DISABLED
11-14 17:50:13.064 1472 1697 W ProcessStats: Tracking association SourceState{96dfabd com.android.settings/1000 Top #301646} whose proc state 1 is better than process ProcessState{5327e31 com.google.android.settings.intelligence/10159 pkg=com.google.android.settings.intelligence} proc state 10 (8 skipped)
11-14 17:50:13.640 1472 4785 W ActivityManager: Unable to start service Intent { cmp=com.google.android.apps.tachyon/.clientapi.ClientApiService } U=0: not found
11-14 17:50:13.713 1472 2557 D CompatibilityChangeReporter: Compat change id reported: 172251878; UID 10140; state: ENABLED
11-14 17:50:13.716 1472 1987 D CompatibilityChangeReporter: Compat change id reported: 241766793; UID 10140; state: DISABLED
11-14 17:50:13.718 1472 2557 D CompatibilityChangeReporter: Compat change id reported: 161252188; UID 10140; state: DISABLED
11-14 17:50:13.806 1942 3398 D PowerUI : can't show warning due to - plugged: true status unknown: false
11-14 17:50:14.207 1472 2615 W AlarmManager: Alarms must either supply a PendingIntent or an AlarmReceiver
11-14 17:50:14.352 1472 1696 E CredentialProviderInfoFactory: Provider is not a valid system provider: ServiceInfo{346acfa com.google.android.gms.auth.api.credentials.credman.service.GoogleIdService}
11-14 17:50:14.360 1472 1696 E CredentialProviderInfoFactory: Failed to create CredentialProviderInfo: java.lang.SecurityException: Provider is not a valid system provider: ServiceInfo{346acfa com.google.android.gms.auth.api.credentials.credman.service.GoogleIdService}
11-14 17:50:14.360 1472 1696 E CredentialProviderInfoFactory: Provider is not a valid system provider: ServiceInfo{b7e51b4 com.google.android.gms.auth.api.credentials.credman.service.RemoteService}
11-14 17:50:14.360 1472 1696 E CredentialProviderInfoFactory: Failed to create CredentialProviderInfo: java.lang.SecurityException: Provider is not a valid system provider: ServiceInfo{b7e51b4 com.google.android.gms.auth.api.credentials.credman.service.RemoteService}
11-14 17:50:14.360 1472 1696 D CredManSysServiceImpl: CredentialManagerServiceImpl constructed for: com.google.android.gms/.auth.api.credentials.credman.service.PasswordAndPasskeyService
11-14 17:50:14.360 1472 1696 D CredManSysServiceImpl: newServiceInfoLocked, mInfo null, com.google.android.gms/com.google.android.gms.auth.api.credentials.credman.service.PasswordAndPasskeyService
11-14 17:50:14.500 1472 2557 I ContentCaptureManagerService: Data share request accepted by Content Capture service
11-14 17:50:14.591 1472 4786 W ActivityManager: Receiver with filter android.content.IntentFilter@136761e already registered for pid 28917, callerPackage is com.google.android.googlequicksearchbox
11-14 17:50:14.835 1472 4938 I ContentCaptureManagerService: Data share request accepted by Content Capture service
11-14 17:50:15.374 1472 1472 I Telecom : PhoneAccountRegistrar: getSimCallManager: SimCallManager for subId -1 queried, returning: null: TSI.gSCMFU(a)@Rl0
11-14 17:50:15.450 1472 1696 W WindowMagnificationMgr: requestConnection duplicated request: connect=false, mConnectionState=DISCONNECTED
11-14 17:50:16.243 18397 18998 W PackageParser: Unknown element under : queries at /data/user_de/0/com.google.android.gms/app_chimera/m/000000c9/dl-AdsFdrDynamite.integ_233012802100000.apk Binary XML file line #15
11-14 17:50:16.292 18397 18998 W PackageParser: Unknown element under : queries at /data/user_de/0/com.google.android.gms/app_chimera/m/0000013d/dl-AdsFdrDynamite.integ_233702200100000.apk Binary XML file line #15
11-14 17:50:17.020 1472 2615 D CompatibilityChangeReporter: Compat change id reported: 266524688; UID 10148; state: ENABLED
11-14 17:50:17.142 18397 18686 W PackageParser: Unknown element under : queries at /data/user_de/0/com.google.android.gms/app_chimera/m/00000175/DynamiteModulesC.apk Binary XML file line #15
11-14 17:50:17.243 1472 4786 D CompatibilityChangeReporter: Compat change id reported: 271850009; UID 10140; state: ENABLED
11-14 17:50:17.244 1472 4786 D CompatibilityChangeReporter: Compat change id reported: 253665015; UID 10140; state: ENABLED
11-14 17:50:17.244 1472 4786 D CompatibilityChangeReporter: Compat change id reported: 194532703; UID 10140; state: ENABLED
11-14 17:50:17.297 18397 18686 W PackageParser: Unknown element under : queries at /data/user_de/0/com.google.android.gms/app_chimera/m/000000c9/dl-AdsFdrDynamite.integ_233012802100000.apk Binary XML file line #15
11-14 17:50:17.581 1472 1797 D CompatibilityChangeReporter: Compat change id reported: 135634846; UID 10135; state: DISABLED
11-14 17:50:17.581 1472 1797 D CompatibilityChangeReporter: Compat change id reported: 177438394; UID 10135; state: DISABLED
11-14 17:50:17.581 1472 1797 D CompatibilityChangeReporter: Compat change id reported: 135772972; UID 10135; state: DISABLED
11-14 17:50:17.581 1472 1797 D CompatibilityChangeReporter: Compat change id reported: 135754954; UID 10135; state: ENABLED
11-14 17:50:17.583 1472 1698 D CompatibilityChangeReporter: Compat change id reported: 143937733; UID 10135; state: ENABLED
11-14 17:50:17.600 1472 1698 I ActivityManager: Start proc 19214:com.google.android.apps.messaging/u0a135 for service {com.google.android.apps.messaging/androidx.work.impl.background.systemjob.SystemJobService}
11-14 17:50:17.628 1472 4938 D CompatibilityChangeReporter: Compat change id reported: 168419799; UID 10135; state: DISABLED
11-14 17:50:17.628 1472 4938 D CompatibilityChangeReporter: Compat change id reported: 273564678; UID 10135; state: DISABLED
11-14 17:50:17.650 1472 2615 D CompatibilityChangeReporter: Compat change id reported: 170503758; UID 10135; state: ENABLED
11-14 17:50:17.751 1472 2615 D CompatibilityChangeReporter: Compat change id reported: 135634846; UID 10140; state: DISABLED
11-14 17:50:17.751 1472 2615 D CompatibilityChangeReporter: Compat change id reported: 177438394; UID 10140; state: DISABLED
11-14 17:50:17.751 1472 2615 D CompatibilityChangeReporter: Compat change id reported: 135772972; UID 10140; state: DISABLED
11-14 17:50:17.751 1472 2615 D CompatibilityChangeReporter: Compat change id reported: 135754954; UID 10140; state: ENABLED
11-14 17:50:17.752 1472 1698 D CompatibilityChangeReporter: Compat change id reported: 143937733; UID 10140; state: ENABLED
11-14 17:50:17.770 1472 1698 I ActivityManager: Start proc 19235:com.google.android.gms.unstable/u0a140 for service {com.google.android.gms/com.google.android.gms.droidguard.DroidGuardService}
11-14 17:50:17.790 1472 4938 D CompatibilityChangeReporter: Compat change id reported: 168419799; UID 10140; state: DISABLED
11-14 17:50:17.790 1472 4938 D CompatibilityChangeReporter: Compat change id reported: 273564678; UID 10140; state: DISABLED
11-14 17:50:17.801 1472 4938 D CompatibilityChangeReporter: Compat change id reported: 170503758; UID 10140; state: ENABLED
11-14 17:50:18.207 1472 2615 I ActivityManager: Flag disabled. Ignoring finishAttachApplication from uid: 10135. pid: 19214
11-14 17:50:18.233 1472 4938 D CompatibilityChangeReporter: Compat change id reported: 161145287; UID 10135; state: DISABLED
11-14 17:50:18.238 1472 4938 I ActivityManager: Flag disabled. Ignoring finishAttachApplication from uid: 10140. pid: 19235
11-14 17:50:18.562 1472 4938 D CompatibilityChangeReporter: Compat change id reported: 253665015; UID 10135; state: ENABLED
11-14 17:50:18.563 1472 4938 D CompatibilityChangeReporter: Compat change id reported: 194532703; UID 10135; state: ENABLED
11-14 17:50:18.571 1472 4938 D CompatibilityChangeReporter: Compat change id reported: 271850009; UID 10135; state: ENABLED
11-14 17:50:18.632 1472 4786 W JobScheduler: Job didn't exist in JobStore: 9208a66 #u0a135/2855 com.google.android.apps.messaging/androidx.work.impl.background.systemjob.SystemJobService
11-14 17:50:18.866 1472 1807 D ActivityManager: freezing 8000 com.android.hotwordenrollment.okgoogle
11-14 17:50:18.868 1472 1807 D ActivityManager: freezing 6495 com.google.android.hardwareinfo
11-14 17:50:18.869 1472 1807 D ActivityManager: freezing 7906 com.android.imsserviceentitlement
11-14 17:50:18.870 1472 1807 D ActivityManager: freezing 21005 com.google.android.webview:webview_apk
11-14 17:50:18.872 1472 1807 D ActivityManager: freezing 1317 com.google.android.documentsui
11-14 17:50:18.872 1472 1807 D ActivityManager: freezing 5382 com.android.externalstorage
11-14 17:50:18.874 1472 1807 D ActivityManager: freezing 11432 com.android.shell
11-14 17:50:18.875 1472 1807 D ActivityManager: freezing 1650 com.google.android.marvin.talkback
11-14 17:50:18.876 1472 1807 D ActivityManager: freezing 8763 com.google.android.accessibility.soundamplifier
11-14 17:50:18.877 1472 1807 D ActivityManager: freezing 8898 com.google.android.apps.wearables.maestro.companion
11-14 17:50:18.878 1472 1807 D ActivityManager: freezing 8985 com.google.android.apps.accessibility.voiceaccess
11-14 17:50:18.879 1472 1807 D ActivityManager: freezing 9034 com.google.android.calculator
11-14 17:50:18.881 1472 1807 D ActivityManager: freezing 9135 com.google.android.apps.carrier.carrierwifi
11-14 17:50:18.882 1472 1807 D ActivityManager: freezing 18570 com.google.android.soundpicker
11-14 17:50:18.883 1472 1807 D ActivityManager: freezing 18747 com.google.audio.hearing.visualization.accessibility.scribe
11-14 17:50:18.884 1472 1807 D ActivityManager: freezing 15085 com.google.android.projection.gearhead:primes_lifeboat
11-14 17:50:18.885 1472 1807 D ActivityManager: freezing 4760 com.google.android.apps.wallpaper
11-14 17:50:18.886 1472 1807 D ActivityManager: freezing 6090 com.google.android.uvexposurereporter
11-14 17:50:18.888 1472 1807 D ActivityManager: freezing 7533 com.google.android.adservices.api
11-14 17:50:18.889 1472 1807 D ActivityManager: freezing 6399 com.google.android.packageinstaller
11-14 17:50:18.890 1472 1807 D ActivityManager: freezing 5791 com.google.android.webview:webview_service
11-14 17:50:18.891 1472 1807 D ActivityManager: freezing 2726 com.google.android.carrier
11-14 17:50:18.892 1472 1807 D ActivityManager: freezing 2005 com.google.android.flipendo
11-14 17:50:18.893 1472 1807 D ActivityManager: freezing 7778 com.google.RilConfigService
11-14 17:50:18.894 1472 1807 D ActivityManager: freezing 6647 com.google.android.configupdater
11-14 17:50:18.896 1472 1807 D ActivityManager: freezing 7681 com.google.android.apps.work.oobconfig
11-14 17:50:18.897 1472 1807 D ActivityManager: freezing 12068 com.google.android.apps.gcs
11-14 17:50:18.898 1472 1807 D ActivityManager: freezing 17097 com.google.android.partnersetup
11-14 17:50:18.899 1472 1807 D ActivityManager: freezing 16945 com.google.android.apps.turbo:aab
11-14 17:50:18.900 1472 1807 D ActivityManager: freezing 12137 com.google.android.apps.betterbug
11-14 17:50:18.901 1472 1807 D ActivityManager: freezing 18481 com.google.android.setupwizard
11-14 17:50:18.902 1472 1807 D ActivityManager: freezing 1220 com.google.android.apps.carrier.log
11-14 17:50:18.904 1472 1807 D ActivityManager: freezing 18234 com.google.android.webview
11-14 17:50:18.905 1472 1807 D ActivityManager: freezing 18456 com.google.android.apps.restore
11-14 17:50:18.906 1472 1807 D ActivityManager: freezing 29482 com.google.android.deskclock
11-14 17:50:18.908 1472 1807 D ActivityManager: freezing 16210 com.google.android.calendar
11-14 17:50:18.910 1472 1807 D ActivityManager: freezing 5139 com.android.providers.calendar
11-14 17:50:18.911 1472 1807 D ActivityManager: freezing 8423 com.google.android.turboadapter
11-14 17:50:18.912 1472 1807 D ActivityManager: freezing 2724 com.google.android.googlequicksearchbox:train
11-14 17:50:18.914 1472 1807 D ActivityManager: freezing 11615 com.google.android.tts
11-14 17:50:18.915 1472 1807 D ActivityManager: freezing 18802 com.google.android.apps.healthdata
11-14 17:50:18.916 1472 1807 D ActivityManager: freezing 19704 com.google.android.apps.turbo
11-14 17:50:18.918 1472 1807 D ActivityManager: freezing 31802 com.google.android.contacts
11-14 17:50:18.919 1472 1807 D ActivityManager: freezing 5833 com.android.angle
11-14 17:50:18.920 1472 1807 D ActivityManager: freezing 4356 com.android.traceur
11-14 17:50:18.921 1472 1807 D ActivityManager: freezing 8936 com.google.android.accessibility.switchaccess
11-14 17:50:18.922 1472 1807 D ActivityManager: freezing 12046 com.google.android.apps.safetyhub
11-14 17:50:18.924 1472 1807 D ActivityManager: freezing 9120 com.google.android.apps.tips
11-14 17:50:18.925 1472 1807 D ActivityManager: freezing 2609 com.google.android.cellbroadcastreceiver
11-14 17:50:18.926 1472 1807 D ActivityManager: freezing 7205 com.google.android.healthconnect.controller
11-14 17:50:18.927 1472 1807 D ActivityManager: freezing 17242 com.google.android.projection.gearhead:projection
11-14 17:50:18.928 1472 1807 D ActivityManager: freezing 10000 com.google.android.apps.turbo:ssb
11-14 17:50:18.929 1472 1807 D ActivityManager: freezing 6472 com.google.android.odad
11-14 17:50:18.945 1472 1807 D ActivityManager: freezing 19331 com.google.android.projection.gearhead:provider
11-14 17:50:18.948 1472 1807 D ActivityManager: freezing 6263 com.google.android.rkpdapp
11-14 17:50:18.951 1472 1807 D ActivityManager: freezing 9447 com.google.android.as.oss:learning_bg
11-14 17:50:18.952 1472 1807 D ActivityManager: freezing 10916 com.google.android.as.oss
11-14 17:50:18.958 1472 1807 D ActivityManager: freezing 31926 com.google.android.projection.gearhead:shared
11-14 17:50:18.960 1472 1807 D ActivityManager: freezing 14998 com.google.android.projection.gearhead:car
11-14 17:50:19.242 1472 4786 D ActivityManager: sync unfroze 6263 com.google.android.rkpdapp
11-14 17:50:19.629 1472 1807 D ActivityManager: freezing 18837 com.google.android.dialer
11-14 17:50:20.632 1472 4785 D CompatibilityChangeReporter: Compat change id reported: 149924527; UID 10140; state: ENABLED
11-14 17:50:20.633 1472 4785 D CompatibilityChangeReporter: Compat change id reported: 132649864; UID 10140; state: DISABLED
11-14 17:50:21.066 18397 18686 W PackageParser: Unknown element under : queries at /data/user_de/0/com.google.android.gms/app_chimera/m/0000013d/dl-AdsFdrDynamite.integ_233702200100000.apk Binary XML file line #15
11-14 17:50:21.324 1472 1807 D ActivityManager: freezing 19250 com.android.vending:instant_app_installer
11-14 17:50:21.326 1472 1807 D ActivityManager: freezing 19396 com.android.vending:quick_launch
11-14 17:50:21.723 18397 18686 W PackageParser: Unknown element under : queries at /data/user_de/0/com.google.android.gms/app_chimera/m/000000c9/dl-AdsFdrDynamite.integ_233012802100000.apk Binary XML file line #15
11-14 17:50:21.745 18397 18686 W PackageParser: Unknown element under : queries at /data/user_de/0/com.google.android.gms/app_chimera/m/0000013d/dl-AdsFdrDynamite.integ_233702200100000.apk Binary XML file line #15
11-14 17:50:22.869 1472 1697 D ActivityManager: sync unfroze 17097 com.google.android.partnersetup
11-14 17:50:22.874 1472 1697 D ActivityManager: sync unfroze 12068 com.google.android.apps.gcs
11-14 17:50:22.901 1472 1697 D ActivityManager: sync unfroze 1220 com.google.android.apps.carrier.log
11-14 17:50:22.910 1472 2129 D CompatibilityChangeReporter: Compat change id reported: 229362273; UID 10140; state: ENABLED
11-14 17:50:22.926 1472 1697 D ActivityManager: sync unfroze 7778 com.google.RilConfigService
11-14 17:50:22.976 1472 4786 D CompatibilityChangeReporter: Compat change id reported: 266524688; UID 10140; state: ENABLED
11-14 17:50:23.084 1472 2615 D CompatibilityChangeReporter: Compat change id reported: 218533173; UID 10140; state: ENABLED
11-14 17:50:23.179 1472 2615 D CompatibilityChangeReporter: Compat change id reported: 161145287; UID 10140; state: ENABLED
11-14 17:50:23.179 1472 2615 D CompatibilityChangeReporter: Compat change id reported: 161145287; UID 10140; state: DISABLED
11-14 17:50:23.205 1472 2129 D CompatibilityChangeReporter: Compat change id reported: 261072174; UID 10140; state: DISABLED
11-14 17:50:23.205 1472 2129 D CompatibilityChangeReporter: Compat change id reported: 261072174; UID 10148; state: DISABLED
11-14 17:50:23.205 1472 2129 D CompatibilityChangeReporter: Compat change id reported: 261072174; UID 10184; state: DISABLED
11-14 17:50:23.205 1472 2129 D CompatibilityChangeReporter: Compat change id reported: 261072174; UID 10135; state: DISABLED
11-14 17:50:23.416 1472 4938 D CompatibilityChangeReporter: Compat change id reported: 171306433; UID 10140; state: ENABLED
11-14 17:50:23.497 18397 18723 W PackageParser: Unknown element under : queries at /data/user_de/0/com.google.android.gms/app_chimera/m/000000c9/dl-AdsFdrDynamite.integ_233012802100000.apk Binary XML file line #15
11-14 17:50:23.528 18397 18723 W PackageParser: Unknown element under : queries at /data/user_de/0/com.google.android.gms/app_chimera/m/0000013d/dl-AdsFdrDynamite.integ_233702200100000.apk Binary XML file line #15
11-14 17:50:24.281 18397 18686 W PackageParser: Unknown element under : queries at /data/user_de/0/com.google.android.gms/app_chimera/m/000000c9/dl-AdsFdrDynamite.integ_233012802100000.apk Binary XML file line #15
11-14 17:50:24.322 18397 18686 W PackageParser: Unknown element under : queries at /data/user_de/0/com.google.android.gms/app_chimera/m/0000013d/dl-AdsFdrDynamite.integ_233702200100000.apk Binary XML file line #15
11-14 17:50:25.634 1472 1697 D ActivityManager: sync unfroze 12137 com.google.android.apps.betterbug
11-14 17:50:25.657 1472 1697 D ActivityManager: sync unfroze 18481 com.google.android.setupwizard
11-14 17:50:25.659 1472 1697 D ActivityManager: sync unfroze 19250 com.android.vending:instant_app_installer
11-14 17:50:26.113 1472 1697 W ProcessStats: Tracking association SourceState{96dfabd com.android.settings/1000 Top #302328} whose proc state 1 is better than process ProcessState{5327e31 com.google.android.settings.intelligence/10159 pkg=com.google.android.settings.intelligence} proc state 10 (379 skipped)
11-14 17:50:26.324 1472 1697 D ActivityManager: sync unfroze 31802 com.google.android.contacts
11-14 17:50:26.360 1472 4954 D BiometricService: canAuthenticate: User=0, Caller=0, Authenticators=255
11-14 17:50:26.362 1472 4954 D BiometricService/PreAuthInfo: Package: com.google.android.gms Sensor ID: 0 Modality: 2 Status: 7
11-14 17:50:26.362 1472 4954 D BiometricService/PreAuthInfo: getCanAuthenticateInternal Modality: 2 AuthenticatorStatus: 7
11-14 17:50:26.362 1472 4954 D AuthService: canAuthenticate, userId: 0, callingUserId: 0, authenticators: 255, result: 11
11-14 17:50:26.543 1472 1697 D ActivityManager: sync unfroze 12046 com.google.android.apps.safetyhub
11-14 17:50:26.597 1472 1697 D ActivityManager: sync unfroze 9120 com.google.android.apps.tips
11-14 17:50:26.805 1472 1697 D ActivityManager: sync unfroze 16210 com.google.android.calendar
11-14 17:50:26.891 1472 2129 D CompatibilityChangeReporter: Compat change id reported: 161252188; UID 10125; state: DISABLED
11-14 17:50:26.907 1472 1697 D ActivityManager: sync unfroze 2724 com.google.android.googlequicksearchbox:train
11-14 17:50:26.983 1472 2615 D CompatibilityChangeReporter: Compat change id reported: 161252188; UID 10188; state: DISABLED
11-14 17:50:27.005 1472 2557 D CompatibilityChangeReporter: Compat change id reported: 161252188; UID 10135; state: DISABLED
11-14 17:50:27.037 1472 2129 D CompatibilityChangeReporter: Compat change id reported: 161252188; UID 10192; state: DISABLED
11-14 17:50:27.135 1472 2129 D CompatibilityChangeReporter: Compat change id reported: 161252188; UID 10173; state: DISABLED
11-14 17:50:27.592 1472 2615 D CompatibilityChangeReporter: Compat change id reported: 161252188; UID 10191; state: DISABLED
11-14 17:50:27.960 1472 2129 D CompatibilityChangeReporter: Compat change id reported: 161252188; UID 10148; state: DISABLED
11-14 17:50:28.410 1472 4954 D BiometricService: Sensor ID(0), oemStrength: 15, updatedStrength: 15, modality: 2, state: 0, cookie: 0, sensorId 0, hasEnrollments: false cannot participate in Keystore operations
11-14 17:50:28.975 1472 1696 E CredentialProviderInfoFactory: Provider is not a valid system provider: ServiceInfo{21373e9 com.google.android.gms.auth.api.credentials.credman.service.GoogleIdService}
11-14 17:50:28.975 1472 1696 E CredentialProviderInfoFactory: Failed to create CredentialProviderInfo: java.lang.SecurityException: Provider is not a valid system provider: ServiceInfo{21373e9 com.google.android.gms.auth.api.credentials.credman.service.GoogleIdService}
11-14 17:50:28.975 1472 1696 E CredentialProviderInfoFactory: Provider is not a valid system provider: ServiceInfo{d02cb0f com.google.android.gms.auth.api.credentials.credman.service.RemoteService}
11-14 17:50:28.975 1472 1696 E CredentialProviderInfoFactory: Failed to create CredentialProviderInfo: java.lang.SecurityException: Provider is not a valid system provider: ServiceInfo{d02cb0f com.google.android.gms.auth.api.credentials.credman.service.RemoteService}
11-14 17:50:28.975 1472 1696 D CredManSysServiceImpl: CredentialManagerServiceImpl constructed for: com.google.android.gms/.auth.api.credentials.credman.service.PasswordAndPasskeyService
11-14 17:50:28.975 1472 1696 D CredManSysServiceImpl: newServiceInfoLocked, mInfo null, com.google.android.gms/com.google.android.gms.auth.api.credentials.credman.service.PasswordAndPasskeyService
11-14 17:50:29.245 1472 2129 W AppOps : Noting op not finished: uid 10140 pkg com.google.android.gms code 113 startTime of in progress event=1699977010974
11-14 17:50:29.262 1472 1807 D ActivityManager: freezing 6263 com.google.android.rkpdapp
11-14 17:50:29.314 1472 4784 W AppOps : Noting op not finished: uid 10140 pkg com.google.android.gms code 113 startTime of in progress event=1699977010974
11-14 17:50:29.322 1472 4956 W AppOps : Noting op not finished: uid 10140 pkg com.google.android.gms code 79 startTime of in progress event=1699977029219
11-14 17:50:30.082 1472 1696 E CredentialProviderInfoFactory: Provider is not a valid system provider: ServiceInfo{10eca81 com.google.android.gms.auth.api.credentials.credman.service.GoogleIdService}
11-14 17:50:30.083 1472 1696 E CredentialProviderInfoFactory: Failed to create CredentialProviderInfo: java.lang.SecurityException: Provider is not a valid system provider: ServiceInfo{10eca81 com.google.android.gms.auth.api.credentials.credman.service.GoogleIdService}
11-14 17:50:30.083 1472 1696 E CredentialProviderInfoFactory: Provider is not a valid system provider: ServiceInfo{5c5b726 com.google.android.gms.auth.api.credentials.credman.service.RemoteService}
11-14 17:50:30.083 1472 1696 E CredentialProviderInfoFactory: Failed to create CredentialProviderInfo: java.lang.SecurityException: Provider is not a valid system provider: ServiceInfo{5c5b726 com.google.android.gms.auth.api.credentials.credman.service.RemoteService}
11-14 17:50:30.083 1472 1696 D CredManSysServiceImpl: CredentialManagerServiceImpl constructed for: com.google.android.gms/.auth.api.credentials.credman.service.PasswordAndPasskeyService
11-14 17:50:30.083 1472 1696 D CredManSysServiceImpl: newServiceInfoLocked, mInfo null, com.google.android.gms/com.google.android.gms.auth.api.credentials.credman.service.PasswordAndPasskeyService
11-14 17:50:31.842 1472 4956 D CompatibilityChangeReporter: Compat change id reported: 168936375; UID 10140; state: ENABLED
11-14 17:50:31.844 1472 4956 D CompatibilityChangeReporter: Compat change id reported: 73144566; UID 10140; state: ENABLED
11-14 17:50:32.107 1472 4786 D ConditionProviders: Enabling component com.google.android.gms/com.google.android.location.settings.DrivingConditionProvider
11-14 17:50:32.107 1472 4786 V ConditionProviders: binding: Intent { act=android.service.notification.ConditionProviderService cmp=com.google.android.gms/com.google.android.location.settings.DrivingConditionProvider (has extras) }
11-14 17:50:32.120 1472 1472 V ConditionProviders: 0 condition provider service connected: ComponentInfo{com.google.android.gms/com.google.android.location.settings.DrivingConditionProvider}
