11-14 22:14:54.640 1472 4947 I AppsFilter: interaction: PackageSetting{fd95362 org.qtproject.example.minimal_qml/10262} -> PackageSetting{25ace78 org.qtproject.example.vulkanunderqmlapp/10292} BLOCKED
11-14 22:14:54.640 1472 4947 I AppsFilter: interaction: PackageSetting{6bc8cf3 org.qtproject.example.qmloscilloscope/10255} -> PackageSetting{25ace78 org.qtproject.example.vulkanunderqmlapp/10292} BLOCKED
11-14 22:14:54.640 1472 4947 I AppsFilter: interaction: PackageSetting{82c3db0 org.qtproject.example.calqlatrexample/10266} -> PackageSetting{25ace78 org.qtproject.example.vulkanunderqmlapp/10292} BLOCKED
11-14 22:14:54.640 1472 4947 I AppsFilter: interaction: PackageSetting{bc21429 org.qtproject.example.appqt66beta1androidquickexample/10256} -> PackageSetting{25ace78 org.qtproject.example.vulkanunderqmlapp/10292} BLOCKED
11-14 22:14:54.640 1472 4947 I AppsFilter: interaction: PackageSetting{47d43ae org.qtproject.example.coffee/10279} -> PackageSetting{25ace78 org.qtproject.example.vulkanunderqmlapp/10292} BLOCKED
11-14 22:14:54.640 1472 4947 I AppsFilter: interaction: PackageSetting{a89054f org.qtproject.example.contactlist/10252} -> PackageSetting{25ace78 org.qtproject.example.vulkanunderqmlapp/10292} BLOCKED
11-14 22:14:54.640 1472 4947 I AppsFilter: interaction: PackageSetting{60f84dc org.qtproject.example.appmuu/10287} -> PackageSetting{25ace78 org.qtproject.example.vulkanunderqmlapp/10292} BLOCKED
11-14 22:14:54.640 1472 4947 I AppsFilter: interaction: PackageSetting{d3ec9e5 org.qtproject.example.qtbug98766_compat/10289} -> PackageSetting{25ace78 org.qtproject.example.vulkanunderqmlapp/10292} BLOCKED
11-14 22:14:54.640 1472 4947 I AppsFilter: interaction: PackageSetting{15decba org.qtproject.example.galleryexample/10265} -> PackageSetting{25ace78 org.qtproject.example.vulkanunderqmlapp/10292} BLOCKED
11-14 22:14:54.640 1472 4947 I AppsFilter: interaction: PackageSetting{4faa76b org.qtproject.example.objectlistmodelexample/10263} -> PackageSetting{25ace78 org.qtproject.example.vulkanunderqmlapp/10292} BLOCKED
11-14 22:14:54.641 1472 4947 I AppsFilter: interaction: PackageSetting{57e12c8 org.qtproject.example.testFont/10270} -> PackageSetting{25ace78 org.qtproject.example.vulkanunderqmlapp/10292} BLOCKED
11-14 22:14:54.641 1472 4947 I AppsFilter: interaction: PackageSetting{f171f61 org.qtproject.example.widgetdeom/10259} -> PackageSetting{25ace78 org.qtproject.example.vulkanunderqmlapp/10292} BLOCKED
11-14 22:14:54.641 1472 4947 I AppsFilter: interaction: PackageSetting{e6e1a86 org.qtproject.example.declarative_camera/10253} -> PackageSetting{25ace78 org.qtproject.example.vulkanunderqmlapp/10292} BLOCKED
11-14 22:14:54.641 1472 4947 I AppsFilter: interaction: PackageSetting{a9a4f47 com.test.ouluweather/10268} -> PackageSetting{25ace78 org.qtproject.example.vulkanunderqmlapp/10292} BLOCKED
11-14 22:14:54.641 1472 4947 I AppsFilter: interaction: PackageSetting{fc59374 com.google.android.microdroid.empty_payload/10246} -> PackageSetting{25ace78 org.qtproject.example.vulkanunderqmlapp/10292} BLOCKED
11-14 22:14:54.641 1472 4947 I AppsFilter: interaction: PackageSetting{9c5509d org.qtproject.example.calendarwidget/10278} -> PackageSetting{25ace78 org.qtproject.example.vulkanunderqmlapp/10292} BLOCKED
11-14 22:14:54.641 1472 4947 I AppsFilter: interaction: PackageSetting{e015912 org.qtproject.example.QTBUG97503/10284} -> PackageSetting{25ace78 org.qtproject.example.vulkanunderqmlapp/10292} BLOCKED
11-14 22:14:54.641 1472 4947 I AppsFilter: interaction: PackageSetting{5a298e3 org.qtproject.example.unicode_bug/10280} -> PackageSetting{25ace78 org.qtproject.example.vulkanunderqmlapp/10292} BLOCKED
11-14 22:14:54.641 1472 4947 I AppsFilter: interaction: PackageSetting{36272e0 com.example.qtbug/10276} -> PackageSetting{25ace78 org.qtproject.example.vulkanunderqmlapp/10292} BLOCKED
11-14 22:14:54.641 1472 4947 I AppsFilter: interaction: PackageSetting{92b5999 org.qtproject.example.implicit_height/10275} -> PackageSetting{25ace78 org.qtproject.example.vulkanunderqmlapp/10292} BLOCKED
11-14 22:14:54.641 1472 4947 I AppsFilter: interaction: PackageSetting{217f45e org.qtproject.example.simplemqttclient/10254} -> PackageSetting{25ace78 org.qtproject.example.vulkanunderqmlapp/10292} BLOCKED
11-14 22:14:54.641 1472 4947 I AppsFilter: interaction: PackageSetting{f5be03f org.qtproject.example.qtbug90324/10271} -> PackageSetting{25ace78 org.qtproject.example.vulkanunderqmlapp/10292} BLOCKED
11-14 22:14:54.641 1472 4947 I AppsFilter: interaction: PackageSetting{82bdd0c org.qtproject.example.qtbug87334/10247} -> PackageSetting{25ace78 org.qtproject.example.vulkanunderqmlapp/10292} BLOCKED
11-14 22:14:54.641 1472 4947 I AppsFilter: interaction: PackageSetting{b4ef655 org.qtproject.example.qtbug40728/10273} -> PackageSetting{25ace78 org.qtproject.example.vulkanunderqmlapp/10292} BLOCKED
11-14 22:14:54.641 1472 4947 I AppsFilter: interaction: PackageSetting{a6af86a org.qtproject.example.Android_keyboard_cover/10283} -> PackageSetting{25ace78 org.qtproject.example.vulkanunderqmlapp/10292} BLOCKED
11-14 22:14:54.641 1472 4947 I AppsFilter: interaction: PackageSetting{338415b org.qtproject.example.appqtbug98776_for_qtbug114437/10281} -> PackageSetting{25ace78 org.qtproject.example.vulkanunderqmlapp/10292} BLOCKED
11-14 22:14:54.641 1472 4947 I AppsFilter: interaction: PackageSetting{a3fbdf8 org.qtproject.example/10282} -> PackageSetting{25ace78 org.qtproject.example.vulkanunderqmlapp/10292} BLOCKED
11-14 22:14:54.641 1472 4947 I AppsFilter: interaction: PackageSetting{ed5a2d1 org.qtproject.example.textfinder/10272} -> PackageSetting{25ace78 org.qtproject.example.vulkanunderqmlapp/10292} BLOCKED
11-14 22:14:54.641 1472 4947 I AppsFilter: interaction: PackageSetting{7383136 org.qtproject.example.openglunderqml/10251} -> PackageSetting{25ace78 org.qtproject.example.vulkanunderqmlapp/10292} BLOCKED
11-14 22:14:54.641 1472 4947 I AppsFilter: interaction: PackageSetting{7af9837 org.qtproject.example.texteditor/10285} -> PackageSetting{25ace78 org.qtproject.example.vulkanunderqmlapp/10292} BLOCKED
11-14 22:14:54.641 1472 4947 I AppsFilter: interaction: PackageSetting{7aec1a4 org.qtproject.example.hellocube/10258} -> PackageSetting{25ace78 org.qtproject.example.vulkanunderqmlapp/10292} BLOCKED
11-14 22:14:54.641 1472 4947 I AppsFilter: interaction: PackageSetting{d409b0d org.qtproject.example.texteditorexample/10290} -> PackageSetting{25ace78 org.qtproject.example.vulkanunderqmlapp/10292} BLOCKED
11-14 22:14:54.641 1472 4947 I AppsFilter: interaction: PackageSetting{cce2ac2 org.qtproject.example.contactlistexample/10277} -> PackageSetting{25ace78 org.qtproject.example.vulkanunderqmlapp/10292} BLOCKED
11-14 22:14:54.641 1472 4947 I AppsFilter: interaction: PackageSetting{8db80d3 org.qtproject.example.highdpi/10288} -> PackageSetting{25ace78 org.qtproject.example.vulkanunderqmlapp/10292} BLOCKED
11-14 22:14:54.641 1472 4947 I AppsFilter: interaction: PackageSetting{ce85410 org.qtproject.example.deleteme/10291} -> PackageSetting{25ace78 org.qtproject.example.vulkanunderqmlapp/10292} BLOCKED
11-14 22:14:54.641 1472 4947 I AppsFilter: interaction: PackageSetting{ce8db09 org.qtproject.example.quickspeech/10274} -> PackageSetting{25ace78 org.qtproject.example.vulkanunderqmlapp/10292} BLOCKED
11-14 22:14:54.859 1472 4947 D CompatibilityChangeReporter: Compat change id reported: 265464455; UID 10292; state: DISABLED
11-14 22:14:54.859 1472 4947 D CompatibilityChangeReporter: Compat change id reported: 265452344; UID 10292; state: DISABLED
11-14 22:14:54.860 1472 4947 D CompatibilityChangeReporter: Compat change id reported: 266124927; UID 10292; state: DISABLED
11-14 22:14:54.860 1472 4947 D CompatibilityChangeReporter: Compat change id reported: 265451093; UID 10292; state: DISABLED
11-14 22:14:54.860 1472 4947 D CompatibilityChangeReporter: Compat change id reported: 265456536; UID 10292; state: DISABLED
11-14 22:14:54.860 1472 4947 D CompatibilityChangeReporter: Compat change id reported: 255940284; UID 10292; state: DISABLED
11-14 22:14:54.861 1472 4947 D CompatibilityChangeReporter: Compat change id reported: 236283604; UID 10292; state: DISABLED
11-14 22:14:54.861 1472 4947 D CompatibilityChangeReporter: Compat change id reported: 263959004; UID 10292; state: DISABLED
11-14 22:14:54.861 1472 4947 D CompatibilityChangeReporter: Compat change id reported: 264304459; UID 10292; state: DISABLED
11-14 22:14:54.862 1472 4947 D CompatibilityChangeReporter: Compat change id reported: 264301586; UID 10292; state: DISABLED
11-14 22:14:54.862 1472 4947 D CompatibilityChangeReporter: Compat change id reported: 254631730; UID 10292; state: DISABLED
11-14 22:14:54.862 1472 4947 D CompatibilityChangeReporter: Compat change id reported: 273509367; UID 10292; state: DISABLED
11-14 22:14:54.863 1472 4947 D CompatibilityChangeReporter: Compat change id reported: 263259275; UID 10292; state: DISABLED
11-14 22:14:54.868 1472 4947 D CompatibilityChangeReporter: Compat change id reported: 194480991; UID 10292; state: ENABLED
11-14 22:14:54.870 1472 4947 D CompatibilityChangeReporter: Compat change id reported: 174042980; UID 10292; state: DISABLED
11-14 22:14:54.874 1472 4947 D CompatibilityChangeReporter: Compat change id reported: 184838306; UID 10292; state: DISABLED
11-14 22:14:54.874 1472 4947 D CompatibilityChangeReporter: Compat change id reported: 185004937; UID 10292; state: DISABLED
11-14 22:14:54.874 1472 4947 D CompatibilityChangeReporter: Compat change id reported: 181136395; UID 10292; state: DISABLED
11-14 22:14:54.875 1472 4947 D CompatibilityChangeReporter: Compat change id reported: 174042936; UID 10292; state: DISABLED
11-14 22:14:54.880 1472 4947 D CompatibilityChangeReporter: Compat change id reported: 205907456; UID 10292; state: ENABLED
11-14 22:14:54.882 1472 4947 I ActivityTaskManager: START u0 {flg=0x10000000 cmp=org.qtproject.example.vulkanunderqmlapp/org.qtproject.qt.android.bindings.QtActivity} with LAUNCH_SINGLE_TOP from uid 2000 (BAL_ALLOW_PERMISSION) result code=0
11-14 22:14:54.883 1942 1966 V WindowManagerShell: Transition requested: android.os.BinderProxy@392f31d TransitionRequestInfo { type = OPEN, triggerTask = TaskInfo{userId=0 taskId=415 displayId=0 isRunning=true baseIntent=Intent { flg=0x10000000 cmp=org.qtproject.example.vulkanunderqmlapp/org.qtproject.qt.android.bindings.QtActivity } baseActivity=ComponentInfo{org.qtproject.example.vulkanunderqmlapp/org.qtproject.qt.android.bindings.QtActivity} topActivity=ComponentInfo{org.qtproject.example.vulkanunderqmlapp/org.qtproject.qt.android.bindings.QtActivity} origActivity=null realActivity=ComponentInfo{org.qtproject.example.vulkanunderqmlapp/org.qtproject.qt.android.bindings.QtActivity} numActivities=1 lastActiveTime=1910445292 supportsMultiWindow=true resizeMode=1 isResizeable=true minWidth=-1 minHeight=-1 defaultMinSize=220 token=WCT{android.window.IWindowContainerToken$Stub$Proxy@1128992} topActivityType=1 pictureInPictureParams=null shouldDockBigOverlays=false launchIntoPipHostTaskId=-1 lastParentTaskIdBeforePip=-1 displayCutoutSafeInsets=Rect(0, 132 - 0, 0) topActivityInfo=ActivityInfo{3bb3f63 org.qtproject.qt.android.bindings.QtActivity} launchCookies=[] positionInParent=Point(0, 0) parentTaskId=-1 isFocused=false isVisible=false isSleeping=false topActivityInSizeCompat=false topActivityEligibleForLetterboxEducation= false topActivityLetterboxed= false isFromDoubleTap= false topActivityLetterboxVerticalPosition= -1 topActivityLetterboxHorizontalPosition= -1 topActivityLetterboxWidth=-1 topActivityLetterboxHeight=-1 locusId=null displayAreaFeatureId=1 cameraCompatControlState=hidden}, remoteTransition = null, displayChange = null }
11-14 22:14:54.883 1942 1966 E RecentsTransitionHandler: RecentsTransitionHandler.handleRequest: Unexpected transition request
11-14 22:14:54.889 1472 1688 D CompatibilityChangeReporter: Compat change id reported: 135634846; UID 10292; state: DISABLED
11-14 22:14:54.889 1472 1688 D CompatibilityChangeReporter: Compat change id reported: 177438394; UID 10292; state: DISABLED
11-14 22:14:54.889 1472 1688 D CompatibilityChangeReporter: Compat change id reported: 135772972; UID 10292; state: DISABLED
11-14 22:14:54.889 1472 1688 D CompatibilityChangeReporter: Compat change id reported: 135754954; UID 10292; state: ENABLED
11-14 22:14:54.890 1472 1698 D CompatibilityChangeReporter: Compat change id reported: 143937733; UID 10292; state: ENABLED
11-14 22:14:54.899 1472 4938 D CoreBackPreview: Window{e8aeffd u0 Splash Screen org.qtproject.example.vulkanunderqmlapp}: Setting back callback OnBackInvokedCallbackInfo{mCallback=android.window.IOnBackInvokedCallback$Stub$Proxy@9b8ef9, mPriority=0}
11-14 22:14:54.912 1942 1966 V WindowManagerShell: onTransitionReady android.os.BinderProxy@392f31d: {id=258 t=OPEN f=0x0 r=[0@Point(0, 0)] c=[{WCT{android.window.IWindowContainerToken$Stub$Proxy@4e2878f} m=OPEN f=NONE leash=Surface(name=Task=415)/@0x15b7a1c sb=Rect(0, 0 - 1080, 2400) eb=Rect(0, 0 - 1080, 2400) d=0},{WCT{android.window.IWindowContainerToken$Stub$Proxy@cfb625} m=HIDE f=SHOW_WALLPAPER|TRANSLUCENT leash=Surface(name=Task=1)/@0x78e03fa sb=Rect(0, 0 - 1080, 2400) eb=Rect(0, 0 - 1080, 2400) d=0}]}
11-14 22:14:54.912 1472 1685 V WindowManager: Sent Transition #258 createdAt=11-14 22:14:54.869 via request=TransitionRequestInfo { type = OPEN, triggerTask = TaskInfo{userId=0 taskId=415 displayId=0 isRunning=true baseIntent=Intent { flg=0x10000000 cmp=org.qtproject.example.vulkanunderqmlapp/org.qtproject.qt.android.bindings.QtActivity } baseActivity=ComponentInfo{org.qtproject.example.vulkanunderqmlapp/org.qtproject.qt.android.bindings.QtActivity} topActivity=ComponentInfo{org.qtproject.example.vulkanunderqmlapp/org.qtproject.qt.android.bindings.QtActivity} origActivity=null realActivity=ComponentInfo{org.qtproject.example.vulkanunderqmlapp/org.qtproject.qt.android.bindings.QtActivity} numActivities=1 lastActiveTime=1910445292 supportsMultiWindow=true resizeMode=1 isResizeable=true minWidth=-1 minHeight=-1 defaultMinSize=220 token=WCT{RemoteToken{40462ee Task{15ac5a8 #415 type=standard A=10292:org.qtproject.example.vulkanunderqmlapp}}} topActivityType=1 pictureInPictureParams=null shouldDockBigOverlays=false launchIntoPipHostTaskId=-1 lastParentTaskIdBeforePip=-1 displayCutoutSafeInsets=Rect(0, 132 - 0, 0) topActivityInfo=ActivityInfo{e16d38f org.qtproject.qt.android.bindings.QtActivity} launchCookies=[] positionInParent=Point(0, 0) parentTaskId=-1 isFocused=false isVisible=false isSleeping=false topActivityInSizeCompat=false topActivityEligibleForLetterboxEducation= false topActivityLetterboxed= false isFromDoubleTap= false topActivityLetterboxVerticalPosition= -1 topActivityLetterboxHorizontalPosition= -1 topActivityLetterboxWidth=-1 topActivityLetterboxHeight=-1 locusId=null displayAreaFeatureId=1 cameraCompatControlState=hidden}, remoteTransition = null, displayChange = null }
11-14 22:14:54.912 1472 1685 V WindowManager: startWCT=WindowContainerTransaction { changes = {} hops = [] errorCallbackToken=null taskFragmentOrganizer=null }
11-14 22:14:54.912 1942 1966 V WindowManagerShell: Playing animation for (#258)android.os.BinderProxy@392f31d
11-14 22:14:54.912 1942 1966 V WindowManagerShell: try handler com.android.wm.shell.transition.DefaultMixedHandler@9baf2d2
11-14 22:14:54.912 1942 1966 V WindowManagerShell: try handler com.android.wm.shell.activityembedding.ActivityEmbeddingController@b018fa3
11-14 22:14:54.912 1942 1966 V WindowManagerShell: try handler com.android.wm.shell.recents.RecentsTransitionHandler@48002a0
11-14 22:14:54.912 1942 1966 V WindowManagerShell: RecentsTransitionHandler.startAnimation: no controller found
11-14 22:14:54.912 1942 1966 V WindowManagerShell: try handler com.android.wm.shell.pip.PipTransition@30e0e59
11-14 22:14:54.912 1942 1966 V WindowManagerShell: try handler com.android.wm.shell.splitscreen.StageCoordinator@7316a1e
11-14 22:14:54.912 1942 1966 V WindowManagerShell: try handler com.android.wm.shell.transition.RemoteTransitionHandler@f9382ff
11-14 22:14:54.912 1472 1685 V WindowManager: info={id=258 t=OPEN f=0x0 r=[0@Point(0, 0)] c=[{WCT{RemoteToken{40462ee Task{15ac5a8 #415 type=standard A=10292:org.qtproject.example.vulkanunderqmlapp}}} m=OPEN f=NONE leash=Surface(name=Task=415)/@0x470fea2 sb=Rect(0, 0 - 1080, 2400) eb=Rect(0, 0 - 1080, 2400) d=0},{WCT{RemoteToken{b4e2d72 Task{d91fcd9 #1 type=home}}} m=HIDE f=SHOW_WALLPAPER|TRANSLUCENT leash=Surface(name=Task=1)/@0x666b647 sb=Rect(0, 0 - 1080, 2400) eb=Rect(0, 0 - 1080, 2400) d=0}]}
11-14 22:14:54.912 1942 1966 V WindowManagerShell: Transition doesn't have explicit remote, search filters for match for {id=258 t=OPEN f=0x0 r=[0@Point(0, 0)] c=[{WCT{android.window.IWindowContainerToken$Stub$Proxy@4e2878f} m=OPEN f=NONE leash=Surface(name=Task=415)/@0x15b7a1c sb=Rect(0, 0 - 1080, 2400) eb=Rect(0, 0 - 1080, 2400) d=0},{WCT{android.window.IWindowContainerToken$Stub$Proxy@cfb625} m=HIDE f=SHOW_WALLPAPER|TRANSLUCENT leash=Surface(name=Task=1)/@0x78e03fa sb=Rect(0, 0 - 1080, 2400) eb=Rect(0, 0 - 1080, 2400) d=0}]}
11-14 22:14:54.912 1942 1966 V WindowManagerShell: Checking filter Pair{{types=[] flags=0x0] notFlags=0x100 checks=[{atype=home independent=true modes=[OPEN,SHOW] flags=NONE mustBeTask=false order=TOP topActivity=ComponentInfo{com.google.android.apps.nexuslauncher/com.google.android.apps.nexuslauncher.NexusLauncherActivity}},{atype=standard independent=true modes=[CLOSE,HIDE] flags=NONE mustBeTask=false order=ANY topActivity=null}]} RemoteTransition { remoteTransition = android.window.IRemoteTransition$Stub$Proxy@c464077, appThread = android.app.IApplicationThread$Stub$Proxy@497e4e4, debugName = QuickstepLaunchHome }}
11-14 22:14:54.912 1942 1966 V WindowManagerShell: Checking filter Pair{{types=[] flags=0x40] notFlags=0x0 checks=[{atype=dream independent=false modes=[OPEN,SHOW] flags=OCCLUDES_KEYGUARD mustBeTask=false order=ANY topActivity=null},{NOT atype=undefined independent=false modes=[CLOSE,HIDE] flags=OCCLUDES_KEYGUARD mustBeTask=false order=ANY topActivity=null}]} RemoteTransition { remoteTransition = com.android.systemui.keyguard.KeyguardService$1@ef4f4b9, appThread = android.app.ActivityThread$ApplicationThread@3f2a8cc, debugName = KeyguardOccludeByDream }}
11-14 22:14:54.912 1942 1966 V WindowManagerShell: Checking filter Pair{{types=[KEYGUARD_UNOCCLUDE] flags=0x0] notFlags=0x0 checks=[]} RemoteTransition { remoteTransition = com.android.systemui.keyguard.KeyguardService$3@7730680, appThread = android.app.ActivityThread$ApplicationThread@3f2a8cc, debugName = KeyguardUnocclude }}
11-14 22:14:54.912 1942 1966 V WindowManagerShell: Checking filter Pair{{types=[KEYGUARD_OCCLUDE] flags=0x0] notFlags=0x0 checks=[]} RemoteTransition { remoteTransition = com.android.systemui.keyguard.KeyguardService$3@650b703, appThread = android.app.ActivityThread$ApplicationThread@3f2a8cc, debugName = KeyguardOcclude }}
11-14 22:14:54.912 1942 1966 V WindowManagerShell: Checking filter Pair{{types=[] flags=0x40] notFlags=0x0 checks=[{NOT atype=undefined independent=false modes=[OPEN,SHOW] flags=OCCLUDES_KEYGUARD mustBeTask=false order=ANY topActivity=null},{atype=undefined independent=false modes=[CLOSE,HIDE] flags=NONE mustBeTask=true order=ANY topActivity=null}]} RemoteTransition { remoteTransition = com.android.systemui.keyguard.KeyguardService$3@7730680, appThread = android.app.ActivityThread$ApplicationThread@3f2a8cc, debugName = KeyguardUnocclude }}
11-14 22:14:54.912 1942 1966 V WindowManagerShell: Checking filter Pair{{types=[] flags=0x40] notFlags=0x0 checks=[{atype=undefined independent=false modes=[OPEN,SHOW] flags=OCCLUDES_KEYGUARD mustBeTask=false order=ANY topActivity=null},{NOT atype=undefined independent=false modes=[CLOSE,HIDE] flags=OCCLUDES_KEYGUARD mustBeTask=false order=ANY topActivity=null}]} RemoteTransition { remoteTransition = com.android.systemui.keyguard.KeyguardService$3@650b703, appThread = android.app.ActivityThread$ApplicationThread@3f2a8cc, debugName = KeyguardOcclude }}
11-14 22:14:54.912 1942 1966 V WindowManagerShell: Checking filter Pair{{types=[] flags=0x100] notFlags=0x0 checks=[]} RemoteTransition { remoteTransition = com.android.systemui.keyguard.KeyguardService$1@d7a9bb2, appThread = android.app.ActivityThread$ApplicationThread@3f2a8cc, debugName = ExitKeyguard }}
11-14 22:14:54.912 1942 1966 V WindowManagerShell: Delegate animation for #258 to null
11-14 22:14:54.912 1942 1966 V WindowManagerShell: try handler com.android.wm.shell.transition.DefaultTransitionHandler@711090e
11-14 22:14:54.912 1942 1966 V WindowManagerShell: start default transition animation, info = {id=258 t=OPEN f=0x0 r=[0@Point(0, 0)] c=[{WCT{android.window.IWindowContainerToken$Stub$Proxy@4e2878f} m=OPEN f=NONE leash=Surface(name=Task=415)/@0x15b7a1c sb=Rect(0, 0 - 1080, 2400) eb=Rect(0, 0 - 1080, 2400) d=0},{WCT{android.window.IWindowContainerToken$Stub$Proxy@cfb625} m=HIDE f=SHOW_WALLPAPER|TRANSLUCENT leash=Surface(name=Task=1)/@0x78e03fa sb=Rect(0, 0 - 1080, 2400) eb=Rect(0, 0 - 1080, 2400) d=0}]}
11-14 22:14:54.913 1942 1966 V WindowManagerShell: loadAnimation: anim=android.view.animation.AnimationSet@3b41c08 animAttr=0x13 type=OPEN isEntrance=false
11-14 22:14:54.913 1942 1966 V WindowManagerShell: loadAnimation: anim=android.view.animation.AnimationSet@772f0b4 animAttr=0x12 type=OPEN isEntrance=true
11-14 22:14:54.914 1942 1966 V WindowManagerShell: animated by com.android.wm.shell.transition.DefaultTransitionHandler@711090e
11-14 22:14:54.917 1472 4938 D ActivityManager: sync unfroze 18421 com.google.android.apps.wellbeing
11-14 22:14:54.921 1472 1698 I ActivityManager: Start proc 30123:org.qtproject.example.vulkanunderqmlapp/u0a292 for next-top-activity {org.qtproject.example.vulkanunderqmlapp/org.qtproject.qt.android.bindings.QtActivity}
11-14 22:14:54.928 1472 1797 D CompatibilityChangeReporter: Compat change id reported: 265195908; UID 10292; state: ENABLED
11-14 22:14:54.943 1472 4786 D CompatibilityChangeReporter: Compat change id reported: 170503758; UID 10292; state: ENABLED
11-14 22:14:54.992 1472 4954 I ActivityManager: Flag disabled. Ignoring finishAttachApplication from uid: 10292. pid: 30123
11-14 22:14:55.020 1472 4947 D CompatibilityChangeReporter: Compat change id reported: 161252188; UID 10292; state: DISABLED
11-14 22:14:55.119 1472 4947 D CoreBackPreview: Window{713bbac u0 org.qtproject.example.vulkanunderqmlapp/org.qtproject.qt.android.bindings.QtActivity}: Setting back callback OnBackInvokedCallbackInfo{mCallback=android.window.IOnBackInvokedCallback$Stub$Proxy@552aef1, mPriority=0}
11-14 22:14:55.152 1472 4949 D CompatibilityChangeReporter: Compat change id reported: 214016041; UID 10292; state: ENABLED
11-14 22:14:55.171 1472 1621 D CompatibilityChangeReporter: Compat change id reported: 161252188; UID 10192; state: DISABLED
11-14 22:14:55.199 1942 1966 V WindowManagerShell: Transition animation finished (aborted=false), notifying core (#258)android.os.BinderProxy@392f31d
11-14 22:14:55.200 1472 1685 V WindowManager: Finish Transition #258: created at
11-14 22:14:54.869 collect-started=0.159ms request-sent=12.626ms started=14.112ms ready=40.861ms sent=42.255ms finished=331.262ms
11-14 22:14:55.202 1942 1966 V WindowManagerShell: All active transition animations finished
11-14 22:14:55.207 1472 1797 D ActivityManager: sync unfroze 10916 com.google.android.as.oss
11-14 22:14:55.215 1472 4786 W JobScheduler: Job didn't exist in JobStore: c6ddc42 #u0a131/-782930206 com.google.android.as.oss/com.google.android.gms.learning.internal.training.InAppJobService
11-14 22:14:55.231 1472 4784 W InputMethodManagerService: Ignoring hideSoftInput of uid 10218 : com.android.internal.inputmethod.IInputMethodClient$Stub$Proxy@33f2828
11-14 22:14:55.505 1472 4784 D CoreBackPreview: Window{e8aeffd u0 Splash Screen org.qtproject.example.vulkanunderqmlapp EXITING}: Setting back callback null
11-14 22:14:56.222 1472 1797 D CompatibilityChangeReporter: Compat change id reported: 135634846; UID 10192; state: DISABLED
11-14 22:14:56.223 1472 1797 D CompatibilityChangeReporter: Compat change id reported: 177438394; UID 10192; state: DISABLED
11-14 22:14:56.223 1472 1797 D CompatibilityChangeReporter: Compat change id reported: 135772972; UID 10192; state: DISABLED
11-14 22:14:56.223 1472 1797 D CompatibilityChangeReporter: Compat change id reported: 135754954; UID 10192; state: ENABLED
11-14 22:14:56.224 1472 1698 D CompatibilityChangeReporter: Compat change id reported: 143937733; UID 10192; state: ENABLED
11-14 22:14:56.240 1472 1698 I ActivityManager: Start proc 30243:com.google.android.apps.photos/u0a192 for service {com.google.android.apps.photos/com.google.android.libraries.social.mediamonitor.MediaMonitorJobSchedulerService}
11-14 22:14:56.287 1472 4784 D CompatibilityChangeReporter: Compat change id reported: 168419799; UID 10192; state: DISABLED
11-14 22:14:56.287 1472 4784 D CompatibilityChangeReporter: Compat change id reported: 273564678; UID 10192; state: DISABLED
11-14 22:14:56.294 1472 1797 D CompatibilityChangeReporter: Compat change id reported: 265195908; UID 10192; state: ENABLED
11-14 22:14:56.298 1472 4784 D CompatibilityChangeReporter: Compat change id reported: 170503758; UID 10192; state: ENABLED
11-14 22:14:56.385 1472 4784 I ActivityManager: Flag disabled. Ignoring finishAttachApplication from uid: 10192. pid: 30243
11-14 22:14:56.401 1472 4786 D CompatibilityChangeReporter: Compat change id reported: 161145287; UID 10192; state: DISABLED
11-14 22:14:56.431 1472 4784 D CompatibilityChangeReporter: Compat change id reported: 261072174; UID 10192; state: DISABLED
11-14 22:14:56.487 1472 4786 D CompatibilityChangeReporter: Compat change id reported: 253665015; UID 10192; state: ENABLED
11-14 22:14:56.487 1472 4786 D CompatibilityChangeReporter: Compat change id reported: 194532703; UID 10192; state: ENABLED
11-14 22:14:56.494 1472 4786 W JobScheduler: Job didn't exist in JobStore: e4f9e28 #u0a192/1034 com.google.android.apps.photos/com.google.android.libraries.social.mediamonitor.MediaMonitorJobSchedulerService
11-14 22:14:56.590 1472 4786 W UriGrantsManagerService: No permission grants found for com.google.android.apps.photos
11-14 22:14:56.594 1472 4786 W UriGrantsManagerService: No permission grants found for com.google.android.apps.photos
11-14 22:14:56.607 1472 4786 D CompatibilityChangeReporter: Compat change id reported: 182734110; UID 10192; state: ENABLED
11-14 22:14:56.609 1472 4786 D CompatibilityChangeReporter: Compat change id reported: 149924527; UID 10192; state: ENABLED
11-14 22:14:56.609 1472 4786 D CompatibilityChangeReporter: Compat change id reported: 132649864; UID 10192; state: DISABLED
11-14 22:14:56.703 1472 4786 W UriGrantsManagerService: No permission grants found for com.google.android.apps.photos
11-14 22:14:56.703 1472 4786 W UriGrantsManagerService: No permission grants found for com.google.android.apps.photos
11-14 22:14:56.748 1472 4786 W UriGrantsManagerService: No permission grants found for com.google.android.apps.photos
11-14 22:14:56.748 1472 4786 W UriGrantsManagerService: No permission grants found for com.google.android.apps.photos
11-14 22:15:00.201 1472 1797 D ActivityManager: sync unfroze 12046 com.google.android.apps.safetyhub
11-14 22:15:02.276 1472 1807 D ActivityManager: freezing 19235 com.google.android.gms.unstable
11-14 22:15:03.631 1472 1472 D WindowManager: powerPress: eventTime=364712028 interactive=true count=1 beganFromNonInteractive=false mShortPressOnPowerBehavior=1
11-14 22:15:03.636 1472 1472 I PowerGroup: Powering off display group due to power_button (groupId= 0, uid= 1000, millisSinceLastUserActivity=43014, lastUserActivityEvent=touch)...
11-14 22:15:03.636 1472 1472 I PowerManagerService: Going to sleep due to power_button (uid 1000, screenOffTimeout=1800000, activityTimeoutWM=-1, maxDimRatio=0.20000005, maxDimDur=7000)...
11-14 22:15:04.170 1472 1715 I DisplayPowerController2[0]: Blocking screen off
11-14 22:15:04.172 1472 1715 I DisplayPowerController2[0]: Unblocked screen off after 2 ms
11-14 22:15:04.182 1472 1715 D ActivityTaskManager: Top Process State changed to PROCESS_STATE_TOP_SLEEPING
11-14 22:15:04.184 1942 1966 V WindowManagerShell: Transition requested: android.os.BinderProxy@bed7bb0 TransitionRequestInfo { type = SLEEP, triggerTask = null, remoteTransition = null, displayChange = null }
11-14 22:15:04.185 1472 1685 V WindowManager: Sent Transition #259 createdAt=11-14 22:15:04.183 via request=TransitionRequestInfo { type = SLEEP, triggerTask = null, remoteTransition = null, displayChange = null }
11-14 22:15:04.185 1472 1685 V WindowManager: startWCT=null
11-14 22:15:04.185 1472 1685 V WindowManager: info={id=259 t=SLEEP f=0x0 r=[] c=[]}
11-14 22:15:04.186 1472 4949 W Transition: Transition already started id=259 state=2
11-14 22:15:04.186 1942 1966 V WindowManagerShell: onTransitionReady android.os.BinderProxy@bed7bb0: {id=259 t=SLEEP f=0x0 r=[] c=[]}
11-14 22:15:04.186 1942 1966 V WindowManagerShell: No transition roots in (#259)android.os.BinderProxy@bed7bb0 so abort
11-14 22:15:04.187 1942 1966 V WindowManagerShell: Transition animation finished (aborted=true), notifying core (#259)android.os.BinderProxy@bed7bb0
11-14 22:15:04.189 1472 1685 V WindowManager: Finish Transition #259: created at
11-14 22:15:04.183 collect-started=0.123ms request-sent=0.328ms started=0.65ms ready=0.65ms sent=1.063ms finished=5.424ms
11-14 22:15:04.191 1942 1966 V WindowManagerShell: All active transition animations finished
11-14 22:15:04.192 1472 1715 I DisplayBrightnessStrategySelector: Changing the DisplayBrightnessStrategy from InvalidBrightnessStrategy toScreenOffBrightnessStrategy for display 0
11-14 22:15:04.198 1472 1715 V DisplayPowerController2[0]: Brightness [0.0] reason changing to: 'screen_off', previous reason: 'automatic'.
11-14 22:15:04.198 1472 1715 I DisplayPowerController2[0]: BrightnessEvent: disp=0, physDisp=local:4619827677550801152, brt=0.0, initBrt=0.022072488, rcmdBrt=NaN, preBrt=NaN, lux=0.0, preLux=0.0, hbmMax=0.62, hbmMode=off, rbcStrength=50, thrmMax=1.0, powerFactor=1.0, wasShortTermModelActive=false, flags=, reason=screen_off, autoBrightness=true, strategy=ScreenOffBrightnessStrategy
11-14 22:15:04.204 1472 1688 I DisplayDeviceRepository: Display device changed state: "Built-in Screen", OFF
11-14 22:15:04.210 1472 1689 I DisplayDevice: [0] Layerstack set to -1 for local:4619827677550801152
11-14 22:15:04.261 30123 30123 E AndroidRuntime: FATAL EXCEPTION: main
11-14 22:15:04.261 30123 30123 E AndroidRuntime: Process: org.qtproject.example.vulkanunderqmlapp, PID: 30123
11-14 22:15:04.261 30123 30123 E AndroidRuntime: java.lang.NullPointerException: Attempt to invoke virtual method 'void org.qtproject.qt.android.QtLayout.setActivityDisplayRotation(int)' on a null object reference
11-14 22:15:04.261 30123 30123 E AndroidRuntime: at org.qtproject.qt.android.QtDisplayManager$1.onDisplayChanged(QtDisplayManager.java:76)
11-14 22:15:04.261 30123 30123 E AndroidRuntime: at android.hardware.display.DisplayManagerGlobal$DisplayListenerDelegate.handleMessage(DisplayManagerGlobal.java:1163)
11-14 22:15:04.261 30123 30123 E AndroidRuntime: at android.hardware.display.DisplayManagerGlobal$DisplayListenerDelegate.lambda$sendDisplayEvent$0(DisplayManagerGlobal.java:1131)
11-14 22:15:04.261 30123 30123 E AndroidRuntime: at android.hardware.display.DisplayManagerGlobal$DisplayListenerDelegate.$r8$lambda$aO0d1U2yv7-42_0MvY8uEf7AtpE(Unknown Source:0)
11-14 22:15:04.261 30123 30123 E AndroidRuntime: at android.hardware.display.DisplayManagerGlobal$DisplayListenerDelegate$$ExternalSyntheticLambda0.run(Unknown Source:6)
11-14 22:15:04.261 30123 30123 E AndroidRuntime: at android.os.Handler.handleCallback(Handler.java:958)
11-14 22:15:04.261 30123 30123 E AndroidRuntime: at android.os.Handler.dispatchMessage(Handler.java:99)
11-14 22:15:04.261 30123 30123 E AndroidRuntime: at android.os.Looper.loopOnce(Looper.java:205)
11-14 22:15:04.261 30123 30123 E AndroidRuntime: at android.os.Looper.loop(Looper.java:294)
11-14 22:15:04.261 30123 30123 E AndroidRuntime: at android.app.ActivityThread.main(ActivityThread.java:8170)
11-14 22:15:04.261 30123 30123 E AndroidRuntime: at java.lang.reflect.Method.invoke(Native Method)
11-14 22:15:04.261 30123 30123 E AndroidRuntime: at com.android.internal.os.RuntimeInit$MethodAndArgsCaller.run(RuntimeInit.java:552)
11-14 22:15:04.261 30123 30123 E AndroidRuntime: at com.android.internal.os.ZygoteInit.main(ZygoteInit.java:971)
11-14 22:15:04.270 1472 30294 I DropBoxManagerService: add tag=data_app_crash isTagEnabled=true flags=0x2
11-14 22:15:04.271 1472 4784 W ActivityTaskManager: Force finishing activity org.qtproject.example.vulkanunderqmlapp/org.qtproject.qt.android.bindings.QtActivity
11-14 22:15:04.272 1942 1966 V WindowManagerShell: Transition requested: android.os.BinderProxy@9ed7a29 TransitionRequestInfo { type = CLOSE, triggerTask = null, remoteTransition = null, displayChange = null }
11-14 22:15:04.272 1942 1966 E RecentsTransitionHandler: RecentsTransitionHandler.handleRequest: Unexpected transition request
11-14 22:15:04.279 1942 1966 V WindowManagerShell: onTransitionReady android.os.BinderProxy@9ed7a29: {id=260 t=CLOSE f=0x10 r=[] c=[]}
11-14 22:15:04.279 1942 1966 V WindowManagerShell: No transition roots in (#260)android.os.BinderProxy@9ed7a29 so abort
11-14 22:15:04.279 1472 1685 V WindowManager: Sent Transition #260 createdAt=11-14 22:15:04.271 via request=TransitionRequestInfo { type = CLOSE, triggerTask = null, remoteTransition = null, displayChange = null }
11-14 22:15:04.279 1472 1685 V WindowManager: startWCT=WindowContainerTransaction { changes = {} hops = [] errorCallbackToken=null taskFragmentOrganizer=null }
11-14 22:15:04.279 1472 1685 V WindowManager: info={id=260 t=CLOSE f=0x10 r=[] c=[]}
11-14 22:15:04.279 1942 1966 V WindowManagerShell: Transition animation finished (aborted=true), notifying core (#260)android.os.BinderProxy@9ed7a29
11-14 22:15:04.281 1942 1966 V WindowManagerShell: All active transition animations finished
11-14 22:15:04.281 1472 1685 V WindowManager: Finish Transition #260: created at
11-14 22:15:04.271 collect-started=0.059ms request-sent=0.172ms started=6.564ms ready=6.563ms sent=7.411ms finished=8.97ms
11-14 22:15:04.341 1472 4947 W InputMethodManagerService: Ignoring hideSoftInput of uid 10218 : com.android.internal.inputmethod.IInputMethodClient$Stub$Proxy@54a10d9
11-14 22:15:04.343 1472 1688 I DisplayDeviceRepository: Display device changed state: "Built-in Screen", OFF
11-14 22:15:04.345 1472 1715 I DreamManagerService: Entering dreamland.
11-14 22:15:04.347 1472 1715 I PowerManagerService: Dozing...
11-14 22:15:04.350 1472 1685 I DreamController: Starting dream: name=ComponentInfo{com.android.systemui/com.android.systemui.doze.DozeService}, isPreviewMode=false, canDoze=true, userId=0, reason='power manager request'
11-14 22:15:04.400 1472 1472 I PowerManagerService: onFlip(): Face up.
11-14 22:15:04.407 1472 1697 D ActivityManager: sync unfroze 19235 com.google.android.gms.unstable
11-14 22:15:04.437 1472 1621 I ActivityManager: Process org.qtproject.example.vulkanunderqmlapp (pid 30123) has died: cch CRE
11-14 22:15:04.439 1472 4944 I WindowManager: WIN DEATH: Window{713bbac u0 org.qtproject.example.vulkanunderqmlapp/org.qtproject.qt.android.bindings.QtActivity}
11-14 22:15:04.441 1472 1686 D DisplayManagerService: Drop pending events for gone uid 10292
11-14 22:15:04.449 1472 1688 W ActivityManager: setHasOverlayUi called on unknown pid: 30123
11-14 22:15:04.453 1472 1472 D BiometricService: Sensor ID(0), oemStrength: 15, updatedStrength: 15, modality: 2, state: 0, cookie: 0, sensorId 0, hasEnrollments: false cannot participate in Keystore operations
11-14 22:15:04.455 595 28389 I keystore2: system/security/keystore2/src/authorization.rs:143 - on_lock_screen_event(r#LOCK, user_id=0, password.is_some()=false, unlocking_sids=Some([]))
11-14 22:15:04.455 595 28389 I keystore2: system/security/keystore2/src/super_key.rs:930 - Locking screen bound for user 0 sids []
11-14 22:15:04.471 1472 4786 W AppOps : Noting op not finished: uid 10140 pkg com.google.android.gms code 113 startTime of in progress event=1699977010974
11-14 22:15:04.480 1472 1621 W AppOps : Noting op not finished: uid 10140 pkg com.google.android.gms code 113 startTime of in progress event=1699977010974
11-14 22:15:04.486 1472 4946 W AppOps : Noting op not finished: uid 10140 pkg com.google.android.gms code 79 startTime of in progress event=1699977029219
11-14 22:15:04.531 1472 4949 D SystemServerTiming: getUserSwitchability-0
11-14 22:15:04.531 1472 4949 D SystemServerTiming: TM.isInCall
11-14 22:15:04.532 1472 4949 D SystemServerTiming: hasUserRestriction-DISALLOW_USER_SWITCH
11-14 22:15:04.533 1472 4949 D SystemServerTiming: getInt-ALLOW_USER_SWITCHING_WHEN_SYSTEM_USER_LOCKED
11-14 22:15:04.533 1472 4949 D SystemServerTiming: isUserUnlocked-USER_SYSTEM
11-14 22:15:04.553 1472 4949 D SystemServerTiming: getUserSwitchability-0
11-14 22:15:04.553 1472 4949 D SystemServerTiming: TM.isInCall
11-14 22:15:04.553 1472 4949 D SystemServerTiming: hasUserRestriction-DISALLOW_USER_SWITCH
11-14 22:15:04.553 1472 4949 D SystemServerTiming: getInt-ALLOW_USER_SWITCHING_WHEN_SYSTEM_USER_LOCKED
11-14 22:15:04.553 1472 4949 D SystemServerTiming: isUserUnlocked-USER_SYSTEM
11-14 22:15:04.554 1472 4944 D SystemServerTiming: getUserSwitchability-0
11-14 22:15:04.554 1472 4944 D SystemServerTiming: TM.isInCall
11-14 22:15:04.554 1472 4944 D SystemServerTiming: hasUserRestriction-DISALLOW_USER_SWITCH
11-14 22:15:04.554 1472 4944 D SystemServerTiming: getInt-ALLOW_USER_SWITCHING_WHEN_SYSTEM_USER_LOCKED
11-14 22:15:04.554 1472 4944 D SystemServerTiming: isUserUnlocked-USER_SYSTEM
11-14 22:15:05.223 1472 1807 D ActivityManager: freezing 10916 com.google.android.as.oss
11-14 22:15:06.496 1472 1807 D ActivityManager: freezing 30243 com.google.android.apps.photos
11-14 22:15:10.270 1472 1807 D ActivityManager: freezing 12046 com.google.android.apps.safetyhub
11-14 22:15:13.815 1942 3397 D PowerUI : can't show warning due to - plugged: true status unknown: false
11-14 22:15:14.434 1472 1807 D ActivityManager: freezing 19235 com.google.android.gms.unstable
11-14 22:15:14.456 595 30241 I keystore2: system/security/keystore2/src/watchdog.rs:319 - Watchdog thread idle -> terminating. Have a great day.
11-14 22:15:14.551 1472 1807 D ActivityManager: freezing 2098 com.google.android.permissioncontroller
11-14 22:15:14.760 1472 1821 I PowerGroup: Waking up power group from Dozing (groupId=0, uid=1000, reason=WAKE_REASON_POWER_BUTTON, details=android.policy:POWER)...
11-14 22:15:14.761 1472 1821 I PowerManagerService: Waking up from Dozing (uid=1000, reason=WAKE_REASON_POWER_BUTTON, details=android.policy:POWER)...
11-14 22:15:14.767 1472 1472 E ActivityManager: Cancel pending or running compactions as system is awake
11-14 22:15:14.772 1472 1715 I DreamManagerService: Gently waking up from dream.
11-14 22:15:14.779 1472 1715 I DisplayPowerController2[0]: Blocking screen on until initial contents have been drawn.
11-14 22:15:14.779 1472 1715 I DisplayBrightnessStrategySelector: Changing the DisplayBrightnessStrategy from ScreenOffBrightnessStrategy toInvalidBrightnessStrategy for display 0
11-14 22:15:14.791 1472 4949 I DreamManagerService: Leaving dreamland.
11-14 22:15:14.791 1472 1685 I DreamController: Stopping dream: name=ComponentInfo{com.android.systemui/com.android.systemui.doze.DozeService}, isPreviewMode=false, canDoze=true, userId=0, reason='finished self'(from 'power manager request')
11-14 22:15:14.792 1472 1715 V DisplayPowerController2[0]: Brightness [0.0037629898] reason changing to: 'screen_off_brightness_sensor', previous reason: 'screen_off'.
11-14 22:15:14.793 1472 1715 I DisplayPowerController2[0]: BrightnessEvent: disp=0, physDisp=local:4619827677550801152, brt=0.0037629898, initBrt=0.0, rcmdBrt=NaN, preBrt=NaN, lux=0.0, preLux=0.0, hbmMax=0.62, hbmMode=off, rbcStrength=50, thrmMax=1.0, powerFactor=1.0, wasShortTermModelActive=false, flags=, reason=screen_off_brightness_sensor, autoBrightness=true, strategy=InvalidBrightnessStrategy
11-14 22:15:14.794 1472 1688 I DisplayDeviceRepository: Display device changed state: "Built-in Screen", ON
11-14 22:15:14.799 1472 1689 I DisplayDevice: [0] Layerstack set to 0 for local:4619827677550801152
11-14 22:15:14.800 1472 1472 I BrightnessSynchronizer: [353] New Update 0.0037629898(f) set brightness values: 2(i)
11-14 22:15:14.800 1472 1472 I BrightnessSynchronizer: New PendingUpdate: {[354] 0.0037629898(f), mUpdatedTypes=0, mConfirmedTypes=0, mTimeUpdated=0}, prev=null
11-14 22:15:14.804 1472 1472 I BrightnessSynchronizer: Swallowing update of 2(i) by update: {[353] 0.0037629898(f), mUpdatedTypes=1, mConfirmedTypes=1, mTimeUpdated=364723358}
11-14 22:15:14.804 1472 1472 I BrightnessSynchronizer: Completed Update: {[353] 0.0037629898(f), mUpdatedTypes=1, mConfirmedTypes=1, mTimeUpdated=364723358}
11-14 22:15:14.811 1472 1697 D ActivityManager: sync unfroze 19235 com.google.android.gms.unstable
11-14 22:15:14.862 1472 1715 V DisplayPowerController2[0]: Brightness [0.032732457] reason changing to: 'automatic', previous reason: 'screen_off_brightness_sensor'.
11-14 22:15:14.862 1472 1715 I DisplayPowerController2[0]: BrightnessEvent: disp=0, physDisp=local:4619827677550801152, brt=0.032732457, initBrt=0.0037629898, rcmdBrt=NaN, preBrt=NaN, lux=0.0, preLux=0.0, hbmMax=0.62, hbmMode=off, rbcStrength=50, thrmMax=1.0, powerFactor=1.0, wasShortTermModelActive=false, flags=, reason=automatic, autoBrightness=true, strategy=InvalidBrightnessStrategy
11-14 22:15:14.988 1472 1688 I DisplayDeviceRepository: Display device changed state: "Built-in Screen", ON
11-14 22:15:14.988 1472 1715 I DisplayPowerController2[0]: Unblocked screen on after 209 ms
11-14 22:15:14.995 1472 1472 I BrightnessSynchronizer: [355] New Update 0.032732457(f) set brightness values: 9(i)
11-14 22:15:14.996 1472 1472 I BrightnessSynchronizer: New PendingUpdate: {[356] 0.032732457(f), mUpdatedTypes=0, mConfirmedTypes=0, mTimeUpdated=0}, prev=null
11-14 22:15:14.999 1472 1472 D WindowManager: powerPress: eventTime=364723316 interactive=true count=1 beganFromNonInteractive=true mShortPressOnPowerBehavior=1
11-14 22:15:15.001 1472 1472 I BrightnessSynchronizer: Swallowing update of 9(i) by update: {[355] 0.032732457(f), mUpdatedTypes=1, mConfirmedTypes=1, mTimeUpdated=364723554}
11-14 22:15:15.001 1472 1472 I BrightnessSynchronizer: Completed Update: {[355] 0.032732457(f), mUpdatedTypes=1, mConfirmedTypes=1, mTimeUpdated=364723554}
11-14 22:15:15.002 1472 1821 W PowerManagerService: Screen on took 244 ms
11-14 22:15:16.182 1472 4954 D CompatibilityChangeReporter: Compat change id reported: 182734110; UID 10140; state: ENABLED
11-14 22:15:19.183 1472 4786 I LockSettingsService: Verifying lockscreen credential for user 0
11-14 22:15:19.317 1472 1844 D BiometricDeferredQueue: Fingerprint addPendingLockoutResetForUser: 0
11-14 22:15:19.337 1472 4786 I LockSettingsService: Successfully verified lockscreen credential for user 0
11-14 22:15:19.339 595 9190 I keystore2: system/security/keystore2/src/authorization.rs:143 - on_lock_screen_event(r#UNLOCK, user_id=0, password.is_some()=true, unlocking_sids=None)
11-14 22:15:19.366 595 9190 I keystore2: system/security/keystore2/src/super_key.rs:1141 - Trying to unlock when already unlocked.
11-14 22:15:19.366 1472 4786 D LockSettingsService: CE storage for user 0 is already unlocked
11-14 22:15:19.366 1472 4786 D LockSettingsService: unlockUser finished
11-14 22:15:19.366 1472 4786 D SystemServerTiming: finishUserUnlocking-0
11-14 22:15:19.366 1472 4786 W ActivityManager: UserLifecycleEvent 5 received without an active userJourneySession.
11-14 22:15:19.366 1472 4786 D LockSettingsService: unlockUser finished
11-14 22:15:19.367 1472 1844 D BiometricDeferredQueue: Processing pending resetLockouts(Generic)
11-14 22:15:19.367 1472 1844 D BiometricDeferredQueue: Resetting biometric lockout for user: 0
11-14 22:15:19.387 1472 4786 I LockSettingsService: Sending vendor auth secret to IAuthSecret HAL as user: 0
11-14 22:15:19.398 1472 1844 D BiometricService: resetLockout(userId=0, hat=present)
11-14 22:15:19.547 1472 4786 D ActivityTaskManager: Top Process State changed to PROCESS_STATE_TOP
11-14 22:15:19.547 1942 1966 V WindowManagerShell: Transition requested: android.os.BinderProxy@e0eeb92 TransitionRequestInfo { type = TO_BACK, triggerTask = null, remoteTransition = null, displayChange = null }
11-14 22:15:19.547 1942 1966 E RecentsTransitionHandler: RecentsTransitionHandler.handleRequest: Unexpected transition request
11-14 22:15:19.580 1472 1685 V WindowManager: Sent Transition #261 createdAt=11-14 22:15:19.545 via request=TransitionRequestInfo { type = TO_BACK, triggerTask = null, remoteTransition = null, displayChange = null }
11-14 22:15:19.580 1472 1685 V WindowManager: startWCT=WindowContainerTransaction { changes = {} hops = [] errorCallbackToken=null taskFragmentOrganizer=null }
11-14 22:15:19.581 1472 1685 V WindowManager: info={id=261 t=TO_BACK f=0x104 r=[0@Point(0, 0)] c=[{WCT{RemoteToken{b4e2d72 Task{d91fcd9 #1 type=home}}} m=SHOW f=SHOW_WALLPAPER p=WCT{RemoteToken{ee19fc7 DefaultTaskDisplayArea@210868897}} leash=Surface(name=Task=1)/@0x666b647 sb=Rect(0, 0 - 1080, 2400) eb=Rect(0, 0 - 1080, 2400) d=0},{WCT{RemoteToken{ee19fc7 DefaultTaskDisplayArea@210868897}} m=SHOW f=SHOW_WALLPAPER leash=Surface(name=DefaultTaskDisplayArea)/@0x79fbd86 sb=Rect(0, 0 - 1080, 2400) eb=Rect(0, 0 - 1080, 2400) d=0}]}
11-14 22:15:19.581 1942 1966 V WindowManagerShell: onTransitionReady android.os.BinderProxy@e0eeb92: {id=261 t=TO_BACK f=0x104 r=[0@Point(0, 0)] c=[{WCT{android.window.IWindowContainerToken$Stub$Proxy@d0cf963} m=SHOW f=SHOW_WALLPAPER p=WCT{android.window.IWindowContainerToken$Stub$Proxy@8148960} leash=Surface(name=Task=1)/@0x2d9ee19 sb=Rect(0, 0 - 1080, 2400) eb=Rect(0, 0 - 1080, 2400) d=0},{WCT{android.window.IWindowContainerToken$Stub$Proxy@dac2ede} m=SHOW f=SHOW_WALLPAPER leash=Surface(name=DefaultTaskDisplayArea)/@0x64bc8bf sb=Rect(0, 0 - 1080, 2400) eb=Rect(0, 0 - 1080, 2400) d=0}]}
11-14 22:15:19.581 1942 1966 V WindowManagerShell: Playing animation for (#261)android.os.BinderProxy@e0eeb92
11-14 22:15:19.582 1942 1966 V WindowManagerShell: try handler com.android.wm.shell.transition.DefaultMixedHandler@9baf2d2
11-14 22:15:19.582 1942 1966 V WindowManagerShell: try handler com.android.wm.shell.activityembedding.ActivityEmbeddingController@b018fa3
11-14 22:15:19.582 1942 1966 V WindowManagerShell: try handler com.android.wm.shell.recents.RecentsTransitionHandler@48002a0
11-14 22:15:19.582 1942 1966 V WindowManagerShell: RecentsTransitionHandler.startAnimation: no controller found
11-14 22:15:19.582 1942 1966 V WindowManagerShell: try handler com.android.wm.shell.pip.PipTransition@30e0e59
11-14 22:15:19.582 1942 1966 V WindowManagerShell: try handler com.android.wm.shell.splitscreen.StageCoordinator@7316a1e
11-14 22:15:19.582 1942 1966 V WindowManagerShell: try handler com.android.wm.shell.transition.RemoteTransitionHandler@f9382ff
11-14 22:15:19.582 1942 1966 V WindowManagerShell: Transition doesn't have explicit remote, search filters for match for {id=261 t=TO_BACK f=0x104 r=[0@Point(0, 0)] c=[{WCT{android.window.IWindowContainerToken$Stub$Proxy@d0cf963} m=SHOW f=SHOW_WALLPAPER p=WCT{android.window.IWindowContainerToken$Stub$Proxy@8148960} leash=Surface(name=Task=1)/@0x2d9ee19 sb=Rect(0, 0 - 1080, 2400) eb=Rect(0, 0 - 1080, 2400) d=0},{WCT{android.window.IWindowContainerToken$Stub$Proxy@dac2ede} m=SHOW f=SHOW_WALLPAPER leash=Surface(name=DefaultTaskDisplayArea)/@0x64bc8bf sb=Rect(0, 0 - 1080, 2400) eb=Rect(0, 0 - 1080, 2400) d=0}]}
11-14 22:15:19.582 1942 1966 V WindowManagerShell: Checking filter Pair{{types=[] flags=0x0] notFlags=0x100 checks=[{atype=home independent=true modes=[OPEN,SHOW] flags=NONE mustBeTask=false order=TOP topActivity=ComponentInfo{com.google.android.apps.nexuslauncher/com.google.android.apps.nexuslauncher.NexusLauncherActivity}},{atype=standard independent=true modes=[CLOSE,HIDE] flags=NONE mustBeTask=false order=ANY topActivity=null}]} RemoteTransition { remoteTransition = android.window.IRemoteTransition$Stub$Proxy@c464077, appThread = android.app.IApplicationThread$Stub$Proxy@497e4e4, debugName = QuickstepLaunchHome }}
11-14 22:15:19.582 1942 1966 V WindowManagerShell: Checking filter Pair{{types=[] flags=0x40] notFlags=0x0 checks=[{atype=dream independent=false modes=[OPEN,SHOW] flags=OCCLUDES_KEYGUARD mustBeTask=false order=ANY topActivity=null},{NOT atype=undefined independent=false modes=[CLOSE,HIDE] flags=OCCLUDES_KEYGUARD mustBeTask=false order=ANY topActivity=null}]} RemoteTransition { remoteTransition = com.android.systemui.keyguard.KeyguardService$1@ef4f4b9, appThread = android.app.ActivityThread$ApplicationThread@3f2a8cc, debugName = KeyguardOccludeByDream }}
11-14 22:15:19.582 1942 1966 V WindowManagerShell: Checking filter Pair{{types=[KEYGUARD_UNOCCLUDE] flags=0x0] notFlags=0x0 checks=[]} RemoteTransition { remoteTransition = com.android.systemui.keyguard.KeyguardService$3@7730680, appThread = android.app.ActivityThread$ApplicationThread@3f2a8cc, debugName = KeyguardUnocclude }}
11-14 22:15:19.582 1942 1966 V WindowManagerShell: Checking filter Pair{{types=[KEYGUARD_OCCLUDE] flags=0x0] notFlags=0x0 checks=[]} RemoteTransition { remoteTransition = com.android.systemui.keyguard.KeyguardService$3@650b703, appThread = android.app.ActivityThread$ApplicationThread@3f2a8cc, debugName = KeyguardOcclude }}
