11-14 17:50:37.344 1472 4938 D PackageWatchdog: Received supported packages [PackageConfig{com.google.android.networkstack, 86400000}]
11-14 17:50:37.344 1472 4938 D ExplicitHealthCheckController: Getting health check requested packages
11-14 17:50:37.345 1472 4938 I ExplicitHealthCheckController: Explicit health check requested packages []
11-14 17:50:37.345 1472 4938 I ExplicitHealthCheckController: No more health check requests, unbinding...
11-14 17:50:37.346 1472 4938 I ExplicitHealthCheckController: Explicit health check service is unbound
11-14 17:50:37.360 1472 1813 I RescueParty: Starting to observe: [com.android.systemui], updated namespace: tv_hdr_output_control
11-14 17:50:37.361 1472 1696 I PackageWatchdog: Syncing state, reason: observing new packages
11-14 17:50:37.361 1472 1696 D PackageWatchdog: rescue-party-observer added the following packages to monitor [com.android.systemui]
11-14 17:50:37.361 1472 1696 I PackageWatchdog: Syncing state, reason: updated observers
11-14 17:50:37.361 1472 1696 I PackageWatchdog: Not pruning observers, elapsed time: 0ms
11-14 17:50:37.361 1472 1696 I PackageWatchdog: Saving observer state to file
11-14 17:50:37.364 1472 1472 I PackageWatchdog: Syncing health check requests for packages: {}
11-14 17:50:37.364 1472 1472 I ExplicitHealthCheckController: Service not ready to get health check supported packages. Binding...
11-14 17:50:37.367 1472 1472 I ExplicitHealthCheckController: Explicit health check service is bound
11-14 17:50:37.370 1472 1472 I ExplicitHealthCheckController: Explicit health check service is connected ComponentInfo{com.google.android.ext.services/android.ext.services.watchdog.ExplicitHealthCheckServiceImpl}
11-14 17:50:37.370 1472 1472 I ExplicitHealthCheckController: Service initialized, syncing requests
11-14 17:50:37.370 1472 1472 I PackageWatchdog: Syncing health check requests for packages: {}
11-14 17:50:37.370 1472 1472 D ExplicitHealthCheckController: Getting health check supported packages
11-14 17:50:37.371 1472 4949 I ExplicitHealthCheckController: Explicit health check supported packages [PackageConfig{com.google.android.networkstack, 86400000}]
11-14 17:50:37.371 1472 4949 D PackageWatchdog: Received supported packages [PackageConfig{com.google.android.networkstack, 86400000}]
11-14 17:50:37.372 1472 4949 D ExplicitHealthCheckController: Getting health check requested packages
11-14 17:50:37.372 1472 4949 I ExplicitHealthCheckController: Explicit health check requested packages []
11-14 17:50:37.372 1472 4949 I ExplicitHealthCheckController: No more health check requests, unbinding...
11-14 17:50:37.373 1472 4949 I ExplicitHealthCheckController: Explicit health check service is unbound
11-14 17:50:37.382 1472 1813 I RescueParty: Starting to observe: [android, com.google.android.bluetooth, com.android.systemui], updated namespace: bluetooth
11-14 17:50:37.382 1472 1696 I PackageWatchdog: Syncing state, reason: observing new packages
11-14 17:50:37.382 1472 1696 D PackageWatchdog: rescue-party-observer added the following packages to monitor [android, com.google.android.bluetooth, com.android.systemui]
11-14 17:50:37.383 1472 1696 I PackageWatchdog: Syncing state, reason: updated observers
11-14 17:50:37.383 1472 1696 I PackageWatchdog: Not pruning observers, elapsed time: 0ms
11-14 17:50:37.383 1472 1696 I PackageWatchdog: Saving observer state to file
11-14 17:50:37.387 1472 1472 I PackageWatchdog: Syncing health check requests for packages: {}
11-14 17:50:37.387 1472 1472 I ExplicitHealthCheckController: Service not ready to get health check supported packages. Binding...
11-14 17:50:37.390 1472 1472 I ExplicitHealthCheckController: Explicit health check service is bound
11-14 17:50:37.392 1472 1472 I ExplicitHealthCheckController: Explicit health check service is connected ComponentInfo{com.google.android.ext.services/android.ext.services.watchdog.ExplicitHealthCheckServiceImpl}
11-14 17:50:37.393 1472 1472 I ExplicitHealthCheckController: Service initialized, syncing requests
11-14 17:50:37.393 1472 1472 I PackageWatchdog: Syncing health check requests for packages: {}
11-14 17:50:37.393 1472 1472 D ExplicitHealthCheckController: Getting health check supported packages
11-14 17:50:37.395 1472 4938 I ExplicitHealthCheckController: Explicit health check supported packages [PackageConfig{com.google.android.networkstack, 86400000}]
11-14 17:50:37.395 1472 4938 D PackageWatchdog: Received supported packages [PackageConfig{com.google.android.networkstack, 86400000}]
11-14 17:50:37.395 1472 4938 D ExplicitHealthCheckController: Getting health check requested packages
11-14 17:50:37.395 1472 4938 I ExplicitHealthCheckController: Explicit health check requested packages []
11-14 17:50:37.395 1472 4938 I ExplicitHealthCheckController: No more health check requests, unbinding...
11-14 17:50:37.397 1472 4938 I ExplicitHealthCheckController: Explicit health check service is unbound
11-14 17:50:37.403 1472 1813 I RescueParty: Starting to observe: [com.android.systemui], updated namespace: system_scheduler
11-14 17:50:37.404 1472 1696 I PackageWatchdog: Syncing state, reason: observing new packages
11-14 17:50:37.404 1472 1696 D PackageWatchdog: rescue-party-observer added the following packages to monitor [com.android.systemui]
11-14 17:50:37.404 1472 1696 I PackageWatchdog: Syncing state, reason: updated observers
11-14 17:50:37.404 1472 1696 I PackageWatchdog: Not pruning observers, elapsed time: 0ms
11-14 17:50:37.404 1472 1696 I PackageWatchdog: Saving observer state to file
11-14 17:50:37.412 1472 1472 I PackageWatchdog: Syncing health check requests for packages: {}
11-14 17:50:37.412 1472 1472 I ExplicitHealthCheckController: Service not ready to get health check supported packages. Binding...
11-14 17:50:37.416 1472 1472 I ExplicitHealthCheckController: Explicit health check service is bound
11-14 17:50:37.419 1472 1472 I ExplicitHealthCheckController: Explicit health check service is connected ComponentInfo{com.google.android.ext.services/android.ext.services.watchdog.ExplicitHealthCheckServiceImpl}
11-14 17:50:37.419 1472 1472 I ExplicitHealthCheckController: Service initialized, syncing requests
11-14 17:50:37.419 1472 1472 I PackageWatchdog: Syncing health check requests for packages: {}
11-14 17:50:37.419 1472 1472 D ExplicitHealthCheckController: Getting health check supported packages
11-14 17:50:37.420 1472 4938 I ExplicitHealthCheckController: Explicit health check supported packages [PackageConfig{com.google.android.networkstack, 86400000}]
11-14 17:50:37.420 1472 4938 D PackageWatchdog: Received supported packages [PackageConfig{com.google.android.networkstack, 86400000}]
11-14 17:50:37.420 1472 4938 D ExplicitHealthCheckController: Getting health check requested packages
11-14 17:50:37.420 1472 4938 I ExplicitHealthCheckController: Explicit health check requested packages []
11-14 17:50:37.420 1472 4938 I ExplicitHealthCheckController: No more health check requests, unbinding...
11-14 17:50:37.422 1472 4938 I ExplicitHealthCheckController: Explicit health check service is unbound
11-14 17:50:37.423 1472 1813 I RescueParty: Starting to observe: [android, com.google.android.apps.nexuslauncher, com.android.systemui], updated namespace: latency_tracker
11-14 17:50:37.424 1472 1696 I PackageWatchdog: Syncing state, reason: observing new packages
11-14 17:50:37.424 1472 1696 D PackageWatchdog: rescue-party-observer added the following packages to monitor [android, com.google.android.apps.nexuslauncher, com.android.systemui]
11-14 17:50:37.424 1472 1696 I PackageWatchdog: Syncing state, reason: updated observers
11-14 17:50:37.424 1472 1696 I PackageWatchdog: Not pruning observers, elapsed time: 0ms
11-14 17:50:37.424 1472 1696 I PackageWatchdog: Saving observer state to file
11-14 17:50:37.429 1472 1472 I PackageWatchdog: Syncing health check requests for packages: {}
11-14 17:50:37.429 1472 1472 I ExplicitHealthCheckController: Service not ready to get health check supported packages. Binding...
11-14 17:50:37.432 1472 1472 I ExplicitHealthCheckController: Explicit health check service is bound
11-14 17:50:37.434 1472 1472 I ExplicitHealthCheckController: Explicit health check service is connected ComponentInfo{com.google.android.ext.services/android.ext.services.watchdog.ExplicitHealthCheckServiceImpl}
11-14 17:50:37.434 1472 1472 I ExplicitHealthCheckController: Service initialized, syncing requests
11-14 17:50:37.435 1472 1472 I PackageWatchdog: Syncing health check requests for packages: {}
11-14 17:50:37.435 1472 1472 D ExplicitHealthCheckController: Getting health check supported packages
11-14 17:50:37.436 1472 4785 I ExplicitHealthCheckController: Explicit health check supported packages [PackageConfig{com.google.android.networkstack, 86400000}]
11-14 17:50:37.436 1472 4785 D PackageWatchdog: Received supported packages [PackageConfig{com.google.android.networkstack, 86400000}]
11-14 17:50:37.436 1472 4785 D ExplicitHealthCheckController: Getting health check requested packages
11-14 17:50:37.436 1472 4785 I ExplicitHealthCheckController: Explicit health check requested packages []
11-14 17:50:37.436 1472 4785 I ExplicitHealthCheckController: No more health check requests, unbinding...
11-14 17:50:37.438 1472 4785 I ExplicitHealthCheckController: Explicit health check service is unbound
11-14 17:50:37.440 1472 1813 I RescueParty: Starting to observe: [android, com.android.systemui], updated namespace: battery_saver
11-14 17:50:37.440 1472 1696 I PackageWatchdog: Syncing state, reason: observing new packages
11-14 17:50:37.440 1472 1696 D PackageWatchdog: rescue-party-observer added the following packages to monitor [android, com.android.systemui]
11-14 17:50:37.440 1472 1696 I PackageWatchdog: Syncing state, reason: updated observers
11-14 17:50:37.440 1472 1696 I PackageWatchdog: Not pruning observers, elapsed time: 0ms
11-14 17:50:37.442 1472 1696 I PackageWatchdog: Saving observer state to file
11-14 17:50:37.446 1472 1472 I PackageWatchdog: Syncing health check requests for packages: {}
11-14 17:50:37.446 1472 1472 I ExplicitHealthCheckController: Service not ready to get health check supported packages. Binding...
11-14 17:50:37.449 1472 1813 I RescueParty: Starting to observe: [android, com.android.systemui], updated namespace: constrain_display_apis
11-14 17:50:37.449 1472 1696 I PackageWatchdog: Syncing state, reason: observing new packages
11-14 17:50:37.449 1472 1696 D PackageWatchdog: rescue-party-observer added the following packages to monitor [android, com.android.systemui]
11-14 17:50:37.449 1472 1696 I PackageWatchdog: Syncing state, reason: updated observers
11-14 17:50:37.449 1472 1696 I PackageWatchdog: Not pruning observers, elapsed time: 0ms
11-14 17:50:37.449 1472 1696 I PackageWatchdog: Saving observer state to file
11-14 17:50:37.451 1472 1472 I ExplicitHealthCheckController: Explicit health check service is bound
11-14 17:50:37.457 1472 1472 I PackageWatchdog: Syncing health check requests for packages: {}
11-14 17:50:37.457 1472 1472 I ExplicitHealthCheckController: Service not ready to get health check supported packages. Binding...
11-14 17:50:37.457 1472 1472 I ExplicitHealthCheckController: Not binding to service, service already connecting
11-14 17:50:37.457 1472 1472 I ExplicitHealthCheckController: Explicit health check service is connected ComponentInfo{com.google.android.ext.services/android.ext.services.watchdog.ExplicitHealthCheckServiceImpl}
11-14 17:50:37.458 1472 1472 I ExplicitHealthCheckController: Service initialized, syncing requests
11-14 17:50:37.458 1472 1472 I PackageWatchdog: Syncing health check requests for packages: {}
11-14 17:50:37.458 1472 1472 D ExplicitHealthCheckController: Getting health check supported packages
11-14 17:50:37.460 1472 4949 I ExplicitHealthCheckController: Explicit health check supported packages [PackageConfig{com.google.android.networkstack, 86400000}]
11-14 17:50:37.460 1472 4949 D PackageWatchdog: Received supported packages [PackageConfig{com.google.android.networkstack, 86400000}]
11-14 17:50:37.460 1472 4949 D ExplicitHealthCheckController: Getting health check requested packages
11-14 17:50:37.461 1472 4949 I ExplicitHealthCheckController: Explicit health check requested packages []
11-14 17:50:37.461 1472 4949 I ExplicitHealthCheckController: No more health check requests, unbinding...
11-14 17:50:37.463 1472 4949 I ExplicitHealthCheckController: Explicit health check service is unbound
11-14 17:50:37.465 1472 1813 I RescueParty: Starting to observe: [android, com.android.systemui], updated namespace: backup_and_restore
11-14 17:50:37.465 1472 1696 I PackageWatchdog: Syncing state, reason: observing new packages
11-14 17:50:37.465 1472 1696 D PackageWatchdog: rescue-party-observer added the following packages to monitor [android, com.android.systemui]
11-14 17:50:37.465 1472 1696 I PackageWatchdog: Syncing state, reason: updated observers
11-14 17:50:37.465 1472 1696 I PackageWatchdog: Not pruning observers, elapsed time: 0ms
11-14 17:50:37.465 1472 1696 I PackageWatchdog: Saving observer state to file
11-14 17:50:37.471 1472 1472 I PackageWatchdog: Syncing health check requests for packages: {}
11-14 17:50:37.471 1472 1472 I ExplicitHealthCheckController: Service not ready to get health check supported packages. Binding...
11-14 17:50:37.477 1472 1472 I ExplicitHealthCheckController: Explicit health check service is bound
11-14 17:50:37.478 1472 1472 I ExplicitHealthCheckController: Explicit health check service is connected ComponentInfo{com.google.android.ext.services/android.ext.services.watchdog.ExplicitHealthCheckServiceImpl}
11-14 17:50:37.478 1472 1472 I ExplicitHealthCheckController: Service initialized, syncing requests
11-14 17:50:37.479 1472 1472 I PackageWatchdog: Syncing health check requests for packages: {}
11-14 17:50:37.479 1472 1472 D ExplicitHealthCheckController: Getting health check supported packages
11-14 17:50:37.479 1472 4949 I ExplicitHealthCheckController: Explicit health check supported packages [PackageConfig{com.google.android.networkstack, 86400000}]
11-14 17:50:37.479 1472 4949 D PackageWatchdog: Received supported packages [PackageConfig{com.google.android.networkstack, 86400000}]
11-14 17:50:37.480 1472 4949 D ExplicitHealthCheckController: Getting health check requested packages
11-14 17:50:37.480 1472 4785 I ExplicitHealthCheckController: Explicit health check requested packages []
11-14 17:50:37.480 1472 4785 I ExplicitHealthCheckController: No more health check requests, unbinding...
11-14 17:50:37.482 1472 1813 I RescueParty: Starting to observe: [android, com.android.systemui], updated namespace: nnapi_native
11-14 17:50:37.482 1472 1696 I PackageWatchdog: Syncing state, reason: observing new packages
11-14 17:50:37.482 1472 4785 I ExplicitHealthCheckController: Explicit health check service is unbound
11-14 17:50:37.482 1472 1696 D PackageWatchdog: rescue-party-observer added the following packages to monitor [android, com.android.systemui]
11-14 17:50:37.482 1472 1696 I PackageWatchdog: Syncing state, reason: updated observers
11-14 17:50:37.482 1472 1696 I PackageWatchdog: Not pruning observers, elapsed time: 0ms
11-14 17:50:37.482 1472 1696 I PackageWatchdog: Saving observer state to file
11-14 17:50:37.488 1472 1472 I PackageWatchdog: Syncing health check requests for packages: {}
11-14 17:50:37.488 1472 1472 I ExplicitHealthCheckController: Service not ready to get health check supported packages. Binding...
11-14 17:50:37.490 1472 1813 I RescueParty: Starting to observe: [android, com.google.android.networkstack, com.android.systemui], updated namespace: tethering
11-14 17:50:37.490 1472 1696 I PackageWatchdog: Syncing state, reason: observing new packages
11-14 17:50:37.490 1472 1696 D PackageWatchdog: rescue-party-observer added the following packages to monitor [android, com.google.android.networkstack, com.android.systemui]
11-14 17:50:37.490 1472 1696 I PackageWatchdog: Syncing state, reason: updated observers
11-14 17:50:37.490 1472 1696 I PackageWatchdog: Not pruning observers, elapsed time: 0ms
11-14 17:50:37.490 1472 1696 I PackageWatchdog: Saving observer state to file
11-14 17:50:37.492 1472 1472 I ExplicitHealthCheckController: Explicit health check service is bound
11-14 17:50:37.504 1472 1472 I PackageWatchdog: Syncing health check requests for packages: {}
11-14 17:50:37.505 1472 1472 I ExplicitHealthCheckController: Service not ready to get health check supported packages. Binding...
11-14 17:50:37.505 1472 1472 I ExplicitHealthCheckController: Not binding to service, service already connecting
11-14 17:50:37.505 1472 1472 I ExplicitHealthCheckController: Explicit health check service is connected ComponentInfo{com.google.android.ext.services/android.ext.services.watchdog.ExplicitHealthCheckServiceImpl}
11-14 17:50:37.505 1472 1472 I ExplicitHealthCheckController: Service initialized, syncing requests
11-14 17:50:37.505 1472 1472 I PackageWatchdog: Syncing health check requests for packages: {}
11-14 17:50:37.505 1472 1472 D ExplicitHealthCheckController: Getting health check supported packages
11-14 17:50:37.506 1472 4949 I ExplicitHealthCheckController: Explicit health check supported packages [PackageConfig{com.google.android.networkstack, 86400000}]
11-14 17:50:37.506 1472 4949 D PackageWatchdog: Received supported packages [PackageConfig{com.google.android.networkstack, 86400000}]
11-14 17:50:37.506 1472 4949 D ExplicitHealthCheckController: Getting health check requested packages
11-14 17:50:37.508 1472 4784 I ExplicitHealthCheckController: Explicit health check requested packages []
11-14 17:50:37.508 1472 4784 I ExplicitHealthCheckController: No more health check requests, unbinding...
11-14 17:50:37.509 1472 19682 E SettingsToPropertiesMapper: Unable to set property persist.device_config.tethering.mdns_type_allowlist_flags value ''
11-14 17:50:37.509 1472 19682 E SettingsToPropertiesMapper: java.lang.RuntimeException: failed to set system property (check logcat for reason)
11-14 17:50:37.509 1472 19682 E SettingsToPropertiesMapper: at android.os.SystemProperties.native_set(Native Method)
11-14 17:50:37.509 1472 19682 E SettingsToPropertiesMapper: at android.os.SystemProperties.set(SystemProperties.java:235)
11-14 17:50:37.509 1472 19682 E SettingsToPropertiesMapper: at com.android.server.am.SettingsToPropertiesMapper.setProperty(SettingsToPropertiesMapper.java:256)
11-14 17:50:37.509 1472 19682 E SettingsToPropertiesMapper: at com.android.server.am.SettingsToPropertiesMapper.lambda$updatePropertiesFromSettings$0(SettingsToPropertiesMapper.java:170)
11-14 17:50:37.509 1472 19682 E SettingsToPropertiesMapper: at com.android.server.am.SettingsToPropertiesMapper.$r8$lambda$7dmMc42oRK0FQ6jpTa0oSm0eFHo(SettingsToPropertiesMapper.java:0)
11-14 17:50:37.509 1472 19682 E SettingsToPropertiesMapper: at com.android.server.am.SettingsToPropertiesMapper$$ExternalSyntheticLambda0.onPropertiesChanged(R8$$SyntheticClass:0)
11-14 17:50:37.509 1472 19682 E SettingsToPropertiesMapper: at android.provider.DeviceConfig.lambda$handleChange$0(DeviceConfig.java:1466)
11-14 17:50:37.509 1472 19682 E SettingsToPropertiesMapper: at android.provider.DeviceConfig$$ExternalSyntheticLambda0.run(Unknown Source:4)
11-14 17:50:37.509 1472 19682 E SettingsToPropertiesMapper: at java.util.concurrent.ThreadPoolExecutor.runWorker(ThreadPoolExecutor.java:1145)
11-14 17:50:37.509 1472 19682 E SettingsToPropertiesMapper: at java.util.concurrent.ThreadPoolExecutor$Worker.run(ThreadPoolExecutor.java:644)
11-14 17:50:37.509 1472 19682 E SettingsToPropertiesMapper: at java.lang.Thread.run(Thread.java:1012)
11-14 17:50:37.510 1472 19682 E SettingsToPropertiesMapper: Unable to set property persist.device_config.tethering.mdns_discovery_manager_allowlist_presence_version value '0'
11-14 17:50:37.510 1472 19682 E SettingsToPropertiesMapper: java.lang.RuntimeException: failed to set system property (check logcat for reason)
11-14 17:50:37.510 1472 19682 E SettingsToPropertiesMapper: at android.os.SystemProperties.native_set(Native Method)
11-14 17:50:37.510 1472 19682 E SettingsToPropertiesMapper: at android.os.SystemProperties.set(SystemProperties.java:235)
11-14 17:50:37.510 1472 19682 E SettingsToPropertiesMapper: at com.android.server.am.SettingsToPropertiesMapper.setProperty(SettingsToPropertiesMapper.java:256)
11-14 17:50:37.510 1472 19682 E SettingsToPropertiesMapper: at com.android.server.am.SettingsToPropertiesMapper.lambda$updatePropertiesFromSettings$0(SettingsToPropertiesMapper.java:170)
11-14 17:50:37.510 1472 19682 E SettingsToPropertiesMapper: at com.android.server.am.SettingsToPropertiesMapper.$r8$lambda$7dmMc42oRK0FQ6jpTa0oSm0eFHo(SettingsToPropertiesMapper.java:0)
11-14 17:50:37.510 1472 19682 E SettingsToPropertiesMapper: at com.android.server.am.SettingsToPropertiesMapper$$ExternalSyntheticLambda0.onPropertiesChanged(R8$$SyntheticClass:0)
11-14 17:50:37.510 1472 19682 E SettingsToPropertiesMapper: at android.provider.DeviceConfig.lambda$handleChange$0(DeviceConfig.java:1466)
11-14 17:50:37.510 1472 19682 E SettingsToPropertiesMapper: at android.provider.DeviceConfig$$ExternalSyntheticLambda0.run(Unknown Source:4)
11-14 17:50:37.510 1472 19682 E SettingsToPropertiesMapper: at java.util.concurrent.ThreadPoolExecutor.runWorker(ThreadPoolExecutor.java:1145)
11-14 17:50:37.510 1472 19682 E SettingsToPropertiesMapper: at java.util.concurrent.ThreadPoolExecutor$Worker.run(ThreadPoolExecutor.java:644)
11-14 17:50:37.510 1472 19682 E SettingsToPropertiesMapper: at java.lang.Thread.run(Thread.java:1012)
11-14 17:50:37.511 1472 19682 E SettingsToPropertiesMapper: Unable to set property persist.device_config.tethering.mdns_advertiser_allowlist_presence_version value '0'
11-14 17:50:37.511 1472 19682 E SettingsToPropertiesMapper: java.lang.RuntimeException: failed to set system property (check logcat for reason)
11-14 17:50:37.511 1472 19682 E SettingsToPropertiesMapper: at android.os.SystemProperties.native_set(Native Method)
11-14 17:50:37.511 1472 19682 E SettingsToPropertiesMapper: at android.os.SystemProperties.set(SystemProperties.java:235)
11-14 17:50:37.511 1472 19682 E SettingsToPropertiesMapper: at com.android.server.am.SettingsToPropertiesMapper.setProperty(SettingsToPropertiesMapper.java:256)
11-14 17:50:37.511 1472 19682 E SettingsToPropertiesMapper: at com.android.server.am.SettingsToPropertiesMapper.lambda$updatePropertiesFromSettings$0(SettingsToPropertiesMapper.java:170)
11-14 17:50:37.511 1472 19682 E SettingsToPropertiesMapper: at com.android.server.am.SettingsToPropertiesMapper.$r8$lambda$7dmMc42oRK0FQ6jpTa0oSm0eFHo(SettingsToPropertiesMapper.java:0)
11-14 17:50:37.511 1472 19682 E SettingsToPropertiesMapper: at com.android.server.am.SettingsToPropertiesMapper$$ExternalSyntheticLambda0.onPropertiesChanged(R8$$SyntheticClass:0)
11-14 17:50:37.511 1472 19682 E SettingsToPropertiesMapper: at android.provider.DeviceConfig.lambda$handleChange$0(DeviceConfig.java:1466)
11-14 17:50:37.511 1472 19682 E SettingsToPropertiesMapper: at android.provider.DeviceConfig$$ExternalSyntheticLambda0.run(Unknown Source:4)
11-14 17:50:37.511 1472 19682 E SettingsToPropertiesMapper: at java.util.concurrent.ThreadPoolExecutor.runWorker(ThreadPoolExecutor.java:1145)
11-14 17:50:37.511 1472 19682 E SettingsToPropertiesMapper: at java.util.concurrent.ThreadPoolExecutor$Worker.run(ThreadPoolExecutor.java:644)
11-14 17:50:37.511 1472 19682 E SettingsToPropertiesMapper: at java.lang.Thread.run(Thread.java:1012)
11-14 17:50:37.512 1472 4784 I ExplicitHealthCheckController: Explicit health check service is unbound
11-14 17:50:37.512 1472 19682 E SettingsToPropertiesMapper: Unable to set property persist.device_config.tethering.destroy_frozen_sockets_version value '0'
11-14 17:50:37.512 1472 19682 E SettingsToPropertiesMapper: java.lang.RuntimeException: failed to set system property (check logcat for reason)
11-14 17:50:37.512 1472 19682 E SettingsToPropertiesMapper: at android.os.SystemProperties.native_set(Native Method)
11-14 17:50:37.512 1472 19682 E SettingsToPropertiesMapper: at android.os.SystemProperties.set(SystemProperties.java:235)
11-14 17:50:37.512 1472 19682 E SettingsToPropertiesMapper: at com.android.server.am.SettingsToPropertiesMapper.setProperty(SettingsToPropertiesMapper.java:256)
11-14 17:50:37.512 1472 19682 E SettingsToPropertiesMapper: at com.android.server.am.SettingsToPropertiesMapper.lambda$updatePropertiesFromSettings$0(SettingsToPropertiesMapper.java:170)
11-14 17:50:37.512 1472 19682 E SettingsToPropertiesMapper: at com.android.server.am.SettingsToPropertiesMapper.$r8$lambda$7dmMc42oRK0FQ6jpTa0oSm0eFHo(SettingsToPropertiesMapper.java:0)
11-14 17:50:37.512 1472 19682 E SettingsToPropertiesMapper: at com.android.server.am.SettingsToPropertiesMapper$$ExternalSyntheticLambda0.onPropertiesChanged(R8$$SyntheticClass:0)
11-14 17:50:37.512 1472 19682 E SettingsToPropertiesMapper: at android.provider.DeviceConfig.lambda$handleChange$0(DeviceConfig.java:1466)
11-14 17:50:37.512 1472 19682 E SettingsToPropertiesMapper: at android.provider.DeviceConfig$$ExternalSyntheticLambda0.run(Unknown Source:4)
11-14 17:50:37.512 1472 19682 E SettingsToPropertiesMapper: at java.util.concurrent.ThreadPoolExecutor.runWorker(ThreadPoolExecutor.java:1145)
11-14 17:50:37.512 1472 19682 E SettingsToPropertiesMapper: at java.util.concurrent.ThreadPoolExecutor$Worker.run(ThreadPoolExecutor.java:644)
11-14 17:50:37.512 1472 19682 E SettingsToPropertiesMapper: at java.lang.Thread.run(Thread.java:1012)
11-14 17:50:37.521 1472 1813 I RescueParty: Starting to observe: [android, com.android.systemui], updated namespace: location
11-14 17:50:37.521 1472 1696 I PackageWatchdog: Syncing state, reason: observing new packages
11-14 17:50:37.521 1472 1696 D PackageWatchdog: rescue-party-observer added the following packages to monitor [android, com.android.systemui]
11-14 17:50:37.521 1472 1696 I PackageWatchdog: Syncing state, reason: updated observers
11-14 17:50:37.521 1472 1696 I PackageWatchdog: Not pruning observers, elapsed time: 0ms
11-14 17:50:37.521 1472 1696 I PackageWatchdog: Saving observer state to file
11-14 17:50:37.526 1472 1472 I PackageWatchdog: Syncing health check requests for packages: {}
11-14 17:50:37.526 1472 1472 I ExplicitHealthCheckController: Service not ready to get health check supported packages. Binding...
11-14 17:50:37.529 1472 1472 I ExplicitHealthCheckController: Explicit health check service is bound
11-14 17:50:37.531 1472 1472 I ExplicitHealthCheckController: Explicit health check service is connected ComponentInfo{com.google.android.ext.services/android.ext.services.watchdog.ExplicitHealthCheckServiceImpl}
11-14 17:50:37.532 1472 1472 I ExplicitHealthCheckController: Service initialized, syncing requests
11-14 17:50:37.532 1472 1472 I PackageWatchdog: Syncing health check requests for packages: {}
11-14 17:50:37.532 1472 1472 D ExplicitHealthCheckController: Getting health check supported packages
11-14 17:50:37.533 1472 4784 I ExplicitHealthCheckController: Explicit health check supported packages [PackageConfig{com.google.android.networkstack, 86400000}]
11-14 17:50:37.533 1472 4784 D PackageWatchdog: Received supported packages [PackageConfig{com.google.android.networkstack, 86400000}]
11-14 17:50:37.533 1472 4784 D ExplicitHealthCheckController: Getting health check requested packages
11-14 17:50:37.534 1472 4784 I ExplicitHealthCheckController: Explicit health check requested packages []
11-14 17:50:37.534 1472 4784 I ExplicitHealthCheckController: No more health check requests, unbinding...
11-14 17:50:37.535 1472 4784 I ExplicitHealthCheckController: Explicit health check service is unbound
11-14 17:50:37.551 1472 1813 I RescueParty: Starting to observe: [com.android.systemui], updated namespace: wallpaper_content
11-14 17:50:37.551 1472 1696 I PackageWatchdog: Syncing state, reason: observing new packages
11-14 17:50:37.551 1472 1696 D PackageWatchdog: rescue-party-observer added the following packages to monitor [com.android.systemui]
11-14 17:50:37.551 1472 1696 I PackageWatchdog: Syncing state, reason: updated observers
11-14 17:50:37.551 1472 1696 I PackageWatchdog: Saving observer state to file
11-14 17:50:37.558 1472 1472 I PackageWatchdog: Syncing health check requests for packages: {}
11-14 17:50:37.558 1472 1472 I ExplicitHealthCheckController: Service not ready to get health check supported packages. Binding...
11-14 17:50:37.563 1472 1472 I ExplicitHealthCheckController: Explicit health check service is bound
11-14 17:50:37.565 1472 1472 I ExplicitHealthCheckController: Explicit health check service is connected ComponentInfo{com.google.android.ext.services/android.ext.services.watchdog.ExplicitHealthCheckServiceImpl}
11-14 17:50:37.566 1472 1472 I ExplicitHealthCheckController: Service initialized, syncing requests
11-14 17:50:37.566 1472 1472 I PackageWatchdog: Syncing health check requests for packages: {}
11-14 17:50:37.566 1472 1472 D ExplicitHealthCheckController: Getting health check supported packages
11-14 17:50:37.567 1472 4938 I ExplicitHealthCheckController: Explicit health check supported packages [PackageConfig{com.google.android.networkstack, 86400000}]
11-14 17:50:37.567 1472 4938 D PackageWatchdog: Received supported packages [PackageConfig{com.google.android.networkstack, 86400000}]
11-14 17:50:37.567 1472 4938 D ExplicitHealthCheckController: Getting health check requested packages
11-14 17:50:37.567 1472 4938 I ExplicitHealthCheckController: Explicit health check requested packages []
11-14 17:50:37.568 1472 4938 I ExplicitHealthCheckController: No more health check requests, unbinding...
11-14 17:50:37.569 1472 4938 I ExplicitHealthCheckController: Explicit health check service is unbound
11-14 17:50:38.297 1472 4784 D BiometricService: canAuthenticate: User=0, Caller=0, Authenticators=255
11-14 17:50:38.299 1472 4784 D BiometricService/PreAuthInfo: Package: com.google.android.gms Sensor ID: 0 Modality: 2 Status: 7
11-14 17:50:38.299 1472 4784 D BiometricService/PreAuthInfo: getCanAuthenticateInternal Modality: 2 AuthenticatorStatus: 7
11-14 17:50:38.299 1472 4784 D AuthService: canAuthenticate, userId: 0, callingUserId: 0, authenticators: 255, result: 11
11-14 17:50:39.204 595 19141 I keystore2: system/security/keystore2/src/watchdog.rs:319 - Watchdog thread idle -> terminating. Have a great day.
11-14 17:50:43.042 1472 1807 D ActivityManager: freezing 8000 com.android.hotwordenrollment.okgoogle
11-14 17:50:43.046 1472 1807 D ActivityManager: freezing 6495 com.google.android.hardwareinfo
11-14 17:50:43.049 1472 1807 D ActivityManager: freezing 7906 com.android.imsserviceentitlement
11-14 17:50:43.052 1472 1807 D ActivityManager: freezing 21005 com.google.android.webview:webview_apk
11-14 17:50:43.056 1472 1807 D ActivityManager: freezing 1317 com.google.android.documentsui
11-14 17:50:43.059 1472 1807 D ActivityManager: freezing 5382 com.android.externalstorage
11-14 17:50:43.060 1472 1807 D ActivityManager: freezing 11432 com.android.shell
11-14 17:50:43.062 1472 1807 D ActivityManager: freezing 1650 com.google.android.marvin.talkback
11-14 17:50:43.063 1472 1807 D ActivityManager: freezing 8763 com.google.android.accessibility.soundamplifier
11-14 17:50:43.064 1472 1807 D ActivityManager: freezing 8898 com.google.android.apps.wearables.maestro.companion
11-14 17:50:43.066 1472 1807 D ActivityManager: freezing 8985 com.google.android.apps.accessibility.voiceaccess
11-14 17:50:43.067 1472 1807 D ActivityManager: freezing 9034 com.google.android.calculator
11-14 17:50:43.068 1472 1807 D ActivityManager: freezing 9135 com.google.android.apps.carrier.carrierwifi
11-14 17:50:43.069 1472 1807 D ActivityManager: freezing 18570 com.google.android.soundpicker
11-14 17:50:43.070 1472 1807 D ActivityManager: freezing 18747 com.google.audio.hearing.visualization.accessibility.scribe
11-14 17:50:43.071 1472 1807 D ActivityManager: freezing 15085 com.google.android.projection.gearhead:primes_lifeboat
11-14 17:50:43.072 1472 1807 D ActivityManager: freezing 4760 com.google.android.apps.wallpaper
11-14 17:50:43.074 1472 1807 D ActivityManager: freezing 6090 com.google.android.uvexposurereporter
11-14 17:50:43.075 1472 1807 D ActivityManager: freezing 7533 com.google.android.adservices.api
11-14 17:50:43.076 1472 1807 D ActivityManager: freezing 6399 com.google.android.packageinstaller
11-14 17:50:43.077 1472 1807 D ActivityManager: freezing 5791 com.google.android.webview:webview_service
11-14 17:50:43.078 1472 1807 D ActivityManager: freezing 2005 com.google.android.flipendo
11-14 17:50:43.079 1472 1807 D ActivityManager: freezing 19396 com.android.vending:quick_launch
11-14 17:50:43.081 1472 1807 D ActivityManager: freezing 16945 com.google.android.apps.turbo:aab
11-14 17:50:43.082 1472 1807 D ActivityManager: freezing 12137 com.google.android.apps.betterbug
11-14 17:50:43.084 1472 1807 D ActivityManager: freezing 18234 com.google.android.webview
11-14 17:50:43.085 1472 1807 D ActivityManager: freezing 18456 com.google.android.apps.restore
11-14 17:50:43.086 1472 1807 D ActivityManager: freezing 29482 com.google.android.deskclock
11-14 17:50:43.088 1472 1807 D ActivityManager: freezing 5139 com.android.providers.calendar
11-14 17:50:43.089 1472 1807 D ActivityManager: freezing 8423 com.google.android.turboadapter
11-14 17:50:43.091 1472 1807 D ActivityManager: freezing 11615 com.google.android.tts
11-14 17:50:43.092 1472 1807 D ActivityManager: freezing 18802 com.google.android.apps.healthdata
11-14 17:50:43.094 1472 1807 D ActivityManager: freezing 18837 com.google.android.dialer
11-14 17:50:43.096 1472 1807 D ActivityManager: freezing 19704 com.google.android.apps.turbo
11-14 17:50:43.097 1472 1807 D ActivityManager: freezing 31802 com.google.android.contacts
11-14 17:50:43.099 1472 1807 D ActivityManager: freezing 5833 com.android.angle
11-14 17:50:43.100 1472 1807 D ActivityManager: freezing 4356 com.android.traceur
11-14 17:50:43.102 1472 1807 D ActivityManager: freezing 8936 com.google.android.accessibility.switchaccess
11-14 17:50:43.103 1472 1807 D ActivityManager: freezing 9120 com.google.android.apps.tips
11-14 17:50:43.104 1472 1807 D ActivityManager: freezing 2609 com.google.android.cellbroadcastreceiver
11-14 17:50:43.106 1472 1807 D ActivityManager: freezing 7205 com.google.android.healthconnect.controller
11-14 17:50:43.106 1472 1807 D ActivityManager: freezing 6472 com.google.android.odad
11-14 17:50:43.112 1472 1807 D ActivityManager: freezing 19331 com.google.android.projection.gearhead:provider
11-14 17:50:43.114 1472 1807 D ActivityManager: freezing 9447 com.google.android.as.oss:learning_bg
11-14 17:50:43.115 1472 1807 D ActivityManager: freezing 10916 com.google.android.as.oss
11-14 17:50:43.117 1472 1807 D ActivityManager: freezing 31926 com.google.android.projection.gearhead:shared
11-14 17:50:43.119 1472 1807 D ActivityManager: freezing 14998 com.google.android.projection.gearhead:car
11-14 17:50:43.120 1472 1807 D ActivityManager: freezing 6263 com.google.android.rkpdapp
11-14 17:50:43.122 1472 1807 D ActivityManager: freezing 17097 com.google.android.partnersetup
11-14 17:50:43.124 1472 1807 D ActivityManager: freezing 1220 com.google.android.apps.carrier.log
11-14 17:50:43.125 1472 1807 D ActivityManager: freezing 7778 com.google.RilConfigService
11-14 17:50:43.127 1472 1807 D ActivityManager: freezing 19084 com.android.vending:background
11-14 17:50:43.129 1472 1807 D ActivityManager: freezing 12068 com.google.android.apps.gcs
11-14 17:50:43.131 1472 1807 D ActivityManager: freezing 18481 com.google.android.setupwizard
11-14 17:50:43.132 1472 1807 D ActivityManager: freezing 19250 com.android.vending:instant_app_installer
11-14 17:50:43.134 1472 1807 D ActivityManager: freezing 12046 com.google.android.apps.safetyhub
11-14 17:50:43.135 1472 1807 D ActivityManager: freezing 16210 com.google.android.calendar
11-14 17:50:43.138 1472 1807 D ActivityManager: freezing 2724 com.google.android.googlequicksearchbox:train
11-14 17:50:43.140 1472 1807 D ActivityManager: freezing 6647 com.google.android.configupdater
11-14 17:50:43.430 1472 1807 D ActivityManager: freezing 2726 com.google.android.carrier
11-14 17:50:43.432 1472 1807 D ActivityManager: freezing 17242 com.google.android.projection.gearhead:projection
11-14 17:50:43.433 1472 1807 D ActivityManager: freezing 10000 com.google.android.apps.turbo:ssb
11-14 17:50:45.115 1472 1807 D ActivityManager: freezing 3999 com.android.keychain
11-14 17:50:47.551 1472 1807 D ActivityManager: freezing 19235 com.google.android.gms.unstable
11-14 17:50:56.211 1472 1807 D ActivityManager: freezing 2098 com.google.android.permissioncontroller
11-14 17:50:57.123 1472 1807 D ActivityManager: freezing 19214 com.google.android.apps.messaging
11-14 17:51:03.130 1472 1721 D ActivityManager: sync unfroze 19250 com.android.vending:instant_app_installer
11-14 17:51:03.131 1472 1721 D ActivityManager: sync unfroze 19084 com.android.vending:background
11-14 17:51:03.132 1472 1721 D ActivityManager: sync unfroze 19396 com.android.vending:quick_launch
11-14 17:51:03.134 1472 1721 I PackageManager: Integrity check passed for file:///data/app/vmdl1346170524.tmp
11-14 17:51:03.150 1472 1721 I PackageManager: Continuing with installation of file:///data/app/vmdl1346170524.tmp
11-14 17:51:03.217 1472 1697 I ActivityManager: Force stopping com.google.android.apps.photos appid=10192 user=-1: installPackageLI
11-14 17:51:03.218 1472 1721 I PackageManager: Update system package com.google.android.apps.photos code path from /data/app/~~qvYVqrYKrlILZaq5BfVEtw==/com.google.android.apps.photos-MjDW9F8_4o0bVvcJy35v-w== to /data/app/~~DxHETD2OZmsUYEs804jB-A==/com.google.android.apps.photos-6_2Q2FQL293cUr2KV0lzBA==; Retain data and using new
11-14 17:51:03.218 1472 1721 I AppsFilter: interaction: PackageSetting{a971eec org.qtproject.example.qmlchart/10248} -> PackageSetting{f4bcb15 com.google.android.apps.photos/10192} BLOCKED
11-14 17:51:03.218 1472 1721 I AppsFilter: interaction: PackageSetting{c7356c0 org.qtproject.example.vulkanunderqml/10267} -> PackageSetting{f4bcb15 com.google.android.apps.photos/10192} BLOCKED
11-14 17:51:03.218 1472 1721 I AppsFilter: interaction: PackageSetting{473e1f2 com.qt.finweather/10286} -> PackageSetting{f4bcb15 com.google.android.apps.photos/10192} BLOCKED
11-14 17:51:03.218 1472 1721 I AppsFilter: interaction: PackageSetting{b6720a7 org.qtproject.example.appQTBUG_38700_example/10269} -> PackageSetting{f4bcb15 com.google.android.apps.photos/10192} BLOCKED
11-14 17:51:03.218 1472 1721 I AppsFilter: interaction: PackageSetting{e968aaf org.qtproject.example.minimal_qml/10262} -> PackageSetting{f4bcb15 com.google.android.apps.photos/10192} BLOCKED
11-14 17:51:03.218 1472 1721 I AppsFilter: interaction: PackageSetting{d5ddbb7 org.qtproject.example.qmloscilloscope/10255} -> PackageSetting{f4bcb15 com.google.android.apps.photos/10192} BLOCKED
11-14 17:51:03.218 1472 1721 I AppsFilter: interaction: PackageSetting{1bb2e8f org.qtproject.example.calqlatrexample/10266} -> PackageSetting{f4bcb15 com.google.android.apps.photos/10192} BLOCKED
11-14 17:51:03.219 1472 1721 I AppsFilter: interaction: PackageSetting{6b2f6e1 org.qtproject.example.appqt66beta1androidquickexample/10256} -> PackageSetting{f4bcb15 com.google.android.apps.photos/10192} BLOCKED
11-14 17:51:03.219 1472 1721 I AppsFilter: interaction: PackageSetting{5cde19a org.qtproject.example.coffee/10279} -> PackageSetting{f4bcb15 com.google.android.apps.photos/10192} BLOCKED
11-14 17:51:03.219 1472 1721 I AppsFilter: interaction: PackageSetting{681d2eb org.qtproject.example.contactlist/10252} -> PackageSetting{f4bcb15 com.google.android.apps.photos/10192} BLOCKED
11-14 17:51:03.219 1472 1721 I AppsFilter: interaction: PackageSetting{2c049b9 org.qtproject.example.appmuu/10287} -> PackageSetting{f4bcb15 com.google.android.apps.photos/10192} BLOCKED
11-14 17:51:03.219 1472 1721 I AppsFilter: interaction: PackageSetting{4264ce2 org.qtproject.example.qtbug98766_compat/10289} -> PackageSetting{f4bcb15 com.google.android.apps.photos/10192} BLOCKED
11-14 17:51:03.219 1472 1721 I AppsFilter: interaction: PackageSetting{e48a5d7 org.qtproject.example.galleryexample/10265} -> PackageSetting{f4bcb15 com.google.android.apps.photos/10192} BLOCKED
11-14 17:51:03.219 1472 1721 I AppsFilter: interaction: PackageSetting{32cb918 org.qtproject.example.objectlistmodelexample/10263} -> PackageSetting{f4bcb15 com.google.android.apps.photos/10192} BLOCKED
11-14 17:51:03.219 1472 1721 I AppsFilter: interaction: PackageSetting{54ce4c9 org.qtproject.example.testFont/10270} -> PackageSetting{f4bcb15 com.google.android.apps.photos/10192} BLOCKED
11-14 17:51:03.219 1472 1721 I AppsFilter: interaction: PackageSetting{d136cd0 org.qtproject.example.widgetdeom/10259} -> PackageSetting{f4bcb15 com.google.android.apps.photos/10192} BLOCKED
11-14 17:51:03.219 1472 1721 I AppsFilter: interaction: PackageSetting{88b8d1b org.qtproject.example.declarative_camera/10253} -> PackageSetting{f4bcb15 com.google.android.apps.photos/10192} BLOCKED
11-14 17:51:03.219 1472 1721 I AppsFilter: interaction: PackageSetting{2c76e2e org.qtproject.example.vulkanunderqmlapp/10292} -> PackageSetting{f4bcb15 com.google.android.apps.photos/10192} BLOCKED
11-14 17:51:03.219 1472 1721 I AppsFilter: interaction: PackageSetting{246c121 com.test.ouluweather/10268} -> PackageSetting{f4bcb15 com.google.android.apps.photos/10192} BLOCKED
11-14 17:51:03.219 1472 1721 I AppsFilter: interaction: PackageSetting{5638a6e com.google.android.microdroid.empty_payload/10246} -> PackageSetting{f4bcb15 com.google.android.apps.photos/10192} BLOCKED
11-14 17:51:03.219 1472 1721 I AppsFilter: interaction: PackageSetting{b8bf670 org.qtproject.example.calendarwidget/10278} -> PackageSetting{f4bcb15 com.google.android.apps.photos/10192} BLOCKED
11-14 17:51:03.219 1472 1721 I AppsFilter: interaction: PackageSetting{e574d7d org.qtproject.example.QTBUG97503/10284} -> PackageSetting{f4bcb15 com.google.android.apps.photos/10192} BLOCKED
11-14 17:51:03.219 1472 1721 I AppsFilter: interaction: PackageSetting{59c4cd3 org.qtproject.example.unicode_bug/10280} -> PackageSetting{f4bcb15 com.google.android.apps.photos/10192} BLOCKED
11-14 17:51:03.219 1472 1721 I AppsFilter: interaction: PackageSetting{277dda4 com.example.qtbug/10276} -> PackageSetting{f4bcb15 com.google.android.apps.photos/10192} BLOCKED
11-14 17:51:03.219 1472 1721 I AppsFilter: interaction: PackageSetting{607ced1 org.qtproject.example.implicit_height/10275} -> PackageSetting{f4bcb15 com.google.android.apps.photos/10192} BLOCKED
11-14 17:51:03.219 1472 1721 I AppsFilter: interaction: PackageSetting{a26c3f org.qtproject.example.simplemqttclient/10254} -> PackageSetting{f4bcb15 com.google.android.apps.photos/10192} BLOCKED
11-14 17:51:03.219 1472 1721 I AppsFilter: interaction: PackageSetting{171305e org.qtproject.example.qtbug90324/10271} -> PackageSetting{f4bcb15 com.google.android.apps.photos/10192} BLOCKED
11-14 17:51:03.219 1472 1721 I AppsFilter: interaction: PackageSetting{739d6f org.qtproject.example.qtbug87334/10247} -> PackageSetting{f4bcb15 com.google.android.apps.photos/10192} BLOCKED
11-14 17:51:03.219 1472 1721 I AppsFilter: interaction: PackageSetting{d740599 org.qtproject.example.qtbug40728/10273} -> PackageSetting{f4bcb15 com.google.android.apps.photos/10192} BLOCKED
11-14 17:51:03.219 1472 1721 I AppsFilter: interaction: PackageSetting{89b3c9d org.qtproject.example.Android_keyboard_cover/10283} -> PackageSetting{f4bcb15 com.google.android.apps.photos/10192} BLOCKED
11-14 17:51:03.219 1472 1721 I AppsFilter: interaction: PackageSetting{fde6ec8 org.qtproject.example.appqtbug98776_for_qtbug114437/10281} -> PackageSetting{f4bcb15 com.google.android.apps.photos/10192} BLOCKED
11-14 17:51:03.219 1472 1721 I AppsFilter: interaction: PackageSetting{2cd19b0 org.qtproject.example/10282} -> PackageSetting{f4bcb15 com.google.android.apps.photos/10192} BLOCKED
11-14 17:51:03.219 1472 1721 I AppsFilter: interaction: PackageSetting{d382e57 org.qtproject.example.textfinder/10272} -> PackageSetting{f4bcb15 com.google.android.apps.photos/10192} BLOCKED
11-14 17:51:03.219 1472 1721 I AppsFilter: interaction: PackageSetting{47d83f1 org.qtproject.example.openglunderqml/10251} -> PackageSetting{f4bcb15 com.google.android.apps.photos/10192} BLOCKED
11-14 17:51:03.219 1472 1721 I AppsFilter: interaction: PackageSetting{143ef98 org.qtproject.example.texteditor/10285} -> PackageSetting{f4bcb15 com.google.android.apps.photos/10192} BLOCKED
11-14 17:51:03.219 1472 1721 I AppsFilter: interaction: PackageSetting{59234ac org.qtproject.example.hellocube/10258} -> PackageSetting{f4bcb15 com.google.android.apps.photos/10192} BLOCKED
11-14 17:51:03.219 1472 1721 I AppsFilter: interaction: PackageSetting{a174853 org.qtproject.example.texteditorexample/10290} -> PackageSetting{f4bcb15 com.google.android.apps.photos/10192} BLOCKED
11-14 17:51:03.219 1472 1721 I AppsFilter: interaction: PackageSetting{2c11bbd org.qtproject.example.contactlistexample/10277} -> PackageSetting{f4bcb15 com.google.android.apps.photos/10192} BLOCKED
11-14 17:51:03.219 1472 1721 I AppsFilter: interaction: PackageSetting{f13b073 org.qtproject.example.highdpi/10288} -> PackageSetting{f4bcb15 com.google.android.apps.photos/10192} BLOCKED
11-14 17:51:03.219 1472 1721 I AppsFilter: interaction: PackageSetting{cae2aca org.qtproject.example.deleteme/10291} -> PackageSetting{f4bcb15 com.google.android.apps.photos/10192} BLOCKED
11-14 17:51:03.219 1472 1721 I AppsFilter: interaction: PackageSetting{c514d9b org.qtproject.example.quickspeech/10274} -> PackageSetting{f4bcb15 com.google.android.apps.photos/10192} BLOCKED
11-14 17:51:03.240 1472 1721 I PermissionManager: Permission ownership changed. Updating all permissions.
11-14 17:51:03.341 1472 1807 D ActivityManager: freezing 18421 com.google.android.apps.wellbeing
11-14 17:51:06.163 1472 1721 I AppsFilter: interaction: PackageSetting{a971eec org.qtproject.example.qmlchart/10248} -> PackageSetting{7beb332 com.google.android.apps.photos/10192} BLOCKED
11-14 17:51:06.163 1472 1721 I AppsFilter: interaction: PackageSetting{c7356c0 org.qtproject.example.vulkanunderqml/10267} -> PackageSetting{7beb332 com.google.android.apps.photos/10192} BLOCKED
11-14 17:51:06.163 1472 1721 I AppsFilter: interaction: PackageSetting{473e1f2 com.qt.finweather/10286} -> PackageSetting{7beb332 com.google.android.apps.photos/10192} BLOCKED
11-14 17:51:06.163 1472 1721 I AppsFilter: interaction: PackageSetting{b6720a7 org.qtproject.example.appQTBUG_38700_example/10269} -> PackageSetting{7beb332 com.google.android.apps.photos/10192} BLOCKED
11-14 17:51:06.164 1472 1721 I AppsFilter: interaction: PackageSetting{e968aaf org.qtproject.example.minimal_qml/10262} -> PackageSetting{7beb332 com.google.android.apps.photos/10192} BLOCKED
11-14 17:51:06.164 1472 1721 I AppsFilter: interaction: PackageSetting{d5ddbb7 org.qtproject.example.qmloscilloscope/10255} -> PackageSetting{7beb332 com.google.android.apps.photos/10192} BLOCKED
11-14 17:51:06.164 1472 1721 I AppsFilter: interaction: PackageSetting{1bb2e8f org.qtproject.example.calqlatrexample/10266} -> PackageSetting{7beb332 com.google.android.apps.photos/10192} BLOCKED
11-14 17:51:06.164 1472 1721 I AppsFilter: interaction: PackageSetting{6b2f6e1 org.qtproject.example.appqt66beta1androidquickexample/10256} -> PackageSetting{7beb332 com.google.android.apps.photos/10192} BLOCKED
11-14 17:51:06.164 1472 1721 I AppsFilter: interaction: PackageSetting{5cde19a org.qtproject.example.coffee/10279} -> PackageSetting{7beb332 com.google.android.apps.photos/10192} BLOCKED
11-14 17:51:06.164 1472 1721 I AppsFilter: interaction: PackageSetting{681d2eb org.qtproject.example.contactlist/10252} -> PackageSetting{7beb332 com.google.android.apps.photos/10192} BLOCKED
11-14 17:51:06.164 1472 1721 I AppsFilter: interaction: PackageSetting{2c049b9 org.qtproject.example.appmuu/10287} -> PackageSetting{7beb332 com.google.android.apps.photos/10192} BLOCKED
11-14 17:51:06.164 1472 1721 I AppsFilter: interaction: PackageSetting{4264ce2 org.qtproject.example.qtbug98766_compat/10289} -> PackageSetting{7beb332 com.google.android.apps.photos/10192} BLOCKED
11-14 17:51:06.164 1472 1721 I AppsFilter: interaction: PackageSetting{e48a5d7 org.qtproject.example.galleryexample/10265} -> PackageSetting{7beb332 com.google.android.apps.photos/10192} BLOCKED
11-14 17:51:06.164 1472 1721 I AppsFilter: interaction: PackageSetting{32cb918 org.qtproject.example.objectlistmodelexample/10263} -> PackageSetting{7beb332 com.google.android.apps.photos/10192} BLOCKED
11-14 17:51:06.164 1472 1721 I AppsFilter: interaction: PackageSetting{54ce4c9 org.qtproject.example.testFont/10270} -> PackageSetting{7beb332 com.google.android.apps.photos/10192} BLOCKED
11-14 17:51:06.164 1472 1721 I AppsFilter: interaction: PackageSetting{d136cd0 org.qtproject.example.widgetdeom/10259} -> PackageSetting{7beb332 com.google.android.apps.photos/10192} BLOCKED
11-14 17:51:06.164 1472 1721 I AppsFilter: interaction: PackageSetting{88b8d1b org.qtproject.example.declarative_camera/10253} -> PackageSetting{7beb332 com.google.android.apps.photos/10192} BLOCKED
11-14 17:51:06.165 1472 1721 I AppsFilter: interaction: PackageSetting{2c76e2e org.qtproject.example.vulkanunderqmlapp/10292} -> PackageSetting{7beb332 com.google.android.apps.photos/10192} BLOCKED
11-14 17:51:06.165 1472 1721 I AppsFilter: interaction: PackageSetting{246c121 com.test.ouluweather/10268} -> PackageSetting{7beb332 com.google.android.apps.photos/10192} BLOCKED
11-14 17:51:06.165 1472 1721 I AppsFilter: interaction: PackageSetting{5638a6e com.google.android.microdroid.empty_payload/10246} -> PackageSetting{7beb332 com.google.android.apps.photos/10192} BLOCKED
