11-14 22:15:33.959 20145 20145 I dzkq : onStop
11-14 22:15:33.960 2391 4129 D OneSearchSuggestProvider: Shut down the binder channel
11-14 22:15:33.964 2391 23535 I IPCThreadState: oneway function results for code 2 on binder at 0xb40000713424c8b0 will be dropped but finished with status UNKNOWN_TRANSACTION
11-14 22:15:33.965 2391 2482 I ImeTracker: com.google.android.apps.nexuslauncher:14193d51: onRequestHide at ORIGIN_CLIENT_HIDE_SOFT_INPUT reason HIDE_SOFT_INPUT
11-14 22:15:33.965 20145 20755 I IPCThreadState: oneway function results for code 2 on binder at 0xb4000071342c6d40 will be dropped but finished with status UNKNOWN_TRANSACTION
11-14 22:15:33.966 1472 2129 W InputMethodManagerService: Ignoring hideSoftInput of uid 10218 : com.android.internal.inputmethod.IInputMethodClient$Stub$Proxy@662ac7e
11-14 22:15:33.966 1472 2129 I ImeTracker: com.google.android.apps.nexuslauncher:14193d51: onCancelled at PHASE_SERVER_CLIENT_FOCUSED
11-14 22:15:34.024 18397 18397 D BoundBrokerSvc: onBind: Intent { act=com.google.android.mobstore.service.START pkg=com.google.android.gms }
11-14 22:15:34.024 18397 18397 D BoundBrokerSvc: Loading bound service for intent: Intent { act=com.google.android.mobstore.service.START pkg=com.google.android.gms }
11-14 22:15:34.025 18397 18397 E AbstractGmsTracer: Traced class shouldn't be obfuscated: MobStoreFileService [CONTEXT service_id=259 ]
11-14 22:15:34.036 1472 2129 D CompatibilityChangeReporter: Compat change id reported: 271850009; UID 10192; state: ENABLED
11-14 22:15:34.040 30243 30494 W System : ClassLoader referenced unknown path:
11-14 22:15:34.040 30243 30494 D nativeloader: Configuring clns-6 for other apk . target_sdk_version=34, uses_libraries=, library_path=/data/app/~~jIAivffsmMUABJ6WjeLjDA==/com.google.android.gms-ihfBTPPlZkh_NwiGre3p3w==/lib/arm64:/data/app/~~jIAivffsmMUABJ6WjeLjDA==/com.google.android.gms-ihfBTPPlZkh_NwiGre3p3w==/base.apk!/lib/arm64-v8a, permitted_path=/data:/mnt/expand:/data/user/0/com.google.android.gms
11-14 22:15:34.044 30243 30494 W ziparchive: Unable to open '/data/user_de/0/com.google.android.gms/app_chimera/m/00000178/MeasurementDynamite.dm': No such file or directory
11-14 22:15:34.044 30243 30494 W ziparchive: Unable to open '/data/user_de/0/com.google.android.gms/app_chimera/m/00000178/MeasurementDynamite.dm': No such file or directory
11-14 22:15:34.051 18370 18370 E AbstractGmsTracer: Traced class shouldn't be obfuscated: ChimeraGetToken [CONTEXT service_id=259 ]
11-14 22:15:34.076 30243 30503 I Surface : Surface::setFrameRate is deprecated, setFrameRate hint is dropped as destination is not SurfaceFlinger
11-14 22:15:34.086 3703 23289 D MediaProvider: Open with FUSE. FilePath: /storage/emulated/0/QTBUG-107883-quickcontrols-texteditor-qt660.mp4. Uid: 10192. Media Capabilities Uid: 0. ShouldRedact: false. ShouldTranscode: false
11-14 22:15:34.087 30243 30243 V MediaRouter: Selecting route: RouteInfo{ name=Phone, description=null, status=null, category=RouteCategory{ name=System types=ROUTE_TYPE_LIVE_AUDIO ROUTE_TYPE_LIVE_VIDEO groupable=false }, supportedTypes=ROUTE_TYPE_LIVE_AUDIO ROUTE_TYPE_LIVE_VIDEO , presentationDisplay=null }
11-14 22:15:34.087 30243 30243 I MediaRouter: Skip setBluetoothA2dpOn(): types=8388615, isPlaybackActive()=false, BT route=null
11-14 22:15:34.090 30243 30243 D CompatibilityChangeReporter: Compat change id reported: 150939131; UID 10192; state: ENABLED
11-14 22:15:34.090 30243 30243 V MediaRouter: Selecting route: RouteInfo{ name=Phone, description=null, status=null, category=RouteCategory{ name=System types=ROUTE_TYPE_LIVE_AUDIO ROUTE_TYPE_LIVE_VIDEO groupable=false }, supportedTypes=ROUTE_TYPE_LIVE_AUDIO ROUTE_TYPE_LIVE_VIDEO , presentationDisplay=null }
11-14 22:15:34.094 3703 23289 D MediaProvider: Open with FUSE. FilePath: /storage/emulated/0/QTBUG-107883-quickcontrols-texteditor-qt660.mp4. Uid: 10192. Media Capabilities Uid: 0. ShouldRedact: false. ShouldTranscode: false
11-14 22:15:34.096 30243 30243 D CompatibilityChangeReporter: Compat change id reported: 160794467; UID 10192; state: ENABLED
11-14 22:15:34.097 18370 18370 E AbstractGmsTracer: Traced class shouldn't be obfuscated: CastMediaRoute2ProviderChimeraService [CONTEXT service_id=259 ]
11-14 22:15:34.101 3703 29680 D MediaProvider: Open with FUSE. FilePath: /storage/emulated/0/QTBUG-107883-quickcontrols-texteditor-qt660.mp4. Uid: 10192. Media Capabilities Uid: 0. ShouldRedact: false. ShouldTranscode: false
11-14 22:15:34.102 1472 4944 W UriGrantsManagerService: No permission grants found for com.google.android.apps.photos
11-14 22:15:34.102 1472 4946 W UriGrantsManagerService: No permission grants found for com.google.android.apps.photos
11-14 22:15:34.107 18370 30175 I DiscoveryManager: Filter criteria(96084372) scannerFlags(0)
11-14 22:15:34.107 18370 30175 W DatabaseProcessor: processLocalDevices: failed to get the network info with non-null networkId.
11-14 22:15:34.108 18370 18370 I CastMediaRouteProvider: Published 0 routes
11-14 22:15:34.117 30243 30515 D CCodec : allocate(c2.exynos.h264.decoder)
11-14 22:15:34.119 30243 30515 I Codec2Client: Available Codec2 services: "default" "default1" "software"
11-14 22:15:34.121 30243 30515 I CCodec : setting up 'default' as default (vendor) store
11-14 22:15:34.121 30243 30505 I FA : App measurement disabled by setAnalyticsCollectionEnabled(false)
11-14 22:15:34.120 923 923 W samsung.hardwar: type=1400 audit(0.0:9994): avc: denied { read } for name="u:object_r:vendor_codec2_debug_prop:s0" dev="tmpfs" ino=359 scontext=u:r:mediacodec:s0 tcontext=u:object_r:vendor_codec2_debug_prop:s0 tclass=file permissive=0
11-14 22:15:34.120 923 923 W samsung.hardwar: type=1400 audit(0.0:9995): avc: denied { read } for name="u:object_r:vendor_codec2_debug_prop:s0" dev="tmpfs" ino=359 scontext=u:r:mediacodec:s0 tcontext=u:object_r:vendor_codec2_debug_prop:s0 tclass=file permissive=0
11-14 22:15:34.122 923 923 W libc : Access denied finding property "vendor.debug.c2.level"
11-14 22:15:34.122 923 923 W libc : Access denied finding property "vendor.debug.c2.level"
11-14 22:15:34.123 923 923 I samsung.hardware.media.c2@1.0-service: missing struct descriptor #Param::CoreIndex(--002) for field mastering of struct #Param::CoreIndex(--180a)
11-14 22:15:34.123 923 923 I samsung.hardware.media.c2@1.0-service: missing struct descriptor #Param::CoreIndex(--002) for field mastering of struct #Param::CoreIndex(--180a)
11-14 22:15:34.124 923 923 W ColorUtils: expected specified color aspects (0:0:0:0)
11-14 22:15:34.124 30243 30515 I CCodec : Created component [c2.exynos.h264.decoder]
11-14 22:15:34.125 30243 30515 D CCodecConfig: read media type: video/avc
11-14 22:15:34.126 18370 30175 D TrafficStats: tagSocket(251) with statsTag=0x30000900, statsUid=-1
11-14 22:15:34.127 30243 30515 D ReflectedParamUpdater: extent() != 1 for single value type: output.subscribed-indices.values
11-14 22:15:34.127 30243 30515 D ReflectedParamUpdater: extent() != 1 for single value type: input.buffers.allocator-ids.values
11-14 22:15:34.127 30243 30515 D ReflectedParamUpdater: extent() != 1 for single value type: output.buffers.allocator-ids.values
11-14 22:15:34.127 30243 30515 D ReflectedParamUpdater: extent() != 1 for single value type: output.buffers.pool-ids.values
11-14 22:15:34.127 30243 30505 I FA : App measurement initialized, version: 82012
11-14 22:15:34.127 30243 30505 I FA : To enable debug logging run: adb shell setprop log.tag.FA VERBOSE
11-14 22:15:34.127 30243 30505 I FA : To enable faster debug mode event logging run:
11-14 22:15:34.127 30243 30505 I FA : adb shell setprop debug.firebase.analytics.app com.google.android.apps.photos
11-14 22:15:34.129 30243 30515 D ReflectedParamUpdater: ignored struct field coded.color-format.locations
11-14 22:15:34.131 30243 30515 D CCodecConfig: ignoring local param raw.size (0xd2001800) as it is already supported
11-14 22:15:34.131 30243 30515 D CCodecConfig: ignoring local param default.color (0x5200180b) as it is already supported
11-14 22:15:34.131 30243 30515 D ReflectedParamUpdater: ignored struct field raw.hdr-static-info.mastering
11-14 22:15:34.131 1472 1871 D ConnectivityService: NetReassign [no changes] [c 0] [a 0] [i 2]
11-14 22:15:34.131 30243 30515 I CCodecConfig: query failed after returning 15 values (BAD_INDEX)
11-14 22:15:34.131 30243 30515 D CCodecConfig: c2 config diff is Dict {
11-14 22:15:34.131 30243 30515 D CCodecConfig: c2::u32 algo.low-latency.value = 0
11-14 22:15:34.131 30243 30515 D CCodecConfig: c2::i32 algo.priority.value = 0
11-14 22:15:34.131 30243 30515 D CCodecConfig: c2::float algo.rate.value = 0
11-14 22:15:34.131 30243 30515 D CCodecConfig: c2::u32 coded.pl.level = 20496
11-14 22:15:34.131 30243 30515 D CCodecConfig: c2::u32 coded.pl.profile = 20481
11-14 22:15:34.131 30243 30515 D CCodecConfig: c2::u32 coded.vui.color.matrix = 0
11-14 22:15:34.131 30243 30515 D CCodecConfig: c2::u32 coded.vui.color.primaries = 0
11-14 22:15:34.131 30243 30515 D CCodecConfig: c2::u32 coded.vui.color.range = 0
11-14 22:15:34.131 30243 30515 D CCodecConfig: c2::u32 coded.vui.color.transfer = 0
11-14 22:15:34.131 30243 30515 D CCodecConfig: c2::u32 default.color.matrix = 0
11-14 22:15:34.131 30243 30515 D CCodecConfig: c2::u32 default.color.primaries = 0
11-14 22:15:34.131 30243 30515 D CCodecConfig: c2::u32 default.color.range = 0
11-14 22:15:34.131 30243 30515 D CCodecConfig: c2::u32 default.color.transfer = 0
11-14 22:15:34.131 30243 30515 D CCodecConfig: c2::u32 input.buffers.max-size.value = 7340032
11-14 22:15:34.131 30243 30515 D CCodecConfig: string input.media-type.value = "video/avc"
11-14 22:15:34.131 30243 30515 D CCodecConfig: c2::u32 output.delay.value = 3
11-14 22:15:34.131 30243 30515 D CCodecConfig: string output.media-type.value = "video/raw"
11-14 22:15:34.131 30243 30515 D CCodecConfig: c2::u32 raw.color.matrix = 0
11-14 22:15:34.131 30243 30515 D CCodecConfig: c2::u32 raw.color.primaries = 0
11-14 22:15:34.131 30243 30515 D CCodecConfig: c2::u32 raw.color.range = 0
11-14 22:15:34.131 30243 30515 D CCodecConfig: c2::u32 raw.color.transfer = 0
11-14 22:15:34.131 30243 30515 D CCodecConfig: c2::float raw.hdr-static-info.max-cll = 0
11-14 22:15:34.131 30243 30515 D CCodecConfig: c2::float raw.hdr-static-info.max-fall = 0
11-14 22:15:34.131 30243 30515 D CCodecConfig: c2::u32 raw.max-size.height = 240
11-14 22:15:34.131 30243 30515 D CCodecConfig: c2::u32 raw.max-size.width = 320
11-14 22:15:34.131 30243 30515 D CCodecConfig: c2::u32 raw.pixel-format.value = 34
11-14 22:15:34.131 30243 30515 D CCodecConfig: c2::i32 raw.rotation.flip =
11-14 22:15:34.132 30243 30515 W ColorUtils: expected specified color aspects (0:0:0:0)
11-14 22:15:34.134 30243 30514 I MediaCodec: MediaCodec will operate in async mode
11-14 22:15:34.134 30243 30514 D MediaCodec: flushMediametrics
11-14 22:15:34.135 30243 30514 D SurfaceUtils: connecting to surface 0xb40000704425ce70, reason connectToSurface
11-14 22:15:34.135 30243 30514 I MediaCodec: [c2.exynos.h264.decoder] setting surface generation to 30968833
11-14 22:15:34.135 30243 30514 D SurfaceUtils: disconnecting from surface 0xb40000704425ce70, reason connectToSurface(reconnect)
11-14 22:15:34.135 30243 30514 D SurfaceUtils: connecting to surface 0xb40000704425ce70, reason connectToSurface(reconnect)
11-14 22:15:34.135 30243 30515 I CCodecBufferChannel: Using latch times for frame rendered signals - present fences not supported
11-14 22:15:34.135 30243 30515 D CCodec : [c2.exynos.h264.decoder] buffers are bound to CCodec for this session
11-14 22:15:34.135 30243 30515 D CCodecConfig: no c2 equivalents for log-session-id
11-14 22:15:34.135 30243 30515 D CCodecConfig: no c2 equivalents for color-standard
11-14 22:15:34.135 30243 30515 D CCodecConfig: no c2 equivalents for csd-1
11-14 22:15:34.135 30243 30515 D CCodecConfig: no c2 equivalents for native-window
11-14 22:15:34.135 30243 30515 D CCodecConfig: no c2 equivalents for flags
11-14 22:15:34.136 30243 30515 D CCodecConfig: c2 config diff is c2::u32 default.color.matrix = 1
11-14 22:15:34.136 30243 30515 D CCodecConfig: c2::u32 default.color.primaries = 1
11-14 22:15:34.136 30243 30515 D CCodecConfig: c2::u32 default.color.range = 2
11-14 22:15:34.136 30243 30515 D CCodecConfig: c2::u32 default.color.transfer = 3
11-14 22:15:34.136 30243 30515 D CCodecConfig: c2::u32 raw.max-size.height = 2400
11-14 22:15:34.136 30243 30515 D CCodecConfig: c2::u32 raw.max-size.width = 1080
11-14 22:15:34.136 30243 30515 D CCodecConfig: c2::u32 raw.size.height = 2400
11-14 22:15:34.136 30243 30515 D CCodecConfig: c2::u32 raw.size.width = 1080
11-14 22:15:34.136 1472 4944 I WifiService: acquireMulticastLock uid=10140
11-14 22:15:34.136 936 936 D WifiHAL : Setting DTIM config , halHandle = 0xb400007bca846e90 Multiplier = 1
11-14 22:15:34.136 936 936 I WifiHAL : Successfully configured dtim multiplier 1
11-14 22:15:34.136 30243 30515 W Codec2Client: query -- param skipped: index = 1107298332.
11-14 22:15:34.136 30243 30515 D CCodec : client requested max input size 69216, which is smaller than what component recommended (7340032); overriding with component recommendation.
11-14 22:15:34.136 30243 30515 W CCodec : This behavior is subject to change. It is recommended that app developers double check whether the requested max input size is in reasonable range.
11-14 22:15:34.136 30243 30515 D CCodec : encoding statistics level = 0
11-14 22:15:34.136 30243 30515 D CCodec : setup formats input: AMessage(what = 0x00000000) = {
11-14 22:15:34.136 30243 30515 D CCodec : int32_t height = 2400
11-14 22:15:34.136 30243 30515 D CCodec : int32_t level = 65536
11-14 22:15:34.136 30243 30515 D CCodec : int32_t max-input-size = 7340032
11-14 22:15:34.136 30243 30515 D CCodec : string mime = "video/avc"
11-14 22:15:34.136 30243 30515 D CCodec : int32_t priority = 0
11-14 22:15:34.136 30243 30515 D CCodec : int32_t profile = 65536
11-14 22:15:34.136 30243 30515 D CCodec : int32_t width = 1080
11-14 22:15:34.136 30243 30515 D CCodec : Rect crop(0, 0, 1079, 2399)
11-14 22:15:34.136 30243 30515 D CCodec : }
11-14 22:15:34.136 30243 30515 D CCodec : setup formats output: AMessage(what = 0x00000000) = {
11-14 22:15:34.136 30243 30515 D CCodec : int32_t android._color-format = 2130708361
11-14 22:15:34.136 30243 30515 D CCodec : int32_t android._video-scaling = 1
11-14 22:15:34.136 30243 30515 D CCodec : int32_t rotation-degrees = 0
11-14 22:15:34.136 30243 30515 D CCodec : int32_t color-standard = 1
11-14 22:15:34.136 30243 30515 D CCodec : int32_t color-range = 2
11-14 22:15:34.136 30243 30515 D CCodec : int32_t color-transfer = 3
11-14 22:15:34.136 30243 30515 D CCodec : float cta861.max-cll = 0.000000
11-14 22:15:34.136 30243 30515 D CCodec : float cta861.max-fall = 0.000000
11-14 22:15:34.136 30243 30515 D CCodec : int32_t sar-height = 1
11-14 22:15:34.136 30243 30515 D CCodec : int32_t sar-width = 1
11-14 22:15:34.136 30243 30515 D CCodec : Rect crop(0, 0, 1079, 2399)
11-14 22:15:34.136 30243 30515 D CCodec : int32_t width = 1080
11-14 22:15:34.136 30243 30515 D CCodec : int32_t height = 2400
11-14 22:15:34.136 30243 30515 D CCodec : int32_t max-height = 2400
11-14 22:15:34.136 30243 30515 D CCodec : int32_t max-width = 1080
11-14 22:15:34.136 30243 30515 D CCodec : string mime = "video/raw"
11-14 22:15:34.136 30243 30515 D CCodec : int32_t priority = 0
11-14 22:15:34.136 30243 30515 D CCodec : int32_t android._dataspace = 260
11-14 22:15:34.136 30243 30515 D CCodec : int32_t color-format = 2130708361
11-14 22:15:34.136 30243 30515 D CCodec : }
11-14 22:15:34.136 30243 30515 I CCodecConfig: query failed after returning 15 values (BAD_INDEX)
11-14 22:15:34.136 30243 30515 D CCodecConfig: c2 config diff is c2::u32 raw.color.matrix = 1
11-14 22:15:34.136 30243 30515 D CCodecConfig: c2::u32 raw.color.primaries = 1
11-14 22:15:34.136 30243 30515 D CCodecConfig: c2::u32 raw.color.range = 2
11-14 22:15:34.136 30243 30515 D CCodecConfig: c2::u32 raw.color.transfer = 3
11-14 22:15:34.137 30243 30503 D MediaCodec: keep callback message for reclaim
11-14 22:15:34.137 936 936 D WifiHAL : Setting APF program, halHandle = 0xb400007bca846e90
11-14 22:15:34.137 936 936 I WifiHAL : createRequest: APF set program request
11-14 22:15:34.137 923 30522 I ExynosC2H264DecComponent: [onStart] resource is obtained (2)
11-14 22:15:34.138 923 30523 D libexynosv4l2: try node: /dev/video6
11-14 22:15:34.140 923 30523 I libexynosv4l2: node found for device s5p-mfc-dec: /dev/video6
11-14 22:15:34.142 923 30523 I libexynosv4l2: open video device /dev/video6
11-14 22:15:34.140 923 923 W samsung.hardwar: type=1400 audit(0.0:9996): avc: denied { read } for name="u:object_r:vendor_codec2_debug_prop:s0" dev="tmpfs" ino=359 scontext=u:r:mediacodec:s0 tcontext=u:object_r:vendor_codec2_debug_prop:s0 tclass=file permissive=0
11-14 22:15:34.140 923 923 W samsung.hardwar: type=1400 audit(0.0:9997): avc: denied { read } for name="u:object_r:vendor_codec2_debug_prop:s0" dev="tmpfs" ino=359 scontext=u:r:mediacodec:s0 tcontext=u:object_r:vendor_codec2_debug_prop:s0 tclass=file permissive=0
11-14 22:15:34.143 923 30523 W libc : Access denied finding property "vendor.debug.c2.dump"
11-14 22:15:34.143 923 30524 W libc : Access denied finding property "vendor.debug.c2.dump"
11-14 22:15:34.143 30243 30515 W Codec2Client: query -- param skipped: index = 1073743886.
11-14 22:15:34.143 30243 30515 W Codec2Client: query -- param skipped: index = 1610614798.
11-14 22:15:34.144 30243 30515 D C2Store : debug.c2.use_dmabufheaps set, forcing DMABUF Heaps
11-14 22:15:34.144 30243 30515 D C2Store : Using DMABUF Heaps
11-14 22:15:34.144 30243 30515 D CCodecBufferChannel: [c2.exynos.h264.decoder#878] Created input block pool with allocatorID 16 => poolID 17 - OK (0)
11-14 22:15:34.145 30243 30515 I CCodecBufferChannel: [c2.exynos.h264.decoder#878] Created output block pool with allocatorID 18 => poolID 27 - OK
11-14 22:15:34.145 30243 30515 D CCodecBufferChannel: [c2.exynos.h264.decoder#878] Configured output block pool ids 27 => OK
11-14 22:15:34.145 30243 30515 D Codec2-OutputBufferQueue: remote graphic buffer migration 0/0
11-14 22:15:34.145 30243 30515 D Codec2Client: setOutputSurface -- failed to set consumer usage (6/BAD_INDEX)
11-14 22:15:34.145 30243 30515 D Codec2Client: setOutputSurface -- generation=30968833 consumer usage=0x900
11-14 22:15:34.146 923 2074 D C2BqBuffer: local generation change 30968833 , bqId: 129892695932929 migrated buffers # 0
11-14 22:15:34.146 30243 30515 D Codec2Client: Surface configure completed
11-14 22:15:34.147 30243 30515 I DMABUFHEAPS: Using DMA-BUF heap named: system
11-14 22:15:34.148 1064 13006 W ResourceManagerService: Ignoring request to add new resource entry with value <= 0
11-14 22:15:34.149 923 2074 D BufferPoolAccessor2.0: bufferpool2 0xb400006f7f747288 : 0(0 size) total buffers - 0(0 size) used buffers - 0/0 (recycle/alloc) - 0/0 (fetch/transfer)
11-14 22:15:34.154 923 30523 D ExynosVideoDecoder: MFC_Decoder_Enqueue_Inbuf: DATA with flags(0x20000000)
11-14 22:15:34.160 923 30523 I ExynosVideoCodecDec-H264Dec: [updateResolution] resolution info : 1088 x 2400 (0, 0, 1080, 2400)
11-14 22:15:34.162 923 30522 I ExynosC2H264DecComponent: [updateC2Config_OutputDelay] output delay(3)
11-14 22:15:34.162 923 30522 I ExynosC2H264DecComponent: [updateC2Config_OutputDelay] reorder key(0)
11-14 22:15:34.162 923 30522 I ExynosC2DecComponent: [processCSDInfo] update configurations on c2work(0xb40000714f754b80)
11-14 22:15:34.162 923 30534 D ExynosVideoDecoder: MFC_Decoder_Enqueue_Inbuf: DATA with flags(0x20000000)
11-14 22:15:34.163 30243 30515 D Codec2-OutputBufferQueue: set max dequeue count 10 from update
11-14 22:15:34.163 923 30534 D ExynosVideoDecoder: MFC_Decoder_Enqueue_Inbuf: DATA with flags(0x20000000)
11-14 22:15:34.166 923 30522 I ExynosC2H264DecComponent: [updateC2Config_OutputDelay] output delay(3)
11-14 22:15:34.166 923 30522 I ExynosC2H264DecComponent: [updateC2Config_OutputDelay] reorder key(0)
11-14 22:15:34.166 30243 30521 D CCodecBufferChannel: [c2.exynos.h264.decoder#878] Ignoring stale input buffer done callback: last flush index = 0, frameIndex = 0
11-14 22:15:34.166 30243 30515 D Codec2-OutputBufferQueue: set max dequeue count 10 from update
11-14 22:15:34.166 923 30522 I ExynosC2H264DecComponent: [updateC2Config_OutputDelay] output delay(3)
11-14 22:15:34.166 923 30522 I ExynosC2H264DecComponent: [updateC2Config_OutputDelay] reorder key(0)
11-14 22:15:34.167 30243 30515 D Codec2-OutputBufferQueue: set max dequeue count 10 from update
11-14 22:15:34.169 1472 4946 W UriGrantsManagerService: No permission grants found for com.google.android.apps.photos
11-14 22:15:34.170 1472 4946 W UriGrantsManagerService: No permission grants found for com.google.android.apps.photos
11-14 22:15:34.170 923 30522 I ExynosC2H264DecComponent: [updateC2Config_StreamSize] picture(1080 x 2400) vs frame(1088 x 2400)
11-14 22:15:34.170 923 30522 I ExynosC2H264DecComponent: [updateC2Config_MaxStreamSize] update to max picture(1088 x 2400)
11-14 22:15:34.171 30243 30515 D CCodecConfig: c2 config diff is c2::u32 raw.crop.height = 2400
11-14 22:15:34.171 30243 30515 D CCodecConfig: c2::u32 raw.crop.left = 0
11-14 22:15:34.171 30243 30515 D CCodecConfig: c2::u32 raw.crop.top = 0
11-14 22:15:34.171 30243 30515 D CCodecConfig: c2::u32 raw.crop.width = 1080
11-14 22:15:34.171 30243 30515 D CCodecConfig: c2::u32 raw.max-size.width = 1088
11-14 22:15:34.171 30243 30515 D CCodecConfig: c2::u32 raw.size.width = 1088
11-14 22:15:34.172 30243 30515 D CCodecBuffers: [c2.exynos.h264.decoder#878:2D-Output] popFromStashAndRegister: at 1000000000000us, output format changed to AMessage(what = 0x00000000) = {
11-14 22:15:34.172 30243 30515 D CCodecBuffers: int32_t android._color-format = 2130708361
11-14 22:15:34.172 30243 30515 D CCodecBuffers: int32_t android._video-scaling = 1
11-14 22:15:34.172 30243 30515 D CCodecBuffers: int32_t rotation-degrees = 0
11-14 22:15:34.172 30243 30515 D CCodecBuffers: int32_t color-standard = 1
11-14 22:15:34.172 30243 30515 D CCodecBuffers: int32_t color-range = 2
11-14 22:15:34.172 30243 30515 D CCodecBuffers: int32_t color-transfer = 3
11-14 22:15:34.172 30243 30515 D CCodecBuffers: float cta861.max-cll = 0.000000
11-14 22:15:34.172 30243 30515 D CCodecBuffers: float cta861.max-fall = 0.000000
11-14 22:15:34.172 30243 30515 D CCodecBuffers: int32_t sar-height = 1
11-14 22:15:34.172 30243 30515 D CCodecBuffers: int32_t sar-width = 1
11-14 22:15:34.172 30243 30515 D CCodecBuffers: Rect crop(0, 0, 1079, 2399)
11-14 22:15:34.172 30243 30515 D CCodecBuffers: int32_t width = 1088
11-14 22:15:34.172 30243 30515 D CCodecBuffers: int32_t height = 2400
11-14 22:15:34.172 30243 30515 D CCodecBuffers: int32_t max-height = 2400
11-14 22:15:34.172 30243 30515 D CCodecBuffers: int32_t max-width = 1088
11-14 22:15:34.172 30243 30515 D CCodecBuffers: string mime = "video/raw"
11-14 22:15:34.172 30243 30515 D CCodecBuffers: int32_t priority = 0
11-14 22:15:34.172 30243 30515 D CCodecBuffers: int32_t android._dataspace = 260
11-14 22:15:34.172 30243 30515 D CCodecBuffers: int32_t color-format = 2130708361
11-14 22:15:34.172 30243 30515 D CCodecBuffers: }
11-14 22:15:34.183 30243 30503 I Surface : Surface::setFrameRate is deprecated, setFrameRate hint is dropped as destination is not SurfaceFlinger
11-14 22:15:34.190 1472 4944 W UriGrantsManagerService: No permission grants found for com.google.android.apps.photos
11-14 22:15:34.191 1472 4944 W UriGrantsManagerService: No permission grants found for com.google.android.apps.photos
11-14 22:15:34.215 936 936 I WifiHAL : Done!
11-14 22:15:34.234 1128 1349 D CHRE : @ 1910477.687: [ActivityPlatform] type 4, confidence 52
11-14 22:15:34.385 30243 30514 W CCodecBufferChannel: no present fence for frame 1
11-14 22:15:34.408 1472 1807 D ActivityManager: freezing 3999 com.android.keychain
11-14 22:15:34.476 30243 30243 D CompatibilityChangeReporter: Compat change id reported: 3400644; UID 10192; state: DISABLED
11-14 22:15:34.538 30243 30514 W CCodecBufferChannel: no present fence for frame 2
11-14 22:15:34.611 18370 28916 W DatabaseProcessor: processLocalDevices: failed to get the network info with non-null networkId.
11-14 22:15:34.611 18370 18370 I CastMediaRouteProvider: Published 0 routes
11-14 22:15:34.776 1127 1127 D AOC : A3:MSG: lsm6dsr_device.cc, 745: USF: Lsm6dsrDevice: Sensor 3: Enabled 0, odr_index 0.
11-14 22:15:34.776 1127 1127 D AOC : A3:MSG: vsc_controller.cc, 549: VSC: [Significant Motion] stopSensorEvents: sensor 0x20002
11-14 22:15:34.777 1127 1127 D AOC : A3:MSG: lsm6dsr_fifo.cc, 750: USF: Lsm6dsrFifo: ODR: XL/G/T/TS: 52/52/13/6 WM: 2 Intr: 52.
11-14 22:15:34.777 1127 1127 D AOC : A3:MSG: vsc_controller.cc, 531: VSC: [Significant Motion] requestSensorEvents: sensor 0x10001, period=20 latency=3200ms
11-14 22:15:34.777 1127 1127 D AOC : A3:MSG: lsm6dsr_device.cc, 653: USF: Lsm6dsrDevice: Fifo was disabled for 668213ns.
11-14 22:15:34.778 1127 1127 D AOC : A3:MSG: usf_sensor.cc, 1481: USF: Received stop sampling request for LSM6DSR Motion Detect.
11-14 22:15:34.778 1127 1127 D AOC : A3:MSG: usf_sensor.cc, 1933: USF: Sampling configuration 12548 not found.
11-14 22:15:34.778 1127 1127 D AOC : A3:MSG: usf_sensor_client.cc, 158: USF: Received kErrNotFound when disabling one shot sensor.
11-14 22:15:34.779 1127 1127 D AOC : A3:MSG: usf_sensor.cc, 1474: USF: Received start sampling request for LSM6DSR Stationary Detect.
11-14 22:15:34.779 1127 1127 D AOC : A3:MSG: lsm6dsr_device.cc, 745: USF: Lsm6dsrDevice: Sensor 4: Enabled 1, odr_index 1.
11-14 22:15:34.780 1127 1127 D AOC : A3:MSG: lsm6dsr_fifo.cc, 750: USF: Lsm6dsrFifo: ODR: XL/G/T/TS: 52/52/13/6 WM: 2 Intr: 52.
11-14 22:15:34.780 1127 1127 D AOC : A3:MSG: lsm6dsr_device.cc, 653: USF: Lsm6dsrDevice: Fifo was disabled for 650879ns.
11-14 22:15:34.781 1127 1127 D AOC : A3:MSG: usf_sensor.cc, 1981: USF: Received reconfig sampling request for LSM6DSR Accelerometer.
11-14 22:15:34.782 1127 1127 D AOC : A3:MSG: usf_sensor.cc, 1474: USF: Received start sampling request for LSM6DSR Stationary Detect.
11-14 22:15:34.785 1128 1349 I CHRE : @ 1910478.237: [Capo] MD nanoapp declared in-motion at = 1910478237338135
11-14 22:15:34.786 1127 1127 D AOC : A3:MSG: usf_sensor.cc, 1481: USF: Received stop sampling request for LSM6DSR Motion Detect.
11-14 22:15:34.786 1127 1127 D AOC : A3:MSG: usf_sensor.cc, 1933: USF: Sampling configuration 12549 not found.
11-14 22:15:34.787 1128 1349 I CHRE : @ 1910478.237: [Capo] PositionDetector mode change from 1 --> 2
11-14 22:15:34.807 30543 30543 I trusty_metricsd: starting trusty_metricsd
11-14 22:15:34.807 30543 30543 I trusty_metricsd: trusty dev: /dev/trusty-ipc-dev0
11-14 22:15:34.809 30543 30543 E libtrusty: tipc_connect: can't connect to tipc service "com.android.trusty.metrics" (err=107)
11-14 22:15:34.809 30543 30543 E trusty_metricsd: failed to open TrustyMetricsPixel: failed to connect to Trusty metrics TA: Transport endpoint is not connected
11-14 22:15:34.809 30543 30543 E trusty_metricsd: failed to open Trusty metrics client
11-14 22:15:34.840 30544 30544 I flags_health_check: ServerConfigurableFlagsReset reset_mode value: 1
11-14 22:15:34.840 30544 30544 I flags_health_check: ServerConfigurableFlagsReset updatable crashing detected, resetting flags.
11-14 22:15:34.885 30243 30514 W CCodecBufferChannel: no present fence for frame 3
11-14 22:15:35.038 889 901 D ContextHubHal: Got message from nanoapp: ID 0x476f6f676c001022
11-14 22:15:35.038 905 1681 I suez-nanoapp-clients: Barometric peak detected: magnitude = 0.119828 hPa (bucket: 3), duration = 40.000000 ms (bucket: 3).
11-14 22:15:35.038 1128 1349 I CHRE : @ 1910478.490: [ip] Peak detected: magnitude = 0.119827 hpa, duration = 40.000000 ms
11-14 22:15:35.039 1441 1450 I CapoDetector: handleNanoappMessage, Id 5147455389092024354, type 3, size 8
11-14 22:15:35.039 1472 1902 E ContextHubClientManager: Cannot send message to unregistered client (host endpoint ID = -28638)
11-14 22:15:35.040 905 1681 I suez-nanoapp-clients: Vendor atom [id = 100047] reported.
11-14 22:15:35.040 30243 30514 W CCodecBufferChannel: no present fence for frame 4
11-14 22:15:35.120 1127 1127 D AOC : A3:MSG: usf_sensor.cc, 1981: USF: Received reconfig sampling request for LSM6DSR Gyroscope.
11-14 22:15:35.120 1127 1127 D AOC : A3:MSG: lsm6dsr_device.cc, 745: USF: Lsm6dsrDevice: Sensor 1: Enabled 1, odr_index 5.
11-14 22:15:35.121 1127 1127 D AOC : A3:MSG: lsm6dsr_fifo.cc, 750: USF: Lsm6dsrFifo: ODR: XL/G/T/TS: 52/208/13/26 WM: 5 Intr: 60.
11-14 22:15:35.121 1127 1127 D AOC : A3:MSG: lsm6dsr_device.cc, 653: USF: Lsm6dsrDevice: Fifo was disabled for 596435ns.
11-14 22:15:35.122 1127 1127 D AOC : A3:MSG: usf_sensor.cc, 1981: USF: Received reconfig sampling request for MMC56X3X Magnetometer.
11-14 22:15:35.123 1127 1127 D AOC : A3:MSG: mmc56x3x_device.cc, 409: USF: MMC56X3X0: mmc56x3x_enable_measure odr = 100.
11-14 22:15:35.337 18397 18397 D BoundBrokerSvc: onUnbind: Intent { act=com.google.android.gms.pay.service.BIND dat=chimera-action:/... cmp=com.google.android.gms/.chimera.GmsApiService }
11-14 22:15:35.366 18397 18397 D BoundBrokerSvc: onUnbind: Intent { act=com.google.android.gms.auth.cryptauth.cryptauthservice.START dat=chimera-action:/... cmp=com.google.android.gms/.chimera.GmsBoundBrokerService }
11-14 22:15:35.393 30243 30514 W CCodecBufferChannel: no present fence for frame 5
11-14 22:15:35.537 30243 30514 W CCodecBufferChannel: no present fence for frame 6
11-14 22:15:35.875 30243 30514 W CCodecBufferChannel: no present fence for frame 7
11-14 22:15:35.912 923 30040 D BufferPoolAccessor2.0: bufferpool2 0xb400006f7f74b0f8 : 5(19441280 size) total buffers - 5(19441280 size) used buffers - 1637/1645 (recycle/alloc) - 15/1639 (fetch/transfer)
11-14 22:15:36.019 30243 30514 W CCodecBufferChannel: no present fence for frame 8
11-14 22:15:36.051 18397 18397 E AbstractGmsTracer: Traced class shouldn't be obfuscated: GmsIntentOperationChimeraService [CONTEXT service_id=259 ]
11-14 22:15:36.059 18397 30545 E AbstractGmsTracer: Traced class shouldn't be obfuscated: CheckStateEventIntentOperation [CONTEXT service_id=259 ]
11-14 22:15:36.063 18397 30545 I Authzen : [DeviceStateSyncManager] The server is in sync with current state. Nothing to do
11-14 22:15:36.172 30243 30514 W CCodecBufferChannel: no present fence for frame 9
11-14 22:15:36.226 1472 1472 I SideFpsEventHandler: notifyPowerPressed
11-14 22:15:36.226 1472 1472 D WindowManager: powerPress: eventTime=364744560 interactive=true count=1 beganFromNonInteractive=false mShortPressOnPowerBehavior=1
11-14 22:15:36.227 1472 1472 I PowerGroup: Powering off display group due to power_button (groupId= 0, uid= 1000, millisSinceLastUserActivity=2722, lastUserActivityEvent=touch)...
11-14 22:15:36.227 1472 1472 I PowerManagerService: Going to sleep due to power_button (uid 1000, screenOffTimeout=1800000, activityTimeoutWM=-1, maxDimRatio=0.20000005, maxDimDur=7000)...
11-14 22:15:36.230 905 1405 D usf_sensor_hal: binned brightness: Enter Batch. period = 200000000, latency = 0.
11-14 22:15:36.231 905 1405 D usf_sensor_hal: binned brightness: Enter Activate. Enable = 1.
11-14 22:15:36.231 18640 18640 I GoogleInputMethodService: GoogleInputMethodService.onFinishInput():3154
11-14 22:15:36.232 1127 1127 D AOC : A3:MSG: usf_sensor.cc, 1474: USF: Received start sampling request for Binned Brightness.
11-14 22:15:36.233 18640 18640 I GoogleInputMethodService: GoogleInputMethodService.updateDeviceLockedStatus():2088 repeatCheckTimes = 0, locked = false
11-14 22:15:36.236 1127 1127 D AOC : A3:MSG: vsc_sensor.cc, 37: VSC: [Binned Brightness] enable: period 1000000000, latency = 0
11-14 22:15:36.236 1127 1127 D AOC : A3:MSG: usf_vsc_log.cc, 44: USF: [BINNED_BRIGHTNESS] Created instance at 0x400f3cf0
11-14 22:15:36.236 1127 1127 D AOC : A3:MSG: vsc_controller.cc, 531: VSC: [Binned Brightness] requestSensorEvents: sensor 0x10005, period=250 latency=0ms.
11-14 22:15:36.236 1127 1127 D AOC : A3:MSG: usf_sensor.cc, 1474: USF: Received start sampling request for TMD3719 Ambient Light.
11-14 22:15:36.236 1127 1127 D AOC : A3:MSG: usf_vsc_log.cc, 44: USF: [BINNED_BRIGHTNESS] Changing state to 2 at 1910479687 ms
11-14 22:15:36.243 937 13331 D AF::TrackHandle: OpPlayAudio: track:111 usage:13 not muted
11-14 22:15:36.246 1942 2086 I AudioTrack: createTrack_l(0): AUDIO_OUTPUT_FLAG_FAST successful; frameCount 0 -> 5280
11-14 22:15:36.249 1942 1942 I vol.VolumeDialogImpl: mDialog.dismiss() reason: volume_controller from: com.android.systemui.volume.VolumeDialogImpl$8.onDismissRequested:3
11-14 22:15:36.254 864 921 D audio_hw_output_stream: update stream 1 active 1 gain 0.036208
11-14 22:15:36.306 905 1405 D usf_sensor_hal: binned brightness: Enter Activate. Enable = 0.
11-14 22:15:36.306 1127 1127 D AOC : A3:MSG: usf_sensor.cc, 1481: USF: Received stop sampling request for Binned Brightness.
11-14 22:15:36.306 1127 1127 D AOC : A3:MSG: vsc_sensor.cc, 68: VSC: [Binned Brightness] disable.
11-14 22:15:36.307 1127 1127 D AOC : A3:MSG: vsc_controller.cc, 549: VSC: [Binned Brightness] stopSensorEvents: sensor 0x10005
11-14 22:15:36.307 1127 1127 D AOC : A3:MSG: usf_sensor.cc, 1481: USF: Received stop sampling request for TMD3719 Ambient Light.
11-14 22:15:36.307 1127 1127 D AOC : A3:MSG: usf_vsc_log.cc, 44: USF: [BINNED_BRIGHTNESS] Deleted instance at 0x400f3cf0
11-14 22:15:36.393 30243 30514 W CCodecBufferChannel: no present fence for frame 10
11-14 22:15:36.394 30243 30514 W CCodecBufferChannel: no present fence for frame 11
11-14 22:15:36.394 30243 30514 W CCodecBufferChannel: no present fence for frame 12
11-14 22:15:36.394 30243 30514 W CCodecBufferChannel: no present fence for frame 13
11-14 22:15:36.394 30243 30514 W CCodecBufferChannel: no present fence for frame 14
11-14 22:15:36.394 30243 30514 W CCodecBufferChannel: no present fence for frame 15
11-14 22:15:36.394 30243 30514 W CCodecBufferChannel: no present fence for frame 16
11-14 22:15:36.462 936 936 I WifiHAL : Creating message to get link statistics; iface = 47
11-14 22:15:36.482 864 921 D audio_hw_output_stream: update stream 1 active 0 gain 0.000000
11-14 22:15:36.510 936 936 I WifiHAL : In GetLinkStatsCommand::handleResponse
11-14 22:15:36.539 30243 30514 W CCodecBufferChannel: no present fence for frame 17
11-14 22:15:36.541 1942 1942 D StatusBarIconController: ignoring old pipeline callback because the new wifi icon is enabled
11-14 22:15:36.544 1472 1871 D ConnectivityService: NetReassign [no changes] [c 0] [a 0] [i 3]
11-14 22:15:36.722 905 1405 D usf_sensor_hal: binned brightness: Enter Batch. period = 200000000, latency = 0.
11-14 22:15:36.722 905 1405 D usf_sensor_hal: binned brightness: Enter Activate. Enable = 1.
11-14 22:15:36.723 1127 1127 D AOC : A3:MSG: usf_sensor.cc, 1474: USF: Received start sampling request for Binned Brightness.
11-14 22:15:36.723 1127 1127 D AOC : A3:MSG: vsc_sensor.cc, 37: VSC: [Binned Brightness] enable: period 1000000000, latency = 0
11-14 22:15:36.723 1127 1127 D AOC : A3:MSG: usf_vsc_log.cc, 44: USF: [BINNED_BRIGHTNESS] Created instance at 0x400f3cf0
11-14 22:15:36.723 1127 1127 D AOC : A3:MSG: vsc_controller.cc, 531: VSC: [Binned Brightness] requestSensorEvents: sensor 0x10005, period=250 latency=0ms.
11-14 22:15:36.723 1127 1127 D AOC : A3:MSG: usf_sensor.cc, 1474: USF: Received start sampling request for TMD3719 Ambient Light.
11-14 22:15:36.724 614 22148 I hwc-display: path=sysfs, id=0, level=0, DimmingOn=1, Hbm=0, LhbmOn=0
11-14 22:15:36.724 1472 1715 I DisplayPowerController2[0]: Blocking screen off
11-14 22:15:36.725 1127 1127 D AOC : A3:MSG: tmd3719_device.cc, 4350: USF: TMD3719: brightness:0 leakage:0.000000 refresh_rate:60 status:1 op_hz:0
11-14 22:15:36.725 1127 1127 D AOC : A3:MSG: usf_vsc_log.cc, 44: USF: [BINNED_BRIGHTNESS] Changing state to 2 at 1910480178 ms
11-14 22:15:36.725 1472 1715 I DisplayPowerController2[0]: Unblocked screen off after 0 ms
11-14 22:15:36.738 1472 1715 D ActivityTaskManager: Top Process State changed to PROCESS_STATE_TOP_SLEEPING
11-14 22:15:36.740 1942 1966 V WindowManagerShell: Transition requested: android.os.BinderProxy@626f684 TransitionRequestInfo { type = SLEEP, triggerTask = null, remoteTransition = null, displayChange = null }
11-14 22:15:36.741 1472 1685 V WindowManager: Sent Transition #265 createdAt=11-14 22:15:36.739 via request=TransitionRequestInfo { type = SLEEP, triggerTask = null, remoteTransition = null, displayChange = null }
11-14 22:15:36.741 1472 1685 V WindowManager: startWCT=null
11-14 22:15:36.741 1472 1685 V WindowManager: info={id=265 t=SLEEP f=0x0 r=[] c=[]}
11-14 22:15:36.742 1472 3338 W Transition: Transition already started id=265 state=2
11-14 22:15:36.742 1942 1966 V WindowManagerShell: onTransitionReady android.os.BinderProxy@626f684: {id=265 t=SLEEP f=0x0 r=[] c=[]}
11-14 22:15:36.742 1942 1966 V WindowManagerShell: No transition roots in (#265)android.os.BinderProxy@626f684 so abort
11-14 22:15:36.743 30243 30503 I Surface : Surface::setFrameRate is deprecated, setFrameRate hint is dropped as destination is not SurfaceFlinger
11-14 22:15:36.743 1942 1966 V WindowManagerShell: Transition animation finished (aborted=true), notifying core (#265)android.os.BinderProxy@626f684
11-14 22:15:36.744 1942 1942 D CentralSurfaces: updateQsExpansionEnabled - QS Expand enabled: true
11-14 22:15:36.745 30243 30503 D MediaCodec: keep callback message for reclaim
11-14 22:15:36.745 1472 1685 V WindowManager: Finish Transition #265: created at
11-14 22:15:36.739 collect-started=0.112ms request-sent=0.31ms started=0.696ms ready=0.696ms sent=1.036ms finished=5.052ms
11-14 22:15:36.746 1942 1966 V WindowManagerShell: All active transition animations finished
11-14 22:15:36.748 905 1405 D usf_sensor_hal: device orientation: Enter Activate. Enable = 0.
11-14 22:15:36.748 30243 30514 I CCodecConfig: query failed after returning 15 values (BAD_INDEX)
11-14 22:15:36.749 30243 30514 W Codec2Client: query -- param skipped: index = 1073743886.
11-14 22:15:36.749 30243 30514 W Codec2Client: query -- param skipped: index = 1610614798.
11-14 22:15:36.749 1127 1127 D AOC : A3:MSG: usf_sensor.cc, 1481: USF: Received stop sampling request for Device Orientation.
11-14 22:15:36.749 1127 1127 D AOC : A3:MSG: vsc_sensor.cc, 68: VSC: [Device Orientation] disable.
11-14 22:15:36.749 1127 1127 D AOC : A3:MSG: vsc_controller.cc, 549: VSC: [Device Orientation] stopSensorEvents: sensor 0x10001
11-14 22:15:36.749 1127 1127 D AOC : A3:MSG: usf_sensor.cc, 1981: USF: Received reconfig sampling request for LSM6DSR Accelerometer.
11-14 22:15:36.749 1127 1127 D AOC : A3:MSG: vsc_controller.cc, 549: VSC: [Device Orientation] stopSensorEvents: sensor 0x10004
11-14 22:15:36.749 1127 1127 D AOC : A3:MSG: usf_sensor.cc, 1481: USF: Received stop sampling request for LSM6DSR Gyroscope.
11-14 22:15:36.750 1127 1127 D AOC : A3:MSG: lsm6dsr_device.cc, 745: USF: Lsm6dsrDevice: Sensor 1: Enabled 1, odr_index 5.
11-14 22:15:36.750 1127 1127 D AOC : A3:MSG: lsm6dsr_fifo.cc, 750: USF: Lsm6dsrFifo: ODR: XL/G/T/TS: 52/208/13/26 WM: 5 Intr: 60.
11-14 22:15:36.751 1127 1127 D AOC : A3:MSG: lsm6dsr_device.cc, 653: USF: Lsm6dsrDevice: Fifo was disabled for 218261ns.
11-14 22:15:36.752 1472 1715 I DisplayBrightnessStrategySelector: Changing the DisplayBrightnessStrategy from InvalidBrightnessStrategy toScreenOffBrightnessStrategy for display 0
11-14 22:15:36.753 905 1405 D usf_sensor_hal: auto brightness: Enter Batch. period = 1000000000, latency = 0.
11-14 22:15:36.755 1472 1715 V DisplayPowerController2[0]: Brightness [0.0] reason changing to: 'screen_off', previous reason: 'automatic'.
11-14 22:15:36.755 1472 1715 I DisplayPowerController2[0]: BrightnessEvent: disp=0, physDisp=local:4619827677550801152, brt=0.0, initBrt=0.032732457, rcmdBrt=NaN, preBrt=NaN, lux=0.0, preLux=0.0, hbmMax=0.62, hbmMode=off, rbcStrength=50, thrmMax=1.0, powerFactor=1.0, wasShortTermModelActive=false, flags=, reason=screen_off, autoBrightness=true, strategy=ScreenOffBrightnessStrategy
11-14 22:15:36.756 612 612 D SurfaceFlinger: Setting power mode 0 on display 4619827677550801152
11-14 22:15:36.756 1472 1688 I DisplayDeviceRepository: Display device changed state: "Built-in Screen", OFF
11-14 22:15:36.757 614 22148 D hwc-display: setPowerMode:: FBIOBLANK mode(0), blank(4)
11-14 22:15:36.758 1472 1688 I InputManager-JNI: Viewport [0] to add: local:4619827677550801152, isActive: false
11-14 22:15:36.759 1472 1821 I InputReader: Reconfiguring input devices, changes=DISPLAY_INFO |
11-14 22:15:36.759 1472 1821 I InputReader: Disabling fts (device 4) because the associated viewport is not active
11-14 22:15:36.759 1472 1821 I InputReader: Device reconfigured: id=4, name='fts', size 1080x2400, orientation 0, mode 0, display id 0
11-14 22:15:36.762 2159 2494 I bt_stack: [INFO:le_scanning_manager.cc(163)] Scan in shim layer stopped
11-14 22:15:36.762 2159 2494 I bt_stack: [INFO:le_scanning_manager.cc(341)] SetScanParameters in shim layer
11-14 22:15:36.762 2159 2500 I bluetooth: packages/modules/Bluetooth/system/gd/hci/le_address_manager.cc:193 unregister_client: Client unregistered
11-14 22:15:36.762 2159 2494 I bt_stack: [INFO:le_scanning_manager.cc(163)] Scan in shim layer started
11-14 22:15:36.762 2159 2500 I bluetooth: packages/modules/Bluetooth/system/gd/hci/le_address_manager.cc:197 unregister_client: Cancelled address rotation alarm
11-14 22:15:36.763 866 866 I bthal.activity: LogActivities: Disable LE Scanning, 0x2042
11-14 22:15:36.764 1472 1689 W SurfaceControl: Invalid layer stack -1
11-14 22:15:36.764 1472 1689 I DisplayDevice: [0] Layerstack set to -1 for local:4619827677550801152
11-14 22:15:36.765 2211 2211 D GRIL-S : [1805]> UPDATE_DEVICE_STATE DeviceState: Usb:1, Wifi: 1, Wifi AP: 0, Earpiece: 0, Bluetooth: 1, Wireless charging: 0, Screen: 0, Camera: 0, 0, -, -, Motion: 1, Bluetooth tethering: 0, Voice: 0, Wifi 2.4G: 1, Radio: 1, Bluetooth connected: 0, Bluetooth media: 0, Wifi Band: 1, Wifi AP Band: 0, Wifi call: 0, mmWave: 0, mCellBackhaul: 0, mHallSensor: 0, mDozeStatus: 0, mAppClassInfo: 0
11-14 22:15:36.765 30243 30514 D SurfaceUtils: connecting to surface 0xb40000704428dde0, reason connectToSurface
11-14 22:15:36.765 30243 30514 I MediaCodec: [c2.exynos.h264.decoder] setting surface generation to 30968834
11-14 22:15:36.765 30243 30514 D SurfaceUtils: disconnecting from surface 0xb40000704428dde0, reason connectToSurface(reconnect)
11-14 22:15:36.765 30243 30514 D SurfaceUtils: connecting to surface 0xb40000704428dde0, reason connectToSurface(reconnect)
11-14 22:15:36.766 30243 30514 D Codec2-OutputBufferQueue: remote graphic buffer migration 0/0
11-14 22:15:36.766 30243 30514 D Codec2Client: setOutputSurface -- failed to set consumer usage (6/BAD_INDEX)
11-14 22:15:36.766 30243 30514 D Codec2Client: setOutputSurface -- generation=30968834 consumer usage=0x900
11-14 22:15:36.767 905 1405 D usf_sensor_hal: ambient light: Enter Batch. period = 250000000, latency = 0.
11-14 22:15:36.768 18370 18370 I NearbyDiscovery: (REDACTED) FastPairDisplayObserver: %s -> %s
11-14 22:15:36.768 18370 18370 I NearbyDirect: (REDACTED) FastPairDisplayObserver: %s -> %s
11-14 22:15:36.769 905 1405 D usf_sensor_hal: ambient light: Enter Activate. Enable = 0.
11-14 22:15:36.769 1127 1127 D AOC : A3:MSG: usf_sensor.cc, 1481: USF: Received stop sampling request for TMD3719 Ambient Light.
11-14 22:15:36.771 2210 3077 I HbmSvManager: Request state 0 req 2
11-14 22:15:36.771 2210 3077 I HbmSvManager: Request state 1 req 0
11-14 22:15:36.771 2210 3077 I HbmSvManager: Request state 2 req 0
11-14 22:15:36.771 2210 3077 I HbmSvManager: Request state 4 req 0
11-14 22:15:36.773 923 923 D C2BqBuffer: local generation change 30968834 , bqId: 129892695932930 migrated buffers # 8
11-14 22:15:36.773 30243 30514 D Codec2Client: Surface configure completed
11-14 22:15:36.773 30243 30514 I CCodecBufferChannel: Using latch times for frame rendered signals - present fences not supported
11-14 22:15:36.773 30243 30514 D SurfaceUtils: disconnecting from surface 0xb40000704425ce70, reason disconnectFromSurface
11-14 22:15:36.774 30243 30514 D CCodecBufferChannel: [c2.exynos.h264.decoder#878] MediaCodec discarded an unknown buffer
11-14 22:15:36.774 866 866 I bthal.shim: Send: TX command 0x2042
11-14 22:15:36.774 30243 30514 D CCodecBufferChannel: [c2.exynos.h264.decoder#878] MediaCodec discarded an unknown buffer
11-14 22:15:36.774 2159 2500 I bluetooth: packages/modules/Bluetooth/system/gd/hci/le_scanning_manager.cc:546 stop_scan: Scanning already stopped, return!
11-14 22:15:36.774 2159 2500 I bluetooth: packages/modules/Bluetooth/system/gd/hci/le_address_manager.cc:175 register_client: Scheduled address rotation for first client registered
11-14 22:15:36.774 2159 2500 I bluetooth: packages/modules/Bluetooth/system/gd/hci/le_address_manager.cc:178 register_client: Client registered
11-14 22:15:36.775 866 1117 I bthal.debug_central: Command Complete Event of LE_SET_EXTENDED_SCAN_ENABLE, opcode:2042
11-14 22:15:36.775 30243 30514 D CCodecBufferChannel: [c2.exynos.h264.decoder#878] MediaCodec discarded an unknown buffer
11-14 22:15:36.775 866 1117 I bthal.flowcontrol: HciEventPreProcess: HCI Event 0xe Opcode 0x2042 Length 6 unhandled by LeSetExtentedScanEnableEvent
11-14 22:15:36.775 866 866 I bthal.activity: LogActivities: BALANCED ScanMode
11-14 22:15:36.775 30243 30514 D CCodecBufferChannel: [c2.exynos.h264.decoder#878] MediaCodec discarded an unknown buffer
11-14 22:15:36.776 866 866 I bthal.activity: LogActivities: Enable LE Scanning, 0x2042
11-14 22:15:36.776 866 866 I bthal.shim: Send: TX command 0x2042
11-14 22:15:36.777 18370 18950 I NearbyDiscovery: (REDACTED) OffloadFastPairScanner: eventType=%s, isInternalReq=%s, isOffloadScanning=%s, isOffloadScanningAllowed=%s
11-14 22:15:36.779 866 1117 I bthal.debug_central: Command Complete Event of LE_SET_EXTENDED_SCAN_ENABLE, opcode:2042
11-14 22:15:36.780 866 1117 I bthal.flowcontrol: HciEventPreProcess: HCI Event 0xe Opcode 0x2042 Length 6 unhandled by LeSetExtentedScanEnableEvent
11-14 22:15:36.780 18370 18950 I NearbyDiscovery: (REDACTED) FastPairScanner: isScreenOn=%s, isLocationEnabled=%s, disableLocationRequirement=%s, isDiscoveryScanningEnabled=%s, during24GhzWifiWarmingUpPeriod=%s
11-14 22:15:36.781 18370 18950 D BluetoothAdapter: isLeEnabled(): ON
11-14 22:15:36.782 18370 18950 I NearbyDiscovery: (REDACTED) FastPairScanner: eventType=%s, intReq=%s, scanning=%s, scanAllowed=%s, bleEnabled=%s, lockScanRate=%s, startScanningByLowPowerMode=%s
11-14 22:15:36.783 18370 18950 I NearbyDiscovery: (REDACTED) FastPairScanner: Stopping scan, %s
11-14 22:15:36.783 18370 18950 D BluetoothAdapter: isLeEnabled(): ON
11-14 22:15:36.788 2159 10738 D ActivityAttributionService: notifyActivityAttributionInfo UID=1002 packageName=com.google.android.bluetooth deviceAddress=no_active_device_address
11-14 22:15:36.788 2159 2494 I bt_stack: [INFO:le_scanning_manager.cc(163)] Scan in shim layer stopped
11-14 22:15:36.788 2159 10738 I bt_btif : packages/modules/Bluetooth/system/btif/src/bluetooth.cc:822 get_profile_interface: get_profile_interface: id = activity_attribution
11-14 22:15:36.788 2159 2500 I bluetooth: packages/modules/Bluetooth/system/gd/hci/le_address_manager.cc:193 unregister_client: Client unregistered
11-14 22:15:36.788 2159 2500 I bluetooth: packages/modules/Bluetooth/system/gd/hci/le_address_manager.cc:197 unregister_client: Cancelled address rotation alarm
11-14 22:15:36.788 2159 2494 I bt_stack: [INFO:le_scanning_manager.cc(199)] ScanFilterParamSetup in shim layer
11-14 22:15:36.788 2159 2494 I bt_stack: [INFO:le_scanning_manager.cc(199)] ScanFilterParamSetup in shim layer
11-14 22:15:36.788 866 866 I bthal.activity: LogActivities: Disable LE Scanning, 0x2042
11-14 22:15:36.788 866 866 I bthal.shim: Send: TX command 0x2042
11-14 22:15:36.790 866 1117 I bthal.debug_central: Command Complete Event of LE_SET_EXTENDED_SCAN_ENABLE, opcode:2042
11-14 22:15:36.790 866 1117 I bthal.flowcontrol: HciEventPreProcess: HCI Event 0xe Opcode 0x2042 Length 6 unhandled by LeSetExtentedScanEnableEvent
11-14 22:15:36.790 923 923 I ExynosC2H264DecComponent: [release] component is released
11-14 22:15:36.791 923 923 D C2BqBuffer: configuring null producer: igbp_information(0)
11-14 22:15:36.791 30243 30515 I hw-BpHwBinder: onLastStrongRef automatically unlinking death recipients
11-14 22:15:36.791 30243 30514 D SurfaceUtils: disconnecting from surface 0xb40000704428dde0, reason disconnectFromSurface
11-14 22:15:36.792 923 2074 I hw-BpHwBinder: onLastStrongRef automatically unlinking death recipients
11-14 22:15:36.793 2159 10738 I bt_stack: [INFO:le_scanning_manager.cc(157)] Unregister in shim layer, scanner_id:1
11-14 22:15:36.793 30243 30514 D MediaCodec: flushMediametrics
11-14 22:15:36.794 30243 30514 D MediaCodec: flushMediametrics
11-14 22:15:36.795 30243 30514 W MediaCodec: no metrics handle found
11-14 22:15:36.826 2211 3154 D GRIL-S : [1805]< UPDATE_DEVICE_STATE
11-14 22:15:36.830 1127 1127 D AOC : A3:MSG: usf_tbn_server.cc, 54: USF: Change bus owner to AOC.
11-14 22:15:36.830 1127 1127 D AOC : A3:MSG: usf_tbn_server.cc, 275: USF: Ack request for AP releases bus
11-14 22:15:36.831 1127 1127 D AOC : A3:MSG: ftm5_device.cc, 168: USF: FTM5: Priority: 0, Bus:1, Host:0; Enabled:0
11-14 22:15:36.858 1472 4946 D ConnectivityService: requestNetwork for uid/pid:10192/30243 activeRequest: null callbackRequest: 2189 [NetworkRequest [ REQUEST id=2190, [ Capabilities: INTERNET&NOT_RESTRICTED&TRUSTED&NOT_VCN_MANAGED Uid: 10192 RequestorUid: 10192 RequestorPkg: com.google.android.apps.photos UnderlyingNetworks: Null] ]] callback flags: 0 order: 2147483647
11-14 22:15:36.861 1472 1871 D ConnectivityService: NetReassign [2190 : null → 175] [c 0] [a 1] [i 1]
