11-14 18:30:07.789 1472 4801 W JobScheduler: Job didn't exist in JobStore: 675e496 #u0a131/-578294288 com.google.android.as.oss/com.google.android.gms.learning.internal.training.InAppJobService
11-14 18:30:07.938 1472 1695 D CompatibilityChangeReporter: Compat change id reported: 271850009; UID 10141; state: ENABLED
11-14 18:30:08.496 1472 4786 D ActivityManager: sync unfroze 6263 com.google.android.rkpdapp
11-14 18:30:08.659 1472 1721 I AppsFilter: interaction: PackageSetting{ed157f1 org.qtproject.example.qmlchart/10248} -> PackageSetting{1b6e317 com.google.android.videos/10190} BLOCKED
11-14 18:30:08.659 1472 1721 I AppsFilter: interaction: PackageSetting{f222257 org.qtproject.example.vulkanunderqml/10267} -> PackageSetting{1b6e317 com.google.android.videos/10190} BLOCKED
11-14 18:30:08.659 1472 1721 I AppsFilter: interaction: PackageSetting{e495144 com.qt.finweather/10286} -> PackageSetting{1b6e317 com.google.android.videos/10190} BLOCKED
11-14 18:30:08.659 1472 1721 I AppsFilter: interaction: PackageSetting{a92822d org.qtproject.example.appQTBUG_38700_example/10269} -> PackageSetting{1b6e317 com.google.android.videos/10190} BLOCKED
11-14 18:30:08.659 1472 1721 I AppsFilter: interaction: PackageSetting{fd95362 org.qtproject.example.minimal_qml/10262} -> PackageSetting{1b6e317 com.google.android.videos/10190} BLOCKED
11-14 18:30:08.659 1472 1721 I AppsFilter: interaction: PackageSetting{6bc8cf3 org.qtproject.example.qmloscilloscope/10255} -> PackageSetting{1b6e317 com.google.android.videos/10190} BLOCKED
11-14 18:30:08.659 1472 1721 I AppsFilter: interaction: PackageSetting{82c3db0 org.qtproject.example.calqlatrexample/10266} -> PackageSetting{1b6e317 com.google.android.videos/10190} BLOCKED
11-14 18:30:08.659 1472 1721 I AppsFilter: interaction: PackageSetting{bc21429 org.qtproject.example.appqt66beta1androidquickexample/10256} -> PackageSetting{1b6e317 com.google.android.videos/10190} BLOCKED
11-14 18:30:08.659 1472 1721 I AppsFilter: interaction: PackageSetting{47d43ae org.qtproject.example.coffee/10279} -> PackageSetting{1b6e317 com.google.android.videos/10190} BLOCKED
11-14 18:30:08.660 1472 1721 I AppsFilter: interaction: PackageSetting{a89054f org.qtproject.example.contactlist/10252} -> PackageSetting{1b6e317 com.google.android.videos/10190} BLOCKED
11-14 18:30:08.660 1472 1721 I AppsFilter: interaction: PackageSetting{60f84dc org.qtproject.example.appmuu/10287} -> PackageSetting{1b6e317 com.google.android.videos/10190} BLOCKED
11-14 18:30:08.660 1472 1721 I AppsFilter: interaction: PackageSetting{d3ec9e5 org.qtproject.example.qtbug98766_compat/10289} -> PackageSetting{1b6e317 com.google.android.videos/10190} BLOCKED
11-14 18:30:08.660 1472 1721 I AppsFilter: interaction: PackageSetting{15decba org.qtproject.example.galleryexample/10265} -> PackageSetting{1b6e317 com.google.android.videos/10190} BLOCKED
11-14 18:30:08.660 1472 1721 I AppsFilter: interaction: PackageSetting{4faa76b org.qtproject.example.objectlistmodelexample/10263} -> PackageSetting{1b6e317 com.google.android.videos/10190} BLOCKED
11-14 18:30:08.660 1472 1721 I AppsFilter: interaction: PackageSetting{57e12c8 org.qtproject.example.testFont/10270} -> PackageSetting{1b6e317 com.google.android.videos/10190} BLOCKED
11-14 18:30:08.660 1472 1721 I AppsFilter: interaction: PackageSetting{f171f61 org.qtproject.example.widgetdeom/10259} -> PackageSetting{1b6e317 com.google.android.videos/10190} BLOCKED
11-14 18:30:08.660 1472 1721 I AppsFilter: interaction: PackageSetting{e6e1a86 org.qtproject.example.declarative_camera/10253} -> PackageSetting{1b6e317 com.google.android.videos/10190} BLOCKED
11-14 18:30:08.660 1472 1721 I AppsFilter: interaction: PackageSetting{4ba7c6b org.qtproject.example.vulkanunderqmlapp/10292} -> PackageSetting{1b6e317 com.google.android.videos/10190} BLOCKED
11-14 18:30:08.661 1472 1721 I AppsFilter: interaction: PackageSetting{a9a4f47 com.test.ouluweather/10268} -> PackageSetting{1b6e317 com.google.android.videos/10190} BLOCKED
11-14 18:30:08.661 1472 1721 I AppsFilter: interaction: PackageSetting{fc59374 com.google.android.microdroid.empty_payload/10246} -> PackageSetting{1b6e317 com.google.android.videos/10190} BLOCKED
11-14 18:30:08.661 1472 1721 I AppsFilter: interaction: PackageSetting{9c5509d org.qtproject.example.calendarwidget/10278} -> PackageSetting{1b6e317 com.google.android.videos/10190} BLOCKED
11-14 18:30:08.661 1472 1721 I AppsFilter: interaction: PackageSetting{e015912 org.qtproject.example.QTBUG97503/10284} -> PackageSetting{1b6e317 com.google.android.videos/10190} BLOCKED
11-14 18:30:08.661 1472 1721 I AppsFilter: interaction: PackageSetting{5a298e3 org.qtproject.example.unicode_bug/10280} -> PackageSetting{1b6e317 com.google.android.videos/10190} BLOCKED
11-14 18:30:08.661 1472 1721 I AppsFilter: interaction: PackageSetting{36272e0 com.example.qtbug/10276} -> PackageSetting{1b6e317 com.google.android.videos/10190} BLOCKED
11-14 18:30:08.661 1472 1721 I AppsFilter: interaction: PackageSetting{92b5999 org.qtproject.example.implicit_height/10275} -> PackageSetting{1b6e317 com.google.android.videos/10190} BLOCKED
11-14 18:30:08.662 1472 1721 I AppsFilter: interaction: PackageSetting{217f45e org.qtproject.example.simplemqttclient/10254} -> PackageSetting{1b6e317 com.google.android.videos/10190} BLOCKED
11-14 18:30:08.662 1472 1721 I AppsFilter: interaction: PackageSetting{f5be03f org.qtproject.example.qtbug90324/10271} -> PackageSetting{1b6e317 com.google.android.videos/10190} BLOCKED
11-14 18:30:08.662 1472 1721 I AppsFilter: interaction: PackageSetting{82bdd0c org.qtproject.example.qtbug87334/10247} -> PackageSetting{1b6e317 com.google.android.videos/10190} BLOCKED
11-14 18:30:08.662 1472 1721 I AppsFilter: interaction: PackageSetting{b4ef655 org.qtproject.example.qtbug40728/10273} -> PackageSetting{1b6e317 com.google.android.videos/10190} BLOCKED
11-14 18:30:08.662 1472 1721 I AppsFilter: interaction: PackageSetting{a6af86a org.qtproject.example.Android_keyboard_cover/10283} -> PackageSetting{1b6e317 com.google.android.videos/10190} BLOCKED
11-14 18:30:08.662 1472 1721 I AppsFilter: interaction: PackageSetting{338415b org.qtproject.example.appqtbug98776_for_qtbug114437/10281} -> PackageSetting{1b6e317 com.google.android.videos/10190} BLOCKED
11-14 18:30:08.662 1472 1721 I AppsFilter: interaction: PackageSetting{a3fbdf8 org.qtproject.example/10282} -> PackageSetting{1b6e317 com.google.android.videos/10190} BLOCKED
11-14 18:30:08.662 1472 1721 I AppsFilter: interaction: PackageSetting{ed5a2d1 org.qtproject.example.textfinder/10272} -> PackageSetting{1b6e317 com.google.android.videos/10190} BLOCKED
11-14 18:30:08.662 1472 1721 I AppsFilter: interaction: PackageSetting{7383136 org.qtproject.example.openglunderqml/10251} -> PackageSetting{1b6e317 com.google.android.videos/10190} BLOCKED
11-14 18:30:08.662 1472 1721 I AppsFilter: interaction: PackageSetting{7af9837 org.qtproject.example.texteditor/10285} -> PackageSetting{1b6e317 com.google.android.videos/10190} BLOCKED
11-14 18:30:08.663 1472 1721 I AppsFilter: interaction: PackageSetting{7aec1a4 org.qtproject.example.hellocube/10258} -> PackageSetting{1b6e317 com.google.android.videos/10190} BLOCKED
11-14 18:30:08.663 1472 1721 I AppsFilter: interaction: PackageSetting{d409b0d org.qtproject.example.texteditorexample/10290} -> PackageSetting{1b6e317 com.google.android.videos/10190} BLOCKED
11-14 18:30:08.663 1472 1721 I AppsFilter: interaction: PackageSetting{cce2ac2 org.qtproject.example.contactlistexample/10277} -> PackageSetting{1b6e317 com.google.android.videos/10190} BLOCKED
11-14 18:30:08.663 1472 1721 I AppsFilter: interaction: PackageSetting{8db80d3 org.qtproject.example.highdpi/10288} -> PackageSetting{1b6e317 com.google.android.videos/10190} BLOCKED
11-14 18:30:08.663 1472 1721 I AppsFilter: interaction: PackageSetting{ce85410 org.qtproject.example.deleteme/10291} -> PackageSetting{1b6e317 com.google.android.videos/10190} BLOCKED
11-14 18:30:08.663 1472 1721 I AppsFilter: interaction: PackageSetting{ce8db09 org.qtproject.example.quickspeech/10274} -> PackageSetting{1b6e317 com.google.android.videos/10190} BLOCKED
11-14 18:30:08.694 1472 1797 D CompatibilityChangeReporter: Compat change id reported: 218533173; UID 10190; state: ENABLED
11-14 18:30:08.694 1472 1797 D CompatibilityChangeReporter: Compat change id reported: 262645982; UID 10190; state: DISABLED
11-14 18:30:08.705 1472 1621 D ActivityManager: sync unfroze 5451 com.google.android.euicc
11-14 18:30:08.717 1472 1697 D ActivityManager: sync unfroze 19084 com.android.vending:background
11-14 18:30:08.722 1472 1696 W WindowMagnificationMgr: requestConnection duplicated request: connect=false, mConnectionState=DISCONNECTED
11-14 18:30:08.729 1472 1697 D ActivityManager: sync unfroze 13655 com.android.vending
11-14 18:30:08.737 1472 1933 D ActivityManager: sync unfroze 2098 com.google.android.permissioncontroller
11-14 18:30:08.742 1472 1695 D ActivityManager: sync unfroze 18397 com.google.android.gms
11-14 18:30:08.817 1472 1696 D AppWidgetServiceImpl: Provider info from ComponentInfo{com.google.android.videos/com.google.android.apps.googletv.app.presentation.widgets.toppicks.TopPicksWidgetReceiver} won't be persisted.
11-14 18:30:09.323 1472 4801 D ActivityManager: sync unfroze 20145 com.google.android.googlequicksearchbox:search
11-14 18:30:13.808 1942 3397 D PowerUI : can't show warning due to - plugged: true status unknown: false
11-14 18:30:17.726 1472 1807 D ActivityManager: freezing 19704 com.google.android.apps.turbo
11-14 18:30:17.730 1472 1807 D ActivityManager: freezing 17097 com.google.android.partnersetup
11-14 18:30:17.732 1472 1807 D ActivityManager: freezing 12005 com.google.process.gservices
11-14 18:30:17.733 1472 1807 D ActivityManager: freezing 12046 com.google.android.apps.safetyhub
11-14 18:30:17.881 1472 1807 D ActivityManager: freezing 18421 com.google.android.apps.wellbeing
11-14 18:30:18.103 1472 1807 D ActivityManager: freezing 16945 com.google.android.apps.turbo:aab
11-14 18:30:18.511 1472 1807 D ActivityManager: freezing 6263 com.google.android.rkpdapp
11-14 18:30:18.774 1472 1807 D ActivityManager: freezing 19084 com.android.vending:background
11-14 18:30:18.994 1472 1807 D ActivityManager: freezing 13655 com.android.vending
11-14 18:30:19.819 595 21864 I keystore2: system/security/keystore2/src/watchdog.rs:319 - Watchdog thread idle -> terminating. Have a great day.
11-14 18:30:22.098 1472 1807 D ActivityManager: freezing 19214 com.google.android.apps.messaging
11-14 18:30:29.826 1472 1797 D ActivityManager: sync unfroze 19214 com.google.android.apps.messaging
11-14 18:30:29.892 1472 1621 W JobScheduler: Job didn't exist in JobStore: a859524 #u0a148/-353 com.google.android.googlequicksearchbox/com.google.android.apps.gsa.tasks.BackgroundTasksJobService
11-14 18:30:29.898 1472 3849 D ActivityManager: sync unfroze 12005 com.google.process.gservices
11-14 18:30:29.901 1472 1695 W JobScheduler: Job didn't exist in JobStore: c29a88d #u0a135/2864 com.google.android.apps.messaging/androidx.work.impl.background.systemjob.SystemJobService
11-14 18:30:30.443 1472 4801 D ActivityManager: sync unfroze 19235 com.google.android.gms.unstable
11-14 18:30:32.245 1472 1621 D ActivityManager: sync unfroze 18662 com.google.process.gapps
11-14 18:30:33.195 1472 1697 D ActivityManager: sync unfroze 19084 com.android.vending:background
11-14 18:30:33.788 1472 1697 D ActivityManager: sync unfroze 31926 com.google.android.projection.gearhead:shared
11-14 18:30:34.224 1472 4791 W JobScheduler: Job didn't exist in JobStore: ba00300 #u0a148/-43 com.google.android.googlequicksearchbox/com.google.android.apps.gsa.tasks.BackgroundTasksJobService
11-14 18:30:34.534 1472 1807 D ActivityManager: freezing 2098 com.google.android.permissioncontroller
11-14 18:30:35.944 1472 1621 W JobScheduler: Job didn't exist in JobStore: 819c044 #u0a131/-1667279869 com.google.android.as.oss/com.google.android.gms.learning.internal.training.InAppJobService
11-14 18:30:43.216 1472 1807 D ActivityManager: freezing 19084 com.android.vending:background
11-14 18:30:43.923 1472 1807 D ActivityManager: freezing 19214 com.google.android.apps.messaging
11-14 18:30:44.041 1472 1807 D ActivityManager: freezing 31926 com.google.android.projection.gearhead:shared
11-14 18:30:45.919 1472 1807 D ActivityManager: freezing 9447 com.google.android.as.oss:learning_bg
11-14 18:30:46.028 1472 1807 D ActivityManager: freezing 10916 com.google.android.as.oss
11-14 18:30:47.346 1472 1807 D ActivityManager: freezing 19235 com.google.android.gms.unstable
11-14 18:30:59.320 1472 1807 D ActivityManager: freezing 18397 com.google.android.gms
11-14 18:31:13.804 1942 3398 D PowerUI : can't show warning due to - plugged: true status unknown: false
11-14 18:31:18.945 1472 1807 D ActivityManager: freezing 5451 com.google.android.euicc
11-14 18:31:24.722 1472 1807 D ActivityManager: freezing 20145 com.google.android.googlequicksearchbox:search
11-14 18:32:13.807 1942 3404 D PowerUI : can't show warning due to - plugged: true status unknown: false
11-14 18:32:33.790 1472 1697 D ActivityManager: sync unfroze 17242 com.google.android.projection.gearhead:projection
11-14 18:32:33.794 1472 1697 D ActivityManager: sync unfroze 19331 com.google.android.projection.gearhead:provider
11-14 18:32:33.795 1472 1697 D ActivityManager: sync unfroze 15085 com.google.android.projection.gearhead:primes_lifeboat
11-14 18:32:43.841 1472 1807 D ActivityManager: freezing 17242 com.google.android.projection.gearhead:projection
11-14 18:32:43.843 1472 1807 D ActivityManager: freezing 19331 com.google.android.projection.gearhead:provider
11-14 18:32:43.845 1472 1807 D ActivityManager: freezing 15085 com.google.android.projection.gearhead:primes_lifeboat
11-14 18:33:13.803 1942 3314 D PowerUI : can't show warning due to - plugged: true status unknown: false
11-14 18:36:13.806 1942 2553 D PowerUI : can't show warning due to - plugged: true status unknown: false
11-14 18:37:13.802 1942 3354 D PowerUI : can't show warning due to - plugged: true status unknown: false
11-14 18:37:16.235 1472 1696 I UsageStatsService: User[0] Flushing usage stats to disk
11-14 18:38:13.803 1942 3355 D PowerUI : can't show warning due to - plugged: true status unknown: false
11-14 18:39:13.806 1942 3359 D PowerUI : can't show warning due to - plugged: true status unknown: false
11-14 18:42:13.804 1942 3397 D PowerUI : can't show warning due to - plugged: true status unknown: false
11-14 18:43:13.804 1942 3398 D PowerUI : can't show warning due to - plugged: true status unknown: false
11-14 18:44:13.806 1942 3404 D PowerUI : can't show warning due to - plugged: true status unknown: false
11-14 18:45:10.548 1472 1696 E DiscreteRegistry: Deleting file 1699375263645tl
11-14 18:45:13.806 1942 3314 D PowerUI : can't show warning due to - plugged: true status unknown: false
11-14 18:46:13.807 1942 2553 D PowerUI : can't show warning due to - plugged: true status unknown: false
11-14 18:46:34.177 1472 1797 D ActivityManager: sync unfroze 12137 com.google.android.apps.betterbug
11-14 18:46:34.194 1472 1797 D ActivityManager: sync unfroze 19704 com.google.android.apps.turbo
11-14 18:46:34.202 1472 1797 D ActivityManager: sync unfroze 10916 com.google.android.as.oss
11-14 18:46:34.226 1472 1797 D ActivityManager: sync unfroze 12046 com.google.android.apps.safetyhub
11-14 18:46:34.232 1472 1472 V BackupManagerService: [UserID:0] Scheduling immediate backup pass
11-14 18:46:34.232 1472 1472 W BackupManagerService: [UserID:0] Backup pass but enabled=false setupComplete=true
11-14 18:46:34.275 1472 1987 D ActivityManager: sync unfroze 9447 com.google.android.as.oss:learning_bg
11-14 18:46:34.324 1472 3644 D ActivityManager: sync unfroze 18397 com.google.android.gms
11-14 18:46:34.338 1472 4786 W JobScheduler: Job didn't exist in JobStore: aabcd19 #u0a131/-578294288 com.google.android.as.oss/com.google.android.gms.learning.internal.training.InAppJobService
11-14 18:46:35.061 1472 1621 D ActivityManager: sync unfroze 6263 com.google.android.rkpdapp
11-14 18:46:36.944 1472 1621 W JobScheduler: Job didn't exist in JobStore: c968460 #u0a131/-1679289975 com.google.android.as.oss/com.google.android.gms.learning.internal.training.InAppJobService
11-14 18:46:44.271 1472 1807 D ActivityManager: freezing 12137 com.google.android.apps.betterbug
11-14 18:46:44.283 1472 1807 D ActivityManager: freezing 19704 com.google.android.apps.turbo
11-14 18:46:44.288 1472 1807 D ActivityManager: freezing 12046 com.google.android.apps.safetyhub
11-14 18:46:45.079 1472 1807 D ActivityManager: freezing 6263 com.google.android.rkpdapp
11-14 18:46:46.927 1472 1807 D ActivityManager: freezing 9447 com.google.android.as.oss:learning_bg
11-14 18:46:46.990 595 22405 I keystore2: system/security/keystore2/src/watchdog.rs:319 - Watchdog thread idle -> terminating. Have a great day.
11-14 18:46:47.042 1472 1807 D ActivityManager: freezing 10916 com.google.android.as.oss
11-14 18:46:51.895 1472 1807 D ActivityManager: freezing 18397 com.google.android.gms
11-14 18:47:13.806 1942 3354 D PowerUI : can't show warning due to - plugged: true status unknown: false
11-14 18:48:13.801 1942 3355 D PowerUI : can't show warning due to - plugged: true status unknown: false
11-14 18:49:13.796 1942 3359 D PowerUI : can't show warning due to - plugged: true status unknown: false
11-14 18:50:13.805 1942 3397 D PowerUI : can't show warning due to - plugged: true status unknown: false
11-14 18:51:13.804 1942 3398 D PowerUI : can't show warning due to - plugged: true status unknown: false
11-14 18:52:13.801 1942 3404 D PowerUI : can't show warning due to - plugged: true status unknown: false
11-14 18:52:13.812 1942 3314 D PowerUI : can't show warning due to - plugged: true status unknown: false
11-14 18:54:05.783 1942 2553 D PowerUI : can't show warning due to - plugged: true status unknown: false
11-14 18:54:05.798 1942 3354 D PowerUI : can't show warning due to - plugged: true status unknown: false
11-14 18:56:13.810 1942 3355 D PowerUI : can't show warning due to - plugged: true status unknown: false
11-14 18:57:13.801 1942 3359 D PowerUI : can't show warning due to - plugged: true status unknown: false
11-14 18:57:16.286 1472 1696 I UsageStatsService: User[0] Flushing usage stats to disk
11-14 18:59:13.802 1942 3397 D PowerUI : can't show warning due to - plugged: true status unknown: false
11-14 18:59:17.076 1942 3398 D PowerUI : can't show warning due to - plugged: true status unknown: false
11-14 19:00:00.017 1472 1697 D ActivityManager: sync unfroze 3999 com.android.keychain
11-14 19:00:00.047 1472 1621 W AlarmManager: Alarms must either supply a PendingIntent or an AlarmReceiver
11-14 19:00:10.062 1472 1807 D ActivityManager: freezing 12005 com.google.process.gservices
11-14 19:00:10.064 1472 1807 D ActivityManager: freezing 18662 com.google.process.gapps
11-14 19:00:13.802 1942 3404 D PowerUI : can't show warning due to - plugged: true status unknown: false
11-14 19:00:20.089 1472 1807 D ActivityManager: freezing 3999 com.android.keychain
11-14 19:01:12.628 1472 1797 D ActivityManager: sync unfroze 19704 com.google.android.apps.turbo
11-14 19:01:22.702 1472 1807 D ActivityManager: freezing 19704 com.google.android.apps.turbo
11-14 19:02:13.800 1942 3314 D PowerUI : can't show warning due to - plugged: true status unknown: false
11-14 19:04:13.816 1942 2553 D PowerUI : can't show warning due to - plugged: true status unknown: false
11-14 19:05:13.802 1942 3354 D PowerUI : can't show warning due to - plugged: true status unknown: false
11-14 19:07:13.809 1942 3355 D PowerUI : can't show warning due to - plugged: true status unknown: false
11-14 19:08:13.802 1942 3359 D PowerUI : can't show warning due to - plugged: true status unknown: false
11-14 19:09:13.807 1942 3397 D PowerUI : can't show warning due to - plugged: true status unknown: false
11-14 19:09:39.669 1942 3398 D PowerUI : can't show warning due to - plugged: true status unknown: false
11-14 19:10:13.802 1942 3404 D PowerUI : can't show warning due to - plugged: true status unknown: false
11-14 19:11:13.806 1942 3314 D PowerUI : can't show warning due to - plugged: true status unknown: false
11-14 19:12:13.806 1942 2553 D PowerUI : can't show warning due to - plugged: true status unknown: false
11-14 19:14:26.643 1472 1797 D ActivityManager: sync unfroze 20145 com.google.android.googlequicksearchbox:search
11-14 19:14:26.659 1472 1797 D ActivityManager: sync unfroze 12137 com.google.android.apps.betterbug
11-14 19:14:26.671 1472 1797 D ActivityManager: sync unfroze 10916 com.google.android.as.oss
11-14 19:14:26.696 1472 1797 D ActivityManager: sync unfroze 12046 com.google.android.apps.safetyhub
11-14 19:14:26.719 1472 1797 D ActivityManager: sync unfroze 19704 com.google.android.apps.turbo
11-14 19:14:26.748 1472 2615 W JobScheduler: Job didn't exist in JobStore: d5f491b #u0a145/1174 com.google.android.apps.safetyhub/androidx.work.impl.background.systemjob.SystemJobService
11-14 19:14:26.786 1472 3644 D ActivityManager: sync unfroze 9447 com.google.android.as.oss:learning_bg
11-14 19:14:26.809 1472 4786 W JobScheduler: Job didn't exist in JobStore: b4c2bc #u0a148/-353 com.google.android.googlequicksearchbox/com.google.android.apps.gsa.tasks.BackgroundTasksJobService
11-14 19:14:27.061 595 32694 W keystore2: system/security/keystore2/src/remote_provisioning.rs:102 - Error occurred: system/security/keystore2/src/rkpd_client.rs:226: Trying to get to IRegistration service.
11-14 19:14:27.061 595 32694 W keystore2:
11-14 19:14:27.061 595 32694 W keystore2: Caused by:
11-14 19:14:27.061 595 32694 W keystore2: 0: system/security/keystore2/src/rkpd_client.rs:120: Trying to get IRPC name.
11-14 19:14:27.061 595 32694 W keystore2: 1: system/security/keystore2/src/globals.rs:443
11-14 19:14:27.061 595 32694 W keystore2: 2: Error::Km(r#HARDWARE_TYPE_UNAVAILABLE)
11-14 19:14:27.156 595 32694 E keystore2: system/security/keystore2/src/error.rs:180 - system/security/keystore2/src/security_level.rs:622
11-14 19:14:27.156 595 32694 E keystore2:
11-14 19:14:27.156 595 32694 E keystore2: Caused by:
11-14 19:14:27.156 595 32694 E keystore2: 0: system/security/keystore2/src/security_level.rs:620: While generating Key without explicit attestation key.
11-14 19:14:27.156 595 32694 E keystore2: 1: Error::Km(r#CANNOT_ATTEST_IDS)
11-14 19:14:27.664 595 32694 W keystore2: system/security/keystore2/src/remote_provisioning.rs:102 - Error occurred: system/security/keystore2/src/rkpd_client.rs:226: Trying to get to IRegistration service.
11-14 19:14:27.664 595 32694 W keystore2:
11-14 19:14:27.664 595 32694 W keystore2: Caused by:
11-14 19:14:27.664 595 32694 W keystore2: 0: system/security/keystore2/src/rkpd_client.rs:120: Trying to get IRPC name.
11-14 19:14:27.664 595 32694 W keystore2: 1: system/security/keystore2/src/globals.rs:443
11-14 19:14:27.664 595 32694 W keystore2: 2: Error::Km(r#HARDWARE_TYPE_UNAVAILABLE)
11-14 19:14:27.723 595 32694 E keystore2: system/security/keystore2/src/error.rs:180 - system/security/keystore2/src/security_level.rs:622
11-14 19:14:27.723 595 32694 E keystore2:
11-14 19:14:27.723 595 32694 E keystore2: Caused by:
11-14 19:14:27.723 595 32694 E keystore2: 0: system/security/keystore2/src/security_level.rs:620: While generating Key without explicit attestation key.
11-14 19:14:27.723 595 32694 E keystore2: 1: Error::Km(r#CANNOT_ATTEST_IDS)
11-14 19:14:27.876 1472 1987 D ActivityManager: sync unfroze 6263 com.google.android.rkpdapp
11-14 19:14:28.708 1472 1987 W JobScheduler: Job didn't exist in JobStore: 9ae472a #u0a131/-578294288 com.google.android.as.oss/com.google.android.gms.learning.internal.training.InAppJobService
11-14 19:14:28.731 595 32694 W keystore2: system/security/keystore2/src/remote_provisioning.rs:102 - Error occurred: system/security/keystore2/src/rkpd_client.rs:226: Trying to get to IRegistration service.
11-14 19:14:28.731 595 32694 W keystore2:
11-14 19:14:28.731 595 32694 W keystore2: Caused by:
11-14 19:14:28.731 595 32694 W keystore2: 0: system/security/keystore2/src/rkpd_client.rs:120: Trying to get IRPC name.
11-14 19:14:28.731 595 32694 W keystore2: 1: system/security/keystore2/src/globals.rs:443
11-14 19:14:28.731 595 32694 W keystore2: 2: Error::Km(r#HARDWARE_TYPE_UNAVAILABLE)
11-14 19:14:28.780 595 32694 E keystore2: system/security/keystore2/src/error.rs:180 - system/security/keystore2/src/security_level.rs:622
11-14 19:14:28.780 595 32694 E keystore2:
11-14 19:14:28.780 595 32694 E keystore2: Caused by:
11-14 19:14:28.780 595 32694 E keystore2: 0: system/security/keystore2/src/security_level.rs:620: While generating Key without explicit attestation key.
11-14 19:14:28.780 595 32694 E keystore2: 1: Error::Km(r#CANNOT_ATTEST_IDS)
11-14 19:14:30.792 595 32694 W keystore2: system/security/keystore2/src/remote_provisioning.rs:102 - Error occurred: system/security/keystore2/src/rkpd_client.rs:226: Trying to get to IRegistration service.
11-14 19:14:30.792 595 32694 W keystore2:
11-14 19:14:30.792 595 32694 W keystore2: Caused by:
11-14 19:14:30.792 595 32694 W keystore2: 0: system/security/keystore2/src/rkpd_client.rs:120: Trying to get IRPC name.
11-14 19:14:30.792 595 32694 W keystore2: 1: system/security/keystore2/src/globals.rs:443
11-14 19:14:30.792 595 32694 W keystore2: 2: Error::Km(r#HARDWARE_TYPE_UNAVAILABLE)
11-14 19:14:30.868 595 32694 E keystore2: system/security/keystore2/src/error.rs:180 - system/security/keystore2/src/security_level.rs:622
11-14 19:14:30.868 595 32694 E keystore2:
11-14 19:14:30.868 595 32694 E keystore2: Caused by:
11-14 19:14:30.868 595 32694 E keystore2: 0: system/security/keystore2/src/security_level.rs:620: While generating Key without explicit attestation key.
11-14 19:14:30.868 595 32694 E keystore2: 1: Error::Km(r#CANNOT_ATTEST_IDS)
11-14 19:14:34.882 595 32694 W keystore2: system/security/keystore2/src/remote_provisioning.rs:102 - Error occurred: system/security/keystore2/src/rkpd_client.rs:226: Trying to get to IRegistration service.
11-14 19:14:34.882 595 32694 W keystore2:
11-14 19:14:34.882 595 32694 W keystore2: Caused by:
11-14 19:14:34.882 595 32694 W keystore2: 0: system/security/keystore2/src/rkpd_client.rs:120: Trying to get IRPC name.
11-14 19:14:34.882 595 32694 W keystore2: 1: system/security/keystore2/src/globals.rs:443
11-14 19:14:34.882 595 32694 W keystore2: 2: Error::Km(r#HARDWARE_TYPE_UNAVAILABLE)
11-14 19:14:34.957 595 32694 E keystore2: system/security/keystore2/src/error.rs:180 - system/security/keystore2/src/security_level.rs:622
11-14 19:14:34.957 595 32694 E keystore2:
11-14 19:14:34.957 595 32694 E keystore2: Caused by:
11-14 19:14:34.957 595 32694 E keystore2: 0: system/security/keystore2/src/security_level.rs:620: While generating Key without explicit attestation key.
11-14 19:14:34.957 595 32694 E keystore2: 1: Error::Km(r#CANNOT_ATTEST_IDS)
11-14 19:14:36.782 1472 1807 D ActivityManager: freezing 12137 com.google.android.apps.betterbug
11-14 19:14:36.787 1472 1807 D ActivityManager: freezing 12046 com.google.android.apps.safetyhub
11-14 19:14:36.790 1472 1807 D ActivityManager: freezing 19704 com.google.android.apps.turbo
11-14 19:14:36.867 1472 1807 D ActivityManager: freezing 20145 com.google.android.googlequicksearchbox:search
11-14 19:14:37.888 1472 1807 D ActivityManager: freezing 6263 com.google.android.rkpdapp
11-14 19:14:38.692 1472 1807 D ActivityManager: freezing 9447 com.google.android.as.oss:learning_bg
11-14 19:14:38.781 1472 1807 D ActivityManager: freezing 10916 com.google.android.as.oss
11-14 19:14:45.460 595 23131 I keystore2: system/security/keystore2/src/watchdog.rs:319 - Watchdog thread idle -> terminating. Have a great day.
11-14 19:15:24.415 1472 4786 D ActivityManager: sync unfroze 18397 com.google.android.gms
11-14 19:15:34.527 1472 1807 D ActivityManager: freezing 18397 com.google.android.gms
11-14 19:16:13.801 1942 3354 D PowerUI : can't show warning due to - plugged: true status unknown: false
11-14 19:16:13.813 1942 3355 D PowerUI : can't show warning due to - plugged: true status unknown: false
11-14 19:17:13.797 1942 3359 D PowerUI : can't show warning due to - plugged: true status unknown: false
11-14 19:17:16.338 1472 1696 I UsageStatsService: User[0] Flushing usage stats to disk
11-14 19:19:13.807 1942 3397 D PowerUI : can't show warning due to - plugged: true status unknown: false
11-14 19:20:13.811 1942 3398 D PowerUI : can't show warning due to - plugged: true status unknown: false
11-14 19:25:13.804 1942 3404 D PowerUI : can't show warning due to - plugged: true status unknown: false
11-14 19:26:13.806 1942 3314 D PowerUI : can't show warning due to - plugged: true status unknown: false
11-14 19:27:13.805 1942 2553 D PowerUI : can't show warning due to - plugged: true status unknown: false
11-14 19:28:13.804 1942 3354 D PowerUI : can't show warning due to - plugged: true status unknown: false
11-14 19:28:13.816 1942 3355 D PowerUI : can't show warning due to - plugged: true status unknown: false
11-14 19:30:13.802 1942 3359 D PowerUI : can't show warning due to - plugged: true status unknown: false
11-14 19:32:13.806 1942 3397 D PowerUI : can't show warning due to - plugged: true status unknown: false
11-14 19:33:13.804 1942 3398 D PowerUI : can't show warning due to - plugged: true status unknown: false
11-14 19:34:13.806 1942 3404 D PowerUI : can't show warning due to - plugged: true status unknown: false
11-14 19:36:13.803 1942 3314 D PowerUI : can't show warning due to - plugged: true status unknown: false
11-14 19:37:13.804 1942 2553 D PowerUI : can't show warning due to - plugged: true status unknown: false
11-14 19:37:16.386 1472 1696 I UsageStatsService: User[0] Flushing usage stats to disk
11-14 19:38:13.807 1942 3354 D PowerUI : can't show warning due to - plugged: true status unknown: false
11-14 19:39:13.807 1942 3355 D PowerUI : can't show warning due to - plugged: true status unknown: false
11-14 19:39:13.821 1942 3359 D PowerUI : can't show warning due to - plugged: true status unknown: false
11-14 19:40:13.803 1942 3397 D PowerUI : can't show warning due to - plugged: true status unknown: false
11-14 19:41:46.459 1472 4791 D ActivityManager: sync unfroze 2098 com.google.android.permissioncontroller
11-14 19:41:53.422 1472 1697 D ActivityManager: sync unfroze 5139 com.android.providers.calendar
11-14 19:41:53.432 1472 1811 D ActivityManager: sync unfroze 18397 com.google.android.gms
11-14 19:41:53.470 1472 1797 D ActivityManager: sync unfroze 20145 com.google.android.googlequicksearchbox:search
11-14 19:41:53.494 1472 1797 D ActivityManager: sync unfroze 12137 com.google.android.apps.betterbug
11-14 19:41:53.517 1472 1828 I WatchlistLoggingHandler: No need to aggregate record yet.
11-14 19:41:53.518 1472 1828 I WatchlistLoggingHandler: Milliseconds spent on tryAggregateRecords(): 1
11-14 19:41:53.522 1472 1472 D ActivityManager: sync unfroze 12046 com.google.android.apps.safetyhub
11-14 19:41:53.541 1472 1472 D ActivityManager: sync unfroze 16945 com.google.android.apps.turbo:aab
11-14 19:41:53.574 1472 1472 I StorageManagerService: Storage lifetime: 1
11-14 19:41:53.574 1472 4786 D ActivityManager: sync unfroze 10916 com.google.android.as.oss
11-14 19:41:53.578 1472 1472 I StorageManagerService: Set smart idle maintenance: latest write amount: 15, average write amount: 159, min segment threshold: 512, dirty reclaim rate: 0.5, segment reclaim weight: 2.0, period(min): 60, min gc sleep time(ms): 5000, target dirty ratio: 80
11-14 19:41:53.579 548 560 I vold : Enough free segments: 43529
11-14 19:41:53.579 1472 1472 I SmartStorageMaintIdler: Got smart storage maintenance service completion callback
11-14 19:41:53.587 1472 1472 W JobScheduler: Job didn't exist in JobStore: 737b979 #1000/2808 android/com.android.server.SmartStorageMaintIdler
11-14 19:41:53.594 1472 1472 I CDM_CompanionDeviceManagerService: Execute the Association Removal job
11-14 19:41:53.628 1472 23848 D DynamicCodeLogger: Got no hash for /data/user_de/0/com.google.android.gms/app_chimera/m/0000015b/dl-VisionOcr.optional_234313100000.apk
11-14 19:41:53.629 1472 23848 D DynamicCodeLogger: Got no hash for /data/user_de/0/com.google.android.gms/app_chimera/m/00000159/dl-Fastpair.optional_234313100000.apk
11-14 19:41:53.648 1472 4786 D ActivityManager: sync unfroze 9447 com.google.android.as.oss:learning_bg
11-14 19:41:53.657 1472 23848 D DynamicCodeLogger: Got no hash for /data/user_de/0/com.google.android.gms/app_chimera/m/00000164/MeasurementDynamite.apk
11-14 19:41:53.663 1472 23848 D DynamicCodeLogger: Got no hash for /data/user_de/0/com.google.android.gms/app_chimera/m/00000158/dl-BrellaDynamite.optional_234313100400.apk
11-14 19:41:53.665 1472 3644 W JobScheduler: Job didn't exist in JobStore: ceea210 #u0a145/1176 com.google.android.apps.safetyhub/androidx.work.impl.background.systemjob.SystemJobService
11-14 19:41:53.669 1472 3644 D ActivityManager: sync unfroze 19704 com.google.android.apps.turbo
11-14 19:41:53.675 1472 23848 D DynamicCodeLogger: Got no hash for /data/user_de/0/com.google.android.gms/app_chimera/m/0000015f/DynamiteLoader.apk
11-14 19:41:53.701 1472 23848 D DynamicCodeLogger: Got no hash for /data/user_de/0/com.google.android.gms/app_chimera/m/00000157/dl-Games.optional_234313100000.apk
11-14 19:41:53.716 1472 23848 D DynamicCodeLogger: Got no hash for /data/user_de/0/com.google.android.gms/app_chimera/m/00000156/dl-PlayCloudSearch.optional_234313100000.apk
11-14 19:41:53.722 1472 4801 D ActivityManager: sync unfroze 19214 com.google.android.apps.messaging
11-14 19:41:53.754 1472 4791 D ActivityManager: sync unfroze 12005 com.google.process.gservices
11-14 19:41:53.789 1472 23848 D DynamicCodeLogger: Got no hash for /data/user_de/0/com.google.android.gms/app_chimera/m/00000154/dl-MlkitBarcodeUi.optional_234313100400.apk
11-14 19:41:53.842 1472 23848 D DynamicCodeLogger: Got no hash for /data/user_de/0/com.google.android.gms/app_chimera/m/00000153/dl-MlkitOcrCommon.optional_234313100400.apk
11-14 19:41:53.860 1472 23848 D DynamicCodeLogger: Got no hash for /data/user_de/0/com.google.android.gms/app_chimera/m/00000155/dl-GamePlatform.optional_234313190000.apk
11-14 19:41:53.861 1472 23848 D DynamicCodeLogger: Got no hash for /data/user_de/0/com.google.android.gms/app_chimera/m/0000015e/CronetDynamite.apk
11-14 19:41:53.874 1472 3644 W ProcessCpuTracker: Failed to stat(/proc/23903): android.system.ErrnoException: stat failed: ENOENT (No such file or directory)
11-14 19:41:53.874 1472 3644 W ProcessCpuTracker: Skipping unknown process pid 23903
11-14 19:41:53.950 1472 4791 D ActivityManager: sync unfroze 17097 com.google.android.partnersetup
11-14 19:41:53.984 1472 4791 W JobScheduler: Job didn't exist in JobStore: 94b0f50 #u0a115/4096 com.google.android.partnersetup/.InstalledAppJobService
11-14 19:41:53.991 1472 4791 W ProcessStats: Tracking association SourceState{96dfabd com.android.settings/1000 Top #306630} whose proc state 1 is better than process ProcessState{5327e31 com.google.android.settings.intelligence/10159 pkg=com.google.android.settings.intelligence} proc state 6 (263 skipped)
11-14 19:41:54.089 1472 1797 D CompatibilityChangeReporter: Compat change id reported: 271850009; UID 10171; state: ENABLED
11-14 19:41:54.090 1472 1797 D CompatibilityChangeReporter: Compat change id reported: 177438394; UID 10171; state: DISABLED
11-14 19:41:54.091 1472 1797 D CompatibilityChangeReporter: Compat change id reported: 135772972; UID 10171; state: DISABLED
11-14 19:41:54.091 1472 1797 D CompatibilityChangeReporter: Compat change id reported: 135754954; UID 10171; state: ENABLED
11-14 19:41:54.091 1472 1698 D CompatibilityChangeReporter: Compat change id reported: 143937733; UID 10171; state: ENABLED
11-14 19:41:54.093 1472 1797 D CompatibilityChangeReporter: Compat change id reported: 271850009; UID 10173; state: ENABLED
11-14 19:41:54.095 1472 1797 D ActivityManager: sync unfroze 16210 com.google.android.calendar
11-14 19:41:54.107 1472 1698 I ActivityManager: Start proc 23920:com.google.android.apps.docs/u0a171 for service {com.google.android.apps.docs/com.google.android.libraries.notifications.entrypoints.scheduled.ScheduledTaskService}
11-14 19:41:54.157 1472 3644 D CompatibilityChangeReporter: Compat change id reported: 168419799; UID 10171; state: DISABLED
11-14 19:41:54.158 1472 3644 D CompatibilityChangeReporter: Compat change id reported: 273564678; UID 10171; state: DISABLED
11-14 19:41:54.162 1472 1797 D CompatibilityChangeReporter: Compat change id reported: 265195908; UID 10171; state: ENABLED
11-14 19:41:54.183 1472 1695 D CompatibilityChangeReporter: Compat change id reported: 170503758; UID 10171; state: ENABLED
11-14 19:41:54.236 1472 1695 D CompatibilityChangeReporter: Compat change id reported: 177438394; UID 10174; state: DISABLED
11-14 19:41:54.236 1472 1695 D CompatibilityChangeReporter: Compat change id reported: 135772972; UID 10174; state: DISABLED
11-14 19:41:54.236 1472 1695 D CompatibilityChangeReporter: Compat change id reported: 135754954; UID 10174; state: ENABLED
11-14 19:41:54.237 1472 1698 D CompatibilityChangeReporter: Compat change id reported: 143937733; UID 10174; state: ENABLED
11-14 19:41:54.256 1472 1698 I ActivityManager: Start proc 23940:com.google.android.gm/u0a174 for service {com.google.android.gm/com.google.android.libraries.notifications.entrypoints.scheduled.ScheduledTaskService}
11-14 19:41:54.283 1472 3644 D CompatibilityChangeReporter: Compat change id reported: 168419799; UID 10174; state: DISABLED
11-14 19:41:54.283 1472 3644 D CompatibilityChangeReporter: Compat change id reported: 273564678; UID 10174; state: DISABLED
11-14 19:41:54.286 1472 1797 D CompatibilityChangeReporter: Compat change id reported: 265195908; UID 10174; state: ENABLED
11-14 19:41:54.293 1472 3644 D CompatibilityChangeReporter: Compat change id reported: 170503758; UID 10174; state: ENABLED
11-14 19:41:54.301 1472 3644 D CompatibilityChangeReporter: Compat change id reported: 271850009; UID 10185; state: ENABLED
11-14 19:41:54.304 1472 3644 D ActivityManager: sync unfroze 31802 com.google.android.contacts
11-14 19:41:54.353 1472 1797 D ActivityManager: sync unfroze 19250 com.android.vending:instant_app_installer
11-14 19:41:54.394 1472 1695 D ActivityManager: sync unfroze 6263 com.google.android.rkpdapp
11-14 19:41:54.428 1472 1695 D CompatibilityChangeReporter: Compat change id reported: 161145287; UID 10171; state: DISABLED
11-14 19:41:54.469 1472 1987 D CompatibilityChangeReporter: Compat change id reported: 261072174; UID 10171; state: DISABLED
11-14 19:41:54.628 1472 1695 D ActivityManager: sync unfroze 19779 com.google.android.apps.photos
11-14 19:41:54.659 1472 1987 I ActivityManager: Flag disabled. Ignoring finishAttachApplication from uid: 10171. pid: 23920
11-14 19:41:54.927 1472 3716 V BackupManagerConstants: getKeyValueBackupIntervalMilliseconds(...) returns 14400000
11-14 19:41:54.927 1472 3716 V BackupManagerConstants: getKeyValueBackupFuzzMilliseconds(...) returns 600000
11-14 19:41:54.927 1472 3716 V BackupManagerConstants: getKeyValueBackupRequiredNetworkType(...) returns 1
11-14 19:41:54.927 1472 3716 V BackupManagerConstants: getKeyValueBackupRequireCharging(...) returns true
11-14 19:41:54.927 1472 3716 V KeyValueBackupJob: Scheduling k/v pass in 249 minutes
11-14 19:41:54.985 1472 1797 D ActivityManager: sync unfroze 18837 com.google.android.dialer
11-14 19:41:55.030 1472 4801 D ActivityManager: pid 25489 android.process.acore received sync transactions while frozen, killing
11-14 19:41:55.030 1472 4801 I ActivityManager: Killing 25489:android.process.acore/u0a74 (adj 0): Sync transaction while in frozen state
11-14 19:41:55.111 31802 31802 I ActivityThread: Removing dead content provider:android.content.ContentProviderProxy@fbbcc02
11-14 19:41:55.111 31802 31802 I ActivityThread: Removing dead content provider:android.content.ContentProviderProxy@fbbcc02
11-14 19:41:55.112 1472 1686 D DisplayManagerService: Drop pending events for gone uid 10074
11-14 19:41:55.262 1472 1987 D CompatibilityChangeReporter: Compat change id reported: 161145287; UID 10174; state: DISABLED
11-14 19:41:55.365 1472 4956 D CompatibilityChangeReporter: Compat change id reported: 261072174; UID 10174; state: DISABLED
11-14 19:41:55.403 1472 4791 D CompatibilityChangeReporter: Compat change id reported: 135634846; UID 10074; state: DISABLED
11-14 19:41:55.403 1472 4791 D CompatibilityChangeReporter: Compat change id reported: 177438394; UID 10074; state: DISABLED
11-14 19:41:55.403 1472 4791 D CompatibilityChangeReporter: Compat change id reported: 135772972; UID 10074; state: DISABLED
11-14 19:41:55.403 1472 4791 D CompatibilityChangeReporter: Compat change id reported: 135754954; UID 10074; state: ENABLED
11-14 19:41:55.404 1472 1698 D CompatibilityChangeReporter: Compat change id reported: 143937733; UID 10074; state: ENABLED
11-14 19:41:55.418 1472 1698 I ActivityManager: Start proc 24082:android.process.acore/u0a74 for content provider {com.android.providers.contacts/com.android.providers.contacts.ContactsProvider2}
11-14 19:41:55.430 1472 4791 I ActivityManager: Flag disabled. Ignoring finishAttachApplication from uid: 10174. pid: 23940
11-14 19:41:55.443 1472 2615 D CompatibilityChangeReporter: Compat change id reported: 253665015; UID 10174; state: ENABLED
11-14 19:41:55.443 1472 2615 D CompatibilityChangeReporter: Compat change id reported: 194532703; UID 10174; state: ENABLED
11-14 19:41:55.444 1472 4791 D CompatibilityChangeReporter: Compat change id reported: 168419799; UID 10074; state: DISABLED
11-14 19:41:55.444 1472 4791 D CompatibilityChangeReporter: Compat change id reported: 273564678; UID 10074; state: DISABLED
11-14 19:41:55.462 1472 4956 D CompatibilityChangeReporter: Compat change id reported: 170503758; UID 10074; state: ENABLED
11-14 19:41:55.544 1472 1721 I AppsFilter: interaction: PackageSetting{ed157f1 org.qtproject.example.qmlchart/10248} -> PackageSetting{6bd8acf com.google.android.apps.docs/10171} BLOCKED
11-14 19:41:55.544 1472 1721 I AppsFilter: interaction: PackageSetting{f222257 org.qtproject.example.vulkanunderqml/10267} -> PackageSetting{6bd8acf com.google.android.apps.docs/10171} BLOCKED
11-14 19:41:55.544 1472 1721 I AppsFilter: interaction: PackageSetting{e495144 com.qt.finweather/10286} -> PackageSetting{6bd8acf com.google.android.apps.docs/10171} BLOCKED
11-14 19:41:55.544 1472 1721 I AppsFilter: interaction: PackageSetting{a92822d org.qtproject.example.appQTBUG_38700_example/10269} -> PackageSetting{6bd8acf com.google.android.apps.docs/10171} BLOCKED
11-14 19:41:55.544 1472 1721 I AppsFilter: interaction: PackageSetting{fd95362 org.qtproject.example.minimal_qml/10262} -> PackageSetting{6bd8acf com.google.android.apps.docs/10171} BLOCKED
11-14 19:41:55.544 1472 1721 I AppsFilter: interaction: PackageSetting{6bc8cf3 org.qtproject.example.qmloscilloscope/10255} -> PackageSetting{6bd8acf com.google.android.apps.docs/10171} BLOCKED
11-14 19:41:55.544 1472 1721 I AppsFilter: interaction: PackageSetting{82c3db0 org.qtproject.example.calqlatrexample/10266} -> PackageSetting{6bd8acf com.google.android.apps.docs/10171} BLOCKED
11-14 19:41:55.544 1472 1721 I AppsFilter: interaction: PackageSetting{bc21429 org.qtproject.example.appqt66beta1androidquickexample/10256} -> PackageSetting{6bd8acf com.google.android.apps.docs/10171} BLOCKED
11-14 19:41:55.544 1472 1721 I AppsFilter: interaction: PackageSetting{47d43ae org.qtproject.example.coffee/10279} -> PackageSetting{6bd8acf com.google.android.apps.docs/10171} BLOCKED
11-14 19:41:55.545 1472 1721 I AppsFilter: interaction: PackageSetting{a89054f org.qtproject.example.contactlist/10252} -> PackageSetting{6bd8acf com.google.android.apps.docs/10171} BLOCKED
11-14 19:41:55.545 1472 1721 I AppsFilter: interaction: PackageSetting{60f84dc org.qtproject.example.appmuu/10287} -> PackageSetting{6bd8acf com.google.android.apps.docs/10171} BLOCKED
11-14 19:41:55.545 1472 1721 I AppsFilter: interaction: PackageSetting{d3ec9e5 org.qtproject.example.qtbug98766_compat/10289} -> PackageSetting{6bd8acf com.google.android.apps.docs/10171} BLOCKED
11-14 19:41:55.545 1472 1721 I AppsFilter: interaction: PackageSetting{15decba org.qtproject.example.galleryexample/10265} -> PackageSetting{6bd8acf com.google.android.apps.docs/10171} BLOCKED
11-14 19:41:55.545 1472 1721 I AppsFilter: interaction: PackageSetting{4faa76b org.qtproject.example.objectlistmodelexample/10263} -> PackageSetting{6bd8acf com.google.android.apps.docs/10171} BLOCKED
11-14 19:41:55.545 1472 1721 I AppsFilter: interaction: PackageSetting{57e12c8 org.qtproject.example.testFont/10270} -> PackageSetting{6bd8acf com.google.android.apps.docs/10171} BLOCKED
11-14 19:41:55.545 1472 1721 I AppsFilter: interaction: PackageSetting{f171f61 org.qtproject.example.widgetdeom/10259} -> PackageSetting{6bd8acf com.google.android.apps.docs/10171} BLOCKED
11-14 19:41:55.545 1472 1721 I AppsFilter: interaction: PackageSetting{e6e1a86 org.qtproject.example.declarative_camera/10253} -> PackageSetting{6bd8acf com.google.android.apps.docs/10171} BLOCKED
11-14 19:41:55.545 1472 1721 I AppsFilter: interaction: PackageSetting{4ba7c6b org.qtproject.example.vulkanunderqmlapp/10292} -> PackageSetting{6bd8acf com.google.android.apps.docs/10171} BLOCKED
11-14 19:41:55.545 1472 1721 I AppsFilter: interaction: PackageSetting{a9a4f47 com.test.ouluweather/10268} -> PackageSetting{6bd8acf com.google.android.apps.docs/10171} BLOCKED
11-14 19:41:55.545 1472 1721 I AppsFilter: interaction: PackageSetting{fc59374 com.google.android.microdroid.empty_payload/10246} -> PackageSetting{6bd8acf com.google.android.apps.docs/10171} BLOCKED
11-14 19:41:55.545 1472 1721 I AppsFilter: interaction: PackageSetting{9c5509d org.qtproject.example.calendarwidget/10278} -> PackageSetting{6bd8acf com.google.android.apps.docs/10171} BLOCKED
11-14 19:41:55.545 1472 1721 I AppsFilter: interaction: PackageSetting{e015912 org.qtproject.example.QTBUG97503/10284} -> PackageSetting{6bd8acf com.google.android.apps.docs/10171} BLOCKED
11-14 19:41:55.545 1472 1721 I AppsFilter: interaction: PackageSetting{5a298e3 org.qtproject.example.unicode_bug/10280} -> PackageSetting{6bd8acf com.google.android.apps.docs/10171} BLOCKED
11-14 19:41:55.545 1472 1721 I AppsFilter: interaction: PackageSetting{36272e0 com.example.qtbug/10276} -> PackageSetting{6bd8acf com.google.android.apps.docs/10171} BLOCKED
11-14 19:41:55.545 1472 1721 I AppsFilter: interaction: PackageSetting{92b5999 org.qtproject.example.implicit_height/10275} -> PackageSetting{6bd8acf com.google.android.apps.docs/10171} BLOCKED
11-14 19:41:55.545 1472 1721 I AppsFilter: interaction: PackageSetting{217f45e org.qtproject.example.simplemqttclient/10254} -> PackageSetting{6bd8acf com.google.android.apps.docs/10171} BLOCKED
11-14 19:41:55.545 1472 1721 I AppsFilter: interaction: PackageSetting{f5be03f org.qtproject.example.qtbug90324/10271} -> PackageSetting{6bd8acf com.google.android.apps.docs/10171} BLOCKED
11-14 19:41:55.545 1472 1721 I AppsFilter: interaction: PackageSetting{82bdd0c org.qtproject.example.qtbug87334/10247} -> PackageSetting{6bd8acf com.google.android.apps.docs/10171} BLOCKED
11-14 19:41:55.545 1472 1721 I AppsFilter: interaction: PackageSetting{b4ef655 org.qtproject.example.qtbug40728/10273} -> PackageSetting{6bd8acf com.google.android.apps.docs/10171} BLOCKED
11-14 19:41:55.545 1472 1721 I AppsFilter: interaction: PackageSetting{a6af86a org.qtproject.example.Android_keyboard_cover/10283} -> PackageSetting{6bd8acf com.google.android.apps.docs/10171} BLOCKED
11-14 19:41:55.545 1472 1721 I AppsFilter: interaction: PackageSetting{338415b org.qtproject.example.appqtbug98776_for_qtbug114437/10281} -> PackageSetting{6bd8acf com.google.android.apps.docs/10171} BLOCKED
11-14 19:41:55.545 1472 1721 I AppsFilter: interaction: PackageSetting{a3fbdf8 org.qtproject.example/10282} -> PackageSetting{6bd8acf com.google.android.apps.docs/10171} BLOCKED
11-14 19:41:55.545 1472 1721 I AppsFilter: interaction: PackageSetting{ed5a2d1 org.qtproject.example.textfinder/10272} -> PackageSetting{6bd8acf com.google.android.apps.docs/10171} BLOCKED
11-14 19:41:55.545 1472 1721 I AppsFilter: interaction: PackageSetting{7383136 org.qtproject.example.openglunderqml/10251} -> PackageSetting{6bd8acf com.google.android.apps.docs/10171} BLOCKED
11-14 19:41:55.545 1472 1721 I AppsFilter: interaction: PackageSetting{7af9837 org.qtproject.example.texteditor/10285} -> PackageSetting{6bd8acf com.google.android.apps.docs/10171} BLOCKED
11-14 19:41:55.545 1472 1721 I AppsFilter: interaction: PackageSetting{7aec1a4 org.qtproject.example.hellocube/10258} -> PackageSetting{6bd8acf com.google.android.apps.docs/10171} BLOCKED
11-14 19:41:55.546 1472 1721 I AppsFilter: interaction: PackageSetting{d409b0d org.qtproject.example.texteditorexample/10290} -> PackageSetting{6bd8acf com.google.android.apps.docs/10171} BLOCKED
11-14 19:41:55.546 1472 1721 I AppsFilter: interaction: PackageSetting{cce2ac2 org.qtproject.example.contactlistexample/10277} -> PackageSetting{6bd8acf com.google.android.apps.docs/10171} BLOCKED
11-14 19:41:55.546 1472 1721 I AppsFilter: interaction: PackageSetting{8db80d3 org.qtproject.example.highdpi/10288} -> PackageSetting{6bd8acf com.google.android.apps.docs/10171} BLOCKED
11-14 19:41:55.546 1472 1721 I AppsFilter: interaction: PackageSetting{ce85410 org.qtproject.example.deleteme/10291} -> PackageSetting{6bd8acf com.google.android.apps.docs/10171} BLOCKED
11-14 19:41:55.546 1472 1721 I AppsFilter: interaction: PackageSetting{ce8db09 org.qtproject.example.quickspeech/10274} -> PackageSetting{6bd8acf com.google.android.apps.docs/10171} BLOCKED
11-14 19:41:55.562 1472 1797 D CompatibilityChangeReporter: Compat change id reported: 218533173; UID 10171; state: ENABLED
11-14 19:41:55.562 1472 1797 D CompatibilityChangeReporter: Compat change id reported: 262645982; UID 10171; state: DISABLED
