11-14 22:17:47.693 923 30574 I ExynosC2H264DecComponent: [onUpdateC2Work] output detects EOS !!
11-14 22:17:47.728 30243 30572 W CCodecBufferChannel: no present fence for frame 2224
11-14 22:17:47.828 30243 30572 W CCodecBufferChannel: no present fence for frame 2225
11-14 22:17:47.828 30243 30572 W CCodecBufferChannel: no present fence for frame 2226
11-14 22:17:47.828 30243 30572 W CCodecBufferChannel: no present fence for frame 2227
11-14 22:17:47.962 30243 30572 W CCodecBufferChannel: no present fence for frame 2228
11-14 22:17:47.962 30243 30572 W CCodecBufferChannel: no present fence for frame 2229
11-14 22:17:48.322 30243 30572 W CCodecBufferChannel: no present fence for frame 2230
11-14 22:17:48.322 30243 30572 W CCodecBufferChannel: no present fence for frame 2231
11-14 22:17:48.348 1472 1688 I DisplayDeviceRepository: Display device changed: DisplayDeviceInfo{"Built-in Screen": uniqueId="local:4619827677550801152", 1080 x 2400, modeId 1, renderFrameRate 60.0, defaultModeId 1, supportedModes [{id=1, width=1080, height=2400, fps=60.0, alternativeRefreshRates=[], supportedHdrTypes=[2, 3, 4]}], colorMode 0, supportedColorModes [0, 7, 9], hdrCapabilities HdrCapabilities{mSupportedHdrTypes=[2, 3, 4], mMaxLuminance=800.0, mMaxAverageLuminance=120.0, mMinLuminance=5.0E-4}, allmSupported false, gameContentTypeSupported false, density 420, 428.625 x 429.295 dpi, appVsyncOff 6233334, presDeadline 11500000, cutout DisplayCutout{insets=Rect(0, 132 - 0, 0) waterfall=Insets{left=0, top=0, right=0, bottom=0} boundingRect={Bounds=[Rect(0, 0 - 0, 0), Rect(480, 0 - 625, 132), Rect(0, 0 - 0, 0), Rect(0, 0 - 0, 0)]} cutoutPathParserInfo={CutoutPathParserInfo{displayWidth=1080 displayHeight=2400 physicalDisplayWidth=1080 physicalDisplayHeight=2400 density={2.625} cutoutSpec={M 507,66 a 33,33 0 1 0 66,0 33,33 0 1 0 -66,0 Z @left} rotation={0} scale={1.0} physicalPixelDisplaySizeRatio={1.0}}}}, touch INTERNAL, rotation 0, type INTERNAL, address {port=0, model=0x401ceccbbbeef1}, deviceProductInfo DeviceProductInfo{name=Common Panel, manufacturerPnpId=GGL, productId=0, modelYear=null, manufactureDate=ManufactureDate{week=1, year=1990}, connectionToSinkType=0}, state ON, committedState ON, frameRateOverride , brightnessMinimum 0.0, brightnessMaximum 1.0, brightnessDefault 0.17293233, hdrSdrRatio 1.0, roundedCorners RoundedCorners{[RoundedCorner{position=TopLeft, radius=47, center=Point(47, 47)}, RoundedCorner{position=TopRight, radius=47, center=Point(1033, 47)}, RoundedCorner{position=BottomRight, radius=48, center=Point(1032, 2352)}, RoundedCorner{position=BottomLeft, radius=48, center=Point(48, 2352)}]}, FLAG_ALLOWED_TO_BE_DEFAULT_DISPLAY, FLAG_ROTATES_WITH_CONTENT, FLAG_SECURE, FLAG_SUPPORTS_PROTECTED_BUFFERS, FLAG_TRUSTED, installOrientation 0, displayShape DisplayShape{ spec=903784421 displayWidth=1080 displayHeight=2400 physicalPixelDisplaySizeRatio=1.0 rotation=0 offsetX=0 offsetY=0 scale=1.0}}
11-14 22:17:48.352 1472 1688 D DisplayManagerService: Ignore redundant display event 0/2 to 10292/30368
11-14 22:17:48.858 30243 30572 W CCodecBufferChannel: no present fence for frame 2232
11-14 22:17:48.858 30243 30572 W CCodecBufferChannel: no present fence for frame 2233
11-14 22:17:49.137 30243 30569 I Surface : Surface::setFrameRate is deprecated, setFrameRate hint is dropped as destination is not SurfaceFlinger
11-14 22:17:49.144 30243 30569 D MediaCodec: keep callback message for reclaim
11-14 22:17:49.145 30243 30572 I CCodecConfig: query failed after returning 15 values (BAD_INDEX)
11-14 22:17:49.145 30243 30572 W Codec2Client: query -- param skipped: index = 1073743886.
11-14 22:17:49.145 30243 30572 W Codec2Client: query -- param skipped: index = 1610614798.
11-14 22:17:49.164 3703 5916 D MediaProvider: Open with FUSE. FilePath: /storage/emulated/0/QTBUG-107883-quickcontrols-texteditor-qt660.mp4. Uid: 10192. Media Capabilities Uid: 0. ShouldRedact: false. ShouldTranscode: false
11-14 22:17:49.191 923 30574 I ExynosC2H264DecComponent: [updateC2Buffer_ColorAspects] HDR :: color aspects(r:2, p:0x1, t:0x3, m:0x1)
11-14 22:17:49.191 30243 30521 D CCodecBufferChannel: [c2.exynos.h264.decoder#302] Ignoring stale input buffer done callback: last flush index = 2912, frameIndex = 2912
11-14 22:17:49.202 30243 30569 I Surface : Surface::setFrameRate is deprecated, setFrameRate hint is dropped as destination is not SurfaceFlinger
11-14 22:17:49.408 30243 30572 W CCodecBufferChannel: no present fence for frame 2236
11-14 22:17:49.475 936 936 I WifiHAL : Creating message to get link statistics; iface = 47
11-14 22:17:49.552 30243 30572 W CCodecBufferChannel: no present fence for frame 2237
11-14 22:17:49.581 936 936 I WifiHAL : In GetLinkStatsCommand::handleResponse
11-14 22:17:49.584 936 936 E IPCThreadState: binder thread pool (1 threads) starved for 109 ms
11-14 22:17:49.620 1942 1942 D StatusBarIconController: ignoring old pipeline callback because the new wifi icon is enabled
11-14 22:17:49.626 1472 1871 D ConnectivityService: NetReassign [no changes] [c 0] [a 0] [i 3]
11-14 22:17:49.903 30243 30572 W CCodecBufferChannel: no present fence for frame 2238
11-14 22:17:50.046 30655 30655 I trusty_metricsd: starting trusty_metricsd
11-14 22:17:50.046 30655 30655 I trusty_metricsd: trusty dev: /dev/trusty-ipc-dev0
11-14 22:17:50.050 30655 30655 E libtrusty: tipc_connect: can't connect to tipc service "com.android.trusty.metrics" (err=107)
11-14 22:17:50.051 30655 30655 E trusty_metricsd: failed to open TrustyMetricsPixel: failed to connect to Trusty metrics TA: Transport endpoint is not connected
11-14 22:17:50.051 30655 30655 E trusty_metricsd: failed to open Trusty metrics client
11-14 22:17:50.059 30243 30572 W CCodecBufferChannel: no present fence for frame 2239
11-14 22:17:50.073 30656 30656 I flags_health_check: ServerConfigurableFlagsReset reset_mode value: 1
11-14 22:17:50.073 30656 30656 I flags_health_check: ServerConfigurableFlagsReset updatable crashing detected, resetting flags.
11-14 22:17:50.412 30243 30572 W CCodecBufferChannel: no present fence for frame 2240
11-14 22:17:50.558 30243 30572 W CCodecBufferChannel: no present fence for frame 2241
11-14 22:17:50.907 30243 30572 W CCodecBufferChannel: no present fence for frame 2242
11-14 22:17:51.058 30243 30572 W CCodecBufferChannel: no present fence for frame 2243
11-14 22:17:51.064 923 1940 D BufferPoolAccessor2.0: evictor expired: 1, evicted: 0
11-14 22:17:51.202 30243 30572 W CCodecBufferChannel: no present fence for frame 2244
11-14 22:17:51.411 30243 30572 W CCodecBufferChannel: no present fence for frame 2245
11-14 22:17:51.411 30243 30572 W CCodecBufferChannel: no present fence for frame 2246
11-14 22:17:51.411 30243 30572 W CCodecBufferChannel: no present fence for frame 2247
11-14 22:17:51.411 30243 30572 W CCodecBufferChannel: no present fence for frame 2248
11-14 22:17:51.411 30243 30572 W CCodecBufferChannel: no present fence for frame 2249
11-14 22:17:51.411 30243 30572 W CCodecBufferChannel: no present fence for frame 2250
11-14 22:17:51.411 30243 30572 W CCodecBufferChannel: no present fence for frame 2251
11-14 22:17:51.411 30243 30572 W CCodecBufferChannel: no present fence for frame 2252
11-14 22:17:51.557 30243 30572 W CCodecBufferChannel: no present fence for frame 2253
11-14 22:17:51.908 30243 30572 W CCodecBufferChannel: no present fence for frame 2254
11-14 22:17:52.063 30243 30572 W CCodecBufferChannel: no present fence for frame 2255
11-14 22:17:52.065 923 1940 D BufferPoolAccessor2.0: evictor expired: 1, evicted: 0
11-14 22:17:52.409 30243 30572 W CCodecBufferChannel: no present fence for frame 2256
11-14 22:17:52.574 30243 30572 W CCodecBufferChannel: no present fence for frame 2257
11-14 22:17:52.657 30243 30572 D BufferPoolAccessor2.0: bufferpool2 0xb4000070f4271738 : 5(36700160 size) total buffers - 1(7340032 size) used buffers - 2952/2957 (recycle/alloc) - 60/2945 (fetch/transfer)
11-14 22:17:52.768 30243 30572 W CCodecBufferChannel: no present fence for frame 2258
11-14 22:17:52.769 30243 30572 W CCodecBufferChannel: no present fence for frame 2259
11-14 22:17:52.840 30243 30572 W CCodecBufferChannel: no present fence for frame 2260
11-14 22:17:52.840 30243 30572 W CCodecBufferChannel: no present fence for frame 2261
11-14 22:17:52.840 30243 30572 W CCodecBufferChannel: no present fence for frame 2262
11-14 22:17:52.976 30243 30572 W CCodecBufferChannel: no present fence for frame 2263
11-14 22:17:53.050 30243 30572 W CCodecBufferChannel: no present fence for frame 2264
11-14 22:17:53.050 30243 30572 W CCodecBufferChannel: no present fence for frame 2265
11-14 22:17:53.050 30243 30572 W CCodecBufferChannel: no present fence for frame 2266
11-14 22:17:53.446 28817 29066 W TimedProcessReaper: Memory state is: 125
11-14 22:17:53.564 30243 30572 W CCodecBufferChannel: no present fence for frame 2267
11-14 22:17:53.564 30243 30572 W CCodecBufferChannel: no present fence for frame 2268
11-14 22:17:53.564 30243 30572 W CCodecBufferChannel: no present fence for frame 2269
11-14 22:17:53.564 30243 30572 W CCodecBufferChannel: no present fence for frame 2270
11-14 22:17:53.831 30243 30572 W CCodecBufferChannel: no present fence for frame 2271
11-14 22:17:53.972 30243 30572 W CCodecBufferChannel: no present fence for frame 2272
11-14 22:17:53.994 30243 30572 W CCodecBufferChannel: no present fence for frame 2273
11-14 22:17:54.012 30243 30572 W CCodecBufferChannel: no present fence for frame 2274
11-14 22:17:54.022 30243 30572 W CCodecBufferChannel: no present fence for frame 2275
11-14 22:17:54.043 30243 30572 W CCodecBufferChannel: no present fence for frame 2276
11-14 22:17:54.063 30243 30572 W CCodecBufferChannel: no present fence for frame 2277
11-14 22:17:54.073 30243 30572 W CCodecBufferChannel: no present fence for frame 2278
11-14 22:17:54.094 30243 30572 W CCodecBufferChannel: no present fence for frame 2279
11-14 22:17:54.115 30243 30572 W CCodecBufferChannel: no present fence for frame 2280
11-14 22:17:54.125 30243 30572 W CCodecBufferChannel: no present fence for frame 2281
11-14 22:17:54.144 30243 30572 W CCodecBufferChannel: no present fence for frame 2282
11-14 22:17:54.165 30243 30572 W CCodecBufferChannel: no present fence for frame 2283
11-14 22:17:54.175 30243 30572 W CCodecBufferChannel: no present fence for frame 2284
11-14 22:17:54.195 30243 30572 W CCodecBufferChannel: no present fence for frame 2285
11-14 22:17:54.205 30243 30572 W CCodecBufferChannel: no present fence for frame 2286
11-14 22:17:54.225 30243 30572 W CCodecBufferChannel: no present fence for frame 2287
11-14 22:17:54.247 30243 30572 W CCodecBufferChannel: no present fence for frame 2288
11-14 22:17:54.256 30243 30572 W CCodecBufferChannel: no present fence for frame 2289
11-14 22:17:54.275 30243 30572 W CCodecBufferChannel: no present fence for frame 2290
11-14 22:17:54.296 30243 30572 W CCodecBufferChannel: no present fence for frame 2291
11-14 22:17:54.307 30243 30572 W CCodecBufferChannel: no present fence for frame 2292
11-14 22:17:54.326 30243 30572 W CCodecBufferChannel: no present fence for frame 2293
11-14 22:17:54.346 30243 30572 W CCodecBufferChannel: no present fence for frame 2294
11-14 22:17:54.541 30243 30572 W CCodecBufferChannel: no present fence for frame 2295
11-14 22:17:54.541 30243 30572 W CCodecBufferChannel: no present fence for frame 2296
11-14 22:17:54.541 30243 30572 W CCodecBufferChannel: no present fence for frame 2297
11-14 22:17:54.541 30243 30572 W CCodecBufferChannel: no present fence for frame 2298
11-14 22:17:54.541 30243 30572 W CCodecBufferChannel: no present fence for frame 2299
11-14 22:17:54.541 30243 30572 W CCodecBufferChannel: no present fence for frame 2300
11-14 22:17:54.541 30243 30572 W CCodecBufferChannel: no present fence for frame 2301
11-14 22:17:54.541 30243 30572 W CCodecBufferChannel: no present fence for frame 2302
11-14 22:17:54.541 30243 30572 W CCodecBufferChannel: no present fence for frame 2303
11-14 22:17:55.065 30243 30572 W CCodecBufferChannel: no present fence for frame 2304
11-14 22:17:55.077 30657 30657 I trusty_metricsd: starting trusty_metricsd
11-14 22:17:55.077 30657 30657 I trusty_metricsd: trusty dev: /dev/trusty-ipc-dev0
11-14 22:17:55.078 30657 30657 E libtrusty: tipc_connect: can't connect to tipc service "com.android.trusty.metrics" (err=107)
11-14 22:17:55.078 30657 30657 E trusty_metricsd: failed to open TrustyMetricsPixel: failed to connect to Trusty metrics TA: Transport endpoint is not connected
11-14 22:17:55.078 30657 30657 E trusty_metricsd: failed to open Trusty metrics client
11-14 22:17:55.108 30658 30658 I flags_health_check: ServerConfigurableFlagsReset reset_mode value: 1
11-14 22:17:55.109 30658 30658 I flags_health_check: ServerConfigurableFlagsReset updatable crashing detected, resetting flags.
11-14 22:17:55.517 30243 30572 W CCodecBufferChannel: no present fence for frame 2305
11-14 22:17:55.518 30243 30572 W CCodecBufferChannel: no present fence for frame 2306
11-14 22:17:55.622 936 936 I WifiHAL : Creating message to get link statistics; iface = 47
11-14 22:17:55.676 30243 30572 W CCodecBufferChannel: no present fence for frame 2307
11-14 22:17:55.676 30243 30572 W CCodecBufferChannel: no present fence for frame 2308
11-14 22:17:55.707 30243 30572 W CCodecBufferChannel: no present fence for frame 2309
11-14 22:17:55.723 936 936 I WifiHAL : In GetLinkStatsCommand::handleResponse
11-14 22:17:55.726 936 936 E IPCThreadState: binder thread pool (1 threads) starved for 103 ms
11-14 22:17:55.747 30243 30572 W CCodecBufferChannel: no present fence for frame 2310
11-14 22:17:55.758 30243 30572 W CCodecBufferChannel: no present fence for frame 2311
11-14 22:17:55.758 1942 1942 D StatusBarIconController: ignoring old pipeline callback because the new wifi icon is enabled
11-14 22:17:55.762 1472 1871 D ConnectivityService: NetReassign [no changes] [c 0] [a 0] [i 3]
11-14 22:17:55.777 30243 30572 W CCodecBufferChannel: no present fence for frame 2312
11-14 22:17:55.797 30243 30572 W CCodecBufferChannel: no present fence for frame 2313
11-14 22:17:55.829 30243 30572 W CCodecBufferChannel: no present fence for frame 2314
11-14 22:17:55.848 30243 30572 W CCodecBufferChannel: no present fence for frame 2315
11-14 22:17:55.858 30243 30572 W CCodecBufferChannel: no present fence for frame 2316
11-14 22:17:55.899 30243 30572 W CCodecBufferChannel: no present fence for frame 2317
11-14 22:17:55.908 30243 30572 W CCodecBufferChannel: no present fence for frame 2318
11-14 22:17:56.052 30243 30572 W CCodecBufferChannel: no present fence for frame 2319
11-14 22:17:56.052 30243 30572 W CCodecBufferChannel: no present fence for frame 2320
11-14 22:17:56.052 30243 30572 W CCodecBufferChannel: no present fence for frame 2321
11-14 22:17:56.052 30243 30572 W CCodecBufferChannel: no present fence for frame 2322
11-14 22:17:56.052 30243 30572 W CCodecBufferChannel: no present fence for frame 2323
11-14 22:17:56.052 30243 30572 W CCodecBufferChannel: no present fence for frame 2324
11-14 22:17:56.052 30243 30572 W CCodecBufferChannel: no present fence for frame 2325
11-14 22:17:56.052 30243 30572 W CCodecBufferChannel: no present fence for frame 2326
11-14 22:17:56.062 30243 30572 W CCodecBufferChannel: no present fence for frame 2327
11-14 22:17:56.196 30243 30572 W CCodecBufferChannel: no present fence for frame 2328
11-14 22:17:56.219 30243 30572 W CCodecBufferChannel: no present fence for frame 2329
11-14 22:17:56.280 30243 30572 W CCodecBufferChannel: no present fence for frame 2330
11-14 22:17:56.300 30243 30572 W CCodecBufferChannel: no present fence for frame 2331
11-14 22:17:56.311 30243 30572 W CCodecBufferChannel: no present fence for frame 2332
11-14 22:17:56.330 30243 30572 W CCodecBufferChannel: no present fence for frame 2333
11-14 22:17:56.350 30243 30572 W CCodecBufferChannel: no present fence for frame 2334
11-14 22:17:56.362 30243 30572 W CCodecBufferChannel: no present fence for frame 2335
11-14 22:17:56.391 30243 30572 W CCodecBufferChannel: no present fence for frame 2336
11-14 22:17:56.391 30243 30572 W CCodecBufferChannel: no present fence for frame 2337
11-14 22:17:56.431 30243 30572 W CCodecBufferChannel: no present fence for frame 2338
11-14 22:17:56.462 30243 30572 W CCodecBufferChannel: no present fence for frame 2339
11-14 22:17:56.462 30243 30572 W CCodecBufferChannel: no present fence for frame 2340
11-14 22:17:56.482 30243 30572 W CCodecBufferChannel: no present fence for frame 2341
11-14 22:17:56.494 30243 30572 W CCodecBufferChannel: no present fence for frame 2342
11-14 22:17:56.532 30243 30572 W CCodecBufferChannel: no present fence for frame 2343
11-14 22:17:56.543 30243 30572 W CCodecBufferChannel: no present fence for frame 2344
11-14 22:17:56.569 1472 4946 W JobScheduler: Job didn't exist in JobStore: 6918cc #u0a192/1034 com.google.android.apps.photos/com.google.android.libraries.social.mediamonitor.MediaMonitorJobSchedulerService
11-14 22:17:56.584 30243 30572 W CCodecBufferChannel: no present fence for frame 2345
11-14 22:17:56.584 30243 30572 W CCodecBufferChannel: no present fence for frame 2346
11-14 22:17:56.594 1472 1622 W UriGrantsManagerService: No permission grants found for com.google.android.apps.photos
11-14 22:17:56.594 1472 1622 W UriGrantsManagerService: No permission grants found for com.google.android.apps.photos
11-14 22:17:56.614 30243 30572 W CCodecBufferChannel: no present fence for frame 2347
11-14 22:17:56.625 30243 30572 W CCodecBufferChannel: no present fence for frame 2348
11-14 22:17:56.653 1472 1622 W UriGrantsManagerService: No permission grants found for com.google.android.apps.photos
11-14 22:17:56.653 1472 1622 W UriGrantsManagerService: No permission grants found for com.google.android.apps.photos
11-14 22:17:56.666 30243 30572 W CCodecBufferChannel: no present fence for frame 2349
11-14 22:17:56.682 1472 1622 W UriGrantsManagerService: No permission grants found for com.google.android.apps.photos
11-14 22:17:56.683 1472 1622 W UriGrantsManagerService: No permission grants found for com.google.android.apps.photos
11-14 22:17:56.697 30243 30572 W CCodecBufferChannel: no present fence for frame 2350
11-14 22:17:56.697 30243 30572 W CCodecBufferChannel: no present fence for frame 2351
11-14 22:17:56.726 30243 30572 W CCodecBufferChannel: no present fence for frame 2352
11-14 22:17:56.767 30243 30572 W CCodecBufferChannel: no present fence for frame 2353
11-14 22:17:56.780 30243 30572 W CCodecBufferChannel: no present fence for frame 2354
11-14 22:17:56.809 30243 30572 W CCodecBufferChannel: no present fence for frame 2355
11-14 22:17:56.850 30243 30572 W CCodecBufferChannel: no present fence for frame 2356
11-14 22:17:56.860 30243 30572 W CCodecBufferChannel: no present fence for frame 2357
11-14 22:17:56.880 30243 30572 W CCodecBufferChannel: no present fence for frame 2358
11-14 22:17:56.900 30243 30572 W CCodecBufferChannel: no present fence for frame 2359
11-14 22:17:56.911 30243 30572 W CCodecBufferChannel: no present fence for frame 2360
11-14 22:17:56.930 30243 30572 W CCodecBufferChannel: no present fence for frame 2361
11-14 22:17:56.960 30243 30572 W CCodecBufferChannel: no present fence for frame 2362
11-14 22:17:56.960 30243 30572 W CCodecBufferChannel: no present fence for frame 2363
11-14 22:17:57.001 30243 30572 W CCodecBufferChannel: no present fence for frame 2364
11-14 22:17:57.001 30243 30572 W CCodecBufferChannel: no present fence for frame 2365
11-14 22:17:57.011 30243 30572 W CCodecBufferChannel: no present fence for frame 2366
11-14 22:17:57.043 30243 30572 W CCodecBufferChannel: no present fence for frame 2367
11-14 22:17:57.043 30243 30572 W CCodecBufferChannel: no present fence for frame 2368
11-14 22:17:57.063 30243 30572 W CCodecBufferChannel: no present fence for frame 2369
11-14 22:17:57.093 30243 30572 W CCodecBufferChannel: no present fence for frame 2370
11-14 22:17:57.133 30243 30572 W CCodecBufferChannel: no present fence for frame 2371
11-14 22:17:57.164 30243 30572 W CCodecBufferChannel: no present fence for frame 2372
11-14 22:17:57.164 30243 30572 W CCodecBufferChannel: no present fence for frame 2373
11-14 22:17:57.195 30243 30572 W CCodecBufferChannel: no present fence for frame 2374
11-14 22:17:57.224 30243 30572 W CCodecBufferChannel: no present fence for frame 2375
11-14 22:17:57.265 30243 30572 W CCodecBufferChannel: no present fence for frame 2376
11-14 22:17:57.295 30243 30572 W CCodecBufferChannel: no present fence for frame 2377
11-14 22:17:57.316 30243 30572 W CCodecBufferChannel: no present fence for frame 2378
11-14 22:17:57.328 30243 30572 W CCodecBufferChannel: no present fence for frame 2379
11-14 22:17:57.347 30243 30572 W CCodecBufferChannel: no present fence for frame 2380
11-14 22:17:57.378 30243 30572 W CCodecBufferChannel: no present fence for frame 2381
11-14 22:17:57.378 30243 30572 W CCodecBufferChannel: no present fence for frame 2382
11-14 22:17:57.429 30243 30572 W CCodecBufferChannel: no present fence for frame 2383
11-14 22:17:57.460 30243 30572 W CCodecBufferChannel: no present fence for frame 2384
11-14 22:17:57.460 30243 30572 W CCodecBufferChannel: no present fence for frame 2385
11-14 22:17:57.502 30243 30572 W CCodecBufferChannel: no present fence for frame 2386
11-14 22:17:57.502 30243 30572 W CCodecBufferChannel: no present fence for frame 2387
11-14 22:17:57.551 30243 30572 W CCodecBufferChannel: no present fence for frame 2388
11-14 22:17:57.551 30243 30572 W CCodecBufferChannel: no present fence for frame 2389
11-14 22:17:57.582 30243 30572 W CCodecBufferChannel: no present fence for frame 2390
11-14 22:17:57.632 30243 30572 W CCodecBufferChannel: no present fence for frame 2391
11-14 22:17:57.643 30243 30572 W CCodecBufferChannel: no present fence for frame 2392
11-14 22:17:57.682 30243 30572 W CCodecBufferChannel: no present fence for frame 2393
11-14 22:17:57.693 30243 30572 W CCodecBufferChannel: no present fence for frame 2394
11-14 22:17:57.714 30243 30572 D BufferPoolAccessor2.0: bufferpool2 0xb4000070f4271738 : 5(36700160 size) total buffers - 1(7340032 size) used buffers - 3118/3123 (recycle/alloc) - 60/3111 (fetch/transfer)
11-14 22:17:57.716 30243 30572 W CCodecBufferChannel: no present fence for frame 2395
11-14 22:17:57.735 30243 30572 W CCodecBufferChannel: no present fence for frame 2396
11-14 22:17:57.745 30243 30572 W CCodecBufferChannel: no present fence for frame 2397
11-14 22:17:57.817 30243 30572 W CCodecBufferChannel: no present fence for frame 2398
11-14 22:17:57.817 30243 30572 W CCodecBufferChannel: no present fence for frame 2399
11-14 22:17:57.828 30243 30572 W CCodecBufferChannel: no present fence for frame 2400
11-14 22:17:57.851 30243 30572 W CCodecBufferChannel: no present fence for frame 2401
11-14 22:17:57.881 30243 30572 W CCodecBufferChannel: no present fence for frame 2402
11-14 22:17:57.881 30243 30572 W CCodecBufferChannel: no present fence for frame 2403
11-14 22:17:57.901 30243 30572 W CCodecBufferChannel: no present fence for frame 2404
11-14 22:17:57.931 30243 30572 W CCodecBufferChannel: no present fence for frame 2405
11-14 22:17:57.962 30243 30572 W CCodecBufferChannel: no present fence for frame 2406
11-14 22:17:58.002 30243 30572 W CCodecBufferChannel: no present fence for frame 2407
11-14 22:17:58.002 30243 30572 W CCodecBufferChannel: no present fence for frame 2408
11-14 22:17:58.044 30243 30572 W CCodecBufferChannel: no present fence for frame 2409
11-14 22:17:58.044 30243 30572 W CCodecBufferChannel: no present fence for frame 2410
11-14 22:17:58.230 30243 30572 W CCodecBufferChannel: no present fence for frame 2411
11-14 22:17:58.231 30243 30572 W CCodecBufferChannel: no present fence for frame 2412
11-14 22:17:58.231 30243 30572 W CCodecBufferChannel: no present fence for frame 2413
11-14 22:17:58.231 30243 30572 W CCodecBufferChannel: no present fence for frame 2414
11-14 22:17:58.382 30243 30572 W CCodecBufferChannel: no present fence for frame 2415
11-14 22:17:58.433 30243 30572 W CCodecBufferChannel: no present fence for frame 2416
11-14 22:17:58.433 30243 30572 W CCodecBufferChannel: no present fence for frame 2417
11-14 22:17:58.443 30243 30572 W CCodecBufferChannel: no present fence for frame 2418
11-14 22:17:58.496 30243 30572 W CCodecBufferChannel: no present fence for frame 2419
11-14 22:17:58.496 30243 30572 W CCodecBufferChannel: no present fence for frame 2420
11-14 22:17:58.516 30243 30572 W CCodecBufferChannel: no present fence for frame 2421
11-14 22:17:58.526 30243 30572 W CCodecBufferChannel: no present fence for frame 2422
11-14 22:17:58.546 30243 30572 W CCodecBufferChannel: no present fence for frame 2423
11-14 22:17:58.577 30243 30572 W CCodecBufferChannel: no present fence for frame 2424
11-14 22:17:58.617 30243 30572 W CCodecBufferChannel: no present fence for frame 2425
11-14 22:17:58.617 30243 30572 W CCodecBufferChannel: no present fence for frame 2426
11-14 22:17:58.978 30243 30572 W CCodecBufferChannel: no present fence for frame 2427
11-14 22:17:58.979 30243 30572 W CCodecBufferChannel: no present fence for frame 2428
11-14 22:17:58.979 30243 30572 W CCodecBufferChannel: no present fence for frame 2429
11-14 22:17:58.979 30243 30572 W CCodecBufferChannel: no present fence for frame 2430
11-14 22:17:58.979 30243 30572 W CCodecBufferChannel: no present fence for frame 2431
11-14 22:17:58.979 30243 30572 W CCodecBufferChannel: no present fence for frame 2432
11-14 22:17:58.979 30243 30572 W CCodecBufferChannel: no present fence for frame 2433
11-14 22:17:58.979 30243 30572 W CCodecBufferChannel: no present fence for frame 2434
11-14 22:17:59.182 30243 30572 W CCodecBufferChannel: no present fence for frame 2435
11-14 22:17:59.183 30243 30572 W CCodecBufferChannel: no present fence for frame 2436
11-14 22:17:59.191 923 30584 W C2BqBuffer: last successful dequeue was 73530 us ago, 7 consecutive failures
11-14 22:17:59.233 30243 30572 W CCodecBufferChannel: no present fence for frame 2437
11-14 22:17:59.233 30243 30572 W CCodecBufferChannel: no present fence for frame 2438
11-14 22:17:59.263 30243 30572 W CCodecBufferChannel: no present fence for frame 2439
11-14 22:17:59.346 30243 30572 W CCodecBufferChannel: no present fence for frame 2440
11-14 22:17:59.420 30243 30572 W CCodecBufferChannel: no present fence for frame 2441
11-14 22:17:59.420 30243 30572 W CCodecBufferChannel: no present fence for frame 2442
11-14 22:17:59.552 30243 30572 W CCodecBufferChannel: no present fence for frame 2443
11-14 22:17:59.746 30243 30572 W CCodecBufferChannel: no present fence for frame 2444
11-14 22:17:59.746 30243 30572 W CCodecBufferChannel: no present fence for frame 2445
11-14 22:17:59.746 30243 30572 W CCodecBufferChannel: no present fence for frame 2446
11-14 22:17:59.898 30243 30572 W CCodecBufferChannel: no present fence for frame 2447
11-14 22:17:59.929 30243 30572 W CCodecBufferChannel: no present fence for frame 2448
11-14 22:17:59.930 30243 30572 W CCodecBufferChannel: no present fence for frame 2449
11-14 22:17:59.969 30243 30572 W CCodecBufferChannel: no present fence for frame 2450
11-14 22:18:00.001 30243 30572 W CCodecBufferChannel: no present fence for frame 2451
11-14 22:18:00.001 30243 30572 W CCodecBufferChannel: no present fence for frame 2452
11-14 22:18:00.008 3715 3900 I AiAiEcho: Predicting[7]: { Feature:1, creation:2023-11-14T15:24:48Z, expiry:2023-11-14T16:00:00Z, isExpired: true}, { Feature:1, creation:2023-11-14T16:00:00Z, expiry:2023-11-14T17:00:00Z, isExpired: true}, { Feature:1, creation:2023-11-14T17:00:00Z, expiry:2023-11-14T18:00:00Z, isExpired: true}, { Feature:1, creation:2023-11-14T18:00:00Z, expiry:2023-11-14T19:00:00Z, isExpired: true}, { Feature:1, creation:2023-11-14T19:00:00Z, expiry:2023-11-14T20:00:00Z, isExpired: true}, { Feature:1, creation:2023-11-14T20:00:00Z, expiry:2023-11-14T21:00:00Z, isExpired: false}, { Feature:1, creation:2023-11-14T21:00:00Z, expiry:2023-11-14T21:24:48Z, isExpired: true}
11-14 22:18:00.009 3715 3900 I AiAiEcho: EchoTargets: Feature:1
11-14 22:18:00.009 3715 3900 I AiAiEcho: Filtered by AiAi flag check:
11-14 22:18:00.010 3715 3900 I AiAiEcho: Ranked targets strategy: WEIGHTED, count: 1, ranking metadata: { cardId: WEATHER-569377248, card type: 1, update time: 2023-11-14T20:00:00Z, expiration time: 2023-11-14T21:00:00Z, ranking metadata: RankingMetaData(urgency=0.9, priority=0.3, recency=1.0, rankScore=0.27, importantTimePoints=# mta@7bca4) }
11-14 22:18:00.010 3715 3900 I AiAiEcho: #weatherTwiddler: Weather removes SubtitleSupplementalItem in surface: lockscreen
11-14 22:18:00.014 3715 3900 I AiAiEcho: #postPredictionTargets: Sending updates to UISurface lockscreen with targets# 1 (types=[1])
11-14 22:18:00.021 30243 30572 W CCodecBufferChannel: no present fence for frame 2453
11-14 22:18:00.030 1942 1942 W PageIndicator: Total number of pages invalid: 0. Assuming 1 page.
11-14 22:18:00.051 30243 30572 W CCodecBufferChannel: no present fence for frame 2454
11-14 22:18:00.061 30660 30660 I trusty_metricsd: starting trusty_metricsd
11-14 22:18:00.062 30660 30660 I trusty_metricsd: trusty dev: /dev/trusty-ipc-dev0
11-14 22:18:00.063 30660 30660 E libtrusty: tipc_connect: can't connect to tipc service "com.android.trusty.metrics" (err=107)
11-14 22:18:00.063 30660 30660 E trusty_metricsd: failed to open TrustyMetricsPixel: failed to connect to Trusty metrics TA: Transport endpoint is not connected
11-14 22:18:00.063 30660 30660 E trusty_metricsd: failed to open Trusty metrics client
11-14 22:18:00.082 30243 30572 W CCodecBufferChannel: no present fence for frame 2455
11-14 22:18:00.095 30661 30661 I flags_health_check: ServerConfigurableFlagsReset reset_mode value: 1
11-14 22:18:00.095 30661 30661 I flags_health_check: ServerConfigurableFlagsReset updatable crashing detected, resetting flags.
11-14 22:18:00.112 30243 30572 W CCodecBufferChannel: no present fence for frame 2456
11-14 22:18:00.112 30243 30572 W CCodecBufferChannel: no present fence for frame 2457
11-14 22:18:00.153 30243 30572 W CCodecBufferChannel: no present fence for frame 2458
11-14 22:18:00.163 30243 30572 W CCodecBufferChannel: no present fence for frame 2459
11-14 22:18:00.203 30243 30572 W CCodecBufferChannel: no present fence for frame 2460
11-14 22:18:00.233 30243 30572 W CCodecBufferChannel: no present fence for frame 2461
11-14 22:18:00.264 30243 30572 W CCodecBufferChannel: no present fence for frame 2462
11-14 22:18:00.283 30243 30572 W CCodecBufferChannel: no present fence for frame 2463
11-14 22:18:00.304 30243 30572 W CCodecBufferChannel: no present fence for frame 2464
11-14 22:18:00.313 30243 30572 W CCodecBufferChannel: no present fence for frame 2465
11-14 22:18:00.356 923 30574 I ExynosC2H264DecComponent: [doQueue] input detects EOS flag !!
11-14 22:18:00.356 923 30581 D ExynosVideoDecoder: MFC_Decoder_Enqueue_Inbuf: EMPTY DATA
11-14 22:18:00.357 923 30583 I ExynosVideoCodecDec-H264Dec: [dstDequeue] DPB has reached EOS
11-14 22:18:00.358 923 30574 I ExynosC2H264DecComponent: [onUpdateC2Work] output detects EOS !!
11-14 22:18:00.436 30243 30572 W CCodecBufferChannel: no present fence for frame 2466
11-14 22:18:00.436 30243 30572 W CCodecBufferChannel: no present fence for frame 2467
11-14 22:18:00.436 30243 30572 W CCodecBufferChannel: no present fence for frame 2468
11-14 22:18:00.436 30243 30572 W CCodecBufferChannel: no present fence for frame 2469
11-14 22:18:00.549 30243 30572 W CCodecBufferChannel: no present fence for frame 2470
11-14 22:18:00.549 30243 30572 W CCodecBufferChannel: no present fence for frame 2471
11-14 22:18:00.549 30243 30572 W CCodecBufferChannel: no present fence for frame 2472
11-14 22:18:00.939 30243 30572 W CCodecBufferChannel: no present fence for frame 2473
11-14 22:18:00.939 30243 30572 W CCodecBufferChannel: no present fence for frame 2474
11-14 22:18:01.437 30243 30572 W CCodecBufferChannel: no present fence for frame 2475
11-14 22:18:01.437 30243 30572 W CCodecBufferChannel: no present fence for frame 2476
11-14 22:18:01.735 30243 30569 I Surface : Surface::setFrameRate is deprecated, setFrameRate hint is dropped as destination is not SurfaceFlinger
11-14 22:18:01.742 30243 30569 D MediaCodec: keep callback message for reclaim
11-14 22:18:01.743 30243 30572 I CCodecConfig: query failed after returning 15 values (BAD_INDEX)
11-14 22:18:01.743 30243 30572 W Codec2Client: query -- param skipped: index = 1073743886.
11-14 22:18:01.743 30243 30572 W Codec2Client: query -- param skipped: index = 1610614798.
11-14 22:18:01.761 936 936 I WifiHAL : Creating message to get link statistics; iface = 47
11-14 22:18:01.763 3703 5916 D MediaProvider: Open with FUSE. FilePath: /storage/emulated/0/QTBUG-107883-quickcontrols-texteditor-qt660.mp4. Uid: 10192. Media Capabilities Uid: 0. ShouldRedact: false. ShouldTranscode: false
11-14 22:18:01.789 30243 30521 D CCodecBufferChannel: [c2.exynos.h264.decoder#302] Ignoring stale input buffer done callback: last flush index = 3203, frameIndex = 3203
11-14 22:18:01.789 923 30574 I ExynosC2H264DecComponent: [updateC2Buffer_ColorAspects] HDR :: color aspects(r:2, p:0x1, t:0x3, m:0x1)
11-14 22:18:01.800 30243 30569 I Surface : Surface::setFrameRate is deprecated, setFrameRate hint is dropped as destination is not SurfaceFlinger
11-14 22:18:01.861 936 936 I WifiHAL : In GetLinkStatsCommand::handleResponse
11-14 22:18:01.862 936 936 E IPCThreadState: binder thread pool (1 threads) starved for 102 ms
11-14 22:18:01.902 1472 1871 D ConnectivityService: NetReassign [no changes] [c 0] [a 1] [i 2]
11-14 22:18:02.004 30243 30572 W CCodecBufferChannel: no present fence for frame 2479
11-14 22:18:02.150 30243 30572 W CCodecBufferChannel: no present fence for frame 2480
11-14 22:18:02.501 30243 30572 W CCodecBufferChannel: no present fence for frame 2481
11-14 22:18:02.658 30243 30572 W CCodecBufferChannel: no present fence for frame 2482
11-14 22:18:03.007 30243 30572 W CCodecBufferChannel: no present fence for frame 2483
11-14 22:18:03.152 30243 30572 D BufferPoolAccessor2.0: bufferpool2 0xb4000070f4271738 : 5(36700160 size) total buffers - 1(7340032 size) used buffers - 3226/3231 (recycle/alloc) - 64/3215 (fetch/transfer)
11-14 22:18:03.155 30243 30572 W CCodecBufferChannel: no present fence for frame 2484
11-14 22:18:03.501 30243 30572 W CCodecBufferChannel: no present fence for frame 2485
11-14 22:18:03.656 30243 30572 W CCodecBufferChannel: no present fence for frame 2486
11-14 22:18:03.807 30243 30572 W CCodecBufferChannel: no present fence for frame 2487
11-14 22:18:04.005 30243 30572 W CCodecBufferChannel: no present fence for frame 2488
11-14 22:18:04.005 30243 30572 W CCodecBufferChannel: no present fence for frame 2489
11-14 22:18:04.005 30243 30572 W CCodecBufferChannel: no present fence for frame 2490
11-14 22:18:04.005 30243 30572 W CCodecBufferChannel: no present fence for frame 2491
11-14 22:18:04.005 30243 30572 W CCodecBufferChannel: no present fence for frame 2492
11-14 22:18:04.005 30243 30572 W CCodecBufferChannel: no present fence for frame 2493
11-14 22:18:04.005 30243 30572 W CCodecBufferChannel: no present fence for frame 2494
11-14 22:18:04.005 30243 30572 W CCodecBufferChannel: no present fence for frame 2495
11-14 22:18:04.151 30243 30572 W CCodecBufferChannel: no present fence for frame 2496
11-14 22:18:04.503 30243 30572 W CCodecBufferChannel: no present fence for frame 2497
11-14 22:18:04.662 30243 30572 W CCodecBufferChannel: no present fence for frame 2498
11-14 22:18:05.006 30243 30572 W CCodecBufferChannel: no present fence for frame 2499
11-14 22:18:05.097 30662 30662 I trusty_metricsd: starting trusty_metricsd
11-14 22:18:05.097 30662 30662 I trusty_metricsd: trusty dev: /dev/trusty-ipc-dev0
11-14 22:18:05.101 30662 30662 E libtrusty: tipc_connect: can't connect to tipc service "com.android.trusty.metrics" (err=107)
11-14 22:18:05.101 30662 30662 E trusty_metricsd: failed to open TrustyMetricsPixel: failed to connect to Trusty metrics TA: Transport endpoint is not connected
11-14 22:18:05.101 30662 30662 E trusty_metricsd: failed to open Trusty metrics client
11-14 22:18:05.135 30663 30663 I flags_health_check: ServerConfigurableFlagsReset reset_mode value: 1
11-14 22:18:05.135 30663 30663 I flags_health_check: ServerConfigurableFlagsReset updatable crashing detected, resetting flags.
11-14 22:18:05.153 30243 30572 W CCodecBufferChannel: no present fence for frame 2500
11-14 22:18:05.370 30243 30572 W CCodecBufferChannel: no present fence for frame 2501
11-14 22:18:05.370 30243 30572 W CCodecBufferChannel: no present fence for frame 2502
11-14 22:18:05.370 30243 30572 W CCodecBufferChannel: no present fence for frame 2503
11-14 22:18:05.442 30243 30572 W CCodecBufferChannel: no present fence for frame 2504
11-14 22:18:05.442 30243 30572 W CCodecBufferChannel: no present fence for frame 2505
11-14 22:18:05.574 30243 30572 W CCodecBufferChannel: no present fence for frame 2506
11-14 22:18:05.646 30243 30572 W CCodecBufferChannel: no present fence for frame 2507
11-14 22:18:05.647 30243 30572 W CCodecBufferChannel: no present fence for frame 2508
11-14 22:18:05.647 30243 30572 W CCodecBufferChannel: no present fence for frame 2509
11-14 22:18:06.159 30243 30572 W CCodecBufferChannel: no present fence for frame 2510
11-14 22:18:06.159 30243 30572 W CCodecBufferChannel: no present fence for frame 2511
11-14 22:18:06.159 30243 30572 W CCodecBufferChannel: no present fence for frame 2512
11-14 22:18:06.159 30243 30572 W CCodecBufferChannel: no present fence for frame 2513
11-14 22:18:06.427 30243 30572 W CCodecBufferChannel: no present fence for frame 2514
11-14 22:18:06.570 30243 30572 W CCodecBufferChannel: no present fence for frame 2515
11-14 22:18:06.590 30243 30572 W CCodecBufferChannel: no present fence for frame 2516
11-14 22:18:06.614 30243 30572 W CCodecBufferChannel: no present fence for frame 2517
11-14 22:18:06.622 30243 30572 W CCodecBufferChannel: no present fence for frame 2518
11-14 22:18:06.642 30243 30572 W CCodecBufferChannel: no present fence for frame 2519
11-14 22:18:06.653 30243 30572 W CCodecBufferChannel: no present fence for frame 2520
11-14 22:18:06.675 30243 30572 W CCodecBufferChannel: no present fence for frame 2521
11-14 22:18:06.695 30243 30572 W CCodecBufferChannel: no present fence for frame 2522
11-14 22:18:06.706 30243 30572 W CCodecBufferChannel: no present fence for frame 2523
11-14 22:18:06.726 30243 30572 W CCodecBufferChannel: no present fence for frame 2524
11-14 22:18:06.737 30243 30572 W CCodecBufferChannel: no present fence for frame 2525
11-14 22:18:06.756 30243 30572 W CCodecBufferChannel: no present fence for frame 2526
11-14 22:18:06.776 30243 30572 W CCodecBufferChannel: no present fence for frame 2527
11-14 22:18:06.787 30243 30572 W CCodecBufferChannel: no present fence for frame 2528
11-14 22:18:06.806 30243 30572 W CCodecBufferChannel: no present fence for frame 2529
11-14 22:18:06.826 30243 30572 W CCodecBufferChannel: no present fence for frame 2530
11-14 22:18:06.836 30243 30572 W CCodecBufferChannel: no present fence for frame 2531
11-14 22:18:06.858 30243 30572 W CCodecBufferChannel: no present fence for frame 2532
11-14 22:18:06.877 30243 30572 W CCodecBufferChannel: no present fence for frame 2533
11-14 22:18:06.887 30243 30572 W CCodecBufferChannel: no present fence for frame 2534
11-14 22:18:06.906 30243 30572 W CCodecBufferChannel: no present fence for frame 2535
11-14 22:18:06.928 30243 30572 W CCodecBufferChannel: no present fence for frame 2536
11-14 22:18:06.936 30243 30572 W CCodecBufferChannel: no present fence for frame 2537
11-14 22:18:07.142 30243 30572 W CCodecBufferChannel: no present fence for frame 2538
11-14 22:18:07.142 30243 30572 W CCodecBufferChannel: no present fence for frame 2539
11-14 22:18:07.142 30243 30572 W CCodecBufferChannel: no present fence for frame 2540
11-14 22:18:07.142 30243 30572 W CCodecBufferChannel: no present fence for frame 2541
11-14 22:18:07.142 30243 30572 W CCodecBufferChannel: no present fence for frame 2542
11-14 22:18:07.142 30243 30572 W CCodecBufferChannel: no present fence for frame 2543
11-14 22:18:07.142 30243 30572 W CCodecBufferChannel: no present fence for frame 2544
11-14 22:18:07.142 30243 30572 W CCodecBufferChannel: no present fence for frame 2545
11-14 22:18:07.142 30243 30572 W CCodecBufferChannel: no present fence for frame 2546
11-14 22:18:07.659 30243 30572 W CCodecBufferChannel: no present fence for frame 2547
11-14 22:18:07.659 30243 30572 W CCodecBufferChannel: no present fence for frame 2548
11-14 22:18:07.904 936 936 I WifiHAL : Creating message to get link statistics; iface = 47
11-14 22:18:08.009 936 936 I WifiHAL : In GetLinkStatsCommand::handleResponse
11-14 22:18:08.013 936 936 E IPCThreadState: binder thread pool (1 threads) starved for 109 ms
11-14 22:18:08.044 1942 1942 D StatusBarIconController: ignoring old pipeline callback because the new wifi icon is enabled
11-14 22:18:08.049 1472 1871 D ConnectivityService: NetReassign [no changes] [c 0] [a 0] [i 3]
11-14 22:18:08.110 30243 30572 W CCodecBufferChannel: no present fence for frame 2549
11-14 22:18:08.110 30243 30572 W CCodecBufferChannel: no present fence for frame 2550
11-14 22:18:08.212 30243 30572 D BufferPoolAccessor2.0: bufferpool2 0xb4000070f4271738 : 5(36700160 size) total buffers - 1(7340032 size) used buffers - 3297/3302 (recycle/alloc) - 66/3286 (fetch/transfer)
11-14 22:18:08.261 30243 30572 W CCodecBufferChannel: no present fence for frame 2551
11-14 22:18:08.272 30243 30572 W CCodecBufferChannel: no present fence for frame 2552
11-14 22:18:08.312 30243 30572 W CCodecBufferChannel: no present fence for frame 2553
11-14 22:18:08.344 30243 30572 W CCodecBufferChannel: no present fence for frame 2554
11-14 22:18:08.362 30243 30572 W CCodecBufferChannel: no present fence for frame 2555
11-14 22:18:08.372 30243 30572 W CCodecBufferChannel: no present fence for frame 2556
11-14 22:18:08.412 30243 30572 W CCodecBufferChannel: no present fence for frame 2557
11-14 22:18:08.422 30243 30572 W CCodecBufferChannel: no present fence for frame 2558
11-14 22:18:08.442 30243 30572 W CCodecBufferChannel: no present fence for frame 2559
11-14 22:18:08.462 30243 30572 W CCodecBufferChannel: no present fence for frame 2560
11-14 22:18:08.474 30243 30572 W CCodecBufferChannel: no present fence for frame 2561
11-14 22:18:08.494 30243 30572 W CCodecBufferChannel: no present fence for frame 2562
11-14 22:18:08.505 30243 30572 W CCodecBufferChannel: no present fence for frame 2563
11-14 22:18:08.647 30243 30572 W CCodecBufferChannel: no present fence for frame 2564
11-14 22:18:08.647 30243 30572 W CCodecBufferChannel: no present fence for frame 2565
11-14 22:18:08.647 30243 30572 W CCodecBufferChannel: no present fence for frame 2566
11-14 22:18:08.647 30243 30572 W CCodecBufferChannel: no present fence for frame 2567
11-14 22:18:08.647 30243 30572 W CCodecBufferChannel: no present fence for frame 2568
11-14 22:18:08.647 30243 30572 W CCodecBufferChannel: no present fence for frame 2569
11-14 22:18:08.647 30243 30572 W CCodecBufferChannel: no present fence for frame 2570
11-14 22:18:08.647 30243 30572 W CCodecBufferChannel: no present fence for frame 2571
11-14 22:18:08.657 30243 30572 W CCodecBufferChannel: no present fence for frame 2572
11-14 22:18:08.788 30243 30572 W CCodecBufferChannel: no present fence for frame 2573
11-14 22:18:08.809 30243 30572 W CCodecBufferChannel: no present fence for frame 2574
11-14 22:18:08.859 30243 30572 W CCodecBufferChannel: no present fence for frame 2575
11-14 22:18:08.891 30243 30572 W CCodecBufferChannel: no present fence for frame 2576
11-14 22:18:08.913 30243 30572 W CCodecBufferChannel: no present fence for frame 2577
11-14 22:18:08.922 30243 30572 W CCodecBufferChannel: no present fence for frame 2578
11-14 22:18:08.942 30243 30572 W CCodecBufferChannel: no present fence for frame 2579
11-14 22:18:08.963 30243 30572 W CCodecBufferChannel: no present fence for frame 2580
11-14 22:18:08.993 30243 30572 W CCodecBufferChannel: no present fence for frame 2581
11-14 22:18:08.993 30243 30572 W CCodecBufferChannel: no present fence for frame 2582
11-14 22:18:09.004 30243 30572 W CCodecBufferChannel: no present fence for frame 2583
11-14 22:18:09.025 30243 30572 W CCodecBufferChannel: no present fence for frame 2584
11-14 22:18:09.047 30243 30572 W CCodecBufferChannel: no present fence for frame 2585
11-14 22:18:09.055 30243 30572 W CCodecBufferChannel: no present fence for frame 2586
11-14 22:18:09.076 30243 30572 W CCodecBufferChannel: no present fence for frame 2587
11-14 22:18:09.097 30243 30572 W CCodecBufferChannel: no present fence for frame 2588
11-14 22:18:09.108 30243 30572 W CCodecBufferChannel: no present fence for frame 2589
11-14 22:18:09.140 30243 30572 W CCodecBufferChannel: no present fence for frame 2590
11-14 22:18:09.173 30243 30572 W CCodecBufferChannel: no present fence for frame 2591
11-14 22:18:09.173 30243 30572 W CCodecBufferChannel: no present fence for frame 2592
11-14 22:18:09.211 30243 30572 W CCodecBufferChannel: no present fence for frame 2593
11-14 22:18:09.212 30243 30572 W CCodecBufferChannel: no present fence for frame 2594
11-14 22:18:09.242 30243 30572 W CCodecBufferChannel: no present fence for frame 2595
11-14 22:18:09.242 30243 30572 W CCodecBufferChannel: no present fence for frame 2596
11-14 22:18:09.263 30243 30572 W CCodecBufferChannel: no present fence for frame 2597
11-14 22:18:09.274 30243 30572 W CCodecBufferChannel: no present fence for frame 2598
11-14 22:18:09.297 30243 30572 W CCodecBufferChannel: no present fence for frame 2599
11-14 22:18:09.327 30243 30572 W CCodecBufferChannel: no present fence for frame 2600
11-14 22:18:09.357 30243 30572 W CCodecBufferChannel: no present fence for frame 2601
11-14 22:18:09.388 30243 30572 W CCodecBufferChannel: no present fence for frame 2602
11-14 22:18:09.410 30243 30572 W CCodecBufferChannel: no present fence for frame 2603
11-14 22:18:09.428 30243 30572 W CCodecBufferChannel: no present fence for frame 2604
11-14 22:18:09.439 30243 30572 W CCodecBufferChannel: no present fence for frame 2605
11-14 22:18:09.458 30243 30572 W CCodecBufferChannel: no present fence for frame 2606
11-14 22:18:09.478 30243 30572 W CCodecBufferChannel: no present fence for frame 2607
11-14 22:18:09.488 30243 30572 W CCodecBufferChannel: no present fence for frame 2608
11-14 22:18:09.508 30243 30572 W CCodecBufferChannel: no present fence for frame 2609
11-14 22:18:09.528 30243 30572 W CCodecBufferChannel: no present fence for frame 2610
11-14 22:18:09.540 30243 30572 W CCodecBufferChannel: no present fence for frame 2611
11-14 22:18:09.560 30243 30572 W CCodecBufferChannel: no present fence for frame 2612
11-14 22:18:09.571 30243 30572 W CCodecBufferChannel: no present fence for frame 2613
11-14 22:18:09.592 30243 30572 W CCodecBufferChannel: no present fence for frame 2614
11-14 22:18:09.613 30243 30572 W CCodecBufferChannel: no present fence for frame 2615
11-14 22:18:09.621 1655 1677 I pixel-thermal: VIRTUAL-USB-UI:0 raw data: USB2-MINUS-CHG:-2515 VIRTUAL-USB-UI:0 charger_skin_therm:31683 usb_pwr_therm2:29168
11-14 22:18:09.624 1655 1677 I pixel-thermal: VIRTUAL-USB-THROTTLING:0 raw data: USB2-MINUS-CHG:-2515 VIRTUAL-USB-THROTTLING:0 usb_pwr_therm2:29168
11-14 22:18:09.624 1655 1677 I pixel-thermal: neutral_therm:29.368 raw data: neutral_therm:29368
11-14 22:18:09.643 30243 30572 W CCodecBufferChannel: no present fence for frame 2616
11-14 22:18:09.643 30243 30572 W CCodecBufferChannel: no present fence for frame 2617
11-14 22:18:09.662 30243 30572 W CCodecBufferChannel: no present fence for frame 2618
11-14 22:18:09.693 30243 30572 W CCodecBufferChannel: no present fence for frame 2619
11-14 22:18:09.693 30243 30572 W CCodecBufferChannel: no present fence for frame 2620
11-14 22:18:09.724 30243 30572 W CCodecBufferChannel: no present fence for frame 2621
11-14 22:18:09.724 30243 30572 W CCodecBufferChannel: no present fence for frame 2622
11-14 22:18:09.744 30243 30572 W CCodecBufferChannel: no present fence for frame 2623
11-14 22:18:09.764 30243 30572 W CCodecBufferChannel: no present fence for frame 2624
11-14 22:18:09.794 30243 30572 W CCodecBufferChannel: no present fence for frame 2625
11-14 22:18:09.824 30243 30572 W CCodecBufferChannel: no present fence for frame 2626
11-14 22:18:09.855 30243 30572 W CCodecBufferChannel: no present fence for frame 2627
11-14 22:18:09.895 30243 30572 W CCodecBufferChannel: no present fence for frame 2628
11-14 22:18:09.895 30243 30572 W CCodecBufferChannel: no present fence for frame 2629
11-14 22:18:09.909 30243 30572 W CCodecBufferChannel: no present fence for frame 2630
11-14 22:18:09.948 30243 30572 W CCodecBufferChannel: no present fence for frame 2631
11-14 22:18:09.948 30243 30572 W CCodecBufferChannel: no present fence for frame 2632
11-14 22:18:09.978 30243 30572 W CCodecBufferChannel: no present fence for frame 2633
11-14 22:18:10.028 30243 30572 W CCodecBufferChannel: no present fence for frame 2634
11-14 22:18:10.058 30243 30572 W CCodecBufferChannel: no present fence for frame 2635
11-14 22:18:10.058 30243 30572 W CCodecBufferChannel: no present fence for frame 2636
11-14 22:18:10.090 30243 30572 W CCodecBufferChannel: no present fence for frame 2637
11-14 22:18:10.103 30664 30664 I trusty_metricsd: starting trusty_metricsd
11-14 22:18:10.103 30664 30664 I trusty_metricsd: trusty dev: /dev/trusty-ipc-dev0
11-14 22:18:10.107 30664 30664 E libtrusty: tipc_connect: can't connect to tipc service "com.android.trusty.metrics" (err=107)
11-14 22:18:10.108 30664 30664 E trusty_metricsd: failed to open TrustyMetricsPixel: failed to connect to Trusty metrics TA: Transport endpoint is not connected
11-14 22:18:10.108 30664 30664 E trusty_metricsd: failed to open Trusty metrics client
11-14 22:18:10.132 30243 30572 W CCodecBufferChannel: no present fence for frame 2638
11-14 22:18:10.135 30665 30665 I flags_health_check: ServerConfigurableFlagsReset reset_mode value: 1
