11-14 22:10:50.932 1942 1966 V WindowManagerShell: Checking filter Pair{{types=[] flags=0x0] notFlags=0x100 checks=[{atype=home independent=true modes=[OPEN,SHOW] flags=NONE mustBeTask=false order=TOP topActivity=ComponentInfo{com.google.android.apps.nexuslauncher/com.google.android.apps.nexuslauncher.NexusLauncherActivity}},{atype=standard independent=true modes=[CLOSE,HIDE] flags=NONE mustBeTask=false order=ANY topActivity=null}]} RemoteTransition { remoteTransition = android.window.IRemoteTransition$Stub$Proxy@c464077, appThread = android.app.IApplicationThread$Stub$Proxy@497e4e4, debugName = QuickstepLaunchHome }}
11-14 22:10:50.932 1942 1966 V WindowManagerShell: Checking filter Pair{{types=[] flags=0x40] notFlags=0x0 checks=[{atype=dream independent=false modes=[OPEN,SHOW] flags=OCCLUDES_KEYGUARD mustBeTask=false order=ANY topActivity=null},{NOT atype=undefined independent=false modes=[CLOSE,HIDE] flags=OCCLUDES_KEYGUARD mustBeTask=false order=ANY topActivity=null}]} RemoteTransition { remoteTransition = com.android.systemui.keyguard.KeyguardService$1@ef4f4b9, appThread = android.app.ActivityThread$ApplicationThread@3f2a8cc, debugName = KeyguardOccludeByDream }}
11-14 22:10:50.932 1942 1966 V WindowManagerShell: Checking filter Pair{{types=[KEYGUARD_UNOCCLUDE] flags=0x0] notFlags=0x0 checks=[]} RemoteTransition { remoteTransition = com.android.systemui.keyguard.KeyguardService$3@7730680, appThread = android.app.ActivityThread$ApplicationThread@3f2a8cc, debugName = KeyguardUnocclude }}
11-14 22:10:50.932 1942 1966 V WindowManagerShell: Checking filter Pair{{types=[KEYGUARD_OCCLUDE] flags=0x0] notFlags=0x0 checks=[]} RemoteTransition { remoteTransition = com.android.systemui.keyguard.KeyguardService$3@650b703, appThread = android.app.ActivityThread$ApplicationThread@3f2a8cc, debugName = KeyguardOcclude }}
11-14 22:10:50.932 1942 1966 V WindowManagerShell: Checking filter Pair{{types=[] flags=0x40] notFlags=0x0 checks=[{NOT atype=undefined independent=false modes=[OPEN,SHOW] flags=OCCLUDES_KEYGUARD mustBeTask=false order=ANY topActivity=null},{atype=undefined independent=false modes=[CLOSE,HIDE] flags=NONE mustBeTask=true order=ANY topActivity=null}]} RemoteTransition { remoteTransition = com.android.systemui.keyguard.KeyguardService$3@7730680, appThread = android.app.ActivityThread$ApplicationThread@3f2a8cc, debugName = KeyguardUnocclude }}
11-14 22:10:50.932 1942 1966 V WindowManagerShell: Checking filter Pair{{types=[] flags=0x40] notFlags=0x0 checks=[{atype=undefined independent=false modes=[OPEN,SHOW] flags=OCCLUDES_KEYGUARD mustBeTask=false order=ANY topActivity=null},{NOT atype=undefined independent=false modes=[CLOSE,HIDE] flags=OCCLUDES_KEYGUARD mustBeTask=false order=ANY topActivity=null}]} RemoteTransition { remoteTransition = com.android.systemui.keyguard.KeyguardService$3@650b703, appThread = android.app.ActivityThread$ApplicationThread@3f2a8cc, debugName = KeyguardOcclude }}
11-14 22:10:50.932 1942 1966 V WindowManagerShell: Checking filter Pair{{types=[] flags=0x100] notFlags=0x0 checks=[]} RemoteTransition { remoteTransition = com.android.systemui.keyguard.KeyguardService$1@d7a9bb2, appThread = android.app.ActivityThread$ApplicationThread@3f2a8cc, debugName = ExitKeyguard }}
11-14 22:10:50.932 1942 1966 D RemoteTransitionHandler: Found filterPair{{types=[] flags=0x100] notFlags=0x0 checks=[]} RemoteTransition { remoteTransition = com.android.systemui.keyguard.KeyguardService$1@d7a9bb2, appThread = android.app.ActivityThread$ApplicationThread@3f2a8cc, debugName = ExitKeyguard }}
11-14 22:10:50.932 1942 1966 V WindowManagerShell: Delegate animation for #245 to RemoteTransition { remoteTransition = com.android.systemui.keyguard.KeyguardService$1@d7a9bb2, appThread = android.app.ActivityThread$ApplicationThread@3f2a8cc, debugName = ExitKeyguard }
11-14 22:10:50.934 1942 1966 D KeyguardService: Starts IRemoteAnimationRunner: info={id=245 t=TO_BACK f=0x104 r=[0@Point(0, 0)] c=[{WCT{android.window.IWindowContainerToken$Stub$Proxy@664eb85} m=SHOW f=SHOW_WALLPAPER p=WCT{android.window.IWindowContainerToken$Stub$Proxy@698fdda} leash=Surface(name=Task=1)/@0xb991da6 sb=Rect(0, 0 - 1080, 2400) eb=Rect(0, 0 - 1080, 2400) d=0},{WCT{android.window.IWindowContainerToken$Stub$Proxy@94558e8} m=SHOW f=SHOW_WALLPAPER leash=Surface(name=DefaultTaskDisplayArea)/@0xb9e63e7 sb=Rect(0, 0 - 1080, 2400) eb=Rect(0, 0 - 1080, 2400) d=0}]}
11-14 22:10:50.935 1942 1966 V WindowManagerShell: animated by com.android.wm.shell.transition.RemoteTransitionHandler@f9382ff
11-14 22:10:51.087 1472 1472 D BiometricService: Sensor ID(0), oemStrength: 15, updatedStrength: 15, modality: 2, state: 0, cookie: 0, sensorId 0, hasEnrollments: false cannot participate in Keystore operations
11-14 22:10:51.088 595 5712 I keystore2: system/security/keystore2/src/authorization.rs:143 - on_lock_screen_event(r#UNLOCK, user_id=0, password.is_some()=false, unlocking_sids=Some([]))
11-14 22:10:51.090 1472 3338 D FingerprintProvider/default: Starting watchdog for fingerprint
11-14 22:10:51.091 1942 1942 D KeyguardService: Finish IRemoteAnimationRunner.
11-14 22:10:51.091 1942 1966 V WindowManagerShell: Transition animation finished (aborted=false), notifying core (#245)android.os.BinderProxy@ceda5ef
11-14 22:10:51.092 1472 4956 D SystemServerTiming: getUserSwitchability-0
11-14 22:10:51.092 1472 4956 D SystemServerTiming: TM.isInCall
11-14 22:10:51.092 1472 1685 V WindowManager: Finish Transition #245: created at
11-14 22:10:50.898 collect-started=0.122ms request-sent=0.298ms started=7.556ms ready=7.556ms sent=30.816ms finished=193.669ms
11-14 22:10:51.093 1472 4956 D SystemServerTiming: hasUserRestriction-DISALLOW_USER_SWITCH
11-14 22:10:51.093 1472 4956 D SystemServerTiming: getInt-ALLOW_USER_SWITCHING_WHEN_SYSTEM_USER_LOCKED
11-14 22:10:51.093 1472 4956 D SystemServerTiming: isUserUnlocked-USER_SYSTEM
11-14 22:10:51.094 1942 1966 V WindowManagerShell: All active transition animations finished
11-14 22:10:51.633 1472 4944 D BiometricService: canAuthenticate: User=0, Caller=0, Authenticators=255
11-14 22:10:51.634 1472 4944 D BiometricService/PreAuthInfo: Package: com.google.android.gms Sensor ID: 0 Modality: 2 Status: 7
11-14 22:10:51.634 1472 4944 D BiometricService/PreAuthInfo: getCanAuthenticateInternal Modality: 2 AuthenticatorStatus: 7
11-14 22:10:51.634 1472 4944 D AuthService: canAuthenticate, userId: 0, callingUserId: 0, authenticators: 255, result: 11
11-14 22:10:52.164 1472 4944 W ActivityTaskManager: getApplicationThreadForTopActivity failed: Requested task not found
11-14 22:10:52.466 1472 2557 D CompatibilityChangeReporter: Compat change id reported: 265464455; UID 10292; state: DISABLED
11-14 22:10:52.467 1472 2557 D CompatibilityChangeReporter: Compat change id reported: 265452344; UID 10292; state: DISABLED
11-14 22:10:52.467 1472 2557 D CompatibilityChangeReporter: Compat change id reported: 266124927; UID 10292; state: DISABLED
11-14 22:10:52.467 1472 2557 D CompatibilityChangeReporter: Compat change id reported: 265451093; UID 10292; state: DISABLED
11-14 22:10:52.467 1472 2557 D CompatibilityChangeReporter: Compat change id reported: 265456536; UID 10292; state: DISABLED
11-14 22:10:52.467 1472 2557 D CompatibilityChangeReporter: Compat change id reported: 255940284; UID 10292; state: DISABLED
11-14 22:10:52.467 1472 2557 D CompatibilityChangeReporter: Compat change id reported: 236283604; UID 10292; state: DISABLED
11-14 22:10:52.467 1472 2557 D CompatibilityChangeReporter: Compat change id reported: 263959004; UID 10292; state: DISABLED
11-14 22:10:52.468 1472 2557 D CompatibilityChangeReporter: Compat change id reported: 264304459; UID 10292; state: DISABLED
11-14 22:10:52.468 1472 2557 D CompatibilityChangeReporter: Compat change id reported: 264301586; UID 10292; state: DISABLED
11-14 22:10:52.468 1472 2557 D CompatibilityChangeReporter: Compat change id reported: 254631730; UID 10292; state: DISABLED
11-14 22:10:52.468 1472 2557 D CompatibilityChangeReporter: Compat change id reported: 273509367; UID 10292; state: DISABLED
11-14 22:10:52.468 1472 2557 D CompatibilityChangeReporter: Compat change id reported: 263259275; UID 10292; state: DISABLED
11-14 22:10:52.469 1472 2557 D CompatibilityChangeReporter: Compat change id reported: 194480991; UID 10292; state: ENABLED
11-14 22:10:52.471 1472 2557 D CompatibilityChangeReporter: Compat change id reported: 174042980; UID 10292; state: DISABLED
11-14 22:10:52.472 1472 2557 D CompatibilityChangeReporter: Compat change id reported: 184838306; UID 10292; state: DISABLED
11-14 22:10:52.472 1472 2557 D CompatibilityChangeReporter: Compat change id reported: 185004937; UID 10292; state: DISABLED
11-14 22:10:52.472 1472 2557 D CompatibilityChangeReporter: Compat change id reported: 181136395; UID 10292; state: DISABLED
11-14 22:10:52.473 1472 2557 D CompatibilityChangeReporter: Compat change id reported: 174042936; UID 10292; state: DISABLED
11-14 22:10:52.474 1472 2557 D CompatibilityChangeReporter: Compat change id reported: 197654537; UID 10292; state: ENABLED
11-14 22:10:52.476 1472 2557 D CompatibilityChangeReporter: Compat change id reported: 205907456; UID 10292; state: ENABLED
11-14 22:10:52.479 1472 2557 I ActivityTaskManager: START u0 {flg=0x10100000 cmp=org.qtproject.example.vulkanunderqmlapp/org.qtproject.qt.android.bindings.QtActivity} with LAUNCH_SINGLE_TOP from uid 2000 (realCallingUid=10218) (BAL_ALLOW_PENDING_INTENT) result code=0
11-14 22:10:52.479 1942 1966 V WindowManagerShell: Transition requested: android.os.BinderProxy@b128a5b TransitionRequestInfo { type = OPEN, triggerTask = TaskInfo{userId=0 taskId=413 displayId=0 isRunning=true baseIntent=Intent { flg=0x10100000 cmp=org.qtproject.example.vulkanunderqmlapp/org.qtproject.qt.android.bindings.QtActivity } baseActivity=ComponentInfo{org.qtproject.example.vulkanunderqmlapp/org.qtproject.qt.android.bindings.QtActivity} topActivity=ComponentInfo{org.qtproject.example.vulkanunderqmlapp/org.qtproject.qt.android.bindings.QtActivity} origActivity=null realActivity=ComponentInfo{org.qtproject.example.vulkanunderqmlapp/org.qtproject.qt.android.bindings.QtActivity} numActivities=1 lastActiveTime=1910193772 supportsMultiWindow=true resizeMode=1 isResizeable=true minWidth=-1 minHeight=-1 defaultMinSize=220 token=WCT{android.window.IWindowContainerToken$Stub$Proxy@a6ed2f8} topActivityType=1 pictureInPictureParams=null shouldDockBigOverlays=false launchIntoPipHostTaskId=-1 lastParentTaskIdBeforePip=-1 displayCutoutSafeInsets=Rect(0, 132 - 0, 0) topActivityInfo=ActivityInfo{94793d1 org.qtproject.qt.android.bindings.QtActivity} launchCookies=[] positionInParent=Point(0, 0) parentTaskId=-1 isFocused=false isVisible=false isSleeping=false topActivityInSizeCompat=false topActivityEligibleForLetterboxEducation= false topActivityLetterboxed= false isFromDoubleTap= false topActivityLetterboxVerticalPosition= -1 topActivityLetterboxHorizontalPosition= -1 topActivityLetterboxWidth=-1 topActivityLetterboxHeight=-1 locusId=null displayAreaFeatureId=1 cameraCompatControlState=hidden}, remoteTransition = RemoteTransition { remoteTransition = android.window.IRemoteTransition$Stub$Proxy@729ce36, appThread = android.app.IApplicationThread$Stub$Proxy@d657137, debugName = QuickstepLaunch }, displayChange = null }
11-14 22:10:52.479 1942 1966 E RecentsTransitionHandler: RecentsTransitionHandler.handleRequest: Unexpected transition request
11-14 22:10:52.479 1942 1966 V WindowManagerShell: RemoteTransition directly requested for android.os.BinderProxy@b128a5b: RemoteTransition { remoteTransition = android.window.IRemoteTransition$Stub$Proxy@729ce36, appThread = android.app.IApplicationThread$Stub$Proxy@d657137, debugName = QuickstepLaunch }
11-14 22:10:52.480 1472 1688 D CompatibilityChangeReporter: Compat change id reported: 135634846; UID 10292; state: DISABLED
11-14 22:10:52.480 1472 1688 D CompatibilityChangeReporter: Compat change id reported: 177438394; UID 10292; state: DISABLED
11-14 22:10:52.480 1472 1688 D CompatibilityChangeReporter: Compat change id reported: 135772972; UID 10292; state: DISABLED
11-14 22:10:52.480 1472 1688 D CompatibilityChangeReporter: Compat change id reported: 135754954; UID 10292; state: ENABLED
11-14 22:10:52.481 1472 1698 D CompatibilityChangeReporter: Compat change id reported: 143937733; UID 10292; state: ENABLED
11-14 22:10:52.485 1472 3644 D CompatibilityChangeReporter: Compat change id reported: 168419799; UID 10292; state: DISABLED
11-14 22:10:52.485 1472 3644 D CompatibilityChangeReporter: Compat change id reported: 273564678; UID 10292; state: DISABLED
11-14 22:10:52.487 1472 1797 D CompatibilityChangeReporter: Compat change id reported: 265195908; UID 10292; state: ENABLED
11-14 22:10:52.492 1472 1698 I ActivityManager: Start proc 29200:org.qtproject.example.vulkanunderqmlapp/u0a292 for next-top-activity {org.qtproject.example.vulkanunderqmlapp/org.qtproject.qt.android.bindings.QtActivity}
11-14 22:10:52.501 1472 3644 D CoreBackPreview: Window{5d8ba0b u0 Splash Screen org.qtproject.example.vulkanunderqmlapp}: Setting back callback OnBackInvokedCallbackInfo{mCallback=android.window.IOnBackInvokedCallback$Stub$Proxy@93ec5a6, mPriority=0}
11-14 22:10:52.529 1472 1685 V WindowManager: Sent Transition #246 createdAt=11-14 22:10:52.470 via request=TransitionRequestInfo { type = OPEN, triggerTask = TaskInfo{userId=0 taskId=413 displayId=0 isRunning=true baseIntent=Intent { flg=0x10100000 cmp=org.qtproject.example.vulkanunderqmlapp/org.qtproject.qt.android.bindings.QtActivity } baseActivity=ComponentInfo{org.qtproject.example.vulkanunderqmlapp/org.qtproject.qt.android.bindings.QtActivity} topActivity=ComponentInfo{org.qtproject.example.vulkanunderqmlapp/org.qtproject.qt.android.bindings.QtActivity} origActivity=null realActivity=ComponentInfo{org.qtproject.example.vulkanunderqmlapp/org.qtproject.qt.android.bindings.QtActivity} numActivities=1 lastActiveTime=1910193772 supportsMultiWindow=true resizeMode=1 isResizeable=true minWidth=-1 minHeight=-1 defaultMinSize=220 token=WCT{RemoteToken{84d9e25 Task{be02551 #413 type=standard A=10292:org.qtproject.example.vulkanunderqmlapp}}} topActivityType=1 pictureInPictureParams=null shouldDockBigOverlays=false launchIntoPipHostTaskId=-1 lastParentTaskIdBeforePip=-1 displayCutoutSafeInsets=Rect(0, 132 - 0, 0) topActivityInfo=ActivityInfo{89c5f83 org.qtproject.qt.android.bindings.QtActivity} launchCookies=[] positionInParent=Point(0, 0) parentTaskId=-1 isFocused=false isVisible=false isSleeping=false topActivityInSizeCompat=false topActivityEligibleForLetterboxEducation= false topActivityLetterboxed= false isFromDoubleTap= false topActivityLetterboxVerticalPosition= -1 topActivityLetterboxHorizontalPosition= -1 topActivityLetterboxWidth=-1 topActivityLetterboxHeight=-1 locusId=null displayAreaFeatureId=1 cameraCompatControlState=hidden}, remoteTransition = RemoteTransition { remoteTransition = android.window.IRemoteTransition$Stub$Proxy@200c500, appThread = android.app.IApplicationThread$Stub$Proxy@45a1139, debugName = QuickstepLaunch }, displayChange = null }
11-14 22:10:52.529 1472 1685 V WindowManager: startWCT=WindowContainerTransaction { changes = {} hops = [] errorCallbackToken=null taskFragmentOrganizer=null }
11-14 22:10:52.529 1472 1685 V WindowManager: info={id=246 t=OPEN f=0x0 r=[0@Point(0, 0)] c=[{WCT{RemoteToken{84d9e25 Task{be02551 #413 type=standard A=10292:org.qtproject.example.vulkanunderqmlapp}}} m=SHOW f= leash=Surface(name=Task=413)/@0x8d0394 sb=Rect(0, 0 - 1080, 2400) eb=Rect(0, 0 - 1080, 2400) d=0},{WCT{RemoteToken{b4e2d72 Task{d91fcd9 #1 type=home}}} m=HIDE f=SHOW_WALLPAPER|TRANSLUCENT leash=Surface(name=Task=1)/@0x666b647 sb=Rect(0, 0 - 1080, 2400) eb=Rect(0, 0 - 1080, 2400) d=0}]}
11-14 22:10:52.529 1942 1966 V WindowManagerShell: onTransitionReady android.os.BinderProxy@b128a5b: {id=246 t=OPEN f=0x0 r=[0@Point(0, 0)] c=[{WCT{android.window.IWindowContainerToken$Stub$Proxy@546c04b} m=SHOW f= leash=Surface(name=Task=413)/@0x2b8ea28 sb=Rect(0, 0 - 1080, 2400) eb=Rect(0, 0 - 1080, 2400) d=0},{WCT{android.window.IWindowContainerToken$Stub$Proxy@3041341} m=HIDE f=SHOW_WALLPAPER|TRANSLUCENT leash=Surface(name=Task=1)/@0xbe030e6 sb=Rect(0, 0 - 1080, 2400) eb=Rect(0, 0 - 1080, 2400) d=0}]}
11-14 22:10:52.529 1942 1966 V WindowManagerShell: Playing animation for (#246)android.os.BinderProxy@b128a5b
11-14 22:10:52.529 1942 1966 V WindowManagerShell: try firstHandler com.android.wm.shell.transition.DefaultMixedHandler@9baf2d2
11-14 22:10:52.529 1942 1966 V WindowManagerShell: Delegate animation for #246 to RemoteTransition { remoteTransition = android.window.IRemoteTransition$Stub$Proxy@729ce36, appThread = android.app.IApplicationThread$Stub$Proxy@d657137, debugName = QuickstepLaunch }
11-14 22:10:52.529 1942 1966 V WindowManagerShell: animated by firstHandler
11-14 22:10:52.538 1472 4956 D CompatibilityChangeReporter: Compat change id reported: 170503758; UID 10292; state: ENABLED
11-14 22:10:52.578 1472 1986 I ActivityManager: Flag disabled. Ignoring finishAttachApplication from uid: 10292. pid: 29200
11-14 22:10:52.686 1472 3644 D CoreBackPreview: Window{1a42f73 u0 org.qtproject.example.vulkanunderqmlapp/org.qtproject.qt.android.bindings.QtActivity}: Setting back callback OnBackInvokedCallbackInfo{mCallback=android.window.IOnBackInvokedCallback$Stub$Proxy@e19282e, mPriority=0}
11-14 22:10:52.722 1472 1986 D CompatibilityChangeReporter: Compat change id reported: 214016041; UID 10292; state: ENABLED
11-14 22:10:52.836 1942 1966 V WindowManagerShell: Transition animation finished (aborted=false), notifying core (#246)android.os.BinderProxy@b128a5b
11-14 22:10:52.838 1472 1685 V WindowManager: Finish Transition #246: created at
11-14 22:10:52.470 collect-started=0.133ms request-sent=8.099ms started=9.331ms ready=55.709ms sent=57.58ms finished=366.613ms
11-14 22:10:52.839 1942 1966 V WindowManagerShell: All active transition animations finished
11-14 22:10:52.861 1472 2557 W InputMethodManagerService: Ignoring hideSoftInput of uid 10218 : com.android.internal.inputmethod.IInputMethodClient$Stub$Proxy@fe13951
11-14 22:10:52.865 1472 4956 W InputMethodManagerService: Ignoring hideSoftInput of uid 10218 : com.android.internal.inputmethod.IInputMethodClient$Stub$Proxy@af952b7
11-14 22:10:53.075 1472 2544 D CoreBackPreview: Window{5d8ba0b u0 Splash Screen org.qtproject.example.vulkanunderqmlapp EXITING}: Setting back callback null
11-14 22:10:54.178 1472 1807 D ActivityManager: freezing 19235 com.google.android.gms.unstable
11-14 22:11:01.589 595 29047 I keystore2: system/security/keystore2/src/watchdog.rs:319 - Watchdog thread idle -> terminating. Have a great day.
11-14 22:11:02.554 1472 1807 D ActivityManager: freezing 5451 com.google.android.euicc
11-14 22:11:13.809 1942 3404 D PowerUI : can't show warning due to - plugged: true status unknown: false
11-14 22:11:34.986 1472 1807 D ActivityManager: freezing 18397 com.google.android.gms
11-14 22:11:34.992 1472 1807 D ActivityManager: freezing 7533 com.google.android.adservices.api
11-14 22:12:13.799 1942 3314 D PowerUI : can't show warning due to - plugged: true status unknown: false
11-14 22:12:28.223 1472 1472 D WindowManager: powerPress: eventTime=364556592 interactive=true count=1 beganFromNonInteractive=false mShortPressOnPowerBehavior=1
11-14 22:12:28.224 1472 1472 I PowerGroup: Powering off display group due to power_button (groupId= 0, uid= 1000, millisSinceLastUserActivity=95641, lastUserActivityEvent=touch)...
11-14 22:12:28.225 1472 1472 I PowerManagerService: Going to sleep due to power_button (uid 1000, screenOffTimeout=1800000, activityTimeoutWM=-1, maxDimRatio=0.20000005, maxDimDur=7000)...
11-14 22:12:28.720 1472 1715 I DisplayPowerController2[0]: Blocking screen off
11-14 22:12:28.720 1472 1715 I DisplayPowerController2[0]: Unblocked screen off after 1 ms
11-14 22:12:28.738 1472 1715 D ActivityTaskManager: Top Process State changed to PROCESS_STATE_TOP_SLEEPING
11-14 22:12:28.740 1942 1966 V WindowManagerShell: Transition requested: android.os.BinderProxy@1d98feb TransitionRequestInfo { type = SLEEP, triggerTask = null, remoteTransition = null, displayChange = null }
11-14 22:12:28.741 1472 1685 V WindowManager: Sent Transition #247 createdAt=11-14 22:12:28.739 via request=TransitionRequestInfo { type = SLEEP, triggerTask = null, remoteTransition = null, displayChange = null }
11-14 22:12:28.741 1472 1685 V WindowManager: startWCT=null
11-14 22:12:28.741 1472 1685 V WindowManager: info={id=247 t=SLEEP f=0x0 r=[] c=[]}
11-14 22:12:28.743 1472 3644 W Transition: Transition already started id=247 state=2
11-14 22:12:28.743 1942 1966 V WindowManagerShell: onTransitionReady android.os.BinderProxy@1d98feb: {id=247 t=SLEEP f=0x0 r=[] c=[]}
11-14 22:12:28.743 1942 1966 V WindowManagerShell: No transition roots in (#247)android.os.BinderProxy@1d98feb so abort
11-14 22:12:28.743 1942 1966 V WindowManagerShell: Transition animation finished (aborted=true), notifying core (#247)android.os.BinderProxy@1d98feb
11-14 22:12:28.745 1472 1685 V WindowManager: Finish Transition #247: created at
11-14 22:12:28.739 collect-started=0.125ms request-sent=0.723ms started=1.113ms ready=1.112ms sent=1.463ms finished=5.643ms
11-14 22:12:28.746 1942 1966 V WindowManagerShell: All active transition animations finished
11-14 22:12:28.752 1472 1715 I DisplayBrightnessStrategySelector: Changing the DisplayBrightnessStrategy from InvalidBrightnessStrategy toScreenOffBrightnessStrategy for display 0
11-14 22:12:28.755 1472 1715 V DisplayPowerController2[0]: Brightness [0.0] reason changing to: 'screen_off', previous reason: 'automatic'.
11-14 22:12:28.755 1472 1715 I DisplayPowerController2[0]: BrightnessEvent: disp=0, physDisp=local:4619827677550801152, brt=0.0, initBrt=0.021215256, rcmdBrt=NaN, preBrt=NaN, lux=0.0, preLux=0.0, hbmMax=0.62, hbmMode=off, rbcStrength=50, thrmMax=1.0, powerFactor=1.0, wasShortTermModelActive=false, flags=, reason=screen_off, autoBrightness=true, strategy=ScreenOffBrightnessStrategy
11-14 22:12:28.757 1472 1688 I DisplayDeviceRepository: Display device changed state: "Built-in Screen", OFF
11-14 22:12:28.763 1472 1689 I DisplayDevice: [0] Layerstack set to -1 for local:4619827677550801152
11-14 22:12:28.798 29200 29200 E AndroidRuntime: FATAL EXCEPTION: main
11-14 22:12:28.798 29200 29200 E AndroidRuntime: Process: org.qtproject.example.vulkanunderqmlapp, PID: 29200
11-14 22:12:28.798 29200 29200 E AndroidRuntime: java.lang.NullPointerException: Attempt to invoke virtual method 'void org.qtproject.qt.android.QtLayout.setActivityDisplayRotation(int)' on a null object reference
11-14 22:12:28.798 29200 29200 E AndroidRuntime: at org.qtproject.qt.android.QtDisplayManager$1.onDisplayChanged(QtDisplayManager.java:76)
11-14 22:12:28.798 29200 29200 E AndroidRuntime: at android.hardware.display.DisplayManagerGlobal$DisplayListenerDelegate.handleMessage(DisplayManagerGlobal.java:1163)
11-14 22:12:28.798 29200 29200 E AndroidRuntime: at android.hardware.display.DisplayManagerGlobal$DisplayListenerDelegate.lambda$sendDisplayEvent$0(DisplayManagerGlobal.java:1131)
11-14 22:12:28.798 29200 29200 E AndroidRuntime: at android.hardware.display.DisplayManagerGlobal$DisplayListenerDelegate.$r8$lambda$aO0d1U2yv7-42_0MvY8uEf7AtpE(Unknown Source:0)
11-14 22:12:28.798 29200 29200 E AndroidRuntime: at android.hardware.display.DisplayManagerGlobal$DisplayListenerDelegate$$ExternalSyntheticLambda0.run(Unknown Source:6)
11-14 22:12:28.798 29200 29200 E AndroidRuntime: at android.os.Handler.handleCallback(Handler.java:958)
11-14 22:12:28.798 29200 29200 E AndroidRuntime: at android.os.Handler.dispatchMessage(Handler.java:99)
11-14 22:12:28.798 29200 29200 E AndroidRuntime: at android.os.Looper.loopOnce(Looper.java:205)
11-14 22:12:28.798 29200 29200 E AndroidRuntime: at android.os.Looper.loop(Looper.java:294)
11-14 22:12:28.798 29200 29200 E AndroidRuntime: at android.app.ActivityThread.main(ActivityThread.java:8170)
11-14 22:12:28.798 29200 29200 E AndroidRuntime: at java.lang.reflect.Method.invoke(Native Method)
11-14 22:12:28.798 29200 29200 E AndroidRuntime: at com.android.internal.os.RuntimeInit$MethodAndArgsCaller.run(RuntimeInit.java:552)
11-14 22:12:28.798 29200 29200 E AndroidRuntime: at com.android.internal.os.ZygoteInit.main(ZygoteInit.java:971)
11-14 22:12:28.808 1472 29318 I DropBoxManagerService: add tag=data_app_crash isTagEnabled=true flags=0x2
11-14 22:12:28.808 1472 4956 W ActivityTaskManager: Force finishing activity org.qtproject.example.vulkanunderqmlapp/org.qtproject.qt.android.bindings.QtActivity
11-14 22:12:28.809 1942 1966 V WindowManagerShell: Transition requested: android.os.BinderProxy@e3e1148 TransitionRequestInfo { type = CLOSE, triggerTask = null, remoteTransition = null, displayChange = null }
11-14 22:12:28.809 1942 1966 E RecentsTransitionHandler: RecentsTransitionHandler.handleRequest: Unexpected transition request
11-14 22:12:28.817 1942 1966 V WindowManagerShell: onTransitionReady android.os.BinderProxy@e3e1148: {id=248 t=CLOSE f=0x10 r=[] c=[]}
11-14 22:12:28.818 1942 1966 V WindowManagerShell: No transition roots in (#248)android.os.BinderProxy@e3e1148 so abort
11-14 22:12:28.818 1472 1685 V WindowManager: Sent Transition #248 createdAt=11-14 22:12:28.808 via request=TransitionRequestInfo { type = CLOSE, triggerTask = null, remoteTransition = null, displayChange = null }
11-14 22:12:28.818 1942 1966 V WindowManagerShell: Transition animation finished (aborted=true), notifying core (#248)android.os.BinderProxy@e3e1148
11-14 22:12:28.818 1472 1685 V WindowManager: startWCT=WindowContainerTransaction { changes = {} hops = [] errorCallbackToken=null taskFragmentOrganizer=null }
11-14 22:12:28.818 1472 1685 V WindowManager: info={id=248 t=CLOSE f=0x10 r=[] c=[]}
11-14 22:12:28.821 1472 1685 V WindowManager: Finish Transition #248: created at
11-14 22:12:28.808 collect-started=0.065ms request-sent=0.241ms started=7.484ms ready=7.484ms sent=8.717ms finished=11.548ms
11-14 22:12:28.822 1942 1966 V WindowManagerShell: All active transition animations finished
11-14 22:12:28.871 1472 4956 W InputMethodManagerService: Ignoring hideSoftInput of uid 10218 : com.android.internal.inputmethod.IInputMethodClient$Stub$Proxy@b9eea3e
11-14 22:12:28.882 1472 3644 D ActivityManager: sync unfroze 18397 com.google.android.gms
11-14 22:12:28.884 1472 3644 D ActivityManager: sync unfroze 7533 com.google.android.adservices.api
11-14 22:12:28.903 1472 1688 I DisplayDeviceRepository: Display device changed state: "Built-in Screen", OFF
11-14 22:12:28.906 1472 1715 I DreamManagerService: Entering dreamland.
11-14 22:12:28.906 1472 1715 I PowerManagerService: Dozing...
11-14 22:12:28.909 1472 1685 I DreamController: Starting dream: name=ComponentInfo{com.android.systemui/com.android.systemui.doze.DozeService}, isPreviewMode=false, canDoze=true, userId=0, reason='power manager request'
11-14 22:12:28.951 1472 1472 I PowerManagerService: onFlip(): Face up.
11-14 22:12:28.958 1472 1697 D ActivityManager: sync unfroze 19235 com.google.android.gms.unstable
11-14 22:12:28.965 1472 4944 I WindowManager: WIN DEATH: Window{1a42f73 u0 org.qtproject.example.vulkanunderqmlapp/org.qtproject.qt.android.bindings.QtActivity}
11-14 22:12:28.970 1472 3644 I ActivityManager: Process org.qtproject.example.vulkanunderqmlapp (pid 29200) has died: cch CRE
11-14 22:12:28.972 1472 1686 D DisplayManagerService: Drop pending events for gone uid 10292
11-14 22:12:28.977 1472 1688 W ActivityManager: setHasOverlayUi called on unknown pid: 29200
11-14 22:12:29.003 1472 1472 D BiometricService: Sensor ID(0), oemStrength: 15, updatedStrength: 15, modality: 2, state: 0, cookie: 0, sensorId 0, hasEnrollments: false cannot participate in Keystore operations
11-14 22:12:29.004 595 5712 I keystore2: system/security/keystore2/src/authorization.rs:143 - on_lock_screen_event(r#LOCK, user_id=0, password.is_some()=false, unlocking_sids=Some([]))
11-14 22:12:29.005 595 5712 I keystore2: system/security/keystore2/src/super_key.rs:930 - Locking screen bound for user 0 sids []
11-14 22:12:29.059 1472 4956 W AppOps : Noting op not finished: uid 10140 pkg com.google.android.gms code 113 startTime of in progress event=1699977010974
11-14 22:12:29.064 1472 3644 W AppOps : Noting op not finished: uid 10140 pkg com.google.android.gms code 113 startTime of in progress event=1699977010974
11-14 22:12:29.067 1472 3644 W AppOps : Noting op not finished: uid 10140 pkg com.google.android.gms code 79 startTime of in progress event=1699977029219
11-14 22:12:29.074 1472 3644 D SystemServerTiming: getUserSwitchability-0
11-14 22:12:29.075 1472 3644 D SystemServerTiming: TM.isInCall
11-14 22:12:29.075 1472 3644 D SystemServerTiming: hasUserRestriction-DISALLOW_USER_SWITCH
11-14 22:12:29.075 1472 3644 D SystemServerTiming: getInt-ALLOW_USER_SWITCHING_WHEN_SYSTEM_USER_LOCKED
11-14 22:12:29.075 1472 3644 D SystemServerTiming: isUserUnlocked-USER_SYSTEM
11-14 22:12:29.136 1472 3644 D SystemServerTiming: getUserSwitchability-0
11-14 22:12:29.136 1472 3644 D SystemServerTiming: TM.isInCall
11-14 22:12:29.136 1472 4784 D SystemServerTiming: getUserSwitchability-0
11-14 22:12:29.136 1472 4784 D SystemServerTiming: TM.isInCall
11-14 22:12:29.136 1472 3644 D SystemServerTiming: hasUserRestriction-DISALLOW_USER_SWITCH
11-14 22:12:29.137 1472 3644 D SystemServerTiming: getInt-ALLOW_USER_SWITCHING_WHEN_SYSTEM_USER_LOCKED
11-14 22:12:29.137 1472 4784 D SystemServerTiming: hasUserRestriction-DISALLOW_USER_SWITCH
11-14 22:12:29.137 1472 3644 D SystemServerTiming: isUserUnlocked-USER_SYSTEM
11-14 22:12:29.137 1472 4784 D SystemServerTiming: getInt-ALLOW_USER_SWITCHING_WHEN_SYSTEM_USER_LOCKED
11-14 22:12:29.137 1472 4784 D SystemServerTiming: isUserUnlocked-USER_SYSTEM
11-14 22:12:29.347 1472 1821 I PowerGroup: Waking up power group from Dozing (groupId=0, uid=1000, reason=WAKE_REASON_POWER_BUTTON, details=android.policy:POWER)...
11-14 22:12:29.350 1472 1821 I PowerManagerService: Waking up from Dozing (uid=1000, reason=WAKE_REASON_POWER_BUTTON, details=android.policy:POWER)...
11-14 22:12:29.353 1472 1472 E ActivityManager: Cancel pending or running compactions as system is awake
11-14 22:12:29.368 1472 1715 I DisplayPowerController2[0]: Blocking screen on until initial contents have been drawn.
11-14 22:12:29.368 1472 1715 I DisplayBrightnessStrategySelector: Changing the DisplayBrightnessStrategy from ScreenOffBrightnessStrategy toInvalidBrightnessStrategy for display 0
11-14 22:12:29.377 1472 1715 V DisplayPowerController2[0]: Brightness [0.029278375] reason changing to: 'screen_off_brightness_sensor', previous reason: 'screen_off'.
11-14 22:12:29.377 1472 1715 I DisplayPowerController2[0]: BrightnessEvent: disp=0, physDisp=local:4619827677550801152, brt=0.029278375, initBrt=0.0, rcmdBrt=NaN, preBrt=NaN, lux=0.0, preLux=0.0, hbmMax=0.62, hbmMode=off, rbcStrength=50, thrmMax=1.0, powerFactor=1.0, wasShortTermModelActive=false, flags=, reason=screen_off_brightness_sensor, autoBrightness=true, strategy=InvalidBrightnessStrategy
11-14 22:12:29.378 1472 1688 I DisplayDeviceRepository: Display device changed state: "Built-in Screen", ON
11-14 22:12:29.381 1472 1689 I DisplayDevice: [0] Layerstack set to 0 for local:4619827677550801152
11-14 22:12:29.383 1472 1472 I BrightnessSynchronizer: [343] New Update 0.029278375(f) set brightness values: 8(i)
11-14 22:12:29.383 1472 1472 I BrightnessSynchronizer: New PendingUpdate: {[344] 0.029278375(f), mUpdatedTypes=0, mConfirmedTypes=0, mTimeUpdated=0}, prev=null
11-14 22:12:29.385 1472 1472 I BrightnessSynchronizer: Swallowing update of 8(i) by update: {[343] 0.029278375(f), mUpdatedTypes=1, mConfirmedTypes=1, mTimeUpdated=364557941}
11-14 22:12:29.385 1472 1472 I BrightnessSynchronizer: Completed Update: {[343] 0.029278375(f), mUpdatedTypes=1, mConfirmedTypes=1, mTimeUpdated=364557941}
11-14 22:12:29.437 1472 1715 V DisplayPowerController2[0]: Brightness [0.03797992] reason changing to: 'automatic', previous reason: 'screen_off_brightness_sensor'.
11-14 22:12:29.438 1472 1715 I DisplayPowerController2[0]: BrightnessEvent: disp=0, physDisp=local:4619827677550801152, brt=0.03797992, initBrt=0.029278375, rcmdBrt=NaN, preBrt=NaN, lux=0.0, preLux=0.0, hbmMax=0.62, hbmMode=off, rbcStrength=50, thrmMax=1.0, powerFactor=1.0, wasShortTermModelActive=false, flags=, reason=automatic, autoBrightness=true, strategy=InvalidBrightnessStrategy
11-14 22:12:29.521 1472 1472 I WindowManager: Suppressed redundant power key press while already in the process of turning the screen on.
11-14 22:12:29.564 1472 1688 I DisplayDeviceRepository: Display device changed state: "Built-in Screen", ON
11-14 22:12:29.565 1472 1715 I DisplayPowerController2[0]: Unblocked screen on after 197 ms
11-14 22:12:29.568 1472 1715 W PowerManagerService: Screen on took 226 ms
11-14 22:12:29.568 1472 1715 I DreamManagerService: Gently waking up from dream.
11-14 22:12:29.569 1472 1472 I BrightnessSynchronizer: [345] New Update 0.03797992(f) set brightness values: 11(i)
11-14 22:12:29.570 1472 1472 I BrightnessSynchronizer: New PendingUpdate: {[346] 0.03797992(f), mUpdatedTypes=0, mConfirmedTypes=0, mTimeUpdated=0}, prev=null
11-14 22:12:29.572 1472 1472 I BrightnessSynchronizer: Swallowing update of 11(i) by update: {[345] 0.03797992(f), mUpdatedTypes=1, mConfirmedTypes=1, mTimeUpdated=364558128}
11-14 22:12:29.573 1472 1472 I BrightnessSynchronizer: Completed Update: {[345] 0.03797992(f), mUpdatedTypes=1, mConfirmedTypes=1, mTimeUpdated=364558128}
11-14 22:12:29.585 1472 4784 I DreamManagerService: Leaving dreamland.
11-14 22:12:29.586 1472 1685 I DreamController: Stopping dream: name=ComponentInfo{com.android.systemui/com.android.systemui.doze.DozeService}, isPreviewMode=false, canDoze=true, userId=0, reason='finished self'(from 'power manager request')
11-14 22:12:32.977 1472 4784 I LockSettingsService: Verifying lockscreen credential for user 0
11-14 22:12:33.119 1472 1844 D BiometricDeferredQueue: Fingerprint addPendingLockoutResetForUser: 0
11-14 22:12:33.142 1472 4784 I LockSettingsService: Successfully verified lockscreen credential for user 0
11-14 22:12:33.143 595 5712 I keystore2: system/security/keystore2/src/authorization.rs:143 - on_lock_screen_event(r#UNLOCK, user_id=0, password.is_some()=true, unlocking_sids=None)
11-14 22:12:33.171 595 5712 I keystore2: system/security/keystore2/src/super_key.rs:1141 - Trying to unlock when already unlocked.
11-14 22:12:33.171 1472 4784 D LockSettingsService: CE storage for user 0 is already unlocked
11-14 22:12:33.172 1472 4784 D LockSettingsService: unlockUser finished
11-14 22:12:33.172 1472 4784 D SystemServerTiming: finishUserUnlocking-0
11-14 22:12:33.172 1472 4784 W ActivityManager: UserLifecycleEvent 5 received without an active userJourneySession.
11-14 22:12:33.172 1472 4784 D LockSettingsService: unlockUser finished
11-14 22:12:33.172 1472 1844 D BiometricDeferredQueue: Processing pending resetLockouts(Generic)
11-14 22:12:33.172 1472 1844 D BiometricDeferredQueue: Resetting biometric lockout for user: 0
11-14 22:12:33.195 1472 4784 I LockSettingsService: Sending vendor auth secret to IAuthSecret HAL as user: 0
11-14 22:12:33.204 1472 1844 D BiometricService: resetLockout(userId=0, hat=present)
11-14 22:12:33.349 1942 1966 V WindowManagerShell: Transition requested: android.os.BinderProxy@c4b9154 TransitionRequestInfo { type = TO_BACK, triggerTask = null, remoteTransition = null, displayChange = null }
11-14 22:12:33.349 1942 1966 E RecentsTransitionHandler: RecentsTransitionHandler.handleRequest: Unexpected transition request
11-14 22:12:33.350 1472 4784 D ActivityTaskManager: Top Process State changed to PROCESS_STATE_TOP
11-14 22:12:33.380 1472 1685 V WindowManager: Sent Transition #249 createdAt=11-14 22:12:33.348 via request=TransitionRequestInfo { type = TO_BACK, triggerTask = null, remoteTransition = null, displayChange = null }
11-14 22:12:33.380 1472 1685 V WindowManager: startWCT=WindowContainerTransaction { changes = {} hops = [] errorCallbackToken=null taskFragmentOrganizer=null }
11-14 22:12:33.380 1472 1685 V WindowManager: info={id=249 t=TO_BACK f=0x104 r=[0@Point(0, 0)] c=[{WCT{RemoteToken{b4e2d72 Task{d91fcd9 #1 type=home}}} m=SHOW f=SHOW_WALLPAPER p=WCT{RemoteToken{ee19fc7 DefaultTaskDisplayArea@210868897}} leash=Surface(name=Task=1)/@0x666b647 sb=Rect(0, 0 - 1080, 2400) eb=Rect(0, 0 - 1080, 2400) d=0},{WCT{RemoteToken{ee19fc7 DefaultTaskDisplayArea@210868897}} m=SHOW f=SHOW_WALLPAPER leash=Surface(name=DefaultTaskDisplayArea)/@0x79fbd86 sb=Rect(0, 0 - 1080, 2400) eb=Rect(0, 0 - 1080, 2400) d=0}]}
11-14 22:12:33.380 1942 1966 V WindowManagerShell: onTransitionReady android.os.BinderProxy@c4b9154: {id=249 t=TO_BACK f=0x104 r=[0@Point(0, 0)] c=[{WCT{android.window.IWindowContainerToken$Stub$Proxy@36f39f2} m=SHOW f=SHOW_WALLPAPER p=WCT{android.window.IWindowContainerToken$Stub$Proxy@d2f9843} leash=Surface(name=Task=1)/@0x47a6ec0 sb=Rect(0, 0 - 1080, 2400) eb=Rect(0, 0 - 1080, 2400) d=0},{WCT{android.window.IWindowContainerToken$Stub$Proxy@e5fd7f9} m=SHOW f=SHOW_WALLPAPER leash=Surface(name=DefaultTaskDisplayArea)/@0x633033e sb=Rect(0, 0 - 1080, 2400) eb=Rect(0, 0 - 1080, 2400) d=0}]}
11-14 22:12:33.380 1942 1966 V WindowManagerShell: Playing animation for (#249)android.os.BinderProxy@c4b9154
11-14 22:12:33.380 1942 1966 V WindowManagerShell: try handler com.android.wm.shell.transition.DefaultMixedHandler@9baf2d2
11-14 22:12:33.380 1942 1966 V WindowManagerShell: try handler com.android.wm.shell.activityembedding.ActivityEmbeddingController@b018fa3
11-14 22:12:33.380 1942 1966 V WindowManagerShell: try handler com.android.wm.shell.recents.RecentsTransitionHandler@48002a0
11-14 22:12:33.380 1942 1966 V WindowManagerShell: RecentsTransitionHandler.startAnimation: no controller found
11-14 22:12:33.380 1942 1966 V WindowManagerShell: try handler com.android.wm.shell.pip.PipTransition@30e0e59
11-14 22:12:33.380 1942 1966 V WindowManagerShell: try handler com.android.wm.shell.splitscreen.StageCoordinator@7316a1e
11-14 22:12:33.380 1942 1966 V WindowManagerShell: try handler com.android.wm.shell.transition.RemoteTransitionHandler@f9382ff
11-14 22:12:33.380 1942 1966 V WindowManagerShell: Transition doesn't have explicit remote, search filters for match for {id=249 t=TO_BACK f=0x104 r=[0@Point(0, 0)] c=[{WCT{android.window.IWindowContainerToken$Stub$Proxy@36f39f2} m=SHOW f=SHOW_WALLPAPER p=WCT{android.window.IWindowContainerToken$Stub$Proxy@d2f9843} leash=Surface(name=Task=1)/@0x47a6ec0 sb=Rect(0, 0 - 1080, 2400) eb=Rect(0, 0 - 1080, 2400) d=0},{WCT{android.window.IWindowContainerToken$Stub$Proxy@e5fd7f9} m=SHOW f=SHOW_WALLPAPER leash=Surface(name=DefaultTaskDisplayArea)/@0x633033e sb=Rect(0, 0 - 1080, 2400) eb=Rect(0, 0 - 1080, 2400) d=0}]}
11-14 22:12:33.381 1942 1966 V WindowManagerShell: Checking filter Pair{{types=[] flags=0x0] notFlags=0x100 checks=[{atype=home independent=true modes=[OPEN,SHOW] flags=NONE mustBeTask=false order=TOP topActivity=ComponentInfo{com.google.android.apps.nexuslauncher/com.google.android.apps.nexuslauncher.NexusLauncherActivity}},{atype=standard independent=true modes=[CLOSE,HIDE] flags=NONE mustBeTask=false order=ANY topActivity=null}]} RemoteTransition { remoteTransition = android.window.IRemoteTransition$Stub$Proxy@c464077, appThread = android.app.IApplicationThread$Stub$Proxy@497e4e4, debugName = QuickstepLaunchHome }}
11-14 22:12:33.381 1942 1966 V WindowManagerShell: Checking filter Pair{{types=[] flags=0x40] notFlags=0x0 checks=[{atype=dream independent=false modes=[OPEN,SHOW] flags=OCCLUDES_KEYGUARD mustBeTask=false order=ANY topActivity=null},{NOT atype=undefined independent=false modes=[CLOSE,HIDE] flags=OCCLUDES_KEYGUARD mustBeTask=false order=ANY topActivity=null}]} RemoteTransition { remoteTransition = com.android.systemui.keyguard.KeyguardService$1@ef4f4b9, appThread = android.app.ActivityThread$ApplicationThread@3f2a8cc, debugName = KeyguardOccludeByDream }}
11-14 22:12:33.381 1942 1966 V WindowManagerShell: Checking filter Pair{{types=[KEYGUARD_UNOCCLUDE] flags=0x0] notFlags=0x0 checks=[]} RemoteTransition { remoteTransition = com.android.systemui.keyguard.KeyguardService$3@7730680, appThread = android.app.ActivityThread$ApplicationThread@3f2a8cc, debugName = KeyguardUnocclude }}
11-14 22:12:33.381 1942 1966 V WindowManagerShell: Checking filter Pair{{types=[KEYGUARD_OCCLUDE] flags=0x0] notFlags=0x0 checks=[]} RemoteTransition { remoteTransition = com.android.systemui.keyguard.KeyguardService$3@650b703, appThread = android.app.ActivityThread$ApplicationThread@3f2a8cc, debugName = KeyguardOcclude }}
11-14 22:12:33.381 1942 1966 V WindowManagerShell: Checking filter Pair{{types=[] flags=0x40] notFlags=0x0 checks=[{NOT atype=undefined independent=false modes=[OPEN,SHOW] flags=OCCLUDES_KEYGUARD mustBeTask=false order=ANY topActivity=null},{atype=undefined independent=false modes=[CLOSE,HIDE] flags=NONE mustBeTask=true order=ANY topActivity=null}]} RemoteTransition { remoteTransition = com.android.systemui.keyguard.KeyguardService$3@7730680, appThread = android.app.ActivityThread$ApplicationThread@3f2a8cc, debugName = KeyguardUnocclude }}
11-14 22:12:33.381 1942 1966 V WindowManagerShell: Checking filter Pair{{types=[] flags=0x40] notFlags=0x0 checks=[{atype=undefined independent=false modes=[OPEN,SHOW] flags=OCCLUDES_KEYGUARD mustBeTask=false order=ANY topActivity=null},{NOT atype=undefined independent=false modes=[CLOSE,HIDE] flags=OCCLUDES_KEYGUARD mustBeTask=false order=ANY topActivity=null}]} RemoteTransition { remoteTransition = com.android.systemui.keyguard.KeyguardService$3@650b703, appThread = android.app.ActivityThread$ApplicationThread@3f2a8cc, debugName = KeyguardOcclude }}
11-14 22:12:33.381 1942 1966 V WindowManagerShell: Checking filter Pair{{types=[] flags=0x100] notFlags=0x0 checks=[]} RemoteTransition { remoteTransition = com.android.systemui.keyguard.KeyguardService$1@d7a9bb2, appThread = android.app.ActivityThread$ApplicationThread@3f2a8cc, debugName = ExitKeyguard }}
11-14 22:12:33.381 1942 1966 D RemoteTransitionHandler: Found filterPair{{types=[] flags=0x100] notFlags=0x0 checks=[]} RemoteTransition { remoteTransition = com.android.systemui.keyguard.KeyguardService$1@d7a9bb2, appThread = android.app.ActivityThread$ApplicationThread@3f2a8cc, debugName = ExitKeyguard }}
11-14 22:12:33.381 1942 1966 V WindowManagerShell: Delegate animation for #249 to RemoteTransition { remoteTransition = com.android.systemui.keyguard.KeyguardService$1@d7a9bb2, appThread = android.app.ActivityThread$ApplicationThread@3f2a8cc, debugName = ExitKeyguard }
11-14 22:12:33.383 1942 1966 D KeyguardService: Starts IRemoteAnimationRunner: info={id=249 t=TO_BACK f=0x104 r=[0@Point(0, 0)] c=[{WCT{android.window.IWindowContainerToken$Stub$Proxy@36f39f2} m=SHOW f=SHOW_WALLPAPER p=WCT{android.window.IWindowContainerToken$Stub$Proxy@d2f9843} leash=Surface(name=Task=1)/@0xea9759f sb=Rect(0, 0 - 1080, 2400) eb=Rect(0, 0 - 1080, 2400) d=0},{WCT{android.window.IWindowContainerToken$Stub$Proxy@e5fd7f9} m=SHOW f=SHOW_WALLPAPER leash=Surface(name=DefaultTaskDisplayArea)/@0x7f7b6ec sb=Rect(0, 0 - 1080, 2400) eb=Rect(0, 0 - 1080, 2400) d=0}]}
11-14 22:12:33.384 1942 1966 V WindowManagerShell: animated by com.android.wm.shell.transition.RemoteTransitionHandler@f9382ff
11-14 22:12:33.534 1472 1472 D BiometricService: Sensor ID(0), oemStrength: 15, updatedStrength: 15, modality: 2, state: 0, cookie: 0, sensorId 0, hasEnrollments: false cannot participate in Keystore operations
11-14 22:12:33.535 595 9190 I keystore2: system/security/keystore2/src/authorization.rs:143 - on_lock_screen_event(r#UNLOCK, user_id=0, password.is_some()=false, unlocking_sids=Some([]))
11-14 22:12:33.536 1472 4784 D FingerprintProvider/default: Starting watchdog for fingerprint
11-14 22:12:33.536 1942 1942 D KeyguardService: Finish IRemoteAnimationRunner.
11-14 22:12:33.537 1942 1966 V WindowManagerShell: Transition animation finished (aborted=false), notifying core (#249)android.os.BinderProxy@c4b9154
11-14 22:12:33.537 1472 4784 D SystemServerTiming: getUserSwitchability-0
11-14 22:12:33.537 1472 4784 D SystemServerTiming: TM.isInCall
11-14 22:12:33.538 1472 4784 D SystemServerTiming: hasUserRestriction-DISALLOW_USER_SWITCH
11-14 22:12:33.538 1472 4784 D SystemServerTiming: getInt-ALLOW_USER_SWITCHING_WHEN_SYSTEM_USER_LOCKED
11-14 22:12:33.538 1472 4784 D SystemServerTiming: isUserUnlocked-USER_SYSTEM
11-14 22:12:33.538 1472 1685 V WindowManager: Finish Transition #249: created at
11-14 22:12:33.348 collect-started=0.179ms request-sent=0.348ms started=8.789ms ready=8.788ms sent=30.01ms finished=189.42ms
11-14 22:12:33.539 1942 1966 V WindowManagerShell: All active transition animations finished
11-14 22:12:34.068 1472 4784 D BiometricService: canAuthenticate: User=0, Caller=0, Authenticators=255
11-14 22:12:34.074 1472 4784 D BiometricService/PreAuthInfo: Package: com.google.android.gms Sensor ID: 0 Modality: 2 Status: 7
11-14 22:12:34.074 1472 4784 D BiometricService/PreAuthInfo: getCanAuthenticateInternal Modality: 2 AuthenticatorStatus: 7
11-14 22:12:34.074 1472 4784 D AuthService: canAuthenticate, userId: 0, callingUserId: 0, authenticators: 255, result: 11
11-14 22:12:35.845 1472 2544 W ActivityTaskManager: getApplicationThreadForTopActivity failed: Requested task not found
11-14 22:12:36.829 1472 4949 D CompatibilityChangeReporter: Compat change id reported: 265464455; UID 10292; state: DISABLED
11-14 22:12:36.829 1472 4949 D CompatibilityChangeReporter: Compat change id reported: 265452344; UID 10292; state: DISABLED
11-14 22:12:36.830 1472 4949 D CompatibilityChangeReporter: Compat change id reported: 266124927; UID 10292; state: DISABLED
11-14 22:12:36.830 1472 4949 D CompatibilityChangeReporter: Compat change id reported: 265451093; UID 10292; state: DISABLED
11-14 22:12:36.830 1472 4949 D CompatibilityChangeReporter: Compat change id reported: 265456536; UID 10292; state: DISABLED
11-14 22:12:36.830 1472 4949 D CompatibilityChangeReporter: Compat change id reported: 255940284; UID 10292; state: DISABLED
11-14 22:12:36.830 1472 4949 D CompatibilityChangeReporter: Compat change id reported: 236283604; UID 10292; state: DISABLED
11-14 22:12:36.830 1472 4949 D CompatibilityChangeReporter: Compat change id reported: 263959004; UID 10292; state: DISABLED
11-14 22:12:36.830 1472 4949 D CompatibilityChangeReporter: Compat change id reported: 264304459; UID 10292; state: DISABLED
11-14 22:12:36.830 1472 4949 D CompatibilityChangeReporter: Compat change id reported: 264301586; UID 10292; state: DISABLED
11-14 22:12:36.830 1472 4949 D CompatibilityChangeReporter: Compat change id reported: 254631730; UID 10292; state: DISABLED
11-14 22:12:36.831 1472 4949 D CompatibilityChangeReporter: Compat change id reported: 273509367; UID 10292; state: DISABLED
11-14 22:12:36.831 1472 4949 D CompatibilityChangeReporter: Compat change id reported: 263259275; UID 10292; state: DISABLED
11-14 22:12:36.831 1472 4949 D CompatibilityChangeReporter: Compat change id reported: 194480991; UID 10292; state: ENABLED
11-14 22:12:36.832 1472 4949 D CompatibilityChangeReporter: Compat change id reported: 174042980; UID 10292; state: DISABLED
11-14 22:12:36.832 1472 4949 D CompatibilityChangeReporter: Compat change id reported: 184838306; UID 10292; state: DISABLED
11-14 22:12:36.832 1472 4949 D CompatibilityChangeReporter: Compat change id reported: 185004937; UID 10292; state: DISABLED
11-14 22:12:36.832 1472 4949 D CompatibilityChangeReporter: Compat change id reported: 181136395; UID 10292; state: DISABLED
11-14 22:12:36.832 1472 4949 D CompatibilityChangeReporter: Compat change id reported: 174042936; UID 10292; state: DISABLED
11-14 22:12:36.833 1472 4949 D CompatibilityChangeReporter: Compat change id reported: 197654537; UID 10292; state: ENABLED
11-14 22:12:36.834 1472 4949 D CompatibilityChangeReporter: Compat change id reported: 205907456; UID 10292; state: ENABLED
11-14 22:12:36.835 1472 4949 I ActivityTaskManager: START u0 {flg=0x10100000 cmp=org.qtproject.example.vulkanunderqmlapp/org.qtproject.qt.android.bindings.QtActivity} with LAUNCH_SINGLE_TOP from uid 2000 (realCallingUid=10218) (BAL_ALLOW_PENDING_INTENT) result code=0
