11-14 22:17:25.376 30243 30572 D BufferPoolAccessor2.0: bufferpool2 0xb4000070f4271738 : 5(36700160 size) total buffers - 1(7340032 size) used buffers - 2350/2355 (recycle/alloc) - 48/2345 (fetch/transfer)
11-14 22:17:25.379 30243 30572 W CCodecBufferChannel: no present fence for frame 1883
11-14 22:17:25.727 30243 30572 W CCodecBufferChannel: no present fence for frame 1884
11-14 22:17:25.872 30243 30572 W CCodecBufferChannel: no present fence for frame 1885
11-14 22:17:26.025 30243 30572 W CCodecBufferChannel: no present fence for frame 1886
11-14 22:17:26.221 30243 30572 W CCodecBufferChannel: no present fence for frame 1887
11-14 22:17:26.222 30243 30572 W CCodecBufferChannel: no present fence for frame 1888
11-14 22:17:26.222 30243 30572 W CCodecBufferChannel: no present fence for frame 1889
11-14 22:17:26.222 30243 30572 W CCodecBufferChannel: no present fence for frame 1890
11-14 22:17:26.222 30243 30572 W CCodecBufferChannel: no present fence for frame 1891
11-14 22:17:26.222 30243 30572 W CCodecBufferChannel: no present fence for frame 1892
11-14 22:17:26.222 30243 30572 W CCodecBufferChannel: no present fence for frame 1893
11-14 22:17:26.222 30243 30572 W CCodecBufferChannel: no present fence for frame 1894
11-14 22:17:26.375 30243 30572 W CCodecBufferChannel: no present fence for frame 1895
11-14 22:17:26.723 30243 30572 W CCodecBufferChannel: no present fence for frame 1896
11-14 22:17:26.764 923 30040 D BufferPoolAccessor2.0: bufferpool2 0xb400006f7f74b0f8 : 6(23329536 size) total buffers - 5(19441280 size) used buffers - 3875/3884 (recycle/alloc) - 36/3878 (fetch/transfer)
11-14 22:17:26.871 30243 30572 W CCodecBufferChannel: no present fence for frame 1897
11-14 22:17:27.221 30243 30572 W CCodecBufferChannel: no present fence for frame 1898
11-14 22:17:27.375 30243 30572 W CCodecBufferChannel: no present fence for frame 1899
11-14 22:17:27.592 30243 30572 W CCodecBufferChannel: no present fence for frame 1900
11-14 22:17:27.592 30243 30572 W CCodecBufferChannel: no present fence for frame 1901
11-14 22:17:27.592 30243 30572 W CCodecBufferChannel: no present fence for frame 1902
11-14 22:17:27.662 30243 30572 W CCodecBufferChannel: no present fence for frame 1903
11-14 22:17:27.662 30243 30572 W CCodecBufferChannel: no present fence for frame 1904
11-14 22:17:27.788 30243 30572 W CCodecBufferChannel: no present fence for frame 1905
11-14 22:17:27.861 30243 30572 W CCodecBufferChannel: no present fence for frame 1906
11-14 22:17:27.861 30243 30572 W CCodecBufferChannel: no present fence for frame 1907
11-14 22:17:27.861 30243 30572 W CCodecBufferChannel: no present fence for frame 1908
11-14 22:17:28.373 30243 30572 W CCodecBufferChannel: no present fence for frame 1909
11-14 22:17:28.373 30243 30572 W CCodecBufferChannel: no present fence for frame 1910
11-14 22:17:28.373 30243 30572 W CCodecBufferChannel: no present fence for frame 1911
11-14 22:17:28.373 30243 30572 W CCodecBufferChannel: no present fence for frame 1912
11-14 22:17:28.640 30243 30572 W CCodecBufferChannel: no present fence for frame 1913
11-14 22:17:28.671 1472 1688 I DisplayDeviceRepository: Display device changed: DisplayDeviceInfo{"Built-in Screen": uniqueId="local:4619827677550801152", 1080 x 2400, modeId 1, renderFrameRate 30.0, defaultModeId 1, supportedModes [{id=1, width=1080, height=2400, fps=60.0, alternativeRefreshRates=[], supportedHdrTypes=[2, 3, 4]}], colorMode 0, supportedColorModes [0, 7, 9], hdrCapabilities HdrCapabilities{mSupportedHdrTypes=[2, 3, 4], mMaxLuminance=800.0, mMaxAverageLuminance=120.0, mMinLuminance=5.0E-4}, allmSupported false, gameContentTypeSupported false, density 420, 428.625 x 429.295 dpi, appVsyncOff 6233334, presDeadline 11500000, cutout DisplayCutout{insets=Rect(0, 132 - 0, 0) waterfall=Insets{left=0, top=0, right=0, bottom=0} boundingRect={Bounds=[Rect(0, 0 - 0, 0), Rect(480, 0 - 625, 132), Rect(0, 0 - 0, 0), Rect(0, 0 - 0, 0)]} cutoutPathParserInfo={CutoutPathParserInfo{displayWidth=1080 displayHeight=2400 physicalDisplayWidth=1080 physicalDisplayHeight=2400 density={2.625} cutoutSpec={M 507,66 a 33,33 0 1 0 66,0 33,33 0 1 0 -66,0 Z @left} rotation={0} scale={1.0} physicalPixelDisplaySizeRatio={1.0}}}}, touch INTERNAL, rotation 0, type INTERNAL, address {port=0, model=0x401ceccbbbeef1}, deviceProductInfo DeviceProductInfo{name=Common Panel, manufacturerPnpId=GGL, productId=0, modelYear=null, manufactureDate=ManufactureDate{week=1, year=1990}, connectionToSinkType=0}, state ON, committedState ON, frameRateOverride , brightnessMinimum 0.0, brightnessMaximum 1.0, brightnessDefault 0.17293233, hdrSdrRatio 1.0, roundedCorners RoundedCorners{[RoundedCorner{position=TopLeft, radius=47, center=Point(47, 47)}, RoundedCorner{position=TopRight, radius=47, center=Point(1033, 47)}, RoundedCorner{position=BottomRight, radius=48, center=Point(1032, 2352)}, RoundedCorner{position=BottomLeft, radius=48, center=Point(48, 2352)}]}, FLAG_ALLOWED_TO_BE_DEFAULT_DISPLAY, FLAG_ROTATES_WITH_CONTENT, FLAG_SECURE, FLAG_SUPPORTS_PROTECTED_BUFFERS, FLAG_TRUSTED, installOrientation 0, displayShape DisplayShape{ spec=903784421 displayWidth=1080 displayHeight=2400 physicalPixelDisplaySizeRatio=1.0 rotation=0 offsetX=0 offsetY=0 scale=1.0}}
11-14 22:17:28.677 1472 1688 D DisplayManagerService: Ignore redundant display event 0/2 to 10292/30368
11-14 22:17:28.814 30243 30572 W CCodecBufferChannel: no present fence for frame 1914
11-14 22:17:28.814 30243 30572 W CCodecBufferChannel: no present fence for frame 1915
11-14 22:17:28.844 30243 30572 W CCodecBufferChannel: no present fence for frame 1916
11-14 22:17:28.844 30243 30572 W CCodecBufferChannel: no present fence for frame 1917
11-14 22:17:28.875 30243 30572 W CCodecBufferChannel: no present fence for frame 1918
11-14 22:17:28.916 30243 30572 W CCodecBufferChannel: no present fence for frame 1919
11-14 22:17:28.945 30243 30572 W CCodecBufferChannel: no present fence for frame 1920
11-14 22:17:28.976 30243 30572 W CCodecBufferChannel: no present fence for frame 1921
11-14 22:17:29.017 30243 30572 W CCodecBufferChannel: no present fence for frame 1922
11-14 22:17:29.048 30243 30572 W CCodecBufferChannel: no present fence for frame 1923
11-14 22:17:29.080 30243 30572 W CCodecBufferChannel: no present fence for frame 1924
11-14 22:17:29.111 30243 30572 W CCodecBufferChannel: no present fence for frame 1925
11-14 22:17:29.142 30243 30572 W CCodecBufferChannel: no present fence for frame 1926
11-14 22:17:29.328 30243 30572 W CCodecBufferChannel: no present fence for frame 1927
11-14 22:17:29.328 30243 30572 W CCodecBufferChannel: no present fence for frame 1928
11-14 22:17:29.328 30243 30572 W CCodecBufferChannel: no present fence for frame 1929
11-14 22:17:29.328 30243 30572 W CCodecBufferChannel: no present fence for frame 1930
11-14 22:17:29.328 30243 30572 W CCodecBufferChannel: no present fence for frame 1931
11-14 22:17:29.870 30243 30572 W CCodecBufferChannel: no present fence for frame 1932
11-14 22:17:29.870 30243 30572 W CCodecBufferChannel: no present fence for frame 1933
11-14 22:17:30.030 30644 30644 I trusty_metricsd: starting trusty_metricsd
11-14 22:17:30.030 30644 30644 I trusty_metricsd: trusty dev: /dev/trusty-ipc-dev0
11-14 22:17:30.032 30644 30644 E libtrusty: tipc_connect: can't connect to tipc service "com.android.trusty.metrics" (err=107)
11-14 22:17:30.032 30644 30644 E trusty_metricsd: failed to open TrustyMetricsPixel: failed to connect to Trusty metrics TA: Transport endpoint is not connected
11-14 22:17:30.032 30644 30644 E trusty_metricsd: failed to open Trusty metrics client
11-14 22:17:30.294 30243 30572 W CCodecBufferChannel: no present fence for frame 1934
11-14 22:17:30.427 30243 30572 D BufferPoolAccessor2.0: bufferpool2 0xb4000070f4271738 : 5(36700160 size) total buffers - 1(7340032 size) used buffers - 2421/2426 (recycle/alloc) - 50/2416 (fetch/transfer)
11-14 22:17:30.468 30243 30572 W CCodecBufferChannel: no present fence for frame 1935
11-14 22:17:30.498 30243 30572 W CCodecBufferChannel: no present fence for frame 1936
11-14 22:17:30.528 30243 30572 W CCodecBufferChannel: no present fence for frame 1937
11-14 22:17:30.569 30243 30572 W CCodecBufferChannel: no present fence for frame 1938
11-14 22:17:30.599 30243 30572 W CCodecBufferChannel: no present fence for frame 1939
11-14 22:17:30.629 30243 30572 W CCodecBufferChannel: no present fence for frame 1940
11-14 22:17:30.659 30243 30521 D PipelineWatcher: onInputBufferReleased: frameIndex not found (2428); ignored
11-14 22:17:30.670 30243 30572 W CCodecBufferChannel: no present fence for frame 1941
11-14 22:17:30.700 30243 30572 W CCodecBufferChannel: no present fence for frame 1942
11-14 22:17:30.834 30243 30572 W CCodecBufferChannel: no present fence for frame 1943
11-14 22:17:30.834 30243 30572 W CCodecBufferChannel: no present fence for frame 1944
11-14 22:17:30.834 30243 30572 W CCodecBufferChannel: no present fence for frame 1945
11-14 22:17:30.834 30243 30572 W CCodecBufferChannel: no present fence for frame 1946
11-14 22:17:30.865 30243 30572 W CCodecBufferChannel: no present fence for frame 1947
11-14 22:17:30.998 30243 30572 W CCodecBufferChannel: no present fence for frame 1948
11-14 22:17:31.029 30243 30572 W CCodecBufferChannel: no present fence for frame 1949
11-14 22:17:31.100 30243 30572 W CCodecBufferChannel: no present fence for frame 1950
11-14 22:17:31.130 936 936 I WifiHAL : Creating message to get link statistics; iface = 47
11-14 22:17:31.131 30243 30572 W CCodecBufferChannel: no present fence for frame 1951
11-14 22:17:31.161 30243 30572 W CCodecBufferChannel: no present fence for frame 1952
11-14 22:17:31.200 30243 30572 W CCodecBufferChannel: no present fence for frame 1953
11-14 22:17:31.208 936 936 I WifiHAL : In GetLinkStatsCommand::handleResponse
11-14 22:17:31.233 30243 30572 W CCodecBufferChannel: no present fence for frame 1954
11-14 22:17:31.236 1942 1942 D StatusBarIconController: ignoring old pipeline callback because the new wifi icon is enabled
11-14 22:17:31.243 1472 1871 D ConnectivityService: NetReassign [no changes] [c 0] [a 1] [i 3]
11-14 22:17:31.263 30243 30572 W CCodecBufferChannel: no present fence for frame 1955
11-14 22:17:31.304 30243 30572 W CCodecBufferChannel: no present fence for frame 1956
11-14 22:17:31.335 30243 30572 W CCodecBufferChannel: no present fence for frame 1957
11-14 22:17:31.366 30243 30572 W CCodecBufferChannel: no present fence for frame 1958
11-14 22:17:31.397 30243 30572 W CCodecBufferChannel: no present fence for frame 1959
11-14 22:17:31.436 30243 30572 W CCodecBufferChannel: no present fence for frame 1960
11-14 22:17:31.467 30243 30572 W CCodecBufferChannel: no present fence for frame 1961
11-14 22:17:31.498 30243 30572 W CCodecBufferChannel: no present fence for frame 1962
11-14 22:17:31.528 30243 30572 W CCodecBufferChannel: no present fence for frame 1963
11-14 22:17:31.568 30243 30572 W CCodecBufferChannel: no present fence for frame 1964
11-14 22:17:31.598 30243 30572 W CCodecBufferChannel: no present fence for frame 1965
11-14 22:17:31.631 30243 30572 W CCodecBufferChannel: no present fence for frame 1966
11-14 22:17:31.661 30243 30572 W CCodecBufferChannel: no present fence for frame 1967
11-14 22:17:31.701 30243 30572 W CCodecBufferChannel: no present fence for frame 1968
11-14 22:17:31.733 30243 30572 W CCodecBufferChannel: no present fence for frame 1969
11-14 22:17:31.763 30243 30572 W CCodecBufferChannel: no present fence for frame 1970
11-14 22:17:31.795 30243 30572 W CCodecBufferChannel: no present fence for frame 1971
11-14 22:17:31.835 30243 30572 W CCodecBufferChannel: no present fence for frame 1972
11-14 22:17:31.865 30243 30572 W CCodecBufferChannel: no present fence for frame 1973
11-14 22:17:31.896 30243 30572 W CCodecBufferChannel: no present fence for frame 1974
11-14 22:17:31.937 30243 30572 W CCodecBufferChannel: no present fence for frame 1975
11-14 22:17:31.967 30243 30572 W CCodecBufferChannel: no present fence for frame 1976
11-14 22:17:31.998 30243 30572 W CCodecBufferChannel: no present fence for frame 1977
11-14 22:17:32.038 30243 30572 W CCodecBufferChannel: no present fence for frame 1978
11-14 22:17:32.046 923 30040 D BufferPoolAccessor2.0: bufferpool2 0xb400006f7f74b0f8 : 6(23329536 size) total buffers - 5(19441280 size) used buffers - 3956/3965 (recycle/alloc) - 36/3959 (fetch/transfer)
11-14 22:17:32.068 30243 30572 W CCodecBufferChannel: no present fence for frame 1979
11-14 22:17:32.099 30243 30572 W CCodecBufferChannel: no present fence for frame 1980
11-14 22:17:32.130 30243 30572 W CCodecBufferChannel: no present fence for frame 1981
11-14 22:17:32.170 30243 30572 W CCodecBufferChannel: no present fence for frame 1982
11-14 22:17:32.199 30243 30572 W CCodecBufferChannel: no present fence for frame 1983
11-14 22:17:32.231 30243 30572 W CCodecBufferChannel: no present fence for frame 1984
11-14 22:17:32.261 30243 30572 W CCodecBufferChannel: no present fence for frame 1985
11-14 22:17:32.302 30243 30572 W CCodecBufferChannel: no present fence for frame 1986
11-14 22:17:32.332 30243 30572 W CCodecBufferChannel: no present fence for frame 1987
11-14 22:17:32.362 30243 30572 W CCodecBufferChannel: no present fence for frame 1988
11-14 22:17:32.403 30243 30572 W CCodecBufferChannel: no present fence for frame 1989
11-14 22:17:32.434 30243 30572 W CCodecBufferChannel: no present fence for frame 1990
11-14 22:17:32.465 30243 30572 W CCodecBufferChannel: no present fence for frame 1991
11-14 22:17:32.495 30243 30572 W CCodecBufferChannel: no present fence for frame 1992
11-14 22:17:32.535 30243 30572 W CCodecBufferChannel: no present fence for frame 1993
11-14 22:17:32.567 30243 30572 W CCodecBufferChannel: no present fence for frame 1994
11-14 22:17:32.598 30243 30572 W CCodecBufferChannel: no present fence for frame 1995
11-14 22:17:32.639 30243 30572 W CCodecBufferChannel: no present fence for frame 1996
11-14 22:17:32.668 30243 30572 W CCodecBufferChannel: no present fence for frame 1997
11-14 22:17:32.699 30243 30572 W CCodecBufferChannel: no present fence for frame 1998
11-14 22:17:32.730 30243 30572 W CCodecBufferChannel: no present fence for frame 1999
11-14 22:17:32.771 30243 30572 W CCodecBufferChannel: no present fence for frame 2000
11-14 22:17:32.802 30243 30572 W CCodecBufferChannel: no present fence for frame 2001
11-14 22:17:32.863 30243 30572 W CCodecBufferChannel: no present fence for frame 2002
11-14 22:17:32.863 30243 30572 W CCodecBufferChannel: no present fence for frame 2003
11-14 22:17:33.037 30243 30572 W CCodecBufferChannel: no present fence for frame 2004
11-14 22:17:33.037 30243 30572 W CCodecBufferChannel: no present fence for frame 2005
11-14 22:17:33.037 30243 30572 W CCodecBufferChannel: no present fence for frame 2006
11-14 22:17:33.037 30243 30572 W CCodecBufferChannel: no present fence for frame 2007
11-14 22:17:33.202 30243 30572 W CCodecBufferChannel: no present fence for frame 2008
11-14 22:17:33.232 30243 30572 W CCodecBufferChannel: no present fence for frame 2009
11-14 22:17:33.272 30243 30572 W CCodecBufferChannel: no present fence for frame 2010
11-14 22:17:33.302 30243 30572 W CCodecBufferChannel: no present fence for frame 2011
11-14 22:17:33.332 30243 30572 W CCodecBufferChannel: no present fence for frame 2012
11-14 22:17:33.371 30243 30572 W CCodecBufferChannel: no present fence for frame 2013
11-14 22:17:33.402 30243 30572 W CCodecBufferChannel: no present fence for frame 2014
11-14 22:17:33.434 30243 30572 W CCodecBufferChannel: no present fence for frame 2015
11-14 22:17:33.802 30243 30572 W CCodecBufferChannel: no present fence for frame 2016
11-14 22:17:33.802 30243 30572 W CCodecBufferChannel: no present fence for frame 2017
11-14 22:17:33.802 30243 30572 W CCodecBufferChannel: no present fence for frame 2018
11-14 22:17:33.802 30243 30572 W CCodecBufferChannel: no present fence for frame 2019
11-14 22:17:33.802 30243 30572 W CCodecBufferChannel: no present fence for frame 2020
11-14 22:17:33.997 30243 30572 W CCodecBufferChannel: no present fence for frame 2021
11-14 22:17:33.997 30243 30572 W CCodecBufferChannel: no present fence for frame 2022
11-14 22:17:34.037 30243 30572 W CCodecBufferChannel: no present fence for frame 2023
11-14 22:17:34.068 30243 30572 W CCodecBufferChannel: no present fence for frame 2024
11-14 22:17:34.171 30243 30572 W CCodecBufferChannel: no present fence for frame 2025
11-14 22:17:34.234 30243 30572 W CCodecBufferChannel: no present fence for frame 2026
11-14 22:17:34.234 30243 30572 W CCodecBufferChannel: no present fence for frame 2027
11-14 22:17:34.373 30243 30572 W CCodecBufferChannel: no present fence for frame 2028
11-14 22:17:34.567 30243 30572 W CCodecBufferChannel: no present fence for frame 2029
11-14 22:17:34.567 30243 30572 W CCodecBufferChannel: no present fence for frame 2030
11-14 22:17:34.567 30243 30572 W CCodecBufferChannel: no present fence for frame 2031
11-14 22:17:34.741 30243 30572 W CCodecBufferChannel: no present fence for frame 2032
11-14 22:17:34.770 30243 30572 W CCodecBufferChannel: no present fence for frame 2033
11-14 22:17:34.802 30243 30572 W CCodecBufferChannel: no present fence for frame 2034
11-14 22:17:34.832 30243 30572 W CCodecBufferChannel: no present fence for frame 2035
11-14 22:17:34.872 30243 30572 W CCodecBufferChannel: no present fence for frame 2036
11-14 22:17:34.904 30243 30572 W CCodecBufferChannel: no present fence for frame 2037
11-14 22:17:34.933 30243 30572 W CCodecBufferChannel: no present fence for frame 2038
11-14 22:17:34.964 30243 30572 W CCodecBufferChannel: no present fence for frame 2039
11-14 22:17:35.004 30243 30572 W CCodecBufferChannel: no present fence for frame 2040
11-14 22:17:35.033 30243 30572 W CCodecBufferChannel: no present fence for frame 2041
11-14 22:17:35.041 30645 30645 I trusty_metricsd: starting trusty_metricsd
11-14 22:17:35.041 30645 30645 I trusty_metricsd: trusty dev: /dev/trusty-ipc-dev0
11-14 22:17:35.043 30645 30645 E libtrusty: tipc_connect: can't connect to tipc service "com.android.trusty.metrics" (err=107)
11-14 22:17:35.043 30645 30645 E trusty_metricsd: failed to open TrustyMetricsPixel: failed to connect to Trusty metrics TA: Transport endpoint is not connected
11-14 22:17:35.043 30645 30645 E trusty_metricsd: failed to open Trusty metrics client
11-14 22:17:35.064 30243 30572 W CCodecBufferChannel: no present fence for frame 2042
11-14 22:17:35.084 923 30574 I ExynosC2H264DecComponent: [doQueue] input detects EOS flag !!
11-14 22:17:35.084 923 30581 D ExynosVideoDecoder: MFC_Decoder_Enqueue_Inbuf: EMPTY DATA
11-14 22:17:35.104 30243 30572 W CCodecBufferChannel: no present fence for frame 2043
11-14 22:17:35.109 923 30583 I ExynosVideoCodecDec-H264Dec: [dstDequeue] DPB has reached EOS
11-14 22:17:35.110 923 30574 I ExynosC2H264DecComponent: [onUpdateC2Work] output detects EOS !!
11-14 22:17:35.134 30243 30572 W CCodecBufferChannel: no present fence for frame 2044
11-14 22:17:35.236 30243 30572 W CCodecBufferChannel: no present fence for frame 2045
11-14 22:17:35.236 30243 30572 W CCodecBufferChannel: no present fence for frame 2046
11-14 22:17:35.236 30243 30572 W CCodecBufferChannel: no present fence for frame 2047
11-14 22:17:35.260 1472 1688 I DisplayDeviceRepository: Display device changed: DisplayDeviceInfo{"Built-in Screen": uniqueId="local:4619827677550801152", 1080 x 2400, modeId 1, renderFrameRate 60.0, defaultModeId 1, supportedModes [{id=1, width=1080, height=2400, fps=60.0, alternativeRefreshRates=[], supportedHdrTypes=[2, 3, 4]}], colorMode 0, supportedColorModes [0, 7, 9], hdrCapabilities HdrCapabilities{mSupportedHdrTypes=[2, 3, 4], mMaxLuminance=800.0, mMaxAverageLuminance=120.0, mMinLuminance=5.0E-4}, allmSupported false, gameContentTypeSupported false, density 420, 428.625 x 429.295 dpi, appVsyncOff 6233334, presDeadline 11500000, cutout DisplayCutout{insets=Rect(0, 132 - 0, 0) waterfall=Insets{left=0, top=0, right=0, bottom=0} boundingRect={Bounds=[Rect(0, 0 - 0, 0), Rect(480, 0 - 625, 132), Rect(0, 0 - 0, 0), Rect(0, 0 - 0, 0)]} cutoutPathParserInfo={CutoutPathParserInfo{displayWidth=1080 displayHeight=2400 physicalDisplayWidth=1080 physicalDisplayHeight=2400 density={2.625} cutoutSpec={M 507,66 a 33,33 0 1 0 66,0 33,33 0 1 0 -66,0 Z @left} rotation={0} scale={1.0} physicalPixelDisplaySizeRatio={1.0}}}}, touch INTERNAL, rotation 0, type INTERNAL, address {port=0, model=0x401ceccbbbeef1}, deviceProductInfo DeviceProductInfo{name=Common Panel, manufacturerPnpId=GGL, productId=0, modelYear=null, manufactureDate=ManufactureDate{week=1, year=1990}, connectionToSinkType=0}, state ON, committedState ON, frameRateOverride , brightnessMinimum 0.0, brightnessMaximum 1.0, brightnessDefault 0.17293233, hdrSdrRatio 1.0, roundedCorners RoundedCorners{[RoundedCorner{position=TopLeft, radius=47, center=Point(47, 47)}, RoundedCorner{position=TopRight, radius=47, center=Point(1033, 47)}, RoundedCorner{position=BottomRight, radius=48, center=Point(1032, 2352)}, RoundedCorner{position=BottomLeft, radius=48, center=Point(48, 2352)}]}, FLAG_ALLOWED_TO_BE_DEFAULT_DISPLAY, FLAG_ROTATES_WITH_CONTENT, FLAG_SECURE, FLAG_SUPPORTS_PROTECTED_BUFFERS, FLAG_TRUSTED, installOrientation 0, displayShape DisplayShape{ spec=903784421 displayWidth=1080 displayHeight=2400 physicalPixelDisplaySizeRatio=1.0 rotation=0 offsetX=0 offsetY=0 scale=1.0}}
11-14 22:17:35.265 1472 1688 D DisplayManagerService: Ignore redundant display event 0/2 to 10292/30368
11-14 22:17:35.382 30243 30572 W CCodecBufferChannel: no present fence for frame 2048
11-14 22:17:35.382 30243 30572 W CCodecBufferChannel: no present fence for frame 2049
11-14 22:17:35.382 30243 30572 W CCodecBufferChannel: no present fence for frame 2050
11-14 22:17:35.771 30243 30572 W CCodecBufferChannel: no present fence for frame 2051
11-14 22:17:36.264 30243 30572 W CCodecBufferChannel: no present fence for frame 2052
11-14 22:17:36.265 30243 30572 W CCodecBufferChannel: no present fence for frame 2053
11-14 22:17:36.552 30243 30569 I Surface : Surface::setFrameRate is deprecated, setFrameRate hint is dropped as destination is not SurfaceFlinger
11-14 22:17:36.559 30243 30569 D MediaCodec: keep callback message for reclaim
11-14 22:17:36.559 30243 30572 I CCodecConfig: query failed after returning 15 values (BAD_INDEX)
11-14 22:17:36.560 30243 30572 W Codec2Client: query -- param skipped: index = 1073743886.
11-14 22:17:36.560 30243 30572 W Codec2Client: query -- param skipped: index = 1610614798.
11-14 22:17:36.560 30243 30572 D BufferPoolAccessor2.0: bufferpool2 0xb4000070f4271738 : 5(36700160 size) total buffers - 1(7340032 size) used buffers - 2629/2634 (recycle/alloc) - 50/2623 (fetch/transfer)
11-14 22:17:36.579 3703 29680 D MediaProvider: Open with FUSE. FilePath: /storage/emulated/0/QTBUG-107883-quickcontrols-texteditor-qt660.mp4. Uid: 10192. Media Capabilities Uid: 0. ShouldRedact: false. ShouldTranscode: false
11-14 22:17:36.596 30243 30521 D CCodecBufferChannel: [c2.exynos.h264.decoder#302] Ignoring stale input buffer done callback: last flush index = 2621, frameIndex = 2621
11-14 22:17:36.596 923 30574 I ExynosC2H264DecComponent: [updateC2Buffer_ColorAspects] HDR :: color aspects(r:2, p:0x1, t:0x3, m:0x1)
11-14 22:17:36.609 30243 30569 I Surface : Surface::setFrameRate is deprecated, setFrameRate hint is dropped as destination is not SurfaceFlinger
11-14 22:17:36.804 30243 30572 W CCodecBufferChannel: no present fence for frame 2056
11-14 22:17:36.952 30243 30572 W CCodecBufferChannel: no present fence for frame 2057
11-14 22:17:37.243 936 936 I WifiHAL : Creating message to get link statistics; iface = 47
11-14 22:17:37.303 30243 30572 W CCodecBufferChannel: no present fence for frame 2058
11-14 22:17:37.342 923 30033 D BufferPoolAccessor2.0: bufferpool2 0xb400006f7f74b0f8 : 6(23329536 size) total buffers - 5(19441280 size) used buffers - 4028/4037 (recycle/alloc) - 37/4032 (fetch/transfer)
11-14 22:17:37.347 936 936 I WifiHAL : In GetLinkStatsCommand::handleResponse
11-14 22:17:37.348 936 936 E IPCThreadState: binder thread pool (1 threads) starved for 105 ms
11-14 22:17:37.383 1942 1942 D StatusBarIconController: ignoring old pipeline callback because the new wifi icon is enabled
11-14 22:17:37.386 1472 1871 D ConnectivityService: NetReassign [no changes] [c 0] [a 0] [i 3]
11-14 22:17:37.457 30243 30572 W CCodecBufferChannel: no present fence for frame 2059
11-14 22:17:37.799 30243 30572 W CCodecBufferChannel: no present fence for frame 2060
11-14 22:17:37.957 30243 30572 W CCodecBufferChannel: no present fence for frame 2061
11-14 22:17:38.305 30243 30572 W CCodecBufferChannel: no present fence for frame 2062
11-14 22:17:38.458 30243 30572 W CCodecBufferChannel: no present fence for frame 2063
11-14 22:17:38.602 30243 30572 W CCodecBufferChannel: no present fence for frame 2064
11-14 22:17:38.807 30243 30572 W CCodecBufferChannel: no present fence for frame 2065
11-14 22:17:38.808 30243 30572 W CCodecBufferChannel: no present fence for frame 2066
11-14 22:17:38.808 30243 30572 W CCodecBufferChannel: no present fence for frame 2067
11-14 22:17:38.808 30243 30572 W CCodecBufferChannel: no present fence for frame 2068
11-14 22:17:38.808 30243 30572 W CCodecBufferChannel: no present fence for frame 2069
11-14 22:17:38.808 30243 30572 W CCodecBufferChannel: no present fence for frame 2070
11-14 22:17:38.808 30243 30572 W CCodecBufferChannel: no present fence for frame 2071
11-14 22:17:38.953 30243 30572 W CCodecBufferChannel: no present fence for frame 2072
11-14 22:17:39.041 923 30584 W C2BqBuffer: last successful dequeue was 75227 us ago, 6 consecutive failures
11-14 22:17:39.303 30243 30572 W CCodecBufferChannel: no present fence for frame 2073
11-14 22:17:39.455 30243 30572 W CCodecBufferChannel: no present fence for frame 2074
11-14 22:17:39.828 30243 30572 W CCodecBufferChannel: no present fence for frame 2075
11-14 22:17:39.967 30243 30572 W CCodecBufferChannel: no present fence for frame 2076
11-14 22:17:40.048 30646 30646 I trusty_metricsd: starting trusty_metricsd
11-14 22:17:40.048 30646 30646 I trusty_metricsd: trusty dev: /dev/trusty-ipc-dev0
11-14 22:17:40.053 30646 30646 E libtrusty: tipc_connect: can't connect to tipc service "com.android.trusty.metrics" (err=107)
11-14 22:17:40.053 30646 30646 E trusty_metricsd: failed to open TrustyMetricsPixel: failed to connect to Trusty metrics TA: Transport endpoint is not connected
11-14 22:17:40.053 30646 30646 E trusty_metricsd: failed to open Trusty metrics client
11-14 22:17:40.087 30647 30647 I flags_health_check: ServerConfigurableFlagsReset reset_mode value: 1
11-14 22:17:40.088 30647 30647 I flags_health_check: ServerConfigurableFlagsReset updatable crashing detected, resetting flags.
11-14 22:17:40.174 30243 30572 W CCodecBufferChannel: no present fence for frame 2077
11-14 22:17:40.174 30243 30572 W CCodecBufferChannel: no present fence for frame 2078
11-14 22:17:40.175 30243 30572 W CCodecBufferChannel: no present fence for frame 2079
11-14 22:17:40.234 30243 30572 W CCodecBufferChannel: no present fence for frame 2080
11-14 22:17:40.234 30243 30572 W CCodecBufferChannel: no present fence for frame 2081
11-14 22:17:40.377 30243 30572 W CCodecBufferChannel: no present fence for frame 2082
11-14 22:17:40.439 30243 30572 W CCodecBufferChannel: no present fence for frame 2083
11-14 22:17:40.439 30243 30572 W CCodecBufferChannel: no present fence for frame 2084
11-14 22:17:40.439 30243 30572 W CCodecBufferChannel: no present fence for frame 2085
11-14 22:17:40.954 30243 30572 W CCodecBufferChannel: no present fence for frame 2086
11-14 22:17:40.954 30243 30572 W CCodecBufferChannel: no present fence for frame 2087
11-14 22:17:40.954 30243 30572 W CCodecBufferChannel: no present fence for frame 2088
11-14 22:17:40.954 30243 30572 W CCodecBufferChannel: no present fence for frame 2089
11-14 22:17:41.224 30243 30572 W CCodecBufferChannel: no present fence for frame 2090
11-14 22:17:41.251 1472 1688 I DisplayDeviceRepository: Display device changed: DisplayDeviceInfo{"Built-in Screen": uniqueId="local:4619827677550801152", 1080 x 2400, modeId 1, renderFrameRate 30.0, defaultModeId 1, supportedModes [{id=1, width=1080, height=2400, fps=60.0, alternativeRefreshRates=[], supportedHdrTypes=[2, 3, 4]}], colorMode 0, supportedColorModes [0, 7, 9], hdrCapabilities HdrCapabilities{mSupportedHdrTypes=[2, 3, 4], mMaxLuminance=800.0, mMaxAverageLuminance=120.0, mMinLuminance=5.0E-4}, allmSupported false, gameContentTypeSupported false, density 420, 428.625 x 429.295 dpi, appVsyncOff 6233334, presDeadline 11500000, cutout DisplayCutout{insets=Rect(0, 132 - 0, 0) waterfall=Insets{left=0, top=0, right=0, bottom=0} boundingRect={Bounds=[Rect(0, 0 - 0, 0), Rect(480, 0 - 625, 132), Rect(0, 0 - 0, 0), Rect(0, 0 - 0, 0)]} cutoutPathParserInfo={CutoutPathParserInfo{displayWidth=1080 displayHeight=2400 physicalDisplayWidth=1080 physicalDisplayHeight=2400 density={2.625} cutoutSpec={M 507,66 a 33,33 0 1 0 66,0 33,33 0 1 0 -66,0 Z @left} rotation={0} scale={1.0} physicalPixelDisplaySizeRatio={1.0}}}}, touch INTERNAL, rotation 0, type INTERNAL, address {port=0, model=0x401ceccbbbeef1}, deviceProductInfo DeviceProductInfo{name=Common Panel, manufacturerPnpId=GGL, productId=0, modelYear=null, manufactureDate=ManufactureDate{week=1, year=1990}, connectionToSinkType=0}, state ON, committedState ON, frameRateOverride , brightnessMinimum 0.0, brightnessMaximum 1.0, brightnessDefault 0.17293233, hdrSdrRatio 1.0, roundedCorners RoundedCorners{[RoundedCorner{position=TopLeft, radius=47, center=Point(47, 47)}, RoundedCorner{position=TopRight, radius=47, center=Point(1033, 47)}, RoundedCorner{position=BottomRight, radius=48, center=Point(1032, 2352)}, RoundedCorner{position=BottomLeft, radius=48, center=Point(48, 2352)}]}, FLAG_ALLOWED_TO_BE_DEFAULT_DISPLAY, FLAG_ROTATES_WITH_CONTENT, FLAG_SECURE, FLAG_SUPPORTS_PROTECTED_BUFFERS, FLAG_TRUSTED, installOrientation 0, displayShape DisplayShape{ spec=903784421 displayWidth=1080 displayHeight=2400 physicalPixelDisplaySizeRatio=1.0 rotation=0 offsetX=0 offsetY=0 scale=1.0}}
11-14 22:17:41.255 1472 1688 D DisplayManagerService: Ignore redundant display event 0/2 to 10292/30368
11-14 22:17:41.373 30243 30572 W CCodecBufferChannel: no present fence for frame 2091
11-14 22:17:41.413 30243 30572 W CCodecBufferChannel: no present fence for frame 2092
11-14 22:17:41.413 30243 30572 W CCodecBufferChannel: no present fence for frame 2093
11-14 22:17:41.413 30243 30572 W CCodecBufferChannel: no present fence for frame 2094
11-14 22:17:41.444 30243 30572 W CCodecBufferChannel: no present fence for frame 2095
11-14 22:17:41.474 30243 30572 W CCodecBufferChannel: no present fence for frame 2096
11-14 22:17:41.514 30243 30572 W CCodecBufferChannel: no present fence for frame 2097
11-14 22:17:41.545 30243 30572 W CCodecBufferChannel: no present fence for frame 2098
11-14 22:17:41.576 30243 30572 W CCodecBufferChannel: no present fence for frame 2099
11-14 22:17:41.607 30243 30572 W CCodecBufferChannel: no present fence for frame 2100
11-14 22:17:41.648 30243 30572 W CCodecBufferChannel: no present fence for frame 2101
11-14 22:17:41.678 30243 30572 W CCodecBufferChannel: no present fence for frame 2102
11-14 22:17:41.709 30243 30572 W CCodecBufferChannel: no present fence for frame 2103
11-14 22:17:41.739 30243 30572 W CCodecBufferChannel: no present fence for frame 2104
11-14 22:17:41.943 30243 30572 W CCodecBufferChannel: no present fence for frame 2105
11-14 22:17:41.943 30243 30572 W CCodecBufferChannel: no present fence for frame 2106
11-14 22:17:41.943 30243 30572 W CCodecBufferChannel: no present fence for frame 2107
11-14 22:17:41.943 30243 30572 W CCodecBufferChannel: no present fence for frame 2108
11-14 22:17:41.943 30243 30572 W CCodecBufferChannel: no present fence for frame 2109
11-14 22:17:41.944 30243 30572 D BufferPoolAccessor2.0: bufferpool2 0xb4000070f4271738 : 5(36700160 size) total buffers - 1(7340032 size) used buffers - 2705/2710 (recycle/alloc) - 56/2699 (fetch/transfer)
11-14 22:17:42.444 30243 30572 W CCodecBufferChannel: no present fence for frame 2110
11-14 22:17:42.481 923 30040 D BufferPoolAccessor2.0: bufferpool2 0xb400006f7f74b0f8 : 6(23329536 size) total buffers - 5(19441280 size) used buffers - 4078/4087 (recycle/alloc) - 38/4081 (fetch/transfer)
11-14 22:17:42.913 30243 30572 W CCodecBufferChannel: no present fence for frame 2111
11-14 22:17:42.913 30243 30572 W CCodecBufferChannel: no present fence for frame 2112
11-14 22:17:43.079 30243 30572 W CCodecBufferChannel: no present fence for frame 2113
11-14 22:17:43.107 30243 30572 W CCodecBufferChannel: no present fence for frame 2114
11-14 22:17:43.147 30243 30572 W CCodecBufferChannel: no present fence for frame 2115
11-14 22:17:43.178 30243 30572 W CCodecBufferChannel: no present fence for frame 2116
11-14 22:17:43.209 30243 30572 W CCodecBufferChannel: no present fence for frame 2117
11-14 22:17:43.241 30243 30572 W CCodecBufferChannel: no present fence for frame 2118
11-14 22:17:43.281 30243 30572 W CCodecBufferChannel: no present fence for frame 2119
11-14 22:17:43.312 30243 30572 W CCodecBufferChannel: no present fence for frame 2120
11-14 22:17:43.387 936 936 I WifiHAL : Creating message to get link statistics; iface = 47
11-14 22:17:43.437 936 936 I WifiHAL : In GetLinkStatsCommand::handleResponse
11-14 22:17:43.448 30243 30572 W CCodecBufferChannel: no present fence for frame 2121
11-14 22:17:43.448 30243 30572 W CCodecBufferChannel: no present fence for frame 2122
11-14 22:17:43.448 30243 30572 W CCodecBufferChannel: no present fence for frame 2123
11-14 22:17:43.448 30243 30572 W CCodecBufferChannel: no present fence for frame 2124
11-14 22:17:43.472 1472 1871 D ConnectivityService: NetReassign [no changes] [c 1] [a 0] [i 2]
11-14 22:17:43.508 30243 30572 W CCodecBufferChannel: no present fence for frame 2125
11-14 22:17:43.610 30243 30572 W CCodecBufferChannel: no present fence for frame 2126
11-14 22:17:43.681 30243 30572 W CCodecBufferChannel: no present fence for frame 2127
11-14 22:17:43.712 30243 30572 W CCodecBufferChannel: no present fence for frame 2128
11-14 22:17:43.742 30243 30572 W CCodecBufferChannel: no present fence for frame 2129
11-14 22:17:43.782 30243 30572 W CCodecBufferChannel: no present fence for frame 2130
11-14 22:17:43.812 30243 30572 W CCodecBufferChannel: no present fence for frame 2131
11-14 22:17:43.842 30243 30572 W CCodecBufferChannel: no present fence for frame 2132
11-14 22:17:43.881 30243 30572 W CCodecBufferChannel: no present fence for frame 2133
11-14 22:17:43.912 30243 30572 W CCodecBufferChannel: no present fence for frame 2134
11-14 22:17:43.944 30243 30572 W CCodecBufferChannel: no present fence for frame 2135
11-14 22:17:43.985 30243 30572 W CCodecBufferChannel: no present fence for frame 2136
11-14 22:17:44.014 30243 30572 W CCodecBufferChannel: no present fence for frame 2137
11-14 22:17:44.045 30243 30572 W CCodecBufferChannel: no present fence for frame 2138
11-14 22:17:44.084 30243 30572 W CCodecBufferChannel: no present fence for frame 2139
11-14 22:17:44.115 30243 30572 W CCodecBufferChannel: no present fence for frame 2140
11-14 22:17:44.145 30243 30572 W CCodecBufferChannel: no present fence for frame 2141
11-14 22:17:44.176 30243 30572 W CCodecBufferChannel: no present fence for frame 2142
11-14 22:17:44.217 30243 30572 W CCodecBufferChannel: no present fence for frame 2143
11-14 22:17:44.248 30243 30572 W CCodecBufferChannel: no present fence for frame 2144
11-14 22:17:44.279 30243 30572 W CCodecBufferChannel: no present fence for frame 2145
11-14 22:17:44.310 30243 30572 W CCodecBufferChannel: no present fence for frame 2146
11-14 22:17:44.349 30243 30572 W CCodecBufferChannel: no present fence for frame 2147
11-14 22:17:44.380 30243 30572 W CCodecBufferChannel: no present fence for frame 2148
11-14 22:17:44.410 30243 30572 W CCodecBufferChannel: no present fence for frame 2149
11-14 22:17:44.449 30243 30572 W CCodecBufferChannel: no present fence for frame 2150
11-14 22:17:44.481 30243 30572 W CCodecBufferChannel: no present fence for frame 2151
11-14 22:17:44.511 30243 30572 W CCodecBufferChannel: no present fence for frame 2152
11-14 22:17:44.551 30243 30572 W CCodecBufferChannel: no present fence for frame 2153
11-14 22:17:44.581 30243 30572 W CCodecBufferChannel: no present fence for frame 2154
11-14 22:17:44.611 30243 30572 W CCodecBufferChannel: no present fence for frame 2155
11-14 22:17:44.643 30243 30572 W CCodecBufferChannel: no present fence for frame 2156
11-14 22:17:44.682 30243 30572 W CCodecBufferChannel: no present fence for frame 2157
11-14 22:17:44.713 30243 30572 W CCodecBufferChannel: no present fence for frame 2158
11-14 22:17:44.744 30243 30572 W CCodecBufferChannel: no present fence for frame 2159
11-14 22:17:44.784 30243 30572 W CCodecBufferChannel: no present fence for frame 2160
11-14 22:17:44.814 30243 30572 W CCodecBufferChannel: no present fence for frame 2161
11-14 22:17:44.845 30243 30572 W CCodecBufferChannel: no present fence for frame 2162
11-14 22:17:44.875 30243 30572 W CCodecBufferChannel: no present fence for frame 2163
11-14 22:17:44.916 30243 30572 W CCodecBufferChannel: no present fence for frame 2164
11-14 22:17:44.947 30243 30572 W CCodecBufferChannel: no present fence for frame 2165
11-14 22:17:44.978 30243 30572 W CCodecBufferChannel: no present fence for frame 2166
11-14 22:17:45.010 30243 30572 W CCodecBufferChannel: no present fence for frame 2167
11-14 22:17:45.030 30243 30572 W CCodecBufferChannel: no present fence for frame 2168
11-14 22:17:45.051 30648 30648 I trusty_metricsd: starting trusty_metricsd
11-14 22:17:45.051 30648 30648 I trusty_metricsd: trusty dev: /dev/trusty-ipc-dev0
11-14 22:17:45.053 30648 30648 E libtrusty: tipc_connect: can't connect to tipc service "com.android.trusty.metrics" (err=107)
11-14 22:17:45.053 30648 30648 E trusty_metricsd: failed to open TrustyMetricsPixel: failed to connect to Trusty metrics TA: Transport endpoint is not connected
11-14 22:17:45.053 30648 30648 E trusty_metricsd: failed to open Trusty metrics client
11-14 22:17:45.080 30243 30572 W CCodecBufferChannel: no present fence for frame 2169
11-14 22:17:45.088 30649 30649 I flags_health_check: ServerConfigurableFlagsReset reset_mode value: 1
11-14 22:17:45.088 30649 30649 I flags_health_check: ServerConfigurableFlagsReset updatable crashing detected, resetting flags.
11-14 22:17:45.110 30243 30572 W CCodecBufferChannel: no present fence for frame 2170
11-14 22:17:45.149 30243 30572 W CCodecBufferChannel: no present fence for frame 2171
11-14 22:17:45.180 30243 30572 W CCodecBufferChannel: no present fence for frame 2172
11-14 22:17:45.180 30243 30572 W CCodecBufferChannel: no present fence for frame 2173
11-14 22:17:45.211 30243 30572 W CCodecBufferChannel: no present fence for frame 2174
11-14 22:17:45.250 30243 30572 W CCodecBufferChannel: no present fence for frame 2175
11-14 22:17:45.282 30243 30572 W CCodecBufferChannel: no present fence for frame 2176
11-14 22:17:45.312 30243 30572 W CCodecBufferChannel: no present fence for frame 2177
11-14 22:17:45.353 30243 30572 W CCodecBufferChannel: no present fence for frame 2178
11-14 22:17:45.383 30243 30572 W CCodecBufferChannel: no present fence for frame 2179
11-14 22:17:45.414 30243 30572 W CCodecBufferChannel: no present fence for frame 2180
11-14 22:17:45.443 30243 30572 W CCodecBufferChannel: no present fence for frame 2181
11-14 22:17:45.619 30243 30572 W CCodecBufferChannel: no present fence for frame 2182
11-14 22:17:45.619 30243 30572 W CCodecBufferChannel: no present fence for frame 2183
11-14 22:17:45.619 30243 30572 W CCodecBufferChannel: no present fence for frame 2184
11-14 22:17:45.619 30243 30572 W CCodecBufferChannel: no present fence for frame 2185
11-14 22:17:45.619 30243 30572 W CCodecBufferChannel: no present fence for frame 2186
11-14 22:17:45.780 30243 30572 W CCodecBufferChannel: no present fence for frame 2187
11-14 22:17:45.820 30243 30572 W CCodecBufferChannel: no present fence for frame 2188
11-14 22:17:45.849 30243 30572 W CCodecBufferChannel: no present fence for frame 2189
11-14 22:17:45.880 30243 30572 W CCodecBufferChannel: no present fence for frame 2190
11-14 22:17:45.911 30243 30572 W CCodecBufferChannel: no present fence for frame 2191
11-14 22:17:45.951 30243 30572 W CCodecBufferChannel: no present fence for frame 2192
11-14 22:17:45.981 30243 30572 W CCodecBufferChannel: no present fence for frame 2193
11-14 22:17:46.012 30243 30572 W CCodecBufferChannel: no present fence for frame 2194
11-14 22:17:46.052 30243 30572 W CCodecBufferChannel: no present fence for frame 2195
11-14 22:17:46.344 30023 30047 I MPEG4Writer: setStartTimestampUs: 364694774621
11-14 22:17:46.345 30023 30048 I MPEG4Writer: setStartTimestampUs: 364694774621
11-14 22:17:46.345 30023 30023 D MPEG4Writer: reset()
11-14 22:17:46.345 30023 30023 D MPEG4Writer: Video track stopping. Stop source
11-14 22:17:46.345 30023 30023 D MPEG4Writer: Video track source stopping
11-14 22:17:46.345 30023 30023 D MPEG4Writer: Video track source stopped
11-14 22:17:46.345 30023 30048 V MediaWriter: Track event err/info msg:101, trackId:3, type:1000,val:-1011
11-14 22:17:46.345 30023 30047 V MediaWriter: Track event err/info msg:101, trackId:2, type:1000,val:-1011
11-14 22:17:46.345 30023 30048 W MPEG4Writer: 0-duration samples found: 1
11-14 22:17:46.346 30023 30047 W MPEG4Writer: 0-duration samples found: 1
11-14 22:17:46.346 30023 30048 I MPEG4Writer: Received total/0-length (1/0) buffers and encoded 1 frames. - Metadata
11-14 22:17:46.346 30023 30046 V MediaWriter: Track event err/info msg:101, trackId:1, type:1000,val:-1011
11-14 22:17:46.346 30023 30046 I MPEG4Writer: Received total/0-length (4165/0) buffers and encoded 4165 frames. - Video
11-14 22:17:46.346 30023 30047 I MPEG4Writer: Received total/0-length (1/0) buffers and encoded 1 frames. - Metadata
11-14 22:17:46.347 30023 30023 D MPEG4Writer: Video track stopped. Status:0. Stop source
11-14 22:17:46.347 30023 30023 D MPEG4Writer: Metadata track stopping. Stop source
11-14 22:17:46.347 30023 30023 D MPEG4Writer: Metadata track source stopping
11-14 22:17:46.347 30023 30023 D MPEG4Writer: Metadata track source stopped
11-14 22:17:46.347 30023 30023 D MPEG4Writer: Metadata track stopped. Status:0. Stop source
11-14 22:17:46.347 30023 30023 D MPEG4Writer: Metadata track stopping. Stop source
11-14 22:17:46.347 30023 30023 D MPEG4Writer: Metadata track source stopping
11-14 22:17:46.347 30023 30023 D MPEG4Writer: Metadata track source stopped
11-14 22:17:46.347 30023 30023 D MPEG4Writer: Metadata track stopped. Status:0. Stop source
11-14 22:17:46.347 30023 30023 D MPEG4Writer: Duration from tracks range is [0, 179893646] us
11-14 22:17:46.347 30023 30044 D MPEG4Writer: 0 chunks are written in the last batch
11-14 22:17:46.347 30023 30023 D MPEG4Writer: WriterThread stopped. Status:0
11-14 22:17:46.347 30023 30023 I MPEG4Writer: Adjust the moov start time from 364694774621 us -> 364694774621 us
11-14 22:17:46.350 30023 30023 I MPEG4Writer: The mp4 file will not be streamable.
11-14 22:17:46.350 30023 30023 I MPEG4Writer: MOOV atom was written to the file
11-14 22:17:46.350 30023 30023 D MPEG4Writer: release()
11-14 22:17:46.350 30023 30023 D MPEG4Writer: ftruncate mPreAllocateFileEndOffset:46446399 mOffset:46444976 mMdatEndOffset:46391335 diff:1423
11-14 22:17:46.359 30023 30023 D MPEG4Writer: final fsync() takes 7 ms, file size 46444976
11-14 22:17:46.361 30023 30023 D MPEG4Writer: MP4WtrCtrlHlpLooper stopped
11-14 22:17:46.361 30023 30023 D MPEG4Writer: Top 5 write durations(microseconds): #1:1625 #2:1873 #3:2175 #4:2498 #5:6731
11-14 22:17:46.368 923 30033 D BufferPoolAccessor2.0: bufferpool2 0xb400006f7f747288 : 0(0 size) total buffers - 0(0 size) used buffers - 0/0 (recycle/alloc) - 0/0 (fetch/transfer)
11-14 22:17:46.368 923 30033 D BufferPoolAccessor2.0: Destruction - bufferpool2 0xb400006f7f747288 cached: 0/0M, 0/0% in use; allocs: 0, 0% recycled; transfers: 0, 0% unfetched
11-14 22:17:46.378 30023 30124 I BpBinder: onLastStrongRef automatically unlinking death recipients:
11-14 22:17:46.379 30243 30572 W CCodecBufferChannel: no present fence for frame 2196
11-14 22:17:46.379 30243 30572 W CCodecBufferChannel: no present fence for frame 2197
11-14 22:17:46.379 923 923 I ExynosC2H264EncComponent: [release] component is released
11-14 22:17:46.379 30243 30572 W CCodecBufferChannel: no present fence for frame 2198
11-14 22:17:46.379 30243 30572 W CCodecBufferChannel: no present fence for frame 2199
11-14 22:17:46.379 30243 30572 W CCodecBufferChannel: no present fence for frame 2200
11-14 22:17:46.379 30023 30028 I hw-BpHwBinder: onLastStrongRef automatically unlinking death recipients
11-14 22:17:46.379 923 923 I hw-BpHwBinder: onLastStrongRef automatically unlinking death recipients
11-14 22:17:46.379 923 923 I hw-BpHwBinder: onLastStrongRef automatically unlinking death recipients
11-14 22:17:46.380 30023 30028 D BufferPoolAccessor2.0: bufferpool2 0xb400006e2c6184d8 : 0(0 size) total buffers - 0(0 size) used buffers - 0/0 (recycle/alloc) - 0/0 (fetch/transfer)
11-14 22:17:46.380 30023 30028 D BufferPoolAccessor2.0: Destruction - bufferpool2 0xb400006e2c6184d8 cached: 0/0M, 0/0% in use; allocs: 0, 0% recycled; transfers: 0, 0% unfetched
11-14 22:17:46.383 30023 30023 D MediaCodec: flushMediametrics
11-14 22:17:46.469 3703 5179 I MediaProvider: Begin Intent { act=android.intent.action.MEDIA_SCANNER_SCAN_FILE dat=file:///... flg=0x1400010 cmp=com.google.android.providers.media.module/com.android.providers.media.MediaService }
11-14 22:17:46.469 30023 30023 D ScreenRecord: success
11-14 22:17:46.474 30023 30023 I BpBinder: onLastStrongRef automatically unlinking death recipients:
11-14 22:17:46.478 30023 30023 I BpBinder: onLastStrongRef automatically unlinking death recipients:
11-14 22:17:46.483 923 923 D BufferPoolAccessor2.0: Destruction - bufferpool2 0xb400006f7f74b0f8 cached: 0/0M, 0/0% in use; allocs: 4170, 100% recycled; transfers: 4165, 99% unfetched
11-14 22:17:46.530 3703 5179 I MediaProvider: End Intent { act=android.intent.action.MEDIA_SCANNER_SCAN_FILE dat=file:///... flg=0x1400010 cmp=com.google.android.providers.media.module/com.android.providers.media.MediaService }
11-14 22:17:46.583 18397 18397 E AbstractGmsTracer: Traced class shouldn't be obfuscated: IpaGcmTaskChimeraService [CONTEXT service_id=259 ]
11-14 22:17:46.584 30243 30572 W CCodecBufferChannel: no present fence for frame 2201
11-14 22:17:46.584 30243 30572 W CCodecBufferChannel: no present fence for frame 2202
11-14 22:17:46.584 18397 18397 E AbstractGmsTracer: Traced class shouldn't be obfuscated: IpaGcmTaskChimeraService [CONTEXT service_id=259 ]
11-14 22:17:46.588 18370 28916 I NetworkScheduler.Stats: (REDACTED) Task %s/%s started execution. cause:%s exec_start_elapsed_seconds: %s
11-14 22:17:46.608 18397 18397 E AbstractGmsTracer: Traced class shouldn't be obfuscated: TaskChimeraService [CONTEXT service_id=259 ]
11-14 22:17:46.609 18397 18397 E AbstractGmsTracer: Traced class shouldn't be obfuscated: TaskChimeraService [CONTEXT service_id=259 ]
11-14 22:17:46.610 18370 30050 I NetworkScheduler.Stats: (REDACTED) Task %s/%s finished executing. cause:%s result: %s elapsed_millis: %s uptime_millis: %s exec_start_elapsed_seconds: %s
11-14 22:17:46.621 18370 30050 I NetworkScheduler.Stats: (REDACTED) Task %s/%s started execution. cause:%s exec_start_elapsed_seconds: %s
11-14 22:17:46.622 18370 30050 I NetworkScheduler.Stats: (REDACTED) Task %s/%s finished executing. cause:%s result: %s elapsed_millis: %s uptime_millis: %s exec_start_elapsed_seconds: %s
11-14 22:17:46.624 30243 30572 W CCodecBufferChannel: no present fence for frame 2203
11-14 22:17:46.655 30243 30572 W CCodecBufferChannel: no present fence for frame 2204
11-14 22:17:46.757 30243 30572 W CCodecBufferChannel: no present fence for frame 2205
11-14 22:17:46.821 30243 30572 W CCodecBufferChannel: no present fence for frame 2206
11-14 22:17:46.821 30243 30572 W CCodecBufferChannel: no present fence for frame 2207
11-14 22:17:46.953 30243 30572 W CCodecBufferChannel: no present fence for frame 2208
11-14 22:17:47.156 30243 30572 W CCodecBufferChannel: no present fence for frame 2209
11-14 22:17:47.156 30243 30572 W CCodecBufferChannel: no present fence for frame 2210
11-14 22:17:47.156 30243 30572 W CCodecBufferChannel: no present fence for frame 2211
11-14 22:17:47.187 30243 30572 D BufferPoolAccessor2.0: bufferpool2 0xb4000070f4271738 : 5(36700160 size) total buffers - 1(7340032 size) used buffers - 2887/2892 (recycle/alloc) - 56/2881 (fetch/transfer)
11-14 22:17:47.327 30243 30572 W CCodecBufferChannel: no present fence for frame 2212
11-14 22:17:47.358 30243 30572 W CCodecBufferChannel: no present fence for frame 2213
11-14 22:17:47.389 30243 30572 W CCodecBufferChannel: no present fence for frame 2214
11-14 22:17:47.420 30243 30572 W CCodecBufferChannel: no present fence for frame 2215
11-14 22:17:47.451 30243 30572 W CCodecBufferChannel: no present fence for frame 2216
11-14 22:17:47.493 30243 30572 W CCodecBufferChannel: no present fence for frame 2217
11-14 22:17:47.524 30243 30572 W CCodecBufferChannel: no present fence for frame 2218
11-14 22:17:47.554 30243 30572 W CCodecBufferChannel: no present fence for frame 2219
11-14 22:17:47.585 30243 30572 W CCodecBufferChannel: no present fence for frame 2220
11-14 22:17:47.625 30243 30572 W CCodecBufferChannel: no present fence for frame 2221
11-14 22:17:47.656 30243 30572 W CCodecBufferChannel: no present fence for frame 2222
11-14 22:17:47.678 923 30574 I ExynosC2H264DecComponent: [doQueue] input detects EOS flag !!
11-14 22:17:47.678 923 30581 D ExynosVideoDecoder: MFC_Decoder_Enqueue_Inbuf: EMPTY DATA
11-14 22:17:47.687 30243 30572 W CCodecBufferChannel: no present fence for frame 2223
11-14 22:17:47.692 923 30583 I ExynosVideoCodecDec-H264Dec: [dstDequeue] DPB has reached EOS
