11-22 12:06:51.010 4233 4233 I ImeTracker: org.qtproject.example.tst_qwidget:ca2d6246: onRequestHide at ORIGIN_CLIENT_HIDE_SOFT_INPUT reason HIDE_SOFT_INPUT agent:2023/11/22 12:07:03 build.go:404: 409:
11-22 12:06:51.010 4233 4233 I ImeTracker: org.qtproject.example.tst_qwidget:ca2d6246: onFailed at PHASE_CLIENT_VIEW_SERVED agent:2023/11/22 12:07:03 build.go:404: 409:
11-22 12:06:51.011 4233 4233 I ImeTracker: org.qtproject.example.tst_qwidget:397e22a3: onRequestHide at ORIGIN_CLIENT_HIDE_SOFT_INPUT reason HIDE_SOFT_INPUT agent:2023/11/22 12:07:03 build.go:404: 409:
11-22 12:06:51.011 4233 4233 I ImeTracker: org.qtproject.example.tst_qwidget:397e22a3: onFailed at PHASE_CLIENT_VIEW_SERVED agent:2023/11/22 12:07:03 build.go:404: 409:
11-22 12:06:51.014 4233 4233 E BufferQueueProducer: [SurfaceView[org.qtproject.example.tst_qwidget/org.qtproject.qt.android.bindings.QtActivity]#33(BLAST Consumer)33](id:108900000021,api:0,p:-1,c:4233) disconnect: not connected (req=2) agent:2023/11/22 12:07:03 build.go:404: 409:
11-22 12:06:51.032 4233 4233 I ImeTracker: org.qtproject.example.tst_qwidget:226aadd2: onRequestHide at ORIGIN_CLIENT_HIDE_SOFT_INPUT reason HIDE_SOFT_INPUT agent:2023/11/22 12:07:03 build.go:404: 409:
11-22 12:06:51.032 4233 4233 I ImeTracker: org.qtproject.example.tst_qwidget:226aadd2: onFailed at PHASE_CLIENT_VIEW_SERVED agent:2023/11/22 12:07:03 build.go:404: 409:
11-22 12:06:51.045 4233 4233 I ImeTracker: org.qtproject.example.tst_qwidget:9753ebea: onRequestHide at ORIGIN_CLIENT_HIDE_SOFT_INPUT reason HIDE_SOFT_INPUT agent:2023/11/22 12:07:03 build.go:404: 409:
11-22 12:06:51.045 4233 4233 I ImeTracker: org.qtproject.example.tst_qwidget:9753ebea: onFailed at PHASE_CLIENT_VIEW_SERVED agent:2023/11/22 12:07:03 build.go:404: 409:
11-22 12:06:51.049 4233 4233 E BufferQueueProducer: [SurfaceView[org.qtproject.example.tst_qwidget/org.qtproject.qt.android.bindings.QtActivity]#34(BLAST Consumer)34](id:108900000022,api:0,p:-1,c:4233) disconnect: not connected (req=2) agent:2023/11/22 12:07:03 build.go:404: 409:
11-22 12:06:51.082 4233 4233 I ImeTracker: org.qtproject.example.tst_qwidget:b121c8b7: onRequestHide at ORIGIN_CLIENT_HIDE_SOFT_INPUT reason HIDE_SOFT_INPUT agent:2023/11/22 12:07:03 build.go:404: 409:
11-22 12:06:51.083 4233 4233 I ImeTracker: org.qtproject.example.tst_qwidget:b121c8b7: onFailed at PHASE_CLIENT_VIEW_SERVED agent:2023/11/22 12:07:03 build.go:404: 409:
11-22 12:06:51.084 4233 4233 I ImeTracker: org.qtproject.example.tst_qwidget:e7b8b485: onRequestHide at ORIGIN_CLIENT_HIDE_SOFT_INPUT reason HIDE_SOFT_INPUT agent:2023/11/22 12:07:03 build.go:404: 409:
11-22 12:06:51.085 4233 4233 I ImeTracker: org.qtproject.example.tst_qwidget:e7b8b485: onFailed at PHASE_CLIENT_VIEW_SERVED agent:2023/11/22 12:07:03 build.go:404: 409:
11-22 12:06:51.087 4233 4233 E BufferQueueProducer: [SurfaceView[org.qtproject.example.tst_qwidget/org.qtproject.qt.android.bindings.QtActivity]#35(BLAST Consumer)35](id:108900000023,api:0,p:-1,c:4233) disconnect: not connected (req=2) agent:2023/11/22 12:07:03 build.go:404: 409:
11-22 12:06:51.122 4233 4233 I ImeTracker: org.qtproject.example.tst_qwidget:245e8970: onRequestHide at ORIGIN_CLIENT_HIDE_SOFT_INPUT reason HIDE_SOFT_INPUT agent:2023/11/22 12:07:03 build.go:404: 409:
11-22 12:06:51.122 4233 4233 I ImeTracker: org.qtproject.example.tst_qwidget:245e8970: onFailed at PHASE_CLIENT_VIEW_SERVED agent:2023/11/22 12:07:03 build.go:404: 409:
11-22 12:06:51.122 4233 4233 I ImeTracker: org.qtproject.example.tst_qwidget:85873cc0: onRequestHide at ORIGIN_CLIENT_HIDE_SOFT_INPUT reason HIDE_SOFT_INPUT agent:2023/11/22 12:07:03 build.go:404: 409:
11-22 12:06:51.123 4233 4233 I ImeTracker: org.qtproject.example.tst_qwidget:85873cc0: onFailed at PHASE_CLIENT_VIEW_SERVED agent:2023/11/22 12:07:03 build.go:404: 409:
11-22 12:06:51.124 4233 4233 E BufferQueueProducer: [SurfaceView[org.qtproject.example.tst_qwidget/org.qtproject.qt.android.bindings.QtActivity]#36(BLAST Consumer)36](id:108900000024,api:0,p:-1,c:4233) disconnect: not connected (req=2) agent:2023/11/22 12:07:03 build.go:404: 409:
11-22 12:06:51.148 4233 4233 I ImeTracker: org.qtproject.example.tst_qwidget:9737e35: onRequestHide at ORIGIN_CLIENT_HIDE_SOFT_INPUT reason HIDE_SOFT_INPUT agent:2023/11/22 12:07:03 build.go:404: 409:
11-22 12:06:51.149 4233 4233 I ImeTracker: org.qtproject.example.tst_qwidget:9737e35: onFailed at PHASE_CLIENT_VIEW_SERVED agent:2023/11/22 12:07:03 build.go:404: 409:
11-22 12:06:51.150 4233 4233 I ImeTracker: org.qtproject.example.tst_qwidget:bd5e242b: onRequestHide at ORIGIN_CLIENT_HIDE_SOFT_INPUT reason HIDE_SOFT_INPUT agent:2023/11/22 12:07:03 build.go:404: 409:
11-22 12:06:51.151 4233 4233 I ImeTracker: org.qtproject.example.tst_qwidget:bd5e242b: onFailed at PHASE_CLIENT_VIEW_SERVED agent:2023/11/22 12:07:03 build.go:404: 409:
11-22 12:06:51.153 4233 4233 E BufferQueueProducer: [SurfaceView[org.qtproject.example.tst_qwidget/org.qtproject.qt.android.bindings.QtActivity]#37(BLAST Consumer)37](id:108900000025,api:0,p:-1,c:4233) disconnect: not connected (req=2) agent:2023/11/22 12:07:03 build.go:404: 409:
11-22 12:06:51.182 4233 4233 I ImeTracker: org.qtproject.example.tst_qwidget:a05008: onRequestHide at ORIGIN_CLIENT_HIDE_SOFT_INPUT reason HIDE_SOFT_INPUT agent:2023/11/22 12:07:03 build.go:404: 409:
11-22 12:06:51.182 4233 4233 I ImeTracker: org.qtproject.example.tst_qwidget:a05008: onFailed at PHASE_CLIENT_VIEW_SERVED agent:2023/11/22 12:07:03 build.go:404: 409:
11-22 12:06:51.190 4233 4257 I QTestLib: PASS : tst_QWidget::windowMoveResize(100,100 200x200, flags 0) agent:2023/11/22 12:07:03 build.go:404: 409:
11-22 12:06:51.202 4233 4233 I ImeTracker: org.qtproject.example.tst_qwidget:cfd49ffd: onRequestHide at ORIGIN_CLIENT_HIDE_SOFT_INPUT reason HIDE_SOFT_INPUT agent:2023/11/22 12:07:03 build.go:404: 409:
11-22 12:06:51.203 4233 4233 I ImeTracker: org.qtproject.example.tst_qwidget:cfd49ffd: onFailed at PHASE_CLIENT_VIEW_SERVED agent:2023/11/22 12:07:03 build.go:404: 409:
11-22 12:06:51.205 4233 4233 E BufferQueueProducer: [SurfaceView[org.qtproject.example.tst_qwidget/org.qtproject.qt.android.bindings.QtActivity]#38(BLAST Consumer)38](id:108900000026,api:0,p:-1,c:4233) disconnect: not connected (req=2) agent:2023/11/22 12:07:03 build.go:404: 409:
11-22 12:06:51.234 4233 4233 I ImeTracker: org.qtproject.example.tst_qwidget:edc36ca1: onRequestHide at ORIGIN_CLIENT_HIDE_SOFT_INPUT reason HIDE_SOFT_INPUT agent:2023/11/22 12:07:03 build.go:404: 409:
11-22 12:06:51.234 4233 4233 I ImeTracker: org.qtproject.example.tst_qwidget:edc36ca1: onFailed at PHASE_CLIENT_VIEW_SERVED agent:2023/11/22 12:07:03 build.go:404: 409:
11-22 12:06:51.235 4233 4233 I ImeTracker: org.qtproject.example.tst_qwidget:654b79c9: onRequestHide at ORIGIN_CLIENT_HIDE_SOFT_INPUT reason HIDE_SOFT_INPUT agent:2023/11/22 12:07:03 build.go:404: 409:
11-22 12:06:51.235 4233 4233 I ImeTracker: org.qtproject.example.tst_qwidget:654b79c9: onFailed at PHASE_CLIENT_VIEW_SERVED agent:2023/11/22 12:07:03 build.go:404: 409:
11-22 12:06:51.237 4233 4233 E BufferQueueProducer: [SurfaceView[org.qtproject.example.tst_qwidget/org.qtproject.qt.android.bindings.QtActivity]#39(BLAST Consumer)39](id:108900000027,api:0,p:-1,c:4233) disconnect: not connected (req=2) agent:2023/11/22 12:07:03 build.go:404: 409:
11-22 12:06:51.265 4233 4233 I ImeTracker: org.qtproject.example.tst_qwidget:724e46ad: onRequestHide at ORIGIN_CLIENT_HIDE_SOFT_INPUT reason HIDE_SOFT_INPUT agent:2023/11/22 12:07:03 build.go:404: 409:
11-22 12:06:51.265 4233 4233 I ImeTracker: org.qtproject.example.tst_qwidget:724e46ad: onFailed at PHASE_CLIENT_VIEW_SERVED agent:2023/11/22 12:07:03 build.go:404: 409:
11-22 12:06:51.282 4233 4233 I ImeTracker: org.qtproject.example.tst_qwidget:ba5f19f5: onRequestHide at ORIGIN_CLIENT_HIDE_SOFT_INPUT reason HIDE_SOFT_INPUT agent:2023/11/22 12:07:03 build.go:404: 409:
11-22 12:06:51.283 4233 4233 I ImeTracker: org.qtproject.example.tst_qwidget:ba5f19f5: onFailed at PHASE_CLIENT_VIEW_SERVED agent:2023/11/22 12:07:03 build.go:404: 409:
11-22 12:06:51.285 4233 4233 E BufferQueueProducer: [SurfaceView[org.qtproject.example.tst_qwidget/org.qtproject.qt.android.bindings.QtActivity]#40(BLAST Consumer)40](id:108900000028,api:0,p:-1,c:4233) disconnect: not connected (req=2) agent:2023/11/22 12:07:03 build.go:404: 409:
11-22 12:06:51.314 4233 4233 I ImeTracker: org.qtproject.example.tst_qwidget:ce0c2fc: onRequestHide at ORIGIN_CLIENT_HIDE_SOFT_INPUT reason HIDE_SOFT_INPUT agent:2023/11/22 12:07:03 build.go:404: 409:
11-22 12:06:51.315 4233 4233 I ImeTracker: org.qtproject.example.tst_qwidget:ce0c2fc: onFailed at PHASE_CLIENT_VIEW_SERVED agent:2023/11/22 12:07:03 build.go:404: 409:
11-22 12:06:51.315 4233 4233 I ImeTracker: org.qtproject.example.tst_qwidget:1042e49e: onRequestHide at ORIGIN_CLIENT_HIDE_SOFT_INPUT reason HIDE_SOFT_INPUT agent:2023/11/22 12:07:03 build.go:404: 409:
11-22 12:06:51.315 4233 4233 I ImeTracker: org.qtproject.example.tst_qwidget:1042e49e: onFailed at PHASE_CLIENT_VIEW_SERVED agent:2023/11/22 12:07:03 build.go:404: 409:
11-22 12:06:51.316 4233 4233 E BufferQueueProducer: [SurfaceView[org.qtproject.example.tst_qwidget/org.qtproject.qt.android.bindings.QtActivity]#41(BLAST Consumer)41](id:108900000029,api:0,p:-1,c:4233) disconnect: not connected (req=2) agent:2023/11/22 12:07:03 build.go:404: 409:
11-22 12:06:51.359 4233 4233 I ImeTracker: org.qtproject.example.tst_qwidget:8553cfeb: onRequestHide at ORIGIN_CLIENT_HIDE_SOFT_INPUT reason HIDE_SOFT_INPUT agent:2023/11/22 12:07:03 build.go:404: 409:
11-22 12:06:51.360 4233 4233 I ImeTracker: org.qtproject.example.tst_qwidget:8553cfeb: onFailed at PHASE_CLIENT_VIEW_SERVED agent:2023/11/22 12:07:03 build.go:404: 409:
11-22 12:06:51.360 4233 4233 I ImeTracker: org.qtproject.example.tst_qwidget:6cfe5cf1: onRequestHide at ORIGIN_CLIENT_HIDE_SOFT_INPUT reason HIDE_SOFT_INPUT agent:2023/11/22 12:07:03 build.go:404: 409:
11-22 12:06:51.361 4233 4233 I ImeTracker: org.qtproject.example.tst_qwidget:6cfe5cf1: onFailed at PHASE_CLIENT_VIEW_SERVED agent:2023/11/22 12:07:03 build.go:404: 409:
11-22 12:06:51.363 4233 4233 E BufferQueueProducer: [SurfaceView[org.qtproject.example.tst_qwidget/org.qtproject.qt.android.bindings.QtActivity]#42(BLAST Consumer)42](id:10890000002a,api:0,p:-1,c:4233) disconnect: not connected (req=2) agent:2023/11/22 12:07:03 build.go:404: 409:
11-22 12:06:51.382 4233 4233 I ImeTracker: org.qtproject.example.tst_qwidget:1115f9e: onRequestHide at ORIGIN_CLIENT_HIDE_SOFT_INPUT reason HIDE_SOFT_INPUT agent:2023/11/22 12:07:03 build.go:404: 409:
11-22 12:06:51.382 4233 4233 I ImeTracker: org.qtproject.example.tst_qwidget:1115f9e: onFailed at PHASE_CLIENT_VIEW_SERVED agent:2023/11/22 12:07:03 build.go:404: 409:
11-22 12:06:51.383 4233 4233 I ImeTracker: org.qtproject.example.tst_qwidget:1153f022: onRequestHide at ORIGIN_CLIENT_HIDE_SOFT_INPUT reason HIDE_SOFT_INPUT agent:2023/11/22 12:07:03 build.go:404: 409:
11-22 12:06:51.383 4233 4233 I ImeTracker: org.qtproject.example.tst_qwidget:1153f022: onFailed at PHASE_CLIENT_VIEW_SERVED agent:2023/11/22 12:07:03 build.go:404: 409:
11-22 12:06:51.385 4233 4233 E BufferQueueProducer: [SurfaceView[org.qtproject.example.tst_qwidget/org.qtproject.qt.android.bindings.QtActivity]#43(BLAST Consumer)43](id:10890000002b,api:0,p:-1,c:4233) disconnect: not connected (req=2) agent:2023/11/22 12:07:03 build.go:404: 409:
11-22 12:06:51.415 4233 4233 I ImeTracker: org.qtproject.example.tst_qwidget:4ba785df: onRequestHide at ORIGIN_CLIENT_HIDE_SOFT_INPUT reason HIDE_SOFT_INPUT agent:2023/11/22 12:07:03 build.go:404: 409:
11-22 12:06:51.415 4233 4233 I ImeTracker: org.qtproject.example.tst_qwidget:4ba785df: onFailed at PHASE_CLIENT_VIEW_SERVED agent:2023/11/22 12:07:03 build.go:404: 409:
11-22 12:06:51.419 4233 4257 I QTestLib: PASS : tst_QWidget::windowMoveResize(100,100 200x200, flags 800) agent:2023/11/22 12:07:03 build.go:404: 409:
11-22 12:06:51.431 4233 4233 I ImeTracker: org.qtproject.example.tst_qwidget:39f27258: onRequestHide at ORIGIN_CLIENT_HIDE_SOFT_INPUT reason HIDE_SOFT_INPUT agent:2023/11/22 12:07:03 build.go:404: 409:
11-22 12:06:51.432 4233 4233 I ImeTracker: org.qtproject.example.tst_qwidget:39f27258: onFailed at PHASE_CLIENT_VIEW_SERVED agent:2023/11/22 12:07:03 build.go:404: 409:
11-22 12:06:51.450 4233 4233 E BufferQueueProducer: [SurfaceView[org.qtproject.example.tst_qwidget/org.qtproject.qt.android.bindings.QtActivity]#44(BLAST Consumer)44](id:10890000002c,api:0,p:-1,c:4233) disconnect: not connected (req=2) agent:2023/11/22 12:07:03 build.go:404: 409:
11-22 12:06:51.482 4233 4233 I ImeTracker: org.qtproject.example.tst_qwidget:aff11a41: onRequestHide at ORIGIN_CLIENT_HIDE_SOFT_INPUT reason HIDE_SOFT_INPUT agent:2023/11/22 12:07:03 build.go:404: 409:
11-22 12:06:51.483 4233 4233 I ImeTracker: org.qtproject.example.tst_qwidget:aff11a41: onFailed at PHASE_CLIENT_VIEW_SERVED agent:2023/11/22 12:07:03 build.go:404: 409:
11-22 12:06:51.483 4233 4233 I ImeTracker: org.qtproject.example.tst_qwidget:cea19f67: onRequestHide at ORIGIN_CLIENT_HIDE_SOFT_INPUT reason HIDE_SOFT_INPUT agent:2023/11/22 12:07:03 build.go:404: 409:
11-22 12:06:51.484 4233 4233 I ImeTracker: org.qtproject.example.tst_qwidget:cea19f67: onFailed at PHASE_CLIENT_VIEW_SERVED agent:2023/11/22 12:07:03 build.go:404: 409:
11-22 12:06:51.485 4233 4233 E BufferQueueProducer: [SurfaceView[org.qtproject.example.tst_qwidget/org.qtproject.qt.android.bindings.QtActivity]#45(BLAST Consumer)45](id:10890000002d,api:0,p:-1,c:4233) disconnect: not connected (req=2) agent:2023/11/22 12:07:03 build.go:404: 409:
11-22 12:06:51.515 4233 4233 I ImeTracker: org.qtproject.example.tst_qwidget:1a66d1b: onRequestHide at ORIGIN_CLIENT_HIDE_SOFT_INPUT reason HIDE_SOFT_INPUT agent:2023/11/22 12:07:03 build.go:404: 409:
11-22 12:06:51.516 4233 4233 I ImeTracker: org.qtproject.example.tst_qwidget:1a66d1b: onFailed at PHASE_CLIENT_VIEW_SERVED agent:2023/11/22 12:07:03 build.go:404: 409:
11-22 12:06:51.550 4233 4233 I ImeTracker: org.qtproject.example.tst_qwidget:df412f1c: onRequestHide at ORIGIN_CLIENT_HIDE_SOFT_INPUT reason HIDE_SOFT_INPUT agent:2023/11/22 12:07:03 build.go:404: 409:
11-22 12:06:51.551 4233 4233 I ImeTracker: org.qtproject.example.tst_qwidget:df412f1c: onFailed at PHASE_CLIENT_VIEW_SERVED agent:2023/11/22 12:07:03 build.go:404: 409:
11-22 12:06:51.553 4233 4233 E BufferQueueProducer: [SurfaceView[org.qtproject.example.tst_qwidget/org.qtproject.qt.android.bindings.QtActivity]#46(BLAST Consumer)46](id:10890000002e,api:0,p:-1,c:4233) disconnect: not connected (req=2) agent:2023/11/22 12:07:03 build.go:404: 409:
11-22 12:06:51.581 4233 4233 I ImeTracker: org.qtproject.example.tst_qwidget:b46055f1: onRequestHide at ORIGIN_CLIENT_HIDE_SOFT_INPUT reason HIDE_SOFT_INPUT agent:2023/11/22 12:07:03 build.go:404: 409:
11-22 12:06:51.581 4233 4233 I ImeTracker: org.qtproject.example.tst_qwidget:b46055f1: onFailed at PHASE_CLIENT_VIEW_SERVED agent:2023/11/22 12:07:03 build.go:404: 409:
11-22 12:06:51.582 4233 4233 I ImeTracker: org.qtproject.example.tst_qwidget:2ba8fb1: onRequestHide at ORIGIN_CLIENT_HIDE_SOFT_INPUT reason HIDE_SOFT_INPUT agent:2023/11/22 12:07:03 build.go:404: 409:
11-22 12:06:51.582 4233 4233 I ImeTracker: org.qtproject.example.tst_qwidget:2ba8fb1: onFailed at PHASE_CLIENT_VIEW_SERVED agent:2023/11/22 12:07:03 build.go:404: 409:
11-22 12:06:51.583 4233 4233 E BufferQueueProducer: [SurfaceView[org.qtproject.example.tst_qwidget/org.qtproject.qt.android.bindings.QtActivity]#47(BLAST Consumer)47](id:10890000002f,api:0,p:-1,c:4233) disconnect: not connected (req=2) agent:2023/11/22 12:07:03 build.go:404: 409:
11-22 12:06:51.617 4233 4233 I ImeTracker: org.qtproject.example.tst_qwidget:2281a3de: onRequestHide at ORIGIN_CLIENT_HIDE_SOFT_INPUT reason HIDE_SOFT_INPUT agent:2023/11/22 12:07:03 build.go:404: 409:
11-22 12:06:51.617 4233 4233 I ImeTracker: org.qtproject.example.tst_qwidget:2281a3de: onFailed at PHASE_CLIENT_VIEW_SERVED agent:2023/11/22 12:07:03 build.go:404: 409:
11-22 12:06:51.618 4233 4233 I ImeTracker: org.qtproject.example.tst_qwidget:349d22b: onRequestHide at ORIGIN_CLIENT_HIDE_SOFT_INPUT reason HIDE_SOFT_INPUT agent:2023/11/22 12:07:03 build.go:404: 409:
11-22 12:06:51.618 4233 4233 I ImeTracker: org.qtproject.example.tst_qwidget:349d22b: onFailed at PHASE_CLIENT_VIEW_SERVED agent:2023/11/22 12:07:03 build.go:404: 409:
11-22 12:06:51.620 4233 4233 E BufferQueueProducer: [SurfaceView[org.qtproject.example.tst_qwidget/org.qtproject.qt.android.bindings.QtActivity]#48(BLAST Consumer)48](id:108900000030,api:0,p:-1,c:4233) disconnect: not connected (req=2) agent:2023/11/22 12:07:03 build.go:404: 409:
11-22 12:06:51.650 4233 4233 I ImeTracker: org.qtproject.example.tst_qwidget:e8c46bfc: onRequestHide at ORIGIN_CLIENT_HIDE_SOFT_INPUT reason HIDE_SOFT_INPUT agent:2023/11/22 12:07:03 build.go:404: 409:
11-22 12:06:51.650 4233 4233 I ImeTracker: org.qtproject.example.tst_qwidget:e8c46bfc: onFailed at PHASE_CLIENT_VIEW_SERVED agent:2023/11/22 12:07:03 build.go:404: 409:
11-22 12:06:51.651 4233 4233 I ImeTracker: org.qtproject.example.tst_qwidget:1485f858: onRequestHide at ORIGIN_CLIENT_HIDE_SOFT_INPUT reason HIDE_SOFT_INPUT agent:2023/11/22 12:07:03 build.go:404: 409:
11-22 12:06:51.651 4233 4233 I ImeTracker: org.qtproject.example.tst_qwidget:1485f858: onFailed at PHASE_CLIENT_VIEW_SERVED agent:2023/11/22 12:07:03 build.go:404: 409:
11-22 12:06:51.653 4233 4233 E BufferQueueProducer: [SurfaceView[org.qtproject.example.tst_qwidget/org.qtproject.qt.android.bindings.QtActivity]#49(BLAST Consumer)49](id:108900000031,api:0,p:-1,c:4233) disconnect: not connected (req=2) agent:2023/11/22 12:07:03 build.go:404: 409:
11-22 12:06:51.681 4233 4233 I ImeTracker: org.qtproject.example.tst_qwidget:9c7e750d: onRequestHide at ORIGIN_CLIENT_HIDE_SOFT_INPUT reason HIDE_SOFT_INPUT agent:2023/11/22 12:07:03 build.go:404: 409:
11-22 12:06:51.682 4233 4233 I ImeTracker: org.qtproject.example.tst_qwidget:9c7e750d: onFailed at PHASE_CLIENT_VIEW_SERVED agent:2023/11/22 12:07:03 build.go:404: 409:
11-22 12:06:51.688 4233 4257 I QTestLib: PASS : tst_QWidget::windowMoveResize(100,100 120x416, flags 0) agent:2023/11/22 12:07:03 build.go:404: 409:
11-22 12:06:51.716 4233 4233 I ImeTracker: org.qtproject.example.tst_qwidget:ac798fe: onRequestHide at ORIGIN_CLIENT_HIDE_SOFT_INPUT reason HIDE_SOFT_INPUT agent:2023/11/22 12:07:03 build.go:404: 409:
11-22 12:06:51.717 4233 4233 I ImeTracker: org.qtproject.example.tst_qwidget:ac798fe: onFailed at PHASE_CLIENT_VIEW_SERVED agent:2023/11/22 12:07:03 build.go:404: 409:
11-22 12:06:51.719 4233 4233 E BufferQueueProducer: [SurfaceView[org.qtproject.example.tst_qwidget/org.qtproject.qt.android.bindings.QtActivity]#50(BLAST Consumer)50](id:108900000032,api:0,p:-1,c:4233) disconnect: not connected (req=2) agent:2023/11/22 12:07:03 build.go:404: 409:
11-22 12:06:51.749 4233 4233 I ImeTracker: org.qtproject.example.tst_qwidget:1e2930be: onRequestHide at ORIGIN_CLIENT_HIDE_SOFT_INPUT reason HIDE_SOFT_INPUT agent:2023/11/22 12:07:03 build.go:404: 409:
11-22 12:06:51.749 4233 4233 I ImeTracker: org.qtproject.example.tst_qwidget:1e2930be: onFailed at PHASE_CLIENT_VIEW_SERVED agent:2023/11/22 12:07:03 build.go:404: 409:
11-22 12:06:51.749 4233 4233 I ImeTracker: org.qtproject.example.tst_qwidget:d48bd66e: onRequestHide at ORIGIN_CLIENT_HIDE_SOFT_INPUT reason HIDE_SOFT_INPUT agent:2023/11/22 12:07:03 build.go:404: 409:
11-22 12:06:51.750 4233 4233 I ImeTracker: org.qtproject.example.tst_qwidget:d48bd66e: onFailed at PHASE_CLIENT_VIEW_SERVED agent:2023/11/22 12:07:03 build.go:404: 409:
11-22 12:06:51.751 4233 4233 E BufferQueueProducer: [SurfaceView[org.qtproject.example.tst_qwidget/org.qtproject.qt.android.bindings.QtActivity]#51(BLAST Consumer)51](id:108900000033,api:0,p:-1,c:4233) disconnect: not connected (req=2) agent:2023/11/22 12:07:03 build.go:404: 409:
11-22 12:06:51.783 4233 4233 I ImeTracker: org.qtproject.example.tst_qwidget:d00b085e: onRequestHide at ORIGIN_CLIENT_HIDE_SOFT_INPUT reason HIDE_SOFT_INPUT agent:2023/11/22 12:07:03 build.go:404: 409:
11-22 12:06:51.783 4233 4233 I ImeTracker: org.qtproject.example.tst_qwidget:d00b085e: onFailed at PHASE_CLIENT_VIEW_SERVED agent:2023/11/22 12:07:03 build.go:404: 409:
11-22 12:06:51.800 4233 4233 I ImeTracker: org.qtproject.example.tst_qwidget:3781df1b: onRequestHide at ORIGIN_CLIENT_HIDE_SOFT_INPUT reason HIDE_SOFT_INPUT agent:2023/11/22 12:07:03 build.go:404: 409:
11-22 12:06:51.800 4233 4233 I ImeTracker: org.qtproject.example.tst_qwidget:3781df1b: onFailed at PHASE_CLIENT_VIEW_SERVED agent:2023/11/22 12:07:03 build.go:404: 409:
11-22 12:06:51.820 4233 4233 E BufferQueueProducer: [SurfaceView[org.qtproject.example.tst_qwidget/org.qtproject.qt.android.bindings.QtActivity]#52(BLAST Consumer)52](id:108900000034,api:0,p:-1,c:4233) disconnect: not connected (req=2) agent:2023/11/22 12:07:03 build.go:404: 409:
11-22 12:06:51.849 4233 4233 I ImeTracker: org.qtproject.example.tst_qwidget:9675b6d9: onRequestHide at ORIGIN_CLIENT_HIDE_SOFT_INPUT reason HIDE_SOFT_INPUT agent:2023/11/22 12:07:03 build.go:404: 409:
11-22 12:06:51.849 4233 4233 I ImeTracker: org.qtproject.example.tst_qwidget:9675b6d9: onFailed at PHASE_CLIENT_VIEW_SERVED agent:2023/11/22 12:07:03 build.go:404: 409:
11-22 12:06:51.850 4233 4233 I ImeTracker: org.qtproject.example.tst_qwidget:6dcd77f4: onRequestHide at ORIGIN_CLIENT_HIDE_SOFT_INPUT reason HIDE_SOFT_INPUT agent:2023/11/22 12:07:03 build.go:404: 409:
11-22 12:06:51.850 4233 4233 I ImeTracker: org.qtproject.example.tst_qwidget:6dcd77f4: onFailed at PHASE_CLIENT_VIEW_SERVED agent:2023/11/22 12:07:03 build.go:404: 409:
11-22 12:06:51.852 4233 4233 E BufferQueueProducer: [SurfaceView[org.qtproject.example.tst_qwidget/org.qtproject.qt.android.bindings.QtActivity]#53(BLAST Consumer)53](id:108900000035,api:0,p:-1,c:4233) disconnect: not connected (req=2) agent:2023/11/22 12:07:03 build.go:404: 409:
11-22 12:06:51.885 4233 4233 I ImeTracker: org.qtproject.example.tst_qwidget:90120633: onRequestHide at ORIGIN_CLIENT_HIDE_SOFT_INPUT reason HIDE_SOFT_INPUT agent:2023/11/22 12:07:03 build.go:404: 409:
11-22 12:06:51.885 4233 4233 I ImeTracker: org.qtproject.example.tst_qwidget:90120633: onFailed at PHASE_CLIENT_VIEW_SERVED agent:2023/11/22 12:07:03 build.go:404: 409:
11-22 12:06:51.886 4233 4233 I ImeTracker: org.qtproject.example.tst_qwidget:75de43e: onRequestHide at ORIGIN_CLIENT_HIDE_SOFT_INPUT reason HIDE_SOFT_INPUT agent:2023/11/22 12:07:03 build.go:404: 409:
11-22 12:06:51.886 4233 4233 I ImeTracker: org.qtproject.example.tst_qwidget:75de43e: onFailed at PHASE_CLIENT_VIEW_SERVED agent:2023/11/22 12:07:03 build.go:404: 409:
11-22 12:06:51.888 4233 4233 E BufferQueueProducer: [SurfaceView[org.qtproject.example.tst_qwidget/org.qtproject.qt.android.bindings.QtActivity]#54(BLAST Consumer)54](id:108900000036,api:0,p:-1,c:4233) disconnect: not connected (req=2) agent:2023/11/22 12:07:03 build.go:404: 409:
11-22 12:06:51.916 4233 4233 I ImeTracker: org.qtproject.example.tst_qwidget:344c4914: onRequestHide at ORIGIN_CLIENT_HIDE_SOFT_INPUT reason HIDE_SOFT_INPUT agent:2023/11/22 12:07:03 build.go:404: 409:
11-22 12:06:51.916 4233 4233 I ImeTracker: org.qtproject.example.tst_qwidget:344c4914: onFailed at PHASE_CLIENT_VIEW_SERVED agent:2023/11/22 12:07:03 build.go:404: 409:
11-22 12:06:51.917 4233 4233 I ImeTracker: org.qtproject.example.tst_qwidget:19839ae2: onRequestHide at ORIGIN_CLIENT_HIDE_SOFT_INPUT reason HIDE_SOFT_INPUT agent:2023/11/22 12:07:03 build.go:404: 409:
11-22 12:06:51.917 4233 4233 I ImeTracker: org.qtproject.example.tst_qwidget:19839ae2: onFailed at PHASE_CLIENT_VIEW_SERVED agent:2023/11/22 12:07:03 build.go:404: 409:
11-22 12:06:51.918 4233 4233 E BufferQueueProducer: [SurfaceView[org.qtproject.example.tst_qwidget/org.qtproject.qt.android.bindings.QtActivity]#55(BLAST Consumer)55](id:108900000037,api:0,p:-1,c:4233) disconnect: not connected (req=2) agent:2023/11/22 12:07:03 build.go:404: 409:
11-22 12:06:51.948 4233 4233 I ImeTracker: org.qtproject.example.tst_qwidget:9f9f1872: onRequestHide at ORIGIN_CLIENT_HIDE_SOFT_INPUT reason HIDE_SOFT_INPUT agent:2023/11/22 12:07:03 build.go:404: 409:
11-22 12:06:51.948 4233 4233 I ImeTracker: org.qtproject.example.tst_qwidget:9f9f1872: onFailed at PHASE_CLIENT_VIEW_SERVED agent:2023/11/22 12:07:03 build.go:404: 409:
11-22 12:06:51.954 4233 4257 I QTestLib: PASS : tst_QWidget::windowMoveResize(100,100 120x416, flags 800) agent:2023/11/22 12:07:03 build.go:404: 409:
11-22 12:06:51.977 4233 4233 I ImeTracker: org.qtproject.example.tst_qwidget:2bf3b973: onRequestHide at ORIGIN_CLIENT_HIDE_SOFT_INPUT reason HIDE_SOFT_INPUT agent:2023/11/22 12:07:03 build.go:404: 409:
11-22 12:06:51.977 4233 4233 I ImeTracker: org.qtproject.example.tst_qwidget:2bf3b973: onFailed at PHASE_CLIENT_VIEW_SERVED agent:2023/11/22 12:07:03 build.go:404: 409:
11-22 12:06:51.985 4233 4233 E BufferQueueProducer: [SurfaceView[org.qtproject.example.tst_qwidget/org.qtproject.qt.android.bindings.QtActivity]#56(BLAST Consumer)56](id:108900000038,api:0,p:-1,c:4233) disconnect: not connected (req=2) agent:2023/11/22 12:07:03 build.go:404: 409:
11-22 12:06:52.008 4233 4254 D EGL_emulation: app_time_stats: avg=42.38ms min=30.51ms max=68.66ms count=24 agent:2023/11/22 12:07:03 build.go:404: 409:
11-22 12:06:52.017 4233 4233 I ImeTracker: org.qtproject.example.tst_qwidget:235689e3: onRequestHide at ORIGIN_CLIENT_HIDE_SOFT_INPUT reason HIDE_SOFT_INPUT agent:2023/11/22 12:07:03 build.go:404: 409:
11-22 12:06:52.017 4233 4233 I ImeTracker: org.qtproject.example.tst_qwidget:235689e3: onFailed at PHASE_CLIENT_VIEW_SERVED agent:2023/11/22 12:07:03 build.go:404: 409:
11-22 12:06:52.037 4233 4233 I ImeTracker: org.qtproject.example.tst_qwidget:96d73a09: onRequestHide at ORIGIN_CLIENT_HIDE_SOFT_INPUT reason HIDE_SOFT_INPUT agent:2023/11/22 12:07:03 build.go:404: 409:
11-22 12:06:52.038 4233 4233 I ImeTracker: org.qtproject.example.tst_qwidget:96d73a09: onFailed at PHASE_CLIENT_VIEW_SERVED agent:2023/11/22 12:07:03 build.go:404: 409:
11-22 12:06:52.049 4233 4233 E BufferQueueProducer: [SurfaceView[org.qtproject.example.tst_qwidget/org.qtproject.qt.android.bindings.QtActivity]#57(BLAST Consumer)57](id:108900000039,api:0,p:-1,c:4233) disconnect: not connected (req=2) agent:2023/11/22 12:07:03 build.go:404: 409:
11-22 12:06:52.082 4233 4233 I ImeTracker: org.qtproject.example.tst_qwidget:cb8b6508: onRequestHide at ORIGIN_CLIENT_HIDE_SOFT_INPUT reason HIDE_SOFT_INPUT agent:2023/11/22 12:07:03 build.go:404: 409:
11-22 12:06:52.082 4233 4233 I ImeTracker: org.qtproject.example.tst_qwidget:cb8b6508: onFailed at PHASE_CLIENT_VIEW_SERVED agent:2023/11/22 12:07:03 build.go:404: 409:
11-22 12:06:52.083 4233 4233 I ImeTracker: org.qtproject.example.tst_qwidget:efeb37eb: onRequestHide at ORIGIN_CLIENT_HIDE_SOFT_INPUT reason HIDE_SOFT_INPUT agent:2023/11/22 12:07:03 build.go:404: 409:
11-22 12:06:52.083 4233 4233 I ImeTracker: org.qtproject.example.tst_qwidget:efeb37eb: onFailed at PHASE_CLIENT_VIEW_SERVED agent:2023/11/22 12:07:03 build.go:404: 409:
11-22 12:06:52.084 4233 4233 E BufferQueueProducer: [SurfaceView[org.qtproject.example.tst_qwidget/org.qtproject.qt.android.bindings.QtActivity]#58(BLAST Consumer)58](id:10890000003a,api:0,p:-1,c:4233) disconnect: not connected (req=2) agent:2023/11/22 12:07:03 build.go:404: 409:
11-22 12:06:52.117 4233 4233 I ImeTracker: org.qtproject.example.tst_qwidget:3868a3f2: onRequestHide at ORIGIN_CLIENT_HIDE_SOFT_INPUT reason HIDE_SOFT_INPUT agent:2023/11/22 12:07:03 build.go:404: 409:
11-22 12:06:52.117 4233 4233 I ImeTracker: org.qtproject.example.tst_qwidget:3868a3f2: onFailed at PHASE_CLIENT_VIEW_SERVED agent:2023/11/22 12:07:03 build.go:404: 409:
11-22 12:06:52.135 4233 4257 I QTestLib: PASS : tst_QWidget::windowMoveResize(130,100 0x200, flags 0) agent:2023/11/22 12:07:03 build.go:404: 409:
11-22 12:06:52.158 4233 4233 I ImeTracker: org.qtproject.example.tst_qwidget:94acfb25: onRequestHide at ORIGIN_CLIENT_HIDE_SOFT_INPUT reason HIDE_SOFT_INPUT agent:2023/11/22 12:07:03 build.go:404: 409:
11-22 12:06:52.158 4233 4233 I ImeTracker: org.qtproject.example.tst_qwidget:94acfb25: onFailed at PHASE_CLIENT_VIEW_SERVED agent:2023/11/22 12:07:03 build.go:404: 409:
11-22 12:06:52.169 4233 4233 E BufferQueueProducer: [SurfaceView[org.qtproject.example.tst_qwidget/org.qtproject.qt.android.bindings.QtActivity]#59(BLAST Consumer)59](id:10890000003b,api:0,p:-1,c:4233) disconnect: not connected (req=2) agent:2023/11/22 12:07:03 build.go:404: 409:
11-22 12:06:52.200 4233 4233 I ImeTracker: org.qtproject.example.tst_qwidget:31b3d27f: onRequestHide at ORIGIN_CLIENT_HIDE_SOFT_INPUT reason HIDE_SOFT_INPUT agent:2023/11/22 12:07:03 build.go:404: 409:
11-22 12:06:52.200 4233 4233 I ImeTracker: org.qtproject.example.tst_qwidget:31b3d27f: onFailed at PHASE_CLIENT_VIEW_SERVED agent:2023/11/22 12:07:03 build.go:404: 409:
11-22 12:06:52.221 4233 4233 I ImeTracker: org.qtproject.example.tst_qwidget:56385b79: onRequestHide at ORIGIN_CLIENT_HIDE_SOFT_INPUT reason HIDE_SOFT_INPUT agent:2023/11/22 12:07:03 build.go:404: 409:
11-22 12:06:52.221 4233 4233 I ImeTracker: org.qtproject.example.tst_qwidget:56385b79: onFailed at PHASE_CLIENT_VIEW_SERVED agent:2023/11/22 12:07:03 build.go:404: 409:
11-22 12:06:52.233 4233 4233 E BufferQueueProducer: [SurfaceView[org.qtproject.example.tst_qwidget/org.qtproject.qt.android.bindings.QtActivity]#60(BLAST Consumer)60](id:10890000003c,api:0,p:-1,c:4233) disconnect: not connected (req=2) agent:2023/11/22 12:07:03 build.go:404: 409:
11-22 12:06:52.268 4233 4233 I ImeTracker: org.qtproject.example.tst_qwidget:b443df4f: onRequestHide at ORIGIN_CLIENT_HIDE_SOFT_INPUT reason HIDE_SOFT_INPUT agent:2023/11/22 12:07:03 build.go:404: 409:
11-22 12:06:52.268 4233 4233 I ImeTracker: org.qtproject.example.tst_qwidget:b443df4f: onFailed at PHASE_CLIENT_VIEW_SERVED agent:2023/11/22 12:07:03 build.go:404: 409:
11-22 12:06:52.269 4233 4233 I ImeTracker: org.qtproject.example.tst_qwidget:8881efce: onRequestHide at ORIGIN_CLIENT_HIDE_SOFT_INPUT reason HIDE_SOFT_INPUT agent:2023/11/22 12:07:03 build.go:404: 409:
11-22 12:06:52.270 4233 4233 I ImeTracker: org.qtproject.example.tst_qwidget:8881efce: onFailed at PHASE_CLIENT_VIEW_SERVED agent:2023/11/22 12:07:03 build.go:404: 409:
11-22 12:06:52.272 4233 4233 E BufferQueueProducer: [SurfaceView[org.qtproject.example.tst_qwidget/org.qtproject.qt.android.bindings.QtActivity]#61(BLAST Consumer)61](id:10890000003d,api:0,p:-1,c:4233) disconnect: not connected (req=2) agent:2023/11/22 12:07:03 build.go:404: 409:
11-22 12:06:52.301 4233 4233 I ImeTracker: org.qtproject.example.tst_qwidget:cf6580a: onRequestHide at ORIGIN_CLIENT_HIDE_SOFT_INPUT reason HIDE_SOFT_INPUT agent:2023/11/22 12:07:03 build.go:404: 409:
11-22 12:06:52.301 4233 4233 I ImeTracker: org.qtproject.example.tst_qwidget:cf6580a: onFailed at PHASE_CLIENT_VIEW_SERVED agent:2023/11/22 12:07:03 build.go:404: 409:
11-22 12:06:52.315 4233 4257 I QTestLib: PASS : tst_QWidget::windowMoveResize(130,100 0x200, flags 800) agent:2023/11/22 12:07:03 build.go:404: 409:
11-22 12:06:52.340 4233 4233 I ImeTracker: org.qtproject.example.tst_qwidget:2eb3f5c7: onRequestHide at ORIGIN_CLIENT_HIDE_SOFT_INPUT reason HIDE_SOFT_INPUT agent:2023/11/22 12:07:03 build.go:404: 409:
11-22 12:06:52.340 4233 4233 I ImeTracker: org.qtproject.example.tst_qwidget:2eb3f5c7: onFailed at PHASE_CLIENT_VIEW_SERVED agent:2023/11/22 12:07:03 build.go:404: 409:
11-22 12:06:52.351 4233 4233 E BufferQueueProducer: [SurfaceView[org.qtproject.example.tst_qwidget/org.qtproject.qt.android.bindings.QtActivity]#62(BLAST Consumer)62](id:10890000003e,api:0,p:-1,c:4233) disconnect: not connected (req=2) agent:2023/11/22 12:07:03 build.go:404: 409:
11-22 12:06:52.382 4233 4233 I ImeTracker: org.qtproject.example.tst_qwidget:dd78b704: onRequestHide at ORIGIN_CLIENT_HIDE_SOFT_INPUT reason HIDE_SOFT_INPUT agent:2023/11/22 12:07:03 build.go:404: 409:
11-22 12:06:52.383 4233 4233 I ImeTracker: org.qtproject.example.tst_qwidget:dd78b704: onFailed at PHASE_CLIENT_VIEW_SERVED agent:2023/11/22 12:07:03 build.go:404: 409:
11-22 12:06:52.417 4233 4233 I ImeTracker: org.qtproject.example.tst_qwidget:72a54726: onRequestHide at ORIGIN_CLIENT_HIDE_SOFT_INPUT reason HIDE_SOFT_INPUT agent:2023/11/22 12:07:03 build.go:404: 409:
11-22 12:06:52.417 4233 4233 I ImeTracker: org.qtproject.example.tst_qwidget:72a54726: onFailed at PHASE_CLIENT_VIEW_SERVED agent:2023/11/22 12:07:03 build.go:404: 409:
11-22 12:06:52.420 4233 4233 E BufferQueueProducer: [SurfaceView[org.qtproject.example.tst_qwidget/org.qtproject.qt.android.bindings.QtActivity]#63(BLAST Consumer)63](id:10890000003f,api:0,p:-1,c:4233) disconnect: not connected (req=2) agent:2023/11/22 12:07:03 build.go:404: 409:
11-22 12:06:52.453 4233 4233 I ImeTracker: org.qtproject.example.tst_qwidget:e30978e0: onRequestHide at ORIGIN_CLIENT_HIDE_SOFT_INPUT reason HIDE_SOFT_INPUT agent:2023/11/22 12:07:03 build.go:404: 409:
11-22 12:06:52.453 4233 4233 I ImeTracker: org.qtproject.example.tst_qwidget:e30978e0: onFailed at PHASE_CLIENT_VIEW_SERVED agent:2023/11/22 12:07:03 build.go:404: 409:
11-22 12:06:52.454 4233 4233 I ImeTracker: org.qtproject.example.tst_qwidget:f16a3be1: onRequestHide at ORIGIN_CLIENT_HIDE_SOFT_INPUT reason HIDE_SOFT_INPUT agent:2023/11/22 12:07:03 build.go:404: 409:
11-22 12:06:52.455 4233 4233 I ImeTracker: org.qtproject.example.tst_qwidget:f16a3be1: onFailed at PHASE_CLIENT_VIEW_SERVED agent:2023/11/22 12:07:03 build.go:404: 409:
11-22 12:06:52.457 4233 4233 E BufferQueueProducer: [SurfaceView[org.qtproject.example.tst_qwidget/org.qtproject.qt.android.bindings.QtActivity]#64(BLAST Consumer)64](id:108900000040,api:0,p:-1,c:4233) disconnect: not connected (req=2) agent:2023/11/22 12:07:03 build.go:404: 409:
11-22 12:06:52.484 4233 4233 I ImeTracker: org.qtproject.example.tst_qwidget:3aa68499: onRequestHide at ORIGIN_CLIENT_HIDE_SOFT_INPUT reason HIDE_SOFT_INPUT agent:2023/11/22 12:07:03 build.go:404: 409:
11-22 12:06:52.484 4233 4233 I ImeTracker: org.qtproject.example.tst_qwidget:3aa68499: onFailed at PHASE_CLIENT_VIEW_SERVED agent:2023/11/22 12:07:03 build.go:404: 409:
11-22 12:06:52.499 4233 4257 I QTestLib: PASS : tst_QWidget::windowMoveResize(100,50 200x0, flags 0) agent:2023/11/22 12:07:03 build.go:404: 409:
11-22 12:06:52.522 4233 4233 I ImeTracker: org.qtproject.example.tst_qwidget:309b57b3: onRequestHide at ORIGIN_CLIENT_HIDE_SOFT_INPUT reason HIDE_SOFT_INPUT agent:2023/11/22 12:07:03 build.go:404: 409:
11-22 12:06:52.522 4233 4233 I ImeTracker: org.qtproject.example.tst_qwidget:309b57b3: onFailed at PHASE_CLIENT_VIEW_SERVED agent:2023/11/22 12:07:03 build.go:404: 409:
11-22 12:06:52.535 4233 4233 E BufferQueueProducer: [SurfaceView[org.qtproject.example.tst_qwidget/org.qtproject.qt.android.bindings.QtActivity]#65(BLAST Consumer)65](id:108900000041,api:0,p:-1,c:4233) disconnect: not connected (req=2) agent:2023/11/22 12:07:03 build.go:404: 409:
11-22 12:06:52.568 4233 4233 I ImeTracker: org.qtproject.example.tst_qwidget:72fabfd0: onRequestHide at ORIGIN_CLIENT_HIDE_SOFT_INPUT reason HIDE_SOFT_INPUT agent:2023/11/22 12:07:03 build.go:404: 409:
11-22 12:06:52.569 4233 4233 I ImeTracker: org.qtproject.example.tst_qwidget:72fabfd0: onFailed at PHASE_CLIENT_VIEW_SERVED agent:2023/11/22 12:07:03 build.go:404: 409:
11-22 12:06:52.587 4233 4233 I ImeTracker: org.qtproject.example.tst_qwidget:d3bb6fc: onRequestHide at ORIGIN_CLIENT_HIDE_SOFT_INPUT reason HIDE_SOFT_INPUT agent:2023/11/22 12:07:03 build.go:404: 409:
11-22 12:06:52.588 4233 4233 I ImeTracker: org.qtproject.example.tst_qwidget:d3bb6fc: onFailed at PHASE_CLIENT_VIEW_SERVED agent:2023/11/22 12:07:03 build.go:404: 409:
11-22 12:06:52.600 4233 4233 E BufferQueueProducer: [SurfaceView[org.qtproject.example.tst_qwidget/org.qtproject.qt.android.bindings.QtActivity]#66(BLAST Consumer)66](id:108900000042,api:0,p:-1,c:4233) disconnect: not connected (req=2) agent:2023/11/22 12:07:03 build.go:404: 409:
11-22 12:06:52.633 4233 4233 I ImeTracker: org.qtproject.example.tst_qwidget:9e968f9a: onRequestHide at ORIGIN_CLIENT_HIDE_SOFT_INPUT reason HIDE_SOFT_INPUT agent:2023/11/22 12:07:03 build.go:404: 409:
11-22 12:06:52.633 4233 4233 I ImeTracker: org.qtproject.example.tst_qwidget:9e968f9a: onFailed at PHASE_CLIENT_VIEW_SERVED agent:2023/11/22 12:07:03 build.go:404: 409:
11-22 12:06:52.636 4233 4233 I ImeTracker: org.qtproject.example.tst_qwidget:232d50cb: onRequestHide at ORIGIN_CLIENT_HIDE_SOFT_INPUT reason HIDE_SOFT_INPUT agent:2023/11/22 12:07:03 build.go:404: 409:
11-22 12:06:52.636 4233 4233 I ImeTracker: org.qtproject.example.tst_qwidget:232d50cb: onFailed at PHASE_CLIENT_VIEW_SERVED agent:2023/11/22 12:07:03 build.go:404: 409:
11-22 12:06:52.639 4233 4233 E BufferQueueProducer: [SurfaceView[org.qtproject.example.tst_qwidget/org.qtproject.qt.android.bindings.QtActivity]#67(BLAST Consumer)67](id:108900000043,api:0,p:-1,c:4233) disconnect: not connected (req=2) agent:2023/11/22 12:07:03 build.go:404: 409:
11-22 12:06:52.668 4233 4233 I ImeTracker: org.qtproject.example.tst_qwidget:4f18dc53: onRequestHide at ORIGIN_CLIENT_HIDE_SOFT_INPUT reason HIDE_SOFT_INPUT agent:2023/11/22 12:07:03 build.go:404: 409:
11-22 12:06:52.669 4233 4233 I ImeTracker: org.qtproject.example.tst_qwidget:4f18dc53: onFailed at PHASE_CLIENT_VIEW_SERVED agent:2023/11/22 12:07:03 build.go:404: 409:
11-22 12:06:52.680 4233 4257 I QTestLib: PASS : tst_QWidget::windowMoveResize(100,50 200x0, flags 800) agent:2023/11/22 12:07:03 build.go:404: 409:
11-22 12:06:52.702 4233 4233 I ImeTracker: org.qtproject.example.tst_qwidget:3ccdfd81: onRequestHide at ORIGIN_CLIENT_HIDE_SOFT_INPUT reason HIDE_SOFT_INPUT agent:2023/11/22 12:07:03 build.go:404: 409:
11-22 12:06:52.703 4233 4233 I ImeTracker: org.qtproject.example.tst_qwidget:3ccdfd81: onFailed at PHASE_CLIENT_VIEW_SERVED agent:2023/11/22 12:07:03 build.go:404: 409:
11-22 12:06:52.719 4233 4233 E BufferQueueProducer: [SurfaceView[org.qtproject.example.tst_qwidget/org.qtproject.qt.android.bindings.QtActivity]#68(BLAST Consumer)68](id:108900000044,api:0,p:-1,c:4233) disconnect: not connected (req=2) agent:2023/11/22 12:07:03 build.go:404: 409:
11-22 12:06:52.752 4233 4233 I ImeTracker: org.qtproject.example.tst_qwidget:95711805: onRequestHide at ORIGIN_CLIENT_HIDE_SOFT_INPUT reason HIDE_SOFT_INPUT agent:2023/11/22 12:07:03 build.go:404: 409:
11-22 12:06:52.752 4233 4233 I ImeTracker: org.qtproject.example.tst_qwidget:95711805: onFailed at PHASE_CLIENT_VIEW_SERVED agent:2023/11/22 12:07:03 build.go:404: 409:
11-22 12:06:52.769 4233 4233 I ImeTracker: org.qtproject.example.tst_qwidget:a2cf9cf4: onRequestHide at ORIGIN_CLIENT_HIDE_SOFT_INPUT reason HIDE_SOFT_INPUT agent:2023/11/22 12:07:03 build.go:404: 409:
11-22 12:06:52.769 4233 4233 I ImeTracker: org.qtproject.example.tst_qwidget:a2cf9cf4: onFailed at PHASE_CLIENT_VIEW_SERVED agent:2023/11/22 12:07:03 build.go:404: 409:
11-22 12:06:52.786 4233 4233 E BufferQueueProducer: [SurfaceView[org.qtproject.example.tst_qwidget/org.qtproject.qt.android.bindings.QtActivity]#69(BLAST Consumer)69](id:108900000045,api:0,p:-1,c:4233) disconnect: not connected (req=2) agent:2023/11/22 12:07:03 build.go:404: 409:
11-22 12:06:52.817 4233 4233 I ImeTracker: org.qtproject.example.tst_qwidget:55542997: onRequestHide at ORIGIN_CLIENT_HIDE_SOFT_INPUT reason HIDE_SOFT_INPUT agent:2023/11/22 12:07:03 build.go:404: 409:
11-22 12:06:52.817 4233 4233 I ImeTracker: org.qtproject.example.tst_qwidget:55542997: onFailed at PHASE_CLIENT_VIEW_SERVED agent:2023/11/22 12:07:03 build.go:404: 409:
11-22 12:06:52.818 4233 4233 I ImeTracker: org.qtproject.example.tst_qwidget:8cb1d2d0: onRequestHide at ORIGIN_CLIENT_HIDE_SOFT_INPUT reason HIDE_SOFT_INPUT agent:2023/11/22 12:07:03 build.go:404: 409:
11-22 12:06:52.818 4233 4233 I ImeTracker: org.qtproject.example.tst_qwidget:8cb1d2d0: onFailed at PHASE_CLIENT_VIEW_SERVED agent:2023/11/22 12:07:03 build.go:404: 409:
11-22 12:06:52.820 4233 4233 E BufferQueueProducer: [SurfaceView[org.qtproject.example.tst_qwidget/org.qtproject.qt.android.bindings.QtActivity]#70(BLAST Consumer)70](id:108900000046,api:0,p:-1,c:4233) disconnect: not connected (req=2) agent:2023/11/22 12:07:03 build.go:404: 409:
11-22 12:06:52.852 4233 4233 I ImeTracker: org.qtproject.example.tst_qwidget:9a7f0454: onRequestHide at ORIGIN_CLIENT_HIDE_SOFT_INPUT reason HIDE_SOFT_INPUT agent:2023/11/22 12:07:03 build.go:404: 409:
11-22 12:06:52.853 4233 4233 I ImeTracker: org.qtproject.example.tst_qwidget:9a7f0454: onFailed at PHASE_CLIENT_VIEW_SERVED agent:2023/11/22 12:07:03 build.go:404: 409:
11-22 12:06:52.867 4233 4257 I QTestLib: PASS : tst_QWidget::windowMoveResize(130,50 0x0, flags 0) agent:2023/11/22 12:07:03 build.go:404: 409:
11-22 12:06:52.899 4233 4233 I ImeTracker: org.qtproject.example.tst_qwidget:7c4e9b2a: onRequestHide at ORIGIN_CLIENT_HIDE_SOFT_INPUT reason HIDE_SOFT_INPUT agent:2023/11/22 12:07:03 build.go:404: 409:
11-22 12:06:52.900 4233 4233 I ImeTracker: org.qtproject.example.tst_qwidget:7c4e9b2a: onFailed at PHASE_CLIENT_VIEW_SERVED agent:2023/11/22 12:07:03 build.go:404: 409:
11-22 12:06:52.903 4233 4233 E BufferQueueProducer: [SurfaceView[org.qtproject.example.tst_qwidget/org.qtproject.qt.android.bindings.QtActivity]#71(BLAST Consumer)71](id:108900000047,api:0,p:-1,c:4233) disconnect: not connected (req=2) agent:2023/11/22 12:07:03 build.go:404: 409:
11-22 12:06:52.934 4233 4233 I ImeTracker: org.qtproject.example.tst_qwidget:8382c36: onRequestHide at ORIGIN_CLIENT_HIDE_SOFT_INPUT reason HIDE_SOFT_INPUT agent:2023/11/22 12:07:03 build.go:404: 409:
11-22 12:06:52.934 4233 4233 I ImeTracker: org.qtproject.example.tst_qwidget:8382c36: onFailed at PHASE_CLIENT_VIEW_SERVED agent:2023/11/22 12:07:03 build.go:404: 409:
11-22 12:06:52.952 4233 4233 I ImeTracker: org.qtproject.example.tst_qwidget:7e32564f: onRequestHide at ORIGIN_CLIENT_HIDE_SOFT_INPUT reason HIDE_SOFT_INPUT agent:2023/11/22 12:07:03 build.go:404: 409:
11-22 12:06:52.953 4233 4233 I ImeTracker: org.qtproject.example.tst_qwidget:7e32564f: onFailed at PHASE_CLIENT_VIEW_SERVED agent:2023/11/22 12:07:03 build.go:404: 409:
11-22 12:06:52.967 4233 4233 E BufferQueueProducer: [SurfaceView[org.qtproject.example.tst_qwidget/org.qtproject.qt.android.bindings.QtActivity]#72(BLAST Consumer)72](id:108900000048,api:0,p:-1,c:4233) disconnect: not connected (req=2) agent:2023/11/22 12:07:03 build.go:404: 409:
11-22 12:06:53.002 4233 4233 I ImeTracker: org.qtproject.example.tst_qwidget:3b88f31f: onRequestHide at ORIGIN_CLIENT_HIDE_SOFT_INPUT reason HIDE_SOFT_INPUT agent:2023/11/22 12:07:03 build.go:404: 409:
11-22 12:06:53.002 4233 4233 I ImeTracker: org.qtproject.example.tst_qwidget:3b88f31f: onFailed at PHASE_CLIENT_VIEW_SERVED agent:2023/11/22 12:07:03 build.go:404: 409:
11-22 12:06:53.003 4233 4233 I ImeTracker: org.qtproject.example.tst_qwidget:aa03d0a2: onRequestHide at ORIGIN_CLIENT_HIDE_SOFT_INPUT reason HIDE_SOFT_INPUT agent:2023/11/22 12:07:03 build.go:404: 409:
11-22 12:06:53.003 4233 4233 I ImeTracker: org.qtproject.example.tst_qwidget:aa03d0a2: onFailed at PHASE_CLIENT_VIEW_SERVED agent:2023/11/22 12:07:03 build.go:404: 409:
11-22 12:06:53.005 4233 4233 E BufferQueueProducer: [SurfaceView[org.qtproject.example.tst_qwidget/org.qtproject.qt.android.bindings.QtActivity]#73(BLAST Consumer)73](id:108900000049,api:0,p:-1,c:4233) disconnect: not connected (req=2) agent:2023/11/22 12:07:03 build.go:404: 409:
11-22 12:06:53.021 4233 4254 D EGL_emulation: app_time_stats: avg=59.58ms min=29.71ms max=85.95ms count=17 agent:2023/11/22 12:07:03 build.go:404: 409:
11-22 12:06:53.034 4233 4233 I ImeTracker: org.qtproject.example.tst_qwidget:82e92b11: onRequestHide at ORIGIN_CLIENT_HIDE_SOFT_INPUT reason HIDE_SOFT_INPUT agent:2023/11/22 12:07:03 build.go:404: 409:
11-22 12:06:53.034 4233 4233 I ImeTracker: org.qtproject.example.tst_qwidget:82e92b11: onFailed at PHASE_CLIENT_VIEW_SERVED agent:2023/11/22 12:07:03 build.go:404: 409:
11-22 12:06:53.049 4233 4257 I QTestLib: PASS : tst_QWidget::windowMoveResize(130,50 0x0, flags 800) agent:2023/11/22 12:07:03 build.go:404: 409:
11-22 12:06:53.051 4233 4233 I ImeTracker: org.qtproject.example.tst_qwidget:d79a0a84: onRequestHide at ORIGIN_CLIENT_HIDE_SOFT_INPUT reason HIDE_SOFT_INPUT agent:2023/11/22 12:07:03 build.go:404: 409:
11-22 12:06:53.051 4233 4233 I ImeTracker: org.qtproject.example.tst_qwidget:d79a0a84: onFailed at PHASE_CLIENT_VIEW_SERVED agent:2023/11/22 12:07:03 build.go:404: 409:
11-22 12:06:53.069 4233 4233 E BufferQueueProducer: [SurfaceView[org.qtproject.example.tst_qwidget/org.qtproject.qt.android.bindings.QtActivity]#74(BLAST Consumer)74](id:10890000004a,api:0,p:-1,c:4233) disconnect: not connected (req=2) agent:2023/11/22 12:07:03 build.go:404: 409:
11-22 12:06:53.109 4233 4257 I QTestLib: BFAIL : tst_QWidget::moveChild(right) Compared values are not the same agent:2023/11/22 12:07:03 build.go:404: 409:
11-22 12:06:53.109 4233 4257 I QTestLib: Actual (child.r) : QRegion(50x50+0+0) agent:2023/11/22 12:07:03 build.go:404: 409:
11-22 12:06:53.109 4233 4257 I QTestLib: Expected (QRegion()): QRegion(null) agent:2023/11/22 12:07:03 build.go:404: 409:
11-22 12:06:53.109 4233 4257 I QTestLib: Loc: [/home/qt/work/qt/qtbase/tests/auto/widgets/kernel/qwidget/tst_qwidget.cpp(6573)] agent:2023/11/22 12:07:03 build.go:404: 409:
11-22 12:06:53.110 4233 4233 I ImeTracker: org.qtproject.example.tst_qwidget:81bed15c: onRequestHide at ORIGIN_CLIENT_HIDE_SOFT_INPUT reason HIDE_SOFT_INPUT agent:2023/11/22 12:07:03 build.go:404: 409:
11-22 12:06:53.111 4233 4233 I ImeTracker: org.qtproject.example.tst_qwidget:81bed15c: onFailed at PHASE_CLIENT_VIEW_SERVED agent:2023/11/22 12:07:03 build.go:404: 409:
11-22 12:06:53.112 4233 4233 I ImeTracker: org.qtproject.example.tst_qwidget:f7a0c472: onRequestHide at ORIGIN_CLIENT_HIDE_SOFT_INPUT reason HIDE_SOFT_INPUT agent:2023/11/22 12:07:03 build.go:404: 409:
11-22 12:06:53.112 4233 4233 I ImeTracker: org.qtproject.example.tst_qwidget:f7a0c472: onFailed at PHASE_CLIENT_VIEW_SERVED agent:2023/11/22 12:07:03 build.go:404: 409:
11-22 12:06:53.192 4233 4257 I QTestLib: BFAIL : tst_QWidget::moveChild(down) Compared values are not the same agent:2023/11/22 12:07:03 build.go:404: 409:
11-22 12:06:53.192 4233 4257 I QTestLib: Actual (child.r) : QRegion(50x50+0+0) agent:2023/11/22 12:07:03 build.go:404: 409:
11-22 12:06:53.192 4233 4257 I QTestLib: Expected (QRegion()): QRegion(null) agent:2023/11/22 12:07:03 build.go:404: 409:
11-22 12:06:53.192 4233 4257 I QTestLib: Loc: [/home/qt/work/qt/qtbase/tests/auto/widgets/kernel/qwidget/tst_qwidget.cpp(6573)] agent:2023/11/22 12:07:03 build.go:404: 409:
11-22 12:06:53.194 4233 4233 I ImeTracker: org.qtproject.example.tst_qwidget:f3b4f9d9: onRequestHide at ORIGIN_CLIENT_HIDE_SOFT_INPUT reason HIDE_SOFT_INPUT agent:2023/11/22 12:07:03 build.go:404: 409:
11-22 12:06:53.195 4233 4233 I ImeTracker: org.qtproject.example.tst_qwidget:f3b4f9d9: onFailed at PHASE_CLIENT_VIEW_SERVED agent:2023/11/22 12:07:03 build.go:404: 409:
11-22 12:06:53.196 4233 4233 I ImeTracker: org.qtproject.example.tst_qwidget:a7ead7cd: onRequestHide at ORIGIN_CLIENT_HIDE_SOFT_INPUT reason HIDE_SOFT_INPUT agent:2023/11/22 12:07:03 build.go:404: 409:
11-22 12:06:53.197 4233 4233 I ImeTracker: org.qtproject.example.tst_qwidget:a7ead7cd: onFailed at PHASE_CLIENT_VIEW_SERVED agent:2023/11/22 12:07:03 build.go:404: 409:
11-22 12:06:53.292 4233 4257 I QTestLib: BFAIL : tst_QWidget::moveChild(left) Compared values are not the same agent:2023/11/22 12:07:03 build.go:404: 409:
11-22 12:06:53.292 4233 4257 I QTestLib: Actual (child.r) : QRegion(50x50+0+0) agent:2023/11/22 12:07:03 build.go:404: 409:
11-22 12:06:53.292 4233 4257 I QTestLib: Expected (QRegion()): QRegion(null) agent:2023/11/22 12:07:03 build.go:404: 409:
11-22 12:06:53.292 4233 4257 I QTestLib: Loc: [/home/qt/work/qt/qtbase/tests/auto/widgets/kernel/qwidget/tst_qwidget.cpp(6573)] agent:2023/11/22 12:07:03 build.go:404: 409:
11-22 12:06:53.293 4233 4233 I ImeTracker: org.qtproject.example.tst_qwidget:b0d12780: onRequestHide at ORIGIN_CLIENT_HIDE_SOFT_INPUT reason HIDE_SOFT_INPUT agent:2023/11/22 12:07:03 build.go:404: 409:
11-22 12:06:53.294 4233 4233 I ImeTracker: org.qtproject.example.tst_qwidget:b0d12780: onFailed at PHASE_CLIENT_VIEW_SERVED agent:2023/11/22 12:07:03 build.go:404: 409:
11-22 12:06:53.295 4233 4233 I ImeTracker: org.qtproject.example.tst_qwidget:1bb8ff60: onRequestHide at ORIGIN_CLIENT_HIDE_SOFT_INPUT reason HIDE_SOFT_INPUT agent:2023/11/22 12:07:03 build.go:404: 409:
11-22 12:06:53.295 4233 4233 I ImeTracker: org.qtproject.example.tst_qwidget:1bb8ff60: onFailed at PHASE_CLIENT_VIEW_SERVED agent:2023/11/22 12:07:03 build.go:404: 409:
11-22 12:06:53.393 4233 4257 I QTestLib: BFAIL : tst_QWidget::moveChild(up) Compared values are not the same agent:2023/11/22 12:07:03 build.go:404: 409:
11-22 12:06:53.393 4233 4257 I QTestLib: Actual (child.r) : QRegion(50x50+0+0) agent:2023/11/22 12:07:03 build.go:404: 409:
11-22 12:06:53.393 4233 4257 I QTestLib: Expected (QRegion()): QRegion(null) agent:2023/11/22 12:07:03 build.go:404: 409:
11-22 12:06:53.393 4233 4257 I QTestLib: Loc: [/home/qt/work/qt/qtbase/tests/auto/widgets/kernel/qwidget/tst_qwidget.cpp(6573)] agent:2023/11/22 12:07:03 build.go:404: 409:
11-22 12:06:53.395 4233 4233 I ImeTracker: org.qtproject.example.tst_qwidget:1bd550b0: onRequestHide at ORIGIN_CLIENT_HIDE_SOFT_INPUT reason HIDE_SOFT_INPUT agent:2023/11/22 12:07:03 build.go:404: 409:
11-22 12:06:53.395 4233 4233 I ImeTracker: org.qtproject.example.tst_qwidget:1bd550b0: onFailed at PHASE_CLIENT_VIEW_SERVED agent:2023/11/22 12:07:03 build.go:404: 409:
11-22 12:06:53.399 4233 4233 I ImeTracker: org.qtproject.example.tst_qwidget:bce2d477: onRequestHide at ORIGIN_CLIENT_HIDE_SOFT_INPUT reason HIDE_SOFT_INPUT agent:2023/11/22 12:07:03 build.go:404: 409:
11-22 12:06:53.400 4233 4233 I ImeTracker: org.qtproject.example.tst_qwidget:bce2d477: onFailed at PHASE_CLIENT_VIEW_SERVED agent:2023/11/22 12:07:03 build.go:404: 409:
