11-22 12:05:35.303 4233 4233 I ImeTracker: org.qtproject.example.tst_qwidget:c9b3b32e: onRequestHide at ORIGIN_CLIENT_HIDE_SOFT_INPUT reason HIDE_SOFT_INPUT agent:2023/11/22 12:07:03 build.go:404: 409:
11-22 12:05:35.304 4233 4233 I ImeTracker: org.qtproject.example.tst_qwidget:c9b3b32e: onFailed at PHASE_CLIENT_VIEW_SERVED agent:2023/11/22 12:07:03 build.go:404: 409:
11-22 12:05:35.307 4233 4233 I ImeTracker: org.qtproject.example.tst_qwidget:d321ba22: onRequestHide at ORIGIN_CLIENT_HIDE_SOFT_INPUT reason HIDE_SOFT_INPUT agent:2023/11/22 12:07:03 build.go:404: 409:
11-22 12:05:35.307 4233 4233 I ImeTracker: org.qtproject.example.tst_qwidget:d321ba22: onFailed at PHASE_CLIENT_VIEW_SERVED agent:2023/11/22 12:07:03 build.go:404: 409:
11-22 12:05:35.311 4233 4233 I ImeTracker: org.qtproject.example.tst_qwidget:8148e107: onRequestHide at ORIGIN_CLIENT_HIDE_SOFT_INPUT reason HIDE_SOFT_INPUT agent:2023/11/22 12:07:03 build.go:404: 409:
11-22 12:05:35.311 4233 4233 I ImeTracker: org.qtproject.example.tst_qwidget:8148e107: onFailed at PHASE_CLIENT_VIEW_SERVED agent:2023/11/22 12:07:03 build.go:404: 409:
11-22 12:05:35.315 4233 4233 I ImeTracker: org.qtproject.example.tst_qwidget:65c9912d: onRequestHide at ORIGIN_CLIENT_HIDE_SOFT_INPUT reason HIDE_SOFT_INPUT agent:2023/11/22 12:07:03 build.go:404: 409:
11-22 12:05:35.315 4233 4233 I ImeTracker: org.qtproject.example.tst_qwidget:65c9912d: onFailed at PHASE_CLIENT_VIEW_SERVED agent:2023/11/22 12:07:03 build.go:404: 409:
11-22 12:05:35.319 4233 4233 I ImeTracker: org.qtproject.example.tst_qwidget:c9302159: onRequestHide at ORIGIN_CLIENT_HIDE_SOFT_INPUT reason HIDE_SOFT_INPUT agent:2023/11/22 12:07:03 build.go:404: 409:
11-22 12:05:35.320 4233 4233 I ImeTracker: org.qtproject.example.tst_qwidget:c9302159: onFailed at PHASE_CLIENT_VIEW_SERVED agent:2023/11/22 12:07:03 build.go:404: 409:
11-22 12:05:35.324 4233 4233 I ImeTracker: org.qtproject.example.tst_qwidget:f0f665d4: onRequestHide at ORIGIN_CLIENT_HIDE_SOFT_INPUT reason HIDE_SOFT_INPUT agent:2023/11/22 12:07:03 build.go:404: 409:
11-22 12:05:35.325 4233 4233 I ImeTracker: org.qtproject.example.tst_qwidget:f0f665d4: onFailed at PHASE_CLIENT_VIEW_SERVED agent:2023/11/22 12:07:03 build.go:404: 409:
11-22 12:05:35.328 4233 4257 I QTestLib: PASS : tst_QWidget::tabOrderWithCompoundWidgets() agent:2023/11/22 12:07:03 build.go:404: 409:
11-22 12:05:35.328 4233 4233 I ImeTracker: org.qtproject.example.tst_qwidget:d0658b42: onRequestHide at ORIGIN_CLIENT_HIDE_SOFT_INPUT reason HIDE_SOFT_INPUT agent:2023/11/22 12:07:03 build.go:404: 409:
11-22 12:05:35.329 4233 4233 I ImeTracker: org.qtproject.example.tst_qwidget:d0658b42: onFailed at PHASE_CLIENT_VIEW_SERVED agent:2023/11/22 12:07:03 build.go:404: 409:
11-22 12:05:35.329 4233 4257 I QTestLib: PASS : tst_QWidget::tabOrderWithCompoundWidgetsInflection(forward) agent:2023/11/22 12:07:03 build.go:404: 409:
11-22 12:05:35.330 4233 4257 I QTestLib: PASS : tst_QWidget::tabOrderWithCompoundWidgetsInflection(backward) agent:2023/11/22 12:07:03 build.go:404: 409:
11-22 12:05:35.331 4233 4233 I ImeTracker: org.qtproject.example.tst_qwidget:daa18733: onRequestHide at ORIGIN_CLIENT_HIDE_SOFT_INPUT reason HIDE_SOFT_INPUT agent:2023/11/22 12:07:03 build.go:404: 409:
11-22 12:05:35.331 4233 4233 I ImeTracker: org.qtproject.example.tst_qwidget:daa18733: onFailed at PHASE_CLIENT_VIEW_SERVED agent:2023/11/22 12:07:03 build.go:404: 409:
11-22 12:05:35.335 4233 4233 I ImeTracker: org.qtproject.example.tst_qwidget:597cd449: onRequestHide at ORIGIN_CLIENT_HIDE_SOFT_INPUT reason HIDE_SOFT_INPUT agent:2023/11/22 12:07:03 build.go:404: 409:
11-22 12:05:35.335 4233 4233 I ImeTracker: org.qtproject.example.tst_qwidget:597cd449: onFailed at PHASE_CLIENT_VIEW_SERVED agent:2023/11/22 12:07:03 build.go:404: 409:
11-22 12:05:35.338 4233 4233 I ImeTracker: org.qtproject.example.tst_qwidget:7565ee95: onRequestHide at ORIGIN_CLIENT_HIDE_SOFT_INPUT reason HIDE_SOFT_INPUT agent:2023/11/22 12:07:03 build.go:404: 409:
11-22 12:05:35.338 4233 4233 I ImeTracker: org.qtproject.example.tst_qwidget:7565ee95: onFailed at PHASE_CLIENT_VIEW_SERVED agent:2023/11/22 12:07:03 build.go:404: 409:
11-22 12:05:35.342 4233 4233 I ImeTracker: org.qtproject.example.tst_qwidget:80254213: onRequestHide at ORIGIN_CLIENT_HIDE_SOFT_INPUT reason HIDE_SOFT_INPUT agent:2023/11/22 12:07:03 build.go:404: 409:
11-22 12:05:35.342 4233 4233 I ImeTracker: org.qtproject.example.tst_qwidget:80254213: onFailed at PHASE_CLIENT_VIEW_SERVED agent:2023/11/22 12:07:03 build.go:404: 409:
11-22 12:05:35.343 4233 4257 I QTestLib: PASS : tst_QWidget::tabOrderWithCompoundWidgetsNoFocusPolicy() agent:2023/11/22 12:07:03 build.go:404: 409:
11-22 12:05:35.344 4233 4257 I QTestLib: PASS : tst_QWidget::tabOrderNoChange() agent:2023/11/22 12:07:03 build.go:404: 409:
11-22 12:05:35.344 4233 4233 I ImeTracker: org.qtproject.example.tst_qwidget:24609b25: onRequestHide at ORIGIN_CLIENT_HIDE_SOFT_INPUT reason HIDE_SOFT_INPUT agent:2023/11/22 12:07:03 build.go:404: 409:
11-22 12:05:35.345 4233 4233 I ImeTracker: org.qtproject.example.tst_qwidget:24609b25: onFailed at PHASE_CLIENT_VIEW_SERVED agent:2023/11/22 12:07:03 build.go:404: 409:
11-22 12:05:35.345 4233 4233 I ImeTracker: org.qtproject.example.tst_qwidget:88973ab2: onRequestHide at ORIGIN_CLIENT_HIDE_SOFT_INPUT reason HIDE_SOFT_INPUT agent:2023/11/22 12:07:03 build.go:404: 409:
11-22 12:05:35.345 4233 4257 I QTestLib: PASS : tst_QWidget::tabOrderNoChange2() agent:2023/11/22 12:07:03 build.go:404: 409:
11-22 12:05:35.345 4233 4233 I ImeTracker: org.qtproject.example.tst_qwidget:88973ab2: onFailed at PHASE_CLIENT_VIEW_SERVED agent:2023/11/22 12:07:03 build.go:404: 409:
11-22 12:05:35.347 4233 4233 I ImeTracker: org.qtproject.example.tst_qwidget:fcc739ef: onRequestHide at ORIGIN_CLIENT_HIDE_SOFT_INPUT reason HIDE_SOFT_INPUT agent:2023/11/22 12:07:03 build.go:404: 409:
11-22 12:05:35.347 4233 4233 I ImeTracker: org.qtproject.example.tst_qwidget:fcc739ef: onFailed at PHASE_CLIENT_VIEW_SERVED agent:2023/11/22 12:07:03 build.go:404: 409:
11-22 12:05:35.352 4233 4257 I QTestLib: PASS : tst_QWidget::appFocusWidgetWithFocusProxyLater() agent:2023/11/22 12:07:03 build.go:404: 409:
11-22 12:05:35.352 4233 4233 I ImeTracker: org.qtproject.example.tst_qwidget:a4ee83e8: onRequestHide at ORIGIN_CLIENT_HIDE_SOFT_INPUT reason HIDE_SOFT_INPUT agent:2023/11/22 12:07:03 build.go:404: 409:
11-22 12:05:35.353 4233 4233 I ImeTracker: org.qtproject.example.tst_qwidget:a4ee83e8: onFailed at PHASE_CLIENT_VIEW_SERVED agent:2023/11/22 12:07:03 build.go:404: 409:
11-22 12:05:35.355 4233 4257 I QTestLib: PASS : tst_QWidget::appFocusWidgetWhenLosingFocusProxy() agent:2023/11/22 12:07:03 build.go:404: 409:
11-22 12:05:35.357 4233 4233 I ImeTracker: org.qtproject.example.tst_qwidget:d610e3dc: onRequestHide at ORIGIN_CLIENT_HIDE_SOFT_INPUT reason HIDE_SOFT_INPUT agent:2023/11/22 12:07:03 build.go:404: 409:
11-22 12:05:35.357 4233 4233 I ImeTracker: org.qtproject.example.tst_qwidget:d610e3dc: onFailed at PHASE_CLIENT_VIEW_SERVED agent:2023/11/22 12:07:03 build.go:404: 409:
11-22 12:05:35.364 4233 4233 I ImeTracker: org.qtproject.example.tst_qwidget:4b72f374: onRequestHide at ORIGIN_CLIENT_HIDE_SOFT_INPUT reason HIDE_SOFT_INPUT agent:2023/11/22 12:07:03 build.go:404: 409:
11-22 12:05:35.364 4233 4233 I ImeTracker: org.qtproject.example.tst_qwidget:4b72f374: onFailed at PHASE_CLIENT_VIEW_SERVED agent:2023/11/22 12:07:03 build.go:404: 409:
11-22 12:05:35.367 4233 4257 I QTestLib: PASS : tst_QWidget::explicitTabOrderWithComplexWidget() agent:2023/11/22 12:07:03 build.go:404: 409:
11-22 12:05:35.373 4233 4233 I ImeTracker: org.qtproject.example.tst_qwidget:6f77ce7b: onRequestHide at ORIGIN_CLIENT_HIDE_SOFT_INPUT reason HIDE_SOFT_INPUT agent:2023/11/22 12:07:03 build.go:404: 409:
11-22 12:05:35.374 4233 4233 I ImeTracker: org.qtproject.example.tst_qwidget:6f77ce7b: onFailed at PHASE_CLIENT_VIEW_SERVED agent:2023/11/22 12:07:03 build.go:404: 409:
11-22 12:05:35.379 4233 4233 I ImeTracker: org.qtproject.example.tst_qwidget:a0255f6f: onRequestHide at ORIGIN_CLIENT_HIDE_SOFT_INPUT reason HIDE_SOFT_INPUT agent:2023/11/22 12:07:03 build.go:404: 409:
11-22 12:05:35.379 4233 4233 I ImeTracker: org.qtproject.example.tst_qwidget:a0255f6f: onFailed at PHASE_CLIENT_VIEW_SERVED agent:2023/11/22 12:07:03 build.go:404: 409:
11-22 12:05:35.384 4233 4233 I ImeTracker: org.qtproject.example.tst_qwidget:a03fa3ac: onRequestHide at ORIGIN_CLIENT_HIDE_SOFT_INPUT reason HIDE_SOFT_INPUT agent:2023/11/22 12:07:03 build.go:404: 409:
11-22 12:05:35.384 4233 4233 I ImeTracker: org.qtproject.example.tst_qwidget:a03fa3ac: onFailed at PHASE_CLIENT_VIEW_SERVED agent:2023/11/22 12:07:03 build.go:404: 409:
11-22 12:05:35.386 4233 4257 I QTestLib: PASS : tst_QWidget::explicitTabOrderWithSpinBox_QTBUG81097() agent:2023/11/22 12:07:03 build.go:404: 409:
11-22 12:05:35.386 4233 4257 I QTestLib: PASS : tst_QWidget::tabOrderList() agent:2023/11/22 12:07:03 build.go:404: 409:
11-22 12:05:35.387 4233 4233 I ImeTracker: org.qtproject.example.tst_qwidget:29d0fb84: onRequestHide at ORIGIN_CLIENT_HIDE_SOFT_INPUT reason HIDE_SOFT_INPUT agent:2023/11/22 12:07:03 build.go:404: 409:
11-22 12:05:35.387 4233 4233 I ImeTracker: org.qtproject.example.tst_qwidget:29d0fb84: onFailed at PHASE_CLIENT_VIEW_SERVED agent:2023/11/22 12:07:03 build.go:404: 409:
11-22 12:05:35.389 4233 4257 I QTestLib: PASS : tst_QWidget::tabOrderComboBox(3 not editable) agent:2023/11/22 12:07:03 build.go:404: 409:
11-22 12:05:35.390 4233 4233 I ImeTracker: org.qtproject.example.tst_qwidget:5da10aa9: onRequestHide at ORIGIN_CLIENT_HIDE_SOFT_INPUT reason HIDE_SOFT_INPUT agent:2023/11/22 12:07:03 build.go:404: 409:
11-22 12:05:35.390 4233 4233 I ImeTracker: org.qtproject.example.tst_qwidget:5da10aa9: onFailed at PHASE_CLIENT_VIEW_SERVED agent:2023/11/22 12:07:03 build.go:404: 409:
11-22 12:05:35.391 4233 4257 I QTestLib: PASS : tst_QWidget::tabOrderComboBox(4 editable) agent:2023/11/22 12:07:03 build.go:404: 409:
11-22 12:05:35.393 4233 4233 I ImeTracker: org.qtproject.example.tst_qwidget:56855e2: onRequestHide at ORIGIN_CLIENT_HIDE_SOFT_INPUT reason HIDE_SOFT_INPUT agent:2023/11/22 12:07:03 build.go:404: 409:
11-22 12:05:35.394 4233 4233 I ImeTracker: org.qtproject.example.tst_qwidget:56855e2: onFailed at PHASE_CLIENT_VIEW_SERVED agent:2023/11/22 12:07:03 build.go:404: 409:
11-22 12:05:35.395 4233 4257 I QTestLib: PASS : tst_QWidget::reparent() agent:2023/11/22 12:07:03 build.go:404: 409:
11-22 12:05:35.395 4233 4257 I QTestLib: SKIP : tst_QWidget::setScreen() This test tests nothing on a machine with a single screen. agent:2023/11/22 12:07:03 build.go:404: 409:
11-22 12:05:35.395 4233 4257 I QTestLib: Loc: [/home/qt/work/qt/qtbase/tests/auto/widgets/kernel/qwidget/tst_qwidget.cpp(3591)] agent:2023/11/22 12:07:03 build.go:404: 409:
11-22 12:05:35.396 4233 4233 I ImeTracker: org.qtproject.example.tst_qwidget:e4455125: onRequestHide at ORIGIN_CLIENT_HIDE_SOFT_INPUT reason HIDE_SOFT_INPUT agent:2023/11/22 12:07:03 build.go:404: 409:
11-22 12:05:35.397 4233 4233 I ImeTracker: org.qtproject.example.tst_qwidget:e4455125: onFailed at PHASE_CLIENT_VIEW_SERVED agent:2023/11/22 12:07:03 build.go:404: 409:
11-22 12:05:35.397 4233 4233 I ImeTracker: org.qtproject.example.tst_qwidget:fbaa6402: onRequestHide at ORIGIN_CLIENT_HIDE_SOFT_INPUT reason HIDE_SOFT_INPUT agent:2023/11/22 12:07:03 build.go:404: 409:
11-22 12:05:35.397 4233 4233 I ImeTracker: org.qtproject.example.tst_qwidget:fbaa6402: onFailed at PHASE_CLIENT_VIEW_SERVED agent:2023/11/22 12:07:03 build.go:404: 409:
11-22 12:05:35.399 4233 4233 I ImeTracker: org.qtproject.example.tst_qwidget:bd6f62e: onRequestHide at ORIGIN_CLIENT_HIDE_SOFT_INPUT reason HIDE_SOFT_INPUT agent:2023/11/22 12:07:03 build.go:404: 409:
11-22 12:05:35.399 4233 4233 I ImeTracker: org.qtproject.example.tst_qwidget:bd6f62e: onFailed at PHASE_CLIENT_VIEW_SERVED agent:2023/11/22 12:07:03 build.go:404: 409:
11-22 12:05:35.403 4233 4233 I ImeTracker: org.qtproject.example.tst_qwidget:75e9c700: onRequestHide at ORIGIN_CLIENT_HIDE_SOFT_INPUT reason HIDE_SOFT_INPUT agent:2023/11/22 12:07:03 build.go:404: 409:
11-22 12:05:35.403 4233 4233 I ImeTracker: org.qtproject.example.tst_qwidget:75e9c700: onFailed at PHASE_CLIENT_VIEW_SERVED agent:2023/11/22 12:07:03 build.go:404: 409:
11-22 12:05:35.406 4233 4233 I ImeTracker: org.qtproject.example.tst_qwidget:4f24fd41: onRequestHide at ORIGIN_CLIENT_HIDE_SOFT_INPUT reason HIDE_SOFT_INPUT agent:2023/11/22 12:07:03 build.go:404: 409:
11-22 12:05:35.406 4233 4233 I ImeTracker: org.qtproject.example.tst_qwidget:4f24fd41: onFailed at PHASE_CLIENT_VIEW_SERVED agent:2023/11/22 12:07:03 build.go:404: 409:
11-22 12:05:35.409 4233 4233 I ImeTracker: org.qtproject.example.tst_qwidget:755cba56: onRequestHide at ORIGIN_CLIENT_HIDE_SOFT_INPUT reason HIDE_SOFT_INPUT agent:2023/11/22 12:07:03 build.go:404: 409:
11-22 12:05:35.410 4233 4233 I ImeTracker: org.qtproject.example.tst_qwidget:755cba56: onFailed at PHASE_CLIENT_VIEW_SERVED agent:2023/11/22 12:07:03 build.go:404: 409:
11-22 12:05:35.412 4233 4233 I ImeTracker: org.qtproject.example.tst_qwidget:92fb6d87: onRequestHide at ORIGIN_CLIENT_HIDE_SOFT_INPUT reason HIDE_SOFT_INPUT agent:2023/11/22 12:07:03 build.go:404: 409:
11-22 12:05:35.412 4233 4233 I ImeTracker: org.qtproject.example.tst_qwidget:92fb6d87: onFailed at PHASE_CLIENT_VIEW_SERVED agent:2023/11/22 12:07:03 build.go:404: 409:
11-22 12:05:35.417 4233 4233 I ImeTracker: org.qtproject.example.tst_qwidget:1a5a226: onRequestHide at ORIGIN_CLIENT_HIDE_SOFT_INPUT reason HIDE_SOFT_INPUT agent:2023/11/22 12:07:03 build.go:404: 409:
11-22 12:05:35.417 4233 4233 I ImeTracker: org.qtproject.example.tst_qwidget:1a5a226: onFailed at PHASE_CLIENT_VIEW_SERVED agent:2023/11/22 12:07:03 build.go:404: 409:
11-22 12:05:35.420 4233 4233 I ImeTracker: org.qtproject.example.tst_qwidget:fb275ce6: onRequestHide at ORIGIN_CLIENT_HIDE_SOFT_INPUT reason HIDE_SOFT_INPUT agent:2023/11/22 12:07:03 build.go:404: 409:
11-22 12:05:35.420 4233 4233 I ImeTracker: org.qtproject.example.tst_qwidget:fb275ce6: onFailed at PHASE_CLIENT_VIEW_SERVED agent:2023/11/22 12:07:03 build.go:404: 409:
11-22 12:05:35.423 4233 4233 I ImeTracker: org.qtproject.example.tst_qwidget:b51420d8: onRequestHide at ORIGIN_CLIENT_HIDE_SOFT_INPUT reason HIDE_SOFT_INPUT agent:2023/11/22 12:07:03 build.go:404: 409:
11-22 12:05:35.423 4233 4233 I ImeTracker: org.qtproject.example.tst_qwidget:b51420d8: onFailed at PHASE_CLIENT_VIEW_SERVED agent:2023/11/22 12:07:03 build.go:404: 409:
11-22 12:05:35.425 4233 4233 I ImeTracker: org.qtproject.example.tst_qwidget:fc81fc4a: onRequestHide at ORIGIN_CLIENT_HIDE_SOFT_INPUT reason HIDE_SOFT_INPUT agent:2023/11/22 12:07:03 build.go:404: 409:
11-22 12:05:35.426 4233 4233 I ImeTracker: org.qtproject.example.tst_qwidget:fc81fc4a: onFailed at PHASE_CLIENT_VIEW_SERVED agent:2023/11/22 12:07:03 build.go:404: 409:
11-22 12:05:35.426 4233 4233 I ImeTracker: org.qtproject.example.tst_qwidget:259d6747: onRequestHide at ORIGIN_CLIENT_HIDE_SOFT_INPUT reason HIDE_SOFT_INPUT agent:2023/11/22 12:07:03 build.go:404: 409:
11-22 12:05:35.426 4233 4233 I ImeTracker: org.qtproject.example.tst_qwidget:259d6747: onFailed at PHASE_CLIENT_VIEW_SERVED agent:2023/11/22 12:07:03 build.go:404: 409:
11-22 12:05:35.428 4233 4233 I ImeTracker: org.qtproject.example.tst_qwidget:9c78f72: onRequestHide at ORIGIN_CLIENT_HIDE_SOFT_INPUT reason HIDE_SOFT_INPUT agent:2023/11/22 12:07:03 build.go:404: 409:
11-22 12:05:35.428 4233 4233 I ImeTracker: org.qtproject.example.tst_qwidget:9c78f72: onFailed at PHASE_CLIENT_VIEW_SERVED agent:2023/11/22 12:07:03 build.go:404: 409:
11-22 12:05:35.433 4233 4233 I ImeTracker: org.qtproject.example.tst_qwidget:8df4c586: onRequestHide at ORIGIN_CLIENT_HIDE_SOFT_INPUT reason HIDE_SOFT_INPUT agent:2023/11/22 12:07:03 build.go:404: 409:
11-22 12:05:35.433 4233 4233 I ImeTracker: org.qtproject.example.tst_qwidget:8df4c586: onFailed at PHASE_CLIENT_VIEW_SERVED agent:2023/11/22 12:07:03 build.go:404: 409:
11-22 12:05:35.436 4233 4233 I ImeTracker: org.qtproject.example.tst_qwidget:cb7ee8b2: onRequestHide at ORIGIN_CLIENT_HIDE_SOFT_INPUT reason HIDE_SOFT_INPUT agent:2023/11/22 12:07:03 build.go:404: 409:
11-22 12:05:35.436 4233 4233 I ImeTracker: org.qtproject.example.tst_qwidget:cb7ee8b2: onFailed at PHASE_CLIENT_VIEW_SERVED agent:2023/11/22 12:07:03 build.go:404: 409:
11-22 12:05:35.440 4233 4233 I ImeTracker: org.qtproject.example.tst_qwidget:c86c6ab2: onRequestHide at ORIGIN_CLIENT_HIDE_SOFT_INPUT reason HIDE_SOFT_INPUT agent:2023/11/22 12:07:03 build.go:404: 409:
11-22 12:05:35.440 4233 4233 I ImeTracker: org.qtproject.example.tst_qwidget:c86c6ab2: onFailed at PHASE_CLIENT_VIEW_SERVED agent:2023/11/22 12:07:03 build.go:404: 409:
11-22 12:05:35.444 4233 4233 I ImeTracker: org.qtproject.example.tst_qwidget:b72362d2: onRequestHide at ORIGIN_CLIENT_HIDE_SOFT_INPUT reason HIDE_SOFT_INPUT agent:2023/11/22 12:07:03 build.go:404: 409:
11-22 12:05:35.444 4233 4233 I ImeTracker: org.qtproject.example.tst_qwidget:b72362d2: onFailed at PHASE_CLIENT_VIEW_SERVED agent:2023/11/22 12:07:03 build.go:404: 409:
11-22 12:05:35.445 4233 4233 I ImeTracker: org.qtproject.example.tst_qwidget:7d023389: onRequestHide at ORIGIN_CLIENT_HIDE_SOFT_INPUT reason HIDE_SOFT_INPUT agent:2023/11/22 12:07:03 build.go:404: 409:
11-22 12:05:35.445 4233 4233 I ImeTracker: org.qtproject.example.tst_qwidget:7d023389: onFailed at PHASE_CLIENT_VIEW_SERVED agent:2023/11/22 12:07:03 build.go:404: 409:
11-22 12:05:35.445 4233 4233 I ImeTracker: org.qtproject.example.tst_qwidget:415e9246: onRequestHide at ORIGIN_CLIENT_HIDE_SOFT_INPUT reason HIDE_SOFT_INPUT agent:2023/11/22 12:07:03 build.go:404: 409:
11-22 12:05:35.446 4233 4233 I ImeTracker: org.qtproject.example.tst_qwidget:415e9246: onFailed at PHASE_CLIENT_VIEW_SERVED agent:2023/11/22 12:07:03 build.go:404: 409:
11-22 12:05:35.446 4233 4233 I ImeTracker: org.qtproject.example.tst_qwidget:b100ee45: onRequestHide at ORIGIN_CLIENT_HIDE_SOFT_INPUT reason HIDE_SOFT_INPUT agent:2023/11/22 12:07:03 build.go:404: 409:
11-22 12:05:35.446 4233 4233 I ImeTracker: org.qtproject.example.tst_qwidget:b100ee45: onFailed at PHASE_CLIENT_VIEW_SERVED agent:2023/11/22 12:07:03 build.go:404: 409:
11-22 12:05:35.448 4233 4233 I ImeTracker: org.qtproject.example.tst_qwidget:bade738f: onRequestHide at ORIGIN_CLIENT_HIDE_SOFT_INPUT reason HIDE_SOFT_INPUT agent:2023/11/22 12:07:03 build.go:404: 409:
11-22 12:05:35.448 4233 4233 I ImeTracker: org.qtproject.example.tst_qwidget:bade738f: onFailed at PHASE_CLIENT_VIEW_SERVED agent:2023/11/22 12:07:03 build.go:404: 409:
11-22 12:05:35.450 4233 4233 I ImeTracker: org.qtproject.example.tst_qwidget:916935fc: onRequestHide at ORIGIN_CLIENT_HIDE_SOFT_INPUT reason HIDE_SOFT_INPUT agent:2023/11/22 12:07:03 build.go:404: 409:
11-22 12:05:35.450 4233 4233 I ImeTracker: org.qtproject.example.tst_qwidget:916935fc: onFailed at PHASE_CLIENT_VIEW_SERVED agent:2023/11/22 12:07:03 build.go:404: 409:
11-22 12:05:35.452 4233 4233 I ImeTracker: org.qtproject.example.tst_qwidget:cbfe2457: onRequestHide at ORIGIN_CLIENT_HIDE_SOFT_INPUT reason HIDE_SOFT_INPUT agent:2023/11/22 12:07:03 build.go:404: 409:
11-22 12:05:35.452 4233 4233 I ImeTracker: org.qtproject.example.tst_qwidget:cbfe2457: onFailed at PHASE_CLIENT_VIEW_SERVED agent:2023/11/22 12:07:03 build.go:404: 409:
11-22 12:05:35.454 4233 4233 I ImeTracker: org.qtproject.example.tst_qwidget:f3be5416: onRequestHide at ORIGIN_CLIENT_HIDE_SOFT_INPUT reason HIDE_SOFT_INPUT agent:2023/11/22 12:07:03 build.go:404: 409:
11-22 12:05:35.454 4233 4233 I ImeTracker: org.qtproject.example.tst_qwidget:f3be5416: onFailed at PHASE_CLIENT_VIEW_SERVED agent:2023/11/22 12:07:03 build.go:404: 409:
11-22 12:05:35.456 4233 4233 I ImeTracker: org.qtproject.example.tst_qwidget:c2617a67: onRequestHide at ORIGIN_CLIENT_HIDE_SOFT_INPUT reason HIDE_SOFT_INPUT agent:2023/11/22 12:07:03 build.go:404: 409:
11-22 12:05:35.456 4233 4233 I ImeTracker: org.qtproject.example.tst_qwidget:c2617a67: onFailed at PHASE_CLIENT_VIEW_SERVED agent:2023/11/22 12:07:03 build.go:404: 409:
11-22 12:05:35.458 4233 4233 I ImeTracker: org.qtproject.example.tst_qwidget:4c21783a: onRequestHide at ORIGIN_CLIENT_HIDE_SOFT_INPUT reason HIDE_SOFT_INPUT agent:2023/11/22 12:07:03 build.go:404: 409:
11-22 12:05:35.458 4233 4233 I ImeTracker: org.qtproject.example.tst_qwidget:4c21783a: onFailed at PHASE_CLIENT_VIEW_SERVED agent:2023/11/22 12:07:03 build.go:404: 409:
11-22 12:05:35.460 4233 4233 I ImeTracker: org.qtproject.example.tst_qwidget:b9dae4fe: onRequestHide at ORIGIN_CLIENT_HIDE_SOFT_INPUT reason HIDE_SOFT_INPUT agent:2023/11/22 12:07:03 build.go:404: 409:
11-22 12:05:35.460 4233 4233 I ImeTracker: org.qtproject.example.tst_qwidget:b9dae4fe: onFailed at PHASE_CLIENT_VIEW_SERVED agent:2023/11/22 12:07:03 build.go:404: 409:
11-22 12:05:35.462 4233 4233 I ImeTracker: org.qtproject.example.tst_qwidget:69249155: onRequestHide at ORIGIN_CLIENT_HIDE_SOFT_INPUT reason HIDE_SOFT_INPUT agent:2023/11/22 12:07:03 build.go:404: 409:
11-22 12:05:35.463 4233 4233 I ImeTracker: org.qtproject.example.tst_qwidget:69249155: onFailed at PHASE_CLIENT_VIEW_SERVED agent:2023/11/22 12:07:03 build.go:404: 409:
11-22 12:05:35.463 4233 4233 I ImeTracker: org.qtproject.example.tst_qwidget:4ca70a7b: onRequestHide at ORIGIN_CLIENT_HIDE_SOFT_INPUT reason HIDE_SOFT_INPUT agent:2023/11/22 12:07:03 build.go:404: 409:
11-22 12:05:35.464 4233 4233 I ImeTracker: org.qtproject.example.tst_qwidget:4ca70a7b: onFailed at PHASE_CLIENT_VIEW_SERVED agent:2023/11/22 12:07:03 build.go:404: 409:
11-22 12:05:35.468 4233 4233 I ImeTracker: org.qtproject.example.tst_qwidget:46386e64: onRequestHide at ORIGIN_CLIENT_HIDE_SOFT_INPUT reason HIDE_SOFT_INPUT agent:2023/11/22 12:07:03 build.go:404: 409:
11-22 12:05:35.469 4233 4233 I ImeTracker: org.qtproject.example.tst_qwidget:46386e64: onFailed at PHASE_CLIENT_VIEW_SERVED agent:2023/11/22 12:07:03 build.go:404: 409:
11-22 12:05:35.474 4233 4233 I ImeTracker: org.qtproject.example.tst_qwidget:9877e996: onRequestHide at ORIGIN_CLIENT_HIDE_SOFT_INPUT reason HIDE_SOFT_INPUT agent:2023/11/22 12:07:03 build.go:404: 409:
11-22 12:05:35.474 4233 4233 I ImeTracker: org.qtproject.example.tst_qwidget:9877e996: onFailed at PHASE_CLIENT_VIEW_SERVED agent:2023/11/22 12:07:03 build.go:404: 409:
11-22 12:05:35.478 4233 4233 I ImeTracker: org.qtproject.example.tst_qwidget:d58dd47a: onRequestHide at ORIGIN_CLIENT_HIDE_SOFT_INPUT reason HIDE_SOFT_INPUT agent:2023/11/22 12:07:03 build.go:404: 409:
11-22 12:05:35.479 4233 4233 I ImeTracker: org.qtproject.example.tst_qwidget:d58dd47a: onFailed at PHASE_CLIENT_VIEW_SERVED agent:2023/11/22 12:07:03 build.go:404: 409:
11-22 12:05:35.484 4233 4233 I ImeTracker: org.qtproject.example.tst_qwidget:cb9d1ec4: onRequestHide at ORIGIN_CLIENT_HIDE_SOFT_INPUT reason HIDE_SOFT_INPUT agent:2023/11/22 12:07:03 build.go:404: 409:
11-22 12:05:35.485 4233 4233 I ImeTracker: org.qtproject.example.tst_qwidget:cb9d1ec4: onFailed at PHASE_CLIENT_VIEW_SERVED agent:2023/11/22 12:07:03 build.go:404: 409:
11-22 12:05:35.490 4233 4233 I ImeTracker: org.qtproject.example.tst_qwidget:8ac6fb32: onRequestHide at ORIGIN_CLIENT_HIDE_SOFT_INPUT reason HIDE_SOFT_INPUT agent:2023/11/22 12:07:03 build.go:404: 409:
11-22 12:05:35.491 4233 4233 I ImeTracker: org.qtproject.example.tst_qwidget:8ac6fb32: onFailed at PHASE_CLIENT_VIEW_SERVED agent:2023/11/22 12:07:03 build.go:404: 409:
11-22 12:05:35.497 4233 4233 I ImeTracker: org.qtproject.example.tst_qwidget:27f0bdc8: onRequestHide at ORIGIN_CLIENT_HIDE_SOFT_INPUT reason HIDE_SOFT_INPUT agent:2023/11/22 12:07:03 build.go:404: 409:
11-22 12:05:35.498 4233 4233 I ImeTracker: org.qtproject.example.tst_qwidget:27f0bdc8: onFailed at PHASE_CLIENT_VIEW_SERVED agent:2023/11/22 12:07:03 build.go:404: 409:
11-22 12:05:35.501 4233 4233 I ImeTracker: org.qtproject.example.tst_qwidget:372e153c: onRequestHide at ORIGIN_CLIENT_HIDE_SOFT_INPUT reason HIDE_SOFT_INPUT agent:2023/11/22 12:07:03 build.go:404: 409:
11-22 12:05:35.502 4233 4233 I ImeTracker: org.qtproject.example.tst_qwidget:372e153c: onFailed at PHASE_CLIENT_VIEW_SERVED agent:2023/11/22 12:07:03 build.go:404: 409:
11-22 12:05:35.505 4233 4233 I ImeTracker: org.qtproject.example.tst_qwidget:9fda7fa9: onRequestHide at ORIGIN_CLIENT_HIDE_SOFT_INPUT reason HIDE_SOFT_INPUT agent:2023/11/22 12:07:03 build.go:404: 409:
11-22 12:05:35.506 4233 4233 I ImeTracker: org.qtproject.example.tst_qwidget:9fda7fa9: onFailed at PHASE_CLIENT_VIEW_SERVED agent:2023/11/22 12:07:03 build.go:404: 409:
11-22 12:05:35.509 4233 4233 I ImeTracker: org.qtproject.example.tst_qwidget:5f4773aa: onRequestHide at ORIGIN_CLIENT_HIDE_SOFT_INPUT reason HIDE_SOFT_INPUT agent:2023/11/22 12:07:03 build.go:404: 409:
11-22 12:05:35.510 4233 4233 I ImeTracker: org.qtproject.example.tst_qwidget:5f4773aa: onFailed at PHASE_CLIENT_VIEW_SERVED agent:2023/11/22 12:07:03 build.go:404: 409:
11-22 12:05:35.514 4233 4233 I ImeTracker: org.qtproject.example.tst_qwidget:48cc18a7: onRequestHide at ORIGIN_CLIENT_HIDE_SOFT_INPUT reason HIDE_SOFT_INPUT agent:2023/11/22 12:07:03 build.go:404: 409:
11-22 12:05:35.514 4233 4233 I ImeTracker: org.qtproject.example.tst_qwidget:48cc18a7: onFailed at PHASE_CLIENT_VIEW_SERVED agent:2023/11/22 12:07:03 build.go:404: 409:
11-22 12:05:35.517 4233 4233 I ImeTracker: org.qtproject.example.tst_qwidget:cf315535: onRequestHide at ORIGIN_CLIENT_HIDE_SOFT_INPUT reason HIDE_SOFT_INPUT agent:2023/11/22 12:07:03 build.go:404: 409:
11-22 12:05:35.517 4233 4233 I ImeTracker: org.qtproject.example.tst_qwidget:cf315535: onFailed at PHASE_CLIENT_VIEW_SERVED agent:2023/11/22 12:07:03 build.go:404: 409:
11-22 12:05:35.520 4233 4233 I ImeTracker: org.qtproject.example.tst_qwidget:2245f662: onRequestHide at ORIGIN_CLIENT_HIDE_SOFT_INPUT reason HIDE_SOFT_INPUT agent:2023/11/22 12:07:03 build.go:404: 409:
11-22 12:05:35.520 4233 4233 I ImeTracker: org.qtproject.example.tst_qwidget:2245f662: onFailed at PHASE_CLIENT_VIEW_SERVED agent:2023/11/22 12:07:03 build.go:404: 409:
11-22 12:05:35.523 4233 4233 I ImeTracker: org.qtproject.example.tst_qwidget:e75c69f: onRequestHide at ORIGIN_CLIENT_HIDE_SOFT_INPUT reason HIDE_SOFT_INPUT agent:2023/11/22 12:07:03 build.go:404: 409:
11-22 12:05:35.524 4233 4233 I ImeTracker: org.qtproject.example.tst_qwidget:e75c69f: onFailed at PHASE_CLIENT_VIEW_SERVED agent:2023/11/22 12:07:03 build.go:404: 409:
11-22 12:05:35.526 4233 4233 I ImeTracker: org.qtproject.example.tst_qwidget:3cee2b44: onRequestHide at ORIGIN_CLIENT_HIDE_SOFT_INPUT reason HIDE_SOFT_INPUT agent:2023/11/22 12:07:03 build.go:404: 409:
11-22 12:05:35.527 4233 4233 I ImeTracker: org.qtproject.example.tst_qwidget:3cee2b44: onFailed at PHASE_CLIENT_VIEW_SERVED agent:2023/11/22 12:07:03 build.go:404: 409:
11-22 12:05:35.529 4233 4233 I ImeTracker: org.qtproject.example.tst_qwidget:c0714659: onRequestHide at ORIGIN_CLIENT_HIDE_SOFT_INPUT reason HIDE_SOFT_INPUT agent:2023/11/22 12:07:03 build.go:404: 409:
11-22 12:05:35.529 4233 4233 I ImeTracker: org.qtproject.example.tst_qwidget:c0714659: onFailed at PHASE_CLIENT_VIEW_SERVED agent:2023/11/22 12:07:03 build.go:404: 409:
11-22 12:05:35.534 4233 4233 I ImeTracker: org.qtproject.example.tst_qwidget:84930266: onRequestHide at ORIGIN_CLIENT_HIDE_SOFT_INPUT reason HIDE_SOFT_INPUT agent:2023/11/22 12:07:03 build.go:404: 409:
11-22 12:05:35.534 4233 4233 I ImeTracker: org.qtproject.example.tst_qwidget:84930266: onFailed at PHASE_CLIENT_VIEW_SERVED agent:2023/11/22 12:07:03 build.go:404: 409:
11-22 12:05:35.539 4233 4233 I ImeTracker: org.qtproject.example.tst_qwidget:34b68b83: onRequestHide at ORIGIN_CLIENT_HIDE_SOFT_INPUT reason HIDE_SOFT_INPUT agent:2023/11/22 12:07:03 build.go:404: 409:
11-22 12:05:35.539 4233 4233 I ImeTracker: org.qtproject.example.tst_qwidget:34b68b83: onFailed at PHASE_CLIENT_VIEW_SERVED agent:2023/11/22 12:07:03 build.go:404: 409:
11-22 12:05:35.543 4233 4233 I ImeTracker: org.qtproject.example.tst_qwidget:49634024: onRequestHide at ORIGIN_CLIENT_HIDE_SOFT_INPUT reason HIDE_SOFT_INPUT agent:2023/11/22 12:07:03 build.go:404: 409:
11-22 12:05:35.543 4233 4233 I ImeTracker: org.qtproject.example.tst_qwidget:49634024: onFailed at PHASE_CLIENT_VIEW_SERVED agent:2023/11/22 12:07:03 build.go:404: 409:
11-22 12:05:35.548 4233 4233 I ImeTracker: org.qtproject.example.tst_qwidget:f3e54b95: onRequestHide at ORIGIN_CLIENT_HIDE_SOFT_INPUT reason HIDE_SOFT_INPUT agent:2023/11/22 12:07:03 build.go:404: 409:
11-22 12:05:35.548 4233 4233 I ImeTracker: org.qtproject.example.tst_qwidget:f3e54b95: onFailed at PHASE_CLIENT_VIEW_SERVED agent:2023/11/22 12:07:03 build.go:404: 409:
11-22 12:05:35.552 4233 4233 I ImeTracker: org.qtproject.example.tst_qwidget:e9f02ad3: onRequestHide at ORIGIN_CLIENT_HIDE_SOFT_INPUT reason HIDE_SOFT_INPUT agent:2023/11/22 12:07:03 build.go:404: 409:
11-22 12:05:35.553 4233 4233 I ImeTracker: org.qtproject.example.tst_qwidget:e9f02ad3: onFailed at PHASE_CLIENT_VIEW_SERVED agent:2023/11/22 12:07:03 build.go:404: 409:
11-22 12:05:35.557 4233 4233 I ImeTracker: org.qtproject.example.tst_qwidget:3efcee7f: onRequestHide at ORIGIN_CLIENT_HIDE_SOFT_INPUT reason HIDE_SOFT_INPUT agent:2023/11/22 12:07:03 build.go:404: 409:
11-22 12:05:35.557 4233 4233 I ImeTracker: org.qtproject.example.tst_qwidget:3efcee7f: onFailed at PHASE_CLIENT_VIEW_SERVED agent:2023/11/22 12:07:03 build.go:404: 409:
11-22 12:05:35.562 4233 4233 I ImeTracker: org.qtproject.example.tst_qwidget:9c054d5d: onRequestHide at ORIGIN_CLIENT_HIDE_SOFT_INPUT reason HIDE_SOFT_INPUT agent:2023/11/22 12:07:03 build.go:404: 409:
11-22 12:05:35.562 4233 4233 I ImeTracker: org.qtproject.example.tst_qwidget:9c054d5d: onFailed at PHASE_CLIENT_VIEW_SERVED agent:2023/11/22 12:07:03 build.go:404: 409:
11-22 12:05:35.566 4233 4233 I ImeTracker: org.qtproject.example.tst_qwidget:6b722997: onRequestHide at ORIGIN_CLIENT_HIDE_SOFT_INPUT reason HIDE_SOFT_INPUT agent:2023/11/22 12:07:03 build.go:404: 409:
11-22 12:05:35.566 4233 4233 I ImeTracker: org.qtproject.example.tst_qwidget:6b722997: onFailed at PHASE_CLIENT_VIEW_SERVED agent:2023/11/22 12:07:03 build.go:404: 409:
11-22 12:05:35.567 4233 4233 I ImeTracker: org.qtproject.example.tst_qwidget:bb95b956: onRequestHide at ORIGIN_CLIENT_HIDE_SOFT_INPUT reason HIDE_SOFT_INPUT agent:2023/11/22 12:07:03 build.go:404: 409:
11-22 12:05:35.567 4233 4233 I ImeTracker: org.qtproject.example.tst_qwidget:bb95b956: onFailed at PHASE_CLIENT_VIEW_SERVED agent:2023/11/22 12:07:03 build.go:404: 409:
11-22 12:05:35.572 4233 4233 I ImeTracker: org.qtproject.example.tst_qwidget:cd1ee426: onRequestHide at ORIGIN_CLIENT_HIDE_SOFT_INPUT reason HIDE_SOFT_INPUT agent:2023/11/22 12:07:03 build.go:404: 409:
11-22 12:05:35.572 4233 4233 I ImeTracker: org.qtproject.example.tst_qwidget:cd1ee426: onFailed at PHASE_CLIENT_VIEW_SERVED agent:2023/11/22 12:07:03 build.go:404: 409:
11-22 12:05:35.572 4233 4233 I ImeTracker: org.qtproject.example.tst_qwidget:f2ff1cee: onRequestHide at ORIGIN_CLIENT_HIDE_SOFT_INPUT reason HIDE_SOFT_INPUT agent:2023/11/22 12:07:03 build.go:404: 409:
11-22 12:05:35.572 4233 4233 I ImeTracker: org.qtproject.example.tst_qwidget:f2ff1cee: onFailed at PHASE_CLIENT_VIEW_SERVED agent:2023/11/22 12:07:03 build.go:404: 409:
11-22 12:05:35.579 4233 4233 I ImeTracker: org.qtproject.example.tst_qwidget:da02d82b: onRequestHide at ORIGIN_CLIENT_HIDE_SOFT_INPUT reason HIDE_SOFT_INPUT agent:2023/11/22 12:07:03 build.go:404: 409:
11-22 12:05:35.579 4233 4233 I ImeTracker: org.qtproject.example.tst_qwidget:da02d82b: onFailed at PHASE_CLIENT_VIEW_SERVED agent:2023/11/22 12:07:03 build.go:404: 409:
11-22 12:05:35.580 4233 4233 I ImeTracker: org.qtproject.example.tst_qwidget:b98fbfe4: onRequestHide at ORIGIN_CLIENT_HIDE_SOFT_INPUT reason HIDE_SOFT_INPUT agent:2023/11/22 12:07:03 build.go:404: 409:
11-22 12:05:35.581 4233 4233 I ImeTracker: org.qtproject.example.tst_qwidget:b98fbfe4: onFailed at PHASE_CLIENT_VIEW_SERVED agent:2023/11/22 12:07:03 build.go:404: 409:
11-22 12:05:35.590 4233 4233 I ImeTracker: org.qtproject.example.tst_qwidget:8d1e7ec9: onRequestHide at ORIGIN_CLIENT_HIDE_SOFT_INPUT reason HIDE_SOFT_INPUT agent:2023/11/22 12:07:03 build.go:404: 409:
11-22 12:05:35.590 4233 4233 I ImeTracker: org.qtproject.example.tst_qwidget:8d1e7ec9: onFailed at PHASE_CLIENT_VIEW_SERVED agent:2023/11/22 12:07:03 build.go:404: 409:
11-22 12:05:35.590 4233 4233 I ImeTracker: org.qtproject.example.tst_qwidget:a731da47: onRequestHide at ORIGIN_CLIENT_HIDE_SOFT_INPUT reason HIDE_SOFT_INPUT agent:2023/11/22 12:07:03 build.go:404: 409:
11-22 12:05:35.590 4233 4233 I ImeTracker: org.qtproject.example.tst_qwidget:a731da47: onFailed at PHASE_CLIENT_VIEW_SERVED agent:2023/11/22 12:07:03 build.go:404: 409:
11-22 12:05:35.597 4233 4233 I ImeTracker: org.qtproject.example.tst_qwidget:25c4cd99: onRequestHide at ORIGIN_CLIENT_HIDE_SOFT_INPUT reason HIDE_SOFT_INPUT agent:2023/11/22 12:07:03 build.go:404: 409:
11-22 12:05:35.597 4233 4233 I ImeTracker: org.qtproject.example.tst_qwidget:25c4cd99: onFailed at PHASE_CLIENT_VIEW_SERVED agent:2023/11/22 12:07:03 build.go:404: 409:
11-22 12:05:35.599 4233 4233 I ImeTracker: org.qtproject.example.tst_qwidget:7319a1e5: onRequestHide at ORIGIN_CLIENT_HIDE_SOFT_INPUT reason HIDE_SOFT_INPUT agent:2023/11/22 12:07:03 build.go:404: 409:
11-22 12:05:35.599 4233 4233 I ImeTracker: org.qtproject.example.tst_qwidget:7319a1e5: onFailed at PHASE_CLIENT_VIEW_SERVED agent:2023/11/22 12:07:03 build.go:404: 409:
11-22 12:05:35.607 4233 4233 I ImeTracker: org.qtproject.example.tst_qwidget:b142b706: onRequestHide at ORIGIN_CLIENT_HIDE_SOFT_INPUT reason HIDE_SOFT_INPUT agent:2023/11/22 12:07:03 build.go:404: 409:
11-22 12:05:35.607 4233 4233 I ImeTracker: org.qtproject.example.tst_qwidget:b142b706: onFailed at PHASE_CLIENT_VIEW_SERVED agent:2023/11/22 12:07:03 build.go:404: 409:
11-22 12:05:35.608 4233 4233 I ImeTracker: org.qtproject.example.tst_qwidget:fa58bd8e: onRequestHide at ORIGIN_CLIENT_HIDE_SOFT_INPUT reason HIDE_SOFT_INPUT agent:2023/11/22 12:07:03 build.go:404: 409:
11-22 12:05:35.608 4233 4233 I ImeTracker: org.qtproject.example.tst_qwidget:fa58bd8e: onFailed at PHASE_CLIENT_VIEW_SERVED agent:2023/11/22 12:07:03 build.go:404: 409:
11-22 12:05:35.609 4233 4233 I ImeTracker: org.qtproject.example.tst_qwidget:dbf3ea68: onRequestHide at ORIGIN_CLIENT_HIDE_SOFT_INPUT reason HIDE_SOFT_INPUT agent:2023/11/22 12:07:03 build.go:404: 409:
11-22 12:05:35.609 4233 4233 I ImeTracker: org.qtproject.example.tst_qwidget:dbf3ea68: onFailed at PHASE_CLIENT_VIEW_SERVED agent:2023/11/22 12:07:03 build.go:404: 409:
11-22 12:05:35.613 4233 4233 I ImeTracker: org.qtproject.example.tst_qwidget:1969ae9d: onRequestHide at ORIGIN_CLIENT_HIDE_SOFT_INPUT reason HIDE_SOFT_INPUT agent:2023/11/22 12:07:03 build.go:404: 409:
11-22 12:05:35.613 4233 4233 I ImeTracker: org.qtproject.example.tst_qwidget:1969ae9d: onFailed at PHASE_CLIENT_VIEW_SERVED agent:2023/11/22 12:07:03 build.go:404: 409:
11-22 12:05:35.615 4233 4233 I ImeTracker: org.qtproject.example.tst_qwidget:dff31095: onRequestHide at ORIGIN_CLIENT_HIDE_SOFT_INPUT reason HIDE_SOFT_INPUT agent:2023/11/22 12:07:03 build.go:404: 409:
11-22 12:05:35.615 4233 4233 I ImeTracker: org.qtproject.example.tst_qwidget:dff31095: onFailed at PHASE_CLIENT_VIEW_SERVED agent:2023/11/22 12:07:03 build.go:404: 409:
11-22 12:05:35.616 4233 4233 I ImeTracker: org.qtproject.example.tst_qwidget:961fe0e: onRequestHide at ORIGIN_CLIENT_HIDE_SOFT_INPUT reason HIDE_SOFT_INPUT agent:2023/11/22 12:07:03 build.go:404: 409:
11-22 12:05:35.616 4233 4233 I ImeTracker: org.qtproject.example.tst_qwidget:961fe0e: onFailed at PHASE_CLIENT_VIEW_SERVED agent:2023/11/22 12:07:03 build.go:404: 409:
11-22 12:05:35.618 4233 4233 I ImeTracker: org.qtproject.example.tst_qwidget:bd04b9eb: onRequestHide at ORIGIN_CLIENT_HIDE_SOFT_INPUT reason HIDE_SOFT_INPUT agent:2023/11/22 12:07:03 build.go:404: 409:
11-22 12:05:35.618 4233 4233 I ImeTracker: org.qtproject.example.tst_qwidget:bd04b9eb: onFailed at PHASE_CLIENT_VIEW_SERVED agent:2023/11/22 12:07:03 build.go:404: 409:
11-22 12:05:35.618 4233 4233 I ImeTracker: org.qtproject.example.tst_qwidget:a5357001: onRequestHide at ORIGIN_CLIENT_HIDE_SOFT_INPUT reason HIDE_SOFT_INPUT agent:2023/11/22 12:07:03 build.go:404: 409:
11-22 12:05:35.618 4233 4233 I ImeTracker: org.qtproject.example.tst_qwidget:a5357001: onFailed at PHASE_CLIENT_VIEW_SERVED agent:2023/11/22 12:07:03 build.go:404: 409:
11-22 12:05:35.621 4233 4233 I ImeTracker: org.qtproject.example.tst_qwidget:b1bdff27: onRequestHide at ORIGIN_CLIENT_HIDE_SOFT_INPUT reason HIDE_SOFT_INPUT agent:2023/11/22 12:07:03 build.go:404: 409:
11-22 12:05:35.621 4233 4233 I ImeTracker: org.qtproject.example.tst_qwidget:b1bdff27: onFailed at PHASE_CLIENT_VIEW_SERVED agent:2023/11/22 12:07:03 build.go:404: 409:
11-22 12:05:35.625 4233 4233 I ImeTracker: org.qtproject.example.tst_qwidget:691a554e: onRequestHide at ORIGIN_CLIENT_HIDE_SOFT_INPUT reason HIDE_SOFT_INPUT agent:2023/11/22 12:07:03 build.go:404: 409:
11-22 12:05:35.625 4233 4233 I ImeTracker: org.qtproject.example.tst_qwidget:691a554e: onFailed at PHASE_CLIENT_VIEW_SERVED agent:2023/11/22 12:07:03 build.go:404: 409:
11-22 12:05:35.629 4233 4233 I ImeTracker: org.qtproject.example.tst_qwidget:116943c: onRequestHide at ORIGIN_CLIENT_HIDE_SOFT_INPUT reason HIDE_SOFT_INPUT agent:2023/11/22 12:07:03 build.go:404: 409:
11-22 12:05:35.629 4233 4233 I ImeTracker: org.qtproject.example.tst_qwidget:116943c: onFailed at PHASE_CLIENT_VIEW_SERVED agent:2023/11/22 12:07:03 build.go:404: 409:
11-22 12:05:35.634 4233 4233 I ImeTracker: org.qtproject.example.tst_qwidget:f6e650a0: onRequestHide at ORIGIN_CLIENT_HIDE_SOFT_INPUT reason HIDE_SOFT_INPUT agent:2023/11/22 12:07:03 build.go:404: 409:
11-22 12:05:35.634 4233 4233 I ImeTracker: org.qtproject.example.tst_qwidget:f6e650a0: onFailed at PHASE_CLIENT_VIEW_SERVED agent:2023/11/22 12:07:03 build.go:404: 409:
11-22 12:05:35.637 4233 4233 I ImeTracker: org.qtproject.example.tst_qwidget:2f69b6fe: onRequestHide at ORIGIN_CLIENT_HIDE_SOFT_INPUT reason HIDE_SOFT_INPUT agent:2023/11/22 12:07:03 build.go:404: 409:
11-22 12:05:35.637 4233 4233 I ImeTracker: org.qtproject.example.tst_qwidget:2f69b6fe: onFailed at PHASE_CLIENT_VIEW_SERVED agent:2023/11/22 12:07:03 build.go:404: 409:
11-22 12:05:35.638 4233 4233 I ImeTracker: org.qtproject.example.tst_qwidget:bbefead7: onRequestHide at ORIGIN_CLIENT_HIDE_SOFT_INPUT reason HIDE_SOFT_INPUT agent:2023/11/22 12:07:03 build.go:404: 409:
11-22 12:05:35.638 4233 4233 I ImeTracker: org.qtproject.example.tst_qwidget:bbefead7: onFailed at PHASE_CLIENT_VIEW_SERVED agent:2023/11/22 12:07:03 build.go:404: 409:
11-22 12:05:35.642 4233 4233 I ImeTracker: org.qtproject.example.tst_qwidget:1b9b75a: onRequestHide at ORIGIN_CLIENT_HIDE_SOFT_INPUT reason HIDE_SOFT_INPUT agent:2023/11/22 12:07:03 build.go:404: 409:
11-22 12:05:35.643 4233 4233 I ImeTracker: org.qtproject.example.tst_qwidget:1b9b75a: onFailed at PHASE_CLIENT_VIEW_SERVED agent:2023/11/22 12:07:03 build.go:404: 409:
11-22 12:05:35.643 4233 4233 I ImeTracker: org.qtproject.example.tst_qwidget:46326727: onRequestHide at ORIGIN_CLIENT_HIDE_SOFT_INPUT reason HIDE_SOFT_INPUT agent:2023/11/22 12:07:03 build.go:404: 409:
11-22 12:05:35.643 4233 4233 I ImeTracker: org.qtproject.example.tst_qwidget:46326727: onFailed at PHASE_CLIENT_VIEW_SERVED agent:2023/11/22 12:07:03 build.go:404: 409:
11-22 12:05:35.652 4233 4233 I ImeTracker: org.qtproject.example.tst_qwidget:d5f06ea2: onRequestHide at ORIGIN_CLIENT_HIDE_SOFT_INPUT reason HIDE_SOFT_INPUT agent:2023/11/22 12:07:03 build.go:404: 409:
11-22 12:05:35.652 4233 4233 I ImeTracker: org.qtproject.example.tst_qwidget:d5f06ea2: onFailed at PHASE_CLIENT_VIEW_SERVED agent:2023/11/22 12:07:03 build.go:404: 409:
11-22 12:05:35.653 4233 4233 I ImeTracker: org.qtproject.example.tst_qwidget:9f070aeb: onRequestHide at ORIGIN_CLIENT_HIDE_SOFT_INPUT reason HIDE_SOFT_INPUT agent:2023/11/22 12:07:03 build.go:404: 409:
11-22 12:05:35.653 4233 4233 I ImeTracker: org.qtproject.example.tst_qwidget:9f070aeb: onFailed at PHASE_CLIENT_VIEW_SERVED agent:2023/11/22 12:07:03 build.go:404: 409:
11-22 12:05:35.658 4233 4233 I ImeTracker: org.qtproject.example.tst_qwidget:94cc0156: onRequestHide at ORIGIN_CLIENT_HIDE_SOFT_INPUT reason HIDE_SOFT_INPUT agent:2023/11/22 12:07:03 build.go:404: 409:
11-22 12:05:35.658 4233 4233 I ImeTracker: org.qtproject.example.tst_qwidget:94cc0156: onFailed at PHASE_CLIENT_VIEW_SERVED agent:2023/11/22 12:07:03 build.go:404: 409:
11-22 12:05:35.663 4233 4233 I ImeTracker: org.qtproject.example.tst_qwidget:645b9a50: onRequestHide at ORIGIN_CLIENT_HIDE_SOFT_INPUT reason HIDE_SOFT_INPUT agent:2023/11/22 12:07:03 build.go:404: 409:
11-22 12:05:35.663 4233 4233 I ImeTracker: org.qtproject.example.tst_qwidget:645b9a50: onFailed at PHASE_CLIENT_VIEW_SERVED agent:2023/11/22 12:07:03 build.go:404: 409:
11-22 12:05:35.664 4233 4233 I ImeTracker: org.qtproject.example.tst_qwidget:6e2d069f: onRequestHide at ORIGIN_CLIENT_HIDE_SOFT_INPUT reason HIDE_SOFT_INPUT agent:2023/11/22 12:07:03 build.go:404: 409:
11-22 12:05:35.664 4233 4233 I ImeTracker: org.qtproject.example.tst_qwidget:6e2d069f: onFailed at PHASE_CLIENT_VIEW_SERVED agent:2023/11/22 12:07:03 build.go:404: 409:
11-22 12:05:35.673 4233 4233 I ImeTracker: org.qtproject.example.tst_qwidget:8ac7d7d5: onRequestHide at ORIGIN_CLIENT_HIDE_SOFT_INPUT reason HIDE_SOFT_INPUT agent:2023/11/22 12:07:03 build.go:404: 409:
11-22 12:05:35.674 4233 4233 I ImeTracker: org.qtproject.example.tst_qwidget:8ac7d7d5: onFailed at PHASE_CLIENT_VIEW_SERVED agent:2023/11/22 12:07:03 build.go:404: 409:
11-22 12:05:35.674 4233 4233 I ImeTracker: org.qtproject.example.tst_qwidget:cc4dd2d2: onRequestHide at ORIGIN_CLIENT_HIDE_SOFT_INPUT reason HIDE_SOFT_INPUT agent:2023/11/22 12:07:03 build.go:404: 409:
11-22 12:05:35.674 4233 4233 I ImeTracker: org.qtproject.example.tst_qwidget:cc4dd2d2: onFailed at PHASE_CLIENT_VIEW_SERVED agent:2023/11/22 12:07:03 build.go:404: 409:
11-22 12:05:35.678 4233 4233 I ImeTracker: org.qtproject.example.tst_qwidget:b82e2e5a: onRequestHide at ORIGIN_CLIENT_HIDE_SOFT_INPUT reason HIDE_SOFT_INPUT agent:2023/11/22 12:07:03 build.go:404: 409:
11-22 12:05:35.678 4233 4233 I ImeTracker: org.qtproject.example.tst_qwidget:b82e2e5a: onFailed at PHASE_CLIENT_VIEW_SERVED agent:2023/11/22 12:07:03 build.go:404: 409:
11-22 12:05:35.679 4233 4233 I ImeTracker: org.qtproject.example.tst_qwidget:d514a798: onRequestHide at ORIGIN_CLIENT_HIDE_SOFT_INPUT reason HIDE_SOFT_INPUT agent:2023/11/22 12:07:03 build.go:404: 409:
11-22 12:05:35.679 4233 4233 I ImeTracker: org.qtproject.example.tst_qwidget:d514a798: onFailed at PHASE_CLIENT_VIEW_SERVED agent:2023/11/22 12:07:03 build.go:404: 409:
11-22 12:05:35.680 4233 4233 I ImeTracker: org.qtproject.example.tst_qwidget:9acc62d0: onRequestHide at ORIGIN_CLIENT_HIDE_SOFT_INPUT reason HIDE_SOFT_INPUT agent:2023/11/22 12:07:03 build.go:404: 409:
11-22 12:05:35.680 4233 4233 I ImeTracker: org.qtproject.example.tst_qwidget:9acc62d0: onFailed at PHASE_CLIENT_VIEW_SERVED agent:2023/11/22 12:07:03 build.go:404: 409:
11-22 12:05:35.681 4233 4233 I ImeTracker: org.qtproject.example.tst_qwidget:fa3bb809: onRequestHide at ORIGIN_CLIENT_HIDE_SOFT_INPUT reason HIDE_SOFT_INPUT agent:2023/11/22 12:07:03 build.go:404: 409:
11-22 12:05:35.681 4233 4233 I ImeTracker: org.qtproject.example.tst_qwidget:fa3bb809: onFailed at PHASE_CLIENT_VIEW_SERVED agent:2023/11/22 12:07:03 build.go:404: 409:
11-22 12:05:35.682 4233 4233 I ImeTracker: org.qtproject.example.tst_qwidget:caf20378: onRequestHide at ORIGIN_CLIENT_HIDE_SOFT_INPUT reason HIDE_SOFT_INPUT agent:2023/11/22 12:07:03 build.go:404: 409:
11-22 12:05:35.682 4233 4233 I ImeTracker: org.qtproject.example.tst_qwidget:caf20378: onFailed at PHASE_CLIENT_VIEW_SERVED agent:2023/11/22 12:07:03 build.go:404: 409:
11-22 12:05:35.683 4233 4233 I ImeTracker: org.qtproject.example.tst_qwidget:29875aa6: onRequestHide at ORIGIN_CLIENT_HIDE_SOFT_INPUT reason HIDE_SOFT_INPUT agent:2023/11/22 12:07:03 build.go:404: 409:
11-22 12:05:35.683 4233 4233 I ImeTracker: org.qtproject.example.tst_qwidget:29875aa6: onFailed at PHASE_CLIENT_VIEW_SERVED agent:2023/11/22 12:07:03 build.go:404: 409:
11-22 12:05:35.684 4233 4233 I ImeTracker: org.qtproject.example.tst_qwidget:aea0eb09: onRequestHide at ORIGIN_CLIENT_HIDE_SOFT_INPUT reason HIDE_SOFT_INPUT agent:2023/11/22 12:07:03 build.go:404: 409:
11-22 12:05:35.684 4233 4233 I ImeTracker: org.qtproject.example.tst_qwidget:aea0eb09: onFailed at PHASE_CLIENT_VIEW_SERVED agent:2023/11/22 12:07:03 build.go:404: 409:
11-22 12:05:35.685 4233 4233 I ImeTracker: org.qtproject.example.tst_qwidget:bdb84e7e: onRequestHide at ORIGIN_CLIENT_HIDE_SOFT_INPUT reason HIDE_SOFT_INPUT agent:2023/11/22 12:07:03 build.go:404: 409:
11-22 12:05:35.686 4233 4233 I ImeTracker: org.qtproject.example.tst_qwidget:bdb84e7e: onFailed at PHASE_CLIENT_VIEW_SERVED agent:2023/11/22 12:07:03 build.go:404: 409:
11-22 12:05:36.244 4233 4254 D EGL_emulation: app_time_stats: avg=374.62ms min=52.66ms max=590.21ms count=3 agent:2023/11/22 12:07:03 build.go:404: 409:
11-22 12:05:37.225 4233 4257 I QTestLib: PASS : tst_QWidget::windowState() agent:2023/11/22 12:07:03 build.go:404: 409:
11-22 12:05:37.226 4233 4257 I QTestLib: SKIP : tst_QWidget::resizePropagation() resizePropagation test is designed for XCB only agent:2023/11/22 12:07:03 build.go:404: 409:
11-22 12:05:37.226 4233 4257 I QTestLib: Loc: [/home/qt/work/qt/qtbase/tests/auto/widgets/kernel/qwidget/tst_qwidget.cpp(3030)] agent:2023/11/22 12:07:03 build.go:404: 409:
11-22 12:05:37.228 4233 4257 I QTestLib: XFAIL : tst_QWidget::showMaximized() QTBUG-22326 agent:2023/11/22 12:07:03 build.go:404: 409:
11-22 12:05:37.228 4233 4257 I QTestLib: Loc: [/home/qt/work/qt/qtbase/tests/auto/widgets/kernel/qwidget/tst_qwidget.cpp(3164)] agent:2023/11/22 12:07:03 build.go:404: 409:
11-22 12:05:37.231 4233 4257 I QTestLib: PASS : tst_QWidget::showMaximized() agent:2023/11/22 12:07:03 build.go:404: 409:
11-22 12:05:37.234 4233 4257 I QTestLib: XFAIL : tst_QWidget::showFullScreen() QTBUG-22326 agent:2023/11/22 12:07:03 build.go:404: 409:
11-22 12:05:37.234 4233 4257 I QTestLib: Loc: [/home/qt/work/qt/qtbase/tests/auto/widgets/kernel/qwidget/tst_qwidget.cpp(3252)] agent:2023/11/22 12:07:03 build.go:404: 409:
11-22 12:05:37.236 4233 4257 I QTestLib: PASS : tst_QWidget::showFullScreen() agent:2023/11/22 12:07:03 build.go:404: 409:
11-22 12:05:37.238 4233 4257 I QTestLib: PASS : tst_QWidget::showMinimized() agent:2023/11/22 12:07:03 build.go:404: 409:
11-22 12:05:37.240 4233 4233 I ImeTracker: org.qtproject.example.tst_qwidget:bbbcbb62: onRequestHide at ORIGIN_CLIENT_HIDE_SOFT_INPUT reason HIDE_SOFT_INPUT agent:2023/11/22 12:07:03 build.go:404: 409:
11-22 12:05:37.240 4233 4233 I ImeTracker: org.qtproject.example.tst_qwidget:bbbcbb62: onFailed at PHASE_CLIENT_VIEW_SERVED agent:2023/11/22 12:07:03 build.go:404: 409:
11-22 12:05:37.240 4233 4233 I ImeTracker: org.qtproject.example.tst_qwidget:10ddbbb4: onRequestHide at ORIGIN_CLIENT_HIDE_SOFT_INPUT reason HIDE_SOFT_INPUT agent:2023/11/22 12:07:03 build.go:404: 409:
11-22 12:05:37.241 4233 4233 I ImeTracker: org.qtproject.example.tst_qwidget:10ddbbb4: onFailed at PHASE_CLIENT_VIEW_SERVED agent:2023/11/22 12:07:03 build.go:404: 409:
11-22 12:05:37.245 4233 4233 I ImeTracker: org.qtproject.example.tst_qwidget:69764769: onRequestHide at ORIGIN_CLIENT_HIDE_SOFT_INPUT reason HIDE_SOFT_INPUT agent:2023/11/22 12:07:03 build.go:404: 409:
11-22 12:05:37.245 4233 4233 I ImeTracker: org.qtproject.example.tst_qwidget:69764769: onFailed at PHASE_CLIENT_VIEW_SERVED agent:2023/11/22 12:07:03 build.go:404: 409:
11-22 12:05:37.246 4233 4233 I ImeTracker: org.qtproject.example.tst_qwidget:9f6d9703: onRequestHide at ORIGIN_CLIENT_HIDE_SOFT_INPUT reason HIDE_SOFT_INPUT agent:2023/11/22 12:07:03 build.go:404: 409:
11-22 12:05:37.246 4233 4233 I ImeTracker: org.qtproject.example.tst_qwidget:9f6d9703: onFailed at PHASE_CLIENT_VIEW_SERVED agent:2023/11/22 12:07:03 build.go:404: 409:
11-22 12:05:37.256 4233 4233 I ImeTracker: org.qtproject.example.tst_qwidget:31b2a6a: onRequestHide at ORIGIN_CLIENT_HIDE_SOFT_INPUT reason HIDE_SOFT_INPUT agent:2023/11/22 12:07:03 build.go:404: 409:
11-22 12:05:37.256 4233 4233 I ImeTracker: org.qtproject.example.tst_qwidget:31b2a6a: onFailed at PHASE_CLIENT_VIEW_SERVED agent:2023/11/22 12:07:03 build.go:404: 409:
11-22 12:05:37.257 4233 4233 I ImeTracker: org.qtproject.example.tst_qwidget:4ab28c50: onRequestHide at ORIGIN_CLIENT_HIDE_SOFT_INPUT reason HIDE_SOFT_INPUT agent:2023/11/22 12:07:03 build.go:404: 409:
11-22 12:05:37.257 4233 4233 I ImeTracker: org.qtproject.example.tst_qwidget:4ab28c50: onFailed at PHASE_CLIENT_VIEW_SERVED agent:2023/11/22 12:07:03 build.go:404: 409:
11-22 12:05:37.257 4233 4254 D EGL_emulation: app_time_stats: avg=38.73ms min=1.32ms max=273.55ms count=21 agent:2023/11/22 12:07:03 build.go:404: 409:
11-22 12:05:37.259 4233 4233 I ImeTracker: org.qtproject.example.tst_qwidget:4f1e839f: onRequestHide at ORIGIN_CLIENT_HIDE_SOFT_INPUT reason HIDE_SOFT_INPUT agent:2023/11/22 12:07:03 build.go:404: 409:
11-22 12:05:37.259 4233 4233 I ImeTracker: org.qtproject.example.tst_qwidget:4f1e839f: onFailed at PHASE_CLIENT_VIEW_SERVED agent:2023/11/22 12:07:03 build.go:404: 409:
11-22 12:05:37.260 4233 4233 I ImeTracker: org.qtproject.example.tst_qwidget:2ece4bad: onRequestHide at ORIGIN_CLIENT_HIDE_SOFT_INPUT reason HIDE_SOFT_INPUT agent:2023/11/22 12:07:03 build.go:404: 409:
11-22 12:05:37.260 4233 4233 I ImeTracker: org.qtproject.example.tst_qwidget:2ece4bad: onFailed at PHASE_CLIENT_VIEW_SERVED agent:2023/11/22 12:07:03 build.go:404: 409:
11-22 12:05:37.261 4233 4233 I ImeTracker: org.qtproject.example.tst_qwidget:c7b487f0: onRequestHide at ORIGIN_CLIENT_HIDE_SOFT_INPUT reason HIDE_SOFT_INPUT agent:2023/11/22 12:07:03 build.go:404: 409:
