11-22 12:05:37.261 4233 4233 I ImeTracker: org.qtproject.example.tst_qwidget:c7b487f0: onFailed at PHASE_CLIENT_VIEW_SERVED agent:2023/11/22 12:07:03 build.go:404: 409:
11-22 12:05:37.262 4233 4233 I ImeTracker: org.qtproject.example.tst_qwidget:62934cc8: onRequestHide at ORIGIN_CLIENT_HIDE_SOFT_INPUT reason HIDE_SOFT_INPUT agent:2023/11/22 12:07:03 build.go:404: 409:
11-22 12:05:37.262 4233 4233 I ImeTracker: org.qtproject.example.tst_qwidget:62934cc8: onFailed at PHASE_CLIENT_VIEW_SERVED agent:2023/11/22 12:07:03 build.go:404: 409:
11-22 12:05:37.264 4233 4233 I ImeTracker: org.qtproject.example.tst_qwidget:2df17ba5: onRequestHide at ORIGIN_CLIENT_HIDE_SOFT_INPUT reason HIDE_SOFT_INPUT agent:2023/11/22 12:07:03 build.go:404: 409:
11-22 12:05:37.264 4233 4233 I ImeTracker: org.qtproject.example.tst_qwidget:2df17ba5: onFailed at PHASE_CLIENT_VIEW_SERVED agent:2023/11/22 12:07:03 build.go:404: 409:
11-22 12:05:37.268 4233 4233 I ImeTracker: org.qtproject.example.tst_qwidget:9cb3b813: onRequestHide at ORIGIN_CLIENT_HIDE_SOFT_INPUT reason HIDE_SOFT_INPUT agent:2023/11/22 12:07:03 build.go:404: 409:
11-22 12:05:37.268 4233 4233 I ImeTracker: org.qtproject.example.tst_qwidget:9cb3b813: onFailed at PHASE_CLIENT_VIEW_SERVED agent:2023/11/22 12:07:03 build.go:404: 409:
11-22 12:05:37.269 4233 4233 I ImeTracker: org.qtproject.example.tst_qwidget:e405d43d: onRequestHide at ORIGIN_CLIENT_HIDE_SOFT_INPUT reason HIDE_SOFT_INPUT agent:2023/11/22 12:07:03 build.go:404: 409:
11-22 12:05:37.269 4233 4233 I ImeTracker: org.qtproject.example.tst_qwidget:e405d43d: onFailed at PHASE_CLIENT_VIEW_SERVED agent:2023/11/22 12:07:03 build.go:404: 409:
11-22 12:05:37.272 4233 4233 I ImeTracker: org.qtproject.example.tst_qwidget:3b881013: onRequestHide at ORIGIN_CLIENT_HIDE_SOFT_INPUT reason HIDE_SOFT_INPUT agent:2023/11/22 12:07:03 build.go:404: 409:
11-22 12:05:37.272 4233 4233 I ImeTracker: org.qtproject.example.tst_qwidget:3b881013: onFailed at PHASE_CLIENT_VIEW_SERVED agent:2023/11/22 12:07:03 build.go:404: 409:
11-22 12:05:37.273 4233 4233 I ImeTracker: org.qtproject.example.tst_qwidget:ead98a8a: onRequestHide at ORIGIN_CLIENT_HIDE_SOFT_INPUT reason HIDE_SOFT_INPUT agent:2023/11/22 12:07:03 build.go:404: 409:
11-22 12:05:37.273 4233 4233 I ImeTracker: org.qtproject.example.tst_qwidget:ead98a8a: onFailed at PHASE_CLIENT_VIEW_SERVED agent:2023/11/22 12:07:03 build.go:404: 409:
11-22 12:05:37.274 4233 4233 I ImeTracker: org.qtproject.example.tst_qwidget:12e88cc4: onRequestHide at ORIGIN_CLIENT_HIDE_SOFT_INPUT reason HIDE_SOFT_INPUT agent:2023/11/22 12:07:03 build.go:404: 409:
11-22 12:05:37.274 4233 4233 I ImeTracker: org.qtproject.example.tst_qwidget:12e88cc4: onFailed at PHASE_CLIENT_VIEW_SERVED agent:2023/11/22 12:07:03 build.go:404: 409:
11-22 12:05:37.274 4233 4233 I ImeTracker: org.qtproject.example.tst_qwidget:bfd0f499: onRequestHide at ORIGIN_CLIENT_HIDE_SOFT_INPUT reason HIDE_SOFT_INPUT agent:2023/11/22 12:07:03 build.go:404: 409:
11-22 12:05:37.275 4233 4233 I ImeTracker: org.qtproject.example.tst_qwidget:bfd0f499: onFailed at PHASE_CLIENT_VIEW_SERVED agent:2023/11/22 12:07:03 build.go:404: 409:
11-22 12:05:37.275 4233 4233 I ImeTracker: org.qtproject.example.tst_qwidget:81713ee2: onRequestHide at ORIGIN_CLIENT_HIDE_SOFT_INPUT reason HIDE_SOFT_INPUT agent:2023/11/22 12:07:03 build.go:404: 409:
11-22 12:05:37.275 4233 4233 I ImeTracker: org.qtproject.example.tst_qwidget:81713ee2: onFailed at PHASE_CLIENT_VIEW_SERVED agent:2023/11/22 12:07:03 build.go:404: 409:
11-22 12:05:37.276 4233 4233 I ImeTracker: org.qtproject.example.tst_qwidget:36805306: onRequestHide at ORIGIN_CLIENT_HIDE_SOFT_INPUT reason HIDE_SOFT_INPUT agent:2023/11/22 12:07:03 build.go:404: 409:
11-22 12:05:37.276 4233 4233 I ImeTracker: org.qtproject.example.tst_qwidget:36805306: onFailed at PHASE_CLIENT_VIEW_SERVED agent:2023/11/22 12:07:03 build.go:404: 409:
11-22 12:05:37.276 4233 4233 I ImeTracker: org.qtproject.example.tst_qwidget:3418fb81: onRequestHide at ORIGIN_CLIENT_HIDE_SOFT_INPUT reason HIDE_SOFT_INPUT agent:2023/11/22 12:07:03 build.go:404: 409:
11-22 12:05:37.277 4233 4233 I ImeTracker: org.qtproject.example.tst_qwidget:3418fb81: onFailed at PHASE_CLIENT_VIEW_SERVED agent:2023/11/22 12:07:03 build.go:404: 409:
11-22 12:05:37.279 4233 4233 I ImeTracker: org.qtproject.example.tst_qwidget:d3ed895: onRequestHide at ORIGIN_CLIENT_HIDE_SOFT_INPUT reason HIDE_SOFT_INPUT agent:2023/11/22 12:07:03 build.go:404: 409:
11-22 12:05:37.279 4233 4233 I ImeTracker: org.qtproject.example.tst_qwidget:d3ed895: onFailed at PHASE_CLIENT_VIEW_SERVED agent:2023/11/22 12:07:03 build.go:404: 409:
11-22 12:05:37.280 4233 4233 I ImeTracker: org.qtproject.example.tst_qwidget:382dbb25: onRequestHide at ORIGIN_CLIENT_HIDE_SOFT_INPUT reason HIDE_SOFT_INPUT agent:2023/11/22 12:07:03 build.go:404: 409:
11-22 12:05:37.280 4233 4233 I ImeTracker: org.qtproject.example.tst_qwidget:382dbb25: onFailed at PHASE_CLIENT_VIEW_SERVED agent:2023/11/22 12:07:03 build.go:404: 409:
11-22 12:05:37.282 4233 4233 I ImeTracker: org.qtproject.example.tst_qwidget:bb8a7771: onRequestHide at ORIGIN_CLIENT_HIDE_SOFT_INPUT reason HIDE_SOFT_INPUT agent:2023/11/22 12:07:03 build.go:404: 409:
11-22 12:05:37.282 4233 4233 I ImeTracker: org.qtproject.example.tst_qwidget:bb8a7771: onFailed at PHASE_CLIENT_VIEW_SERVED agent:2023/11/22 12:07:03 build.go:404: 409:
11-22 12:05:37.286 4233 4233 I ImeTracker: org.qtproject.example.tst_qwidget:c22f3ebb: onRequestHide at ORIGIN_CLIENT_HIDE_SOFT_INPUT reason HIDE_SOFT_INPUT agent:2023/11/22 12:07:03 build.go:404: 409:
11-22 12:05:37.286 4233 4233 I ImeTracker: org.qtproject.example.tst_qwidget:c22f3ebb: onFailed at PHASE_CLIENT_VIEW_SERVED agent:2023/11/22 12:07:03 build.go:404: 409:
11-22 12:05:37.287 4233 4233 I ImeTracker: org.qtproject.example.tst_qwidget:419d1e9b: onRequestHide at ORIGIN_CLIENT_HIDE_SOFT_INPUT reason HIDE_SOFT_INPUT agent:2023/11/22 12:07:03 build.go:404: 409:
11-22 12:05:37.287 4233 4233 I ImeTracker: org.qtproject.example.tst_qwidget:419d1e9b: onFailed at PHASE_CLIENT_VIEW_SERVED agent:2023/11/22 12:07:03 build.go:404: 409:
11-22 12:05:37.288 4233 4233 I ImeTracker: org.qtproject.example.tst_qwidget:f9650617: onRequestHide at ORIGIN_CLIENT_HIDE_SOFT_INPUT reason HIDE_SOFT_INPUT agent:2023/11/22 12:07:03 build.go:404: 409:
11-22 12:05:37.288 4233 4233 I ImeTracker: org.qtproject.example.tst_qwidget:f9650617: onFailed at PHASE_CLIENT_VIEW_SERVED agent:2023/11/22 12:07:03 build.go:404: 409:
11-22 12:05:37.289 4233 4233 I ImeTracker: org.qtproject.example.tst_qwidget:5dea4317: onRequestHide at ORIGIN_CLIENT_HIDE_SOFT_INPUT reason HIDE_SOFT_INPUT agent:2023/11/22 12:07:03 build.go:404: 409:
11-22 12:05:37.290 4233 4233 I ImeTracker: org.qtproject.example.tst_qwidget:5dea4317: onFailed at PHASE_CLIENT_VIEW_SERVED agent:2023/11/22 12:07:03 build.go:404: 409:
11-22 12:05:37.291 4233 4233 I ImeTracker: org.qtproject.example.tst_qwidget:29f31cba: onRequestHide at ORIGIN_CLIENT_HIDE_SOFT_INPUT reason HIDE_SOFT_INPUT agent:2023/11/22 12:07:03 build.go:404: 409:
11-22 12:05:37.291 4233 4233 I ImeTracker: org.qtproject.example.tst_qwidget:29f31cba: onFailed at PHASE_CLIENT_VIEW_SERVED agent:2023/11/22 12:07:03 build.go:404: 409:
11-22 12:05:37.291 4233 4233 I ImeTracker: org.qtproject.example.tst_qwidget:c6d8b1eb: onRequestHide at ORIGIN_CLIENT_HIDE_SOFT_INPUT reason HIDE_SOFT_INPUT agent:2023/11/22 12:07:03 build.go:404: 409:
11-22 12:05:37.291 4233 4233 I ImeTracker: org.qtproject.example.tst_qwidget:c6d8b1eb: onFailed at PHASE_CLIENT_VIEW_SERVED agent:2023/11/22 12:07:03 build.go:404: 409:
11-22 12:05:37.293 4233 4233 I ImeTracker: org.qtproject.example.tst_qwidget:ec02420d: onRequestHide at ORIGIN_CLIENT_HIDE_SOFT_INPUT reason HIDE_SOFT_INPUT agent:2023/11/22 12:07:03 build.go:404: 409:
11-22 12:05:37.293 4233 4233 I ImeTracker: org.qtproject.example.tst_qwidget:ec02420d: onFailed at PHASE_CLIENT_VIEW_SERVED agent:2023/11/22 12:07:03 build.go:404: 409:
11-22 12:05:37.294 4233 4233 I ImeTracker: org.qtproject.example.tst_qwidget:e4c84ea3: onRequestHide at ORIGIN_CLIENT_HIDE_SOFT_INPUT reason HIDE_SOFT_INPUT agent:2023/11/22 12:07:03 build.go:404: 409:
11-22 12:05:37.294 4233 4233 I ImeTracker: org.qtproject.example.tst_qwidget:e4c84ea3: onFailed at PHASE_CLIENT_VIEW_SERVED agent:2023/11/22 12:07:03 build.go:404: 409:
11-22 12:05:37.294 4233 4233 I ImeTracker: org.qtproject.example.tst_qwidget:32f11b80: onRequestHide at ORIGIN_CLIENT_HIDE_SOFT_INPUT reason HIDE_SOFT_INPUT agent:2023/11/22 12:07:03 build.go:404: 409:
11-22 12:05:37.294 4233 4233 I ImeTracker: org.qtproject.example.tst_qwidget:32f11b80: onFailed at PHASE_CLIENT_VIEW_SERVED agent:2023/11/22 12:07:03 build.go:404: 409:
11-22 12:05:37.296 4233 4233 I ImeTracker: org.qtproject.example.tst_qwidget:612c04ab: onRequestHide at ORIGIN_CLIENT_HIDE_SOFT_INPUT reason HIDE_SOFT_INPUT agent:2023/11/22 12:07:03 build.go:404: 409:
11-22 12:05:37.297 4233 4233 I ImeTracker: org.qtproject.example.tst_qwidget:612c04ab: onFailed at PHASE_CLIENT_VIEW_SERVED agent:2023/11/22 12:07:03 build.go:404: 409:
11-22 12:05:37.298 4233 4233 I ImeTracker: org.qtproject.example.tst_qwidget:1ce6e835: onRequestHide at ORIGIN_CLIENT_HIDE_SOFT_INPUT reason HIDE_SOFT_INPUT agent:2023/11/22 12:07:03 build.go:404: 409:
11-22 12:05:37.298 4233 4233 I ImeTracker: org.qtproject.example.tst_qwidget:1ce6e835: onFailed at PHASE_CLIENT_VIEW_SERVED agent:2023/11/22 12:07:03 build.go:404: 409:
11-22 12:05:37.298 4233 4233 I ImeTracker: org.qtproject.example.tst_qwidget:d35b494e: onRequestHide at ORIGIN_CLIENT_HIDE_SOFT_INPUT reason HIDE_SOFT_INPUT agent:2023/11/22 12:07:03 build.go:404: 409:
11-22 12:05:37.298 4233 4233 I ImeTracker: org.qtproject.example.tst_qwidget:d35b494e: onFailed at PHASE_CLIENT_VIEW_SERVED agent:2023/11/22 12:07:03 build.go:404: 409:
11-22 12:05:37.300 4233 4233 I ImeTracker: org.qtproject.example.tst_qwidget:b85adfb0: onRequestHide at ORIGIN_CLIENT_HIDE_SOFT_INPUT reason HIDE_SOFT_INPUT agent:2023/11/22 12:07:03 build.go:404: 409:
11-22 12:05:37.300 4233 4233 I ImeTracker: org.qtproject.example.tst_qwidget:b85adfb0: onFailed at PHASE_CLIENT_VIEW_SERVED agent:2023/11/22 12:07:03 build.go:404: 409:
11-22 12:05:37.301 4233 4233 I ImeTracker: org.qtproject.example.tst_qwidget:ac9eedd8: onRequestHide at ORIGIN_CLIENT_HIDE_SOFT_INPUT reason HIDE_SOFT_INPUT agent:2023/11/22 12:07:03 build.go:404: 409:
11-22 12:05:37.301 4233 4233 I ImeTracker: org.qtproject.example.tst_qwidget:ac9eedd8: onFailed at PHASE_CLIENT_VIEW_SERVED agent:2023/11/22 12:07:03 build.go:404: 409:
11-22 12:05:47.798 4233 4233 E FrameTracker: force finish cuj, time out: J agent:2023/11/22 12:07:03 build.go:404: 409:
11-22 12:05:52.605 4233 4257 I QTestLib: BFAIL : tst_QWidget::showMinimizedKeepsFocus() Compared QObject pointers are not the same agent:2023/11/22 12:07:03 build.go:404: 409:
11-22 12:05:52.605 4233 4257 I QTestLib: Actual (window.focusWidget()): agent:2023/11/22 12:07:03 build.go:404: 409:
11-22 12:05:52.605 4233 4257 I QTestLib: Expected (firstchild) : QWidget/0x77a53eaa9a50 agent:2023/11/22 12:07:03 build.go:404: 409:
11-22 12:05:52.605 4233 4257 I QTestLib: Loc: [/home/qt/work/qt/qtbase/tests/auto/widgets/kernel/qwidget/tst_qwidget.cpp(3531)] agent:2023/11/22 12:07:03 build.go:404: 409:
11-22 12:05:52.607 4233 4233 I ImeTracker: org.qtproject.example.tst_qwidget:e41623e0: onRequestHide at ORIGIN_CLIENT_HIDE_SOFT_INPUT reason HIDE_SOFT_INPUT agent:2023/11/22 12:07:03 build.go:404: 409:
11-22 12:05:52.607 4233 4257 I QTestLib: PASS : tst_QWidget::icon() agent:2023/11/22 12:07:03 build.go:404: 409:
11-22 12:05:52.607 4233 4233 I ImeTracker: org.qtproject.example.tst_qwidget:e41623e0: onFailed at PHASE_CLIENT_VIEW_SERVED agent:2023/11/22 12:07:03 build.go:404: 409:
11-22 12:05:52.609 4233 4233 I ImeTracker: org.qtproject.example.tst_qwidget:cd629757: onRequestHide at ORIGIN_CLIENT_HIDE_SOFT_INPUT reason HIDE_SOFT_INPUT agent:2023/11/22 12:07:03 build.go:404: 409:
11-22 12:05:52.609 4233 4233 I ImeTracker: org.qtproject.example.tst_qwidget:cd629757: onFailed at PHASE_CLIENT_VIEW_SERVED agent:2023/11/22 12:07:03 build.go:404: 409:
11-22 12:05:52.613 4233 4233 I ImeTracker: org.qtproject.example.tst_qwidget:63431d4d: onRequestHide at ORIGIN_CLIENT_HIDE_SOFT_INPUT reason HIDE_SOFT_INPUT agent:2023/11/22 12:07:03 build.go:404: 409:
11-22 12:05:52.613 4233 4257 I QTestLib: PASS : tst_QWidget::hideWhenFocusWidgetIsChild() agent:2023/11/22 12:07:03 build.go:404: 409:
11-22 12:05:52.614 4233 4233 I ImeTracker: org.qtproject.example.tst_qwidget:63431d4d: onFailed at PHASE_CLIENT_VIEW_SERVED agent:2023/11/22 12:07:03 build.go:404: 409:
11-22 12:05:52.622 4233 4233 I ImeTracker: org.qtproject.example.tst_qwidget:5a787893: onRequestHide at ORIGIN_CLIENT_HIDE_SOFT_INPUT reason HIDE_SOFT_INPUT agent:2023/11/22 12:07:03 build.go:404: 409:
11-22 12:05:52.622 4233 4233 I ImeTracker: org.qtproject.example.tst_qwidget:5a787893: onFailed at PHASE_CLIENT_VIEW_SERVED agent:2023/11/22 12:07:03 build.go:404: 409:
11-22 12:05:52.627 4233 4233 I ImeTracker: org.qtproject.example.tst_qwidget:4856e0f2: onRequestHide at ORIGIN_CLIENT_HIDE_SOFT_INPUT reason HIDE_SOFT_INPUT agent:2023/11/22 12:07:03 build.go:404: 409:
11-22 12:05:52.627 4233 4233 I ImeTracker: org.qtproject.example.tst_qwidget:4856e0f2: onFailed at PHASE_CLIENT_VIEW_SERVED agent:2023/11/22 12:07:03 build.go:404: 409:
11-22 12:05:52.627 4233 4233 I ImeTracker: org.qtproject.example.tst_qwidget:337dd43d: onRequestHide at ORIGIN_CLIENT_HIDE_SOFT_INPUT reason HIDE_SOFT_INPUT agent:2023/11/22 12:07:03 build.go:404: 409:
11-22 12:05:52.627 4233 4233 I ImeTracker: org.qtproject.example.tst_qwidget:337dd43d: onFailed at PHASE_CLIENT_VIEW_SERVED agent:2023/11/22 12:07:03 build.go:404: 409:
11-22 12:05:52.628 4233 4233 I ImeTracker: org.qtproject.example.tst_qwidget:9114a85b: onRequestHide at ORIGIN_CLIENT_HIDE_SOFT_INPUT reason HIDE_SOFT_INPUT agent:2023/11/22 12:07:03 build.go:404: 409:
11-22 12:05:52.628 4233 4233 I ImeTracker: org.qtproject.example.tst_qwidget:9114a85b: onFailed at PHASE_CLIENT_VIEW_SERVED agent:2023/11/22 12:07:03 build.go:404: 409:
11-22 12:06:07.880 4233 4257 I QTestLib: BFAIL : tst_QWidget::normalGeometry() Compared values are not the same agent:2023/11/22 12:07:03 build.go:404: 409:
11-22 12:06:07.880 4233 4257 I QTestLib: Actual (stateChangeWatcher.lastWindowStates): WindowNoState agent:2023/11/22 12:07:03 build.go:404: 409:
11-22 12:06:07.880 4233 4257 I QTestLib: Expected (parent.windowState()) : WindowMaximized agent:2023/11/22 12:07:03 build.go:404: 409:
11-22 12:06:07.880 4233 4257 I QTestLib: Loc: [/home/qt/work/qt/qtbase/tests/auto/widgets/kernel/qwidget/tst_qwidget.cpp(3701)] agent:2023/11/22 12:07:03 build.go:404: 409:
11-22 12:06:07.882 4233 4233 I ImeTracker: org.qtproject.example.tst_qwidget:61efc0e8: onRequestHide at ORIGIN_CLIENT_HIDE_SOFT_INPUT reason HIDE_SOFT_INPUT agent:2023/11/22 12:07:03 build.go:404: 409:
11-22 12:06:07.882 4233 4257 I QTestLib: PASS : tst_QWidget::setGeometry() agent:2023/11/22 12:07:03 build.go:404: 409:
11-22 12:06:07.882 4233 4257 I QTestLib: SKIP : tst_QWidget::setGeometryHidden() Platform does not support QWidget::setGeometry() - skipping agent:2023/11/22 12:07:03 build.go:404: 409:
11-22 12:06:07.882 4233 4257 I QTestLib: Loc: [/home/qt/work/qt/qtbase/tests/auto/widgets/kernel/qwidget/tst_qwidget.cpp(3816)] agent:2023/11/22 12:07:03 build.go:404: 409:
11-22 12:06:07.883 4233 4233 I ImeTracker: org.qtproject.example.tst_qwidget:61efc0e8: onFailed at PHASE_CLIENT_VIEW_SERVED agent:2023/11/22 12:07:03 build.go:404: 409:
11-22 12:06:07.883 4233 4257 I QTestLib: PASS : tst_QWidget::windowOpacity() agent:2023/11/22 12:07:03 build.go:404: 409:
11-22 12:06:07.884 4233 4233 I ImeTracker: org.qtproject.example.tst_qwidget:29a761c8: onRequestHide at ORIGIN_CLIENT_HIDE_SOFT_INPUT reason HIDE_SOFT_INPUT agent:2023/11/22 12:07:03 build.go:404: 409:
11-22 12:06:07.885 4233 4233 I ImeTracker: org.qtproject.example.tst_qwidget:29a761c8: onFailed at PHASE_CLIENT_VIEW_SERVED agent:2023/11/22 12:07:03 build.go:404: 409:
11-22 12:06:07.887 4233 4233 I ImeTracker: org.qtproject.example.tst_qwidget:9f92a175: onRequestHide at ORIGIN_CLIENT_HIDE_SOFT_INPUT reason HIDE_SOFT_INPUT agent:2023/11/22 12:07:03 build.go:404: 409:
11-22 12:06:07.887 4233 4233 I ImeTracker: org.qtproject.example.tst_qwidget:9f92a175: onFailed at PHASE_CLIENT_VIEW_SERVED agent:2023/11/22 12:07:03 build.go:404: 409:
11-22 12:06:07.888 4233 4233 I ImeTracker: org.qtproject.example.tst_qwidget:2bcb43ed: onRequestHide at ORIGIN_CLIENT_HIDE_SOFT_INPUT reason HIDE_SOFT_INPUT agent:2023/11/22 12:07:03 build.go:404: 409:
11-22 12:06:07.888 4233 4233 I ImeTracker: org.qtproject.example.tst_qwidget:2bcb43ed: onFailed at PHASE_CLIENT_VIEW_SERVED agent:2023/11/22 12:07:03 build.go:404: 409:
11-22 12:06:07.889 4233 4233 I ImeTracker: org.qtproject.example.tst_qwidget:aa59c478: onRequestHide at ORIGIN_CLIENT_HIDE_SOFT_INPUT reason HIDE_SOFT_INPUT agent:2023/11/22 12:07:03 build.go:404: 409:
11-22 12:06:07.890 4233 4233 I ImeTracker: org.qtproject.example.tst_qwidget:aa59c478: onFailed at PHASE_CLIENT_VIEW_SERVED agent:2023/11/22 12:07:03 build.go:404: 409:
11-22 12:06:07.898 4233 4233 I ImeTracker: org.qtproject.example.tst_qwidget:d696c284: onRequestHide at ORIGIN_CLIENT_HIDE_SOFT_INPUT reason HIDE_SOFT_INPUT agent:2023/11/22 12:07:03 build.go:404: 409:
11-22 12:06:07.899 4233 4233 I ImeTracker: org.qtproject.example.tst_qwidget:d696c284: onFailed at PHASE_CLIENT_VIEW_SERVED agent:2023/11/22 12:07:03 build.go:404: 409:
11-22 12:06:07.899 4233 4233 I ImeTracker: org.qtproject.example.tst_qwidget:840f420f: onRequestHide at ORIGIN_CLIENT_HIDE_SOFT_INPUT reason HIDE_SOFT_INPUT agent:2023/11/22 12:07:03 build.go:404: 409:
11-22 12:06:07.900 4233 4233 I ImeTracker: org.qtproject.example.tst_qwidget:840f420f: onFailed at PHASE_CLIENT_VIEW_SERVED agent:2023/11/22 12:07:03 build.go:404: 409:
11-22 12:06:07.901 4233 4233 I ImeTracker: org.qtproject.example.tst_qwidget:7d2c0cc8: onRequestHide at ORIGIN_CLIENT_HIDE_SOFT_INPUT reason HIDE_SOFT_INPUT agent:2023/11/22 12:07:03 build.go:404: 409:
11-22 12:06:07.901 4233 4233 I ImeTracker: org.qtproject.example.tst_qwidget:7d2c0cc8: onFailed at PHASE_CLIENT_VIEW_SERVED agent:2023/11/22 12:07:03 build.go:404: 409:
11-22 12:06:07.926 4233 4257 I QTestLib: PASS : tst_QWidget::raise() agent:2023/11/22 12:07:03 build.go:404: 409:
11-22 12:06:07.927 4233 4233 I ImeTracker: org.qtproject.example.tst_qwidget:74828bff: onRequestHide at ORIGIN_CLIENT_HIDE_SOFT_INPUT reason HIDE_SOFT_INPUT agent:2023/11/22 12:07:03 build.go:404: 409:
11-22 12:06:07.927 4233 4233 I ImeTracker: org.qtproject.example.tst_qwidget:74828bff: onFailed at PHASE_CLIENT_VIEW_SERVED agent:2023/11/22 12:07:03 build.go:404: 409:
11-22 12:06:07.931 4233 4233 I ImeTracker: org.qtproject.example.tst_qwidget:9f9f7ca: onRequestHide at ORIGIN_CLIENT_HIDE_SOFT_INPUT reason HIDE_SOFT_INPUT agent:2023/11/22 12:07:03 build.go:404: 409:
11-22 12:06:07.931 4233 4233 I ImeTracker: org.qtproject.example.tst_qwidget:9f9f7ca: onFailed at PHASE_CLIENT_VIEW_SERVED agent:2023/11/22 12:07:03 build.go:404: 409:
11-22 12:06:08.029 4233 4257 I QTestLib: PASS : tst_QWidget::lower() agent:2023/11/22 12:07:03 build.go:404: 409:
11-22 12:06:08.030 4233 4233 I ImeTracker: org.qtproject.example.tst_qwidget:2270f10: onRequestHide at ORIGIN_CLIENT_HIDE_SOFT_INPUT reason HIDE_SOFT_INPUT agent:2023/11/22 12:07:03 build.go:404: 409:
11-22 12:06:08.030 4233 4233 I ImeTracker: org.qtproject.example.tst_qwidget:2270f10: onFailed at PHASE_CLIENT_VIEW_SERVED agent:2023/11/22 12:07:03 build.go:404: 409:
11-22 12:06:08.032 4233 4233 I ImeTracker: org.qtproject.example.tst_qwidget:bf309848: onRequestHide at ORIGIN_CLIENT_HIDE_SOFT_INPUT reason HIDE_SOFT_INPUT agent:2023/11/22 12:07:03 build.go:404: 409:
11-22 12:06:08.032 4233 4233 I ImeTracker: org.qtproject.example.tst_qwidget:bf309848: onFailed at PHASE_CLIENT_VIEW_SERVED agent:2023/11/22 12:07:03 build.go:404: 409:
11-22 12:06:08.060 4233 4257 I QTestLib: XFAIL : tst_QWidget::stackUnder() See QTBUG-493 agent:2023/11/22 12:07:03 build.go:404: 409:
11-22 12:06:08.060 4233 4257 I QTestLib: Loc: [/home/qt/work/qt/qtbase/tests/auto/widgets/kernel/qwidget/tst_qwidget.cpp(4190)] agent:2023/11/22 12:07:03 build.go:404: 409:
11-22 12:06:08.060 4233 4257 I QTestLib: PASS : tst_QWidget::stackUnder() agent:2023/11/22 12:07:03 build.go:404: 409:
11-22 12:06:08.061 4233 4233 I ImeTracker: org.qtproject.example.tst_qwidget:f7a714ce: onRequestHide at ORIGIN_CLIENT_HIDE_SOFT_INPUT reason HIDE_SOFT_INPUT agent:2023/11/22 12:07:03 build.go:404: 409:
11-22 12:06:08.061 4233 4233 I ImeTracker: org.qtproject.example.tst_qwidget:f7a714ce: onFailed at PHASE_CLIENT_VIEW_SERVED agent:2023/11/22 12:07:03 build.go:404: 409:
11-22 12:06:08.070 4233 4257 I QTestLib: PASS : tst_QWidget::testContentsPropagation() agent:2023/11/22 12:07:03 build.go:404: 409:
11-22 12:06:08.072 4233 4233 I ImeTracker: org.qtproject.example.tst_qwidget:a9b97d2b: onRequestHide at ORIGIN_CLIENT_HIDE_SOFT_INPUT reason HIDE_SOFT_INPUT agent:2023/11/22 12:07:03 build.go:404: 409:
11-22 12:06:08.072 4233 4233 I ImeTracker: org.qtproject.example.tst_qwidget:a9b97d2b: onFailed at PHASE_CLIENT_VIEW_SERVED agent:2023/11/22 12:07:03 build.go:404: 409:
11-22 12:06:08.082 4233 4233 I ImeTracker: org.qtproject.example.tst_qwidget:8161ffa9: onRequestHide at ORIGIN_CLIENT_HIDE_SOFT_INPUT reason HIDE_SOFT_INPUT agent:2023/11/22 12:07:03 build.go:404: 409:
11-22 12:06:08.082 4233 4233 I ImeTracker: org.qtproject.example.tst_qwidget:8161ffa9: onFailed at PHASE_CLIENT_VIEW_SERVED agent:2023/11/22 12:07:03 build.go:404: 409:
11-22 12:06:08.083 4233 4233 I ImeTracker: org.qtproject.example.tst_qwidget:62e0183f: onRequestHide at ORIGIN_CLIENT_HIDE_SOFT_INPUT reason HIDE_SOFT_INPUT agent:2023/11/22 12:07:03 build.go:404: 409:
11-22 12:06:08.084 4233 4233 I ImeTracker: org.qtproject.example.tst_qwidget:62e0183f: onFailed at PHASE_CLIENT_VIEW_SERVED agent:2023/11/22 12:07:03 build.go:404: 409:
11-22 12:06:08.099 4233 4233 I ImeTracker: org.qtproject.example.tst_qwidget:7f67e73a: onRequestHide at ORIGIN_CLIENT_HIDE_SOFT_INPUT reason HIDE_SOFT_INPUT agent:2023/11/22 12:07:03 build.go:404: 409:
11-22 12:06:08.099 4233 4233 I ImeTracker: org.qtproject.example.tst_qwidget:7f67e73a: onFailed at PHASE_CLIENT_VIEW_SERVED agent:2023/11/22 12:07:03 build.go:404: 409:
11-22 12:06:08.100 4233 4233 I ImeTracker: org.qtproject.example.tst_qwidget:4fe56800: onRequestHide at ORIGIN_CLIENT_HIDE_SOFT_INPUT reason HIDE_SOFT_INPUT agent:2023/11/22 12:07:03 build.go:404: 409:
11-22 12:06:08.101 4233 4233 I ImeTracker: org.qtproject.example.tst_qwidget:4fe56800: onFailed at PHASE_CLIENT_VIEW_SERVED agent:2023/11/22 12:07:03 build.go:404: 409:
11-22 12:06:08.123 4233 4254 D EGL_emulation: app_time_stats: avg=7712.54ms min=14.59ms max=30799.61ms count=4 agent:2023/11/22 12:07:03 build.go:404: 409:
11-22 12:06:09.358 4233 4254 D EGL_emulation: app_time_stats: avg=85.95ms min=1.79ms max=340.76ms count=13 agent:2023/11/22 12:07:03 build.go:404: 409:
11-22 12:06:18.755 4233 4233 E FrameTracker: force finish cuj, time out: J agent:2023/11/22 12:07:03 build.go:404: 409:
11-22 12:06:19.367 4233 4233 E FrameTracker: force finish cuj, time out: J agent:2023/11/22 12:07:03 build.go:404: 409:
11-22 12:06:20.135 4233 4233 E FrameTracker: force finish cuj, time out: J agent:2023/11/22 12:07:03 build.go:404: 409:
11-22 12:06:20.776 4233 4233 E FrameTracker: force finish cuj, time out: J agent:2023/11/22 12:07:03 build.go:404: 409:
11-22 12:06:26.125 4233 4257 I QTestLib: BFAIL : tst_QWidget::saveRestoreGeometry() 'widget.geometry() != geom' returned FALSE. () agent:2023/11/22 12:07:03 build.go:404: 409:
11-22 12:06:26.125 4233 4257 I QTestLib: Loc: [/home/qt/work/qt/qtbase/tests/auto/widgets/kernel/qwidget/tst_qwidget.cpp(4404)] agent:2023/11/22 12:07:03 build.go:404: 409:
11-22 12:06:26.127 4233 4233 I ImeTracker: org.qtproject.example.tst_qwidget:8fcc5ebc: onRequestHide at ORIGIN_CLIENT_HIDE_SOFT_INPUT reason HIDE_SOFT_INPUT agent:2023/11/22 12:07:03 build.go:404: 409:
11-22 12:06:26.128 4233 4233 I ImeTracker: org.qtproject.example.tst_qwidget:8fcc5ebc: onFailed at PHASE_CLIENT_VIEW_SERVED agent:2023/11/22 12:07:03 build.go:404: 409:
11-22 12:06:26.129 4233 4233 I ImeTracker: org.qtproject.example.tst_qwidget:fe24854d: onRequestHide at ORIGIN_CLIENT_HIDE_SOFT_INPUT reason HIDE_SOFT_INPUT agent:2023/11/22 12:07:03 build.go:404: 409:
11-22 12:06:26.130 4233 4233 I ImeTracker: org.qtproject.example.tst_qwidget:fe24854d: onFailed at PHASE_CLIENT_VIEW_SERVED agent:2023/11/22 12:07:03 build.go:404: 409:
11-22 12:06:26.238 4233 4257 I QTestLib: PASS : tst_QWidget::restoreVersion1Geometry(geometry.dat) agent:2023/11/22 12:07:03 build.go:404: 409:
11-22 12:06:26.240 4233 4233 I ImeTracker: org.qtproject.example.tst_qwidget:14a88790: onRequestHide at ORIGIN_CLIENT_HIDE_SOFT_INPUT reason HIDE_SOFT_INPUT agent:2023/11/22 12:07:03 build.go:404: 409:
11-22 12:06:26.241 4233 4233 I ImeTracker: org.qtproject.example.tst_qwidget:14a88790: onFailed at PHASE_CLIENT_VIEW_SERVED agent:2023/11/22 12:07:03 build.go:404: 409:
11-22 12:06:26.242 4233 4233 I ImeTracker: org.qtproject.example.tst_qwidget:543872f0: onRequestHide at ORIGIN_CLIENT_HIDE_SOFT_INPUT reason HIDE_SOFT_INPUT agent:2023/11/22 12:07:03 build.go:404: 409:
11-22 12:06:26.243 4233 4233 I ImeTracker: org.qtproject.example.tst_qwidget:543872f0: onFailed at PHASE_CLIENT_VIEW_SERVED agent:2023/11/22 12:07:03 build.go:404: 409:
11-22 12:06:26.350 4233 4257 I QTestLib: PASS : tst_QWidget::restoreVersion1Geometry(geometry-maximized.dat) agent:2023/11/22 12:07:03 build.go:404: 409:
11-22 12:06:26.351 4233 4233 I ImeTracker: org.qtproject.example.tst_qwidget:b606298b: onRequestHide at ORIGIN_CLIENT_HIDE_SOFT_INPUT reason HIDE_SOFT_INPUT agent:2023/11/22 12:07:03 build.go:404: 409:
11-22 12:06:26.351 4233 4233 I ImeTracker: org.qtproject.example.tst_qwidget:b606298b: onFailed at PHASE_CLIENT_VIEW_SERVED agent:2023/11/22 12:07:03 build.go:404: 409:
11-22 12:06:26.351 4233 4233 I ImeTracker: org.qtproject.example.tst_qwidget:eeb39fc4: onRequestHide at ORIGIN_CLIENT_HIDE_SOFT_INPUT reason HIDE_SOFT_INPUT agent:2023/11/22 12:07:03 build.go:404: 409:
11-22 12:06:26.352 4233 4233 I ImeTracker: org.qtproject.example.tst_qwidget:eeb39fc4: onFailed at PHASE_CLIENT_VIEW_SERVED agent:2023/11/22 12:07:03 build.go:404: 409:
11-22 12:06:26.463 4233 4257 I QTestLib: PASS : tst_QWidget::restoreVersion1Geometry(geometry-fullscreen.dat) agent:2023/11/22 12:07:03 build.go:404: 409:
11-22 12:06:26.463 4233 4257 I QTestLib: PASS : tst_QWidget::restoreGeometryAfterScreenChange(offAboveLarge) agent:2023/11/22 12:07:03 build.go:404: 409:
11-22 12:06:26.463 4233 4257 I QTestLib: PASS : tst_QWidget::restoreGeometryAfterScreenChange(fitting) agent:2023/11/22 12:07:03 build.go:404: 409:
11-22 12:06:26.464 4233 4257 I QTestLib: PASS : tst_QWidget::restoreGeometryAfterScreenChange(offRightWide) agent:2023/11/22 12:07:03 build.go:404: 409:
11-22 12:06:26.464 4233 4233 I ImeTracker: org.qtproject.example.tst_qwidget:bc6ff352: onRequestHide at ORIGIN_CLIENT_HIDE_SOFT_INPUT reason HIDE_SOFT_INPUT agent:2023/11/22 12:07:03 build.go:404: 409:
11-22 12:06:26.464 4233 4257 I QTestLib: PASS : tst_QWidget::restoreGeometryAfterScreenChange(offLeftFitting) agent:2023/11/22 12:07:03 build.go:404: 409:
11-22 12:06:26.465 4233 4257 I QTestLib: PASS : tst_QWidget::restoreGeometryAfterScreenChange(offBelowHigh) agent:2023/11/22 12:07:03 build.go:404: 409:
11-22 12:06:26.465 4233 4233 I ImeTracker: org.qtproject.example.tst_qwidget:bc6ff352: onFailed at PHASE_CLIENT_VIEW_SERVED agent:2023/11/22 12:07:03 build.go:404: 409:
11-22 12:06:26.469 4233 4257 I QTestLib: SKIP : tst_QWidget::widgetAt() Platform does not support WindowMasks agent:2023/11/22 12:07:03 build.go:404: 409:
11-22 12:06:26.469 4233 4257 I QTestLib: Loc: [/home/qt/work/qt/qtbase/tests/auto/widgets/kernel/qwidget/tst_qwidget.cpp(4638)] agent:2023/11/22 12:07:03 build.go:404: 409:
11-22 12:06:26.483 4233 4233 I ImeTracker: org.qtproject.example.tst_qwidget:a05da7d5: onRequestHide at ORIGIN_CLIENT_HIDE_SOFT_INPUT reason HIDE_SOFT_INPUT agent:2023/11/22 12:07:03 build.go:404: 409:
11-22 12:06:26.483 4233 4233 I ImeTracker: org.qtproject.example.tst_qwidget:a05da7d5: onFailed at PHASE_CLIENT_VIEW_SERVED agent:2023/11/22 12:07:03 build.go:404: 409:
11-22 12:06:26.485 4233 4233 I ImeTracker: org.qtproject.example.tst_qwidget:a0c7ee75: onRequestHide at ORIGIN_CLIENT_HIDE_SOFT_INPUT reason HIDE_SOFT_INPUT agent:2023/11/22 12:07:03 build.go:404: 409:
11-22 12:06:26.485 4233 4233 I ImeTracker: org.qtproject.example.tst_qwidget:a0c7ee75: onFailed at PHASE_CLIENT_VIEW_SERVED agent:2023/11/22 12:07:03 build.go:404: 409:
11-22 12:06:26.487 4233 4233 I ImeTracker: org.qtproject.example.tst_qwidget:669c2bc: onRequestHide at ORIGIN_CLIENT_HIDE_SOFT_INPUT reason HIDE_SOFT_INPUT agent:2023/11/22 12:07:03 build.go:404: 409:
11-22 12:06:26.487 4233 4233 I ImeTracker: org.qtproject.example.tst_qwidget:669c2bc: onFailed at PHASE_CLIENT_VIEW_SERVED agent:2023/11/22 12:07:03 build.go:404: 409:
11-22 12:06:26.488 4233 4233 I ImeTracker: org.qtproject.example.tst_qwidget:6687c743: onRequestHide at ORIGIN_CLIENT_HIDE_SOFT_INPUT reason HIDE_SOFT_INPUT agent:2023/11/22 12:07:03 build.go:404: 409:
11-22 12:06:26.488 4233 4233 I ImeTracker: org.qtproject.example.tst_qwidget:6687c743: onFailed at PHASE_CLIENT_VIEW_SERVED agent:2023/11/22 12:07:03 build.go:404: 409:
11-22 12:06:26.489 4233 4233 I ImeTracker: org.qtproject.example.tst_qwidget:afa0e1dd: onRequestHide at ORIGIN_CLIENT_HIDE_SOFT_INPUT reason HIDE_SOFT_INPUT agent:2023/11/22 12:07:03 build.go:404: 409:
11-22 12:06:26.489 4233 4233 I ImeTracker: org.qtproject.example.tst_qwidget:afa0e1dd: onFailed at PHASE_CLIENT_VIEW_SERVED agent:2023/11/22 12:07:03 build.go:404: 409:
11-22 12:06:26.490 4233 4233 I ImeTracker: org.qtproject.example.tst_qwidget:796bfa73: onRequestHide at ORIGIN_CLIENT_HIDE_SOFT_INPUT reason HIDE_SOFT_INPUT agent:2023/11/22 12:07:03 build.go:404: 409:
11-22 12:06:26.490 4233 4233 I ImeTracker: org.qtproject.example.tst_qwidget:796bfa73: onFailed at PHASE_CLIENT_VIEW_SERVED agent:2023/11/22 12:07:03 build.go:404: 409:
11-22 12:06:26.491 4233 4233 I ImeTracker: org.qtproject.example.tst_qwidget:a24c52c2: onRequestHide at ORIGIN_CLIENT_HIDE_SOFT_INPUT reason HIDE_SOFT_INPUT agent:2023/11/22 12:07:03 build.go:404: 409:
11-22 12:06:26.491 4233 4233 I ImeTracker: org.qtproject.example.tst_qwidget:a24c52c2: onFailed at PHASE_CLIENT_VIEW_SERVED agent:2023/11/22 12:07:03 build.go:404: 409:
11-22 12:06:26.511 4233 4257 I QTestLib: BFAIL : tst_QWidget::optimizedResizeMove() '!staticWidget.waitForPaintEvent()' returned FALSE. () agent:2023/11/22 12:07:03 build.go:404: 409:
11-22 12:06:26.511 4233 4257 I QTestLib: Loc: [/home/qt/work/qt/qtbase/tests/auto/widgets/kernel/qwidget/tst_qwidget.cpp(4919)] agent:2023/11/22 12:07:03 build.go:404: 409:
11-22 12:06:26.512 4233 4233 I ImeTracker: org.qtproject.example.tst_qwidget:61c6e560: onRequestHide at ORIGIN_CLIENT_HIDE_SOFT_INPUT reason HIDE_SOFT_INPUT agent:2023/11/22 12:07:03 build.go:404: 409:
11-22 12:06:26.512 4233 4233 I ImeTracker: org.qtproject.example.tst_qwidget:61c6e560: onFailed at PHASE_CLIENT_VIEW_SERVED agent:2023/11/22 12:07:03 build.go:404: 409:
11-22 12:06:26.513 4233 4233 I ImeTracker: org.qtproject.example.tst_qwidget:ffd766c1: onRequestHide at ORIGIN_CLIENT_HIDE_SOFT_INPUT reason HIDE_SOFT_INPUT agent:2023/11/22 12:07:03 build.go:404: 409:
11-22 12:06:26.513 4233 4233 I ImeTracker: org.qtproject.example.tst_qwidget:ffd766c1: onFailed at PHASE_CLIENT_VIEW_SERVED agent:2023/11/22 12:07:03 build.go:404: 409:
11-22 12:06:26.594 4233 4257 I QTestLib: BFAIL : tst_QWidget::optimizedResize_topLevel() Compared values are not the same agent:2023/11/22 12:07:03 build.go:404: 409:
11-22 12:06:26.594 4233 4257 I QTestLib: Actual (topLevel.partial): 0 agent:2023/11/22 12:07:03 build.go:404: 409:
11-22 12:06:26.594 4233 4257 I QTestLib: Expected (true) : 1 agent:2023/11/22 12:07:03 build.go:404: 409:
11-22 12:06:26.594 4233 4257 I QTestLib: Loc: [/home/qt/work/qt/qtbase/tests/auto/widgets/kernel/qwidget/tst_qwidget.cpp(5009)] agent:2023/11/22 12:07:03 build.go:404: 409:
11-22 12:06:26.595 4233 4233 I ImeTracker: org.qtproject.example.tst_qwidget:840d3e4f: onRequestHide at ORIGIN_CLIENT_HIDE_SOFT_INPUT reason HIDE_SOFT_INPUT agent:2023/11/22 12:07:03 build.go:404: 409:
11-22 12:06:26.596 4233 4233 I ImeTracker: org.qtproject.example.tst_qwidget:840d3e4f: onFailed at PHASE_CLIENT_VIEW_SERVED agent:2023/11/22 12:07:03 build.go:404: 409:
11-22 12:06:26.597 4233 4233 I ImeTracker: org.qtproject.example.tst_qwidget:5b014183: onRequestHide at ORIGIN_CLIENT_HIDE_SOFT_INPUT reason HIDE_SOFT_INPUT agent:2023/11/22 12:07:03 build.go:404: 409:
11-22 12:06:26.597 4233 4233 I ImeTracker: org.qtproject.example.tst_qwidget:5b014183: onFailed at PHASE_CLIENT_VIEW_SERVED agent:2023/11/22 12:07:03 build.go:404: 409:
11-22 12:06:26.600 4233 4257 I QTestLib: PASS : tst_QWidget::resizeEvent() agent:2023/11/22 12:07:03 build.go:404: 409:
11-22 12:06:26.601 4233 4233 I ImeTracker: org.qtproject.example.tst_qwidget:f2fc0e1c: onRequestHide at ORIGIN_CLIENT_HIDE_SOFT_INPUT reason HIDE_SOFT_INPUT agent:2023/11/22 12:07:03 build.go:404: 409:
11-22 12:06:26.601 4233 4233 I ImeTracker: org.qtproject.example.tst_qwidget:f2fc0e1c: onFailed at PHASE_CLIENT_VIEW_SERVED agent:2023/11/22 12:07:03 build.go:404: 409:
11-22 12:06:26.604 4233 4257 I QTestLib: PASS : tst_QWidget::task110173() agent:2023/11/22 12:07:03 build.go:404: 409:
11-22 12:06:26.609 4233 4257 I QTestLib: PASS : tst_QWidget::testDeletionInEventHandlers() agent:2023/11/22 12:07:03 build.go:404: 409:
11-22 12:06:26.609 4233 4257 I QTestLib: PASS : tst_QWidget::childDeletesItsSibling() agent:2023/11/22 12:07:03 build.go:404: 409:
11-22 12:06:26.612 4233 4257 I QTestLib: PASS : tst_QWidget::setMinimumSize() agent:2023/11/22 12:07:03 build.go:404: 409:
11-22 12:06:26.613 4233 4257 I QTestLib: PASS : tst_QWidget::setMaximumSize() agent:2023/11/22 12:07:03 build.go:404: 409:
11-22 12:06:26.615 4233 4257 I QTestLib: PASS : tst_QWidget::setFixedSize() agent:2023/11/22 12:07:03 build.go:404: 409:
11-22 12:06:26.615 4233 4257 I QTestLib: PASS : tst_QWidget::ensureCreated() agent:2023/11/22 12:07:03 build.go:404: 409:
11-22 12:06:26.615 4233 4257 I QTestLib: PASS : tst_QWidget::createAndDestroy() agent:2023/11/22 12:07:03 build.go:404: 409:
11-22 12:06:26.616 4233 4233 I ImeTracker: org.qtproject.example.tst_qwidget:2fe4637e: onRequestHide at ORIGIN_CLIENT_HIDE_SOFT_INPUT reason HIDE_SOFT_INPUT agent:2023/11/22 12:07:03 build.go:404: 409:
11-22 12:06:26.616 4233 4257 I QTestLib: PASS : tst_QWidget::winIdChangeEvent() agent:2023/11/22 12:07:03 build.go:404: 409:
11-22 12:06:26.616 4233 4233 I ImeTracker: org.qtproject.example.tst_qwidget:2fe4637e: onFailed at PHASE_CLIENT_VIEW_SERVED agent:2023/11/22 12:07:03 build.go:404: 409:
11-22 12:06:26.617 4233 4233 I ImeTracker: org.qtproject.example.tst_qwidget:92f06e3c: onRequestHide at ORIGIN_CLIENT_HIDE_SOFT_INPUT reason HIDE_SOFT_INPUT agent:2023/11/22 12:07:03 build.go:404: 409:
11-22 12:06:26.618 4233 4257 I QTestLib: PASS : tst_QWidget::persistentWinId() agent:2023/11/22 12:07:03 build.go:404: 409:
11-22 12:06:26.618 4233 4233 I ImeTracker: org.qtproject.example.tst_qwidget:92f06e3c: onFailed at PHASE_CLIENT_VIEW_SERVED agent:2023/11/22 12:07:03 build.go:404: 409:
11-22 12:06:26.618 4233 4233 I ImeTracker: org.qtproject.example.tst_qwidget:3ecabe41: onRequestHide at ORIGIN_CLIENT_HIDE_SOFT_INPUT reason HIDE_SOFT_INPUT agent:2023/11/22 12:07:03 build.go:404: 409:
11-22 12:06:26.619 4233 4233 I ImeTracker: org.qtproject.example.tst_qwidget:3ecabe41: onFailed at PHASE_CLIENT_VIEW_SERVED agent:2023/11/22 12:07:03 build.go:404: 409:
11-22 12:06:26.619 4233 4257 I QTestLib: PASS : tst_QWidget::showNativeChild() agent:2023/11/22 12:07:03 build.go:404: 409:
11-22 12:06:26.620 4233 4233 I ImeTracker: org.qtproject.example.tst_qwidget:c272a368: onRequestHide at ORIGIN_CLIENT_HIDE_SOFT_INPUT reason HIDE_SOFT_INPUT agent:2023/11/22 12:07:03 build.go:404: 409:
11-22 12:06:26.620 4233 4233 I ImeTracker: org.qtproject.example.tst_qwidget:c272a368: onFailed at PHASE_CLIENT_VIEW_SERVED agent:2023/11/22 12:07:03 build.go:404: 409:
11-22 12:06:26.620 4233 4233 I ImeTracker: org.qtproject.example.tst_qwidget:82745df5: onRequestHide at ORIGIN_CLIENT_HIDE_SOFT_INPUT reason HIDE_SOFT_INPUT agent:2023/11/22 12:07:03 build.go:404: 409:
11-22 12:06:26.621 4233 4233 I ImeTracker: org.qtproject.example.tst_qwidget:82745df5: onFailed at PHASE_CLIENT_VIEW_SERVED agent:2023/11/22 12:07:03 build.go:404: 409:
11-22 12:06:26.621 4233 4257 I QTestLib: PASS : tst_QWidget::closeAndShowNativeChild() agent:2023/11/22 12:07:03 build.go:404: 409:
11-22 12:06:26.622 4233 4233 I ImeTracker: org.qtproject.example.tst_qwidget:ed883d4a: onRequestHide at ORIGIN_CLIENT_HIDE_SOFT_INPUT reason HIDE_SOFT_INPUT agent:2023/11/22 12:07:03 build.go:404: 409:
11-22 12:06:26.622 4233 4233 I ImeTracker: org.qtproject.example.tst_qwidget:ed883d4a: onFailed at PHASE_CLIENT_VIEW_SERVED agent:2023/11/22 12:07:03 build.go:404: 409:
11-22 12:06:26.623 4233 4233 I ImeTracker: org.qtproject.example.tst_qwidget:5f88048b: onRequestHide at ORIGIN_CLIENT_HIDE_SOFT_INPUT reason HIDE_SOFT_INPUT agent:2023/11/22 12:07:03 build.go:404: 409:
11-22 12:06:26.623 4233 4233 I ImeTracker: org.qtproject.example.tst_qwidget:5f88048b: onFailed at PHASE_CLIENT_VIEW_SERVED agent:2023/11/22 12:07:03 build.go:404: 409:
11-22 12:06:26.624 4233 4257 I QTestLib: PASS : tst_QWidget::closeAndShowWithNativeChild() agent:2023/11/22 12:07:03 build.go:404: 409:
11-22 12:06:26.624 4233 4233 I ImeTracker: org.qtproject.example.tst_qwidget:61cda796: onRequestHide at ORIGIN_CLIENT_HIDE_SOFT_INPUT reason HIDE_SOFT_INPUT agent:2023/11/22 12:07:03 build.go:404: 409:
11-22 12:06:26.624 4233 4233 I ImeTracker: org.qtproject.example.tst_qwidget:61cda796: onFailed at PHASE_CLIENT_VIEW_SERVED agent:2023/11/22 12:07:03 build.go:404: 409:
11-22 12:06:26.625 4233 4233 I ImeTracker: org.qtproject.example.tst_qwidget:61e54d41: onRequestHide at ORIGIN_CLIENT_HIDE_SOFT_INPUT reason HIDE_SOFT_INPUT agent:2023/11/22 12:07:03 build.go:404: 409:
11-22 12:06:26.625 4233 4233 I ImeTracker: org.qtproject.example.tst_qwidget:61e54d41: onFailed at PHASE_CLIENT_VIEW_SERVED agent:2023/11/22 12:07:03 build.go:404: 409:
11-22 12:06:26.626 4233 4257 I QTestLib: PASS : tst_QWidget::transientParent() agent:2023/11/22 12:07:03 build.go:404: 409:
11-22 12:06:26.626 4233 4257 I QTestLib: PASS : tst_QWidget::qobject_castOnDestruction() agent:2023/11/22 12:07:03 build.go:404: 409:
11-22 12:06:26.626 4233 4233 I ImeTracker: org.qtproject.example.tst_qwidget:4ff73aa4: onRequestHide at ORIGIN_CLIENT_HIDE_SOFT_INPUT reason HIDE_SOFT_INPUT agent:2023/11/22 12:07:03 build.go:404: 409:
11-22 12:06:26.626 4233 4257 I QTestLib: PASS : tst_QWidget::showHideEvent(window: only show) agent:2023/11/22 12:07:03 build.go:404: 409:
11-22 12:06:26.626 4233 4233 I ImeTracker: org.qtproject.example.tst_qwidget:4ff73aa4: onFailed at PHASE_CLIENT_VIEW_SERVED agent:2023/11/22 12:07:03 build.go:404: 409:
11-22 12:06:26.627 4233 4233 I ImeTracker: org.qtproject.example.tst_qwidget:6d8eba31: onRequestHide at ORIGIN_CLIENT_HIDE_SOFT_INPUT reason HIDE_SOFT_INPUT agent:2023/11/22 12:07:03 build.go:404: 409:
11-22 12:06:26.627 4233 4257 I QTestLib: PASS : tst_QWidget::showHideEvent(window: show/hide) agent:2023/11/22 12:07:03 build.go:404: 409:
11-22 12:06:26.627 4233 4233 I ImeTracker: org.qtproject.example.tst_qwidget:6d8eba31: onFailed at PHASE_CLIENT_VIEW_SERVED agent:2023/11/22 12:07:03 build.go:404: 409:
11-22 12:06:26.628 4233 4257 I QTestLib: PASS : tst_QWidget::showHideEvent(window: show/hide/create) agent:2023/11/22 12:07:03 build.go:404: 409:
11-22 12:06:26.629 4233 4257 I QTestLib: PASS : tst_QWidget::showHideEvent(window: hide/create) agent:2023/11/22 12:07:03 build.go:404: 409:
11-22 12:06:26.629 4233 4257 I QTestLib: PASS : tst_QWidget::showHideEvent(window: only hide) agent:2023/11/22 12:07:03 build.go:404: 409:
11-22 12:06:26.629 4233 4257 I QTestLib: PASS : tst_QWidget::showHideEvent(window: nothing) agent:2023/11/22 12:07:03 build.go:404: 409:
11-22 12:06:26.629 4233 4257 I QTestLib: SKIP : tst_QWidget::showHideEventWhileMinimize() This test requires window management capabilities agent:2023/11/22 12:07:03 build.go:404: 409:
11-22 12:06:26.629 4233 4257 I QTestLib: Loc: [/home/qt/work/qt/qtbase/tests/auto/widgets/kernel/qwidget/tst_qwidget.cpp(5538)] agent:2023/11/22 12:07:03 build.go:404: 409:
11-22 12:06:26.629 4233 4257 I QTestLib: SKIP : tst_QWidget::showHideChildrenWhileMinimize_QTBUG50589() This test requires window management capabilities agent:2023/11/22 12:07:03 build.go:404: 409:
11-22 12:06:26.629 4233 4257 I QTestLib: Loc: [/home/qt/work/qt/qtbase/tests/auto/widgets/kernel/qwidget/tst_qwidget.cpp(5561)] agent:2023/11/22 12:07:03 build.go:404: 409:
11-22 12:06:26.630 4233 4233 I ImeTracker: org.qtproject.example.tst_qwidget:f473bc31: onRequestHide at ORIGIN_CLIENT_HIDE_SOFT_INPUT reason HIDE_SOFT_INPUT agent:2023/11/22 12:07:03 build.go:404: 409:
11-22 12:06:26.630 4233 4233 I ImeTracker: org.qtproject.example.tst_qwidget:f473bc31: onFailed at PHASE_CLIENT_VIEW_SERVED agent:2023/11/22 12:07:03 build.go:404: 409:
11-22 12:06:26.631 4233 4233 I ImeTracker: org.qtproject.example.tst_qwidget:71a969c4: onRequestHide at ORIGIN_CLIENT_HIDE_SOFT_INPUT reason HIDE_SOFT_INPUT agent:2023/11/22 12:07:03 build.go:404: 409:
11-22 12:06:26.631 4233 4233 I ImeTracker: org.qtproject.example.tst_qwidget:71a969c4: onFailed at PHASE_CLIENT_VIEW_SERVED agent:2023/11/22 12:07:03 build.go:404: 409:
11-22 12:06:26.632 4233 4233 I ImeTracker: org.qtproject.example.tst_qwidget:ff144269: onRequestHide at ORIGIN_CLIENT_HIDE_SOFT_INPUT reason HIDE_SOFT_INPUT agent:2023/11/22 12:07:03 build.go:404: 409:
11-22 12:06:26.632 4233 4233 I ImeTracker: org.qtproject.example.tst_qwidget:ff144269: onFailed at PHASE_CLIENT_VIEW_SERVED agent:2023/11/22 12:07:03 build.go:404: 409:
11-22 12:06:26.633 4233 4233 I ImeTracker: org.qtproject.example.tst_qwidget:623bafd6: onRequestHide at ORIGIN_CLIENT_HIDE_SOFT_INPUT reason HIDE_SOFT_INPUT agent:2023/11/22 12:07:03 build.go:404: 409:
11-22 12:06:26.633 4233 4233 I ImeTracker: org.qtproject.example.tst_qwidget:623bafd6: onFailed at PHASE_CLIENT_VIEW_SERVED agent:2023/11/22 12:07:03 build.go:404: 409:
11-22 12:06:26.635 4233 4233 I ImeTracker: org.qtproject.example.tst_qwidget:e9fa7e3a: onRequestHide at ORIGIN_CLIENT_HIDE_SOFT_INPUT reason HIDE_SOFT_INPUT agent:2023/11/22 12:07:03 build.go:404: 409:
11-22 12:06:26.635 4233 4233 I ImeTracker: org.qtproject.example.tst_qwidget:e9fa7e3a: onFailed at PHASE_CLIENT_VIEW_SERVED agent:2023/11/22 12:07:03 build.go:404: 409:
11-22 12:06:26.635 4233 4233 I ImeTracker: org.qtproject.example.tst_qwidget:5a289cc4: onRequestHide at ORIGIN_CLIENT_HIDE_SOFT_INPUT reason HIDE_SOFT_INPUT agent:2023/11/22 12:07:03 build.go:404: 409:
11-22 12:06:26.636 4233 4233 I ImeTracker: org.qtproject.example.tst_qwidget:5a289cc4: onFailed at PHASE_CLIENT_VIEW_SERVED agent:2023/11/22 12:07:03 build.go:404: 409:
11-22 12:06:26.637 4233 4233 I ImeTracker: org.qtproject.example.tst_qwidget:c783504: onRequestHide at ORIGIN_CLIENT_HIDE_SOFT_INPUT reason HIDE_SOFT_INPUT agent:2023/11/22 12:07:03 build.go:404: 409:
11-22 12:06:26.637 4233 4233 I ImeTracker: org.qtproject.example.tst_qwidget:c783504: onFailed at PHASE_CLIENT_VIEW_SERVED agent:2023/11/22 12:07:03 build.go:404: 409:
11-22 12:06:26.638 4233 4233 I ImeTracker: org.qtproject.example.tst_qwidget:5cd4bb02: onRequestHide at ORIGIN_CLIENT_HIDE_SOFT_INPUT reason HIDE_SOFT_INPUT agent:2023/11/22 12:07:03 build.go:404: 409:
11-22 12:06:26.638 4233 4233 I ImeTracker: org.qtproject.example.tst_qwidget:5cd4bb02: onFailed at PHASE_CLIENT_VIEW_SERVED agent:2023/11/22 12:07:03 build.go:404: 409:
11-22 12:06:26.639 4233 4233 I ImeTracker: org.qtproject.example.tst_qwidget:744f2bb3: onRequestHide at ORIGIN_CLIENT_HIDE_SOFT_INPUT reason HIDE_SOFT_INPUT agent:2023/11/22 12:07:03 build.go:404: 409:
11-22 12:06:26.640 4233 4233 I ImeTracker: org.qtproject.example.tst_qwidget:744f2bb3: onFailed at PHASE_CLIENT_VIEW_SERVED agent:2023/11/22 12:07:03 build.go:404: 409:
11-22 12:06:26.640 4233 4233 I ImeTracker: org.qtproject.example.tst_qwidget:399a5c2f: onRequestHide at ORIGIN_CLIENT_HIDE_SOFT_INPUT reason HIDE_SOFT_INPUT agent:2023/11/22 12:07:03 build.go:404: 409:
11-22 12:06:26.640 4233 4233 I ImeTracker: org.qtproject.example.tst_qwidget:399a5c2f: onFailed at PHASE_CLIENT_VIEW_SERVED agent:2023/11/22 12:07:03 build.go:404: 409:
11-22 12:06:26.641 4233 4233 I ImeTracker: org.qtproject.example.tst_qwidget:febaef67: onRequestHide at ORIGIN_CLIENT_HIDE_SOFT_INPUT reason HIDE_SOFT_INPUT agent:2023/11/22 12:07:03 build.go:404: 409:
11-22 12:06:26.642 4233 4233 I ImeTracker: org.qtproject.example.tst_qwidget:febaef67: onFailed at PHASE_CLIENT_VIEW_SERVED agent:2023/11/22 12:07:03 build.go:404: 409:
11-22 12:06:26.642 4233 4233 I ImeTracker: org.qtproject.example.tst_qwidget:5d2249cf: onRequestHide at ORIGIN_CLIENT_HIDE_SOFT_INPUT reason HIDE_SOFT_INPUT agent:2023/11/22 12:07:03 build.go:404: 409:
11-22 12:06:26.642 4233 4233 I ImeTracker: org.qtproject.example.tst_qwidget:5d2249cf: onFailed at PHASE_CLIENT_VIEW_SERVED agent:2023/11/22 12:07:03 build.go:404: 409:
11-22 12:06:26.643 4233 4233 I ImeTracker: org.qtproject.example.tst_qwidget:5ae25634: onRequestHide at ORIGIN_CLIENT_HIDE_SOFT_INPUT reason HIDE_SOFT_INPUT agent:2023/11/22 12:07:03 build.go:404: 409:
11-22 12:06:26.643 4233 4233 I ImeTracker: org.qtproject.example.tst_qwidget:5ae25634: onFailed at PHASE_CLIENT_VIEW_SERVED agent:2023/11/22 12:07:03 build.go:404: 409:
11-22 12:06:26.644 4233 4233 I ImeTracker: org.qtproject.example.tst_qwidget:8d1616a2: onRequestHide at ORIGIN_CLIENT_HIDE_SOFT_INPUT reason HIDE_SOFT_INPUT agent:2023/11/22 12:07:03 build.go:404: 409:
11-22 12:06:26.644 4233 4233 I ImeTracker: org.qtproject.example.tst_qwidget:8d1616a2: onFailed at PHASE_CLIENT_VIEW_SERVED agent:2023/11/22 12:07:03 build.go:404: 409:
11-22 12:06:26.645 4233 4233 I ImeTracker: org.qtproject.example.tst_qwidget:69a3e2d8: onRequestHide at ORIGIN_CLIENT_HIDE_SOFT_INPUT reason HIDE_SOFT_INPUT agent:2023/11/22 12:07:03 build.go:404: 409:
11-22 12:06:26.645 4233 4233 I ImeTracker: org.qtproject.example.tst_qwidget:69a3e2d8: onFailed at PHASE_CLIENT_VIEW_SERVED agent:2023/11/22 12:07:03 build.go:404: 409:
11-22 12:06:26.647 4233 4233 I ImeTracker: org.qtproject.example.tst_qwidget:f8fa5ae1: onRequestHide at ORIGIN_CLIENT_HIDE_SOFT_INPUT reason HIDE_SOFT_INPUT agent:2023/11/22 12:07:03 build.go:404: 409:
11-22 12:06:26.647 4233 4233 I ImeTracker: org.qtproject.example.tst_qwidget:f8fa5ae1: onFailed at PHASE_CLIENT_VIEW_SERVED agent:2023/11/22 12:07:03 build.go:404: 409:
11-22 12:06:26.648 4233 4233 I ImeTracker: org.qtproject.example.tst_qwidget:aa365c4b: onRequestHide at ORIGIN_CLIENT_HIDE_SOFT_INPUT reason HIDE_SOFT_INPUT agent:2023/11/22 12:07:03 build.go:404: 409:
11-22 12:06:26.648 4233 4233 I ImeTracker: org.qtproject.example.tst_qwidget:aa365c4b: onFailed at PHASE_CLIENT_VIEW_SERVED agent:2023/11/22 12:07:03 build.go:404: 409:
11-22 12:06:26.648 4233 4233 I ImeTracker: org.qtproject.example.tst_qwidget:933c0941: onRequestHide at ORIGIN_CLIENT_HIDE_SOFT_INPUT reason HIDE_SOFT_INPUT agent:2023/11/22 12:07:03 build.go:404: 409:
11-22 12:06:26.649 4233 4233 I ImeTracker: org.qtproject.example.tst_qwidget:933c0941: onFailed at PHASE_CLIENT_VIEW_SERVED agent:2023/11/22 12:07:03 build.go:404: 409:
11-22 12:06:26.649 4233 4233 I ImeTracker: org.qtproject.example.tst_qwidget:b3bc2b9f: onRequestHide at ORIGIN_CLIENT_HIDE_SOFT_INPUT reason HIDE_SOFT_INPUT agent:2023/11/22 12:07:03 build.go:404: 409:
11-22 12:06:26.649 4233 4233 I ImeTracker: org.qtproject.example.tst_qwidget:b3bc2b9f: onFailed at PHASE_CLIENT_VIEW_SERVED agent:2023/11/22 12:07:03 build.go:404: 409:
11-22 12:06:26.650 4233 4233 I ImeTracker: org.qtproject.example.tst_qwidget:b467e657: onRequestHide at ORIGIN_CLIENT_HIDE_SOFT_INPUT reason HIDE_SOFT_INPUT agent:2023/11/22 12:07:03 build.go:404: 409:
11-22 12:06:26.650 4233 4233 I ImeTracker: org.qtproject.example.tst_qwidget:b467e657: onFailed at PHASE_CLIENT_VIEW_SERVED agent:2023/11/22 12:07:03 build.go:404: 409:
11-22 12:06:26.651 4233 4233 I ImeTracker: org.qtproject.example.tst_qwidget:820266f7: onRequestHide at ORIGIN_CLIENT_HIDE_SOFT_INPUT reason HIDE_SOFT_INPUT agent:2023/11/22 12:07:03 build.go:404: 409:
11-22 12:06:26.651 4233 4233 I ImeTracker: org.qtproject.example.tst_qwidget:820266f7: onFailed at PHASE_CLIENT_VIEW_SERVED agent:2023/11/22 12:07:03 build.go:404: 409:
11-22 12:06:26.651 4233 4233 I ImeTracker: org.qtproject.example.tst_qwidget:7bc15873: onRequestHide at ORIGIN_CLIENT_HIDE_SOFT_INPUT reason HIDE_SOFT_INPUT agent:2023/11/22 12:07:03 build.go:404: 409:
11-22 12:06:26.651 4233 4233 I ImeTracker: org.qtproject.example.tst_qwidget:7bc15873: onFailed at PHASE_CLIENT_VIEW_SERVED agent:2023/11/22 12:07:03 build.go:404: 409:
11-22 12:06:26.653 4233 4233 I ImeTracker: org.qtproject.example.tst_qwidget:c9e7f10a: onRequestHide at ORIGIN_CLIENT_HIDE_SOFT_INPUT reason HIDE_SOFT_INPUT agent:2023/11/22 12:07:03 build.go:404: 409:
11-22 12:06:26.653 4233 4233 I ImeTracker: org.qtproject.example.tst_qwidget:c9e7f10a: onFailed at PHASE_CLIENT_VIEW_SERVED agent:2023/11/22 12:07:03 build.go:404: 409:
11-22 12:06:26.653 4233 4233 I ImeTracker: org.qtproject.example.tst_qwidget:5eb09bf4: onRequestHide at ORIGIN_CLIENT_HIDE_SOFT_INPUT reason HIDE_SOFT_INPUT agent:2023/11/22 12:07:03 build.go:404: 409:
