11-22 12:06:53.460 4233 4257 I QTestLib: PASS : tst_QWidget::showAndMoveChild() agent:2023/11/22 12:07:03 build.go:404: 409:
11-22 12:06:53.461 4233 4233 I ImeTracker: org.qtproject.example.tst_qwidget:1f4bf09f: onRequestHide at ORIGIN_CLIENT_HIDE_SOFT_INPUT reason HIDE_SOFT_INPUT agent:2023/11/22 12:07:03 build.go:404: 409:
11-22 12:06:53.462 4233 4233 I ImeTracker: org.qtproject.example.tst_qwidget:1f4bf09f: onFailed at PHASE_CLIENT_VIEW_SERVED agent:2023/11/22 12:07:03 build.go:404: 409:
11-22 12:06:53.463 4233 4233 I ImeTracker: org.qtproject.example.tst_qwidget:baa47c70: onRequestHide at ORIGIN_CLIENT_HIDE_SOFT_INPUT reason HIDE_SOFT_INPUT agent:2023/11/22 12:07:03 build.go:404: 409:
11-22 12:06:53.463 4233 4233 I ImeTracker: org.qtproject.example.tst_qwidget:baa47c70: onFailed at PHASE_CLIENT_VIEW_SERVED agent:2023/11/22 12:07:03 build.go:404: 409:
11-22 12:06:53.493 4233 4257 I QTestLib: PASS : tst_QWidget::subtractOpaqueSiblings() agent:2023/11/22 12:07:03 build.go:404: 409:
11-22 12:06:53.493 4233 4257 I QTestLib: PASS : tst_QWidget::setLocale() agent:2023/11/22 12:07:03 build.go:404: 409:
11-22 12:06:53.493 4233 4257 I QTestLib: PASS : tst_QWidget::propagateLocale() agent:2023/11/22 12:07:03 build.go:404: 409:
11-22 12:06:53.494 4233 4233 I ImeTracker: org.qtproject.example.tst_qwidget:670b31c9: onRequestHide at ORIGIN_CLIENT_HIDE_SOFT_INPUT reason HIDE_SOFT_INPUT agent:2023/11/22 12:07:03 build.go:404: 409:
11-22 12:06:53.494 4233 4233 I ImeTracker: org.qtproject.example.tst_qwidget:670b31c9: onFailed at PHASE_CLIENT_VIEW_SERVED agent:2023/11/22 12:07:03 build.go:404: 409:
11-22 12:06:53.496 4233 4233 I ImeTracker: org.qtproject.example.tst_qwidget:39253ab4: onRequestHide at ORIGIN_CLIENT_HIDE_SOFT_INPUT reason HIDE_SOFT_INPUT agent:2023/11/22 12:07:03 build.go:404: 409:
11-22 12:06:53.496 4233 4233 I ImeTracker: org.qtproject.example.tst_qwidget:39253ab4: onFailed at PHASE_CLIENT_VIEW_SERVED agent:2023/11/22 12:07:03 build.go:404: 409:
11-22 12:06:53.526 4233 4257 I QTestLib: PASS : tst_QWidget::deleteStyle() agent:2023/11/22 12:07:03 build.go:404: 409:
11-22 12:06:53.527 4233 4233 I ImeTracker: org.qtproject.example.tst_qwidget:27a48c54: onRequestHide at ORIGIN_CLIENT_HIDE_SOFT_INPUT reason HIDE_SOFT_INPUT agent:2023/11/22 12:07:03 build.go:404: 409:
11-22 12:06:53.528 4233 4233 I ImeTracker: org.qtproject.example.tst_qwidget:27a48c54: onFailed at PHASE_CLIENT_VIEW_SERVED agent:2023/11/22 12:07:03 build.go:404: 409:
11-22 12:06:53.529 4233 4233 I ImeTracker: org.qtproject.example.tst_qwidget:8b92130b: onRequestHide at ORIGIN_CLIENT_HIDE_SOFT_INPUT reason HIDE_SOFT_INPUT agent:2023/11/22 12:07:03 build.go:404: 409:
11-22 12:06:53.530 4233 4233 I ImeTracker: org.qtproject.example.tst_qwidget:8b92130b: onFailed at PHASE_CLIENT_VIEW_SERVED agent:2023/11/22 12:07:03 build.go:404: 409:
11-22 12:06:53.534 4233 4233 I ImeTracker: org.qtproject.example.tst_qwidget:a410297b: onRequestHide at ORIGIN_CLIENT_HIDE_SOFT_INPUT reason HIDE_SOFT_INPUT agent:2023/11/22 12:07:03 build.go:404: 409:
11-22 12:06:53.535 4233 4233 I ImeTracker: org.qtproject.example.tst_qwidget:a410297b: onFailed at PHASE_CLIENT_VIEW_SERVED agent:2023/11/22 12:07:03 build.go:404: 409:
11-22 12:06:58.529 4233 4257 I QTestLib: BFAIL : tst_QWidget::multipleToplevelFocusCheck() 'QTest::qWaitForWindowActive(&w1)' returned FALSE. () agent:2023/11/22 12:07:03 build.go:404: 409:
11-22 12:06:58.529 4233 4257 I QTestLib: Loc: [/home/qt/work/qt/qtbase/tests/auto/widgets/kernel/qwidget/tst_qwidget.cpp(6718)] agent:2023/11/22 12:07:03 build.go:404: 409:
11-22 12:06:58.532 4233 4233 I ImeTracker: org.qtproject.example.tst_qwidget:b26c82a8: onRequestHide at ORIGIN_CLIENT_HIDE_SOFT_INPUT reason HIDE_SOFT_INPUT agent:2023/11/22 12:07:03 build.go:404: 409:
11-22 12:06:58.533 4233 4233 I ImeTracker: org.qtproject.example.tst_qwidget:b26c82a8: onFailed at PHASE_CLIENT_VIEW_SERVED agent:2023/11/22 12:07:03 build.go:404: 409:
11-22 12:06:58.545 4233 4257 I QTestLib: PASS : tst_QWidget::setFocus() agent:2023/11/22 12:07:03 build.go:404: 409:
11-22 12:06:58.552 4233 4233 I ImeTracker: org.qtproject.example.tst_qwidget:ea384fdf: onRequestHide at ORIGIN_CLIENT_HIDE_SOFT_INPUT reason HIDE_SOFT_INPUT agent:2023/11/22 12:07:03 build.go:404: 409:
11-22 12:06:58.552 4233 4233 I ImeTracker: org.qtproject.example.tst_qwidget:ea384fdf: onFailed at PHASE_CLIENT_VIEW_SERVED agent:2023/11/22 12:07:03 build.go:404: 409:
11-22 12:06:58.554 4233 4233 I ImeTracker: org.qtproject.example.tst_qwidget:1a8046a4: onRequestHide at ORIGIN_CLIENT_HIDE_SOFT_INPUT reason HIDE_SOFT_INPUT agent:2023/11/22 12:07:03 build.go:404: 409:
11-22 12:06:58.554 4233 4233 I ImeTracker: org.qtproject.example.tst_qwidget:1a8046a4: onFailed at PHASE_CLIENT_VIEW_SERVED agent:2023/11/22 12:07:03 build.go:404: 409:
11-22 12:06:58.556 4233 4233 I ImeTracker: org.qtproject.example.tst_qwidget:4b9dec42: onRequestHide at ORIGIN_CLIENT_HIDE_SOFT_INPUT reason HIDE_SOFT_INPUT agent:2023/11/22 12:07:03 build.go:404: 409:
11-22 12:06:58.557 4233 4233 I ImeTracker: org.qtproject.example.tst_qwidget:4b9dec42: onFailed at PHASE_CLIENT_VIEW_SERVED agent:2023/11/22 12:07:03 build.go:404: 409:
11-22 12:06:58.558 4233 4257 I QTestLib: PASS : tst_QWidget::setCursor() agent:2023/11/22 12:07:03 build.go:404: 409:
11-22 12:06:58.560 4233 4233 I ImeTracker: org.qtproject.example.tst_qwidget:64f991c9: onRequestHide at ORIGIN_CLIENT_HIDE_SOFT_INPUT reason HIDE_SOFT_INPUT agent:2023/11/22 12:07:03 build.go:404: 409:
11-22 12:06:58.560 4233 4233 I ImeTracker: org.qtproject.example.tst_qwidget:64f991c9: onFailed at PHASE_CLIENT_VIEW_SERVED agent:2023/11/22 12:07:03 build.go:404: 409:
11-22 12:06:58.561 4233 4233 I ImeTracker: org.qtproject.example.tst_qwidget:8646e8d6: onRequestHide at ORIGIN_CLIENT_HIDE_SOFT_INPUT reason HIDE_SOFT_INPUT agent:2023/11/22 12:07:03 build.go:404: 409:
11-22 12:06:58.561 4233 4233 I ImeTracker: org.qtproject.example.tst_qwidget:8646e8d6: onFailed at PHASE_CLIENT_VIEW_SERVED agent:2023/11/22 12:07:03 build.go:404: 409:
11-22 12:06:58.562 4233 4233 I ImeTracker: org.qtproject.example.tst_qwidget:727a71df: onRequestHide at ORIGIN_CLIENT_HIDE_SOFT_INPUT reason HIDE_SOFT_INPUT agent:2023/11/22 12:07:03 build.go:404: 409:
11-22 12:06:58.562 4233 4233 I ImeTracker: org.qtproject.example.tst_qwidget:727a71df: onFailed at PHASE_CLIENT_VIEW_SERVED agent:2023/11/22 12:07:03 build.go:404: 409:
11-22 12:06:58.563 4233 4233 I ImeTracker: org.qtproject.example.tst_qwidget:f046dd1a: onRequestHide at ORIGIN_CLIENT_HIDE_SOFT_INPUT reason HIDE_SOFT_INPUT agent:2023/11/22 12:07:03 build.go:404: 409:
11-22 12:06:58.563 4233 4233 I ImeTracker: org.qtproject.example.tst_qwidget:f046dd1a: onFailed at PHASE_CLIENT_VIEW_SERVED agent:2023/11/22 12:07:03 build.go:404: 409:
11-22 12:06:58.565 4233 4233 I ImeTracker: org.qtproject.example.tst_qwidget:381690f0: onRequestHide at ORIGIN_CLIENT_HIDE_SOFT_INPUT reason HIDE_SOFT_INPUT agent:2023/11/22 12:07:03 build.go:404: 409:
11-22 12:06:58.565 4233 4233 I ImeTracker: org.qtproject.example.tst_qwidget:381690f0: onFailed at PHASE_CLIENT_VIEW_SERVED agent:2023/11/22 12:07:03 build.go:404: 409:
11-22 12:06:58.567 4233 4233 I ImeTracker: org.qtproject.example.tst_qwidget:6e9c7c55: onRequestHide at ORIGIN_CLIENT_HIDE_SOFT_INPUT reason HIDE_SOFT_INPUT agent:2023/11/22 12:07:03 build.go:404: 409:
11-22 12:06:58.567 4233 4233 I ImeTracker: org.qtproject.example.tst_qwidget:6e9c7c55: onFailed at PHASE_CLIENT_VIEW_SERVED agent:2023/11/22 12:07:03 build.go:404: 409:
11-22 12:06:58.568 4233 4233 I ImeTracker: org.qtproject.example.tst_qwidget:44f682cf: onRequestHide at ORIGIN_CLIENT_HIDE_SOFT_INPUT reason HIDE_SOFT_INPUT agent:2023/11/22 12:07:03 build.go:404: 409:
11-22 12:06:58.568 4233 4233 I ImeTracker: org.qtproject.example.tst_qwidget:44f682cf: onFailed at PHASE_CLIENT_VIEW_SERVED agent:2023/11/22 12:07:03 build.go:404: 409:
11-22 12:06:58.569 4233 4233 I ImeTracker: org.qtproject.example.tst_qwidget:8c1712b9: onRequestHide at ORIGIN_CLIENT_HIDE_SOFT_INPUT reason HIDE_SOFT_INPUT agent:2023/11/22 12:07:03 build.go:404: 409:
11-22 12:06:58.569 4233 4233 I ImeTracker: org.qtproject.example.tst_qwidget:8c1712b9: onFailed at PHASE_CLIENT_VIEW_SERVED agent:2023/11/22 12:07:03 build.go:404: 409:
11-22 12:06:58.570 4233 4233 I ImeTracker: org.qtproject.example.tst_qwidget:2c4a3a7c: onRequestHide at ORIGIN_CLIENT_HIDE_SOFT_INPUT reason HIDE_SOFT_INPUT agent:2023/11/22 12:07:03 build.go:404: 409:
11-22 12:06:58.570 4233 4233 I ImeTracker: org.qtproject.example.tst_qwidget:2c4a3a7c: onFailed at PHASE_CLIENT_VIEW_SERVED agent:2023/11/22 12:07:03 build.go:404: 409:
11-22 12:06:58.572 4233 4233 I ImeTracker: org.qtproject.example.tst_qwidget:9681496c: onRequestHide at ORIGIN_CLIENT_HIDE_SOFT_INPUT reason HIDE_SOFT_INPUT agent:2023/11/22 12:07:03 build.go:404: 409:
11-22 12:06:58.572 4233 4233 I ImeTracker: org.qtproject.example.tst_qwidget:9681496c: onFailed at PHASE_CLIENT_VIEW_SERVED agent:2023/11/22 12:07:03 build.go:404: 409:
11-22 12:06:58.575 4233 4233 I ImeTracker: org.qtproject.example.tst_qwidget:fd84ebbd: onRequestHide at ORIGIN_CLIENT_HIDE_SOFT_INPUT reason HIDE_SOFT_INPUT agent:2023/11/22 12:07:03 build.go:404: 409:
11-22 12:06:58.575 4233 4233 I ImeTracker: org.qtproject.example.tst_qwidget:fd84ebbd: onFailed at PHASE_CLIENT_VIEW_SERVED agent:2023/11/22 12:07:03 build.go:404: 409:
11-22 12:06:58.576 4233 4233 I ImeTracker: org.qtproject.example.tst_qwidget:e774730a: onRequestHide at ORIGIN_CLIENT_HIDE_SOFT_INPUT reason HIDE_SOFT_INPUT agent:2023/11/22 12:07:03 build.go:404: 409:
11-22 12:06:58.576 4233 4233 I ImeTracker: org.qtproject.example.tst_qwidget:e774730a: onFailed at PHASE_CLIENT_VIEW_SERVED agent:2023/11/22 12:07:03 build.go:404: 409:
11-22 12:06:58.578 4233 4233 I ImeTracker: org.qtproject.example.tst_qwidget:56bc2bf9: onRequestHide at ORIGIN_CLIENT_HIDE_SOFT_INPUT reason HIDE_SOFT_INPUT agent:2023/11/22 12:07:03 build.go:404: 409:
11-22 12:06:58.578 4233 4233 I ImeTracker: org.qtproject.example.tst_qwidget:56bc2bf9: onFailed at PHASE_CLIENT_VIEW_SERVED agent:2023/11/22 12:07:03 build.go:404: 409:
11-22 12:06:58.579 4233 4233 I ImeTracker: org.qtproject.example.tst_qwidget:87fd0211: onRequestHide at ORIGIN_CLIENT_HIDE_SOFT_INPUT reason HIDE_SOFT_INPUT agent:2023/11/22 12:07:03 build.go:404: 409:
11-22 12:06:58.579 4233 4233 I ImeTracker: org.qtproject.example.tst_qwidget:87fd0211: onFailed at PHASE_CLIENT_VIEW_SERVED agent:2023/11/22 12:07:03 build.go:404: 409:
11-22 12:06:58.582 4233 4233 I ImeTracker: org.qtproject.example.tst_qwidget:5899525d: onRequestHide at ORIGIN_CLIENT_HIDE_SOFT_INPUT reason HIDE_SOFT_INPUT agent:2023/11/22 12:07:03 build.go:404: 409:
11-22 12:06:58.582 4233 4233 I ImeTracker: org.qtproject.example.tst_qwidget:5899525d: onFailed at PHASE_CLIENT_VIEW_SERVED agent:2023/11/22 12:07:03 build.go:404: 409:
11-22 12:06:58.584 4233 4233 I ImeTracker: org.qtproject.example.tst_qwidget:a16c37e9: onRequestHide at ORIGIN_CLIENT_HIDE_SOFT_INPUT reason HIDE_SOFT_INPUT agent:2023/11/22 12:07:03 build.go:404: 409:
11-22 12:06:58.584 4233 4233 I ImeTracker: org.qtproject.example.tst_qwidget:a16c37e9: onFailed at PHASE_CLIENT_VIEW_SERVED agent:2023/11/22 12:07:03 build.go:404: 409:
11-22 12:06:58.586 4233 4233 I ImeTracker: org.qtproject.example.tst_qwidget:e4751692: onRequestHide at ORIGIN_CLIENT_HIDE_SOFT_INPUT reason HIDE_SOFT_INPUT agent:2023/11/22 12:07:03 build.go:404: 409:
11-22 12:06:58.586 4233 4233 I ImeTracker: org.qtproject.example.tst_qwidget:e4751692: onFailed at PHASE_CLIENT_VIEW_SERVED agent:2023/11/22 12:07:03 build.go:404: 409:
11-22 12:06:58.588 4233 4233 I ImeTracker: org.qtproject.example.tst_qwidget:788d6ddc: onRequestHide at ORIGIN_CLIENT_HIDE_SOFT_INPUT reason HIDE_SOFT_INPUT agent:2023/11/22 12:07:03 build.go:404: 409:
11-22 12:06:58.588 4233 4233 I ImeTracker: org.qtproject.example.tst_qwidget:788d6ddc: onFailed at PHASE_CLIENT_VIEW_SERVED agent:2023/11/22 12:07:03 build.go:404: 409:
11-22 12:06:58.590 4233 4233 I ImeTracker: org.qtproject.example.tst_qwidget:d6cc4101: onRequestHide at ORIGIN_CLIENT_HIDE_SOFT_INPUT reason HIDE_SOFT_INPUT agent:2023/11/22 12:07:03 build.go:404: 409:
11-22 12:06:58.591 4233 4233 I ImeTracker: org.qtproject.example.tst_qwidget:d6cc4101: onFailed at PHASE_CLIENT_VIEW_SERVED agent:2023/11/22 12:07:03 build.go:404: 409:
11-22 12:06:58.592 4233 4233 I ImeTracker: org.qtproject.example.tst_qwidget:4b7161ac: onRequestHide at ORIGIN_CLIENT_HIDE_SOFT_INPUT reason HIDE_SOFT_INPUT agent:2023/11/22 12:07:03 build.go:404: 409:
11-22 12:06:58.593 4233 4233 I ImeTracker: org.qtproject.example.tst_qwidget:4b7161ac: onFailed at PHASE_CLIENT_VIEW_SERVED agent:2023/11/22 12:07:03 build.go:404: 409:
11-22 12:06:58.594 4233 4233 I ImeTracker: org.qtproject.example.tst_qwidget:f2430b56: onRequestHide at ORIGIN_CLIENT_HIDE_SOFT_INPUT reason HIDE_SOFT_INPUT agent:2023/11/22 12:07:03 build.go:404: 409:
11-22 12:06:58.594 4233 4233 I ImeTracker: org.qtproject.example.tst_qwidget:f2430b56: onFailed at PHASE_CLIENT_VIEW_SERVED agent:2023/11/22 12:07:03 build.go:404: 409:
11-22 12:06:58.595 4233 4233 I ImeTracker: org.qtproject.example.tst_qwidget:2fa09050: onRequestHide at ORIGIN_CLIENT_HIDE_SOFT_INPUT reason HIDE_SOFT_INPUT agent:2023/11/22 12:07:03 build.go:404: 409:
11-22 12:06:58.595 4233 4233 I ImeTracker: org.qtproject.example.tst_qwidget:2fa09050: onFailed at PHASE_CLIENT_VIEW_SERVED agent:2023/11/22 12:07:03 build.go:404: 409:
11-22 12:06:58.596 4233 4233 I ImeTracker: org.qtproject.example.tst_qwidget:89662c40: onRequestHide at ORIGIN_CLIENT_HIDE_SOFT_INPUT reason HIDE_SOFT_INPUT agent:2023/11/22 12:07:03 build.go:404: 409:
11-22 12:06:58.596 4233 4233 I ImeTracker: org.qtproject.example.tst_qwidget:89662c40: onFailed at PHASE_CLIENT_VIEW_SERVED agent:2023/11/22 12:07:03 build.go:404: 409:
11-22 12:06:58.597 4233 4233 I ImeTracker: org.qtproject.example.tst_qwidget:7edd435f: onRequestHide at ORIGIN_CLIENT_HIDE_SOFT_INPUT reason HIDE_SOFT_INPUT agent:2023/11/22 12:07:03 build.go:404: 409:
11-22 12:06:58.597 4233 4233 I ImeTracker: org.qtproject.example.tst_qwidget:7edd435f: onFailed at PHASE_CLIENT_VIEW_SERVED agent:2023/11/22 12:07:03 build.go:404: 409:
11-22 12:06:58.598 4233 4233 I ImeTracker: org.qtproject.example.tst_qwidget:a9d15b73: onRequestHide at ORIGIN_CLIENT_HIDE_SOFT_INPUT reason HIDE_SOFT_INPUT agent:2023/11/22 12:07:03 build.go:404: 409:
11-22 12:06:58.598 4233 4233 I ImeTracker: org.qtproject.example.tst_qwidget:a9d15b73: onFailed at PHASE_CLIENT_VIEW_SERVED agent:2023/11/22 12:07:03 build.go:404: 409:
11-22 12:06:58.600 4233 4233 I ImeTracker: org.qtproject.example.tst_qwidget:3cc82918: onRequestHide at ORIGIN_CLIENT_HIDE_SOFT_INPUT reason HIDE_SOFT_INPUT agent:2023/11/22 12:07:03 build.go:404: 409:
11-22 12:06:58.600 4233 4233 I ImeTracker: org.qtproject.example.tst_qwidget:3cc82918: onFailed at PHASE_CLIENT_VIEW_SERVED agent:2023/11/22 12:07:03 build.go:404: 409:
11-22 12:06:58.601 4233 4233 I ImeTracker: org.qtproject.example.tst_qwidget:4d739500: onRequestHide at ORIGIN_CLIENT_HIDE_SOFT_INPUT reason HIDE_SOFT_INPUT agent:2023/11/22 12:07:03 build.go:404: 409:
11-22 12:06:58.601 4233 4233 I ImeTracker: org.qtproject.example.tst_qwidget:4d739500: onFailed at PHASE_CLIENT_VIEW_SERVED agent:2023/11/22 12:07:03 build.go:404: 409:
11-22 12:06:58.602 4233 4233 I ImeTracker: org.qtproject.example.tst_qwidget:74590b49: onRequestHide at ORIGIN_CLIENT_HIDE_SOFT_INPUT reason HIDE_SOFT_INPUT agent:2023/11/22 12:07:03 build.go:404: 409:
11-22 12:06:58.602 4233 4233 I ImeTracker: org.qtproject.example.tst_qwidget:74590b49: onFailed at PHASE_CLIENT_VIEW_SERVED agent:2023/11/22 12:07:03 build.go:404: 409:
11-22 12:06:58.604 4233 4233 I ImeTracker: org.qtproject.example.tst_qwidget:1dc2f8ad: onRequestHide at ORIGIN_CLIENT_HIDE_SOFT_INPUT reason HIDE_SOFT_INPUT agent:2023/11/22 12:07:03 build.go:404: 409:
11-22 12:06:58.604 4233 4233 I ImeTracker: org.qtproject.example.tst_qwidget:1dc2f8ad: onFailed at PHASE_CLIENT_VIEW_SERVED agent:2023/11/22 12:07:03 build.go:404: 409:
11-22 12:06:58.605 4233 4233 I ImeTracker: org.qtproject.example.tst_qwidget:37e19b76: onRequestHide at ORIGIN_CLIENT_HIDE_SOFT_INPUT reason HIDE_SOFT_INPUT agent:2023/11/22 12:07:03 build.go:404: 409:
11-22 12:06:58.605 4233 4233 I ImeTracker: org.qtproject.example.tst_qwidget:37e19b76: onFailed at PHASE_CLIENT_VIEW_SERVED agent:2023/11/22 12:07:03 build.go:404: 409:
11-22 12:06:58.606 4233 4233 I ImeTracker: org.qtproject.example.tst_qwidget:3d9ba046: onRequestHide at ORIGIN_CLIENT_HIDE_SOFT_INPUT reason HIDE_SOFT_INPUT agent:2023/11/22 12:07:03 build.go:404: 409:
11-22 12:06:58.606 4233 4233 I ImeTracker: org.qtproject.example.tst_qwidget:3d9ba046: onFailed at PHASE_CLIENT_VIEW_SERVED agent:2023/11/22 12:07:03 build.go:404: 409:
11-22 12:07:01.695 4233 4233 I ImeTracker: org.qtproject.example.tst_qwidget:761dc131: onRequestHide at ORIGIN_CLIENT_HIDE_SOFT_INPUT reason HIDE_SOFT_INPUT agent:2023/11/22 12:07:03 build.go:404: 409:
11-22 12:07:01.696 4233 4233 I ImeTracker: org.qtproject.example.tst_qwidget:761dc131: onFailed at PHASE_CLIENT_VIEW_SERVED agent:2023/11/22 12:07:03 build.go:404: 409:
11-22 12:07:01.702 4233 4233 I ImeTracker: org.qtproject.example.tst_qwidget:20cffb00: onRequestHide at ORIGIN_CLIENT_HIDE_SOFT_INPUT reason HIDE_SOFT_INPUT agent:2023/11/22 12:07:03 build.go:404: 409:
11-22 12:07:01.703 4233 4233 I ImeTracker: org.qtproject.example.tst_qwidget:20cffb00: onFailed at PHASE_CLIENT_VIEW_SERVED agent:2023/11/22 12:07:03 build.go:404: 409:
11-22 12:07:02.608 4233 4257 I QTestLib: PASS : tst_QWidget::setToolTip() agent:2023/11/22 12:07:03 build.go:404: 409:
11-22 12:07:02.609 4233 4233 I ImeTracker: org.qtproject.example.tst_qwidget:5396b9f7: onRequestHide at ORIGIN_CLIENT_HIDE_SOFT_INPUT reason HIDE_SOFT_INPUT agent:2023/11/22 12:07:03 build.go:404: 409:
11-22 12:07:02.609 4233 4233 I ImeTracker: org.qtproject.example.tst_qwidget:5396b9f7: onFailed at PHASE_CLIENT_VIEW_SERVED agent:2023/11/22 12:07:03 build.go:404: 409:
11-22 12:07:02.616 4233 4233 I ImeTracker: org.qtproject.example.tst_qwidget:3d588e18: onRequestHide at ORIGIN_CLIENT_HIDE_SOFT_INPUT reason HIDE_SOFT_INPUT agent:2023/11/22 12:07:03 build.go:404: 409:
11-22 12:07:02.616 4233 4233 I ImeTracker: org.qtproject.example.tst_qwidget:3d588e18: onFailed at PHASE_CLIENT_VIEW_SERVED agent:2023/11/22 12:07:03 build.go:404: 409:
11-22 12:07:02.617 4233 4257 I QTestLib: PASS : tst_QWidget::testWindowIconChangeEventPropagation() agent:2023/11/22 12:07:03 build.go:404: 409:
11-22 12:07:02.617 4233 4233 I ImeTracker: org.qtproject.example.tst_qwidget:78af3529: onRequestHide at ORIGIN_CLIENT_HIDE_SOFT_INPUT reason HIDE_SOFT_INPUT agent:2023/11/22 12:07:03 build.go:404: 409:
11-22 12:07:02.617 4233 4233 I ImeTracker: org.qtproject.example.tst_qwidget:78af3529: onFailed at PHASE_CLIENT_VIEW_SERVED agent:2023/11/22 12:07:03 build.go:404: 409:
11-22 12:07:02.617 4233 4257 I QTestLib: SKIP : tst_QWidget::minAndMaxSizeWithX11BypassWindowManagerHint() This test is for X11 only. agent:2023/11/22 12:07:03 build.go:404: 409:
11-22 12:07:02.617 4233 4257 I QTestLib: Loc: [/home/qt/work/qt/qtbase/tests/auto/widgets/kernel/qwidget/tst_qwidget.cpp(7350)] agent:2023/11/22 12:07:03 build.go:404: 409:
11-22 12:07:02.617 4233 4257 I QTestLib: SKIP : tst_QWidget::showHideShowX11() This test is for X11 only. agent:2023/11/22 12:07:03 build.go:404: 409:
11-22 12:07:02.617 4233 4257 I QTestLib: Loc: [/home/qt/work/qt/qtbase/tests/auto/widgets/kernel/qwidget/tst_qwidget.cpp(7449)] agent:2023/11/22 12:07:03 build.go:404: 409:
11-22 12:07:02.618 4233 4233 I ImeTracker: org.qtproject.example.tst_qwidget:d21574f5: onRequestHide at ORIGIN_CLIENT_HIDE_SOFT_INPUT reason HIDE_SOFT_INPUT agent:2023/11/22 12:07:03 build.go:404: 409:
11-22 12:07:02.618 4233 4257 I QTestLib: SKIP : tst_QWidget::clean_qt_x11_enforce_cursor() This test is for X11 only. agent:2023/11/22 12:07:03 build.go:404: 409:
11-22 12:07:02.618 4233 4257 I QTestLib: Loc: [/home/qt/work/qt/qtbase/tests/auto/widgets/kernel/qwidget/tst_qwidget.cpp(7470)] agent:2023/11/22 12:07:03 build.go:404: 409:
11-22 12:07:02.618 4233 4233 I ImeTracker: org.qtproject.example.tst_qwidget:d21574f5: onFailed at PHASE_CLIENT_VIEW_SERVED agent:2023/11/22 12:07:03 build.go:404: 409:
11-22 12:07:02.632 4233 4233 I ImeTracker: org.qtproject.example.tst_qwidget:a6b38a23: onRequestHide at ORIGIN_CLIENT_HIDE_SOFT_INPUT reason HIDE_SOFT_INPUT agent:2023/11/22 12:07:03 build.go:404: 409:
11-22 12:07:02.633 4233 4233 I ImeTracker: org.qtproject.example.tst_qwidget:a6b38a23: onFailed at PHASE_CLIENT_VIEW_SERVED agent:2023/11/22 12:07:03 build.go:404: 409:
11-22 12:07:02.634 4233 4233 I ImeTracker: org.qtproject.example.tst_qwidget:c0eec376: onRequestHide at ORIGIN_CLIENT_HIDE_SOFT_INPUT reason HIDE_SOFT_INPUT agent:2023/11/22 12:07:03 build.go:404: 409:
11-22 12:07:02.634 4233 4233 I ImeTracker: org.qtproject.example.tst_qwidget:c0eec376: onFailed at PHASE_CLIENT_VIEW_SERVED agent:2023/11/22 12:07:03 build.go:404: 409:
11-22 12:07:02.635 4233 4233 I ImeTracker: org.qtproject.example.tst_qwidget:d1426ab9: onRequestHide at ORIGIN_CLIENT_HIDE_SOFT_INPUT reason HIDE_SOFT_INPUT agent:2023/11/22 12:07:03 build.go:404: 409:
11-22 12:07:02.635 4233 4233 I ImeTracker: org.qtproject.example.tst_qwidget:d1426ab9: onFailed at PHASE_CLIENT_VIEW_SERVED agent:2023/11/22 12:07:03 build.go:404: 409:
11-22 12:07:02.637 4233 4233 E BufferQueueProducer: [SurfaceView[org.qtproject.example.tst_qwidget/org.qtproject.qt.android.bindings.QtActivity]#75(BLAST Consumer)75](id:10890000004b,api:0,p:-1,c:4233) disconnect: not connected (req=2) agent:2023/11/22 12:07:03 build.go:404: 409:
11-22 12:07:02.657 4233 4254 D EGL_emulation: app_time_stats: avg=4817.93ms min=68.25ms max=9567.61ms count=2 agent:2023/11/22 12:07:03 build.go:404: 409:
11-22 12:07:02.665 4233 4233 I ImeTracker: org.qtproject.example.tst_qwidget:2dc626b6: onRequestHide at ORIGIN_CLIENT_HIDE_SOFT_INPUT reason HIDE_SOFT_INPUT agent:2023/11/22 12:07:03 build.go:404: 409:
11-22 12:07:02.665 4233 4233 I ImeTracker: org.qtproject.example.tst_qwidget:2dc626b6: onFailed at PHASE_CLIENT_VIEW_SERVED agent:2023/11/22 12:07:03 build.go:404: 409:
11-22 12:07:02.665 4233 4233 I ImeTracker: org.qtproject.example.tst_qwidget:8e29b798: onRequestHide at ORIGIN_CLIENT_HIDE_SOFT_INPUT reason HIDE_SOFT_INPUT agent:2023/11/22 12:07:03 build.go:404: 409:
11-22 12:07:02.666 4233 4233 I ImeTracker: org.qtproject.example.tst_qwidget:8e29b798: onFailed at PHASE_CLIENT_VIEW_SERVED agent:2023/11/22 12:07:03 build.go:404: 409:
11-22 12:07:02.669 4233 4233 E BufferQueueProducer: [SurfaceView[org.qtproject.example.tst_qwidget/org.qtproject.qt.android.bindings.QtActivity]#76(BLAST Consumer)76](id:10890000004c,api:0,p:-1,c:4233) disconnect: not connected (req=2) agent:2023/11/22 12:07:03 build.go:404: 409:
11-22 12:07:02.699 4233 4233 I ImeTracker: org.qtproject.example.tst_qwidget:f027b4cd: onRequestHide at ORIGIN_CLIENT_HIDE_SOFT_INPUT reason HIDE_SOFT_INPUT agent:2023/11/22 12:07:03 build.go:404: 409:
11-22 12:07:02.700 4233 4233 I ImeTracker: org.qtproject.example.tst_qwidget:f027b4cd: onFailed at PHASE_CLIENT_VIEW_SERVED agent:2023/11/22 12:07:03 build.go:404: 409:
11-22 12:07:02.701 4233 4233 I ImeTracker: org.qtproject.example.tst_qwidget:36e46139: onRequestHide at ORIGIN_CLIENT_HIDE_SOFT_INPUT reason HIDE_SOFT_INPUT agent:2023/11/22 12:07:03 build.go:404: 409:
11-22 12:07:02.701 4233 4233 I ImeTracker: org.qtproject.example.tst_qwidget:36e46139: onFailed at PHASE_CLIENT_VIEW_SERVED agent:2023/11/22 12:07:03 build.go:404: 409:
11-22 12:07:02.703 4233 4233 E BufferQueueProducer: [SurfaceView[org.qtproject.example.tst_qwidget/org.qtproject.qt.android.bindings.QtActivity]#77(BLAST Consumer)77](id:10890000004d,api:0,p:-1,c:4233) disconnect: not connected (req=2) agent:2023/11/22 12:07:03 build.go:404: 409:
11-22 12:07:02.723 4233 4257 I QTestLib: PASS : tst_QWidget::childEvents() agent:2023/11/22 12:07:03 build.go:404: 409:
11-22 12:07:02.732 4233 4233 I ImeTracker: org.qtproject.example.tst_qwidget:cc253d31: onRequestHide at ORIGIN_CLIENT_HIDE_SOFT_INPUT reason HIDE_SOFT_INPUT agent:2023/11/22 12:07:03 build.go:404: 409:
11-22 12:07:02.732 4233 4233 I ImeTracker: org.qtproject.example.tst_qwidget:cc253d31: onFailed at PHASE_CLIENT_VIEW_SERVED agent:2023/11/22 12:07:03 build.go:404: 409:
11-22 12:07:02.749 4233 4233 I ImeTracker: org.qtproject.example.tst_qwidget:5e977e5: onRequestHide at ORIGIN_CLIENT_HIDE_SOFT_INPUT reason HIDE_SOFT_INPUT agent:2023/11/22 12:07:03 build.go:404: 409:
11-22 12:07:02.749 4233 4233 I ImeTracker: org.qtproject.example.tst_qwidget:5e977e5: onFailed at PHASE_CLIENT_VIEW_SERVED agent:2023/11/22 12:07:03 build.go:404: 409:
11-22 12:07:02.753 4233 4233 I ImeTracker: org.qtproject.example.tst_qwidget:744b126d: onRequestHide at ORIGIN_CLIENT_HIDE_SOFT_INPUT reason HIDE_SOFT_INPUT agent:2023/11/22 12:07:03 build.go:404: 409:
11-22 12:07:02.754 4233 4233 I ImeTracker: org.qtproject.example.tst_qwidget:744b126d: onFailed at PHASE_CLIENT_VIEW_SERVED agent:2023/11/22 12:07:03 build.go:404: 409:
11-22 12:07:02.786 4233 4233 I ImeTracker: org.qtproject.example.tst_qwidget:f7ade249: onRequestHide at ORIGIN_CLIENT_HIDE_SOFT_INPUT reason HIDE_SOFT_INPUT agent:2023/11/22 12:07:03 build.go:404: 409:
11-22 12:07:02.786 4233 4233 I ImeTracker: org.qtproject.example.tst_qwidget:f7ade249: onFailed at PHASE_CLIENT_VIEW_SERVED agent:2023/11/22 12:07:03 build.go:404: 409: --------- beginning of crash agent:2023/11/22 12:07:03 build.go:404: 409:
11-22 12:07:02.786 4233 4257 F libc : Fatal signal 11 (SIGSEGV), code 1 (SEGV_MAPERR), fault addr 0xfffffffffffffff0 in tid 4257 (qtMainLoopThrea), pid 4233 (ple.tst_qwidget) agent:2023/11/22 12:07:03 build.go:404: 409:
11-22 12:07:02.801 4233 4233 I ImeTracker: org.qtproject.example.tst_qwidget:d30406f5: onRequestHide at ORIGIN_CLIENT_HIDE_SOFT_INPUT reason HIDE_SOFT_INPUT agent:2023/11/22 12:07:03 build.go:404: 409:
11-22 12:07:02.801 4233 4233 I ImeTracker: org.qtproject.example.tst_qwidget:d30406f5: onFailed at PHASE_CLIENT_VIEW_SERVED agent:2023/11/22 12:07:03 build.go:404: 409: agent:2023/11/22 12:07:03 build.go:404: 409: ****** End Logcat output ******