--------- beginning of main agent:2023/11/22 12:07:03 build.go:404: 409:
11-22 12:05:34.165 4233 4233 I ple.tst_qwidget: Late-enabling -Xcheck:jni agent:2023/11/22 12:07:03 build.go:404: 409:
11-22 12:05:34.186 4233 4233 I ple.tst_qwidget: Using CollectorTypeCC GC. agent:2023/11/22 12:07:03 build.go:404: 409:
11-22 12:05:34.188 4233 4233 W ple.tst_qwidget: Unexpected CPU variant for x86: x86_64. agent:2023/11/22 12:07:03 build.go:404: 409:
11-22 12:05:34.188 4233 4233 W ple.tst_qwidget: Known variants: atom, sandybridge, silvermont, goldmont, goldmont-plus, tremont, kabylake, default agent:2023/11/22 12:07:03 build.go:404: 409:
11-22 12:05:34.243 4233 4233 D CompatibilityChangeReporter: Compat change id reported: 171979766; UID 10590; state: ENABLED agent:2023/11/22 12:07:03 build.go:404: 409:
11-22 12:05:34.244 4233 4233 D CompatibilityChangeReporter: Compat change id reported: 242716250; UID 10590; state: DISABLED agent:2023/11/22 12:07:03 build.go:404: 409:
11-22 12:05:34.252 4233 4233 W ziparchive: Unable to open '/data/app/~~Jj-30L8wqGnNRxwib9ZhBQ==/org.qtproject.example.tst_qwidget-442Px4jWNZdk-9Yzm9VSHw==/base.dm': No such file or directory agent:2023/11/22 12:07:03 build.go:404: 409:
11-22 12:05:34.252 4233 4233 W ziparchive: Unable to open '/data/app/~~Jj-30L8wqGnNRxwib9ZhBQ==/org.qtproject.example.tst_qwidget-442Px4jWNZdk-9Yzm9VSHw==/base.dm': No such file or directory agent:2023/11/22 12:07:03 build.go:404: 409:
11-22 12:05:34.287 4233 4233 D nativeloader: Configuring clns-6 for other apk /data/app/~~Jj-30L8wqGnNRxwib9ZhBQ==/org.qtproject.example.tst_qwidget-442Px4jWNZdk-9Yzm9VSHw==/base.apk. target_sdk_version=33, uses_libraries=, library_path=/data/app/~~Jj-30L8wqGnNRxwib9ZhBQ==/org.qtproject.example.tst_qwidget-442Px4jWNZdk-9Yzm9VSHw==/lib/x86_64:/data/app/~~Jj-30L8wqGnNRxwib9ZhBQ==/org.qtproject.example.tst_qwidget-442Px4jWNZdk-9Yzm9VSHw==/base.apk!/lib/x86_64, permitted_path=/data:/mnt/expand:/data/user/0/org.qtproject.example.tst_qwidget agent:2023/11/22 12:07:03 build.go:404: 409:
11-22 12:05:34.294 4233 4233 V GraphicsEnvironment: Currently set values for: agent:2023/11/22 12:07:03 build.go:404: 409:
11-22 12:05:34.294 4233 4233 V GraphicsEnvironment: angle_gl_driver_selection_pkgs=[] agent:2023/11/22 12:07:03 build.go:404: 409:
11-22 12:05:34.294 4233 4233 V GraphicsEnvironment: angle_gl_driver_selection_values=[] agent:2023/11/22 12:07:03 build.go:404: 409:
11-22 12:05:34.294 4233 4233 V GraphicsEnvironment: ANGLE GameManagerService for org.qtproject.example.tst_qwidget: false agent:2023/11/22 12:07:03 build.go:404: 409:
11-22 12:05:34.294 4233 4233 V GraphicsEnvironment: org.qtproject.example.tst_qwidget is not listed in per-application setting agent:2023/11/22 12:07:03 build.go:404: 409:
11-22 12:05:34.295 4233 4233 V GraphicsEnvironment: Neither updatable production driver nor prerelease driver is supported. agent:2023/11/22 12:07:03 build.go:404: 409:
11-22 12:05:34.307 4233 4256 D libEGL : loaded /vendor/lib64/egl/libEGL_emulation.so agent:2023/11/22 12:07:03 build.go:404: 409:
11-22 12:05:34.316 4233 4256 D libEGL : loaded /vendor/lib64/egl/libGLESv1_CM_emulation.so agent:2023/11/22 12:07:03 build.go:404: 409:
11-22 12:05:34.336 4233 4233 D CompatibilityChangeReporter: Compat change id reported: 247079863; UID 10590; state: DISABLED agent:2023/11/22 12:07:03 build.go:404: 409:
11-22 12:05:34.337 4233 4233 W ziparchive: Unable to open '/data/app/~~Jj-30L8wqGnNRxwib9ZhBQ==/org.qtproject.example.tst_qwidget-442Px4jWNZdk-9Yzm9VSHw==/base.dm': No such file or directory agent:2023/11/22 12:07:03 build.go:404: 409:
11-22 12:05:34.338 4233 4233 W ziparchive: Unable to open '/data/app/~~Jj-30L8wqGnNRxwib9ZhBQ==/org.qtproject.example.tst_qwidget-442Px4jWNZdk-9Yzm9VSHw==/base.dm': No such file or directory agent:2023/11/22 12:07:03 build.go:404: 409:
11-22 12:05:34.352 4233 4256 D libEGL : loaded /vendor/lib64/egl/libGLESv2_emulation.so agent:2023/11/22 12:07:03 build.go:404: 409:
11-22 12:05:34.832 4233 4257 I QtCore : Start agent:2023/11/22 12:07:03 build.go:404: 409:
11-22 12:05:34.843 4233 4257 I Qt : qt started agent:2023/11/22 12:07:03 build.go:404: 409:
11-22 12:05:34.850 4233 4233 D CompatibilityChangeReporter: Compat change id reported: 210923482; UID 10590; state: ENABLED agent:2023/11/22 12:07:03 build.go:404: 409:
11-22 12:05:34.861 4233 4233 D CompatibilityChangeReporter: Compat change id reported: 237531167; UID 10590; state: DISABLED agent:2023/11/22 12:07:03 build.go:404: 409:
11-22 12:05:34.863 4233 4233 W OpenGLRenderer: Unknown dataspace 0 agent:2023/11/22 12:07:03 build.go:404: 409:
11-22 12:05:34.913 4233 4254 W OpenGLRenderer: Failed to initialize 101010-2 format, error = EGL_SUCCESS agent:2023/11/22 12:07:03 build.go:404: 409:
11-22 12:05:34.947 4233 4254 I Gralloc4: mapper 4.x is not supported agent:2023/11/22 12:07:03 build.go:404: 409:
11-22 12:05:35.157 4233 4257 I QTestLib: ********* Start testing of tst_QWidget ********* agent:2023/11/22 12:07:03 build.go:404: 409:
11-22 12:05:35.157 4233 4257 I QTestLib: Config: Using QtTest library 6.7.0, Qt 6.7.0 (x86_64-little_endian-lp64 shared (dynamic) release build; by Android (8490178, based on r450784d) Clang 14.0.6 (https://android.googlesource.com/toolchain/llvm-project 4c603efb0cca074e9238af8b4106c30add4418f6)), android 14.0 agent:2023/11/22 12:07:03 build.go:404: 409:
11-22 12:05:35.158 4233 4257 I QTestLib: PASS : tst_QWidget::initTestCase() agent:2023/11/22 12:07:03 build.go:404: 409:
11-22 12:05:35.159 4233 4257 I QTestLib: PASS : tst_QWidget::addActionOverloads() agent:2023/11/22 12:07:03 build.go:404: 409:
11-22 12:05:35.160 4233 4257 I QTestLib: QDEBUG : tst_QWidget::getSetCheck() QRect(10,10 100x100) agent:2023/11/22 12:07:03 build.go:404: 409:
11-22 12:05:35.160 4233 4257 I QTestLib: QDEBUG : tst_QWidget::getSetCheck() QRect(0,0 0x0) agent:2023/11/22 12:07:03 build.go:404: 409:
11-22 12:05:35.160 4233 4257 I QTestLib: PASS : tst_QWidget::getSetCheck() agent:2023/11/22 12:07:03 build.go:404: 409:
11-22 12:05:35.162 4233 4257 I QTestLib: PASS : tst_QWidget::fontPropagation() agent:2023/11/22 12:07:03 build.go:404: 409:
11-22 12:05:35.165 4233 4257 I QTestLib: PASS : tst_QWidget::fontPropagation2() agent:2023/11/22 12:07:03 build.go:404: 409:
11-22 12:05:35.166 4233 4257 I QTestLib: PASS : tst_QWidget::fontPropagation3() agent:2023/11/22 12:07:03 build.go:404: 409:
11-22 12:05:35.166 4233 4257 I QTestLib: PASS : tst_QWidget::fontPropagationDynamic() agent:2023/11/22 12:07:03 build.go:404: 409:
11-22 12:05:35.167 4233 4257 I QTestLib: PASS : tst_QWidget::palettePropagation() agent:2023/11/22 12:07:03 build.go:404: 409:
11-22 12:05:35.168 4233 4257 I QTestLib: PASS : tst_QWidget::palettePropagation2() agent:2023/11/22 12:07:03 build.go:404: 409:
11-22 12:05:35.168 4233 4257 I QTestLib: PASS : tst_QWidget::palettePropagationDynamic() agent:2023/11/22 12:07:03 build.go:404: 409:
11-22 12:05:35.169 4233 4257 I QTestLib: PASS : tst_QWidget::enabledPropagation() agent:2023/11/22 12:07:03 build.go:404: 409:
11-22 12:05:35.169 4233 4233 I ImeTracker: org.qtproject.example.tst_qwidget:ec1e530e: onRequestHide at ORIGIN_CLIENT_HIDE_SOFT_INPUT reason HIDE_SOFT_INPUT agent:2023/11/22 12:07:03 build.go:404: 409:
11-22 12:05:35.171 4233 4233 I ImeTracker: org.qtproject.example.tst_qwidget:ec1e530e: onFailed at PHASE_CLIENT_VIEW_SERVED agent:2023/11/22 12:07:03 build.go:404: 409:
11-22 12:05:35.173 4233 4233 I ImeTracker: org.qtproject.example.tst_qwidget:4adfeea3: onRequestHide at ORIGIN_CLIENT_HIDE_SOFT_INPUT reason HIDE_SOFT_INPUT agent:2023/11/22 12:07:03 build.go:404: 409:
11-22 12:05:35.174 4233 4233 I ImeTracker: org.qtproject.example.tst_qwidget:4adfeea3: onFailed at PHASE_CLIENT_VIEW_SERVED agent:2023/11/22 12:07:03 build.go:404: 409:
11-22 12:05:35.174 4233 4233 I ImeTracker: org.qtproject.example.tst_qwidget:79d49afc: onRequestHide at ORIGIN_CLIENT_HIDE_SOFT_INPUT reason HIDE_SOFT_INPUT agent:2023/11/22 12:07:03 build.go:404: 409:
11-22 12:05:35.175 4233 4233 I ImeTracker: org.qtproject.example.tst_qwidget:79d49afc: onFailed at PHASE_CLIENT_VIEW_SERVED agent:2023/11/22 12:07:03 build.go:404: 409:
11-22 12:05:35.176 4233 4233 I ImeTracker: org.qtproject.example.tst_qwidget:1be56105: onRequestHide at ORIGIN_CLIENT_HIDE_SOFT_INPUT reason HIDE_SOFT_INPUT agent:2023/11/22 12:07:03 build.go:404: 409:
11-22 12:05:35.176 4233 4233 I ImeTracker: org.qtproject.example.tst_qwidget:1be56105: onFailed at PHASE_CLIENT_VIEW_SERVED agent:2023/11/22 12:07:03 build.go:404: 409:
11-22 12:05:35.183 4233 4233 I ImeTracker: org.qtproject.example.tst_qwidget:8e658fa2: onRequestHide at ORIGIN_CLIENT_HIDE_SOFT_INPUT reason HIDE_SOFT_INPUT agent:2023/11/22 12:07:03 build.go:404: 409:
11-22 12:05:35.183 4233 4233 I ImeTracker: org.qtproject.example.tst_qwidget:8e658fa2: onFailed at PHASE_CLIENT_VIEW_SERVED agent:2023/11/22 12:07:03 build.go:404: 409:
11-22 12:05:35.184 4233 4233 I ImeTracker: org.qtproject.example.tst_qwidget:18c2cfb0: onRequestHide at ORIGIN_CLIENT_HIDE_SOFT_INPUT reason HIDE_SOFT_INPUT agent:2023/11/22 12:07:03 build.go:404: 409:
11-22 12:05:35.184 4233 4233 I ImeTracker: org.qtproject.example.tst_qwidget:18c2cfb0: onFailed at PHASE_CLIENT_VIEW_SERVED agent:2023/11/22 12:07:03 build.go:404: 409:
11-22 12:05:35.185 4233 4233 I ImeTracker: org.qtproject.example.tst_qwidget:3d9fdd0b: onRequestHide at ORIGIN_CLIENT_HIDE_SOFT_INPUT reason HIDE_SOFT_INPUT agent:2023/11/22 12:07:03 build.go:404: 409:
11-22 12:05:35.185 4233 4233 I ImeTracker: org.qtproject.example.tst_qwidget:3d9fdd0b: onFailed at PHASE_CLIENT_VIEW_SERVED agent:2023/11/22 12:07:03 build.go:404: 409:
11-22 12:05:35.186 4233 4233 I ImeTracker: org.qtproject.example.tst_qwidget:84e06390: onRequestHide at ORIGIN_CLIENT_HIDE_SOFT_INPUT reason HIDE_SOFT_INPUT agent:2023/11/22 12:07:03 build.go:404: 409:
11-22 12:05:35.186 4233 4233 I ImeTracker: org.qtproject.example.tst_qwidget:84e06390: onFailed at PHASE_CLIENT_VIEW_SERVED agent:2023/11/22 12:07:03 build.go:404: 409:
11-22 12:05:35.187 4233 4233 I ImeTracker: org.qtproject.example.tst_qwidget:ab849484: onRequestHide at ORIGIN_CLIENT_HIDE_SOFT_INPUT reason HIDE_SOFT_INPUT agent:2023/11/22 12:07:03 build.go:404: 409:
11-22 12:05:35.187 4233 4233 I ImeTracker: org.qtproject.example.tst_qwidget:ab849484: onFailed at PHASE_CLIENT_VIEW_SERVED agent:2023/11/22 12:07:03 build.go:404: 409:
11-22 12:05:35.188 4233 4233 I ImeTracker: org.qtproject.example.tst_qwidget:e694e299: onRequestHide at ORIGIN_CLIENT_HIDE_SOFT_INPUT reason HIDE_SOFT_INPUT agent:2023/11/22 12:07:03 build.go:404: 409:
11-22 12:05:35.188 4233 4233 I ImeTracker: org.qtproject.example.tst_qwidget:e694e299: onFailed at PHASE_CLIENT_VIEW_SERVED agent:2023/11/22 12:07:03 build.go:404: 409:
11-22 12:05:35.196 4233 4257 I QTestLib: PASS : tst_QWidget::ignoreKeyEventsWhenDisabled_QTBUG27417() agent:2023/11/22 12:07:03 build.go:404: 409:
11-22 12:05:35.199 4233 4233 I ImeTracker: org.qtproject.example.tst_qwidget:a2cc563a: onRequestHide at ORIGIN_CLIENT_HIDE_SOFT_INPUT reason HIDE_SOFT_INPUT agent:2023/11/22 12:07:03 build.go:404: 409:
11-22 12:05:35.200 4233 4233 I ImeTracker: org.qtproject.example.tst_qwidget:a2cc563a: onFailed at PHASE_CLIENT_VIEW_SERVED agent:2023/11/22 12:07:03 build.go:404: 409:
11-22 12:05:35.201 4233 4257 I QTestLib: PASS : tst_QWidget::properTabHandlingWhenDisabled_QTBUG27417() agent:2023/11/22 12:07:03 build.go:404: 409:
11-22 12:05:35.201 4233 4233 I ImeTracker: org.qtproject.example.tst_qwidget:306e9bc4: onRequestHide at ORIGIN_CLIENT_HIDE_SOFT_INPUT reason HIDE_SOFT_INPUT agent:2023/11/22 12:07:03 build.go:404: 409:
11-22 12:05:35.202 4233 4233 I ImeTracker: org.qtproject.example.tst_qwidget:306e9bc4: onFailed at PHASE_CLIENT_VIEW_SERVED agent:2023/11/22 12:07:03 build.go:404: 409:
11-22 12:05:35.202 4233 4257 I QTestLib: PASS : tst_QWidget::acceptDropsPropagation() agent:2023/11/22 12:07:03 build.go:404: 409:
11-22 12:05:35.202 4233 4257 I QTestLib: PASS : tst_QWidget::isEnabledTo() agent:2023/11/22 12:07:03 build.go:404: 409:
11-22 12:05:35.204 4233 4257 I QTestLib: PASS : tst_QWidget::visible() agent:2023/11/22 12:07:03 build.go:404: 409:
11-22 12:05:35.204 4233 4257 I QTestLib: QWARN : tst_QWidget::visible_setWindowOpacity() This plugin does not support setting window opacity agent:2023/11/22 12:07:03 build.go:404: 409:
11-22 12:05:35.204 4233 4257 I QTestLib: QWARN : tst_QWidget::visible_setWindowOpacity() This plugin does not support setting window opacity agent:2023/11/22 12:07:03 build.go:404: 409:
11-22 12:05:35.205 4233 4257 I QTestLib: PASS : tst_QWidget::visible_setWindowOpacity() agent:2023/11/22 12:07:03 build.go:404: 409:
11-22 12:05:35.205 4233 4257 I QTestLib: PASS : tst_QWidget::isVisibleTo() agent:2023/11/22 12:07:03 build.go:404: 409:
11-22 12:05:35.207 4233 4257 I QTestLib: PASS : tst_QWidget::isHidden() agent:2023/11/22 12:07:03 build.go:404: 409:
11-22 12:05:35.207 4233 4257 I QTestLib: PASS : tst_QWidget::fonts() agent:2023/11/22 12:07:03 build.go:404: 409:
11-22 12:05:35.208 4233 4257 I QTestLib: PASS : tst_QWidget::mapFromAndTo(window 1 sub1 1 sub2 1 subsub 1) agent:2023/11/22 12:07:03 build.go:404: 409:
11-22 12:05:35.208 4233 4257 I QTestLib: PASS : tst_QWidget::mapFromAndTo(window 0 sub1 1 sub2 1 subsub 1) agent:2023/11/22 12:07:03 build.go:404: 409:
11-22 12:05:35.208 4233 4257 I QTestLib: PASS : tst_QWidget::mapFromAndTo(window 1 sub1 0 sub2 1 subsub 1) agent:2023/11/22 12:07:03 build.go:404: 409:
11-22 12:05:35.209 4233 4257 I QTestLib: PASS : tst_QWidget::mapFromAndTo(window 0 sub1 0 sub2 1 subsub 1) agent:2023/11/22 12:07:03 build.go:404: 409:
11-22 12:05:35.209 4233 4257 I QTestLib: PASS : tst_QWidget::mapFromAndTo(window 1 sub1 1 sub2 0 subsub 1) agent:2023/11/22 12:07:03 build.go:404: 409:
11-22 12:05:35.209 4233 4257 I QTestLib: PASS : tst_QWidget::mapFromAndTo(window 0 sub1 1 sub2 0 subsub 1) agent:2023/11/22 12:07:03 build.go:404: 409:
11-22 12:05:35.210 4233 4257 I QTestLib: PASS : tst_QWidget::mapFromAndTo(window 1 sub1 0 sub2 0 subsub 1) agent:2023/11/22 12:07:03 build.go:404: 409:
11-22 12:05:35.210 4233 4257 I QTestLib: PASS : tst_QWidget::mapFromAndTo(window 0 sub1 0 sub2 0 subsub 1) agent:2023/11/22 12:07:03 build.go:404: 409:
11-22 12:05:35.210 4233 4257 I QTestLib: PASS : tst_QWidget::mapFromAndTo(window 1 sub1 1 sub2 1 subsub 0) agent:2023/11/22 12:07:03 build.go:404: 409:
11-22 12:05:35.211 4233 4257 I QTestLib: PASS : tst_QWidget::mapFromAndTo(window 0 sub1 1 sub2 1 subsub 0) agent:2023/11/22 12:07:03 build.go:404: 409:
11-22 12:05:35.211 4233 4257 I QTestLib: PASS : tst_QWidget::mapFromAndTo(window 1 sub1 0 sub2 1 subsub 0) agent:2023/11/22 12:07:03 build.go:404: 409:
11-22 12:05:35.211 4233 4257 I QTestLib: PASS : tst_QWidget::mapFromAndTo(window 0 sub1 0 sub2 1 subsub 0) agent:2023/11/22 12:07:03 build.go:404: 409:
11-22 12:05:35.212 4233 4257 I QTestLib: PASS : tst_QWidget::mapFromAndTo(window 1 sub1 1 sub2 0 subsub 0) agent:2023/11/22 12:07:03 build.go:404: 409:
11-22 12:05:35.212 4233 4257 I QTestLib: PASS : tst_QWidget::mapFromAndTo(window 0 sub1 1 sub2 0 subsub 0) agent:2023/11/22 12:07:03 build.go:404: 409:
11-22 12:05:35.213 4233 4257 I QTestLib: PASS : tst_QWidget::mapFromAndTo(window 1 sub1 0 sub2 0 subsub 0) agent:2023/11/22 12:07:03 build.go:404: 409:
11-22 12:05:35.213 4233 4257 I QTestLib: PASS : tst_QWidget::mapFromAndTo(window 0 sub1 0 sub2 0 subsub 0) agent:2023/11/22 12:07:03 build.go:404: 409:
11-22 12:05:35.214 4233 4257 I QTestLib: PASS : tst_QWidget::mapFromAndTo(window 1 sub1 1 sub2 1 subsub 1 windowMinimized) agent:2023/11/22 12:07:03 build.go:404: 409:
11-22 12:05:35.214 4233 4257 I QTestLib: PASS : tst_QWidget::mapFromAndTo(window 0 sub1 1 sub2 1 subsub 1 windowMinimized) agent:2023/11/22 12:07:03 build.go:404: 409:
11-22 12:05:35.215 4233 4257 I QTestLib: PASS : tst_QWidget::mapFromAndTo(window 1 sub1 0 sub2 1 subsub 1 windowMinimized) agent:2023/11/22 12:07:03 build.go:404: 409:
11-22 12:05:35.215 4233 4257 I QTestLib: PASS : tst_QWidget::mapFromAndTo(window 0 sub1 0 sub2 1 subsub 1 windowMinimized) agent:2023/11/22 12:07:03 build.go:404: 409:
11-22 12:05:35.216 4233 4257 I QTestLib: PASS : tst_QWidget::mapFromAndTo(window 1 sub1 1 sub2 0 subsub 1 windowMinimized) agent:2023/11/22 12:07:03 build.go:404: 409:
11-22 12:05:35.216 4233 4233 I ImeTracker: org.qtproject.example.tst_qwidget:70c84faf: onRequestHide at ORIGIN_CLIENT_HIDE_SOFT_INPUT reason HIDE_SOFT_INPUT agent:2023/11/22 12:07:03 build.go:404: 409:
11-22 12:05:35.216 4233 4233 I ImeTracker: org.qtproject.example.tst_qwidget:70c84faf: onFailed at PHASE_CLIENT_VIEW_SERVED agent:2023/11/22 12:07:03 build.go:404: 409:
11-22 12:05:35.216 4233 4257 I QTestLib: PASS : tst_QWidget::mapFromAndTo(window 0 sub1 1 sub2 0 subsub 1 windowMinimized) agent:2023/11/22 12:07:03 build.go:404: 409:
11-22 12:05:35.217 4233 4257 I QTestLib: PASS : tst_QWidget::mapFromAndTo(window 1 sub1 0 sub2 0 subsub 1 windowMinimized) agent:2023/11/22 12:07:03 build.go:404: 409:
11-22 12:05:35.217 4233 4257 I QTestLib: PASS : tst_QWidget::mapFromAndTo(window 0 sub1 0 sub2 0 subsub 1 windowMinimized) agent:2023/11/22 12:07:03 build.go:404: 409:
11-22 12:05:35.218 4233 4257 I QTestLib: PASS : tst_QWidget::mapFromAndTo(window 1 sub1 1 sub2 1 subsub 0 windowMinimized) agent:2023/11/22 12:07:03 build.go:404: 409:
11-22 12:05:35.219 4233 4257 I QTestLib: PASS : tst_QWidget::mapFromAndTo(window 0 sub1 1 sub2 1 subsub 0 windowMinimized) agent:2023/11/22 12:07:03 build.go:404: 409:
11-22 12:05:35.219 4233 4257 I QTestLib: PASS : tst_QWidget::mapFromAndTo(window 1 sub1 0 sub2 1 subsub 0 windowMinimized) agent:2023/11/22 12:07:03 build.go:404: 409:
11-22 12:05:35.220 4233 4257 I QTestLib: PASS : tst_QWidget::mapFromAndTo(window 0 sub1 0 sub2 1 subsub 0 windowMinimized) agent:2023/11/22 12:07:03 build.go:404: 409:
11-22 12:05:35.221 4233 4257 I QTestLib: PASS : tst_QWidget::mapFromAndTo(window 1 sub1 1 sub2 0 subsub 0 windowMinimized) agent:2023/11/22 12:07:03 build.go:404: 409:
11-22 12:05:35.221 4233 4257 I QTestLib: PASS : tst_QWidget::mapFromAndTo(window 0 sub1 1 sub2 0 subsub 0 windowMinimized) agent:2023/11/22 12:07:03 build.go:404: 409:
11-22 12:05:35.221 4233 4233 I ImeTracker: org.qtproject.example.tst_qwidget:a6ad8612: onRequestHide at ORIGIN_CLIENT_HIDE_SOFT_INPUT reason HIDE_SOFT_INPUT agent:2023/11/22 12:07:03 build.go:404: 409:
11-22 12:05:35.222 4233 4233 I ImeTracker: org.qtproject.example.tst_qwidget:a6ad8612: onFailed at PHASE_CLIENT_VIEW_SERVED agent:2023/11/22 12:07:03 build.go:404: 409:
11-22 12:05:35.222 4233 4257 I QTestLib: PASS : tst_QWidget::mapFromAndTo(window 1 sub1 0 sub2 0 subsub 0 windowMinimized) agent:2023/11/22 12:07:03 build.go:404: 409:
11-22 12:05:35.222 4233 4257 I QTestLib: PASS : tst_QWidget::mapFromAndTo(window 0 sub1 0 sub2 0 subsub 0 windowMinimized) agent:2023/11/22 12:07:03 build.go:404: 409:
11-22 12:05:35.223 4233 4257 I QTestLib: PASS : tst_QWidget::mapFromAndTo(window 1 sub1 1 sub2 1 subsub 1 subWindow1Minimized) agent:2023/11/22 12:07:03 build.go:404: 409:
11-22 12:05:35.223 4233 4257 I QTestLib: PASS : tst_QWidget::mapFromAndTo(window 0 sub1 1 sub2 1 subsub 1 subWindow1Minimized) agent:2023/11/22 12:07:03 build.go:404: 409:
11-22 12:05:35.224 4233 4257 I QTestLib: PASS : tst_QWidget::mapFromAndTo(window 1 sub1 0 sub2 1 subsub 1 subWindow1Minimized) agent:2023/11/22 12:07:03 build.go:404: 409:
11-22 12:05:35.225 4233 4257 I QTestLib: PASS : tst_QWidget::mapFromAndTo(window 0 sub1 0 sub2 1 subsub 1 subWindow1Minimized) agent:2023/11/22 12:07:03 build.go:404: 409:
11-22 12:05:35.226 4233 4257 I QTestLib: PASS : tst_QWidget::mapFromAndTo(window 1 sub1 1 sub2 0 subsub 1 subWindow1Minimized) agent:2023/11/22 12:07:03 build.go:404: 409:
11-22 12:05:35.226 4233 4257 I QTestLib: PASS : tst_QWidget::mapFromAndTo(window 0 sub1 1 sub2 0 subsub 1 subWindow1Minimized) agent:2023/11/22 12:07:03 build.go:404: 409:
11-22 12:05:35.226 4233 4233 I ImeTracker: org.qtproject.example.tst_qwidget:1e966e60: onRequestHide at ORIGIN_CLIENT_HIDE_SOFT_INPUT reason HIDE_SOFT_INPUT agent:2023/11/22 12:07:03 build.go:404: 409:
11-22 12:05:35.227 4233 4233 I ImeTracker: org.qtproject.example.tst_qwidget:1e966e60: onFailed at PHASE_CLIENT_VIEW_SERVED agent:2023/11/22 12:07:03 build.go:404: 409:
11-22 12:05:35.227 4233 4257 I QTestLib: PASS : tst_QWidget::mapFromAndTo(window 1 sub1 0 sub2 0 subsub 1 subWindow1Minimized) agent:2023/11/22 12:07:03 build.go:404: 409:
11-22 12:05:35.228 4233 4257 I QTestLib: PASS : tst_QWidget::mapFromAndTo(window 0 sub1 0 sub2 0 subsub 1 subWindow1Minimized) agent:2023/11/22 12:07:03 build.go:404: 409:
11-22 12:05:35.229 4233 4257 I QTestLib: PASS : tst_QWidget::mapFromAndTo(window 1 sub1 1 sub2 1 subsub 0 subWindow1Minimized) agent:2023/11/22 12:07:03 build.go:404: 409:
11-22 12:05:35.229 4233 4233 I ImeTracker: org.qtproject.example.tst_qwidget:a5e2214b: onRequestHide at ORIGIN_CLIENT_HIDE_SOFT_INPUT reason HIDE_SOFT_INPUT agent:2023/11/22 12:07:03 build.go:404: 409:
11-22 12:05:35.230 4233 4233 I ImeTracker: org.qtproject.example.tst_qwidget:a5e2214b: onFailed at PHASE_CLIENT_VIEW_SERVED agent:2023/11/22 12:07:03 build.go:404: 409:
11-22 12:05:35.230 4233 4257 I QTestLib: PASS : tst_QWidget::mapFromAndTo(window 0 sub1 1 sub2 1 subsub 0 subWindow1Minimized) agent:2023/11/22 12:07:03 build.go:404: 409:
11-22 12:05:35.231 4233 4257 I QTestLib: PASS : tst_QWidget::mapFromAndTo(window 1 sub1 0 sub2 1 subsub 0 subWindow1Minimized) agent:2023/11/22 12:07:03 build.go:404: 409:
11-22 12:05:35.231 4233 4257 I QTestLib: PASS : tst_QWidget::mapFromAndTo(window 0 sub1 0 sub2 1 subsub 0 subWindow1Minimized) agent:2023/11/22 12:07:03 build.go:404: 409:
11-22 12:05:35.232 4233 4257 I QTestLib: PASS : tst_QWidget::mapFromAndTo(window 1 sub1 1 sub2 0 subsub 0 subWindow1Minimized) agent:2023/11/22 12:07:03 build.go:404: 409:
11-22 12:05:35.233 4233 4257 I QTestLib: PASS : tst_QWidget::mapFromAndTo(window 0 sub1 1 sub2 0 subsub 0 subWindow1Minimized) agent:2023/11/22 12:07:03 build.go:404: 409:
11-22 12:05:35.233 4233 4233 I ImeTracker: org.qtproject.example.tst_qwidget:8bd4423e: onRequestHide at ORIGIN_CLIENT_HIDE_SOFT_INPUT reason HIDE_SOFT_INPUT agent:2023/11/22 12:07:03 build.go:404: 409:
11-22 12:05:35.233 4233 4233 I ImeTracker: org.qtproject.example.tst_qwidget:8bd4423e: onFailed at PHASE_CLIENT_VIEW_SERVED agent:2023/11/22 12:07:03 build.go:404: 409:
11-22 12:05:35.234 4233 4257 I QTestLib: PASS : tst_QWidget::mapFromAndTo(window 1 sub1 0 sub2 0 subsub 0 subWindow1Minimized) agent:2023/11/22 12:07:03 build.go:404: 409:
11-22 12:05:35.234 4233 4233 I ImeTracker: org.qtproject.example.tst_qwidget:71e5bb61: onRequestHide at ORIGIN_CLIENT_HIDE_SOFT_INPUT reason HIDE_SOFT_INPUT agent:2023/11/22 12:07:03 build.go:404: 409:
11-22 12:05:35.234 4233 4257 I QTestLib: PASS : tst_QWidget::mapFromAndTo(window 0 sub1 0 sub2 0 subsub 0 subWindow1Minimized) agent:2023/11/22 12:07:03 build.go:404: 409:
11-22 12:05:35.234 4233 4233 I ImeTracker: org.qtproject.example.tst_qwidget:71e5bb61: onFailed at PHASE_CLIENT_VIEW_SERVED agent:2023/11/22 12:07:03 build.go:404: 409:
11-22 12:05:35.235 4233 4233 I ImeTracker: org.qtproject.example.tst_qwidget:7aee7fc7: onRequestHide at ORIGIN_CLIENT_HIDE_SOFT_INPUT reason HIDE_SOFT_INPUT agent:2023/11/22 12:07:03 build.go:404: 409:
11-22 12:05:35.236 4233 4233 I ImeTracker: org.qtproject.example.tst_qwidget:7aee7fc7: onFailed at PHASE_CLIENT_VIEW_SERVED agent:2023/11/22 12:07:03 build.go:404: 409:
11-22 12:05:35.236 4233 4257 I QTestLib: PASS : tst_QWidget::focusChainOnHide() agent:2023/11/22 12:07:03 build.go:404: 409:
11-22 12:05:35.237 4233 4257 I QTestLib: PASS : tst_QWidget::focusChainOnReparent() agent:2023/11/22 12:07:03 build.go:404: 409:
11-22 12:05:35.237 4233 4233 I ImeTracker: org.qtproject.example.tst_qwidget:5b5897d1: onRequestHide at ORIGIN_CLIENT_HIDE_SOFT_INPUT reason HIDE_SOFT_INPUT agent:2023/11/22 12:07:03 build.go:404: 409:
11-22 12:05:35.237 4233 4233 I ImeTracker: org.qtproject.example.tst_qwidget:5b5897d1: onFailed at PHASE_CLIENT_VIEW_SERVED agent:2023/11/22 12:07:03 build.go:404: 409:
11-22 12:05:35.237 4233 4233 I ImeTracker: org.qtproject.example.tst_qwidget:532e37ad: onRequestHide at ORIGIN_CLIENT_HIDE_SOFT_INPUT reason HIDE_SOFT_INPUT agent:2023/11/22 12:07:03 build.go:404: 409:
11-22 12:05:35.238 4233 4233 I ImeTracker: org.qtproject.example.tst_qwidget:532e37ad: onFailed at PHASE_CLIENT_VIEW_SERVED agent:2023/11/22 12:07:03 build.go:404: 409:
11-22 12:05:35.239 4233 4233 I ImeTracker: org.qtproject.example.tst_qwidget:2ac5f114: onRequestHide at ORIGIN_CLIENT_HIDE_SOFT_INPUT reason HIDE_SOFT_INPUT agent:2023/11/22 12:07:03 build.go:404: 409:
11-22 12:05:35.239 4233 4233 I ImeTracker: org.qtproject.example.tst_qwidget:2ac5f114: onFailed at PHASE_CLIENT_VIEW_SERVED agent:2023/11/22 12:07:03 build.go:404: 409:
11-22 12:05:35.240 4233 4233 I ImeTracker: org.qtproject.example.tst_qwidget:24d3acb9: onRequestHide at ORIGIN_CLIENT_HIDE_SOFT_INPUT reason HIDE_SOFT_INPUT agent:2023/11/22 12:07:03 build.go:404: 409:
11-22 12:05:35.240 4233 4233 I ImeTracker: org.qtproject.example.tst_qwidget:24d3acb9: onFailed at PHASE_CLIENT_VIEW_SERVED agent:2023/11/22 12:07:03 build.go:404: 409:
11-22 12:05:35.241 4233 4233 I ImeTracker: org.qtproject.example.tst_qwidget:b5fc7fcb: onRequestHide at ORIGIN_CLIENT_HIDE_SOFT_INPUT reason HIDE_SOFT_INPUT agent:2023/11/22 12:07:03 build.go:404: 409:
11-22 12:05:35.241 4233 4233 I ImeTracker: org.qtproject.example.tst_qwidget:b5fc7fcb: onFailed at PHASE_CLIENT_VIEW_SERVED agent:2023/11/22 12:07:03 build.go:404: 409:
11-22 12:05:35.243 4233 4233 I ImeTracker: org.qtproject.example.tst_qwidget:605c8538: onRequestHide at ORIGIN_CLIENT_HIDE_SOFT_INPUT reason HIDE_SOFT_INPUT agent:2023/11/22 12:07:03 build.go:404: 409:
11-22 12:05:35.243 4233 4233 I ImeTracker: org.qtproject.example.tst_qwidget:605c8538: onFailed at PHASE_CLIENT_VIEW_SERVED agent:2023/11/22 12:07:03 build.go:404: 409:
11-22 12:05:35.244 4233 4233 I ImeTracker: org.qtproject.example.tst_qwidget:585028ac: onRequestHide at ORIGIN_CLIENT_HIDE_SOFT_INPUT reason HIDE_SOFT_INPUT agent:2023/11/22 12:07:03 build.go:404: 409:
11-22 12:05:35.244 4233 4233 I ImeTracker: org.qtproject.example.tst_qwidget:585028ac: onFailed at PHASE_CLIENT_VIEW_SERVED agent:2023/11/22 12:07:03 build.go:404: 409:
11-22 12:05:35.245 4233 4233 I ImeTracker: org.qtproject.example.tst_qwidget:c2fb927a: onRequestHide at ORIGIN_CLIENT_HIDE_SOFT_INPUT reason HIDE_SOFT_INPUT agent:2023/11/22 12:07:03 build.go:404: 409:
11-22 12:05:35.245 4233 4233 I ImeTracker: org.qtproject.example.tst_qwidget:c2fb927a: onFailed at PHASE_CLIENT_VIEW_SERVED agent:2023/11/22 12:07:03 build.go:404: 409:
11-22 12:05:35.246 4233 4233 I ImeTracker: org.qtproject.example.tst_qwidget:b86abce9: onRequestHide at ORIGIN_CLIENT_HIDE_SOFT_INPUT reason HIDE_SOFT_INPUT agent:2023/11/22 12:07:03 build.go:404: 409:
11-22 12:05:35.247 4233 4233 I ImeTracker: org.qtproject.example.tst_qwidget:b86abce9: onFailed at PHASE_CLIENT_VIEW_SERVED agent:2023/11/22 12:07:03 build.go:404: 409:
11-22 12:05:35.248 4233 4233 I ImeTracker: org.qtproject.example.tst_qwidget:11784909: onRequestHide at ORIGIN_CLIENT_HIDE_SOFT_INPUT reason HIDE_SOFT_INPUT agent:2023/11/22 12:07:03 build.go:404: 409:
11-22 12:05:35.248 4233 4233 I ImeTracker: org.qtproject.example.tst_qwidget:11784909: onFailed at PHASE_CLIENT_VIEW_SERVED agent:2023/11/22 12:07:03 build.go:404: 409:
11-22 12:05:35.250 4233 4233 I ImeTracker: org.qtproject.example.tst_qwidget:c6a4c61e: onRequestHide at ORIGIN_CLIENT_HIDE_SOFT_INPUT reason HIDE_SOFT_INPUT agent:2023/11/22 12:07:03 build.go:404: 409:
11-22 12:05:35.250 4233 4233 I ImeTracker: org.qtproject.example.tst_qwidget:c6a4c61e: onFailed at PHASE_CLIENT_VIEW_SERVED agent:2023/11/22 12:07:03 build.go:404: 409:
11-22 12:05:35.251 4233 4233 I ImeTracker: org.qtproject.example.tst_qwidget:38147251: onRequestHide at ORIGIN_CLIENT_HIDE_SOFT_INPUT reason HIDE_SOFT_INPUT agent:2023/11/22 12:07:03 build.go:404: 409:
11-22 12:05:35.251 4233 4233 I ImeTracker: org.qtproject.example.tst_qwidget:38147251: onFailed at PHASE_CLIENT_VIEW_SERVED agent:2023/11/22 12:07:03 build.go:404: 409:
11-22 12:05:35.252 4233 4233 I ImeTracker: org.qtproject.example.tst_qwidget:282365d8: onRequestHide at ORIGIN_CLIENT_HIDE_SOFT_INPUT reason HIDE_SOFT_INPUT agent:2023/11/22 12:07:03 build.go:404: 409:
11-22 12:05:35.252 4233 4233 I ImeTracker: org.qtproject.example.tst_qwidget:282365d8: onFailed at PHASE_CLIENT_VIEW_SERVED agent:2023/11/22 12:07:03 build.go:404: 409:
11-22 12:05:35.253 4233 4233 I ImeTracker: org.qtproject.example.tst_qwidget:1ca5f019: onRequestHide at ORIGIN_CLIENT_HIDE_SOFT_INPUT reason HIDE_SOFT_INPUT agent:2023/11/22 12:07:03 build.go:404: 409:
11-22 12:05:35.253 4233 4233 I ImeTracker: org.qtproject.example.tst_qwidget:1ca5f019: onFailed at PHASE_CLIENT_VIEW_SERVED agent:2023/11/22 12:07:03 build.go:404: 409:
11-22 12:05:35.254 4233 4257 I QTestLib: PASS : tst_QWidget::defaultTabOrder() agent:2023/11/22 12:07:03 build.go:404: 409:
11-22 12:05:35.254 4233 4233 I ImeTracker: org.qtproject.example.tst_qwidget:3ce0f91d: onRequestHide at ORIGIN_CLIENT_HIDE_SOFT_INPUT reason HIDE_SOFT_INPUT agent:2023/11/22 12:07:03 build.go:404: 409:
11-22 12:05:35.254 4233 4233 I ImeTracker: org.qtproject.example.tst_qwidget:3ce0f91d: onFailed at PHASE_CLIENT_VIEW_SERVED agent:2023/11/22 12:07:03 build.go:404: 409:
11-22 12:05:35.255 4233 4233 I ImeTracker: org.qtproject.example.tst_qwidget:bff87a61: onRequestHide at ORIGIN_CLIENT_HIDE_SOFT_INPUT reason HIDE_SOFT_INPUT agent:2023/11/22 12:07:03 build.go:404: 409:
11-22 12:05:35.255 4233 4233 I ImeTracker: org.qtproject.example.tst_qwidget:bff87a61: onFailed at PHASE_CLIENT_VIEW_SERVED agent:2023/11/22 12:07:03 build.go:404: 409:
11-22 12:05:35.256 4233 4233 I ImeTracker: org.qtproject.example.tst_qwidget:343129ba: onRequestHide at ORIGIN_CLIENT_HIDE_SOFT_INPUT reason HIDE_SOFT_INPUT agent:2023/11/22 12:07:03 build.go:404: 409:
11-22 12:05:35.256 4233 4233 I ImeTracker: org.qtproject.example.tst_qwidget:343129ba: onFailed at PHASE_CLIENT_VIEW_SERVED agent:2023/11/22 12:07:03 build.go:404: 409:
11-22 12:05:35.256 4233 4233 I ImeTracker: org.qtproject.example.tst_qwidget:e630371f: onRequestHide at ORIGIN_CLIENT_HIDE_SOFT_INPUT reason HIDE_SOFT_INPUT agent:2023/11/22 12:07:03 build.go:404: 409:
11-22 12:05:35.257 4233 4233 I ImeTracker: org.qtproject.example.tst_qwidget:e630371f: onFailed at PHASE_CLIENT_VIEW_SERVED agent:2023/11/22 12:07:03 build.go:404: 409:
11-22 12:05:35.257 4233 4233 I ImeTracker: org.qtproject.example.tst_qwidget:8a54df58: onRequestHide at ORIGIN_CLIENT_HIDE_SOFT_INPUT reason HIDE_SOFT_INPUT agent:2023/11/22 12:07:03 build.go:404: 409:
11-22 12:05:35.257 4233 4233 I ImeTracker: org.qtproject.example.tst_qwidget:8a54df58: onFailed at PHASE_CLIENT_VIEW_SERVED agent:2023/11/22 12:07:03 build.go:404: 409:
11-22 12:05:35.258 4233 4233 I ImeTracker: org.qtproject.example.tst_qwidget:f7a8edc8: onRequestHide at ORIGIN_CLIENT_HIDE_SOFT_INPUT reason HIDE_SOFT_INPUT agent:2023/11/22 12:07:03 build.go:404: 409:
11-22 12:05:35.258 4233 4233 I ImeTracker: org.qtproject.example.tst_qwidget:f7a8edc8: onFailed at PHASE_CLIENT_VIEW_SERVED agent:2023/11/22 12:07:03 build.go:404: 409:
11-22 12:05:35.259 4233 4233 I ImeTracker: org.qtproject.example.tst_qwidget:69d80887: onRequestHide at ORIGIN_CLIENT_HIDE_SOFT_INPUT reason HIDE_SOFT_INPUT agent:2023/11/22 12:07:03 build.go:404: 409:
11-22 12:05:35.259 4233 4233 I ImeTracker: org.qtproject.example.tst_qwidget:69d80887: onFailed at PHASE_CLIENT_VIEW_SERVED agent:2023/11/22 12:07:03 build.go:404: 409:
11-22 12:05:35.260 4233 4233 I ImeTracker: org.qtproject.example.tst_qwidget:b400bf6b: onRequestHide at ORIGIN_CLIENT_HIDE_SOFT_INPUT reason HIDE_SOFT_INPUT agent:2023/11/22 12:07:03 build.go:404: 409:
11-22 12:05:35.260 4233 4233 I ImeTracker: org.qtproject.example.tst_qwidget:b400bf6b: onFailed at PHASE_CLIENT_VIEW_SERVED agent:2023/11/22 12:07:03 build.go:404: 409:
11-22 12:05:35.260 4233 4233 I ImeTracker: org.qtproject.example.tst_qwidget:7a57373a: onRequestHide at ORIGIN_CLIENT_HIDE_SOFT_INPUT reason HIDE_SOFT_INPUT agent:2023/11/22 12:07:03 build.go:404: 409:
11-22 12:05:35.261 4233 4233 I ImeTracker: org.qtproject.example.tst_qwidget:7a57373a: onFailed at PHASE_CLIENT_VIEW_SERVED agent:2023/11/22 12:07:03 build.go:404: 409:
11-22 12:05:35.261 4233 4233 I ImeTracker: org.qtproject.example.tst_qwidget:2997f0d7: onRequestHide at ORIGIN_CLIENT_HIDE_SOFT_INPUT reason HIDE_SOFT_INPUT agent:2023/11/22 12:07:03 build.go:404: 409:
11-22 12:05:35.262 4233 4233 I ImeTracker: org.qtproject.example.tst_qwidget:2997f0d7: onFailed at PHASE_CLIENT_VIEW_SERVED agent:2023/11/22 12:07:03 build.go:404: 409:
11-22 12:05:35.262 4233 4233 I ImeTracker: org.qtproject.example.tst_qwidget:8d387f73: onRequestHide at ORIGIN_CLIENT_HIDE_SOFT_INPUT reason HIDE_SOFT_INPUT agent:2023/11/22 12:07:03 build.go:404: 409:
11-22 12:05:35.262 4233 4233 I ImeTracker: org.qtproject.example.tst_qwidget:8d387f73: onFailed at PHASE_CLIENT_VIEW_SERVED agent:2023/11/22 12:07:03 build.go:404: 409:
11-22 12:05:35.263 4233 4233 I ImeTracker: org.qtproject.example.tst_qwidget:50cd3753: onRequestHide at ORIGIN_CLIENT_HIDE_SOFT_INPUT reason HIDE_SOFT_INPUT agent:2023/11/22 12:07:03 build.go:404: 409:
11-22 12:05:35.263 4233 4233 I ImeTracker: org.qtproject.example.tst_qwidget:50cd3753: onFailed at PHASE_CLIENT_VIEW_SERVED agent:2023/11/22 12:07:03 build.go:404: 409:
11-22 12:05:35.264 4233 4233 I ImeTracker: org.qtproject.example.tst_qwidget:8e528bc2: onRequestHide at ORIGIN_CLIENT_HIDE_SOFT_INPUT reason HIDE_SOFT_INPUT agent:2023/11/22 12:07:03 build.go:404: 409:
11-22 12:05:35.264 4233 4233 I ImeTracker: org.qtproject.example.tst_qwidget:8e528bc2: onFailed at PHASE_CLIENT_VIEW_SERVED agent:2023/11/22 12:07:03 build.go:404: 409:
11-22 12:05:35.265 4233 4233 I ImeTracker: org.qtproject.example.tst_qwidget:1104649b: onRequestHide at ORIGIN_CLIENT_HIDE_SOFT_INPUT reason HIDE_SOFT_INPUT agent:2023/11/22 12:07:03 build.go:404: 409:
11-22 12:05:35.265 4233 4233 I ImeTracker: org.qtproject.example.tst_qwidget:1104649b: onFailed at PHASE_CLIENT_VIEW_SERVED agent:2023/11/22 12:07:03 build.go:404: 409:
11-22 12:05:35.266 4233 4233 I ImeTracker: org.qtproject.example.tst_qwidget:9c3b193: onRequestHide at ORIGIN_CLIENT_HIDE_SOFT_INPUT reason HIDE_SOFT_INPUT agent:2023/11/22 12:07:03 build.go:404: 409:
11-22 12:05:35.266 4233 4233 I ImeTracker: org.qtproject.example.tst_qwidget:9c3b193: onFailed at PHASE_CLIENT_VIEW_SERVED agent:2023/11/22 12:07:03 build.go:404: 409:
11-22 12:05:35.266 4233 4233 I ImeTracker: org.qtproject.example.tst_qwidget:a060c2e8: onRequestHide at ORIGIN_CLIENT_HIDE_SOFT_INPUT reason HIDE_SOFT_INPUT agent:2023/11/22 12:07:03 build.go:404: 409:
11-22 12:05:35.267 4233 4233 I ImeTracker: org.qtproject.example.tst_qwidget:a060c2e8: onFailed at PHASE_CLIENT_VIEW_SERVED agent:2023/11/22 12:07:03 build.go:404: 409:
11-22 12:05:35.267 4233 4233 I ImeTracker: org.qtproject.example.tst_qwidget:b56f3e6c: onRequestHide at ORIGIN_CLIENT_HIDE_SOFT_INPUT reason HIDE_SOFT_INPUT agent:2023/11/22 12:07:03 build.go:404: 409:
11-22 12:05:35.268 4233 4233 I ImeTracker: org.qtproject.example.tst_qwidget:b56f3e6c: onFailed at PHASE_CLIENT_VIEW_SERVED agent:2023/11/22 12:07:03 build.go:404: 409:
11-22 12:05:35.268 4233 4233 I ImeTracker: org.qtproject.example.tst_qwidget:e3ee8cf4: onRequestHide at ORIGIN_CLIENT_HIDE_SOFT_INPUT reason HIDE_SOFT_INPUT agent:2023/11/22 12:07:03 build.go:404: 409:
11-22 12:05:35.269 4233 4233 I ImeTracker: org.qtproject.example.tst_qwidget:e3ee8cf4: onFailed at PHASE_CLIENT_VIEW_SERVED agent:2023/11/22 12:07:03 build.go:404: 409:
11-22 12:05:35.269 4233 4233 I ImeTracker: org.qtproject.example.tst_qwidget:e1e5a7bb: onRequestHide at ORIGIN_CLIENT_HIDE_SOFT_INPUT reason HIDE_SOFT_INPUT agent:2023/11/22 12:07:03 build.go:404: 409:
11-22 12:05:35.269 4233 4233 I ImeTracker: org.qtproject.example.tst_qwidget:e1e5a7bb: onFailed at PHASE_CLIENT_VIEW_SERVED agent:2023/11/22 12:07:03 build.go:404: 409:
11-22 12:05:35.270 4233 4233 I ImeTracker: org.qtproject.example.tst_qwidget:97c33ac6: onRequestHide at ORIGIN_CLIENT_HIDE_SOFT_INPUT reason HIDE_SOFT_INPUT agent:2023/11/22 12:07:03 build.go:404: 409:
11-22 12:05:35.270 4233 4233 I ImeTracker: org.qtproject.example.tst_qwidget:97c33ac6: onFailed at PHASE_CLIENT_VIEW_SERVED agent:2023/11/22 12:07:03 build.go:404: 409:
11-22 12:05:35.271 4233 4233 I ImeTracker: org.qtproject.example.tst_qwidget:fc34281a: onRequestHide at ORIGIN_CLIENT_HIDE_SOFT_INPUT reason HIDE_SOFT_INPUT agent:2023/11/22 12:07:03 build.go:404: 409:
11-22 12:05:35.271 4233 4233 I ImeTracker: org.qtproject.example.tst_qwidget:fc34281a: onFailed at PHASE_CLIENT_VIEW_SERVED agent:2023/11/22 12:07:03 build.go:404: 409:
11-22 12:05:35.271 4233 4233 I ImeTracker: org.qtproject.example.tst_qwidget:3e082be8: onRequestHide at ORIGIN_CLIENT_HIDE_SOFT_INPUT reason HIDE_SOFT_INPUT agent:2023/11/22 12:07:03 build.go:404: 409:
11-22 12:05:35.272 4233 4233 I ImeTracker: org.qtproject.example.tst_qwidget:3e082be8: onFailed at PHASE_CLIENT_VIEW_SERVED agent:2023/11/22 12:07:03 build.go:404: 409:
11-22 12:05:35.272 4233 4257 I QTestLib: PASS : tst_QWidget::reverseTabOrder() agent:2023/11/22 12:07:03 build.go:404: 409:
11-22 12:05:35.272 4233 4233 I ImeTracker: org.qtproject.example.tst_qwidget:d311c6ec: onRequestHide at ORIGIN_CLIENT_HIDE_SOFT_INPUT reason HIDE_SOFT_INPUT agent:2023/11/22 12:07:03 build.go:404: 409:
11-22 12:05:35.273 4233 4233 I ImeTracker: org.qtproject.example.tst_qwidget:d311c6ec: onFailed at PHASE_CLIENT_VIEW_SERVED agent:2023/11/22 12:07:03 build.go:404: 409:
11-22 12:05:35.273 4233 4233 I ImeTracker: org.qtproject.example.tst_qwidget:7d5c113c: onRequestHide at ORIGIN_CLIENT_HIDE_SOFT_INPUT reason HIDE_SOFT_INPUT agent:2023/11/22 12:07:03 build.go:404: 409:
11-22 12:05:35.273 4233 4233 I ImeTracker: org.qtproject.example.tst_qwidget:7d5c113c: onFailed at PHASE_CLIENT_VIEW_SERVED agent:2023/11/22 12:07:03 build.go:404: 409:
11-22 12:05:35.274 4233 4233 I ImeTracker: org.qtproject.example.tst_qwidget:f2ac8699: onRequestHide at ORIGIN_CLIENT_HIDE_SOFT_INPUT reason HIDE_SOFT_INPUT agent:2023/11/22 12:07:03 build.go:404: 409:
11-22 12:05:35.274 4233 4233 I ImeTracker: org.qtproject.example.tst_qwidget:f2ac8699: onFailed at PHASE_CLIENT_VIEW_SERVED agent:2023/11/22 12:07:03 build.go:404: 409:
11-22 12:05:35.275 4233 4233 I ImeTracker: org.qtproject.example.tst_qwidget:88c5000d: onRequestHide at ORIGIN_CLIENT_HIDE_SOFT_INPUT reason HIDE_SOFT_INPUT agent:2023/11/22 12:07:03 build.go:404: 409:
11-22 12:05:35.275 4233 4233 I ImeTracker: org.qtproject.example.tst_qwidget:88c5000d: onFailed at PHASE_CLIENT_VIEW_SERVED agent:2023/11/22 12:07:03 build.go:404: 409:
11-22 12:05:35.276 4233 4233 I ImeTracker: org.qtproject.example.tst_qwidget:2c5283b: onRequestHide at ORIGIN_CLIENT_HIDE_SOFT_INPUT reason HIDE_SOFT_INPUT agent:2023/11/22 12:07:03 build.go:404: 409:
11-22 12:05:35.276 4233 4233 I ImeTracker: org.qtproject.example.tst_qwidget:2c5283b: onFailed at PHASE_CLIENT_VIEW_SERVED agent:2023/11/22 12:07:03 build.go:404: 409:
11-22 12:05:35.276 4233 4233 I ImeTracker: org.qtproject.example.tst_qwidget:ea43f2b8: onRequestHide at ORIGIN_CLIENT_HIDE_SOFT_INPUT reason HIDE_SOFT_INPUT agent:2023/11/22 12:07:03 build.go:404: 409:
11-22 12:05:35.277 4233 4233 I ImeTracker: org.qtproject.example.tst_qwidget:ea43f2b8: onFailed at PHASE_CLIENT_VIEW_SERVED agent:2023/11/22 12:07:03 build.go:404: 409:
11-22 12:05:35.277 4233 4233 I ImeTracker: org.qtproject.example.tst_qwidget:6e4da8fd: onRequestHide at ORIGIN_CLIENT_HIDE_SOFT_INPUT reason HIDE_SOFT_INPUT agent:2023/11/22 12:07:03 build.go:404: 409:
11-22 12:05:35.278 4233 4233 I ImeTracker: org.qtproject.example.tst_qwidget:6e4da8fd: onFailed at PHASE_CLIENT_VIEW_SERVED agent:2023/11/22 12:07:03 build.go:404: 409:
11-22 12:05:35.278 4233 4233 I ImeTracker: org.qtproject.example.tst_qwidget:246a3048: onRequestHide at ORIGIN_CLIENT_HIDE_SOFT_INPUT reason HIDE_SOFT_INPUT agent:2023/11/22 12:07:03 build.go:404: 409:
11-22 12:05:35.278 4233 4233 I ImeTracker: org.qtproject.example.tst_qwidget:246a3048: onFailed at PHASE_CLIENT_VIEW_SERVED agent:2023/11/22 12:07:03 build.go:404: 409:
11-22 12:05:35.279 4233 4233 I ImeTracker: org.qtproject.example.tst_qwidget:439a512c: onRequestHide at ORIGIN_CLIENT_HIDE_SOFT_INPUT reason HIDE_SOFT_INPUT agent:2023/11/22 12:07:03 build.go:404: 409:
11-22 12:05:35.279 4233 4233 I ImeTracker: org.qtproject.example.tst_qwidget:439a512c: onFailed at PHASE_CLIENT_VIEW_SERVED agent:2023/11/22 12:07:03 build.go:404: 409:
11-22 12:05:35.280 4233 4233 I ImeTracker: org.qtproject.example.tst_qwidget:457a4eae: onRequestHide at ORIGIN_CLIENT_HIDE_SOFT_INPUT reason HIDE_SOFT_INPUT agent:2023/11/22 12:07:03 build.go:404: 409:
11-22 12:05:35.280 4233 4233 I ImeTracker: org.qtproject.example.tst_qwidget:457a4eae: onFailed at PHASE_CLIENT_VIEW_SERVED agent:2023/11/22 12:07:03 build.go:404: 409:
11-22 12:05:35.281 4233 4233 I ImeTracker: org.qtproject.example.tst_qwidget:89698db6: onRequestHide at ORIGIN_CLIENT_HIDE_SOFT_INPUT reason HIDE_SOFT_INPUT agent:2023/11/22 12:07:03 build.go:404: 409:
11-22 12:05:35.281 4233 4233 I ImeTracker: org.qtproject.example.tst_qwidget:89698db6: onFailed at PHASE_CLIENT_VIEW_SERVED agent:2023/11/22 12:07:03 build.go:404: 409:
11-22 12:05:35.282 4233 4233 I ImeTracker: org.qtproject.example.tst_qwidget:e6f07fc5: onRequestHide at ORIGIN_CLIENT_HIDE_SOFT_INPUT reason HIDE_SOFT_INPUT agent:2023/11/22 12:07:03 build.go:404: 409:
11-22 12:05:35.282 4233 4233 I ImeTracker: org.qtproject.example.tst_qwidget:e6f07fc5: onFailed at PHASE_CLIENT_VIEW_SERVED agent:2023/11/22 12:07:03 build.go:404: 409:
11-22 12:05:35.283 4233 4233 I ImeTracker: org.qtproject.example.tst_qwidget:585ba543: onRequestHide at ORIGIN_CLIENT_HIDE_SOFT_INPUT reason HIDE_SOFT_INPUT agent:2023/11/22 12:07:03 build.go:404: 409:
11-22 12:05:35.283 4233 4233 I ImeTracker: org.qtproject.example.tst_qwidget:585ba543: onFailed at PHASE_CLIENT_VIEW_SERVED agent:2023/11/22 12:07:03 build.go:404: 409:
11-22 12:05:35.283 4233 4233 I ImeTracker: org.qtproject.example.tst_qwidget:b83a6ed: onRequestHide at ORIGIN_CLIENT_HIDE_SOFT_INPUT reason HIDE_SOFT_INPUT agent:2023/11/22 12:07:03 build.go:404: 409:
11-22 12:05:35.284 4233 4233 I ImeTracker: org.qtproject.example.tst_qwidget:b83a6ed: onFailed at PHASE_CLIENT_VIEW_SERVED agent:2023/11/22 12:07:03 build.go:404: 409:
11-22 12:05:35.284 4233 4233 I ImeTracker: org.qtproject.example.tst_qwidget:20ba8e1e: onRequestHide at ORIGIN_CLIENT_HIDE_SOFT_INPUT reason HIDE_SOFT_INPUT agent:2023/11/22 12:07:03 build.go:404: 409:
11-22 12:05:35.284 4233 4233 I ImeTracker: org.qtproject.example.tst_qwidget:20ba8e1e: onFailed at PHASE_CLIENT_VIEW_SERVED agent:2023/11/22 12:07:03 build.go:404: 409:
11-22 12:05:35.285 4233 4257 I QTestLib: PASS : tst_QWidget::tabOrderWithProxy() agent:2023/11/22 12:07:03 build.go:404: 409:
11-22 12:05:35.285 4233 4233 I ImeTracker: org.qtproject.example.tst_qwidget:2d8cb0e6: onRequestHide at ORIGIN_CLIENT_HIDE_SOFT_INPUT reason HIDE_SOFT_INPUT agent:2023/11/22 12:07:03 build.go:404: 409:
11-22 12:05:35.285 4233 4233 I ImeTracker: org.qtproject.example.tst_qwidget:2d8cb0e6: onFailed at PHASE_CLIENT_VIEW_SERVED agent:2023/11/22 12:07:03 build.go:404: 409:
11-22 12:05:35.286 4233 4233 I ImeTracker: org.qtproject.example.tst_qwidget:7b9c000e: onRequestHide at ORIGIN_CLIENT_HIDE_SOFT_INPUT reason HIDE_SOFT_INPUT agent:2023/11/22 12:07:03 build.go:404: 409:
11-22 12:05:35.286 4233 4233 I ImeTracker: org.qtproject.example.tst_qwidget:7b9c000e: onFailed at PHASE_CLIENT_VIEW_SERVED agent:2023/11/22 12:07:03 build.go:404: 409:
11-22 12:05:35.286 4233 4233 I ImeTracker: org.qtproject.example.tst_qwidget:31ce0f91: onRequestHide at ORIGIN_CLIENT_HIDE_SOFT_INPUT reason HIDE_SOFT_INPUT agent:2023/11/22 12:07:03 build.go:404: 409:
11-22 12:05:35.287 4233 4233 I ImeTracker: org.qtproject.example.tst_qwidget:31ce0f91: onFailed at PHASE_CLIENT_VIEW_SERVED agent:2023/11/22 12:07:03 build.go:404: 409:
11-22 12:05:35.287 4233 4233 I ImeTracker: org.qtproject.example.tst_qwidget:234bd8fd: onRequestHide at ORIGIN_CLIENT_HIDE_SOFT_INPUT reason HIDE_SOFT_INPUT agent:2023/11/22 12:07:03 build.go:404: 409:
11-22 12:05:35.287 4233 4233 I ImeTracker: org.qtproject.example.tst_qwidget:234bd8fd: onFailed at PHASE_CLIENT_VIEW_SERVED agent:2023/11/22 12:07:03 build.go:404: 409:
11-22 12:05:35.288 4233 4233 I ImeTracker: org.qtproject.example.tst_qwidget:9b2bc8f7: onRequestHide at ORIGIN_CLIENT_HIDE_SOFT_INPUT reason HIDE_SOFT_INPUT agent:2023/11/22 12:07:03 build.go:404: 409:
11-22 12:05:35.288 4233 4233 I ImeTracker: org.qtproject.example.tst_qwidget:9b2bc8f7: onFailed at PHASE_CLIENT_VIEW_SERVED agent:2023/11/22 12:07:03 build.go:404: 409:
11-22 12:05:35.289 4233 4233 I ImeTracker: org.qtproject.example.tst_qwidget:91867381: onRequestHide at ORIGIN_CLIENT_HIDE_SOFT_INPUT reason HIDE_SOFT_INPUT agent:2023/11/22 12:07:03 build.go:404: 409:
11-22 12:05:35.289 4233 4233 I ImeTracker: org.qtproject.example.tst_qwidget:91867381: onFailed at PHASE_CLIENT_VIEW_SERVED agent:2023/11/22 12:07:03 build.go:404: 409:
11-22 12:05:35.290 4233 4233 I ImeTracker: org.qtproject.example.tst_qwidget:25a6cb31: onRequestHide at ORIGIN_CLIENT_HIDE_SOFT_INPUT reason HIDE_SOFT_INPUT agent:2023/11/22 12:07:03 build.go:404: 409:
11-22 12:05:35.290 4233 4233 I ImeTracker: org.qtproject.example.tst_qwidget:25a6cb31: onFailed at PHASE_CLIENT_VIEW_SERVED agent:2023/11/22 12:07:03 build.go:404: 409:
11-22 12:05:35.291 4233 4233 I ImeTracker: org.qtproject.example.tst_qwidget:706d4ca0: onRequestHide at ORIGIN_CLIENT_HIDE_SOFT_INPUT reason HIDE_SOFT_INPUT agent:2023/11/22 12:07:03 build.go:404: 409:
11-22 12:05:35.291 4233 4233 I ImeTracker: org.qtproject.example.tst_qwidget:706d4ca0: onFailed at PHASE_CLIENT_VIEW_SERVED agent:2023/11/22 12:07:03 build.go:404: 409:
11-22 12:05:35.291 4233 4257 I QTestLib: PASS : tst_QWidget::tabOrderWithProxyDisabled() agent:2023/11/22 12:07:03 build.go:404: 409:
11-22 12:05:35.291 4233 4233 I ImeTracker: org.qtproject.example.tst_qwidget:3320fa34: onRequestHide at ORIGIN_CLIENT_HIDE_SOFT_INPUT reason HIDE_SOFT_INPUT agent:2023/11/22 12:07:03 build.go:404: 409:
11-22 12:05:35.291 4233 4233 I ImeTracker: org.qtproject.example.tst_qwidget:3320fa34: onFailed at PHASE_CLIENT_VIEW_SERVED agent:2023/11/22 12:07:03 build.go:404: 409:
11-22 12:05:35.292 4233 4233 I ImeTracker: org.qtproject.example.tst_qwidget:6db7014c: onRequestHide at ORIGIN_CLIENT_HIDE_SOFT_INPUT reason HIDE_SOFT_INPUT agent:2023/11/22 12:07:03 build.go:404: 409:
11-22 12:05:35.292 4233 4233 I ImeTracker: org.qtproject.example.tst_qwidget:6db7014c: onFailed at PHASE_CLIENT_VIEW_SERVED agent:2023/11/22 12:07:03 build.go:404: 409:
11-22 12:05:35.293 4233 4233 I ImeTracker: org.qtproject.example.tst_qwidget:5cec1820: onRequestHide at ORIGIN_CLIENT_HIDE_SOFT_INPUT reason HIDE_SOFT_INPUT agent:2023/11/22 12:07:03 build.go:404: 409:
11-22 12:05:35.293 4233 4233 I ImeTracker: org.qtproject.example.tst_qwidget:5cec1820: onFailed at PHASE_CLIENT_VIEW_SERVED agent:2023/11/22 12:07:03 build.go:404: 409:
11-22 12:05:35.294 4233 4233 I ImeTracker: org.qtproject.example.tst_qwidget:cb8772a1: onRequestHide at ORIGIN_CLIENT_HIDE_SOFT_INPUT reason HIDE_SOFT_INPUT agent:2023/11/22 12:07:03 build.go:404: 409:
11-22 12:05:35.294 4233 4233 I ImeTracker: org.qtproject.example.tst_qwidget:cb8772a1: onFailed at PHASE_CLIENT_VIEW_SERVED agent:2023/11/22 12:07:03 build.go:404: 409:
11-22 12:05:35.295 4233 4233 I ImeTracker: org.qtproject.example.tst_qwidget:3f708c20: onRequestHide at ORIGIN_CLIENT_HIDE_SOFT_INPUT reason HIDE_SOFT_INPUT agent:2023/11/22 12:07:03 build.go:404: 409:
11-22 12:05:35.295 4233 4233 I ImeTracker: org.qtproject.example.tst_qwidget:3f708c20: onFailed at PHASE_CLIENT_VIEW_SERVED agent:2023/11/22 12:07:03 build.go:404: 409:
11-22 12:05:35.296 4233 4233 I ImeTracker: org.qtproject.example.tst_qwidget:844e28c3: onRequestHide at ORIGIN_CLIENT_HIDE_SOFT_INPUT reason HIDE_SOFT_INPUT agent:2023/11/22 12:07:03 build.go:404: 409:
11-22 12:05:35.296 4233 4233 I ImeTracker: org.qtproject.example.tst_qwidget:844e28c3: onFailed at PHASE_CLIENT_VIEW_SERVED agent:2023/11/22 12:07:03 build.go:404: 409:
11-22 12:05:35.297 4233 4233 I ImeTracker: org.qtproject.example.tst_qwidget:197fd3ab: onRequestHide at ORIGIN_CLIENT_HIDE_SOFT_INPUT reason HIDE_SOFT_INPUT agent:2023/11/22 12:07:03 build.go:404: 409:
11-22 12:05:35.297 4233 4257 I QTestLib: PASS : tst_QWidget::tabOrderWithProxyOutOfOrder() agent:2023/11/22 12:07:03 build.go:404: 409:
11-22 12:05:35.297 4233 4233 I ImeTracker: org.qtproject.example.tst_qwidget:197fd3ab: onFailed at PHASE_CLIENT_VIEW_SERVED agent:2023/11/22 12:07:03 build.go:404: 409:
11-22 12:05:35.298 4233 4233 I ImeTracker: org.qtproject.example.tst_qwidget:731bb90f: onRequestHide at ORIGIN_CLIENT_HIDE_SOFT_INPUT reason HIDE_SOFT_INPUT agent:2023/11/22 12:07:03 build.go:404: 409:
11-22 12:05:35.298 4233 4233 I ImeTracker: org.qtproject.example.tst_qwidget:731bb90f: onFailed at PHASE_CLIENT_VIEW_SERVED agent:2023/11/22 12:07:03 build.go:404: 409:
11-22 12:05:35.299 4233 4233 I ImeTracker: org.qtproject.example.tst_qwidget:764b4380: onRequestHide at ORIGIN_CLIENT_HIDE_SOFT_INPUT reason HIDE_SOFT_INPUT agent:2023/11/22 12:07:03 build.go:404: 409:
11-22 12:05:35.300 4233 4233 I ImeTracker: org.qtproject.example.tst_qwidget:764b4380: onFailed at PHASE_CLIENT_VIEW_SERVED agent:2023/11/22 12:07:03 build.go:404: 409:
11-22 12:05:35.302 4233 4233 I ImeTracker: org.qtproject.example.tst_qwidget:ada65386: onRequestHide at ORIGIN_CLIENT_HIDE_SOFT_INPUT reason HIDE_SOFT_INPUT agent:2023/11/22 12:07:03 build.go:404: 409:
11-22 12:05:35.302 4233 4233 I ImeTracker: org.qtproject.example.tst_qwidget:ada65386: onFailed at PHASE_CLIENT_VIEW_SERVED agent:2023/11/22 12:07:03 build.go:404: 409:
