11-22 12:06:26.653 4233 4233 I ImeTracker: org.qtproject.example.tst_qwidget:5eb09bf4: onFailed at PHASE_CLIENT_VIEW_SERVED agent:2023/11/22 12:07:03 build.go:404: 409:
11-22 12:06:26.655 4233 4233 I ImeTracker: org.qtproject.example.tst_qwidget:baa2af76: onRequestHide at ORIGIN_CLIENT_HIDE_SOFT_INPUT reason HIDE_SOFT_INPUT agent:2023/11/22 12:07:03 build.go:404: 409:
11-22 12:06:26.655 4233 4233 I ImeTracker: org.qtproject.example.tst_qwidget:baa2af76: onFailed at PHASE_CLIENT_VIEW_SERVED agent:2023/11/22 12:07:03 build.go:404: 409:
11-22 12:06:26.656 4233 4233 I ImeTracker: org.qtproject.example.tst_qwidget:30de14f8: onRequestHide at ORIGIN_CLIENT_HIDE_SOFT_INPUT reason HIDE_SOFT_INPUT agent:2023/11/22 12:07:03 build.go:404: 409:
11-22 12:06:26.656 4233 4233 I ImeTracker: org.qtproject.example.tst_qwidget:30de14f8: onFailed at PHASE_CLIENT_VIEW_SERVED agent:2023/11/22 12:07:03 build.go:404: 409:
11-22 12:06:26.657 4233 4233 I ImeTracker: org.qtproject.example.tst_qwidget:3cca3965: onRequestHide at ORIGIN_CLIENT_HIDE_SOFT_INPUT reason HIDE_SOFT_INPUT agent:2023/11/22 12:07:03 build.go:404: 409:
11-22 12:06:26.657 4233 4233 I ImeTracker: org.qtproject.example.tst_qwidget:3cca3965: onFailed at PHASE_CLIENT_VIEW_SERVED agent:2023/11/22 12:07:03 build.go:404: 409:
11-22 12:06:26.657 4233 4233 I ImeTracker: org.qtproject.example.tst_qwidget:de0c2b0f: onRequestHide at ORIGIN_CLIENT_HIDE_SOFT_INPUT reason HIDE_SOFT_INPUT agent:2023/11/22 12:07:03 build.go:404: 409:
11-22 12:06:26.657 4233 4233 I ImeTracker: org.qtproject.example.tst_qwidget:de0c2b0f: onFailed at PHASE_CLIENT_VIEW_SERVED agent:2023/11/22 12:07:03 build.go:404: 409:
11-22 12:06:26.658 4233 4233 I ImeTracker: org.qtproject.example.tst_qwidget:61b4556d: onRequestHide at ORIGIN_CLIENT_HIDE_SOFT_INPUT reason HIDE_SOFT_INPUT agent:2023/11/22 12:07:03 build.go:404: 409:
11-22 12:06:26.658 4233 4233 I ImeTracker: org.qtproject.example.tst_qwidget:61b4556d: onFailed at PHASE_CLIENT_VIEW_SERVED agent:2023/11/22 12:07:03 build.go:404: 409:
11-22 12:06:26.659 4233 4233 I ImeTracker: org.qtproject.example.tst_qwidget:cba4572e: onRequestHide at ORIGIN_CLIENT_HIDE_SOFT_INPUT reason HIDE_SOFT_INPUT agent:2023/11/22 12:07:03 build.go:404: 409:
11-22 12:06:26.659 4233 4233 I ImeTracker: org.qtproject.example.tst_qwidget:cba4572e: onFailed at PHASE_CLIENT_VIEW_SERVED agent:2023/11/22 12:07:03 build.go:404: 409:
11-22 12:06:26.660 4233 4233 I ImeTracker: org.qtproject.example.tst_qwidget:4073e1d3: onRequestHide at ORIGIN_CLIENT_HIDE_SOFT_INPUT reason HIDE_SOFT_INPUT agent:2023/11/22 12:07:03 build.go:404: 409:
11-22 12:06:26.660 4233 4233 I ImeTracker: org.qtproject.example.tst_qwidget:4073e1d3: onFailed at PHASE_CLIENT_VIEW_SERVED agent:2023/11/22 12:07:03 build.go:404: 409:
11-22 12:06:26.731 4233 4257 I QTestLib: PASS : tst_QWidget::lostUpdatesOnHide() agent:2023/11/22 12:07:03 build.go:404: 409:
11-22 12:06:26.734 4233 4233 I ImeTracker: org.qtproject.example.tst_qwidget:3bd21f08: onRequestHide at ORIGIN_CLIENT_HIDE_SOFT_INPUT reason HIDE_SOFT_INPUT agent:2023/11/22 12:07:03 build.go:404: 409:
11-22 12:06:26.735 4233 4233 I ImeTracker: org.qtproject.example.tst_qwidget:3bd21f08: onFailed at PHASE_CLIENT_VIEW_SERVED agent:2023/11/22 12:07:03 build.go:404: 409:
11-22 12:06:26.752 4233 4233 E BufferQueueProducer: [SurfaceView[org.qtproject.example.tst_qwidget/org.qtproject.qt.android.bindings.QtActivity]#1(BLAST Consumer)1](id:108900000001,api:0,p:-1,c:4233) disconnect: not connected (req=2) agent:2023/11/22 12:07:03 build.go:404: 409:
11-22 12:06:26.775 4233 4254 D EGL_emulation: app_time_stats: avg=779.01ms min=1.61ms max=16732.27ms count=22 agent:2023/11/22 12:07:03 build.go:404: 409:
11-22 12:06:26.782 4233 4257 I QTestLib: BFAIL : tst_QWidget::update() Compared values are not the same agent:2023/11/22 12:07:03 build.go:404: 409:
11-22 12:06:26.782 4233 4257 I QTestLib: Actual (child.numPaintEvents): 2 agent:2023/11/22 12:07:03 build.go:404: 409:
11-22 12:06:26.782 4233 4257 I QTestLib: Expected (1) : 1 agent:2023/11/22 12:07:03 build.go:404: 409:
11-22 12:06:26.782 4233 4257 I QTestLib: Loc: [/home/qt/work/qt/qtbase/tests/auto/widgets/kernel/qwidget/tst_qwidget.cpp(5614)] agent:2023/11/22 12:07:03 build.go:404: 409:
11-22 12:06:26.783 4233 4257 I QTestLib: PASS : tst_QWidget::isOpaque() agent:2023/11/22 12:07:03 build.go:404: 409:
11-22 12:06:26.783 4233 4233 I ImeTracker: org.qtproject.example.tst_qwidget:de788207: onRequestHide at ORIGIN_CLIENT_HIDE_SOFT_INPUT reason HIDE_SOFT_INPUT agent:2023/11/22 12:07:03 build.go:404: 409:
11-22 12:06:26.784 4233 4233 I ImeTracker: org.qtproject.example.tst_qwidget:de788207: onFailed at PHASE_CLIENT_VIEW_SERVED agent:2023/11/22 12:07:03 build.go:404: 409:
11-22 12:06:26.784 4233 4233 I ImeTracker: org.qtproject.example.tst_qwidget:7003a63b: onRequestHide at ORIGIN_CLIENT_HIDE_SOFT_INPUT reason HIDE_SOFT_INPUT agent:2023/11/22 12:07:03 build.go:404: 409:
11-22 12:06:26.785 4233 4233 I ImeTracker: org.qtproject.example.tst_qwidget:7003a63b: onFailed at PHASE_CLIENT_VIEW_SERVED agent:2023/11/22 12:07:03 build.go:404: 409:
11-22 12:06:42.101 4233 4257 I QTestLib: BFAIL : tst_QWidget::scroll() Compared values are not the same agent:2023/11/22 12:07:03 build.go:404: 409:
11-22 12:06:42.101 4233 4257 I QTestLib: Actual (updateWidget.paintedRegion): QRegion(160x308+0+0) agent:2023/11/22 12:07:03 build.go:404: 409:
11-22 12:06:42.101 4233 4257 I QTestLib: Expected (dirty) : QRegion(2 rectangles, 160x10+0+0, 10x298+0+10) agent:2023/11/22 12:07:03 build.go:404: 409:
11-22 12:06:42.101 4233 4257 I QTestLib: Loc: [/home/qt/work/qt/qtbase/tests/auto/widgets/kernel/qwidget/tst_qwidget.cpp(5857)] agent:2023/11/22 12:07:03 build.go:404: 409:
11-22 12:06:42.103 4233 4233 I ImeTracker: org.qtproject.example.tst_qwidget:c988eeaa: onRequestHide at ORIGIN_CLIENT_HIDE_SOFT_INPUT reason HIDE_SOFT_INPUT agent:2023/11/22 12:07:03 build.go:404: 409:
11-22 12:06:42.104 4233 4233 I ImeTracker: org.qtproject.example.tst_qwidget:c988eeaa: onFailed at PHASE_CLIENT_VIEW_SERVED agent:2023/11/22 12:07:03 build.go:404: 409:
11-22 12:06:42.105 4233 4257 I QTestLib: PASS : tst_QWidget::scrollNativeChildren() agent:2023/11/22 12:07:03 build.go:404: 409:
11-22 12:06:42.117 4233 4233 I ImeTracker: org.qtproject.example.tst_qwidget:5a01f3c6: onRequestHide at ORIGIN_CLIENT_HIDE_SOFT_INPUT reason HIDE_SOFT_INPUT agent:2023/11/22 12:07:03 build.go:404: 409:
11-22 12:06:42.117 4233 4233 I ImeTracker: org.qtproject.example.tst_qwidget:5a01f3c6: onFailed at PHASE_CLIENT_VIEW_SERVED agent:2023/11/22 12:07:03 build.go:404: 409:
11-22 12:06:42.118 4233 4233 I ImeTracker: org.qtproject.example.tst_qwidget:989931f6: onRequestHide at ORIGIN_CLIENT_HIDE_SOFT_INPUT reason HIDE_SOFT_INPUT agent:2023/11/22 12:07:03 build.go:404: 409:
11-22 12:06:42.119 4233 4233 I ImeTracker: org.qtproject.example.tst_qwidget:989931f6: onFailed at PHASE_CLIENT_VIEW_SERVED agent:2023/11/22 12:07:03 build.go:404: 409:
11-22 12:06:42.612 4233 4233 I ImeTracker: org.qtproject.example.tst_qwidget:8c5f126: onRequestHide at ORIGIN_CLIENT_HIDE_SOFT_INPUT reason HIDE_SOFT_INPUT agent:2023/11/22 12:07:03 build.go:404: 409:
11-22 12:06:42.612 4233 4233 I ImeTracker: org.qtproject.example.tst_qwidget:8c5f126: onFailed at PHASE_CLIENT_VIEW_SERVED agent:2023/11/22 12:07:03 build.go:404: 409:
11-22 12:06:42.621 4233 4233 E BufferQueueProducer: [SurfaceView[org.qtproject.example.tst_qwidget/org.qtproject.qt.android.bindings.QtActivity]#2(BLAST Consumer)2](id:108900000002,api:0,p:-1,c:4233) disconnect: not connected (req=2) agent:2023/11/22 12:07:03 build.go:404: 409:
11-22 12:06:42.642 4233 4254 D EGL_emulation: app_time_stats: avg=15866.88ms min=15866.88ms max=15866.88ms count=1 agent:2023/11/22 12:07:03 build.go:404: 409:
11-22 12:06:42.648 4233 4233 I ImeTracker: org.qtproject.example.tst_qwidget:742cb08d: onRequestHide at ORIGIN_CLIENT_HIDE_SOFT_INPUT reason HIDE_SOFT_INPUT agent:2023/11/22 12:07:03 build.go:404: 409:
11-22 12:06:42.648 4233 4233 I ImeTracker: org.qtproject.example.tst_qwidget:742cb08d: onFailed at PHASE_CLIENT_VIEW_SERVED agent:2023/11/22 12:07:03 build.go:404: 409:
11-22 12:06:42.674 4233 4233 I ImeTracker: org.qtproject.example.tst_qwidget:5db64756: onRequestHide at ORIGIN_CLIENT_HIDE_SOFT_INPUT reason HIDE_SOFT_INPUT agent:2023/11/22 12:07:03 build.go:404: 409:
11-22 12:06:42.675 4233 4233 I ImeTracker: org.qtproject.example.tst_qwidget:5db64756: onFailed at PHASE_CLIENT_VIEW_SERVED agent:2023/11/22 12:07:03 build.go:404: 409:
11-22 12:06:42.685 4233 4233 E BufferQueueProducer: [SurfaceView[org.qtproject.example.tst_qwidget/org.qtproject.qt.android.bindings.QtActivity]#3(BLAST Consumer)3](id:108900000003,api:0,p:-1,c:4233) disconnect: not connected (req=2) agent:2023/11/22 12:07:03 build.go:404: 409:
11-22 12:06:42.715 4233 4233 I ImeTracker: org.qtproject.example.tst_qwidget:ec8106c3: onRequestHide at ORIGIN_CLIENT_HIDE_SOFT_INPUT reason HIDE_SOFT_INPUT agent:2023/11/22 12:07:03 build.go:404: 409:
11-22 12:06:42.715 4233 4233 I ImeTracker: org.qtproject.example.tst_qwidget:ec8106c3: onFailed at PHASE_CLIENT_VIEW_SERVED agent:2023/11/22 12:07:03 build.go:404: 409:
11-22 12:06:42.798 4233 4233 I ImeTracker: org.qtproject.example.tst_qwidget:574acead: onRequestHide at ORIGIN_CLIENT_HIDE_SOFT_INPUT reason HIDE_SOFT_INPUT agent:2023/11/22 12:07:03 build.go:404: 409:
11-22 12:06:42.799 4233 4233 I ImeTracker: org.qtproject.example.tst_qwidget:574acead: onFailed at PHASE_CLIENT_VIEW_SERVED agent:2023/11/22 12:07:03 build.go:404: 409:
11-22 12:06:42.800 4233 4233 I ImeTracker: org.qtproject.example.tst_qwidget:13f7dfb0: onRequestHide at ORIGIN_CLIENT_HIDE_SOFT_INPUT reason HIDE_SOFT_INPUT agent:2023/11/22 12:07:03 build.go:404: 409:
11-22 12:06:42.800 4233 4233 I ImeTracker: org.qtproject.example.tst_qwidget:13f7dfb0: onFailed at PHASE_CLIENT_VIEW_SERVED agent:2023/11/22 12:07:03 build.go:404: 409:
11-22 12:06:42.801 4233 4233 I ImeTracker: org.qtproject.example.tst_qwidget:f422811c: onRequestHide at ORIGIN_CLIENT_HIDE_SOFT_INPUT reason HIDE_SOFT_INPUT agent:2023/11/22 12:07:03 build.go:404: 409:
11-22 12:06:42.801 4233 4233 I ImeTracker: org.qtproject.example.tst_qwidget:f422811c: onFailed at PHASE_CLIENT_VIEW_SERVED agent:2023/11/22 12:07:03 build.go:404: 409:
11-22 12:06:42.803 4233 4233 E BufferQueueProducer: [SurfaceView[org.qtproject.example.tst_qwidget/org.qtproject.qt.android.bindings.QtActivity]#4(BLAST Consumer)4](id:108900000004,api:0,p:-1,c:4233) disconnect: not connected (req=2) agent:2023/11/22 12:07:03 build.go:404: 409:
11-22 12:06:42.840 4233 4233 I ImeTracker: org.qtproject.example.tst_qwidget:1063e676: onRequestHide at ORIGIN_CLIENT_HIDE_SOFT_INPUT reason HIDE_SOFT_INPUT agent:2023/11/22 12:07:03 build.go:404: 409:
11-22 12:06:42.841 4233 4233 I ImeTracker: org.qtproject.example.tst_qwidget:1063e676: onFailed at PHASE_CLIENT_VIEW_SERVED agent:2023/11/22 12:07:03 build.go:404: 409:
11-22 12:06:42.882 4233 4233 I ImeTracker: org.qtproject.example.tst_qwidget:e7fc5d39: onRequestHide at ORIGIN_CLIENT_HIDE_SOFT_INPUT reason HIDE_SOFT_INPUT agent:2023/11/22 12:07:03 build.go:404: 409:
11-22 12:06:42.883 4233 4233 I ImeTracker: org.qtproject.example.tst_qwidget:e7fc5d39: onFailed at PHASE_CLIENT_VIEW_SERVED agent:2023/11/22 12:07:03 build.go:404: 409:
11-22 12:06:42.887 4233 4233 E BufferQueueProducer: [SurfaceView[org.qtproject.example.tst_qwidget/org.qtproject.qt.android.bindings.QtActivity]#5(BLAST Consumer)5](id:108900000005,api:0,p:-1,c:4233) disconnect: not connected (req=2) agent:2023/11/22 12:07:03 build.go:404: 409:
11-22 12:06:42.915 4233 4233 I ImeTracker: org.qtproject.example.tst_qwidget:f1ea9f20: onRequestHide at ORIGIN_CLIENT_HIDE_SOFT_INPUT reason HIDE_SOFT_INPUT agent:2023/11/22 12:07:03 build.go:404: 409:
11-22 12:06:42.916 4233 4233 I ImeTracker: org.qtproject.example.tst_qwidget:f1ea9f20: onFailed at PHASE_CLIENT_VIEW_SERVED agent:2023/11/22 12:07:03 build.go:404: 409:
11-22 12:06:42.972 4233 4233 I ImeTracker: org.qtproject.example.tst_qwidget:c158e291: onRequestHide at ORIGIN_CLIENT_HIDE_SOFT_INPUT reason HIDE_SOFT_INPUT agent:2023/11/22 12:07:03 build.go:404: 409:
11-22 12:06:42.972 4233 4233 I ImeTracker: org.qtproject.example.tst_qwidget:c158e291: onFailed at PHASE_CLIENT_VIEW_SERVED agent:2023/11/22 12:07:03 build.go:404: 409:
11-22 12:06:42.984 4233 4233 E BufferQueueProducer: [SurfaceView[org.qtproject.example.tst_qwidget/org.qtproject.qt.android.bindings.QtActivity]#6(BLAST Consumer)6](id:108900000006,api:0,p:-1,c:4233) disconnect: not connected (req=2) agent:2023/11/22 12:07:03 build.go:404: 409:
11-22 12:06:43.016 4233 4233 I ImeTracker: org.qtproject.example.tst_qwidget:5cb9a630: onRequestHide at ORIGIN_CLIENT_HIDE_SOFT_INPUT reason HIDE_SOFT_INPUT agent:2023/11/22 12:07:03 build.go:404: 409:
11-22 12:06:43.016 4233 4233 I ImeTracker: org.qtproject.example.tst_qwidget:5cb9a630: onFailed at PHASE_CLIENT_VIEW_SERVED agent:2023/11/22 12:07:03 build.go:404: 409:
11-22 12:06:43.018 4233 4257 I QTestLib: PASS : tst_QWidget::setWindowGeometry(100,100 200x200, flags 0) agent:2023/11/22 12:07:03 build.go:404: 409:
11-22 12:06:43.525 4233 4233 I ImeTracker: org.qtproject.example.tst_qwidget:b4801f01: onRequestHide at ORIGIN_CLIENT_HIDE_SOFT_INPUT reason HIDE_SOFT_INPUT agent:2023/11/22 12:07:03 build.go:404: 409:
11-22 12:06:43.526 4233 4233 I ImeTracker: org.qtproject.example.tst_qwidget:b4801f01: onFailed at PHASE_CLIENT_VIEW_SERVED agent:2023/11/22 12:07:03 build.go:404: 409:
11-22 12:06:43.536 4233 4233 E BufferQueueProducer: [SurfaceView[org.qtproject.example.tst_qwidget/org.qtproject.qt.android.bindings.QtActivity]#7(BLAST Consumer)7](id:108900000007,api:0,p:-1,c:4233) disconnect: not connected (req=2) agent:2023/11/22 12:07:03 build.go:404: 409:
11-22 12:06:43.565 4233 4233 I ImeTracker: org.qtproject.example.tst_qwidget:ac87dd91: onRequestHide at ORIGIN_CLIENT_HIDE_SOFT_INPUT reason HIDE_SOFT_INPUT agent:2023/11/22 12:07:03 build.go:404: 409:
11-22 12:06:43.565 4233 4233 I ImeTracker: org.qtproject.example.tst_qwidget:ac87dd91: onFailed at PHASE_CLIENT_VIEW_SERVED agent:2023/11/22 12:07:03 build.go:404: 409:
11-22 12:06:43.590 4233 4233 I ImeTracker: org.qtproject.example.tst_qwidget:2062ffab: onRequestHide at ORIGIN_CLIENT_HIDE_SOFT_INPUT reason HIDE_SOFT_INPUT agent:2023/11/22 12:07:03 build.go:404: 409:
11-22 12:06:43.590 4233 4233 I ImeTracker: org.qtproject.example.tst_qwidget:2062ffab: onFailed at PHASE_CLIENT_VIEW_SERVED agent:2023/11/22 12:07:03 build.go:404: 409:
11-22 12:06:43.603 4233 4233 E BufferQueueProducer: [SurfaceView[org.qtproject.example.tst_qwidget/org.qtproject.qt.android.bindings.QtActivity]#8(BLAST Consumer)8](id:108900000008,api:0,p:-1,c:4233) disconnect: not connected (req=2) agent:2023/11/22 12:07:03 build.go:404: 409:
11-22 12:06:43.633 4233 4233 I ImeTracker: org.qtproject.example.tst_qwidget:fe315d3b: onRequestHide at ORIGIN_CLIENT_HIDE_SOFT_INPUT reason HIDE_SOFT_INPUT agent:2023/11/22 12:07:03 build.go:404: 409:
11-22 12:06:43.634 4233 4233 I ImeTracker: org.qtproject.example.tst_qwidget:fe315d3b: onFailed at PHASE_CLIENT_VIEW_SERVED agent:2023/11/22 12:07:03 build.go:404: 409:
11-22 12:06:43.697 4233 4233 I ImeTracker: org.qtproject.example.tst_qwidget:85813c70: onRequestHide at ORIGIN_CLIENT_HIDE_SOFT_INPUT reason HIDE_SOFT_INPUT agent:2023/11/22 12:07:03 build.go:404: 409:
11-22 12:06:43.698 4233 4233 I ImeTracker: org.qtproject.example.tst_qwidget:85813c70: onFailed at PHASE_CLIENT_VIEW_SERVED agent:2023/11/22 12:07:03 build.go:404: 409:
11-22 12:06:43.717 4233 4233 I ImeTracker: org.qtproject.example.tst_qwidget:8dc81e0d: onRequestHide at ORIGIN_CLIENT_HIDE_SOFT_INPUT reason HIDE_SOFT_INPUT agent:2023/11/22 12:07:03 build.go:404: 409:
11-22 12:06:43.718 4233 4233 I ImeTracker: org.qtproject.example.tst_qwidget:8dc81e0d: onFailed at PHASE_CLIENT_VIEW_SERVED agent:2023/11/22 12:07:03 build.go:404: 409:
11-22 12:06:43.719 4233 4233 I ImeTracker: org.qtproject.example.tst_qwidget:c6a90f8e: onRequestHide at ORIGIN_CLIENT_HIDE_SOFT_INPUT reason HIDE_SOFT_INPUT agent:2023/11/22 12:07:03 build.go:404: 409:
11-22 12:06:43.719 4233 4233 I ImeTracker: org.qtproject.example.tst_qwidget:c6a90f8e: onFailed at PHASE_CLIENT_VIEW_SERVED agent:2023/11/22 12:07:03 build.go:404: 409:
11-22 12:06:43.724 4233 4233 E BufferQueueProducer: [SurfaceView[org.qtproject.example.tst_qwidget/org.qtproject.qt.android.bindings.QtActivity]#9(BLAST Consumer)9](id:108900000009,api:0,p:-1,c:4233) disconnect: not connected (req=2) agent:2023/11/22 12:07:03 build.go:404: 409:
11-22 12:06:43.737 4233 4254 D EGL_emulation: app_time_stats: avg=156.41ms min=62.99ms max=547.44ms count=7 agent:2023/11/22 12:07:03 build.go:404: 409:
11-22 12:06:43.758 4233 4233 I ImeTracker: org.qtproject.example.tst_qwidget:465264fc: onRequestHide at ORIGIN_CLIENT_HIDE_SOFT_INPUT reason HIDE_SOFT_INPUT agent:2023/11/22 12:07:03 build.go:404: 409:
11-22 12:06:43.759 4233 4233 I ImeTracker: org.qtproject.example.tst_qwidget:465264fc: onFailed at PHASE_CLIENT_VIEW_SERVED agent:2023/11/22 12:07:03 build.go:404: 409:
11-22 12:06:43.799 4233 4233 I ImeTracker: org.qtproject.example.tst_qwidget:130a5f8: onRequestHide at ORIGIN_CLIENT_HIDE_SOFT_INPUT reason HIDE_SOFT_INPUT agent:2023/11/22 12:07:03 build.go:404: 409:
11-22 12:06:43.799 4233 4233 I ImeTracker: org.qtproject.example.tst_qwidget:130a5f8: onFailed at PHASE_CLIENT_VIEW_SERVED agent:2023/11/22 12:07:03 build.go:404: 409:
11-22 12:06:43.803 4233 4233 E BufferQueueProducer: [SurfaceView[org.qtproject.example.tst_qwidget/org.qtproject.qt.android.bindings.QtActivity]#10(BLAST Consumer)10](id:10890000000a,api:0,p:-1,c:4233) disconnect: not connected (req=2) agent:2023/11/22 12:07:03 build.go:404: 409:
11-22 12:06:43.833 4233 4233 I ImeTracker: org.qtproject.example.tst_qwidget:e2aab247: onRequestHide at ORIGIN_CLIENT_HIDE_SOFT_INPUT reason HIDE_SOFT_INPUT agent:2023/11/22 12:07:03 build.go:404: 409:
11-22 12:06:43.834 4233 4233 I ImeTracker: org.qtproject.example.tst_qwidget:e2aab247: onFailed at PHASE_CLIENT_VIEW_SERVED agent:2023/11/22 12:07:03 build.go:404: 409:
11-22 12:06:43.889 4233 4233 I ImeTracker: org.qtproject.example.tst_qwidget:8487fe41: onRequestHide at ORIGIN_CLIENT_HIDE_SOFT_INPUT reason HIDE_SOFT_INPUT agent:2023/11/22 12:07:03 build.go:404: 409:
11-22 12:06:43.889 4233 4233 I ImeTracker: org.qtproject.example.tst_qwidget:8487fe41: onFailed at PHASE_CLIENT_VIEW_SERVED agent:2023/11/22 12:07:03 build.go:404: 409:
11-22 12:06:43.902 4233 4233 E BufferQueueProducer: [SurfaceView[org.qtproject.example.tst_qwidget/org.qtproject.qt.android.bindings.QtActivity]#11(BLAST Consumer)11](id:10890000000b,api:0,p:-1,c:4233) disconnect: not connected (req=2) agent:2023/11/22 12:07:03 build.go:404: 409:
11-22 12:06:43.932 4233 4233 I ImeTracker: org.qtproject.example.tst_qwidget:1d6c2e6f: onRequestHide at ORIGIN_CLIENT_HIDE_SOFT_INPUT reason HIDE_SOFT_INPUT agent:2023/11/22 12:07:03 build.go:404: 409:
11-22 12:06:43.932 4233 4233 I ImeTracker: org.qtproject.example.tst_qwidget:1d6c2e6f: onFailed at PHASE_CLIENT_VIEW_SERVED agent:2023/11/22 12:07:03 build.go:404: 409:
11-22 12:06:43.936 4233 4257 I QTestLib: PASS : tst_QWidget::setWindowGeometry(100,100 200x200, flags 800) agent:2023/11/22 12:07:03 build.go:404: 409:
11-22 12:06:44.442 4233 4233 I ImeTracker: org.qtproject.example.tst_qwidget:3ed0faef: onRequestHide at ORIGIN_CLIENT_HIDE_SOFT_INPUT reason HIDE_SOFT_INPUT agent:2023/11/22 12:07:03 build.go:404: 409:
11-22 12:06:44.443 4233 4233 I ImeTracker: org.qtproject.example.tst_qwidget:3ed0faef: onFailed at PHASE_CLIENT_VIEW_SERVED agent:2023/11/22 12:07:03 build.go:404: 409:
11-22 12:06:44.451 4233 4233 I ImeTracker: org.qtproject.example.tst_qwidget:9c6bd97b: onRequestHide at ORIGIN_CLIENT_HIDE_SOFT_INPUT reason HIDE_SOFT_INPUT agent:2023/11/22 12:07:03 build.go:404: 409:
11-22 12:06:44.451 4233 4233 I ImeTracker: org.qtproject.example.tst_qwidget:9c6bd97b: onFailed at PHASE_CLIENT_VIEW_SERVED agent:2023/11/22 12:07:03 build.go:404: 409:
11-22 12:06:44.474 4233 4233 I ImeTracker: org.qtproject.example.tst_qwidget:5662e581: onRequestHide at ORIGIN_CLIENT_HIDE_SOFT_INPUT reason HIDE_SOFT_INPUT agent:2023/11/22 12:07:03 build.go:404: 409:
11-22 12:06:44.474 4233 4233 I ImeTracker: org.qtproject.example.tst_qwidget:5662e581: onFailed at PHASE_CLIENT_VIEW_SERVED agent:2023/11/22 12:07:03 build.go:404: 409:
11-22 12:06:44.486 4233 4233 E BufferQueueProducer: [SurfaceView[org.qtproject.example.tst_qwidget/org.qtproject.qt.android.bindings.QtActivity]#12(BLAST Consumer)12](id:10890000000c,api:0,p:-1,c:4233) disconnect: not connected (req=2) agent:2023/11/22 12:07:03 build.go:404: 409:
11-22 12:06:44.533 4233 4233 I ImeTracker: org.qtproject.example.tst_qwidget:6b77b613: onRequestHide at ORIGIN_CLIENT_HIDE_SOFT_INPUT reason HIDE_SOFT_INPUT agent:2023/11/22 12:07:03 build.go:404: 409:
11-22 12:06:44.533 4233 4233 I ImeTracker: org.qtproject.example.tst_qwidget:6b77b613: onFailed at PHASE_CLIENT_VIEW_SERVED agent:2023/11/22 12:07:03 build.go:404: 409:
11-22 12:06:44.606 4233 4233 I ImeTracker: org.qtproject.example.tst_qwidget:371d2ea4: onRequestHide at ORIGIN_CLIENT_HIDE_SOFT_INPUT reason HIDE_SOFT_INPUT agent:2023/11/22 12:07:03 build.go:404: 409:
11-22 12:06:44.607 4233 4233 I ImeTracker: org.qtproject.example.tst_qwidget:371d2ea4: onFailed at PHASE_CLIENT_VIEW_SERVED agent:2023/11/22 12:07:03 build.go:404: 409:
11-22 12:06:44.618 4233 4233 I ImeTracker: org.qtproject.example.tst_qwidget:ebcc756b: onRequestHide at ORIGIN_CLIENT_HIDE_SOFT_INPUT reason HIDE_SOFT_INPUT agent:2023/11/22 12:07:03 build.go:404: 409:
11-22 12:06:44.618 4233 4233 I ImeTracker: org.qtproject.example.tst_qwidget:ebcc756b: onFailed at PHASE_CLIENT_VIEW_SERVED agent:2023/11/22 12:07:03 build.go:404: 409:
11-22 12:06:44.619 4233 4233 I ImeTracker: org.qtproject.example.tst_qwidget:6f4502e7: onRequestHide at ORIGIN_CLIENT_HIDE_SOFT_INPUT reason HIDE_SOFT_INPUT agent:2023/11/22 12:07:03 build.go:404: 409:
11-22 12:06:44.619 4233 4233 I ImeTracker: org.qtproject.example.tst_qwidget:6f4502e7: onFailed at PHASE_CLIENT_VIEW_SERVED agent:2023/11/22 12:07:03 build.go:404: 409:
11-22 12:06:44.622 4233 4233 E BufferQueueProducer: [SurfaceView[org.qtproject.example.tst_qwidget/org.qtproject.qt.android.bindings.QtActivity]#13(BLAST Consumer)13](id:10890000000d,api:0,p:-1,c:4233) disconnect: not connected (req=2) agent:2023/11/22 12:07:03 build.go:404: 409:
11-22 12:06:44.651 4233 4233 I ImeTracker: org.qtproject.example.tst_qwidget:18e1271e: onRequestHide at ORIGIN_CLIENT_HIDE_SOFT_INPUT reason HIDE_SOFT_INPUT agent:2023/11/22 12:07:03 build.go:404: 409:
11-22 12:06:44.651 4233 4233 I ImeTracker: org.qtproject.example.tst_qwidget:18e1271e: onFailed at PHASE_CLIENT_VIEW_SERVED agent:2023/11/22 12:07:03 build.go:404: 409:
11-22 12:06:44.675 4233 4233 I ImeTracker: org.qtproject.example.tst_qwidget:58989504: onRequestHide at ORIGIN_CLIENT_HIDE_SOFT_INPUT reason HIDE_SOFT_INPUT agent:2023/11/22 12:07:03 build.go:404: 409:
11-22 12:06:44.675 4233 4233 I ImeTracker: org.qtproject.example.tst_qwidget:58989504: onFailed at PHASE_CLIENT_VIEW_SERVED agent:2023/11/22 12:07:03 build.go:404: 409:
11-22 12:06:44.687 4233 4233 E BufferQueueProducer: [SurfaceView[org.qtproject.example.tst_qwidget/org.qtproject.qt.android.bindings.QtActivity]#14(BLAST Consumer)14](id:10890000000e,api:0,p:-1,c:4233) disconnect: not connected (req=2) agent:2023/11/22 12:07:03 build.go:404: 409:
11-22 12:06:44.729 4233 4233 I ImeTracker: org.qtproject.example.tst_qwidget:784cb98f: onRequestHide at ORIGIN_CLIENT_HIDE_SOFT_INPUT reason HIDE_SOFT_INPUT agent:2023/11/22 12:07:03 build.go:404: 409:
11-22 12:06:44.730 4233 4233 I ImeTracker: org.qtproject.example.tst_qwidget:784cb98f: onFailed at PHASE_CLIENT_VIEW_SERVED agent:2023/11/22 12:07:03 build.go:404: 409:
11-22 12:06:44.793 4233 4233 I ImeTracker: org.qtproject.example.tst_qwidget:d60151d5: onRequestHide at ORIGIN_CLIENT_HIDE_SOFT_INPUT reason HIDE_SOFT_INPUT agent:2023/11/22 12:07:03 build.go:404: 409:
11-22 12:06:44.794 4233 4233 I ImeTracker: org.qtproject.example.tst_qwidget:d60151d5: onFailed at PHASE_CLIENT_VIEW_SERVED agent:2023/11/22 12:07:03 build.go:404: 409:
11-22 12:06:44.803 4233 4233 E BufferQueueProducer: [SurfaceView[org.qtproject.example.tst_qwidget/org.qtproject.qt.android.bindings.QtActivity]#15(BLAST Consumer)15](id:10890000000f,api:0,p:-1,c:4233) disconnect: not connected (req=2) agent:2023/11/22 12:07:03 build.go:404: 409:
11-22 12:06:44.822 4233 4254 D EGL_emulation: app_time_stats: avg=180.75ms min=65.78ms max=582.77ms count=6 agent:2023/11/22 12:07:03 build.go:404: 409:
11-22 12:06:44.832 4233 4233 I ImeTracker: org.qtproject.example.tst_qwidget:c6bbd2c8: onRequestHide at ORIGIN_CLIENT_HIDE_SOFT_INPUT reason HIDE_SOFT_INPUT agent:2023/11/22 12:07:03 build.go:404: 409:
11-22 12:06:44.832 4233 4233 I ImeTracker: org.qtproject.example.tst_qwidget:c6bbd2c8: onFailed at PHASE_CLIENT_VIEW_SERVED agent:2023/11/22 12:07:03 build.go:404: 409:
11-22 12:06:44.834 4233 4257 I QTestLib: PASS : tst_QWidget::setWindowGeometry(100,100 120x416, flags 0) agent:2023/11/22 12:07:03 build.go:404: 409:
11-22 12:06:45.350 4233 4233 I ImeTracker: org.qtproject.example.tst_qwidget:487a4546: onRequestHide at ORIGIN_CLIENT_HIDE_SOFT_INPUT reason HIDE_SOFT_INPUT agent:2023/11/22 12:07:03 build.go:404: 409:
11-22 12:06:45.351 4233 4233 I ImeTracker: org.qtproject.example.tst_qwidget:487a4546: onFailed at PHASE_CLIENT_VIEW_SERVED agent:2023/11/22 12:07:03 build.go:404: 409:
11-22 12:06:45.353 4233 4233 I ImeTracker: org.qtproject.example.tst_qwidget:a6195cf0: onRequestHide at ORIGIN_CLIENT_HIDE_SOFT_INPUT reason HIDE_SOFT_INPUT agent:2023/11/22 12:07:03 build.go:404: 409:
11-22 12:06:45.353 4233 4233 I ImeTracker: org.qtproject.example.tst_qwidget:a6195cf0: onFailed at PHASE_CLIENT_VIEW_SERVED agent:2023/11/22 12:07:03 build.go:404: 409:
11-22 12:06:45.372 4233 4233 I ImeTracker: org.qtproject.example.tst_qwidget:b823cf74: onRequestHide at ORIGIN_CLIENT_HIDE_SOFT_INPUT reason HIDE_SOFT_INPUT agent:2023/11/22 12:07:03 build.go:404: 409:
11-22 12:06:45.373 4233 4233 I ImeTracker: org.qtproject.example.tst_qwidget:b823cf74: onFailed at PHASE_CLIENT_VIEW_SERVED agent:2023/11/22 12:07:03 build.go:404: 409:
11-22 12:06:45.384 4233 4233 E BufferQueueProducer: [SurfaceView[org.qtproject.example.tst_qwidget/org.qtproject.qt.android.bindings.QtActivity]#16(BLAST Consumer)16](id:108900000010,api:0,p:-1,c:4233) disconnect: not connected (req=2) agent:2023/11/22 12:07:03 build.go:404: 409:
11-22 12:06:45.428 4233 4233 I ImeTracker: org.qtproject.example.tst_qwidget:9a404333: onRequestHide at ORIGIN_CLIENT_HIDE_SOFT_INPUT reason HIDE_SOFT_INPUT agent:2023/11/22 12:07:03 build.go:404: 409:
11-22 12:06:45.428 4233 4233 I ImeTracker: org.qtproject.example.tst_qwidget:9a404333: onFailed at PHASE_CLIENT_VIEW_SERVED agent:2023/11/22 12:07:03 build.go:404: 409:
11-22 12:06:45.501 4233 4233 I ImeTracker: org.qtproject.example.tst_qwidget:1ee130f2: onRequestHide at ORIGIN_CLIENT_HIDE_SOFT_INPUT reason HIDE_SOFT_INPUT agent:2023/11/22 12:07:03 build.go:404: 409:
11-22 12:06:45.501 4233 4233 I ImeTracker: org.qtproject.example.tst_qwidget:1ee130f2: onFailed at PHASE_CLIENT_VIEW_SERVED agent:2023/11/22 12:07:03 build.go:404: 409:
11-22 12:06:45.519 4233 4233 I ImeTracker: org.qtproject.example.tst_qwidget:263f4491: onRequestHide at ORIGIN_CLIENT_HIDE_SOFT_INPUT reason HIDE_SOFT_INPUT agent:2023/11/22 12:07:03 build.go:404: 409:
11-22 12:06:45.519 4233 4233 I ImeTracker: org.qtproject.example.tst_qwidget:263f4491: onFailed at PHASE_CLIENT_VIEW_SERVED agent:2023/11/22 12:07:03 build.go:404: 409:
11-22 12:06:45.521 4233 4233 I ImeTracker: org.qtproject.example.tst_qwidget:c0f0e033: onRequestHide at ORIGIN_CLIENT_HIDE_SOFT_INPUT reason HIDE_SOFT_INPUT agent:2023/11/22 12:07:03 build.go:404: 409:
11-22 12:06:45.521 4233 4233 I ImeTracker: org.qtproject.example.tst_qwidget:c0f0e033: onFailed at PHASE_CLIENT_VIEW_SERVED agent:2023/11/22 12:07:03 build.go:404: 409:
11-22 12:06:45.524 4233 4233 E BufferQueueProducer: [SurfaceView[org.qtproject.example.tst_qwidget/org.qtproject.qt.android.bindings.QtActivity]#17(BLAST Consumer)17](id:108900000011,api:0,p:-1,c:4233) disconnect: not connected (req=2) agent:2023/11/22 12:07:03 build.go:404: 409:
11-22 12:06:45.560 4233 4233 I ImeTracker: org.qtproject.example.tst_qwidget:4cd91206: onRequestHide at ORIGIN_CLIENT_HIDE_SOFT_INPUT reason HIDE_SOFT_INPUT agent:2023/11/22 12:07:03 build.go:404: 409:
11-22 12:06:45.560 4233 4233 I ImeTracker: org.qtproject.example.tst_qwidget:4cd91206: onFailed at PHASE_CLIENT_VIEW_SERVED agent:2023/11/22 12:07:03 build.go:404: 409:
11-22 12:06:45.585 4233 4233 I ImeTracker: org.qtproject.example.tst_qwidget:6ab688e1: onRequestHide at ORIGIN_CLIENT_HIDE_SOFT_INPUT reason HIDE_SOFT_INPUT agent:2023/11/22 12:07:03 build.go:404: 409:
11-22 12:06:45.586 4233 4233 I ImeTracker: org.qtproject.example.tst_qwidget:6ab688e1: onFailed at PHASE_CLIENT_VIEW_SERVED agent:2023/11/22 12:07:03 build.go:404: 409:
11-22 12:06:45.591 4233 4233 E BufferQueueProducer: [SurfaceView[org.qtproject.example.tst_qwidget/org.qtproject.qt.android.bindings.QtActivity]#18(BLAST Consumer)18](id:108900000012,api:0,p:-1,c:4233) disconnect: not connected (req=2) agent:2023/11/22 12:07:03 build.go:404: 409:
11-22 12:06:45.619 4233 4233 I ImeTracker: org.qtproject.example.tst_qwidget:6a1835e1: onRequestHide at ORIGIN_CLIENT_HIDE_SOFT_INPUT reason HIDE_SOFT_INPUT agent:2023/11/22 12:07:03 build.go:404: 409:
11-22 12:06:45.619 4233 4233 I ImeTracker: org.qtproject.example.tst_qwidget:6a1835e1: onFailed at PHASE_CLIENT_VIEW_SERVED agent:2023/11/22 12:07:03 build.go:404: 409:
11-22 12:06:45.678 4233 4233 I ImeTracker: org.qtproject.example.tst_qwidget:323920e4: onRequestHide at ORIGIN_CLIENT_HIDE_SOFT_INPUT reason HIDE_SOFT_INPUT agent:2023/11/22 12:07:03 build.go:404: 409:
11-22 12:06:45.678 4233 4233 I ImeTracker: org.qtproject.example.tst_qwidget:323920e4: onFailed at PHASE_CLIENT_VIEW_SERVED agent:2023/11/22 12:07:03 build.go:404: 409:
11-22 12:06:45.686 4233 4233 E BufferQueueProducer: [SurfaceView[org.qtproject.example.tst_qwidget/org.qtproject.qt.android.bindings.QtActivity]#19(BLAST Consumer)19](id:108900000013,api:0,p:-1,c:4233) disconnect: not connected (req=2) agent:2023/11/22 12:07:03 build.go:404: 409:
11-22 12:06:45.715 4233 4233 I ImeTracker: org.qtproject.example.tst_qwidget:fa58127f: onRequestHide at ORIGIN_CLIENT_HIDE_SOFT_INPUT reason HIDE_SOFT_INPUT agent:2023/11/22 12:07:03 build.go:404: 409:
11-22 12:06:45.715 4233 4233 I ImeTracker: org.qtproject.example.tst_qwidget:fa58127f: onFailed at PHASE_CLIENT_VIEW_SERVED agent:2023/11/22 12:07:03 build.go:404: 409:
11-22 12:06:45.718 4233 4257 I QTestLib: PASS : tst_QWidget::setWindowGeometry(100,100 120x416, flags 800) agent:2023/11/22 12:07:03 build.go:404: 409:
11-22 12:06:46.246 4233 4233 I ImeTracker: org.qtproject.example.tst_qwidget:5a280f40: onRequestHide at ORIGIN_CLIENT_HIDE_SOFT_INPUT reason HIDE_SOFT_INPUT agent:2023/11/22 12:07:03 build.go:404: 409:
11-22 12:06:46.247 4233 4233 I ImeTracker: org.qtproject.example.tst_qwidget:5a280f40: onFailed at PHASE_CLIENT_VIEW_SERVED agent:2023/11/22 12:07:03 build.go:404: 409:
11-22 12:06:46.256 4233 4233 E BufferQueueProducer: [SurfaceView[org.qtproject.example.tst_qwidget/org.qtproject.qt.android.bindings.QtActivity]#20(BLAST Consumer)20](id:108900000014,api:0,p:-1,c:4233) disconnect: not connected (req=2) agent:2023/11/22 12:07:03 build.go:404: 409:
11-22 12:06:46.271 4233 4254 D EGL_emulation: app_time_stats: avg=289.79ms min=66.41ms max=582.25ms count=5 agent:2023/11/22 12:07:03 build.go:404: 409:
11-22 12:06:46.291 4233 4233 I ImeTracker: org.qtproject.example.tst_qwidget:f6847a74: onRequestHide at ORIGIN_CLIENT_HIDE_SOFT_INPUT reason HIDE_SOFT_INPUT agent:2023/11/22 12:07:03 build.go:404: 409:
11-22 12:06:46.291 4233 4233 I ImeTracker: org.qtproject.example.tst_qwidget:f6847a74: onFailed at PHASE_CLIENT_VIEW_SERVED agent:2023/11/22 12:07:03 build.go:404: 409:
11-22 12:06:46.395 4233 4233 I ImeTracker: org.qtproject.example.tst_qwidget:b6b2e476: onRequestHide at ORIGIN_CLIENT_HIDE_SOFT_INPUT reason HIDE_SOFT_INPUT agent:2023/11/22 12:07:03 build.go:404: 409:
11-22 12:06:46.395 4233 4233 I ImeTracker: org.qtproject.example.tst_qwidget:b6b2e476: onFailed at PHASE_CLIENT_VIEW_SERVED agent:2023/11/22 12:07:03 build.go:404: 409:
11-22 12:06:46.401 4233 4233 I ImeTracker: org.qtproject.example.tst_qwidget:5c5034d3: onRequestHide at ORIGIN_CLIENT_HIDE_SOFT_INPUT reason HIDE_SOFT_INPUT agent:2023/11/22 12:07:03 build.go:404: 409:
11-22 12:06:46.401 4233 4233 I ImeTracker: org.qtproject.example.tst_qwidget:5c5034d3: onFailed at PHASE_CLIENT_VIEW_SERVED agent:2023/11/22 12:07:03 build.go:404: 409:
11-22 12:06:46.427 4233 4233 I ImeTracker: org.qtproject.example.tst_qwidget:3008d66e: onRequestHide at ORIGIN_CLIENT_HIDE_SOFT_INPUT reason HIDE_SOFT_INPUT agent:2023/11/22 12:07:03 build.go:404: 409:
11-22 12:06:46.427 4233 4233 I ImeTracker: org.qtproject.example.tst_qwidget:3008d66e: onFailed at PHASE_CLIENT_VIEW_SERVED agent:2023/11/22 12:07:03 build.go:404: 409:
11-22 12:06:46.437 4233 4233 E BufferQueueProducer: [SurfaceView[org.qtproject.example.tst_qwidget/org.qtproject.qt.android.bindings.QtActivity]#21(BLAST Consumer)21](id:108900000015,api:0,p:-1,c:4233) disconnect: not connected (req=2) agent:2023/11/22 12:07:03 build.go:404: 409:
11-22 12:06:46.478 4233 4233 I ImeTracker: org.qtproject.example.tst_qwidget:a31bd91a: onRequestHide at ORIGIN_CLIENT_HIDE_SOFT_INPUT reason HIDE_SOFT_INPUT agent:2023/11/22 12:07:03 build.go:404: 409:
11-22 12:06:46.479 4233 4233 I ImeTracker: org.qtproject.example.tst_qwidget:a31bd91a: onFailed at PHASE_CLIENT_VIEW_SERVED agent:2023/11/22 12:07:03 build.go:404: 409:
11-22 12:06:46.571 4233 4257 I QTestLib: PASS : tst_QWidget::setWindowGeometry(130,100 0x200, flags 0) agent:2023/11/22 12:07:03 build.go:404: 409:
11-22 12:06:47.099 4233 4233 I ImeTracker: org.qtproject.example.tst_qwidget:278d417b: onRequestHide at ORIGIN_CLIENT_HIDE_SOFT_INPUT reason HIDE_SOFT_INPUT agent:2023/11/22 12:07:03 build.go:404: 409:
11-22 12:06:47.099 4233 4233 I ImeTracker: org.qtproject.example.tst_qwidget:278d417b: onFailed at PHASE_CLIENT_VIEW_SERVED agent:2023/11/22 12:07:03 build.go:404: 409:
11-22 12:06:47.122 4233 4233 E BufferQueueProducer: [SurfaceView[org.qtproject.example.tst_qwidget/org.qtproject.qt.android.bindings.QtActivity]#22(BLAST Consumer)22](id:108900000016,api:0,p:-1,c:4233) disconnect: not connected (req=2) agent:2023/11/22 12:07:03 build.go:404: 409:
11-22 12:06:47.163 4233 4233 I ImeTracker: org.qtproject.example.tst_qwidget:1d8ce8d5: onRequestHide at ORIGIN_CLIENT_HIDE_SOFT_INPUT reason HIDE_SOFT_INPUT agent:2023/11/22 12:07:03 build.go:404: 409:
11-22 12:06:47.163 4233 4233 I ImeTracker: org.qtproject.example.tst_qwidget:1d8ce8d5: onFailed at PHASE_CLIENT_VIEW_SERVED agent:2023/11/22 12:07:03 build.go:404: 409:
11-22 12:06:47.282 4233 4233 I ImeTracker: org.qtproject.example.tst_qwidget:9529b2d0: onRequestHide at ORIGIN_CLIENT_HIDE_SOFT_INPUT reason HIDE_SOFT_INPUT agent:2023/11/22 12:07:03 build.go:404: 409:
11-22 12:06:47.283 4233 4233 I ImeTracker: org.qtproject.example.tst_qwidget:9529b2d0: onFailed at PHASE_CLIENT_VIEW_SERVED agent:2023/11/22 12:07:03 build.go:404: 409:
11-22 12:06:47.284 4233 4233 I ImeTracker: org.qtproject.example.tst_qwidget:a23bab14: onRequestHide at ORIGIN_CLIENT_HIDE_SOFT_INPUT reason HIDE_SOFT_INPUT agent:2023/11/22 12:07:03 build.go:404: 409:
11-22 12:06:47.285 4233 4233 I ImeTracker: org.qtproject.example.tst_qwidget:a23bab14: onFailed at PHASE_CLIENT_VIEW_SERVED agent:2023/11/22 12:07:03 build.go:404: 409:
11-22 12:06:47.316 4233 4233 I ImeTracker: org.qtproject.example.tst_qwidget:e9875af9: onRequestHide at ORIGIN_CLIENT_HIDE_SOFT_INPUT reason HIDE_SOFT_INPUT agent:2023/11/22 12:07:03 build.go:404: 409:
11-22 12:06:47.316 4233 4233 I ImeTracker: org.qtproject.example.tst_qwidget:e9875af9: onFailed at PHASE_CLIENT_VIEW_SERVED agent:2023/11/22 12:07:03 build.go:404: 409:
11-22 12:06:47.320 4233 4233 E BufferQueueProducer: [SurfaceView[org.qtproject.example.tst_qwidget/org.qtproject.qt.android.bindings.QtActivity]#23(BLAST Consumer)23](id:108900000017,api:0,p:-1,c:4233) disconnect: not connected (req=2) agent:2023/11/22 12:07:03 build.go:404: 409:
11-22 12:06:47.340 4233 4254 D EGL_emulation: app_time_stats: avg=356.07ms min=183.31ms max=683.45ms count=3 agent:2023/11/22 12:07:03 build.go:404: 409:
11-22 12:06:47.359 4233 4233 I ImeTracker: org.qtproject.example.tst_qwidget:6617984d: onRequestHide at ORIGIN_CLIENT_HIDE_SOFT_INPUT reason HIDE_SOFT_INPUT agent:2023/11/22 12:07:03 build.go:404: 409:
11-22 12:06:47.359 4233 4233 I ImeTracker: org.qtproject.example.tst_qwidget:6617984d: onFailed at PHASE_CLIENT_VIEW_SERVED agent:2023/11/22 12:07:03 build.go:404: 409:
11-22 12:06:47.452 4233 4257 I QTestLib: PASS : tst_QWidget::setWindowGeometry(130,100 0x200, flags 800) agent:2023/11/22 12:07:03 build.go:404: 409:
11-22 12:06:47.970 4233 4233 I ImeTracker: org.qtproject.example.tst_qwidget:8eb6971c: onRequestHide at ORIGIN_CLIENT_HIDE_SOFT_INPUT reason HIDE_SOFT_INPUT agent:2023/11/22 12:07:03 build.go:404: 409:
11-22 12:06:47.971 4233 4233 I ImeTracker: org.qtproject.example.tst_qwidget:8eb6971c: onFailed at PHASE_CLIENT_VIEW_SERVED agent:2023/11/22 12:07:03 build.go:404: 409:
11-22 12:06:47.987 4233 4233 E BufferQueueProducer: [SurfaceView[org.qtproject.example.tst_qwidget/org.qtproject.qt.android.bindings.QtActivity]#24(BLAST Consumer)24](id:108900000018,api:0,p:-1,c:4233) disconnect: not connected (req=2) agent:2023/11/22 12:07:03 build.go:404: 409:
11-22 12:06:48.028 4233 4233 I ImeTracker: org.qtproject.example.tst_qwidget:c7e2f34a: onRequestHide at ORIGIN_CLIENT_HIDE_SOFT_INPUT reason HIDE_SOFT_INPUT agent:2023/11/22 12:07:03 build.go:404: 409:
11-22 12:06:48.028 4233 4233 I ImeTracker: org.qtproject.example.tst_qwidget:c7e2f34a: onFailed at PHASE_CLIENT_VIEW_SERVED agent:2023/11/22 12:07:03 build.go:404: 409:
11-22 12:06:48.143 4233 4233 I ImeTracker: org.qtproject.example.tst_qwidget:d27c4a30: onRequestHide at ORIGIN_CLIENT_HIDE_SOFT_INPUT reason HIDE_SOFT_INPUT agent:2023/11/22 12:07:03 build.go:404: 409:
11-22 12:06:48.143 4233 4233 I ImeTracker: org.qtproject.example.tst_qwidget:d27c4a30: onFailed at PHASE_CLIENT_VIEW_SERVED agent:2023/11/22 12:07:03 build.go:404: 409:
11-22 12:06:48.149 4233 4233 I ImeTracker: org.qtproject.example.tst_qwidget:1e5251e1: onRequestHide at ORIGIN_CLIENT_HIDE_SOFT_INPUT reason HIDE_SOFT_INPUT agent:2023/11/22 12:07:03 build.go:404: 409:
11-22 12:06:48.149 4233 4233 I ImeTracker: org.qtproject.example.tst_qwidget:1e5251e1: onFailed at PHASE_CLIENT_VIEW_SERVED agent:2023/11/22 12:07:03 build.go:404: 409:
11-22 12:06:48.163 4233 4233 I ImeTracker: org.qtproject.example.tst_qwidget:85b0e9d9: onRequestHide at ORIGIN_CLIENT_HIDE_SOFT_INPUT reason HIDE_SOFT_INPUT agent:2023/11/22 12:07:03 build.go:404: 409:
11-22 12:06:48.164 4233 4233 I ImeTracker: org.qtproject.example.tst_qwidget:85b0e9d9: onFailed at PHASE_CLIENT_VIEW_SERVED agent:2023/11/22 12:07:03 build.go:404: 409:
11-22 12:06:48.171 4233 4233 E BufferQueueProducer: [SurfaceView[org.qtproject.example.tst_qwidget/org.qtproject.qt.android.bindings.QtActivity]#25(BLAST Consumer)25](id:108900000019,api:0,p:-1,c:4233) disconnect: not connected (req=2) agent:2023/11/22 12:07:03 build.go:404: 409:
11-22 12:06:48.214 4233 4233 I ImeTracker: org.qtproject.example.tst_qwidget:967e1ff1: onRequestHide at ORIGIN_CLIENT_HIDE_SOFT_INPUT reason HIDE_SOFT_INPUT agent:2023/11/22 12:07:03 build.go:404: 409:
11-22 12:06:48.215 4233 4233 I ImeTracker: org.qtproject.example.tst_qwidget:967e1ff1: onFailed at PHASE_CLIENT_VIEW_SERVED agent:2023/11/22 12:07:03 build.go:404: 409:
11-22 12:06:48.317 4233 4257 I QTestLib: PASS : tst_QWidget::setWindowGeometry(100,50 200x0, flags 0) agent:2023/11/22 12:07:03 build.go:404: 409:
11-22 12:06:48.836 4233 4233 I ImeTracker: org.qtproject.example.tst_qwidget:db09c360: onRequestHide at ORIGIN_CLIENT_HIDE_SOFT_INPUT reason HIDE_SOFT_INPUT agent:2023/11/22 12:07:03 build.go:404: 409:
11-22 12:06:48.836 4233 4233 I ImeTracker: org.qtproject.example.tst_qwidget:db09c360: onFailed at PHASE_CLIENT_VIEW_SERVED agent:2023/11/22 12:07:03 build.go:404: 409:
11-22 12:06:48.855 4233 4233 E BufferQueueProducer: [SurfaceView[org.qtproject.example.tst_qwidget/org.qtproject.qt.android.bindings.QtActivity]#26(BLAST Consumer)26](id:10890000001a,api:0,p:-1,c:4233) disconnect: not connected (req=2) agent:2023/11/22 12:07:03 build.go:404: 409:
11-22 12:06:48.870 4233 4254 D EGL_emulation: app_time_stats: avg=510.01ms min=182.33ms max=681.37ms count=3 agent:2023/11/22 12:07:03 build.go:404: 409:
11-22 12:06:48.894 4233 4233 I ImeTracker: org.qtproject.example.tst_qwidget:384b43c8: onRequestHide at ORIGIN_CLIENT_HIDE_SOFT_INPUT reason HIDE_SOFT_INPUT agent:2023/11/22 12:07:03 build.go:404: 409:
11-22 12:06:48.894 4233 4233 I ImeTracker: org.qtproject.example.tst_qwidget:384b43c8: onFailed at PHASE_CLIENT_VIEW_SERVED agent:2023/11/22 12:07:03 build.go:404: 409:
11-22 12:06:49.018 4233 4233 I ImeTracker: org.qtproject.example.tst_qwidget:2612ae5a: onRequestHide at ORIGIN_CLIENT_HIDE_SOFT_INPUT reason HIDE_SOFT_INPUT agent:2023/11/22 12:07:03 build.go:404: 409:
11-22 12:06:49.018 4233 4233 I ImeTracker: org.qtproject.example.tst_qwidget:2612ae5a: onFailed at PHASE_CLIENT_VIEW_SERVED agent:2023/11/22 12:07:03 build.go:404: 409:
11-22 12:06:49.019 4233 4233 I ImeTracker: org.qtproject.example.tst_qwidget:92978e01: onRequestHide at ORIGIN_CLIENT_HIDE_SOFT_INPUT reason HIDE_SOFT_INPUT agent:2023/11/22 12:07:03 build.go:404: 409:
11-22 12:06:49.019 4233 4233 I ImeTracker: org.qtproject.example.tst_qwidget:92978e01: onFailed at PHASE_CLIENT_VIEW_SERVED agent:2023/11/22 12:07:03 build.go:404: 409:
11-22 12:06:49.050 4233 4233 I ImeTracker: org.qtproject.example.tst_qwidget:2529caf: onRequestHide at ORIGIN_CLIENT_HIDE_SOFT_INPUT reason HIDE_SOFT_INPUT agent:2023/11/22 12:07:03 build.go:404: 409:
11-22 12:06:49.050 4233 4233 I ImeTracker: org.qtproject.example.tst_qwidget:2529caf: onFailed at PHASE_CLIENT_VIEW_SERVED agent:2023/11/22 12:07:03 build.go:404: 409:
11-22 12:06:49.055 4233 4233 E BufferQueueProducer: [SurfaceView[org.qtproject.example.tst_qwidget/org.qtproject.qt.android.bindings.QtActivity]#27(BLAST Consumer)27](id:10890000001b,api:0,p:-1,c:4233) disconnect: not connected (req=2) agent:2023/11/22 12:07:03 build.go:404: 409:
11-22 12:06:49.100 4233 4233 I ImeTracker: org.qtproject.example.tst_qwidget:67380e6a: onRequestHide at ORIGIN_CLIENT_HIDE_SOFT_INPUT reason HIDE_SOFT_INPUT agent:2023/11/22 12:07:03 build.go:404: 409:
11-22 12:06:49.100 4233 4233 I ImeTracker: org.qtproject.example.tst_qwidget:67380e6a: onFailed at PHASE_CLIENT_VIEW_SERVED agent:2023/11/22 12:07:03 build.go:404: 409:
11-22 12:06:49.202 4233 4257 I QTestLib: PASS : tst_QWidget::setWindowGeometry(100,50 200x0, flags 800) agent:2023/11/22 12:07:03 build.go:404: 409:
11-22 12:06:49.709 4233 4233 I ImeTracker: org.qtproject.example.tst_qwidget:eb57683e: onRequestHide at ORIGIN_CLIENT_HIDE_SOFT_INPUT reason HIDE_SOFT_INPUT agent:2023/11/22 12:07:03 build.go:404: 409:
11-22 12:06:49.709 4233 4233 I ImeTracker: org.qtproject.example.tst_qwidget:eb57683e: onFailed at PHASE_CLIENT_VIEW_SERVED agent:2023/11/22 12:07:03 build.go:404: 409:
11-22 12:06:49.718 4233 4233 E BufferQueueProducer: [SurfaceView[org.qtproject.example.tst_qwidget/org.qtproject.qt.android.bindings.QtActivity]#28(BLAST Consumer)28](id:10890000001c,api:0,p:-1,c:4233) disconnect: not connected (req=2) agent:2023/11/22 12:07:03 build.go:404: 409:
11-22 12:06:49.766 4233 4233 I ImeTracker: org.qtproject.example.tst_qwidget:fbff23cb: onRequestHide at ORIGIN_CLIENT_HIDE_SOFT_INPUT reason HIDE_SOFT_INPUT agent:2023/11/22 12:07:03 build.go:404: 409:
11-22 12:06:49.767 4233 4233 I ImeTracker: org.qtproject.example.tst_qwidget:fbff23cb: onFailed at PHASE_CLIENT_VIEW_SERVED agent:2023/11/22 12:07:03 build.go:404: 409:
11-22 12:06:49.892 4233 4233 I ImeTracker: org.qtproject.example.tst_qwidget:e0a06aa0: onRequestHide at ORIGIN_CLIENT_HIDE_SOFT_INPUT reason HIDE_SOFT_INPUT agent:2023/11/22 12:07:03 build.go:404: 409:
11-22 12:06:49.893 4233 4233 I ImeTracker: org.qtproject.example.tst_qwidget:e0a06aa0: onFailed at PHASE_CLIENT_VIEW_SERVED agent:2023/11/22 12:07:03 build.go:404: 409:
11-22 12:06:49.898 4233 4233 I ImeTracker: org.qtproject.example.tst_qwidget:39a3132d: onRequestHide at ORIGIN_CLIENT_HIDE_SOFT_INPUT reason HIDE_SOFT_INPUT agent:2023/11/22 12:07:03 build.go:404: 409:
11-22 12:06:49.898 4233 4233 I ImeTracker: org.qtproject.example.tst_qwidget:39a3132d: onFailed at PHASE_CLIENT_VIEW_SERVED agent:2023/11/22 12:07:03 build.go:404: 409:
11-22 12:06:49.917 4233 4233 I ImeTracker: org.qtproject.example.tst_qwidget:71c33d41: onRequestHide at ORIGIN_CLIENT_HIDE_SOFT_INPUT reason HIDE_SOFT_INPUT agent:2023/11/22 12:07:03 build.go:404: 409:
11-22 12:06:49.917 4233 4233 I ImeTracker: org.qtproject.example.tst_qwidget:71c33d41: onFailed at PHASE_CLIENT_VIEW_SERVED agent:2023/11/22 12:07:03 build.go:404: 409:
11-22 12:06:49.922 4233 4233 E BufferQueueProducer: [SurfaceView[org.qtproject.example.tst_qwidget/org.qtproject.qt.android.bindings.QtActivity]#29(BLAST Consumer)29](id:10890000001d,api:0,p:-1,c:4233) disconnect: not connected (req=2) agent:2023/11/22 12:07:03 build.go:404: 409:
11-22 12:06:49.939 4233 4254 D EGL_emulation: app_time_stats: avg=356.30ms min=198.23ms max=668.69ms count=3 agent:2023/11/22 12:07:03 build.go:404: 409:
11-22 12:06:49.965 4233 4233 I ImeTracker: org.qtproject.example.tst_qwidget:84718fa9: onRequestHide at ORIGIN_CLIENT_HIDE_SOFT_INPUT reason HIDE_SOFT_INPUT agent:2023/11/22 12:07:03 build.go:404: 409:
11-22 12:06:49.966 4233 4233 I ImeTracker: org.qtproject.example.tst_qwidget:84718fa9: onFailed at PHASE_CLIENT_VIEW_SERVED agent:2023/11/22 12:07:03 build.go:404: 409:
11-22 12:06:50.081 4233 4257 I QTestLib: PASS : tst_QWidget::setWindowGeometry(130,50 0x0, flags 0) agent:2023/11/22 12:07:03 build.go:404: 409:
11-22 12:06:50.589 4233 4233 I ImeTracker: org.qtproject.example.tst_qwidget:d19910ca: onRequestHide at ORIGIN_CLIENT_HIDE_SOFT_INPUT reason HIDE_SOFT_INPUT agent:2023/11/22 12:07:03 build.go:404: 409:
11-22 12:06:50.590 4233 4233 I ImeTracker: org.qtproject.example.tst_qwidget:d19910ca: onFailed at PHASE_CLIENT_VIEW_SERVED agent:2023/11/22 12:07:03 build.go:404: 409:
11-22 12:06:50.603 4233 4233 E BufferQueueProducer: [SurfaceView[org.qtproject.example.tst_qwidget/org.qtproject.qt.android.bindings.QtActivity]#30(BLAST Consumer)30](id:10890000001e,api:0,p:-1,c:4233) disconnect: not connected (req=2) agent:2023/11/22 12:07:03 build.go:404: 409:
11-22 12:06:50.641 4233 4233 I ImeTracker: org.qtproject.example.tst_qwidget:1b4635d3: onRequestHide at ORIGIN_CLIENT_HIDE_SOFT_INPUT reason HIDE_SOFT_INPUT agent:2023/11/22 12:07:03 build.go:404: 409:
11-22 12:06:50.642 4233 4233 I ImeTracker: org.qtproject.example.tst_qwidget:1b4635d3: onFailed at PHASE_CLIENT_VIEW_SERVED agent:2023/11/22 12:07:03 build.go:404: 409:
11-22 12:06:50.769 4233 4233 I ImeTracker: org.qtproject.example.tst_qwidget:4c3dbfa1: onRequestHide at ORIGIN_CLIENT_HIDE_SOFT_INPUT reason HIDE_SOFT_INPUT agent:2023/11/22 12:07:03 build.go:404: 409:
11-22 12:06:50.769 4233 4233 I ImeTracker: org.qtproject.example.tst_qwidget:4c3dbfa1: onFailed at PHASE_CLIENT_VIEW_SERVED agent:2023/11/22 12:07:03 build.go:404: 409:
11-22 12:06:50.784 4233 4233 I ImeTracker: org.qtproject.example.tst_qwidget:83fc9fef: onRequestHide at ORIGIN_CLIENT_HIDE_SOFT_INPUT reason HIDE_SOFT_INPUT agent:2023/11/22 12:07:03 build.go:404: 409:
11-22 12:06:50.784 4233 4233 I ImeTracker: org.qtproject.example.tst_qwidget:83fc9fef: onFailed at PHASE_CLIENT_VIEW_SERVED agent:2023/11/22 12:07:03 build.go:404: 409:
11-22 12:06:50.785 4233 4233 I ImeTracker: org.qtproject.example.tst_qwidget:5cec9687: onRequestHide at ORIGIN_CLIENT_HIDE_SOFT_INPUT reason HIDE_SOFT_INPUT agent:2023/11/22 12:07:03 build.go:404: 409:
11-22 12:06:50.786 4233 4233 I ImeTracker: org.qtproject.example.tst_qwidget:5cec9687: onFailed at PHASE_CLIENT_VIEW_SERVED agent:2023/11/22 12:07:03 build.go:404: 409:
11-22 12:06:50.790 4233 4233 E BufferQueueProducer: [SurfaceView[org.qtproject.example.tst_qwidget/org.qtproject.qt.android.bindings.QtActivity]#31(BLAST Consumer)31](id:10890000001f,api:0,p:-1,c:4233) disconnect: not connected (req=2) agent:2023/11/22 12:07:03 build.go:404: 409:
11-22 12:06:50.826 4233 4233 I ImeTracker: org.qtproject.example.tst_qwidget:17758c2c: onRequestHide at ORIGIN_CLIENT_HIDE_SOFT_INPUT reason HIDE_SOFT_INPUT agent:2023/11/22 12:07:03 build.go:404: 409:
11-22 12:06:50.826 4233 4233 I ImeTracker: org.qtproject.example.tst_qwidget:17758c2c: onFailed at PHASE_CLIENT_VIEW_SERVED agent:2023/11/22 12:07:03 build.go:404: 409:
11-22 12:06:50.940 4233 4257 I QTestLib: PASS : tst_QWidget::setWindowGeometry(130,50 0x0, flags 800) agent:2023/11/22 12:07:03 build.go:404: 409:
11-22 12:06:50.954 4233 4233 I ImeTracker: org.qtproject.example.tst_qwidget:656cb43a: onRequestHide at ORIGIN_CLIENT_HIDE_SOFT_INPUT reason HIDE_SOFT_INPUT agent:2023/11/22 12:07:03 build.go:404: 409:
11-22 12:06:50.955 4233 4233 I ImeTracker: org.qtproject.example.tst_qwidget:656cb43a: onFailed at PHASE_CLIENT_VIEW_SERVED agent:2023/11/22 12:07:03 build.go:404: 409:
11-22 12:06:50.967 4233 4233 E BufferQueueProducer: [SurfaceView[org.qtproject.example.tst_qwidget/org.qtproject.qt.android.bindings.QtActivity]#32(BLAST Consumer)32](id:108900000020,api:0,p:-1,c:4233) disconnect: not connected (req=2) agent:2023/11/22 12:07:03 build.go:404: 409:
11-22 12:06:50.989 4233 4254 D EGL_emulation: app_time_stats: avg=349.98ms min=175.57ms max=687.69ms count=3 agent:2023/11/22 12:07:03 build.go:404: 409:
