12-20 21:18:46.123 3303 3303 I Layer : id=59910 onRemoved animation background stackId=1487#0
12-20 21:18:46.123 25217 25217 D DragLayer: setAlpha : 0.26939023 visibility : 0
12-20 21:18:46.137 25403 25403 I SKBD : and isTosAccept false
12-20 21:18:46.140 25217 25217 D DragLayer: setAlpha : 0.2120663 visibility : 0
12-20 21:18:46.140 3834 3970 D SensorHubManager: onGetSensorHubDataLocked: library(4) = 1, 1, 7, 0
12-20 21:18:46.141 3834 3971 D CAE : onGetSensorHubData(SensorHubParserProvider.java:91) - onGetSensorHubData Event [event buffer len :4], AP_WAKEUP
12-20 21:18:46.141 3834 3971 I CAE : parse(SensorHubParserProvider.java:192) - buffer size = 4
12-20 21:18:46.141 3834 3971 I CAE : parse(SensorHubParserProvider.java:203) - 1, 1, 7, 0,
12-20 21:18:46.142 3834 3971 D CAE : display(ContextProvider.java:375) - ================= AUTO_ROTATION =================
12-20 21:18:46.142 3834 3971 I CAE : display(ContextProvider.java:391) - Angle=[0]
12-20 21:18:46.142 3834 3976 D SemContextService: Service.updateContext() : service = Auto Rotation
12-20 21:18:46.142 3834 3861 D SemContextManager: onSemContextChanged() : event = Auto Rotation Angle : 0
12-20 21:18:46.143 3834 3861 D SemContextManager: AutoRotationEvent : Angle = 0
12-20 21:18:46.143 3834 3861 V WindowOrientationListener: OrientationSensorJudge.onSemContextChanged, Rotation: -1
12-20 21:18:46.157 25217 25217 D DragLayer: setAlpha : 0.15991676 visibility : 0
12-20 21:18:46.168 13935 13935 D OpenGLRenderer: Skia GL Pipeline
12-20 21:18:46.174 25217 25217 D DragLayer: setAlpha : 0.11829841 visibility : 0
12-20 21:18:46.186 3301 3468 E NativeSemDvfsCpuManager: acquire:: Start
12-20 21:18:46.186 3301 3468 E NativeSemDvfsCpuManager: acquire:: timeout = -1 mIsAcquired = 0 mTagName : AudioFlinger
12-20 21:18:46.186 3834 5420 D CustomFrequencyManagerService: acquireDVFSLockLocked : type : DVFS_MIN_LIMIT frequency : 149500 uid : 1000 pid : 3834 pkgName : AudioFlinger
12-20 21:18:46.186 3301 3468 E NativeCustomFrequencyManager: [NativeCFMS] BpCustomFrequencyManager::acquireDVFSLock()
12-20 21:18:46.187 3301 3468 E NativeSemDvfsCpuManager: acquire:: End
12-20 21:18:46.187 3273 23439 D audio_hw_primary_abox: device-adev_get_input_buffer_size: exited with 320 Bytes from SR(8000), Format(1), Mask(16)
12-20 21:18:46.188 13935 13935 D Qt JAVA : Class org.qtproject.qt.android.multimedia.QtAudioDeviceManager does not implement setActivity method
12-20 21:18:46.190 25217 25217 D DragLayer: setAlpha : 0.08657724 visibility : 0
12-20 21:18:46.202 13935 13952 W linker : Warning: "/data/app/org.qtproject.example.camera-cyxHU0wLEeSDSe8UgTMRhg==/lib/arm64/libc++_shared.so" unused DT entry: unknown processor-specific (type 0x70000001 arg 0x0) (ignoring)
12-20 21:18:46.204 3834 3970 D SensorHubManager: onGetSensorHubDataLocked: library(4) = 1, 1, 7, -1
12-20 21:18:46.205 3834 3971 D CAE : onGetSensorHubData(SensorHubParserProvider.java:91) - onGetSensorHubData Event [event buffer len :4], AP_WAKEUP
12-20 21:18:46.205 3834 3971 I CAE : parse(SensorHubParserProvider.java:192) - buffer size = 4
12-20 21:18:46.205 3834 3971 I CAE : parse(SensorHubParserProvider.java:203) - 1, 1, 7, -1,
12-20 21:18:46.205 3834 3971 D CAE : display(ContextProvider.java:375) - ================= AUTO_ROTATION =================
12-20 21:18:46.205 3834 3971 I CAE : display(ContextProvider.java:391) - Angle=[-1]
12-20 21:18:46.205 3834 3976 D SemContextService: Service.updateContext() : service = Auto Rotation
12-20 21:18:46.206 3834 3861 D SemContextManager: onSemContextChanged() : event = Auto Rotation Angle : -1
12-20 21:18:46.206 3834 3861 D SemContextManager: AutoRotationEvent : Angle = -1
12-20 21:18:46.206 3834 3861 V WindowOrientationListener: OrientationSensorJudge.onSemContextChanged, Rotation: -1
12-20 21:18:46.207 25217 25217 D DragLayer: setAlpha : 0.059483767 visibility : 0
12-20 21:18:46.219 13935 13952 I QtCore : Start
12-20 21:18:46.223 25217 25217 D DragLayer: setAlpha : 0.038302243 visibility : 0
12-20 21:18:46.241 25217 25217 D DragLayer: setAlpha : 0.022996485 visibility : 0
12-20 21:18:46.257 25217 25217 D DragLayer: setAlpha : 0.011215806 visibility : 0
12-20 21:18:46.268 3834 3970 D SensorHubManager: onGetSensorHubDataLocked: library(4) = 1, 1, 7, 0
12-20 21:18:46.269 3834 3971 D CAE : onGetSensorHubData(SensorHubParserProvider.java:91) - onGetSensorHubData Event [event buffer len :4], AP_WAKEUP
12-20 21:18:46.269 3834 3971 I CAE : parse(SensorHubParserProvider.java:192) - buffer size = 4
12-20 21:18:46.269 3834 3971 I CAE : parse(SensorHubParserProvider.java:203) - 1, 1, 7, 0,
12-20 21:18:46.269 3834 3971 D CAE : display(ContextProvider.java:375) - ================= AUTO_ROTATION =================
12-20 21:18:46.269 3834 3971 I CAE : display(ContextProvider.java:391) - Angle=[0]
12-20 21:18:46.270 3834 3976 D SemContextService: Service.updateContext() : service = Auto Rotation
12-20 21:18:46.270 3834 3861 D SemContextManager: onSemContextChanged() : event = Auto Rotation Angle : 0
12-20 21:18:46.270 3834 3861 D SemContextManager: AutoRotationEvent : Angle = 0
12-20 21:18:46.274 25217 25217 D DragLayer: setAlpha : 0.0043831468 visibility : 0
12-20 21:18:46.291 25217 25217 D DragLayer: setAlpha : 0.0012903214 visibility : 0
12-20 21:18:46.307 25217 25217 D DragLayer: setAlpha : 0.0 visibility : 0
12-20 21:18:46.308 25217 25217 I LauncherTransition: resetContentView
12-20 21:18:46.308 25217 25217 D DragLayer: setAlpha : 1.0 visibility : 0
12-20 21:18:46.308 25217 25217 I LauncherTransition: onAnimationEnd - APP IN
12-20 21:18:46.270 3834 3861 V WindowOrientationListener: OrientationSensorJudge.onSemContextChanged, Rotation: -1
12-20 21:18:46.309 3834 5420 D RemoteAnimationController: app-onAnimationFinished(): mOuter=com.android.server.wm.RemoteAnimationController@c87caa1
12-20 21:18:46.309 3834 5420 D RemoteAnimationController: onAnimationFinished(): mPendingAnimations=3
12-20 21:18:46.309 3834 5420 D RemoteAnimationController: app-release(): mOuter=com.android.server.wm.RemoteAnimationController@c87caa1
12-20 21:18:46.309 3834 5420 D RemoteAnimationController: onAnimationFinished(): Notify animation finished:
12-20 21:18:46.309 3834 5420 I WindowManager: reset, Reparenting to original parent, shouldDeferScheduleAnimation=false, destroyLeash=true, surface=Surface(name=fd2d2ae com.android.systemui.ImageWallpaper)/@0x968376a, parent=Surface(name=WallpaperWindowToken{a4d18f4 token=android.os.Binder@e01c406})/@0xd0bf0af, parentNativeHandle=android.os.BinderProxy@a89057f, caller=com.android.server.wm.SurfaceAnimator.lambda$getFinishedCallback$0:94 com.android.server.wm.-$$Lambda$SurfaceAnimator$SIBia0mND666K8lMCPsoid8pUTI.run:4 com.android.server.wm.SurfaceAnimator.lambda$getFinishedCallback$1:101 com.android.server.wm.-$$Lambda$SurfaceAnimator$vdRZk66hQVbQCvVXEaQCT1kVmFc.onAnimationFinished:4 com.android.server.wm.RemoteAnimationController.onAnimationFinished:261
12-20 21:18:46.309 3834 5420 D SurfaceControl: reparent is called, sc=Surface(name=fd2d2ae com.android.systemui.ImageWallpaper)/@0x968376a, newParentHandle=android.os.BinderProxy@a89057f, transaction=android.view.SurfaceControl$Transaction@428b941
12-20 21:18:46.309 3834 5420 D SurfaceControl: destroy(transaction), animation-leash is destroyed, sc=Surface(name=Surface(name=fd2d2ae com.android.systemui.ImageWallpaper)/@0x968376a - animation-leash)/@0xf1484c6, transaction=android.view.SurfaceControl$Transaction@428b941, caller=com.android.server.wm.SurfaceAnimator.reset:335 com.android.server.wm.SurfaceAnimator.lambda$getFinishedCallback$0:94 com.android.server.wm.-$$Lambda$SurfaceAnimator$SIBia0mND666K8lMCPsoid8pUTI.run:4 com.android.server.wm.SurfaceAnimator.lambda$getFinishedCallback$1:101 com.android.server.wm.-$$Lambda$SurfaceAnimator$vdRZk66hQVbQCvVXEaQCT1kVmFc.onAnimationFinished:4 com.android.server.wm.RemoteAnimationController.onAnimationFinished:261 com.android.server.wm.RemoteAnimationController.access$300:54
12-20 21:18:46.310 3834 5420 D RemoteAnimationController: null
12-20 21:18:46.310 3834 5420 I WindowManager: reset, Reparenting to original parent, shouldDeferScheduleAnimation=false, destroyLeash=true, surface=Surface(name=AppWindowToken{e9a3c45 token=Token{881c4bc ActivityRecord{b1ed8af u0 org.qtproject.example.camera/org.qtproject.qt.android.bindings.QtActivity t18078}}})/@0xeb6511c, parent=Surface(name=Task=18078)/@0x7ff4125, parentNativeHandle=android.os.BinderProxy@bbbbd95, caller=com.android.server.wm.SurfaceAnimator.lambda$getFinishedCallback$0:94 com.android.server.wm.-$$Lambda$SurfaceAnimator$SIBia0mND666K8lMCPsoid8pUTI.run:4 com.android.server.wm.SurfaceAnimator.lambda$getFinishedCallback$1:101 com.android.server.wm.-$$Lambda$SurfaceAnimator$vdRZk66hQVbQCvVXEaQCT1kVmFc.onAnimationFinished:4 com.android.server.wm.RemoteAnimationController.onAnimationFinished:261
12-20 21:18:46.310 3834 5420 D SurfaceControl: reparent is called, sc=Surface(name=AppWindowToken{e9a3c45 token=Token{881c4bc ActivityRecord{b1ed8af u0 org.qtproject.example.camera/org.qtproject.qt.android.bindings.QtActivity t18078}}})/@0xeb6511c, newParentHandle=android.os.BinderProxy@bbbbd95, transaction=android.view.SurfaceControl$Transaction@c2810ab
12-20 21:18:46.310 3834 5420 D SurfaceControl: destroy(transaction), animation-leash is destroyed, sc=Surface(name=Surface(name=AppWindowToken{e9a3c45 token=Token{881c4bc ActivityRecord{b1ed8af u0 org.qtproject.example.camera/org.qtproject.qt.android.bindings.QtActivity t18078}}})/@0xeb6511c - animation-leash)/@0x3550c87, transaction=android.view.SurfaceControl$Transaction@c2810ab, caller=com.android.server.wm.SurfaceAnimator.reset:335 com.android.server.wm.SurfaceAnimator.lambda$getFinishedCallback$0:94 com.android.server.wm.-$$Lambda$SurfaceAnimator$SIBia0mND666K8lMCPsoid8pUTI.run:4 com.android.server.wm.SurfaceAnimator.lambda$getFinishedCallback$1:101 com.android.server.wm.-$$Lambda$SurfaceAnimator$vdRZk66hQVbQCvVXEaQCT1kVmFc.onAnimationFinished:4 com.android.server.wm.RemoteAnimationController.onAnimationFinished:261 com.android.server.wm.RemoteAnimationController.access$300:54
12-20 21:18:46.310 3834 5420 D RemoteAnimationController: AppWindowToken{e9a3c45 token=Token{881c4bc ActivityRecord{b1ed8af u0 org.qtproject.example.camera/org.qtproject.qt.android.bindings.QtActivity t18078}}}
12-20 21:18:46.310 3834 5420 I WindowManager: reset, Reparenting to original parent, shouldDeferScheduleAnimation=false, destroyLeash=true, surface=Surface(name=AppWindowToken{eb2f77b token=Token{424330a ActivityRecord{7d3f775 u0 com.sec.android.app.launcher/.activities.LauncherActivity t16722}}})/@0x9beede9, parent=Surface(name=Task=16722)/@0xdfe7a6e, parentNativeHandle=android.os.BinderProxy@690a683, caller=com.android.server.wm.SurfaceAnimator.lambda$getFinishedCallback$0:94 com.android.server.wm.-$$Lambda$SurfaceAnimator$SIBia0mND666K8lMCPsoid8pUTI.run:4 com.android.server.wm.SurfaceAnimator.lambda$getFinishedCallback$1:101 com.android.server.wm.-$$Lambda$SurfaceAnimator$vdRZk66hQVbQCvVXEaQCT1kVmFc.onAnimationFinished:4 com.android.server.wm.RemoteAnimationController.onAnimationFinished:261
12-20 21:18:46.310 3834 5420 D SurfaceControl: reparent is called, sc=Surface(name=AppWindowToken{eb2f77b token=Token{424330a ActivityRecord{7d3f775 u0 com.sec.android.app.launcher/.activities.LauncherActivity t16722}}})/@0x9beede9, newParentHandle=android.os.BinderProxy@690a683, transaction=android.view.SurfaceControl$Transaction@c7e799c
12-20 21:18:46.311 3834 5420 D SurfaceControl: destroy(transaction), animation-leash is destroyed, sc=Surface(name=Surface(name=AppWindowToken{eb2f77b token=Token{424330a ActivityRecord{7d3f775 u0 com.sec.android.app.launcher/.activities.LauncherActivity t16722}}})/@0x9beede9 - animation-leash)/@0xc71a7b4, transaction=android.view.SurfaceControl$Transaction@c7e799c, caller=com.android.server.wm.SurfaceAnimator.reset:335 com.android.server.wm.SurfaceAnimator.lambda$getFinishedCallback$0:94 com.android.server.wm.-$$Lambda$SurfaceAnimator$SIBia0mND666K8lMCPsoid8pUTI.run:4 com.android.server.wm.SurfaceAnimator.lambda$getFinishedCallback$1:101 com.android.server.wm.-$$Lambda$SurfaceAnimator$vdRZk66hQVbQCvVXEaQCT1kVmFc.onAnimationFinished:4 com.android.server.wm.RemoteAnimationController.onAnimationFinished:261 com.android.server.wm.RemoteAnimationController.access$300:54
12-20 21:18:46.311 3834 5420 V WindowManager: Setting visibility of Window{f0c3414 u0 com.sec.android.app.launcher/com.sec.android.app.launcher.activities.LauncherActivity}: false, caller=com.android.server.wm.WindowContainer.sendAppVisibilityToClients:623 com.android.server.wm.AppWindowToken.setClientHidden:461 com.android.server.wm.AppWindowToken.onAnimationFinished:2398 com.android.server.wm.-$$Lambda$yVRF8YoeNdTa8GR1wDStVsHu8xM.run:2 com.android.server.wm.SurfaceAnimator.lambda$getFinishedCallback$0:97
12-20 21:18:46.311 3834 5420 D RemoteAnimationController: AppWindowToken{eb2f77b token=Token{424330a ActivityRecord{7d3f775 u0 com.sec.android.app.launcher/.activities.LauncherActivity t16722}}}
12-20 21:18:46.312 3834 3834 D FreeformController: Fail to invalid task id : -1
12-20 21:18:46.312 3834 5420 I RemoteAnimationController: Finishing remote animation
12-20 21:18:46.313 2718 2730 D WallpaperService: dispatchAppVisibility onVisibilityChanged(): false
12-20 21:18:46.313 25217 25217 D DragLayer: DragLayer dispatchDraw, mIsNaviBarPositionChanged = false, mWillOrientationChange = false
12-20 21:18:46.315 3834 3930 D WindowManager: prepareSurfaces, request to clear saved leash, surface=Surface(name=fd2d2ae com.android.systemui.ImageWallpaper)/@0x968376a
12-20 21:18:46.315 3834 3930 D WindowManager: prepareSurfaces, request to clear saved leash, surface=Surface(name=AppWindowToken{eb2f77b token=Token{424330a ActivityRecord{7d3f775 u0 com.sec.android.app.launcher/.activities.LauncherActivity t16722}}})/@0x9beede9
12-20 21:18:46.315 3834 3930 D WindowManager: prepareSurfaces, request to clear saved leash, surface=Surface(name=AppWindowToken{e9a3c45 token=Token{881c4bc ActivityRecord{b1ed8af u0 org.qtproject.example.camera/org.qtproject.qt.android.bindings.QtActivity t18078}}})/@0xeb6511c
12-20 21:18:46.316 3303 4527 D Layer : [fd2d2ae com.android.systemui.ImageWallpaper#0]::reparent oldParent:[Surface(name=fd2d2ae com.android.systemui.ImageWallpaper)/@0x968376a - animation-leash#0], newParent:[WallpaperWindowToken{a4d18f4 token=android.os.Binder@e01c406}#0]
12-20 21:18:46.316 3303 4527 D Layer : [AppWindowToken{e9a3c45 token=Token{881c4bc ActivityRecord{b1ed8af u0 org.qtproject.example.camera/org.qtproject.qt.android.bindings.QtActivity t18078}}}#0]::reparent oldParent:[Surface(name=AppWindowToken{e9a3c45 token=Token{881c4bc ActivityRecord{b1ed8af u0 org.qtproject.example.camera/org.qtproject.qt.android.bindings.QtActivity t18078}}})/@0xeb6511c - animation-leash#0], newParent:[Task=18078#0]
12-20 21:18:46.316 3303 4527 D Layer : [AppWindowToken{eb2f77b token=Token{424330a ActivityRecord{7d3f775 u0 com.sec.android.app.launcher/.activities.LauncherActivity t16722}}}#0]::reparent oldParent:[Surface(name=AppWindowToken{eb2f77b token=Token{424330a ActivityRecord{7d3f775 u0 com.sec.android.app.launcher/.activities.LauncherActivity t16722}}})/@0x9beede9 - animation-leash#0], newParent:[Task=16722#0]
12-20 21:18:46.316 3303 4527 I SurfaceFlinger: id=60174 Removed Surface(name=AppWindowToken{e9a3c45 token=Token{881c4bc ActivityRecord{b1ed8af u0 org.qtproject.example.camera/org.qtproject.qt.android.bindings.QtActivity t18078}}})/@0xeb6511c - animation-leash#0 (0/67)
12-20 21:18:46.316 3303 4527 I SurfaceFlinger: id=60173 Removed Surface(name=AppWindowToken{eb2f77b token=Token{424330a ActivityRecord{7d3f775 u0 com.sec.android.app.launcher/.activities.LauncherActivity t16722}}})/@0x9beede9 - animation-leash#0 (0/66)
12-20 21:18:46.316 2718 2718 D ImageWallpaper: onVisibilityChanged: mVisible, visible=true, false
12-20 21:18:46.316 2718 2718 D ImageWallpaper: Visibility changed to visible=false
12-20 21:18:46.316 3303 4527 I SurfaceFlinger: id=60175 Removed Surface(name=fd2d2ae com.android.systemui.ImageWallpaper)/@0x968376a - animation-leash#0 (1/65)
12-20 21:18:46.316 2718 2718 D WallpaperService: reportVisibility onVisibilityChanged visible: false
12-20 21:18:46.316 3834 3834 D FreeformController: Fail to invalid task id : -1
12-20 21:18:46.317 3834 3930 D WindowManager: clearSavedLeashOnCommit, savedLeash=Surface(name=Surface(name=fd2d2ae com.android.systemui.ImageWallpaper)/@0x968376a - animation-leash)/@0xf1484c6, caller=com.android.server.wm.WindowContainer.clearSavedLeashOnCommit:1164 com.android.server.wm.WindowContainer.clearSavedLeashOnCommit:1168 com.android.server.wm.WindowContainer.clearSavedLeashOnCommit:1168 com.android.server.wm.WindowContainer.clearSavedLeashOnCommit:1168 com.android.server.wm.RootWindowContainer.performSurfacePlacement:784 com.android.server.wm.WindowSurfacePlacer.performSurfacePlacementLoop:212
12-20 21:18:46.317 3834 3930 D WindowManager: clearSavedLeashOnCommit, savedLeash=Surface(name=Surface(name=AppWindowToken{eb2f77b token=Token{424330a ActivityRecord{7d3f775 u0 com.sec.android.app.launcher/.activities.LauncherActivity t16722}}})/@0x9beede9 - animation-leash)/@0xc71a7b4, caller=com.android.server.wm.WindowContainer.clearSavedLeashOnCommit:1164 com.android.server.wm.WindowContainer.clearSavedLeashOnCommit:1168 com.android.server.wm.WindowContainer.clearSavedLeashOnCommit:1168 com.android.server.wm.WindowContainer.clearSavedLeashOnCommit:1168 com.android.server.wm.WindowContainer.clearSavedLeashOnCommit:1168 com.android.server.wm.RootWindowContainer.performSurfacePlacement:784
12-20 21:18:46.317 3834 3930 D WindowManager: clearSavedLeashOnCommit, savedLeash=Surface(name=Surface(name=AppWindowToken{e9a3c45 token=Token{881c4bc ActivityRecord{b1ed8af u0 org.qtproject.example.camera/org.qtproject.qt.android.bindings.QtActivity t18078}}})/@0xeb6511c - animation-leash)/@0x3550c87, caller=com.android.server.wm.WindowContainer.clearSavedLeashOnCommit:1164 com.android.server.wm.WindowContainer.clearSavedLeashOnCommit:1168 com.android.server.wm.WindowContainer.clearSavedLeashOnCommit:1168 com.android.server.wm.WindowContainer.clearSavedLeashOnCommit:1168 com.android.server.wm.WindowContainer.clearSavedLeashOnCommit:1168 com.android.server.wm.RootWindowContainer.performSurfacePlacement:784
12-20 21:18:46.323 3303 3303 I Layer : id=60175 onRemoved Surface(name=fd2d2ae com.android.systemui.ImageWallpaper)/@0x968376a - animation-leash#0
12-20 21:18:46.323 3303 3303 I Layer : id=60173 onRemoved Surface(name=AppWindowToken{eb2f77b token=Token{424330a ActivityRecord{7d3f775 u0 com.sec.android.app.launcher/.activities.LauncherActivity t16722}}})/@0x9beede9 - animation-leash#0
12-20 21:18:46.323 3303 3303 I Layer : id=60174 onRemoved Surface(name=AppWindowToken{e9a3c45 token=Token{881c4bc ActivityRecord{b1ed8af u0 org.qtproject.example.camera/org.qtproject.qt.android.bindings.QtActivity t18078}}})/@0xeb6511c - animation-leash#0
12-20 21:18:46.324 25217 25217 I Launcher: onWindowVisibilityChanged : false
12-20 21:18:46.329 3303 3323 E BufferQueueProducer: [com.sec.android.app.launcher/com.sec.android.app.launcher.activities.LauncherActivity[25217]#0] disconnect: not connected (req=1)
12-20 21:18:46.329 25217 25343 W libEGL : EGLNativeWindowType 0x7b107e0010 disconnect failed
12-20 21:18:46.329 25217 25343 D OpenGLRenderer: eglDestroySurface = 0x7b0609eb80, 0x7b107e0000
12-20 21:18:46.334 3834 5420 V WindowManager: Relayout Window{f0c3414 u0 com.sec.android.app.launcher/com.sec.android.app.launcher.activities.LauncherActivity}: viewVisibility=8 req=1080x2220 {(0,0)(fillxfill) sim={adjust=nothing} layoutInDisplayCutoutMode=always ty=BASE_APPLICATION fmt=TRANSPARENT wanim=0x10302ec
12-20 21:18:46.334 3834 5420 V WindowManager: fl=DIM_BEHIND LAYOUT_IN_SCREEN FULLSCREEN FORCE_NOT_FULLSCREEN LAYOUT_INSET_DECOR SHOW_WALLPAPER SPLIT_TOUCH HARDWARE_ACCELERATED DRAWS_SYSTEM_BAR_BACKGROUNDS
12-20 21:18:46.334 3834 5420 V WindowManager: pfl=FORCE_DRAW_STATUS_BAR_BACKGROUND
12-20 21:18:46.334 3834 5420 V WindowManager: vsysui=LAYOUT_STABLE LAYOUT_HIDE_NAVIGATION LAYOUT_FULLSCREEN dimDuration=409 naviIconColor=0
12-20 21:18:46.334 3834 5420 V WindowManager: sfl=CHANGE_DIM_EFFECT_TO_BLUR}
12-20 21:18:46.334 3834 5420 E WindowManager: win=Window{f0c3414 u0 com.sec.android.app.launcher/com.sec.android.app.launcher.activities.LauncherActivity} destroySurfaces: appStopped=false win.mWindowRemovalAllowed=false win.mRemoveOnExit=false win.mViewVisibility=8 caller=com.android.server.wm.WindowManagerService.tryStartExitingAnimation:2803 com.android.server.wm.WindowManagerService.relayoutWindow:2501 com.android.server.wm.Session.relayoutForTranslate:302 android.view.IWindowSession$Stub.onTransact:518 com.android.server.wm.Session.onTransact:186 android.os.Binder.execTransact:739
12-20 21:18:46.334 3834 5420 I WindowManager: Destroying surface Surface(name=com.sec.android.app.launcher/com.sec.android.app.launcher.activities.LauncherActivity[25217])/@0x26cc12a called by com.android.server.wm.WindowStateAnimator.destroySurface:1880 com.android.server.wm.WindowStateAnimator.destroySurfaceLocked:838 com.android.server.wm.WindowState.destroySurfaceUnchecked:3847 com.android.server.wm.WindowState.destroySurface:3828 com.android.server.wm.WindowManagerService.tryStartExitingAnimation:2803 com.android.server.wm.WindowManagerService.relayoutWindow:2501 com.android.server.wm.Session.relayoutForTranslate:302 android.view.IWindowSession$Stub.onTransact:518
12-20 21:18:46.334 3303 3323 I SurfaceFlinger: id=60159 Removed com.sec.android.app.launcher/com.sec.android.app.launcher.activities.LauncherActivity[25217]#0 (0/64)
12-20 21:18:46.336 3303 3303 I SurfaceFlinger: Display 0 HWC layers:
12-20 21:18:46.336 3303 3303 I SurfaceFlinger: type | handle | flag | format | source crop (l,t,r,b) | frame | name
12-20 21:18:46.336 3303 3303 I SurfaceFlinger: ------------+--------------+------+-----------+----------------------------+---------------------+------
12-20 21:18:46.336 3303 3303 I SurfaceFlinger: Device | 0x7db5a4aa40 | 0002 | RGBA_8888 | 0.0 0.0 1080.0 2220.0 | 0 0 1080 2220 | Splash Screen org.qtproject.example.camera[13935]#0
12-20 21:18:46.336 3303 3303 I SurfaceFlinger: Device | 0x7db5a4a260 | 0000 | RGBA_8888 | 0.0 0.0 1080.0 72.0 | 0 0 1080 72 | StatusBar[2718]#0
12-20 21:18:46.336 3303 3303 I SurfaceFlinger: Device | 0x7db5a498c0 | 0000 | RGBA_8888 | 0.0 0.0 1080.0 144.0 | 0 2076 1080 2220 | NavigationBar[2718]#0
12-20 21:18:46.336 3303 3303 I SurfaceFlinger:
12-20 21:18:46.338 25403 25403 I SKBD : and isTosAccept false
12-20 21:18:46.339 3303 3303 I Layer : id=60159 onRemoved com.sec.android.app.launcher/com.sec.android.app.launcher.activities.LauncherActivity[25217]#0
12-20 21:18:46.342 3834 3861 V WindowOrientationListener: getProposedRotation :0
12-20 21:18:46.342 3834 3861 V WindowManager: rotationForOrientationLw(orient=-1, last=0); user=0 sensorRotation=0 mLidState=-1 mDockMode=0 mHdmiPlugged=false
12-20 21:18:46.343 25217 25217 D ViewRootImpl@7baba6f[LauncherActivity]: Relayout returned: old=[0,0][1080,2220] new=[0,0][1080,2220] result=0x5 surface={valid=false 0} changed=true
12-20 21:18:46.382 13935 13952 I Qt : qt started
12-20 21:18:46.427 13935 13935 D EmergencyMode: [EmergencyManager] android createPackageContext successful
12-20 21:18:46.434 3303 3323 I SurfaceFlinger: getDisplayLogicalConfigs (w=1080, h=2220)
12-20 21:18:46.439 3834 5420 E WindowManager: App trying to use insecure INPUT_FEATURE_NO_INPUT_CHANNEL flag. Ignoring
12-20 21:18:46.439 3834 5420 D InputTransport: Input channel constructed: fd=501
12-20 21:18:46.439 3834 5420 D InputTransport: Input channel constructed: fd=516
12-20 21:18:46.445 3303 3303 I SurfaceFlinger: id=60176 createSurf (5920x5920),2 flag=4, 86dab76 org.qtproject.example.camera/org.qtproject.qt.android.bindings.QtActivity#0
12-20 21:18:46.447 3834 5420 D InputTransport: Input channel destroyed: fd=516
12-20 21:18:46.447 13935 13935 D InputTransport: Input channel constructed: fd=60
12-20 21:18:46.447 13935 13935 D ViewRootImpl@82269a4[QtActivity]: setView = DecorView@e453b62[QtActivity] TM=true MM=false
12-20 21:18:46.453 13935 13935 D ViewRootImpl@82269a4[QtActivity]: dispatchAttachedToWindow
12-20 21:18:46.463 3834 5420 V WindowManager: Relayout Window{86dab76 u0 org.qtproject.example.camera/org.qtproject.qt.android.bindings.QtActivity}: viewVisibility=0 req=1080x2076 {(0,0)(fillxfill) sim={adjust=pan forwardNavigation} ty=BASE_APPLICATION wanim=0x10302f7
12-20 21:18:46.463 3834 5420 V WindowManager: fl=LAYOUT_IN_SCREEN LAYOUT_INSET_DECOR SPLIT_TOUCH HARDWARE_ACCELERATED
12-20 21:18:46.463 3834 5420 V WindowManager: pfl=FORCE_DRAW_STATUS_BAR_BACKGROUND remains{ 0x1000000 }
12-20 21:18:46.463 3834 5420 V WindowManager: vsysui=LIGHT_NAVIGATION_BAR naviIconColor=0}
12-20 21:18:46.464 3834 5420 V WindowManager: Resize reasons for w=Window{86dab76 u0 org.qtproject.example.camera/org.qtproject.qt.android.bindings.QtActivity}: contentInsetsChanged=false [0,72][0,0] visibleInsetsChanged=false [0,72][0,0] stableInsetsChanged=false [0,72][0,0] outsetsChanged=false [0,0][0,0] surfaceResized=false configChanged=true dragResizingChanged=false reportOrientationChanged=false displayCutoutChanged=false nextForceRelayoutToClient=false
12-20 21:18:46.466 3303 3303 I SurfaceFlinger: id=60177 createSurf (1080x2076),1 flag=404, org.qtproject.example.camera/org.qtproject.qt.android.bindings.QtActivity[13935]#0
12-20 21:18:46.466 3834 5420 D WindowManager: makeSurface duration=1 name=org.qtproject.example.camera/org.qtproject.qt.android.bindings.QtActivity[13935]
12-20 21:18:46.466 3834 5420 V WindowManager: Changing focus from null to Window{86dab76 u0 org.qtproject.example.camera/org.qtproject.qt.android.bindings.QtActivity} Callers=com.android.server.wm.WindowManagerService.relayoutWindow:2571 com.android.server.wm.Session.relayoutForTranslate:302 android.view.IWindowSession$Stub.onTransact:518 com.android.server.wm.Session.onTransact:186
12-20 21:18:46.466 3834 5420 D StatusBarManagerService: notifyRequestedSystemKey recent=false home=false
12-20 21:18:46.466 3834 3861 D WindowManager: setSystemUiVisibility: vis= 0x8018, fullscreenVis= 0x0, dockedVis= 0x0, win=Window{86dab76 u0 org.qtproject.example.camera/org.qtproject.qt.android.bindings.QtActivity}
12-20 21:18:46.467 3834 5420 D InputDispatcher: Focus entered window (13935): 86dab76 0
12-20 21:18:46.467 3834 3870 D WindowManager: reportFocusChangedSerialized, focused=true, inTouchMode=true, win=Window{86dab76 u0 org.qtproject.example.camera/org.qtproject.qt.android.bindings.QtActivity}
12-20 21:18:46.467 3834 6249 D SamsungPhoneWindowManager: adjustSystemUiVisibilityLw: vis=0x8018
12-20 21:18:46.467 2718 2718 D LightBarController: onNavigationVisibilityChanged : vis = 8018, nbModeChanged = false navigationBarMode = 4
12-20 21:18:46.467 3834 6249 D InputManager-JNI: setSystemUiVisibility dexmode: false changed: true displayid: 0 visibility: 0x8018 DD: 0x8018 OD: 0x0
12-20 21:18:46.470 13935 13935 D ViewRootImpl@82269a4[QtActivity]: Relayout returned: old=[0,0][1080,2076] new=[0,0][1080,2076] result=0x7 surface={valid=true 529722650624} changed=true
12-20 21:18:46.477 13935 13954 I ConfigStore: android::hardware::configstore::V1_0::ISurfaceFlingerConfigs::hasWideColorDisplay retrieved: 0
12-20 21:18:46.477 13935 13954 I ConfigStore: android::hardware::configstore::V1_0::ISurfaceFlingerConfigs::hasHDRDisplay retrieved: 0
12-20 21:18:46.477 13935 13954 I OpenGLRenderer: Initialized EGL, version 1.4
12-20 21:18:46.477 13935 13954 D OpenGLRenderer: Swap behavior 2
12-20 21:18:46.480 3303 4527 I SurfaceFlinger: getDisplayLogicalConfigs (w=1080, h=2220)
12-20 21:18:46.486 13935 13954 D mali_winsys: EGLint new_window_surface(egl_winsys_display *, void *, EGLSurface, EGLConfig, egl_winsys_surface **, EGLBoolean) returns 0x3000
12-20 21:18:46.486 13935 13954 D OpenGLRenderer: eglCreateWindowSurface = 0x7b564c6680, 0x7b55ee3010
12-20 21:18:46.506 13935 13935 D ViewRootImpl@82269a4[QtActivity]: MSG_RESIZED: frame=Rect(0, 0 - 1080, 2076) ci=Rect(0, 72 - 0, 0) vi=Rect(0, 72 - 0, 0) or=1
12-20 21:18:46.507 13935 13935 D ViewRootImpl@82269a4[QtActivity]: MSG_WINDOW_FOCUS_CHANGED 1 1
12-20 21:18:46.507 13935 13935 D InputMethodManager: prepareNavigationBarInfo() DecorView@e453b62[QtActivity]
12-20 21:18:46.507 13935 13935 D InputMethodManager: getNavigationBarColor() -855310
12-20 21:18:46.509 13935 13935 D InputMethodManager: prepareNavigationBarInfo() DecorView@e453b62[QtActivity]
12-20 21:18:46.509 13935 13935 D InputMethodManager: getNavigationBarColor() -855310
12-20 21:18:46.509 13935 13935 V InputMethodManager: Starting input: tba=org.qtproject.example.camera ic=null mNaviBarColor -855310 mIsGetNaviBarColorSuccess true , NavVisible : true , NavTrans : false
12-20 21:18:46.509 13935 13935 D InputMethodManager: startInputInner - Id : 0
12-20 21:18:46.509 13935 13935 I InputMethodManager: startInputInner - mService.startInputOrWindowGainedFocus
12-20 21:18:46.510 3834 6249 D InputMethodManagerService: startInputOrWindowGainedFocus : windowGainedFocus
12-20 21:18:46.510 3834 6249 D InputMethodManagerService: windowGainedFocus: destinationUserId (getCallingUid) = 0
12-20 21:18:46.510 3834 6249 D InputMethodManagerService: windowGainedFocus: currentUserId=0
12-20 21:18:46.510 3834 6249 D InputMethodManagerService: windowGainedFocus: mCurrentFocusedUserId=0
12-20 21:18:46.510 3834 6249 D InputMethodManagerService: windowGainedFocus : lock - currentUserId = 0 destinationUserId = 0
12-20 21:18:46.510 3834 6249 D InputMethodManagerService: windowGainedFocus : mCurrentFocusedUserId - 0 and mSecureKeypadEnabled - false, userSwitched - false
12-20 21:18:46.510 3834 6249 V InputMethodManagerService: windowGainedFocus : reason=WINDOW_FOCUS_GAIN client=android.os.BinderProxy@3bb9e38 inputContext=null missingMethods= attribute=android.view.inputmethod.EditorInfo@4342577 nm = org.qtproject.example.camera controlFlags=#104 softInputMode=#120 windowFlags=#1810100
12-20 21:18:46.510 3834 6249 V InputMethodManagerService: hideCurrentInputLocked : shouldHideSoftInput is false
12-20 21:18:46.510 3834 6249 D InputMethodManagerService: isImeSwitcherDisabledPackage : false
12-20 21:18:46.511 3834 6249 D InputMethodManagerService: DESKTOP MODE! : 2
12-20 21:18:46.511 3834 6249 D InputMethodManagerService: NOT IN KNOX DESKTOP MODE!
12-20 21:18:46.511 3834 6249 D InputMethodManagerService: updateSystemUiLocked 0
12-20 21:18:46.511 3834 6249 V InputMethodManagerService: Creating new session for client ClientState{ea865e4 uid 10284 pid 13935}
12-20 21:18:46.511 25217 25217 D InputTransport: Input channel destroyed: fd=105
12-20 21:18:46.511 3834 6249 D InputTransport: Input channel constructed: fd=593
12-20 21:18:46.511 3834 6249 D InputTransport: Input channel constructed: fd=608
12-20 21:18:46.512 3834 6249 D InputTransport: Input channel destroyed: fd=608
12-20 21:18:46.512 25403 30059 D InputTransport: Input channel constructed: fd=87
12-20 21:18:46.513 3834 6249 D InputMethodManagerService: checkDisplayOfStartInputAndUpdateKeyboard display Id 0last 0
12-20 21:18:46.513 3834 6249 D InputMethodManagerService: setCurrentInputInfo - inputContext : null eidtorInfo : android.view.inputmethod.EditorInfo@4342577 missingMethods : 0
12-20 21:18:46.513 3834 6249 D InputTransport: Input channel constructed: fd=608
12-20 21:18:46.514 3834 6249 D InputTransport: Input channel destroyed: fd=608
12-20 21:18:46.514 13935 13953 D InputTransport: Input channel constructed: fd=69
12-20 21:18:46.515 25403 25403 I InputMethodWrapper: call dispatchStartInputWithToken
12-20 21:18:46.515 25403 25403 I InputMethodService: dispatchStartInputWithToken
12-20 21:18:46.515 25403 25403 I SKBD_Performance: [IIManager] [PF_CL][onFinishInput] 336616
12-20 21:18:46.515 25403 25403 D InputMethodService: checkDisplayOfStartInputAndUpdateKeyboard display Id 0last 0
12-20 21:18:46.521 25403 25403 I SKBD : SamsungKeypad [IMI] onStartInput - caller pid : 13935, caller uid : 10284
12-20 21:18:46.522 13935 13954 D vndksupport: Loading /vendor/lib64/hw/android.hardware.graphics.mapper@2.0-impl.so from current namespace instead of sphal namespace.
12-20 21:18:46.537 3834 6249 D WindowManager: finishDrawingWindow: Window{86dab76 u0 org.qtproject.example.camera/org.qtproject.qt.android.bindings.QtActivity} mDrawState=DRAW_PENDING
12-20 21:18:46.538 3834 3930 I WindowManager: commitFinishDrawingLocked: mDrawState=READY_TO_SHOW Surface(name=org.qtproject.example.camera/org.qtproject.qt.android.bindings.QtActivity[13935])/@0x6810902
12-20 21:18:46.538 25403 25403 I SKBD : and isTosAccept false
12-20 21:18:46.540 3834 3930 I WindowManager: commitFinishDrawingLocked: mDrawState=READY_TO_SHOW Surface(name=org.qtproject.example.camera/org.qtproject.qt.android.bindings.QtActivity[13935])/@0x6810902
12-20 21:18:46.540 3834 3930 I WindowManager: Cancelling animation restarting=false, leash=null, surface=Surface(name=86dab76 org.qtproject.example.camera/org.qtproject.qt.android.bindings.QtActivity)/@0xf3ba213, parent=Surface(name=AppWindowToken{e9a3c45 token=Token{881c4bc ActivityRecord{b1ed8af u0 org.qtproject.example.camera/org.qtproject.qt.android.bindings.QtActivity t18078}}})/@0xeb6511c
12-20 21:18:46.540 3834 3930 V WindowManager: performShowLocked: mDrawState=HAS_DRAWN in Window{86dab76 u0 org.qtproject.example.camera/org.qtproject.qt.android.bindings.QtActivity}
12-20 21:18:46.543 13935 13935 D InputMethodManager: prepareNavigationBarInfo() DecorView@e453b62[QtActivity]
12-20 21:18:46.543 13935 13935 D InputMethodManager: getNavigationBarColor() -855310
12-20 21:18:46.543 13935 13935 V InputMethodManager: Starting input: tba=org.qtproject.example.camera ic=null mNaviBarColor -855310 mIsGetNaviBarColorSuccess true , NavVisible : true , NavTrans : false
12-20 21:18:46.544 13935 13935 D InputMethodManager: startInputInner - Id : 0
12-20 21:18:46.544 3834 3930 D ViewRootImpl@5270f97[camera]: dispatchDetachedFromWindow
12-20 21:18:46.544 3834 3930 D ViewRootImpl@5270f97[camera]: Surface release. android.view.ViewRootImpl.doDie:7976 android.view.ViewRootImpl$ViewRootHandler.handleMessage:4967 android.os.Handler.dispatchMessage:106 android.os.Looper.loop:214 android.os.HandlerThread.run:65 com.android.server.ServiceThread.run:44
12-20 21:18:46.544 3834 3930 V WindowManager: Remove Window{e2bd584 u0 Splash Screen org.qtproject.example.camera}: mSurfaceController=Surface(name=Splash Screen org.qtproject.example.camera[13935])/@0xbd0516d mAnimatingExit=false mRemoveOnExit=false mHasSurface=true surfaceShowing=true isAnimationSet=false app-animation=false mWillReplaceWindow=false inPendingTransaction=false mDisplayFrozen=false callers=com.android.server.wm.WindowState.removeIfPossible:2751 com.android.server.wm.WindowManagerService.removeWindow:1980 com.android.server.wm.Session.remove:268 android.view.ViewRootImpl.dispatchDetachedFromWindow:4546 android.view.ViewRootImpl.doDie:7976 android.view.ViewRootImpl$ViewRootHandler.handleMessage:4967
12-20 21:18:46.544 3834 3870 I ActivityManager: Displayed org.qtproject.example.camera/org.qtproject.qt.android.bindings.QtActivity: +649ms
12-20 21:18:46.545 3834 3930 I WindowManager: Cancelling animation restarting=true, leash=null, surface=Surface(name=e2bd584 Splash Screen org.qtproject.example.camera)/@0x5344c6f, parent=Surface(name=AppWindowToken{e9a3c45 token=Token{881c4bc ActivityRecord{b1ed8af u0 org.qtproject.example.camera/org.qtproject.qt.android.bindings.QtActivity t18078}}})/@0xeb6511c
12-20 21:18:46.545 3834 3930 I WindowManager: Reparenting to leash, surface=Surface(name=e2bd584 Splash Screen org.qtproject.example.camera)/@0x5344c6f
12-20 21:18:46.546 3303 3303 I SurfaceFlinger: id=60178 createSurf (5920x5920),2 flag=4, Surface(name=e2bd584 Splash Screen org.qtproject.example.camera)/@0x5344c6f - animation-leash#0
12-20 21:18:46.547 3834 3930 D SurfaceControl: reparent is called, sc=Surface(name=e2bd584 Splash Screen org.qtproject.example.camera)/@0x5344c6f, newParentHandle=android.os.BinderProxy@3688d7c, transaction=android.view.SurfaceControl$Transaction@8883605
12-20 21:18:46.547 3834 3870 D CustomFrequencyManagerService: acquireDVFSLockLocked : type : DVFS_MIN_LIMIT frequency : 1807000 uid : 1000 pid : 3834 pkgName : AMS_RESUME_TAIL@CPU_MIN@43
12-20 21:18:46.547 3834 3870 D ActivityManagerPerformance: AMP_acquire() TAIL
12-20 21:18:46.548 3834 3870 D CustomFrequencyManagerService: releaseDVFSLockLocked : Getting Lock type frm List : DVFS_MIN_LIMIT frequency : 2314000 uid : 1000 pid : 3834 tag : AMS_APP_SWITCH@CPU_MIN@37
12-20 21:18:46.548 3303 4527 D Layer : [e2bd584 Splash Screen org.qtproject.example.camera#0]::reparent oldParent:[AppWindowToken{e9a3c45 token=Token{881c4bc ActivityRecord{b1ed8af u0 org.qtproject.example.camera/org.qtproject.qt.android.bindings.QtActivity t18078}}}#0], newParent:[Surface(name=e2bd584 Splash Screen org.qtproject.example.camera)/@0x5344c6f - animation-leash#0]
12-20 21:18:46.548 3834 3870 D ActivityManagerPerformance: AMP_release() APP_SWITCH
12-20 21:18:46.549 3834 3930 D InputTransport: Input channel destroyed: fd=505
12-20 21:18:46.549 3834 3930 D InputTransport: Input channel destroyed: fd=594
12-20 21:18:46.551 25217 25217 D ViewRootImpl@7baba6f[LauncherActivity]: setWindowStopped(true) old=false
12-20 21:18:46.553 25217 25217 D ViewRootImpl@7baba6f[LauncherActivity]: Surface release. android.view.WindowManagerGlobal.setStoppedState:669 android.app.Activity.performStop:7650 android.app.ActivityThread.callActivityOnStop:4379 android.app.ActivityThread.performStopActivityInner:4357 android.app.ActivityThread.handleStopActivity:4432 android.app.servertransaction.StopActivityItem.execute:41 android.app.servertransaction.TransactionExecutor.executeLifecycleState:145 android.app.servertransaction.TransactionExecutor.execute:70
12-20 21:18:46.553 25217 25217 D Launcher.AppsStage: onStopActivity
12-20 21:18:46.553 25217 25217 I Notification.Badge: removeNotificationsChangedListener
12-20 21:18:46.556 25217 25217 D StageManager: saved stages : inStack [1, 2] , outStack[]
12-20 21:18:46.578 4459 15889 D ForegroundUtils: could not check pending caller
12-20 21:18:46.578 3834 3861 D CodecSolution: isMaxAspectPackageEx: org.qtproject.example.camera : true(2)
12-20 21:18:46.594 3303 3303 I SurfaceFlinger: Display 0 HWC layers:
12-20 21:18:46.594 3303 3303 I SurfaceFlinger: type | handle | flag | format | source crop (l,t,r,b) | frame | name
12-20 21:18:46.594 3303 3303 I SurfaceFlinger: ------------+--------------+------+-----------+----------------------------+---------------------+------
12-20 21:18:46.594 3303 3303 I SurfaceFlinger: Device | 0x7db6052440 | 0002 | RGBA_8888 | 0.0 0.0 1080.0 2076.0 | 0 0 1080 2076 | org.qtproject.example.camera/org.qtp[...]android.bindings.QtActivity[13935]#0
12-20 21:18:46.594 3303 3303 I SurfaceFlinger: Device | 0x7db5a4aa40 | 0002 | RGBA_8888 | 0.0 0.0 1080.0 2220.0 | 0 0 1080 2220 | Splash Screen org.qtproject.example.camera[13935]#0
12-20 21:18:46.594 3303 3303 I SurfaceFlinger: Device | 0x7db5a4b4c0 | 0000 | RGBA_8888 | 0.0 0.0 1080.0 72.0 | 0 0 1080 72 | StatusBar[2718]#0
12-20 21:18:46.594 3303 3303 I SurfaceFlinger: Device | 0x7db5a49540 | 0000 | RGBA_8888 | 0.0 0.0 1080.0 144.0 | 0 2076 1080 2220 | NavigationBar[2718]#0
12-20 21:18:46.594 3303 3303 I SurfaceFlinger:
12-20 21:18:46.619 13935 13952 I CameraManagerGlobal: Connecting to camera service
12-20 21:18:46.627 13935 13952 D VendorTagDescriptor: addVendorDescriptor: vendor tag id 3854507339 added
12-20 21:18:46.657 3834 5420 D WifiPermissionsUtil: canAccessScanResults: pkgName = com.sec.android.sdhms, uid = 1000
12-20 21:18:46.669 3301 7299 V APM_AudioPolicyManager: getAudioPolicyConfig: audioParam;outDevice
12-20 21:18:46.669 3301 7299 V APM_AudioPolicyManager: getNewOutputDevice() selected device 0
12-20 21:18:46.669 3301 7299 V APM_AudioPolicyManager: ### curdevice : 2
12-20 21:18:46.675 3503 17181 I CameraService: CameraService::connect call (PID -1 "org.qtproject.example.camera", camera ID 0) for HAL version default and Camera API version 2
12-20 21:18:46.678 3834 5420 I EDMNativeHelperService: isCameraEnabled
12-20 21:18:46.678 3834 5420 D RestrictionPolicy: isCameraEnabled ret(true) userId(0) cxtInfo.mCallerUid(10284) cxtInfo.mContainerId(0)
12-20 21:18:46.678 3503 17181 E CameraService: checkTemperature (0)
12-20 21:18:46.678 3503 17181 I CameraService: CameraService::validateClientPermissionsLocked is ok : calling pid 13935, calling uid 10284, cameraservice pid=3503, device user 0, currently allowed device users: 0
12-20 21:18:46.678 3503 17181 I CameraService: CameraService::handleEvictionsLocked
12-20 21:18:46.679 3503 17181 I CameraService: wouldEvictLocked:getCurrentCostLocked()=0, cost=51, totalCost=51, MaxCost=100
12-20 21:18:46.679 3503 17181 I CameraService: wouldEvictLocked: owner=13935, priority-score=0, highestPriorityOwner=13935, highestPriority-score=0
12-20 21:18:46.679 3503 17181 I CameraFlashlight: prepareDeviceOpen: prepare for device open(cameraId=0, package=org.qtproject.example.camera)
12-20 21:18:46.680 3503 17181 V CameraFlashlight: setTorchMode: set camera 0 torch mode to 0
12-20 21:18:46.680 3503 17181 I CameraProviderManager: setTorchMode[244] enabled(0)
12-20 21:18:46.682 3503 17181 I ExynosCamera3Interface: INFO(HAL_set_torch_mode[533]):in =====
12-20 21:18:46.683 3503 17181 I ExynosCamera3Interface: INFO(HAL_set_torch_mode[553]): Current Camera State (state = 3)
12-20 21:18:46.685 3503 17181 I CameraProviderManager: Camera device device@1.0/legacy/0 torch status is now AVAILABLE_OFF
12-20 21:18:46.685 3503 17181 I CameraService: onTorchStatusChangedLocked: Torch status changed for cameraId=0, newStatus=1
12-20 21:18:46.685 3503 17181 I CameraProviderManager: Camera device device@3.3/legacy/0 torch status is now AVAILABLE_OFF
12-20 21:18:46.686 3503 17181 I CameraService: onTorchStatusChangedLocked: Torch status changed for cameraId=0, newStatus=1
12-20 21:18:46.686 3503 17181 I ExynosCamera3Interface: INFO(HAL_set_torch_mode[599]):out =====
12-20 21:18:46.686 3503 17181 D ExynosCamera3Interface: DEBUG:duration time( 4 msec):(HAL_set_torch_mode)
12-20 21:18:46.686 3503 17181 I CameraService: onTorchStatusChangedLocked: Torch status changed for cameraId=0, newStatus=0
12-20 21:18:46.687 3503 17181 E CameraService: setCompanionDisableSysFs : cc.disable property set to 0
12-20 21:18:46.689 3503 17181 I Camera2ClientBase: Camera 0: Opened. Client: org.qtproject.example.camera (PID 13935, UID 10284)
12-20 21:18:46.690 3503 17181 I CameraDeviceClient: CameraDeviceClient 0: Opened
12-20 21:18:46.690 3503 17181 I CameraService: startCameraOps: Start camera ops, package name = org.qtproject.example.camera, client UID = 10284
12-20 21:18:46.691 2718 2755 D Tile.FlashlightTile: cancelNotification!!!
12-20 21:18:46.695 3503 17181 D Camera3-Device: initialize: mInterfaceLock.lock()
12-20 21:18:46.702 3503 17181 I ExynosCamera3Interface: INFO(HAL3_camera_device_open[64]):camera(0) in ======
12-20 21:18:46.702 3503 17181 D ExynosCamera3Interface: DEBUG(check_camera_state):camera(0) state(1) checking...
12-20 21:18:46.702 3503 17181 D ExynosCamera3Interface: DEBUG(check_camera_state):camera(0) state(3:CLOSED->1:OPENED) is valid
12-20 21:18:46.704 3503 17181 E ExynosCamera3: Build Date is (Jul 13 2022) (19:37:25)
12-20 21:18:46.704 3503 17181 I ExynosCamera3: [CAM_ID(0)][]-INFO(ExynosCamera3[68]):cameraId(0), use_companion(1)
12-20 21:18:46.705 3503 17181 D ExynosCamera3: [CAM_ID(0)][]-DEBUG(ExynosCamera3[75]): companionThread starts
12-20 21:18:46.705 3503 13970 I ExynosCamera3: [CAM_ID(0)][]-INFO(m_companionThreadFunc[7994]):
12-20 21:18:46.706 3503 17181 I ExynosCamera3SensorInfo: INFO(createExynosCamera3SensorInfo[63]):sensor ID 32
12-20 21:18:46.706 3503 13970 D ExynosCameraNode: [CAM_ID(0)][companion]-DEBUG(open[262]): Node(109)(/dev/video109) opened. m_fd(23)
12-20 21:18:46.706 3503 13970 D ExynosCamera3: [CAM_ID(0)][]-DEBUG(m_companionThreadFunc[8013]):Companion Node(109) opened running)
12-20 21:18:46.707 3834 3930 I WindowManager: reset, Reparenting to original parent, shouldDeferScheduleAnimation=false, destroyLeash=true, surface=Surface(name=e2bd584 Splash Screen org.qtproject.example.camera)/@0x5344c6f, parent=Surface(name=AppWindowToken{e9a3c45 token=Token{881c4bc ActivityRecord{b1ed8af u0 org.qtproject.example.camera/org.qtproject.qt.android.bindings.QtActivity t18078}}})/@0xeb6511c, parentNativeHandle=android.os.BinderProxy@8e31014, caller=com.android.server.wm.SurfaceAnimator.lambda$getFinishedCallback$0:94 com.android.server.wm.-$$Lambda$SurfaceAnimator$SIBia0mND666K8lMCPsoid8pUTI.run:4 com.android.server.wm.SurfaceAnimator.lambda$getFinishedCallback$1:101 com.android.server.wm.-$$Lambda$SurfaceAnimator$vdRZk66hQVbQCvVXEaQCT1kVmFc.onAnimationFinished:4 com.android.server.wm.LocalAnimationAdapter.lambda$startAnimation$0:65
12-20 21:18:46.707 3503 17181 I ExynosCamera3Parameters: [CAM_ID(0)][ParametersBack]-INFO(m_setParamCropRegion[1958]):size0(4032, 3024, 4032, 3024)
12-20 21:18:46.707 3503 17181 I ExynosCamera3Parameters: [CAM_ID(0)][ParametersBack]-INFO(m_setParamCropRegion[1960]):size(0, 0, 4032, 3024), level(0)
12-20 21:18:46.707 3834 3930 D SurfaceControl: reparent is called, sc=Surface(name=e2bd584 Splash Screen org.qtproject.example.camera)/@0x5344c6f, newParentHandle=android.os.BinderProxy@8e31014, transaction=android.view.SurfaceControl$Transaction@8883605
12-20 21:18:46.707 3503 17181 I SecCameraUtil: INFO(checkBinningProperty[87]): set cam_binning property 0
12-20 21:18:46.707 3503 17181 I SecCameraUtil: INFO(checkFpsProperty[70]): set cam_binning property (0).
12-20 21:18:46.707 3503 17181 I ExynosCamera3Parameters: [CAM_ID(0)][ParametersBack]-INFO(setDefaultCameraInfo[204]):
12-20 21:18:46.707 3503 17181 D ExynosCamera3Parameters: [CAM_ID(0)][ParametersBack]-DEBUG(m_setBnsScaleRatio[1423]): update BNS ratio(0 -> 1000)
12-20 21:18:46.707 3503 17181 I ExynosCameraActivityControl: INFO(setHalVersion[932]): m_halVersion(1)
12-20 21:18:46.707 3503 17181 I ExynosCamera3Parameters: [CAM_ID(0)][ParametersBack]-INFO(setHalVersion[6253]): m_halVersion(1)
12-20 21:18:46.707 3834 3930 D SurfaceControl: destroy(transaction), animation-leash is destroyed, sc=Surface(name=Surface(name=e2bd584 Splash Screen org.qtproject.example.camera)/@0x5344c6f - animation-leash)/@0xf52b65a, transaction=android.view.SurfaceControl$Transaction@8883605, caller=com.android.server.wm.SurfaceAnimator.reset:335 com.android.server.wm.SurfaceAnimator.lambda$getFinishedCallback$0:94 com.android.server.wm.-$$Lambda$SurfaceAnimator$SIBia0mND666K8lMCPsoid8pUTI.run:4 com.android.server.wm.SurfaceAnimator.lambda$getFinishedCallback$1:101 com.android.server.wm.-$$Lambda$SurfaceAnimator$vdRZk66hQVbQCvVXEaQCT1kVmFc.onAnimationFinished:4 com.android.server.wm.LocalAnimationAdapter.lambda$startAnimation$0:65 com.android.server.wm.-$$Lambda$LocalAnimationAdapter$X--EomqUvw4qy89IeeTFTH7aCMo.run:4
12-20 21:18:46.708 3834 3930 E WindowManager: win=Window{e2bd584 u0 Splash Screen org.qtproject.example.camera EXITING} destroySurfaces: appStopped=false win.mWindowRemovalAllowed=true win.mRemoveOnExit=true win.mViewVisibility=0 caller=com.android.server.wm.AppWindowToken.destroySurfaces:871 com.android.server.wm.AppWindowToken.destroySurfaces:852 com.android.server.wm.WindowState.onExitAnimationDone:5443 com.android.server.wm.WindowStateAnimator.onAnimationFinished:319 com.android.server.wm.WindowState.onAnimationFinished:5865 com.android.server.wm.-$$Lambda$yVRF8YoeNdTa8GR1wDStVsHu8xM.run:2 com.android.server.wm.SurfaceAnimator.lambda$getFinishedCallback$0:97
12-20 21:18:46.708 3503 17181 D ExynosCameraRequestManager: [CAM_ID(0)][]-DEBUG(ExynosCameraRequestManager[1669]):Create-ID(0)
12-20 21:18:46.709 3503 17181 D ExynosCameraStreamManager: DEBUG(ExynosCameraStreamManager[330]):ID(0)
12-20 21:18:46.709 3503 17181 D ExynosCameraStreamManager: DEBUG(m_init[343]):ID(0)
12-20 21:18:46.709 3834 3930 I WindowManager: Destroying surface Surface(name=Splash Screen org.qtproject.example.camera[13935])/@0xbd0516d called by com.android.server.wm.WindowStateAnimator.destroySurface:1880 com.android.server.wm.WindowStateAnimator.destroySurfaceLocked:838 com.android.server.wm.WindowState.destroySurfaceUnchecked:3847 com.android.server.wm.WindowState.destroySurface:3828 com.android.server.wm.AppWindowToken.destroySurfaces:871 com.android.server.wm.AppWindowToken.destroySurfaces:852 com.android.server.wm.WindowState.onExitAnimationDone:5443 com.android.server.wm.WindowStateAnimator.onAnimationFinished:319
12-20 21:18:46.709 3503 17181 D ExynosCamera3: [CAM_ID(0)][]-DEBUG(m_createManagers[639]):Stream Manager created
12-20 21:18:46.709 3503 17181 I ExynosCamera3: [CAM_ID(0)][]-INFO(m_createIonAllocator[4858]):try(1) to create IonAllocator
12-20 21:18:46.709 3303 5935 I SurfaceFlinger: id=60172 Removed Splash Screen org.qtproject.example.camera[13935]#0 (0/66)
12-20 21:18:46.710 3503 17181 D ExynosCamera3: [CAM_ID(0)][]-DEBUG(m_createIonAllocator[4864]):m_createIonAllocator success (allocator=0xe7869440)
12-20 21:18:46.710 3503 17181 D ExynosCamera3: [CAM_ID(0)][]-DEBUG(m_createBufferManager[4886]):m_createIonAllocator success
12-20 21:18:46.710 3834 4408 D MdnieScenarioControlService: packageName : org.qtproject.example.camera className : org.qtproject.qt.android.bindings.QtActivity
