12-20 21:18:51.884 25217 25217 D Notification.Badge: [invalid] onNotificationPosted : StatusBarNotification(pkg=com.android.systemui user=UserHandle{-1} id=2131362716 tag=charging_state key=-1|com.android.systemui|2131362716|charging_state|10004: Notification(channel=GEN pri=-2 contentView=null vibrate=null sound=null defaults=0x0 flags=0xa color=0xff607d8b category=sys vis=PUBLIC semFlags=0x0 semPriority=0 semMissedCount=0))
12-20 21:18:51.896 26449 26476 D CollectorHandler: handleMessage, event: ON_NOTIFICATION_POSTED_WITH_RANKING
12-20 21:18:51.901 26449 26476 D StreamDBQueue: Promised revision #2347488 to queue a new op
12-20 21:18:51.911 26449 26476 I CBridgedItemsController: not bridging notification from com.android.systemui: notification is tagged as ongoing
12-20 21:18:51.915 3834 3860 D StorageManagerService: getExternalStorageMountMode : 1
12-20 21:18:51.915 3834 3860 D StorageManagerService: getExternalStorageMountMode : 3
12-20 21:18:51.916 3834 3860 D StorageManagerService: getExternalStorageMountMode : final mountMode=1, uid : 10134, packageName : com.hiya.star
12-20 21:18:51.916 3834 3860 I ApplicationPolicy: isApplicationExternalStorageWhitelisted:com.hiya.star user:0
12-20 21:18:51.917 3834 3860 D ApplicationPolicy: isApplicationExternalStorageWhitelisted: DO is not enabled on user 0. Allowed.
12-20 21:18:51.917 3834 3860 D ActivityManager: package com.hiya.star, user - 0 is SDcard whitelisted
12-20 21:18:51.917 3834 3860 I ApplicationPolicy: isApplicationExternalStorageBlacklisted:com.hiya.star user:0
12-20 21:18:51.917 3834 3860 D ApplicationPolicy: isApplicationExternalStorageBlacklisted: DO is not enabled on user 0. Allowed.
12-20 21:18:51.917 3834 3860 I ApplicationPolicy: isApplicationExternalStorageBlacklisted:com.hiya.star user:0
12-20 21:18:51.918 17977 17977 V MediaPlayer-JNI: getCurrentPosition: 223927 (msec)
12-20 21:18:51.918 17977 17977 V MediaPlayerNative: getDuration_l
12-20 21:18:51.918 3518 11436 V MediaPlayerService: getDuration
12-20 21:18:51.918 3518 11436 V MediaPlayerService: [3701] getDuration = 240800
12-20 21:18:51.918 17977 17977 V MediaPlayer-JNI: getDuration: 240800 (msec)
12-20 21:18:51.919 17977 17977 V MediaPlayer-JNI: getCurrentPosition: 223927 (msec)
12-20 21:18:51.919 17977 17977 V MediaPlayerNative: getDuration_l
12-20 21:18:51.920 3518 11436 V MediaPlayerService: getDuration
12-20 21:18:51.920 3518 11436 V MediaPlayerService: [3701] getDuration = 240800
12-20 21:18:51.920 17977 17977 V MediaPlayer-JNI: getDuration: 240800 (msec)
12-20 21:18:51.920 3834 3860 D ApplicationPolicy: isApplicationExternalStorageBlacklisted: DO is not enabled on user 0. Allowed.
12-20 21:18:51.927 2718 2718 I StackScroller: ADJUST STACK.TRANSLATION
12-20 21:18:51.928 2718 2718 I chatty : uid=10004(com.samsung.android.app.aodservice) com.android.systemui identical 1 line
12-20 21:18:51.929 2718 2718 I StackScroller: ADJUST STACK.TRANSLATION
12-20 21:18:51.953 13998 13998 E Zygote : isWhitelistProcess - Process is Whitelisted
12-20 21:18:51.959 2718 2718 W StaticLayout: maxLineHeight should not be -1. maxLines:1 lineCount:1
12-20 21:18:51.959 3834 3862 I ActivityManager: Start proc 13998:com.hiya.star/u0a134 for service com.hiya.star/com.hiya.axolotl.HiyaService
12-20 21:18:51.959 2718 2718 W StaticLayout: maxLineHeight should not be -1. maxLines:1 lineCount:1
12-20 21:18:51.960 25403 25403 I SKBD : and isTosAccept false
12-20 21:18:51.961 2718 2718 I StackScroller: ADJUST STACK.TRANSLATION
12-20 21:18:51.962 2718 2718 I StackScroller: ADJUST STACK.TRANSLATION
12-20 21:18:51.962 13998 13998 E Zygote : accessInfo : 1
12-20 21:18:51.962 2718 2718 I StackScroller: ADJUST STACK.TRANSLATION
12-20 21:18:51.977 3834 7818 D GameManagerService: identifyGamePackage. org.qtproject.example.camera, mCurrentUserId: 0, callerUserId: 0
12-20 21:18:51.985 3834 7818 D GamePkgDataHelper: getGamePkgData(). org.qtproject.example.camera
12-20 21:18:51.995 13998 13998 E com.hiya.star: Not starting debugger since process cannot load the jdwp agent.
12-20 21:18:52.027 3834 5266 I ActivityManager: DSS on for com.hiya.star and scale is 1.0
12-20 21:18:52.041 2718 2718 W StaticLayout: maxLineHeight should not be -1. maxLines:1 lineCount:1
12-20 21:18:52.041 2718 2718 W StaticLayout: maxLineHeight should not be -1. maxLines:1 lineCount:1
12-20 21:18:52.045 2718 2718 I StackScroller: ADJUST STACK.TRANSLATION
12-20 21:18:52.046 2718 2718 I chatty : uid=10004(com.samsung.android.app.aodservice) com.android.systemui identical 1 line
12-20 21:18:52.047 2718 2718 I StackScroller: ADJUST STACK.TRANSLATION
12-20 21:18:52.049 4456 4456 D HidDeviceService: handleMessage(): msg.what=8
12-20 21:18:52.049 4456 4456 D HidDeviceService: unregisterAppUid(): uid=10134
12-20 21:18:52.049 4456 4456 D HidDeviceService: unregisterAppUid(): caller UID doesn't match user UID
12-20 21:18:52.097 2718 2718 W StaticLayout: maxLineHeight should not be -1. maxLines:1 lineCount:1
12-20 21:18:52.097 2718 2718 W StaticLayout: maxLineHeight should not be -1. maxLines:1 lineCount:1
12-20 21:18:52.099 2718 2718 I StackScroller: ADJUST STACK.TRANSLATION
12-20 21:18:52.099 2718 2718 I chatty : uid=10004(com.samsung.android.app.aodservice) com.android.systemui identical 1 line
12-20 21:18:52.100 2718 2718 I StackScroller: ADJUST STACK.TRANSLATION
12-20 21:18:52.138 13998 13998 I com.hiya.star: The ClassLoaderContext is a special shared library.
12-20 21:18:52.161 25403 25403 I SKBD : and isTosAccept false
12-20 21:18:52.330 13998 13998 I CrashlyticsCore: Initializing Crashlytics 2.6.3.25
12-20 21:18:52.361 25403 25403 I SKBD : and isTosAccept false
12-20 21:18:52.400 13998 14017 D NetworkSecurityConfig: Using Network Security Config from resource network_security_config debugBuild: false
12-20 21:18:52.412 13998 14017 I System.out: (HTTPLog)-Static: isSBSettingEnabled false
12-20 21:18:52.413 13998 14017 I System.out: (HTTPLog)-Static: isSBSettingEnabled false
12-20 21:18:52.421 3520 3599 D EnterpriseController: netId is 0
12-20 21:18:52.421 3520 3599 E Netd : getNetworkForDns: getNetId from enterpriseCtrl is netid 0
12-20 21:18:52.421 3520 3599 D DnsProxyListener: DNSDBG::dns addrinfo af 2
12-20 21:18:52.457 13998 14030 W com.hiya.star: Unknown chunk type '200'.
12-20 21:18:52.488 3834 3868 D ConnectivityService: filterNetworkStateForUid() uid: 1000, pid: 3834
12-20 21:18:52.489 3834 3868 D ConnectivityService: filterNetworkStateForUid() uid: 1000, pid: 3834, networkInfo: [type: WIFI[], state: CONNECTED/CONNECTED, reason: (unspecified), extra: (none), failover: false, available: true, roaming: false]
12-20 21:18:52.494 13998 14017 E Fabric : Settings request failed.
12-20 21:18:52.503 3834 3868 D NetworkManagement: ReportBigdata failReason = 255 failServer = 0
12-20 21:18:52.503 3834 3868 D NetworkManagement: ReportBigdata failReason = 255 failServer = 0
12-20 21:18:52.504 3834 3868 D NetworkManagement: ReportBigdata failReason = 3 failServer = 0
12-20 21:18:52.514 3834 3868 W ContextImpl: Calling a method in the system process without a qualified user: android.app.ContextImpl.sendBroadcast:1067 com.android.server.NetworkManagementService$NetdCallbackReceiver.onEvent:1268 com.android.server.NativeDaemonConnector.handleMessage:160 android.os.Handler.dispatchMessage:102 android.os.Looper.loop:214
12-20 21:18:52.515 3834 3868 D NetworkManagement: ReportBigdata totalSuccess = 19
12-20 21:18:52.519 3834 3834 D MDC : onReceive com.samsung.intent.action.BIG_DATA_MOBILE_DATA
12-20 21:18:52.519 3834 3834 D MDC : category = DNSE
12-20 21:18:52.519 3834 3859 I MDC : addDnsData
12-20 21:18:52.519 3834 3859 I MDC : mDnsList.size: 6
12-20 21:18:52.523 3834 3859 D MDC : operator = [23201#]
12-20 21:18:52.532 3834 3859 D ConnectivityService: filterNetworkStateForUid() uid: 1000, pid: 3834
12-20 21:18:52.532 3834 3859 D ConnectivityService: filterNetworkStateForUid() uid: 1000, pid: 3834, networkInfo: [type: WIFI[], state: CONNECTED/CONNECTED, reason: (unspecified), extra: (none), failover: false, available: true, roaming: false]
12-20 21:18:52.549 3834 3859 I MDC : getTac currently not handled for GSM
12-20 21:18:52.549 3834 3859 D ConnectivityService: filterNetworkStateForUid() uid: 1000, pid: 3834
12-20 21:18:52.549 3834 3859 D ConnectivityService: filterNetworkStateForUid() uid: 1000, pid: 3834, networkInfo: [type: WIFI[], state: CONNECTED/CONNECTED, reason: (unspecified), extra: (none), failover: false, available: true, roaming: false]
12-20 21:18:52.550 3834 3859 D MDC : 1] SystemProperties.get: 192.168.129.3
12-20 21:18:52.550 3834 3859 D MDC : 2] SystemProperties.get: 192.168.129.3
12-20 21:18:52.550 3834 3859 I MDC : DnsData updated. The number of DnsData: (23201#,945159,80,7601,0,unknown,2,19,3,192.168.129.3)
12-20 21:18:52.559 3834 3859 D MDC : operator = [23201#]
12-20 21:18:52.562 25403 25403 I SKBD : and isTosAccept false
12-20 21:18:52.569 3834 3859 D ConnectivityService: filterNetworkStateForUid() uid: 1000, pid: 3834
12-20 21:18:52.569 3834 3859 D ConnectivityService: filterNetworkStateForUid() uid: 1000, pid: 3834, networkInfo: [type: WIFI[], state: CONNECTED/CONNECTED, reason: (unspecified), extra: (none), failover: false, available: true, roaming: false]
12-20 21:18:52.584 3834 3859 I MDC : getTac currently not handled for GSM
12-20 21:18:52.585 3834 3859 D ConnectivityService: filterNetworkStateForUid() uid: 1000, pid: 3834
12-20 21:18:52.585 3834 3859 D ConnectivityService: filterNetworkStateForUid() uid: 1000, pid: 3834, networkInfo: [type: WIFI[], state: CONNECTED/CONNECTED, reason: (unspecified), extra: (none), failover: false, available: true, roaming: false]
12-20 21:18:52.585 3834 3859 D MDC : 1] SystemProperties.get: 192.168.129.3
12-20 21:18:52.585 3834 3859 D MDC : 2] SystemProperties.get: 192.168.129.3
12-20 21:18:52.585 3834 3859 I MDC : DnsData updated. The number of DnsData: (23201#,945159,80,7601,0,unknown,2,0,0,192.168.129.3)
12-20 21:18:52.590 3834 3859 D MDC : operator = [23201#]
12-20 21:18:52.600 3834 3859 D ConnectivityService: filterNetworkStateForUid() uid: 1000, pid: 3834
12-20 21:18:52.600 3834 3859 D ConnectivityService: filterNetworkStateForUid() uid: 1000, pid: 3834, networkInfo: [type: WIFI[], state: CONNECTED/CONNECTED, reason: (unspecified), extra: (none), failover: false, available: true, roaming: false]
12-20 21:18:52.618 3834 3859 I MDC : getTac currently not handled for GSM
12-20 21:18:52.618 3834 3859 D ConnectivityService: filterNetworkStateForUid() uid: 1000, pid: 3834
12-20 21:18:52.618 3834 3859 D ConnectivityService: filterNetworkStateForUid() uid: 1000, pid: 3834, networkInfo: [type: WIFI[], state: CONNECTED/CONNECTED, reason: (unspecified), extra: (none), failover: false, available: true, roaming: false]
12-20 21:18:52.619 3834 3859 D MDC : 1] SystemProperties.get: 192.168.129.3
12-20 21:18:52.619 3834 3859 D MDC : 2] SystemProperties.get: 192.168.129.3
12-20 21:18:52.619 3834 3859 I MDC : DnsData updated. The number of DnsData: (23201#,945159,80,7601,0,unknown,2,0,0,192.168.129.3)
12-20 21:18:52.619 3834 3859 I MDC : DnsData updated. The number of DnsData: 9
12-20 21:18:52.652 26240 14042 D WPRestClient v2.3.1-samsung-1388 v2.3.1-samsung-1388 v2.3.1-samsung-1388 v2.3.1-samsung-1388 v[D] sendUserInfo - Hiya Service is connected :true
12-20 21:18:52.657 13881 13932 W GoogleCertificates: GoogleCertificates has been initialized already
12-20 21:18:52.668 26240 14043 D WPRestClient v2.3.1-samsung-1388 v2.3.1-samsung-1388 v2.3.1-samsung-1388 v2.3.1-samsung-1388 v[D] sendUserInfo - opt : OFF
12-20 21:18:52.762 25403 25403 I SKBD : and isTosAccept false
12-20 21:18:52.854 13998 14030 W com.hiya.star: Unknown chunk type '200'.
12-20 21:18:52.925 17977 17977 V MediaPlayer-JNI: getCurrentPosition: 223927 (msec)
12-20 21:18:52.926 17977 17977 V MediaPlayerNative: getDuration_l
12-20 21:18:52.926 3518 11436 V MediaPlayerService: getDuration
12-20 21:18:52.926 3518 11436 V MediaPlayerService: [3701] getDuration = 240800
12-20 21:18:52.926 17977 17977 V MediaPlayer-JNI: getDuration: 240800 (msec)
12-20 21:18:52.927 17977 17977 V MediaPlayer-JNI: getCurrentPosition: 223927 (msec)
12-20 21:18:52.927 17977 17977 V MediaPlayerNative: getDuration_l
12-20 21:18:52.927 3518 11436 V MediaPlayerService: getDuration
12-20 21:18:52.927 3518 11436 V MediaPlayerService: [3701] getDuration = 240800
12-20 21:18:52.928 17977 17977 V MediaPlayer-JNI: getDuration: 240800 (msec)
12-20 21:18:52.963 25403 25403 I SKBD : and isTosAccept false
12-20 21:18:52.994 2718 2718 D SecStatusBarWifiView: updateState: WifiIconState(resId=2131232630, visible=true, activityId=2131232638)
12-20 21:18:53.081 4960 4960 D io_stats: !@ 8,0 r 88027842 3404148752 w 22822246 525490328 d 1592057 308704996 f 7723210 7909415 iot 39589952 29086365 th 270068 0 0 pt 0 inp 0 0 3025081.819
12-20 21:18:53.163 25403 25403 I SKBD : and isTosAccept false ^C [/home/pvss/branch_3x/Libs/Ctrl]#