12-20 21:18:45.134 25403 25403 I SKBD : and isTosAccept false
12-20 21:18:45.254 3834 3970 D SensorHubManager: onGetSensorHubDataLocked: library(4) = 1, 1, 7, -1
12-20 21:18:45.256 3834 3971 D CAE : onGetSensorHubData(SensorHubParserProvider.java:91) - onGetSensorHubData Event [event buffer len :4], AP_WAKEUP
12-20 21:18:45.258 3834 3971 I CAE : parse(SensorHubParserProvider.java:192) - buffer size = 4
12-20 21:18:45.259 3834 3971 I CAE : parse(SensorHubParserProvider.java:203) - 1, 1, 7, -1,
12-20 21:18:45.262 3834 3971 D CAE : display(ContextProvider.java:375) - ================= AUTO_ROTATION =================
12-20 21:18:45.264 3834 3971 I CAE : display(ContextProvider.java:391) - Angle=[-1]
12-20 21:18:45.266 3834 3976 D SemContextService: Service.updateContext() : service = Auto Rotation
12-20 21:18:45.268 3834 3861 D SemContextManager: onSemContextChanged() : event = Auto Rotation Angle : -1
12-20 21:18:45.268 3834 3861 D SemContextManager: AutoRotationEvent : Angle = -1
12-20 21:18:45.268 3834 3861 V WindowOrientationListener: OrientationSensorJudge.onSemContextChanged, Rotation: -1
12-20 21:18:45.317 3834 3970 D SensorHubManager: onGetSensorHubDataLocked: library(4) = 1, 1, 7, 0
12-20 21:18:45.319 3834 3971 D CAE : onGetSensorHubData(SensorHubParserProvider.java:91) - onGetSensorHubData Event [event buffer len :4], AP_WAKEUP
12-20 21:18:45.319 3834 3971 I CAE : parse(SensorHubParserProvider.java:192) - buffer size = 4
12-20 21:18:45.320 3834 3971 I CAE : parse(SensorHubParserProvider.java:203) - 1, 1, 7, 0,
12-20 21:18:45.322 3834 3971 D CAE : display(ContextProvider.java:375) - ================= AUTO_ROTATION =================
12-20 21:18:45.323 3834 3971 I CAE : display(ContextProvider.java:391) - Angle=[0]
12-20 21:18:45.325 3834 3976 D SemContextService: Service.updateContext() : service = Auto Rotation
12-20 21:18:45.326 3834 3861 D SemContextManager: onSemContextChanged() : event = Auto Rotation Angle : 0
12-20 21:18:45.327 3834 3861 D SemContextManager: AutoRotationEvent : Angle = 0
12-20 21:18:45.327 3834 3861 V WindowOrientationListener: OrientationSensorJudge.onSemContextChanged, Rotation: 0
12-20 21:18:45.334 3834 3861 V WindowOrientationListener: getProposedRotation :0
12-20 21:18:45.335 25403 25403 I SKBD : and isTosAccept false
12-20 21:18:45.335 3834 3861 V WindowManager: rotationForOrientationLw(orient=5, last=0); user=0 sensorRotation=0 mLidState=-1 mDockMode=0 mHdmiPlugged=false
12-20 21:18:45.444 3834 3970 D SensorHubManager: onGetSensorHubDataLocked: library(4) = 1, 1, 7, -1
12-20 21:18:45.446 3834 3971 D CAE : onGetSensorHubData(SensorHubParserProvider.java:91) - onGetSensorHubData Event [event buffer len :4], AP_WAKEUP
12-20 21:18:45.447 3834 3971 I CAE : parse(SensorHubParserProvider.java:192) - buffer size = 4
12-20 21:18:45.448 3834 3971 I CAE : parse(SensorHubParserProvider.java:203) - 1, 1, 7, -1,
12-20 21:18:45.450 3834 3971 D CAE : display(ContextProvider.java:375) - ================= AUTO_ROTATION =================
12-20 21:18:45.452 3834 3971 I CAE : display(ContextProvider.java:391) - Angle=[-1]
12-20 21:18:45.454 3834 3976 D SemContextService: Service.updateContext() : service = Auto Rotation
12-20 21:18:45.456 3834 3861 D SemContextManager: onSemContextChanged() : event = Auto Rotation Angle : -1
12-20 21:18:45.456 3834 3861 D SemContextManager: AutoRotationEvent : Angle = -1
12-20 21:18:45.457 3834 3861 V WindowOrientationListener: OrientationSensorJudge.onSemContextChanged, Rotation: -1
12-20 21:18:45.535 25403 25403 I SKBD : and isTosAccept false
12-20 21:18:45.571 3834 3970 D SensorHubManager: onGetSensorHubDataLocked: library(4) = 1, 1, 7, 0
12-20 21:18:45.573 3834 3971 D CAE : onGetSensorHubData(SensorHubParserProvider.java:91) - onGetSensorHubData Event [event buffer len :4], AP_WAKEUP
12-20 21:18:45.574 3834 3971 I CAE : parse(SensorHubParserProvider.java:192) - buffer size = 4
12-20 21:18:45.575 3834 3971 I CAE : parse(SensorHubParserProvider.java:203) - 1, 1, 7, 0,
12-20 21:18:45.577 3834 3971 D CAE : display(ContextProvider.java:375) - ================= AUTO_ROTATION =================
12-20 21:18:45.579 3834 3971 I CAE : display(ContextProvider.java:391) - Angle=[0]
12-20 21:18:45.582 3834 3976 D SemContextService: Service.updateContext() : service = Auto Rotation
12-20 21:18:45.582 3834 3861 D SemContextManager: onSemContextChanged() : event = Auto Rotation Angle : 0
12-20 21:18:45.583 3834 3861 D SemContextManager: AutoRotationEvent : Angle = 0
12-20 21:18:45.583 3834 3861 V WindowOrientationListener: OrientationSensorJudge.onSemContextChanged, Rotation: 0
12-20 21:18:45.590 3834 3861 V WindowOrientationListener: getProposedRotation :0
12-20 21:18:45.590 3834 3861 V WindowManager: rotationForOrientationLw(orient=5, last=0); user=0 sensorRotation=0 mLidState=-1 mDockMode=0 mHdmiPlugged=false
12-20 21:18:45.689 17977 17977 V MediaPlayer-JNI: getCurrentPosition: 223927 (msec)
12-20 21:18:45.690 17977 17977 V MediaPlayerNative: getDuration_l
12-20 21:18:45.690 3518 11436 V MediaPlayerService: getDuration
12-20 21:18:45.691 3518 11436 V MediaPlayerService: [3701] getDuration = 240800
12-20 21:18:45.691 17977 17977 V MediaPlayer-JNI: getDuration: 240800 (msec)
12-20 21:18:45.694 17977 17977 V MediaPlayer-JNI: getCurrentPosition: 223927 (msec)
12-20 21:18:45.694 17977 17977 V MediaPlayerNative: getDuration_l
12-20 21:18:45.695 3518 11436 V MediaPlayerService: getDuration
12-20 21:18:45.695 3518 11436 V MediaPlayerService: [3701] getDuration = 240800
12-20 21:18:45.695 17977 17977 V MediaPlayer-JNI: getDuration: 240800 (msec)
12-20 21:18:45.736 25403 25403 I SKBD : and isTosAccept false
12-20 21:18:45.762 3834 3970 D SensorHubManager: onGetSensorHubDataLocked: library(4) = 1, 1, 7, -1
12-20 21:18:45.764 3834 3971 D CAE : onGetSensorHubData(SensorHubParserProvider.java:91) - onGetSensorHubData Event [event buffer len :4], AP_WAKEUP
12-20 21:18:45.765 3834 3971 I CAE : parse(SensorHubParserProvider.java:192) - buffer size = 4
12-20 21:18:45.766 3834 3971 I CAE : parse(SensorHubParserProvider.java:203) - 1, 1, 7, -1,
12-20 21:18:45.768 3834 3971 D CAE : display(ContextProvider.java:375) - ================= AUTO_ROTATION =================
12-20 21:18:45.770 3834 3971 I CAE : display(ContextProvider.java:391) - Angle=[-1]
12-20 21:18:45.772 3834 3976 D SemContextService: Service.updateContext() : service = Auto Rotation
12-20 21:18:45.774 3834 3861 D SemContextManager: onSemContextChanged() : event = Auto Rotation Angle : -1
12-20 21:18:45.775 3834 3861 D SemContextManager: AutoRotationEvent : Angle = -1
12-20 21:18:45.775 3834 3861 V WindowOrientationListener: OrientationSensorJudge.onSemContextChanged, Rotation: -1
12-20 21:18:45.790 3834 3995 D InputReader: Input event(4): value=1 when=3025074.528752
12-20 21:18:45.790 3834 3995 D InputReader: Input event(4): value=1 when=3025074.528752
12-20 21:18:45.790 3834 3995 I InputReader: Touch event's action is 0x0 (deviceType=0) [pCnt=1, s=0.33562 ] when=3025074.528752
12-20 21:18:45.792 3834 3994 I InputDispatcher: Delivering touch to (2718): action: 0x4, displayId: 0, 'c822abd', toolType: 1
12-20 21:18:45.793 3834 3994 I InputDispatcher: Delivering touch to (2718): action: 0x4, displayId: 0, '4d1f43f', toolType: 1
12-20 21:18:45.793 3834 3994 I InputDispatcher: Delivering touch to (25217): action: 0x0, displayId: 0, 'f0c3414', toolType: 1
12-20 21:18:45.793 3834 3994 I InputDispatcher: Delivering touch to (2718): action: 0x0, displayId: 0, 'fd2d2ae', toolType: 1
12-20 21:18:45.794 25217 25217 D ViewRootImpl@7baba6f[LauncherActivity]: ViewPostIme pointer 0
12-20 21:18:45.796 25217 25217 I System.out: Rect(0, 0 - 1080, 269)
12-20 21:18:45.796 25217 25217 D PagedView: reset touch state case 1
12-20 21:18:45.797 25217 25217 E ProActiveLaunch: Sending Broadcast
12-20 21:18:45.800 3834 4117 D ActivityManager: Checking for the Active launch isPkgEverLaunched :true, isPkgStopped : false, isDataCleared :false, isAutoRunBlocked : false
12-20 21:18:45.800 3834 4117 W ContextImpl: Calling a method in the system process without a qualified user: android.app.ContextImpl.startActivity:961 com.android.server.am.ActivityManagerService$ActiveLaunchReceiver.onReceive:19144 android.app.LoadedApk$ReceiverDispatcher$Args.lambda$getRunnable$0:1483 android.app.-$$Lambda$LoadedApk$ReceiverDispatcher$Args$_BumDX2UKsnxLVrE6UJsJZkotuA.run:2 android.os.Handler.handleCallback:873
12-20 21:18:45.802 3834 4117 E ActivityManager: TouchDown intent received, starting ActiveLaunch
12-20 21:18:45.804 3834 4117 D StorageManagerService: getExternalStorageMountMode : 1
12-20 21:18:45.804 3834 4117 D StorageManagerService: getExternalStorageMountMode : 3
12-20 21:18:45.804 3834 4117 D StorageManagerService: getExternalStorageMountMode : final mountMode=1, uid : 10284, packageName : org.qtproject.example.camera
12-20 21:18:45.807 3834 4117 I ApplicationPolicy: isApplicationExternalStorageWhitelisted:org.qtproject.example.camera user:0
12-20 21:18:45.807 3834 4117 D ApplicationPolicy: isApplicationExternalStorageWhitelisted: DO is not enabled on user 0. Allowed.
12-20 21:18:45.807 3834 4117 D ActivityManager: package org.qtproject.example.camera, user - 0 is SDcard whitelisted
12-20 21:18:45.807 3834 4117 I ApplicationPolicy: isApplicationExternalStorageBlacklisted:org.qtproject.example.camera user:0
12-20 21:18:45.807 3834 4117 D ApplicationPolicy: isApplicationExternalStorageBlacklisted: DO is not enabled on user 0. Allowed.
12-20 21:18:45.807 3834 4117 I ApplicationPolicy: isApplicationExternalStorageBlacklisted:org.qtproject.example.camera user:0
12-20 21:18:45.808 3834 4117 D ApplicationPolicy: isApplicationExternalStorageBlacklisted: DO is not enabled on user 0. Allowed.
12-20 21:18:45.808 3834 4117 D ActivityManager: starting Active launch
12-20 21:18:45.825 3834 3862 I ActivityManager: Start proc 13935:org.qtproject.example.camera/u0a284 for activelaunch org.qtproject.example.camera/org.qtproject.qt.android.bindings.QtActivity
12-20 21:18:45.825 13935 13935 E Zygote : isWhitelistProcess - Process is Whitelisted
12-20 21:18:45.827 13935 13935 E Zygote : accessInfo : 1
12-20 21:18:45.835 3834 3995 D InputReader: Input event(4): value=0 when=3025074.573768
12-20 21:18:45.835 3834 3995 D InputReader: Input event(4): value=0 when=3025074.573768
12-20 21:18:45.835 3834 3995 I InputReader: Touch event's action is 0x1 (deviceType=0) [pCnt=1, s=] when=3025074.573768
12-20 21:18:45.835 3834 3994 I InputDispatcher: Delivering touch to (25217): action: 0x1, displayId: 0, 'f0c3414', toolType: 1
12-20 21:18:45.835 3834 3994 I InputDispatcher: Delivering touch to (2718): action: 0x1, displayId: 0, 'fd2d2ae', toolType: 1
12-20 21:18:45.835 13935 13935 I .example.camer: Late-enabling -Xcheck:jni
12-20 21:18:45.836 25217 25217 D ViewRootImpl@7baba6f[LauncherActivity]: ViewPostIme pointer 1
12-20 21:18:45.837 25217 25217 D PagedView: resetTouchState()
12-20 21:18:45.840 25217 25276 D SamsungAnalytics201007: user do not agree
12-20 21:18:45.840 25217 25276 I SAPrinter: sendEvent :{cd=det3packageNameorg.qtproject.example.camera, t=ev, en=1001, pn=201, ts=1703103525840}
12-20 21:18:45.845 25217 25217 D ActivityOptions: makeRemoteAnimation, duration=350, runner=com.android.systemui.shared.system.RemoteAnimationAdapterCompat$1@ef6a3e0, caller=com.android.systemui.shared.system.ActivityOptionsCompat.makeRemoteAnimation:56 com.android.launcher3.quickstep.LauncherAppTransitionManagerImpl.getActivityLaunchOptions:327 com.android.launcher3.quickstep.LauncherAppTransitionManagerImpl.getActivityLaunchOptions:222
12-20 21:18:45.847 3834 5420 D CustomFrequencyManagerService: acquireDVFSLockLocked : type : DVFS_MIN_LIMIT frequency : 2314000 uid : 1000 pid : 3834 pkgName : APP_LAUNCH@CPU_MIN@8
12-20 21:18:45.853 3834 5420 I ActivityManager: START u0 {act=android.intent.action.MAIN typ=null flg=0x10200000 cmp=ComponentInfo{org.qtproject.example.camera/org.qtproject.qt.android.bindings.QtActivity}} from uid 10086
12-20 21:18:45.861 3834 5420 D CustomFrequencyManagerService: acquireDVFSLockLocked : type : DVFS_MIN_LIMIT frequency : 2314000 uid : 1000 pid : 3834 pkgName : AMS_APP_SWITCH@CPU_MIN@37
12-20 21:18:45.861 3834 5420 D ActivityManagerPerformance: AMP_acquire() APP_SWITCH
12-20 21:18:45.861 3834 5420 W ActivityManager: Launch on display check: display not found
12-20 21:18:45.861 3834 5420 I ActivityManager: [IOP] sourceDir : /data/app/org.qtproject.example.camera-cyxHU0wLEeSDSe8UgTMRhg== in ActivityStacksupervisor
12-20 21:18:45.862 3303 3303 I SurfaceFlinger: id=60167 createSurf (5920x5920),2 flag=4, Stack=1493#0
12-20 21:18:45.863 3303 3303 I SurfaceFlinger: id=60168 createSurf (5920x5920),-1 flag=20004, animation background stackId=1493#0
12-20 21:18:45.865 3834 5420 W ActivityManager: Launch on display check: display not found
12-20 21:18:45.865 3303 3303 I SurfaceFlinger: id=60169 createSurf (5920x5920),2 flag=4, Task=18078#0
12-20 21:18:45.868 3303 3303 I SurfaceFlinger: id=60170 createSurf (5920x5920),2 flag=4, AppWindowToken{e9a3c45 token=Token{881c4bc ActivityRecord{b1ed8af u0 org.qtproject.example.camera/org.qtproject.qt.android.bindings.QtActivity t18078}}}#0
12-20 21:18:45.869 3834 5420 D ActivityManager: [PIP] Update supportsEnterPipOnTaskSwitch(startActivityLocked
12-20 21:18:45.874 3834 3834 D CS_HdrController: updateMultiWindowState : 0
12-20 21:18:45.874 3834 3834 D GameManagerService: MultiWindowEventListener.onFocusStackChanged(), state=0, top=ComponentInfo{org.qtproject.example.camera/org.qtproject.qt.android.bindings.QtActivity}
12-20 21:18:45.875 3834 3834 D MdnieScenarioControlService: MultiWindowState : false
12-20 21:18:45.876 3834 3930 I DecorView: createDecorCaptionView >> DecorView@c0470a8[camera], isFloating: false, isApplication: false, hasWindowDecorCaption: false, hasWindowControllerCallback: false
12-20 21:18:45.876 25217 25217 V Launcher: Launcher.onPause()
12-20 21:18:45.890 4456 4456 D HidDeviceService: handleMessage(): msg.what=8
12-20 21:18:45.891 4456 4456 D HidDeviceService: unregisterAppUid(): uid=10284
12-20 21:18:45.891 4456 4456 D HidDeviceService: unregisterAppUid(): caller UID doesn't match user UID
12-20 21:18:45.892 3834 5420 V ActivityManager: Scheduling idle now: forceIdle=trueimmediate=true
12-20 21:18:45.893 29103 29103 I dolh : onPause
12-20 21:18:45.893 29103 29103 I dolh : onStop
12-20 21:18:45.894 2674 6746 I ReactNativeJNI: Memory warning (pressure level: TRIM_MEMORY_COMPLETE) received by JS VM, running a GC
12-20 21:18:45.894 3834 3834 D Telecom:SamsungPrebindingServiceImpl: onTopActivityChanged : ComponentInfo{org.qtproject.example.camera/org.qtproject.qt.android.bindings.QtActivity}
12-20 21:18:45.899 3834 5420 I ActivityManager: DSS on for org.qtproject.example.camera and scale is 1.0
12-20 21:18:45.901 3834 6249 V WindowManager: Relayout Window{f0c3414 u0 com.sec.android.app.launcher/com.sec.android.app.launcher.activities.LauncherActivity}: viewVisibility=0 req=1080x2220 {(0,0)(fillxfill) sim={adjust=nothing} layoutInDisplayCutoutMode=always ty=BASE_APPLICATION fmt=TRANSPARENT wanim=0x10302ec
12-20 21:18:45.901 3834 6249 V WindowManager: fl=DIM_BEHIND LAYOUT_IN_SCREEN FULLSCREEN FORCE_NOT_FULLSCREEN LAYOUT_INSET_DECOR SHOW_WALLPAPER SPLIT_TOUCH HARDWARE_ACCELERATED DRAWS_SYSTEM_BAR_BACKGROUNDS
12-20 21:18:45.901 3834 6249 V WindowManager: pfl=FORCE_DRAW_STATUS_BAR_BACKGROUND
12-20 21:18:45.901 3834 6249 V WindowManager: vsysui=LAYOUT_STABLE LAYOUT_HIDE_NAVIGATION LAYOUT_FULLSCREEN dimDuration=409 naviIconColor=0
12-20 21:18:45.901 3834 6249 V WindowManager: sfl=CHANGE_DIM_EFFECT_TO_BLUR}
12-20 21:18:45.901 2718 2718 D SecStatusBarWifiView: updateState: WifiIconState(resId=2131232630, visible=true, activityId=2131232657)
12-20 21:18:45.904 2674 2674 I [MainApplication]: onTrimMemory: COMPLETE
12-20 21:18:45.904 3834 6249 V WindowOrientationListener: getProposedRotation :-1
12-20 21:18:45.904 3834 6249 V WindowManager: rotationForOrientationLw(orient=-1, last=0); user=0 sensorRotation=-1 mLidState=-1 mDockMode=0 mHdmiPlugged=false
12-20 21:18:45.905 3834 3930 D InputTransport: Input channel constructed: fd=505
12-20 21:18:45.905 3834 3930 D InputTransport: Input channel constructed: fd=594
12-20 21:18:45.905 25217 25217 D ViewRootImpl@7baba6f[LauncherActivity]: Relayout returned: old=[0,0][1080,2220] new=[0,0][1080,2220] result=0x1 surface={valid=true 528557670400} changed=false
12-20 21:18:45.906 3303 3303 I SurfaceFlinger: id=60171 createSurf (5920x5920),2 flag=4, e2bd584 Splash Screen org.qtproject.example.camera#0
12-20 21:18:45.907 3834 3930 D ViewRootImpl@5270f97[camera]: setView = DecorView@c0470a8[camera] TM=true MM=false
12-20 21:18:45.907 3834 3870 D PowerManagerService: [api] setScreenDimDurationOverrideFromWindowManagerInternal: timeoutMillis: -1
12-20 21:18:45.909 3834 3930 D ViewRootImpl@5270f97[camera]: dispatchAttachedToWindow
12-20 21:18:45.914 3834 3930 V WindowManager: Relayout Window{e2bd584 u0 Splash Screen org.qtproject.example.camera}: viewVisibility=0 req=1080x2220 {(0,0)(fillxfill) sim={adjust=pan} ty=APPLICATION_STARTING wanim=0x10302fe
12-20 21:18:45.914 3834 3930 V WindowManager: fl=NOT_FOCUSABLE NOT_TOUCHABLE LAYOUT_IN_SCREEN LAYOUT_INSET_DECOR ALT_FOCUSABLE_IM SPLIT_TOUCH HARDWARE_ACCELERATED DRAWS_SYSTEM_BAR_BACKGROUNDS
12-20 21:18:45.914 3834 3930 V WindowManager: pfl=FAKE_HARDWARE_ACCELERATED SHOW_FOR_ALL_USERS FORCE_DRAW_STATUS_BAR_BACKGROUND remains{ 0x1000000 }
12-20 21:18:45.914 3834 3930 V WindowManager: vsysui=LIGHT_NAVIGATION_BAR naviIconColor=0}
12-20 21:18:45.915 3834 3930 V WindowManager: Resize reasons for w=Window{e2bd584 u0 Splash Screen org.qtproject.example.camera}: contentInsetsChanged=false [0,72][0,144] visibleInsetsChanged=false [0,72][0,144] stableInsetsChanged=false [0,72][0,144] outsetsChanged=false [0,0][0,0] surfaceResized=false configChanged=true dragResizingChanged=false reportOrientationChanged=false displayCutoutChanged=false nextForceRelayoutToClient=false
12-20 21:18:45.917 3303 3303 I SurfaceFlinger: id=60172 createSurf (1080x2220),1 flag=404, Splash Screen org.qtproject.example.camera[13935]#0
12-20 21:18:45.917 3834 3930 D WindowManager: makeSurface duration=1 name=Splash Screen org.qtproject.example.camera[13935]
12-20 21:18:45.917 3834 3930 V WindowManager: Changing focus from Window{f0c3414 u0 com.sec.android.app.launcher/com.sec.android.app.launcher.activities.LauncherActivity} to null Callers=com.android.server.wm.WindowManagerService.relayoutWindow:2571 com.android.server.wm.Session.relayoutForTranslate:302 android.view.ViewRootImpl.relayoutWindow:7727 android.view.ViewRootImpl.performTraversals:2477
12-20 21:18:45.918 3834 3930 D InputDispatcher: Focus left window (25217): f0c3414 0
12-20 21:18:45.918 3834 3930 D ViewRootImpl@5270f97[camera]: Relayout returned: old=[0,0][1080,2220] new=[0,0][1080,2220] result=0x7 surface={valid=true 528879296512} changed=true
12-20 21:18:45.918 3834 3870 D WindowManager: reportFocusChangedSerialized, focused=false, inTouchMode=true, win=Window{f0c3414 u0 com.sec.android.app.launcher/com.sec.android.app.launcher.activities.LauncherActivity}
12-20 21:18:45.918 25217 25217 D ViewRootImpl@7baba6f[LauncherActivity]: MSG_WINDOW_FOCUS_CHANGED 0 1
12-20 21:18:45.918 25217 25217 D InputMethodManager: prepareNavigationBarInfo() DecorView@f8d095b[LauncherActivity]
12-20 21:18:45.918 25217 25217 D InputMethodManager: getNavigationBarColor() 0
12-20 21:18:45.919 3834 3930 D ViewRootImpl@5270f97[camera]: MSG_RESIZED: frame=Rect(0, 0 - 1080, 2220) ci=Rect(0, 72 - 0, 144) vi=Rect(0, 72 - 0, 144) or=1
12-20 21:18:45.920 3834 5420 V WindowOrientationListener: getProposedRotation :-1
12-20 21:18:45.920 3834 5420 V WindowManager: rotationForOrientationLw(orient=-1, last=0); user=0 sensorRotation=-1 mLidState=-1 mDockMode=0 mHdmiPlugged=false
12-20 21:18:45.924 3834 5420 D GamePkgDataHelper: notifyAppCreate(), pkgName: org.qtproject.example.camera, sendRet: true
12-20 21:18:45.924 3834 4113 D GamePkgDataHelper: getGamePkgData(). org.qtproject.example.camera
12-20 21:18:45.924 3834 4113 D GameManagerService: handleMessage(), MSG_APP_CREATE. ignore. pkgName: org.qtproject.example.camera
12-20 21:18:45.924 3834 5420 D InputDispatcher: Focused application set to: e9a3c45
12-20 21:18:45.925 3834 3834 D Telecom:SamsungPrebindingServiceImpl: onTopActivityChanged : ComponentInfo{org.qtproject.example.camera/org.qtproject.qt.android.bindings.QtActivity}
12-20 21:18:45.926 13171 13171 D MTPUSBConnection: on destroy
12-20 21:18:45.936 25403 25403 I SKBD : and isTosAccept false
12-20 21:18:45.931 3834 3834 I chatty : uid=1000 system_server identical 2 lines
12-20 21:18:45.933 3834 3834 D Telecom:SamsungPrebindingServiceImpl: onTopActivityChanged : ComponentInfo{org.qtproject.example.camera/org.qtproject.qt.android.bindings.QtActivity}
12-20 21:18:45.937 3834 5420 D GameManagerService: noteResumeComponent(), resumeComponent: org.qtproject.example.camera
12-20 21:18:45.937 3834 4113 D GameManagerService: handleForegroundChange(). pkgName: org.qtproject.example.camera, clsName: org.qtproject.qt.android.bindings.QtActivity,FgActivityName:org.qtproject.example.camera/org.qtproject.qt.android.bindings.QtActivity,userID:0
12-20 21:18:45.937 3834 4113 D GameManagerService: handleForegroundChange(). set mFgApp: org.qtproject.example.camera
12-20 21:18:45.937 3834 4113 D GameManagerService: notifyResumePause(). pkg: org.qtproject.example.camera, type: 4, isMinimized: false, isTunableApp: false
12-20 21:18:45.937 3834 4113 D GameManagerService: notifyResumePause(). do nothing. mKillNotiCount: 3
12-20 21:18:45.940 3834 5420 D GamePkgDataHelper: getSosPolicy(). org.qtproject.example.camera
12-20 21:18:45.940 3834 5420 D GameManagerService: identifyGamePackage. org.qtproject.example.camera, mCurrentUserId: 0, callerUserId: 0
12-20 21:18:45.940 3834 5420 D GamePkgDataHelper: getGamePkgData(). org.qtproject.example.camera
12-20 21:18:45.941 3834 5420 D MARsPolicyManager: onPackageResumedFG pkgName = org.qtproject.example.camera, userId = 0
12-20 21:18:45.942 3834 5246 D GamePkgDataHelper: getGamePkgDataIncServer(). org.qtproject.example.camera
12-20 21:18:45.942 3834 3930 D WindowManager: finishDrawingWindow: Window{e2bd584 u0 Splash Screen org.qtproject.example.camera} mDrawState=DRAW_PENDING
12-20 21:18:45.943 3834 5246 D GameManagerService: identifyGamePackage. null, mCurrentUserId: 0, callerUserId: 0
12-20 21:18:45.945 3834 3930 I WindowManager: commitFinishDrawingLocked: mDrawState=READY_TO_SHOW Surface(name=Splash Screen org.qtproject.example.camera[13935])/@0xbd0516d
12-20 21:18:45.947 3834 3930 I WindowManager: commitFinishDrawingLocked: mDrawState=READY_TO_SHOW Surface(name=Splash Screen org.qtproject.example.camera[13935])/@0xbd0516d
12-20 21:18:45.948 3834 3930 D RemoteAnimationController: createAnimationAdapter(): token=AppWindowToken{eb2f77b token=Token{424330a ActivityRecord{7d3f775 u0 com.sec.android.app.launcher/.activities.LauncherActivity t16722}}}
12-20 21:18:45.948 3834 3930 I WindowManager: Cancelling animation restarting=true, leash=null, surface=Surface(name=AppWindowToken{eb2f77b token=Token{424330a ActivityRecord{7d3f775 u0 com.sec.android.app.launcher/.activities.LauncherActivity t16722}}})/@0x9beede9, parent=Surface(name=Task=16722)/@0xdfe7a6e
12-20 21:18:45.948 3834 3930 I WindowManager: Reparenting to leash, surface=Surface(name=AppWindowToken{eb2f77b token=Token{424330a ActivityRecord{7d3f775 u0 com.sec.android.app.launcher/.activities.LauncherActivity t16722}}})/@0x9beede9
12-20 21:18:45.950 3303 3303 I SurfaceFlinger: id=60173 createSurf (5920x5920),2 flag=4, Surface(name=AppWindowToken{eb2f77b token=Token{424330a ActivityRecord{7d3f775 u0 com.sec.android.app.launcher/.activities.LauncherActivity t16722}}})/@0x9beede9 - animation-leash#0
12-20 21:18:45.950 3834 6249 D GamePkgDataHelper: getSosPolicy(). org.qtproject.example.camera
12-20 21:18:45.950 3834 3930 D SurfaceControl: reparent is called, sc=Surface(name=AppWindowToken{eb2f77b token=Token{424330a ActivityRecord{7d3f775 u0 com.sec.android.app.launcher/.activities.LauncherActivity t16722}}})/@0x9beede9, newParentHandle=android.os.BinderProxy@c165a8f, transaction=android.view.SurfaceControl$Transaction@c7e799c
12-20 21:18:45.950 3834 3930 D RemoteAnimationController: startAnimation
12-20 21:18:45.950 13171 13171 D ViewRootImpl@7166bf6[USBConnection]: dispatchDetachedFromWindow
12-20 21:18:45.951 3834 3930 D RemoteAnimationController: createAnimationAdapter(): token=AppWindowToken{e9a3c45 token=Token{881c4bc ActivityRecord{b1ed8af u0 org.qtproject.example.camera/org.qtproject.qt.android.bindings.QtActivity t18078}}}
12-20 21:18:45.951 3834 3930 I WindowManager: Cancelling animation restarting=true, leash=null, surface=Surface(name=AppWindowToken{e9a3c45 token=Token{881c4bc ActivityRecord{b1ed8af u0 org.qtproject.example.camera/org.qtproject.qt.android.bindings.QtActivity t18078}}})/@0xeb6511c, parent=Surface(name=Task=18078)/@0x7ff4125
12-20 21:18:45.951 3834 3930 I WindowManager: Reparenting to leash, surface=Surface(name=AppWindowToken{e9a3c45 token=Token{881c4bc ActivityRecord{b1ed8af u0 org.qtproject.example.camera/org.qtproject.qt.android.bindings.QtActivity t18078}}})/@0xeb6511c
12-20 21:18:45.951 3834 5420 D GameManagerService: identifyGamePackage. org.qtproject.example.camera, mCurrentUserId: 0, callerUserId: 0
12-20 21:18:45.951 3303 3303 I SurfaceFlinger: id=60174 createSurf (5920x5920),2 flag=4, Surface(name=AppWindowToken{e9a3c45 token=Token{881c4bc ActivityRecord{b1ed8af u0 org.qtproject.example.camera/org.qtproject.qt.android.bindings.QtActivity t18078}}})/@0xeb6511c - animation-leash#0
12-20 21:18:45.951 3834 5420 D GamePkgDataHelper: getGamePkgData(). org.qtproject.example.camera
12-20 21:18:45.951 13171 13171 D ViewRootImpl@7166bf6[USBConnection]: Surface release. android.view.ViewRootImpl.doDie:7976 android.view.ViewRootImpl.die:7944 android.view.WindowManagerGlobal.removeViewLocked:497 android.view.WindowManagerGlobal.removeView:435 android.view.WindowManagerImpl.removeViewImmediate:124 android.app.Dialog.dismissDialog:518 android.app.Dialog.dismiss:501 com.samsung.android.MtpApplication.USBConnection.onDestroy:81
12-20 21:18:45.952 3834 3930 D SurfaceControl: reparent is called, sc=Surface(name=AppWindowToken{e9a3c45 token=Token{881c4bc ActivityRecord{b1ed8af u0 org.qtproject.example.camera/org.qtproject.qt.android.bindings.QtActivity t18078}}})/@0xeb6511c, newParentHandle=android.os.BinderProxy@52632fa, transaction=android.view.SurfaceControl$Transaction@c2810ab
12-20 21:18:45.952 3834 3930 D RemoteAnimationController: startAnimation
12-20 21:18:45.952 3834 3930 V WindowManager: performShowLocked: mDrawState=HAS_DRAWN in Window{e2bd584 u0 Splash Screen org.qtproject.example.camera}
12-20 21:18:45.952 3834 3930 D RemoteAnimationController: createAnimationAdapter(): token=null
12-20 21:18:45.953 3834 3930 I WindowManager: Cancelling animation restarting=true, leash=null, surface=Surface(name=fd2d2ae com.android.systemui.ImageWallpaper)/@0x968376a, parent=Surface(name=WallpaperWindowToken{a4d18f4 token=android.os.Binder@e01c406})/@0xd0bf0af
12-20 21:18:45.953 3834 3930 I WindowManager: Reparenting to leash, surface=Surface(name=fd2d2ae com.android.systemui.ImageWallpaper)/@0x968376a
12-20 21:18:45.953 3303 3303 I SurfaceFlinger: id=60175 createSurf (5920x5920),2 flag=4, Surface(name=fd2d2ae com.android.systemui.ImageWallpaper)/@0x968376a - animation-leash#0
12-20 21:18:45.953 3834 3930 D SurfaceControl: reparent is called, sc=Surface(name=fd2d2ae com.android.systemui.ImageWallpaper)/@0x968376a, newParentHandle=android.os.BinderProxy@1656308, transaction=android.view.SurfaceControl$Transaction@428b941
12-20 21:18:45.953 3834 3930 D RemoteAnimationController: startAnimation
12-20 21:18:45.954 3834 3930 D RemoteAnimationController: goodToGo()
12-20 21:18:45.954 3834 3930 D RemoteAnimationController: createAnimations()
12-20 21:18:45.954 3834 3930 D RemoteAnimationController: Add token=null
12-20 21:18:45.954 3834 3930 D RemoteAnimationController: Add token=AppWindowToken{e9a3c45 token=Token{881c4bc ActivityRecord{b1ed8af u0 org.qtproject.example.camera/org.qtproject.qt.android.bindings.QtActivity t18078}}}
12-20 21:18:45.954 3834 3930 D RemoteAnimationController: Add token=AppWindowToken{eb2f77b token=Token{424330a ActivityRecord{7d3f775 u0 com.sec.android.app.launcher/.activities.LauncherActivity t16722}}}
12-20 21:18:45.954 3834 3861 D CodecSolution: isMaxAspectPackageEx: org.qtproject.example.camera : true(2)
12-20 21:18:45.954 4459 15889 D ForegroundUtils: could not check pending caller
12-20 21:18:45.956 3303 3996 D Layer : [AppWindowToken{e9a3c45 token=Token{881c4bc ActivityRecord{b1ed8af u0 org.qtproject.example.camera/org.qtproject.qt.android.bindings.QtActivity t18078}}}#0]::reparent oldParent:[Task=18078#0], newParent:[Surface(name=AppWindowToken{e9a3c45 token=Token{881c4bc ActivityRecord{b1ed8af u0 org.qtproject.example.camera/org.qtproject.qt.android.bindings.QtActivity t18078}}})/@0xeb6511c - animation-leash#0]
12-20 21:18:45.956 3520 3612 E IptablesRestoreController: [iptables debug]iptables-restore execute *filter
12-20 21:18:45.956 3520 3612 E IptablesRestoreController: -D fw_standby_uid -m owner --uid-owner 10284 -j DROP
12-20 21:18:45.956 3520 3612 E IptablesRestoreController: COMMIT
12-20 21:18:45.956 3303 3996 D Layer : [fd2d2ae com.android.systemui.ImageWallpaper#0]::reparent oldParent:[WallpaperWindowToken{a4d18f4 token=android.os.Binder@e01c406}#0], newParent:[Surface(name=fd2d2ae com.android.systemui.ImageWallpaper)/@0x968376a - animation-leash#0]
12-20 21:18:45.956 3303 3996 D Layer : [AppWindowToken{eb2f77b token=Token{424330a ActivityRecord{7d3f775 u0 com.sec.android.app.launcher/.activities.LauncherActivity t16722}}}#0]::reparent oldParent:[Task=16722#0], newParent:[Surface(name=AppWindowToken{eb2f77b token=Token{424330a ActivityRecord{7d3f775 u0 com.sec.android.app.launcher/.activities.LauncherActivity t16722}}})/@0x9beede9 - animation-leash#0]
12-20 21:18:45.957 4456 4456 D HidDeviceService: handleMessage(): msg.what=8
12-20 21:18:45.957 3301 7299 V APM_AudioPolicyManager: AudioPolicyManager:setRecordSilenced(uid:10284, silenced:0)
12-20 21:18:45.958 3834 3861 D WindowManager: setSystemUiVisibility: vis= 0x8718, fullscreenVis= 0x0, dockedVis= 0x0, win=Window{f0c3414 u0 com.sec.android.app.launcher/com.sec.android.app.launcher.activities.LauncherActivity}
12-20 21:18:45.959 2718 2718 D LightBarController: onNavigationVisibilityChanged : vis = 8718, nbModeChanged = false navigationBarMode = 4
12-20 21:18:45.961 3834 3930 D RemoteAnimationController: onAnimationStart(): RemoteAnimationController=com.android.server.wm.RemoteAnimationController@c87caa1
12-20 21:18:45.961 3834 5246 D GameManagerService: identifyGamePackage. org.qtproject.example.camera, mCurrentUserId: 0, callerUserId: 0
12-20 21:18:45.961 3834 5246 D GamePkgDataHelper: getGamePkgData(). org.qtproject.example.camera
12-20 21:18:45.961 3834 3930 D RemoteAnimationController: startAnimation(): Notify animation start:
12-20 21:18:45.961 3834 3930 I RemoteAnimationController: Starting remote animation
12-20 21:18:45.962 3834 3930 I RemoteAnimationController: token=null
12-20 21:18:45.962 3834 3930 I RemoteAnimationController: Target:
12-20 21:18:45.962 3834 3930 I RemoteAnimationController: mode=2 taskId=-1 isTranslucent=true clipRect=[0,0][0,0] contentInsets=[0,0][1140,0] prefixOrderIndex=4 position=[0,0] sourceContainerBounds=[0,0][1080,2220]
12-20 21:18:45.962 3834 3930 I RemoteAnimationController: windowConfiguration={ mBounds=Rect(0, 0 - 1080, 2220) mAppBounds=Rect(0, 0 - 1080, 2076) mWindowingMode=fullscreen mActivityType=undefined}
12-20 21:18:45.962 3834 3930 I RemoteAnimationController: leash=Surface(name=Surface(name=fd2d2ae com.android.systemui.ImageWallpaper)/@0x968376a - animation-leash)/@0xf1484c6
12-20 21:18:45.962 3834 3930 I RemoteAnimationController: token=AppWindowToken{e9a3c45 token=Token{881c4bc ActivityRecord{b1ed8af u0 org.qtproject.example.camera/org.qtproject.qt.android.bindings.QtActivity t18078}}}
12-20 21:18:45.962 3834 3930 I RemoteAnimationController: Target:
12-20 21:18:45.962 3834 3930 I RemoteAnimationController: mode=0 taskId=18078 isTranslucent=false clipRect=[0,0][1080,2220] contentInsets=[0,72][0,144] prefixOrderIndex=43 position=[0,0] sourceContainerBounds=[0,0][1080,2220]
12-20 21:18:45.962 3834 3930 I RemoteAnimationController: windowConfiguration={ mBounds=Rect(0, 0 - 1080, 2220) mAppBounds=Rect(0, 0 - 1080, 2076) mWindowingMode=fullscreen mActivityType=standard}
12-20 21:18:45.962 3834 3930 I RemoteAnimationController: leash=Surface(name=Surface(name=AppWindowToken{e9a3c45 token=Token{881c4bc ActivityRecord{b1ed8af u0 org.qtproject.example.camera/org.qtproject.qt.android.bindings.QtActivity t18078}}})/@0xeb6511c - animation-leash)/@0x3550c87
12-20 21:18:45.962 3834 3930 I RemoteAnimationController: token=AppWindowToken{eb2f77b token=Token{424330a ActivityRecord{7d3f775 u0 com.sec.android.app.launcher/.activities.LauncherActivity t16722}}}
12-20 21:18:45.962 3834 3930 I RemoteAnimationController: Target:
12-20 21:18:45.962 3834 3930 I RemoteAnimationController: mode=1 taskId=16722 isTranslucent=false clipRect=[0,0][1080,2220] contentInsets=[0,0][0,144] prefixOrderIndex=39 position=[0,0] sourceContainerBounds=[0,0][1080,2220]
12-20 21:18:45.962 3834 3930 I RemoteAnimationController: windowConfiguration={ mBounds=Rect(0, 0 - 1080, 2220) mAppBounds=Rect(0, 0 - 1080, 2076) mWindowingMode=fullscreen mActivityType=home}
12-20 21:18:45.962 3834 3930 I RemoteAnimationController: leash=Surface(name=Surface(name=AppWindowToken{eb2f77b token=Token{424330a ActivityRecord{7d3f775 u0 com.sec.android.app.launcher/.activities.LauncherActivity t16722}}})/@0x9beede9 - animation-leash)/@0xc71a7b4
12-20 21:18:45.962 25217 25217 I LauncherTransition: onCreateAnimation - APP IN
12-20 21:18:45.962 25217 25217 D LauncherTransition: drag layer alpha set to 1.0
12-20 21:18:45.964 25217 25217 I LauncherTransition: onAnimationStart - APP IN
12-20 21:18:45.964 25217 25217 I LauncherTransition: BasicAnimationType=HighEnd duration=350
12-20 21:18:45.964 3834 5420 V WindowManager: Remove Window{2fa7630 u0 com.samsung.android.MtpApplication/com.samsung.android.MtpApplication.USBConnection}: mSurfaceController=null mAnimatingExit=false mRemoveOnExit=false mHasSurface=false surfaceShowing=false isAnimationSet=false app-animation=false mWillReplaceWindow=false inPendingTransaction=false mDisplayFrozen=false callers=com.android.server.wm.WindowState.removeIfPossible:2751 com.android.server.wm.WindowManagerService.removeWindow:1980 com.android.server.wm.Session.remove:268 android.view.IWindowSession$Stub.onTransact:347 com.android.server.wm.Session.onTransact:186 android.os.Binder.execTransact:739
12-20 21:18:45.966 3303 3323 I SurfaceFlinger: id=60139 Removed 2fa7630 com.samsung.android.MtpApplication/com.samsung.android.MtpApplication.USBConnection#0 (1/82)
12-20 21:18:45.967 3834 5420 D InputTransport: Input channel destroyed: fd=501
12-20 21:18:45.967 3834 5303 D SamsungPhoneWindowManager: adjustSystemUiVisibilityLw: vis=0x8718
12-20 21:18:45.967 3834 5303 D InputManager-JNI: setSystemUiVisibility dexmode: false changed: true displayid: 0 visibility: 0x8718 DD: 0x8718 OD: 0x0
12-20 21:18:45.968 13171 13171 D InputTransport: Input channel destroyed: fd=73
12-20 21:18:45.968 13171 13171 D ViewRootImpl@84524cd[USBConnection]: dispatchDetachedFromWindow
12-20 21:18:45.972 13171 13171 D ViewRootImpl@84524cd[USBConnection]: Surface release. android.view.ViewRootImpl.doDie:7976 android.view.ViewRootImpl.die:7944 android.view.WindowManagerGlobal.removeViewLocked:497 android.view.WindowManagerGlobal.removeView:435 android.view.WindowManagerImpl.removeViewImmediate:124 android.app.ActivityThread.handleDestroyActivity:4753 android.app.servertransaction.DestroyActivityItem.execute:39 android.app.servertransaction.TransactionExecutor.executeLifecycleState:145
12-20 21:18:45.973 3303 3303 I Layer : id=60139 onRemoved 2fa7630 com.samsung.android.MtpApplication/com.samsung.android.MtpApplication.USBConnection#0
12-20 21:18:45.973 3834 5303 V WindowManager: Remove Window{20f702e u0 com.samsung.android.MtpApplication/com.samsung.android.MtpApplication.USBConnection}: mSurfaceController=null mAnimatingExit=false mRemoveOnExit=false mHasSurface=false surfaceShowing=false isAnimationSet=false app-animation=false mWillReplaceWindow=false inPendingTransaction=false mDisplayFrozen=false callers=com.android.server.wm.WindowState.removeIfPossible:2751 com.android.server.wm.WindowManagerService.removeWindow:1980 com.android.server.wm.Session.remove:268 android.view.IWindowSession$Stub.onTransact:347 com.android.server.wm.Session.onTransact:186 android.os.Binder.execTransact:739
12-20 21:18:45.973 25217 25217 D DragLayer: setAlpha : 0.983307 visibility : 0
12-20 21:18:45.974 25217 25217 D DragLayer: DragLayer dispatchDraw, mIsNaviBarPositionChanged = false, mWillOrientationChange = false
12-20 21:18:45.975 3520 3612 E IptablesRestoreController: [iptables debug]iptables-restore execute done *filter
12-20 21:18:45.975 3520 3612 E IptablesRestoreController: -D fw_standby_uid -m owner --uid-owner 10284 -j DROP
12-20 21:18:45.975 3520 3612 E IptablesRestoreController: COMMIT
12-20 21:18:45.975 3520 3612 E IptablesRestoreController: , res : 0
12-20 21:18:45.980 3303 4527 I SurfaceFlinger: id=60140 Removed 20f702e com.samsung.android.MtpApplication/com.samsung.android.MtpApplication.USBConnection#0 (0/81)
12-20 21:18:45.981 3834 5303 D InputTransport: Input channel destroyed: fd=516
12-20 21:18:45.982 13171 13171 D InputTransport: Input channel destroyed: fd=74
12-20 21:18:45.983 13171 13171 D MTPUSBConnection: dismiss dialog.
12-20 21:18:45.985 3834 5303 I WindowManager: Cancelling animation restarting=false, leash=null, surface=Surface(name=AppWindowToken{9032b7e token=Token{5b27939 ActivityRecord{959cd00 u0 com.samsung.android.MtpApplication/.USBConnection t18077}}})/@0x80c8b38, parent=Surface(name=Task=18077)/@0x5128711
12-20 21:18:45.988 3303 5935 I SurfaceFlinger: id=60137 Removed Task=18077#0 (1/80)
12-20 21:18:45.988 3303 5935 W SurfaceFlinger: Attempting to destroy on removed layer: AppWindowToken{9032b7e token=Token{5b27939 ActivityRecord{959cd00 u0 com.samsung.android.MtpApplication/.USBConnection t18077}}}#0
12-20 21:18:45.989 3303 3303 I Layer : id=60140 onRemoved 20f702e com.samsung.android.MtpApplication/com.samsung.android.MtpApplication.USBConnection#0
12-20 21:18:45.989 3303 3303 I Layer : id=60137 onRemoved Task=18077#0
12-20 21:18:45.990 3303 3303 I Layer : id=60138 onRemoved AppWindowToken{9032b7e token=Token{5b27939 ActivityRecord{959cd00 u0 com.samsung.android.MtpApplication/.USBConnection t18077}}}#0
12-20 21:18:45.990 3303 5935 I SurfaceFlinger: id=60136 Removed animation background stackId=1492#0 (0/78)
12-20 21:18:45.990 25217 25217 D DragLayer: setAlpha : 0.9519363 visibility : 0
12-20 21:18:45.991 3303 4527 I SurfaceFlinger: id=60135 Removed Stack=1492#0 (3/77)
12-20 21:18:46.007 25217 25217 D DragLayer: setAlpha : 0.89556193 visibility : 0
12-20 21:18:46.007 3303 3303 I SurfaceFlinger: Display 0 HWC layers:
12-20 21:18:46.007 3303 3303 I SurfaceFlinger: type | handle | flag | format | source crop (l,t,r,b) | frame | name
12-20 21:18:46.007 3303 3303 I SurfaceFlinger: ------------+--------------+------+-----------+----------------------------+---------------------+------
12-20 21:18:46.007 3303 3303 I SurfaceFlinger: Client | 0x7db6054f20 | 0002 | RGBA_8888 | 570.0 0.0 1650.0 2220.0 | 0 0 1080 2220 | com.android.systemui.ImageWallpaper[2718]#0
12-20 21:18:46.007 3303 3303 I SurfaceFlinger: Client | 0x7db5a4af80 | 0000 | RGBA_8888 | 0.0 0.0 1080.0 2220.0 | 0 0 1080 2220 | com.sec.android.app.launcher/com.sec[...]ies.LauncherActivity[25217]#0 (Blur)
12-20 21:18:46.007 3303 3303 I SurfaceFlinger: Device | 0x7db5a4aa40 | 0002 | RGBA_8888 | 0.0 1.0 1080.0 2220.0 | 289 295 613 961 | Splash Screen org.qtproject.example.camera[13935]#0
12-20 21:18:46.007 3303 3303 I SurfaceFlinger: Device | 0x7db5a4a260 | 0000 | RGBA_8888 | 0.0 0.0 1080.0 72.0 | 0 0 1080 72 | StatusBar[2718]#0
12-20 21:18:46.007 3303 3303 I SurfaceFlinger: Device | 0x7db5a4a6c0 | 0000 | RGBA_8888 | 0.0 0.0 1080.0 144.0 | 0 2076 1080 2220 | NavigationBar[2718]#0
12-20 21:18:46.007 3303 3303 I SurfaceFlinger:
12-20 21:18:46.008 3303 3303 I Layer : id=60135 onRemoved Stack=1492#0
12-20 21:18:46.008 3303 3303 I Layer : id=60136 onRemoved animation background stackId=1492#0
12-20 21:18:46.024 25217 25217 D DragLayer: setAlpha : 0.8166034 visibility : 0
12-20 21:18:46.034 16792 16792 D ViewRootImpl@f2ef0e7[Settings]: dispatchDetachedFromWindow
12-20 21:18:46.035 16792 16792 D ViewRootImpl@f2ef0e7[Settings]: Surface release. android.view.ViewRootImpl.doDie:7976 android.view.ViewRootImpl.die:7944 android.view.WindowManagerGlobal.removeViewLocked:497 android.view.WindowManagerGlobal.removeView:435 android.view.WindowManagerImpl.removeViewImmediate:124 android.app.ActivityThread.handleDestroyActivity:4753 android.app.servertransaction.DestroyActivityItem.execute:39 android.app.servertransaction.TransactionExecutor.executeLifecycleState:145
12-20 21:18:46.036 25217 29447 D RecentsTaskLoadPlan: lastReportedWindowingMode is not exist.
12-20 21:18:46.037 3834 5303 V WindowManager: Remove Window{a9d345b u0 com.android.settings/com.android.settings.Settings}: mSurfaceController=null mAnimatingExit=false mRemoveOnExit=false mHasSurface=false surfaceShowing=false isAnimationSet=false app-animation=false mWillReplaceWindow=false inPendingTransaction=false mDisplayFrozen=false callers=com.android.server.wm.WindowState.removeIfPossible:2751 com.android.server.wm.WindowManagerService.removeWindow:1980 com.android.server.wm.Session.remove:268 android.view.IWindowSession$Stub.onTransact:347 com.android.server.wm.Session.onTransact:186 android.os.Binder.execTransact:739
12-20 21:18:46.038 25217 29447 D RecentsTaskLoadPlan: lastReportedWindowingMode is not exist.
12-20 21:18:46.039 3303 5935 I SurfaceFlinger: id=59918 Removed a9d345b com.android.settings/com.android.settings.Settings#0 (0/76)
12-20 21:18:46.039 3303 3303 I Layer : id=59918 onRemoved a9d345b com.android.settings/com.android.settings.Settings#0
12-20 21:18:46.039 13935 13951 D vndksupport: Loading /vendor/lib64/egl/libGLES_mali.so from current namespace instead of sphal namespace.
12-20 21:18:46.040 3834 5303 D InputTransport: Input channel destroyed: fd=667
12-20 21:18:46.041 25217 29447 D RecentsTaskLoadPlan: lastReportedWindowingMode is not exist.
12-20 21:18:46.041 16792 16792 D InputTransport: Input channel destroyed: fd=68
12-20 21:18:46.042 25217 29447 D RecentsTaskLoadPlan: lastReportedWindowingMode is not exist.
12-20 21:18:46.043 3834 5303 I WindowManager: Cancelling animation restarting=false, leash=null, surface=Surface(name=AppWindowToken{46398b2 token=Token{9904abd ActivityRecord{f95a214 u0 com.android.settings/.Settings t18072}}})/@0x9e09f29, parent=Surface(name=Task=18072)/@0x7d872ae
12-20 21:18:46.044 25217 25217 D DragLayer: setAlpha : 0.7255535 visibility : 0
12-20 21:18:46.057 25217 25217 D DragLayer: setAlpha : 0.619743 visibility : 0
12-20 21:18:46.059 3303 5935 I SurfaceFlinger: id=59912 Removed AppWindowToken{46398b2 token=Token{9904abd ActivityRecord{f95a214 u0 com.android.settings/.Settings t18072}}}#0 (0/75)
12-20 21:18:46.062 13935 13951 D libEGL : loaded /vendor/lib64/egl/libGLES_mali.so
12-20 21:18:46.069 16792 16792 D ViewRootImpl@bc8fcde[Settings$ManageApplicationsActivity]: dispatchDetachedFromWindow
12-20 21:18:46.071 16792 16792 D ViewRootImpl@bc8fcde[Settings$ManageApplicationsActivity]: Surface release. android.view.ViewRootImpl.doDie:7976 android.view.ViewRootImpl.die:7944 android.view.WindowManagerGlobal.removeViewLocked:497 android.view.WindowManagerGlobal.removeView:435 android.view.WindowManagerImpl.removeViewImmediate:124 android.app.ActivityThread.handleDestroyActivity:4753 android.app.servertransaction.DestroyActivityItem.execute:39 android.app.servertransaction.TransactionExecutor.executeLifecycleState:145
12-20 21:18:46.072 3834 5303 V WindowManager: Remove Window{2d48272 u0 com.android.settings/com.android.settings.Settings$ManageApplicationsActivity}: mSurfaceController=null mAnimatingExit=false mRemoveOnExit=false mHasSurface=false surfaceShowing=false isAnimationSet=false app-animation=false mWillReplaceWindow=false inPendingTransaction=false mDisplayFrozen=false callers=com.android.server.wm.WindowState.removeIfPossible:2751 com.android.server.wm.WindowManagerService.removeWindow:1980 com.android.server.wm.Session.remove:268 android.view.IWindowSession$Stub.onTransact:347 com.android.server.wm.Session.onTransact:186 android.os.Binder.execTransact:739
12-20 21:18:46.073 3303 3303 I Layer : id=59912 onRemoved AppWindowToken{46398b2 token=Token{9904abd ActivityRecord{f95a214 u0 com.android.settings/.Settings t18072}}}#0
12-20 21:18:46.074 25217 25217 D DragLayer: setAlpha : 0.51490813 visibility : 0
12-20 21:18:46.074 3303 4527 I SurfaceFlinger: id=59922 Removed 2d48272 com.android.settings/com.android.settings.Settings$ManageApplicationsActivity#0 (0/74)
12-20 21:18:46.075 3834 5303 D InputTransport: Input channel destroyed: fd=662
12-20 21:18:46.075 16792 16792 D InputTransport: Input channel destroyed: fd=103
12-20 21:18:46.077 3834 5303 I WindowManager: Cancelling animation restarting=false, leash=null, surface=Surface(name=AppWindowToken{a1b32d3 token=Token{55564c2 ActivityRecord{6d87d0d u0 com.android.settings/.Settings$ManageApplicationsActivity t18072}}})/@0x85d85ed, parent=Surface(name=Task=18072)/@0x7d872ae
12-20 21:18:46.077 13935 13935 W System : ClassLoader referenced unknown path:
12-20 21:18:46.082 13935 13935 W .example.camer: Accessing hidden method Landroid/content/ContextWrapper;->getDisplay()Landroid/view/Display; (light greylist, linking)
12-20 21:18:46.085 3834 4408 D MdnieScenarioControlService: packageName : org.qtproject.example.camera className : org.qtproject.qt.android.bindings.QtActivity
12-20 21:18:46.085 3834 4408 V MdnieScenarioControlService: setUIMode from UI function(3)
12-20 21:18:46.089 3303 3303 I Layer : id=59922 onRemoved 2d48272 com.android.settings/com.android.settings.Settings$ManageApplicationsActivity#0
12-20 21:18:46.091 25217 25217 D DragLayer: setAlpha : 0.42455786 visibility : 0
12-20 21:18:46.091 3303 3323 I SurfaceFlinger: id=59921 Removed AppWindowToken{a1b32d3 token=Token{55564c2 ActivityRecord{6d87d0d u0 com.android.settings/.Settings$ManageApplicationsActivity t18072}}}#0 (0/73)
12-20 21:18:46.093 3834 5303 W InputMethodManagerService: setInputMethodSwitchDisable : Ignoring, uid 1000: com.android.internal.view.IInputMethodClient$Stub$Proxy@5442752
12-20 21:18:46.096 13935 13935 I DecorView: createDecorCaptionView >> DecorView@e453b62[], isFloating: false, isApplication: true, hasWindowDecorCaption: false, hasWindowControllerCallback: true
12-20 21:18:46.098 16792 16792 D ViewRootImpl@423ec64[SubSettings]: dispatchDetachedFromWindow
12-20 21:18:46.099 16792 16792 D ViewRootImpl@423ec64[SubSettings]: Surface release. android.view.ViewRootImpl.doDie:7976 android.view.ViewRootImpl.die:7944 android.view.WindowManagerGlobal.removeViewLocked:497 android.view.WindowManagerGlobal.removeView:435 android.view.WindowManagerImpl.removeViewImmediate:124 android.app.ActivityThread.handleDestroyActivity:4753 android.app.servertransaction.DestroyActivityItem.execute:39 android.app.servertransaction.TransactionExecutor.executeLifecycleState:145
12-20 21:18:46.100 3834 5303 V WindowManager: Remove Window{ccb6839 u0 com.android.settings/com.android.settings.SubSettings}: mSurfaceController=null mAnimatingExit=false mRemoveOnExit=false mHasSurface=false surfaceShowing=false isAnimationSet=false app-animation=false mWillReplaceWindow=false inPendingTransaction=false mDisplayFrozen=false callers=com.android.server.wm.WindowState.removeIfPossible:2751 com.android.server.wm.WindowManagerService.removeWindow:1980 com.android.server.wm.Session.remove:268 android.view.IWindowSession$Stub.onTransact:347 com.android.server.wm.Session.onTransact:186 android.os.Binder.execTransact:739
12-20 21:18:46.102 3303 3323 I SurfaceFlinger: id=59931 Removed ccb6839 com.android.settings/com.android.settings.SubSettings#0 (0/72)
12-20 21:18:46.102 3834 5303 D InputTransport: Input channel destroyed: fd=673
12-20 21:18:46.103 16792 16792 D InputTransport: Input channel destroyed: fd=518
12-20 21:18:46.104 3834 5303 I WindowManager: Cancelling animation restarting=false, leash=null, surface=Surface(name=AppWindowToken{95775ce token=Token{afb3ac9 ActivityRecord{9cd5ad0 u0 com.android.settings/.SubSettings t18072}}})/@0x11e8130, parent=Surface(name=Task=18072)/@0x7d872ae
12-20 21:18:46.106 3303 3303 I Layer : id=59931 onRemoved ccb6839 com.android.settings/com.android.settings.SubSettings#0
12-20 21:18:46.106 3303 3303 I Layer : id=59921 onRemoved AppWindowToken{a1b32d3 token=Token{55564c2 ActivityRecord{6d87d0d u0 com.android.settings/.Settings$ManageApplicationsActivity t18072}}}#0
12-20 21:18:46.106 3303 3323 I SurfaceFlinger: id=59911 Removed Task=18072#0 (1/71)
12-20 21:18:46.106 3303 3323 W SurfaceFlinger: Attempting to destroy on removed layer: AppWindowToken{95775ce token=Token{afb3ac9 ActivityRecord{9cd5ad0 u0 com.android.settings/.SubSettings t18072}}}#0
12-20 21:18:46.107 25217 25217 D DragLayer: setAlpha : 0.34059674 visibility : 0
12-20 21:18:46.110 3303 4527 I SurfaceFlinger: id=59910 Removed animation background stackId=1487#0 (0/69)
12-20 21:18:46.113 3303 4527 I SurfaceFlinger: id=59909 Removed Stack=1487#0 (3/68)
12-20 21:18:46.122 3303 3303 I Layer : id=59909 onRemoved Stack=1487#0
12-20 21:18:46.123 3303 3303 I Layer : id=59911 onRemoved Task=18072#0
12-20 21:18:46.123 3303 3303 I Layer : id=59930 onRemoved AppWindowToken{95775ce token=Token{afb3ac9 ActivityRecord{9cd5ad0 u0 com.android.settings/.SubSettings t18072}}}#0
