12-20 21:18:48.215 3503 17181 I ExynosCameraBufferManager: [CAM_ID(0)][PREVIEW_CB_STREAM_BUF]-INFO(dumpBufferInfo[1817]):[m_buffer[18].fd[0]=-1] .addr=0x0 .size=3110400 .position=0 .permission=1]
12-20 21:18:48.215 3503 17181 I ExynosCameraBufferManager: [CAM_ID(0)][PREVIEW_CB_STREAM_BUF]-INFO(dumpBufferInfo[1817]):[m_buffer[18].fd[1]=119] .addr=0xf0657000 .size=36864 .position=0 .permission=1]
12-20 21:18:48.215 3503 17181 I ExynosCameraBufferManager: [CAM_ID(0)][PREVIEW_CB_STREAM_BUF]-INFO(dumpBufferInfo[1817]):[m_buffer[19].fd[0]=-1] .addr=0x0 .size=3110400 .position=0 .permission=1]
12-20 21:18:48.215 3503 17181 I ExynosCameraBufferManager: [CAM_ID(0)][PREVIEW_CB_STREAM_BUF]-INFO(dumpBufferInfo[1817]):[m_buffer[19].fd[1]=120] .addr=0xf064e000 .size=36864 .position=0 .permission=1]
12-20 21:18:48.215 3503 17181 I ExynosCameraBufferManager: [CAM_ID(0)][PREVIEW_CB_STREAM_BUF]-INFO(dumpBufferInfo[1817]):[m_buffer[20].fd[0]=-1] .addr=0x0 .size=3110400 .position=0 .permission=1]
12-20 21:18:48.215 3503 17181 I ExynosCameraBufferManager: [CAM_ID(0)][PREVIEW_CB_STREAM_BUF]-INFO(dumpBufferInfo[1817]):[m_buffer[20].fd[1]=121] .addr=0xf0645000 .size=36864 .position=0 .permission=1]
12-20 21:18:48.215 3503 17181 I ExynosCameraBufferManager: [CAM_ID(0)][PREVIEW_CB_STREAM_BUF]-INFO(dumpBufferInfo[1817]):[m_buffer[21].fd[0]=-1] .addr=0x0 .size=3110400 .position=0 .permission=1]
12-20 21:18:48.215 3503 17181 I ExynosCameraBufferManager: [CAM_ID(0)][PREVIEW_CB_STREAM_BUF]-INFO(dumpBufferInfo[1817]):[m_buffer[21].fd[1]=122] .addr=0xf063c000 .size=36864 .position=0 .permission=1]
12-20 21:18:48.215 3503 17181 I ExynosCameraBufferManager: [CAM_ID(0)][PREVIEW_CB_STREAM_BUF]-INFO(dumpBufferInfo[1817]):[m_buffer[22].fd[0]=-1] .addr=0x0 .size=3110400 .position=0 .permission=1]
12-20 21:18:48.215 3503 17181 I ExynosCameraBufferManager: [CAM_ID(0)][PREVIEW_CB_STREAM_BUF]-INFO(dumpBufferInfo[1817]):[m_buffer[22].fd[1]=123] .addr=0xf0633000 .size=36864 .position=0 .permission=1]
12-20 21:18:48.215 3503 17181 I ExynosCameraBufferManager: [CAM_ID(0)][PREVIEW_CB_STREAM_BUF]-INFO(dumpBufferInfo[1817]):[m_buffer[23].fd[0]=-1] .addr=0x0 .size=3110400 .position=0 .permission=1]
12-20 21:18:48.215 3503 17181 I ExynosCameraBufferManager: [CAM_ID(0)][PREVIEW_CB_STREAM_BUF]-INFO(dumpBufferInfo[1817]):[m_buffer[23].fd[1]=124] .addr=0xf062a000 .size=36864 .position=0 .permission=1]
12-20 21:18:48.215 3503 17181 I ExynosCameraBufferManager: [CAM_ID(0)][PREVIEW_CB_STREAM_BUF]-INFO(dumpBufferInfo[1817]):[m_buffer[24].fd[0]=-1] .addr=0x0 .size=3110400 .position=0 .permission=1]
12-20 21:18:48.215 3503 17181 I ExynosCameraBufferManager: [CAM_ID(0)][PREVIEW_CB_STREAM_BUF]-INFO(dumpBufferInfo[1817]):[m_buffer[24].fd[1]=125] .addr=0xf0621000 .size=36864 .position=0 .permission=1]
12-20 21:18:48.215 3503 17181 I ExynosCameraBufferManager: [CAM_ID(0)][PREVIEW_CB_STREAM_BUF]-INFO(dumpBufferInfo[1817]):[m_buffer[25].fd[0]=-1] .addr=0x0 .size=3110400 .position=0 .permission=1]
12-20 21:18:48.215 3503 17181 I ExynosCameraBufferManager: [CAM_ID(0)][PREVIEW_CB_STREAM_BUF]-INFO(dumpBufferInfo[1817]):[m_buffer[25].fd[1]=126] .addr=0xf060b000 .size=36864 .position=0 .permission=1]
12-20 21:18:48.215 3503 17181 I ExynosCameraBufferManager: [CAM_ID(0)][PREVIEW_CB_STREAM_BUF]-INFO(dumpBufferInfo[1817]):[m_buffer[26].fd[0]=-1] .addr=0x0 .size=3110400 .position=0 .permission=1]
12-20 21:18:48.215 3503 17181 I ExynosCameraBufferManager: [CAM_ID(0)][PREVIEW_CB_STREAM_BUF]-INFO(dumpBufferInfo[1817]):[m_buffer[26].fd[1]=127] .addr=0xf0602000 .size=36864 .position=0 .permission=1]
12-20 21:18:48.215 3503 17181 I ExynosCameraBufferManager: [CAM_ID(0)][PREVIEW_CB_STREAM_BUF]-INFO(dumpBufferInfo[1817]):[m_buffer[27].fd[0]=-1] .addr=0x0 .size=3110400 .position=0 .permission=1]
12-20 21:18:48.215 3503 17181 I ExynosCameraBufferManager: [CAM_ID(0)][PREVIEW_CB_STREAM_BUF]-INFO(dumpBufferInfo[1817]):[m_buffer[27].fd[1]=128] .addr=0xf05f6000 .size=36864 .position=0 .permission=1]
12-20 21:18:48.215 3503 17181 I ExynosCameraBufferManager: [CAM_ID(0)][PREVIEW_CB_STREAM_BUF]-INFO(dumpBufferInfo[1817]):[m_buffer[28].fd[0]=-1] .addr=0x0 .size=3110400 .position=0 .permission=1]
12-20 21:18:48.215 3503 17181 I ExynosCameraBufferManager: [CAM_ID(0)][PREVIEW_CB_STREAM_BUF]-INFO(dumpBufferInfo[1817]):[m_buffer[28].fd[1]=129] .addr=0xf05ed000 .size=36864 .position=0 .permission=1]
12-20 21:18:48.215 3503 17181 I ExynosCameraBufferManager: [CAM_ID(0)][PREVIEW_CB_STREAM_BUF]-INFO(dumpBufferInfo[1817]):[m_buffer[29].fd[0]=-1] .addr=0x0 .size=3110400 .position=0 .permission=1]
12-20 21:18:48.215 3503 17181 I ExynosCameraBufferManager: [CAM_ID(0)][PREVIEW_CB_STREAM_BUF]-INFO(dumpBufferInfo[1817]):[m_buffer[29].fd[1]=130] .addr=0xf05e4000 .size=36864 .position=0 .permission=1]
12-20 21:18:48.215 3503 17181 I ExynosCameraBufferManager: [CAM_ID(0)][PREVIEW_CB_STREAM_BUF]-INFO(dumpBufferInfo[1817]):[m_buffer[30].fd[0]=-1] .addr=0x0 .size=3110400 .position=0 .permission=1]
12-20 21:18:48.215 3503 17181 I ExynosCameraBufferManager: [CAM_ID(0)][PREVIEW_CB_STREAM_BUF]-INFO(dumpBufferInfo[1817]):[m_buffer[30].fd[1]=131] .addr=0xf05d9000 .size=36864 .position=0 .permission=1]
12-20 21:18:48.215 3503 17181 I ExynosCameraBufferManager: [CAM_ID(0)][PREVIEW_CB_STREAM_BUF]-INFO(dumpBufferInfo[1817]):[m_buffer[31].fd[0]=-1] .addr=0x0 .size=3110400 .position=0 .permission=1]
12-20 21:18:48.215 3503 17181 I ExynosCameraBufferManager: [CAM_ID(0)][PREVIEW_CB_STREAM_BUF]-INFO(dumpBufferInfo[1817]):[m_buffer[31].fd[1]=132] .addr=0xf05d0000 .size=36864 .position=0 .permission=1]
12-20 21:18:48.215 3503 17181 D ExynosCameraBufferManager: [CAM_ID(0)][PREVIEW_CB_STREAM_BUF]-DEBUG(m_free[3896]):IN
12-20 21:18:48.215 3503 17181 D ExynosCameraBufferManager: [CAM_ID(0)][PREVIEW_CB_STREAM_BUF]-DEBUG(dump[1799]):----- dump buffer status -----
12-20 21:18:48.215 3503 17181 I ExynosCameraBufferManager: [CAM_ID(0)][PREVIEW_CB_STREAM_BUF]-INFO(printBufferState[1752]):m_buffer[0].fd[0]=-1, position=0, permission=1]
12-20 21:18:48.215 3503 17181 I ExynosCameraBufferManager: [CAM_ID(0)][PREVIEW_CB_STREAM_BUF]-INFO(printBufferState[1752]):m_buffer[1].fd[0]=-1, position=0, permission=1]
12-20 21:18:48.215 3503 17181 I ExynosCameraBufferManager: [CAM_ID(0)][PREVIEW_CB_STREAM_BUF]-INFO(printBufferState[1752]):m_buffer[2].fd[0]=-1, position=0, permission=1]
12-20 21:18:48.215 3503 17181 I ExynosCameraBufferManager: [CAM_ID(0)][PREVIEW_CB_STREAM_BUF]-INFO(printBufferState[1752]):m_buffer[3].fd[0]=-1, position=0, permission=1]
12-20 21:18:48.215 3503 17181 I ExynosCameraBufferManager: [CAM_ID(0)][PREVIEW_CB_STREAM_BUF]-INFO(printBufferState[1752]):m_buffer[4].fd[0]=-1, position=0, permission=1]
12-20 21:18:48.215 3503 17181 I ExynosCameraBufferManager: [CAM_ID(0)][PREVIEW_CB_STREAM_BUF]-INFO(printBufferState[1752]):m_buffer[5].fd[0]=-1, position=0, permission=1]
12-20 21:18:48.215 3503 17181 I ExynosCameraBufferManager: [CAM_ID(0)][PREVIEW_CB_STREAM_BUF]-INFO(printBufferState[1752]):m_buffer[6].fd[0]=-1, position=0, permission=1]
12-20 21:18:48.215 3503 17181 I ExynosCameraBufferManager: [CAM_ID(0)][PREVIEW_CB_STREAM_BUF]-INFO(printBufferState[1752]):m_buffer[7].fd[0]=-1, position=0, permission=1]
12-20 21:18:48.215 3503 17181 I ExynosCameraBufferManager: [CAM_ID(0)][PREVIEW_CB_STREAM_BUF]-INFO(printBufferState[1752]):m_buffer[8].fd[0]=-1, position=0, permission=1]
12-20 21:18:48.215 3503 17181 I ExynosCameraBufferManager: [CAM_ID(0)][PREVIEW_CB_STREAM_BUF]-INFO(printBufferState[1752]):m_buffer[9].fd[0]=-1, position=0, permission=1]
12-20 21:18:48.215 3503 17181 I ExynosCameraBufferManager: [CAM_ID(0)][PREVIEW_CB_STREAM_BUF]-INFO(printBufferState[1752]):m_buffer[10].fd[0]=-1, position=0, permission=1]
12-20 21:18:48.215 3503 17181 I ExynosCameraBufferManager: [CAM_ID(0)][PREVIEW_CB_STREAM_BUF]-INFO(printBufferState[1752]):m_buffer[11].fd[0]=-1, position=0, permission=1]
12-20 21:18:48.215 3503 17181 I ExynosCameraBufferManager: [CAM_ID(0)][PREVIEW_CB_STREAM_BUF]-INFO(printBufferState[1752]):m_buffer[12].fd[0]=-1, position=0, permission=1]
12-20 21:18:48.215 3503 17181 I ExynosCameraBufferManager: [CAM_ID(0)][PREVIEW_CB_STREAM_BUF]-INFO(printBufferState[1752]):m_buffer[13].fd[0]=-1, position=0, permission=1]
12-20 21:18:48.215 3503 17181 I ExynosCameraBufferManager: [CAM_ID(0)][PREVIEW_CB_STREAM_BUF]-INFO(printBufferState[1752]):m_buffer[14].fd[0]=-1, position=0, permission=1]
12-20 21:18:48.215 3503 17181 I ExynosCameraBufferManager: [CAM_ID(0)][PREVIEW_CB_STREAM_BUF]-INFO(printBufferState[1752]):m_buffer[15].fd[0]=-1, position=0, permission=1]
12-20 21:18:48.215 3503 17181 I ExynosCameraBufferManager: [CAM_ID(0)][PREVIEW_CB_STREAM_BUF]-INFO(printBufferState[1752]):m_buffer[16].fd[0]=-1, position=0, permission=1]
12-20 21:18:48.215 3503 17181 I ExynosCameraBufferManager: [CAM_ID(0)][PREVIEW_CB_STREAM_BUF]-INFO(printBufferState[1752]):m_buffer[17].fd[0]=-1, position=0, permission=1]
12-20 21:18:48.215 3503 17181 I ExynosCameraBufferManager: [CAM_ID(0)][PREVIEW_CB_STREAM_BUF]-INFO(printBufferState[1752]):m_buffer[18].fd[0]=-1, position=0, permission=1]
12-20 21:18:48.215 3503 17181 I ExynosCameraBufferManager: [CAM_ID(0)][PREVIEW_CB_STREAM_BUF]-INFO(printBufferState[1752]):m_buffer[19].fd[0]=-1, position=0, permission=1]
12-20 21:18:48.215 3503 17181 I ExynosCameraBufferManager: [CAM_ID(0)][PREVIEW_CB_STREAM_BUF]-INFO(printBufferState[1752]):m_buffer[20].fd[0]=-1, position=0, permission=1]
12-20 21:18:48.215 3503 17181 I ExynosCameraBufferManager: [CAM_ID(0)][PREVIEW_CB_STREAM_BUF]-INFO(printBufferState[1752]):m_buffer[21].fd[0]=-1, position=0, permission=1]
12-20 21:18:48.215 3503 17181 I ExynosCameraBufferManager: [CAM_ID(0)][PREVIEW_CB_STREAM_BUF]-INFO(printBufferState[1752]):m_buffer[22].fd[0]=-1, position=0, permission=1]
12-20 21:18:48.215 3503 17181 I ExynosCameraBufferManager: [CAM_ID(0)][PREVIEW_CB_STREAM_BUF]-INFO(printBufferState[1752]):m_buffer[23].fd[0]=-1, position=0, permission=1]
12-20 21:18:48.215 3503 17181 I ExynosCameraBufferManager: [CAM_ID(0)][PREVIEW_CB_STREAM_BUF]-INFO(printBufferState[1752]):m_buffer[24].fd[0]=-1, position=0, permission=1]
12-20 21:18:48.215 3503 17181 I ExynosCameraBufferManager: [CAM_ID(0)][PREVIEW_CB_STREAM_BUF]-INFO(printBufferState[1752]):m_buffer[25].fd[0]=-1, position=0, permission=1]
12-20 21:18:48.215 3503 17181 I ExynosCameraBufferManager: [CAM_ID(0)][PREVIEW_CB_STREAM_BUF]-INFO(printBufferState[1752]):m_buffer[26].fd[0]=-1, position=0, permission=1]
12-20 21:18:48.215 3503 17181 I ExynosCameraBufferManager: [CAM_ID(0)][PREVIEW_CB_STREAM_BUF]-INFO(printBufferState[1752]):m_buffer[27].fd[0]=-1, position=0, permission=1]
12-20 21:18:48.215 3503 17181 I ExynosCameraBufferManager: [CAM_ID(0)][PREVIEW_CB_STREAM_BUF]-INFO(printBufferState[1752]):m_buffer[28].fd[0]=-1, position=0, permission=1]
12-20 21:18:48.215 3503 17181 I ExynosCameraBufferManager: [CAM_ID(0)][PREVIEW_CB_STREAM_BUF]-INFO(printBufferState[1752]):m_buffer[29].fd[0]=-1, position=0, permission=1]
12-20 21:18:48.215 3503 17181 I ExynosCameraBufferManager: [CAM_ID(0)][PREVIEW_CB_STREAM_BUF]-INFO(printBufferState[1752]):m_buffer[30].fd[0]=-1, position=0, permission=1]
12-20 21:18:48.215 3503 17181 I ExynosCameraBufferManager: [CAM_ID(0)][PREVIEW_CB_STREAM_BUF]-INFO(printBufferState[1752]):m_buffer[31].fd[0]=-1, position=0, permission=1]
12-20 21:18:48.215 3503 17181 D ExynosCameraBufferManager: [CAM_ID(0)][PREVIEW_CB_STREAM_BUF]-DEBUG(m_free[3901]):buffer [bufIndex=0] already free
12-20 21:18:48.215 3503 17181 D ExynosCameraBufferManager: [CAM_ID(0)][PREVIEW_CB_STREAM_BUF]-DEBUG(m_free[3901]):buffer [bufIndex=1] already free
12-20 21:18:48.215 3503 17181 D ExynosCameraBufferManager: [CAM_ID(0)][PREVIEW_CB_STREAM_BUF]-DEBUG(m_free[3901]):buffer [bufIndex=2] already free
12-20 21:18:48.215 3503 17181 D ExynosCameraBufferManager: [CAM_ID(0)][PREVIEW_CB_STREAM_BUF]-DEBUG(m_free[3901]):buffer [bufIndex=3] already free
12-20 21:18:48.215 3503 17181 D ExynosCameraBufferManager: [CAM_ID(0)][PREVIEW_CB_STREAM_BUF]-DEBUG(m_free[3901]):buffer [bufIndex=4] already free
12-20 21:18:48.215 3503 17181 D ExynosCameraBufferManager: [CAM_ID(0)][PREVIEW_CB_STREAM_BUF]-DEBUG(m_free[3901]):buffer [bufIndex=5] already free
12-20 21:18:48.215 3503 17181 D ExynosCameraBufferManager: [CAM_ID(0)][PREVIEW_CB_STREAM_BUF]-DEBUG(m_free[3901]):buffer [bufIndex=6] already free
12-20 21:18:48.216 3503 17181 D ExynosCameraBufferManager: [CAM_ID(0)][PREVIEW_CB_STREAM_BUF]-DEBUG(m_free[3901]):buffer [bufIndex=7] already free
12-20 21:18:48.216 3503 17181 D ExynosCameraBufferManager: [CAM_ID(0)][PREVIEW_CB_STREAM_BUF]-DEBUG(m_free[3901]):buffer [bufIndex=8] already free
12-20 21:18:48.216 3503 17181 D ExynosCameraBufferManager: [CAM_ID(0)][PREVIEW_CB_STREAM_BUF]-DEBUG(m_free[3901]):buffer [bufIndex=9] already free
12-20 21:18:48.216 3503 17181 D ExynosCameraBufferManager: [CAM_ID(0)][PREVIEW_CB_STREAM_BUF]-DEBUG(m_free[3901]):buffer [bufIndex=10] already free
12-20 21:18:48.216 3503 17181 D ExynosCameraBufferManager: [CAM_ID(0)][PREVIEW_CB_STREAM_BUF]-DEBUG(m_free[3901]):buffer [bufIndex=11] already free
12-20 21:18:48.216 3503 17181 D ExynosCameraBufferManager: [CAM_ID(0)][PREVIEW_CB_STREAM_BUF]-DEBUG(m_free[3901]):buffer [bufIndex=12] already free
12-20 21:18:48.216 3503 17181 D ExynosCameraBufferManager: [CAM_ID(0)][PREVIEW_CB_STREAM_BUF]-DEBUG(m_free[3901]):buffer [bufIndex=13] already free
12-20 21:18:48.216 3503 17181 D ExynosCameraBufferManager: [CAM_ID(0)][PREVIEW_CB_STREAM_BUF]-DEBUG(m_free[3901]):buffer [bufIndex=14] already free
12-20 21:18:48.216 3503 17181 D ExynosCameraBufferManager: [CAM_ID(0)][PREVIEW_CB_STREAM_BUF]-DEBUG(m_free[3901]):buffer [bufIndex=15] already free
12-20 21:18:48.216 3503 17181 D ExynosCameraBufferManager: [CAM_ID(0)][PREVIEW_CB_STREAM_BUF]-DEBUG(m_free[3901]):buffer [bufIndex=16] already free
12-20 21:18:48.216 3503 17181 D ExynosCameraBufferManager: [CAM_ID(0)][PREVIEW_CB_STREAM_BUF]-DEBUG(m_free[3901]):buffer [bufIndex=17] already free
12-20 21:18:48.216 3503 17181 D ExynosCameraBufferManager: [CAM_ID(0)][PREVIEW_CB_STREAM_BUF]-DEBUG(m_free[3901]):buffer [bufIndex=18] already free
12-20 21:18:48.216 3503 17181 D ExynosCameraBufferManager: [CAM_ID(0)][PREVIEW_CB_STREAM_BUF]-DEBUG(m_free[3901]):buffer [bufIndex=19] already free
12-20 21:18:48.216 3503 17181 D ExynosCameraBufferManager: [CAM_ID(0)][PREVIEW_CB_STREAM_BUF]-DEBUG(m_free[3901]):buffer [bufIndex=20] already free
12-20 21:18:48.216 3503 17181 D ExynosCameraBufferManager: [CAM_ID(0)][PREVIEW_CB_STREAM_BUF]-DEBUG(m_free[3901]):buffer [bufIndex=21] already free
12-20 21:18:48.216 3503 17181 D ExynosCameraBufferManager: [CAM_ID(0)][PREVIEW_CB_STREAM_BUF]-DEBUG(m_free[3901]):buffer [bufIndex=22] already free
12-20 21:18:48.216 3503 17181 D ExynosCameraBufferManager: [CAM_ID(0)][PREVIEW_CB_STREAM_BUF]-DEBUG(m_free[3901]):buffer [bufIndex=23] already free
12-20 21:18:48.216 3503 17181 D ExynosCameraBufferManager: [CAM_ID(0)][PREVIEW_CB_STREAM_BUF]-DEBUG(m_free[3901]):buffer [bufIndex=24] already free
12-20 21:18:48.216 3503 17181 D ExynosCameraBufferManager: [CAM_ID(0)][PREVIEW_CB_STREAM_BUF]-DEBUG(m_free[3901]):buffer [bufIndex=25] already free
12-20 21:18:48.216 3503 17181 D ExynosCameraBufferManager: [CAM_ID(0)][PREVIEW_CB_STREAM_BUF]-DEBUG(m_free[3901]):buffer [bufIndex=26] already free
12-20 21:18:48.216 3503 17181 D ExynosCameraBufferManager: [CAM_ID(0)][PREVIEW_CB_STREAM_BUF]-DEBUG(m_free[3901]):buffer [bufIndex=27] already free
12-20 21:18:48.216 3503 17181 D ExynosCameraBufferManager: [CAM_ID(0)][PREVIEW_CB_STREAM_BUF]-DEBUG(m_free[3901]):buffer [bufIndex=28] already free
12-20 21:18:48.216 3503 17181 D ExynosCameraBufferManager: [CAM_ID(0)][PREVIEW_CB_STREAM_BUF]-DEBUG(m_free[3901]):buffer [bufIndex=29] already free
12-20 21:18:48.216 3503 17181 D ExynosCameraBufferManager: [CAM_ID(0)][PREVIEW_CB_STREAM_BUF]-DEBUG(m_free[3901]):buffer [bufIndex=30] already free
12-20 21:18:48.216 3503 17181 D ExynosCameraBufferManager: [CAM_ID(0)][PREVIEW_CB_STREAM_BUF]-DEBUG(m_free[3901]):buffer [bufIndex=31] already free
12-20 21:18:48.216 3503 17181 D ExynosCameraBufferManager: [CAM_ID(0)][PREVIEW_CB_STREAM_BUF]-DEBUG(m_free[294]):Free the buffer succeeded (m_allocatedBufCount=0)
12-20 21:18:48.216 3503 17181 D ExynosCameraBufferManager: DEBUG:duration time( 2 msec):(m_free)
12-20 21:18:48.216 3503 17181 D ExynosCameraBufferManager: [CAM_ID(0)][PREVIEW_CB_STREAM_BUF]-DEBUG(deinit[149]):OUT..
12-20 21:18:48.216 3503 17181 D ExynosCameraRequestManager: [CAM_ID(0)][]-DEBUG(~ExynosCameraRequestManager[1702]):
12-20 21:18:48.216 3503 17181 D ExynosCameraRequestManager: [CAM_ID(0)][]-DEBUG(m_deleteStreamThread[3889]):FLUSH list size(1)
12-20 21:18:48.216 3503 17181 D ExynosCameraRequestManager: [CAM_ID(0)][]-DEBUG(m_deleteStreamThread[3889]):FLUSH list size(0)
12-20 21:18:48.219 3503 17181 I ExynosCamera3: [CAM_ID(0)][]-INFO(m_deinitFrameFactory[3950]):-IN-
12-20 21:18:48.220 3503 17181 D ExynosCamera3: [CAM_ID(0)][]-DEBUG(m_deinitFrameFactory[3964]):m_frameFactory index(0) and index(1) are same instance, set index(1) = NULL
12-20 21:18:48.220 3503 17181 D ExynosCamera3: [CAM_ID(0)][]-DEBUG(m_deinitFrameFactory[3964]):m_frameFactory index(0) and index(2) are same instance, set index(2) = NULL
12-20 21:18:48.220 3503 17181 I ExynosCamera3FrameFactory: [CAM_ID(0)][FactoryBack]-INFO(destroy[49]):
12-20 21:18:48.220 3503 17181 I ExynosCameraMCPipe: [CAM_ID(0)][PIPE_FLITE]-INFO(destroy[100]):
12-20 21:18:48.220 3503 17181 D ExynosCameraMCPipe: [CAM_ID(0)][PIPE_FLITE]-DEBUG(destroy[154]):Node destroyed
12-20 21:18:48.220 3503 17181 I ExynosCameraMCPipe: [CAM_ID(0)][PIPE_FLITE]-INFO(destroy[166]):destroy() is succeed, Pipe(0)
12-20 21:18:48.220 3503 17181 I ExynosCameraMCPipe: [CAM_ID(0)][PIPE_FLITE]-INFO(destroy[100]):
12-20 21:18:48.220 3503 17181 D ExynosCameraMCPipe: [CAM_ID(0)][PIPE_FLITE]-DEBUG(destroy[154]):Node destroyed
12-20 21:18:48.220 3503 17181 I ExynosCameraMCPipe: [CAM_ID(0)][PIPE_FLITE]-INFO(destroy[166]):destroy() is succeed, Pipe(0)
12-20 21:18:48.220 3503 17181 D ExynosCameraPipeFlite: [CAM_ID(0)][PIPE_FLITE]-DEBUG(destroy[108]):
12-20 21:18:48.220 3503 17181 I ExynosCameraPipeFlite: [CAM_ID(0)][PIPE_FLITE]-INFO(destroy[143]):destroy() is succeed (0)
12-20 21:18:48.220 3503 17181 D ExynosCamera3FrameFactory: [CAM_ID(0)][FactoryBack]-DEBUG(destroy[68]):Pipe(0) destroyed
12-20 21:18:48.220 3503 17181 I ExynosCameraMCPipe: [CAM_ID(0)][PIPE_3AA]-INFO(destroy[100]):
12-20 21:18:48.220 3503 17181 D ExynosCameraNode: [CAM_ID(0)][3AA_OUTPUT]-DEBUG(close[285]):close(fd:44)
12-20 21:18:48.220 3503 17181 D ExynosCameraMCPipe: [CAM_ID(0)][PIPE_3AA]-DEBUG(destroy[136]):Main node(3AA_OUTPUT, sensorIds:-1) closed
12-20 21:18:48.220 3503 17181 D ExynosCameraNode: [CAM_ID(0)][3AA_PREVIEW]-DEBUG(close[285]):close(fd:43)
12-20 21:18:48.220 3503 17181 D ExynosCameraMCPipe: [CAM_ID(0)][PIPE_3AA]-DEBUG(destroy[136]):Main node(3AA_PREVIEW, sensorIds:-1) closed
12-20 21:18:48.220 3503 17181 D ExynosCameraNode: [CAM_ID(0)][3AA_CAPTURE]-DEBUG(close[285]):close(fd:42)
12-20 21:18:48.220 3503 17181 D ExynosCameraMCPipe: [CAM_ID(0)][PIPE_3AA]-DEBUG(destroy[136]):Main node(3AA_CAPTURE, sensorIds:-1) closed
12-20 21:18:48.220 3503 17181 D ExynosCameraNode: [CAM_ID(0)][BAYER]-DEBUG(close[285]):close(fd:41)
12-20 21:18:48.220 3503 17181 D ExynosCameraMCPipe: [CAM_ID(0)][PIPE_3AA]-DEBUG(destroy[136]):Main node(BAYER, sensorIds:-1) closed
12-20 21:18:48.220 3503 17181 D ExynosCameraMCPipe: [CAM_ID(0)]-DEBUG(m_destroyNode[236]): delete g_nodeRefCount[1] : (1)
12-20 21:18:48.220 3503 17181 D ExynosCameraNode: [CAM_ID(0)][FLITE]-DEBUG(close[285]):close(fd:38)
12-20 21:18:48.221 3503 17181 D ExynosCameraMCPipe: [CAM_ID(0)][PIPE_3AA]-DEBUG(destroy[154]):Node destroyed
12-20 21:18:48.221 3503 17181 I ExynosCameraMCPipe: [CAM_ID(0)][PIPE_3AA]-INFO(destroy[166]):destroy() is succeed, Pipe(5)
12-20 21:18:48.221 3503 17181 I ExynosCameraMCPipe: [CAM_ID(0)][PIPE_3AA]-INFO(destroy[100]):
12-20 21:18:48.221 3503 17181 D ExynosCameraMCPipe: [CAM_ID(0)][PIPE_3AA]-DEBUG(destroy[154]):Node destroyed
12-20 21:18:48.221 3503 17181 I ExynosCameraMCPipe: [CAM_ID(0)][PIPE_3AA]-INFO(destroy[166]):destroy() is succeed, Pipe(5)
12-20 21:18:48.221 3503 17181 D ExynosCameraPipeFlite: [CAM_ID(0)][PIPE_3AA]-DEBUG(destroy[108]):
12-20 21:18:48.221 3503 17181 I ExynosCameraPipeFlite: [CAM_ID(0)][PIPE_3AA]-INFO(destroy[143]):destroy() is succeed (5)
12-20 21:18:48.221 3503 17181 D ExynosCamera3FrameFactory: [CAM_ID(0)][FactoryBack]-DEBUG(destroy[68]):Pipe(5) destroyed
12-20 21:18:48.221 3503 17181 I ExynosCameraMCPipe: [CAM_ID(0)][PIPE_ISP]-INFO(destroy[100]):
12-20 21:18:48.221 3503 17181 D ExynosCameraNode: [CAM_ID(0)][MCSC_OUTPUT]-DEBUG(close[285]):close(fd:51)
12-20 21:18:48.221 3503 17181 D ExynosCameraMCPipe: [CAM_ID(0)][PIPE_ISP]-DEBUG(destroy[136]):Main node(MCSC_OUTPUT, sensorIds:-1) closed
12-20 21:18:48.221 3503 17181 D ExynosCameraNode: [CAM_ID(0)][ISP_PREVIEW]-DEBUG(close[285]):close(fd:50)
12-20 21:18:48.221 3503 17181 D ExynosCameraMCPipe: [CAM_ID(0)][PIPE_ISP]-DEBUG(destroy[136]):Main node(ISP_PREVIEW, sensorIds:-1) closed
12-20 21:18:48.221 3503 17181 D ExynosCameraNode: [CAM_ID(0)][MCSC_RECORDING]-DEBUG(close[285]):close(fd:49)
12-20 21:18:48.221 3503 17181 D ExynosCameraMCPipe: [CAM_ID(0)][PIPE_ISP]-DEBUG(destroy[136]):Main node(MCSC_RECORDING, sensorIds:-1) closed
12-20 21:18:48.221 3503 17181 D ExynosCameraNode: [CAM_ID(0)][MCSC_PREVIEW_CALLBACK]-DEBUG(close[285]):close(fd:48)
12-20 21:18:48.221 3503 17181 D ExynosCameraMCPipe: [CAM_ID(0)][PIPE_ISP]-DEBUG(destroy[136]):Main node(MCSC_PREVIEW_CALLBACK, sensorIds:-1) closed
12-20 21:18:48.221 3503 17181 D ExynosCameraNode: [CAM_ID(0)][MCSC_PREVIEW]-DEBUG(close[285]):close(fd:47)
12-20 21:18:48.221 3503 17181 D ExynosCameraMCPipe: [CAM_ID(0)][PIPE_ISP]-DEBUG(destroy[136]):Main node(MCSC_PREVIEW, sensorIds:-1) closed
12-20 21:18:48.221 3503 17181 D ExynosCameraNode: [CAM_ID(0)][ISP_CAPTURE]-DEBUG(close[285]):close(fd:46)
12-20 21:18:48.221 3503 17181 D ExynosCameraMCPipe: [CAM_ID(0)][PIPE_ISP]-DEBUG(destroy[136]):Main node(ISP_CAPTURE, sensorIds:-1) closed
12-20 21:18:48.221 3503 17181 D ExynosCameraNode: [CAM_ID(0)][ISP_OUTPUT]-DEBUG(close[285]):close(fd:45)
12-20 21:18:48.222 3503 17181 D ExynosCameraMCPipe: [CAM_ID(0)][PIPE_ISP]-DEBUG(destroy[136]):Main node(ISP_OUTPUT, sensorIds:-1) closed
12-20 21:18:48.222 3503 17181 D ExynosCameraMCPipe: [CAM_ID(0)][PIPE_ISP]-DEBUG(destroy[154]):Node destroyed
12-20 21:18:48.222 3503 17181 I ExynosCameraMCPipe: [CAM_ID(0)][PIPE_ISP]-INFO(destroy[166]):destroy() is succeed, Pipe(8)
12-20 21:18:48.222 3503 17181 I ExynosCameraMCPipe: [CAM_ID(0)][PIPE_ISP]-INFO(destroy[100]):
12-20 21:18:48.222 3503 17181 D ExynosCameraMCPipe: [CAM_ID(0)][PIPE_ISP]-DEBUG(destroy[154]):Node destroyed
12-20 21:18:48.222 3503 17181 I ExynosCameraMCPipe: [CAM_ID(0)][PIPE_ISP]-INFO(destroy[166]):destroy() is succeed, Pipe(8)
12-20 21:18:48.222 3503 17181 D ExynosCameraPipeFlite: [CAM_ID(0)][PIPE_ISP]-DEBUG(destroy[108]):
12-20 21:18:48.222 3503 17181 I ExynosCameraPipeFlite: [CAM_ID(0)][PIPE_ISP]-INFO(destroy[143]):destroy() is succeed (8)
12-20 21:18:48.222 3503 17181 D ExynosCamera3FrameFactory: [CAM_ID(0)][FactoryBack]-DEBUG(destroy[68]):Pipe(8) destroyed
12-20 21:18:48.222 3503 17181 I ExynosCameraMCPipe: [CAM_ID(0)][PIPE_TPU]-INFO(destroy[100]):
12-20 21:18:48.222 3503 17181 D ExynosCameraMCPipe: [CAM_ID(0)][PIPE_TPU]-DEBUG(destroy[154]):Node destroyed
12-20 21:18:48.222 3503 17181 I ExynosCameraMCPipe: [CAM_ID(0)][PIPE_TPU]-INFO(destroy[166]):destroy() is succeed, Pipe(11)
12-20 21:18:48.222 3503 17181 I ExynosCameraMCPipe: [CAM_ID(0)][PIPE_TPU]-INFO(destroy[100]):
12-20 21:18:48.222 3503 17181 D ExynosCameraMCPipe: [CAM_ID(0)][PIPE_TPU]-DEBUG(destroy[154]):Node destroyed
12-20 21:18:48.222 3503 17181 I ExynosCameraMCPipe: [CAM_ID(0)][PIPE_TPU]-INFO(destroy[166]):destroy() is succeed, Pipe(11)
12-20 21:18:48.222 3503 17181 D ExynosCameraPipeFlite: [CAM_ID(0)][PIPE_TPU]-DEBUG(destroy[108]):
12-20 21:18:48.222 3503 17181 I ExynosCameraPipeFlite: [CAM_ID(0)][PIPE_TPU]-INFO(destroy[143]):destroy() is succeed (11)
12-20 21:18:48.222 3503 17181 D ExynosCamera3FrameFactory: [CAM_ID(0)][FactoryBack]-DEBUG(destroy[68]):Pipe(11) destroyed
12-20 21:18:48.222 3503 17181 I ExynosCameraMCPipe: [CAM_ID(0)][PIPE_MCSC]-INFO(destroy[100]):
12-20 21:18:48.222 3503 17181 D ExynosCameraMCPipe: [CAM_ID(0)][PIPE_MCSC]-DEBUG(destroy[154]):Node destroyed
12-20 21:18:48.222 3503 17181 I ExynosCameraMCPipe: [CAM_ID(0)][PIPE_MCSC]-INFO(destroy[166]):destroy() is succeed, Pipe(13)
12-20 21:18:48.222 3503 17181 I ExynosCameraMCPipe: [CAM_ID(0)][PIPE_MCSC]-INFO(destroy[100]):
12-20 21:18:48.222 3503 17181 D ExynosCameraMCPipe: [CAM_ID(0)][PIPE_MCSC]-DEBUG(destroy[154]):Node destroyed
12-20 21:18:48.222 3503 17181 I ExynosCameraMCPipe: [CAM_ID(0)][PIPE_MCSC]-INFO(destroy[166]):destroy() is succeed, Pipe(13)
12-20 21:18:48.222 3503 17181 D ExynosCameraPipeFlite: [CAM_ID(0)][PIPE_MCSC]-DEBUG(destroy[108]):
12-20 21:18:48.222 3503 17181 I ExynosCameraPipeFlite: [CAM_ID(0)][PIPE_MCSC]-INFO(destroy[143]):destroy() is succeed (13)
12-20 21:18:48.222 3503 17181 D ExynosCamera3FrameFactory: [CAM_ID(0)][FactoryBack]-DEBUG(destroy[68]):Pipe(13) destroyed
12-20 21:18:48.224 3503 17181 E libcsc : csc_deinit:: unsupported csc_hw_type
12-20 21:18:48.224 3503 17181 I ExynosCameraSWPipe: [CAM_ID(0)][PIPE_GSC]-INFO(release[55]):destroy() is succeed (22)
12-20 21:18:48.224 3503 17181 I ExynosCameraSWPipe: [CAM_ID(0)][PIPE_GSC]-INFO(release[55]):destroy() is succeed (22)
12-20 21:18:48.224 3503 17181 D ExynosCamera3FrameFactory: [CAM_ID(0)][FactoryBack]-DEBUG(destroy[68]):Pipe(22) destroyed
12-20 21:18:48.224 3503 17181 E libcsc : csc_deinit:: unsupported csc_hw_type
12-20 21:18:48.224 3503 17181 I ExynosCameraSWPipe: [CAM_ID(0)][PIPE_GSC_VIDEO]-INFO(release[55]):destroy() is succeed (23)
12-20 21:18:48.224 3503 17181 I ExynosCameraSWPipe: [CAM_ID(0)][PIPE_GSC_VIDEO]-INFO(release[55]):destroy() is succeed (23)
12-20 21:18:48.224 3503 17181 D ExynosCamera3FrameFactory: [CAM_ID(0)][FactoryBack]-DEBUG(destroy[68]):Pipe(23) destroyed
12-20 21:18:48.224 3503 17181 I ExynosCameraSWPipe: [CAM_ID(0)][PIPE_GSC_PICTURE]-INFO(release[55]):destroy() is succeed (24)
12-20 21:18:48.224 3503 17181 I ExynosCameraSWPipe: [CAM_ID(0)][PIPE_GSC_PICTURE]-INFO(release[55]):destroy() is succeed (24)
12-20 21:18:48.224 3503 17181 D ExynosCamera3FrameFactory: [CAM_ID(0)][FactoryBack]-DEBUG(destroy[68]):Pipe(24) destroyed
12-20 21:18:48.224 3503 17181 I ExynosCameraSWPipe: [CAM_ID(0)][PIPE_JPEG]-INFO(release[55]):destroy() is succeed (25)
12-20 21:18:48.224 3503 17181 I ExynosCameraSWPipe: [CAM_ID(0)][PIPE_JPEG]-INFO(release[55]):destroy() is succeed (25)
12-20 21:18:48.224 3503 17181 D exynos-libhwjpeg: CHWJpegV4L2Compressor Destroyed: 0xe4978d00, FD 35
12-20 21:18:48.224 3503 17181 D exynos-libhwjpeg: ExynosJpegEncoderForCamera Destroyed: 0xc2085808, ION 36, ThumIMG -1
12-20 21:18:48.224 3503 17181 D exynos-libhwjpeg: LibScalerForJpeg Destroyed: 0xc2085c58
12-20 21:18:48.224 3503 17181 D exynos-libhwjpeg: CHWJpegV4L2Compressor Destroyed: 0xc208580c, FD 34
12-20 21:18:48.224 3503 17181 D ExynosCamera3FrameFactory: [CAM_ID(0)][FactoryBack]-DEBUG(destroy[68]):Pipe(25) destroyed
12-20 21:18:48.224 3503 17181 I ExynosCamera3FrameFactory: [CAM_ID(0)][FactoryBack]-INFO(destroy[49]):
12-20 21:18:48.224 3503 17181 I ExynosCamera3FrameFactory: [CAM_ID(0)][FactoryBack]-INFO(m_transitState[927]):Skip state transition. curState 0
12-20 21:18:48.224 3503 17181 I ExynosCamera3FrameFactory: [CAM_ID(0)][FactoryBack]-INFO(destroy[49]):
12-20 21:18:48.224 3503 17181 I ExynosCamera3FrameFactory: [CAM_ID(0)][FactoryBack]-INFO(m_transitState[927]):Skip state transition. curState 0
12-20 21:18:48.224 3503 17181 D ExynosCamera3: [CAM_ID(0)][]-DEBUG(m_deinitFrameFactory[3976]):m_frameFactory[0] destroyed
12-20 21:18:48.224 3503 17181 I ExynosCamera3FrameFactory: [CAM_ID(0)][ReprocessingFactory]-INFO(destroy[49]):
12-20 21:18:48.224 3503 17181 I ExynosCameraMCPipe: [CAM_ID(0)][PIPE_3AA_REPROCESSING]-INFO(destroy[100]):
12-20 21:18:48.224 3503 17181 D ExynosCameraNode: [CAM_ID(0)][MCSC_OUTPUT]-DEBUG(close[285]):close(fd:65)
12-20 21:18:48.225 3503 17181 D ExynosCameraMCPipe: [CAM_ID(0)][PIPE_3AA_REPROCESSING]-DEBUG(destroy[136]):Main node(MCSC_OUTPUT, sensorIds:-1) closed
12-20 21:18:48.225 3503 17181 D ExynosCameraNode: [CAM_ID(0)][REPROCESSING_ISP_CAPTURE_OTF]-DEBUG(close[285]):close(fd:64)
12-20 21:18:48.225 3503 17181 D ExynosCameraMCPipe: [CAM_ID(0)][PIPE_3AA_REPROCESSING]-DEBUG(destroy[136]):Main node(REPROCESSING_ISP_CAPTURE_OTF, sensorIds:-1) closed
12-20 21:18:48.225 3503 17181 D ExynosCameraNode: [CAM_ID(0)][REPROCESSING_ISP_OUTPUT]-DEBUG(close[285]):close(fd:63)
12-20 21:18:48.225 3503 17181 D ExynosCameraMCPipe: [CAM_ID(0)][PIPE_3AA_REPROCESSING]-DEBUG(destroy[136]):Main node(REPROCESSING_ISP_OUTPUT, sensorIds:-1) closed
12-20 21:18:48.225 3503 17181 D ExynosCameraNode: [CAM_ID(0)][REPROCESSING_3AA_CAPTURE_MAIN]-DEBUG(close[285]):close(fd:62)
12-20 21:18:48.225 3503 17181 D ExynosCameraMCPipe: [CAM_ID(0)][PIPE_3AA_REPROCESSING]-DEBUG(destroy[136]):Main node(REPROCESSING_3AA_CAPTURE_MAIN, sensorIds:-1) closed
12-20 21:18:48.225 3503 17181 D ExynosCameraNodeJpegHAL: [CAM_ID(0)][HWFC_THUMBNAIL_DST]-DEBUG(close[197]): close
12-20 21:18:48.225 3503 17181 D ExynosCameraMCPipe: [CAM_ID(0)][PIPE_3AA_REPROCESSING]-DEBUG(destroy[136]):Main node(HWFC_THUMBNAIL_DST, sensorIds:-1) closed
12-20 21:18:48.225 3503 17181 D ExynosCameraNodeJpegHAL: [CAM_ID(0)][HWFC_THUMBNAIL_SRC]-DEBUG(close[197]): close
12-20 21:18:48.225 3503 17181 D ExynosCameraMCPipe: [CAM_ID(0)][PIPE_3AA_REPROCESSING]-DEBUG(destroy[136]):Main node(HWFC_THUMBNAIL_SRC, sensorIds:-1) closed
12-20 21:18:48.225 3503 17181 D ExynosCameraNodeJpegHAL: [CAM_ID(0)][HWFC_JPEG_SRC]-DEBUG(close[197]): close
12-20 21:18:48.226 3503 17181 D exynos-libhwjpeg: CHWJpegV4L2Compressor Destroyed: 0xe4979c00, FD 60
12-20 21:18:48.226 3503 17181 D exynos-libhwjpeg: ExynosJpegEncoderForCamera Destroyed: 0xe4963e00, ION 61, ThumIMG -1
12-20 21:18:48.226 3503 17181 D exynos-libhwjpeg: LibScalerForJpeg Destroyed: 0xe4964250
12-20 21:18:48.226 3503 17181 D exynos-libhwjpeg: CHWJpegV4L2Compressor Destroyed: 0xe4963e04, FD 59
12-20 21:18:48.226 3503 17181 D ExynosCameraMCPipe: [CAM_ID(0)][PIPE_3AA_REPROCESSING]-DEBUG(destroy[136]):Main node(HWFC_JPEG_SRC, sensorIds:-1) closed
12-20 21:18:48.226 3503 17181 D ExynosCameraNodeJpegHAL: [CAM_ID(0)][HWFC_JPEG_DST]-DEBUG(close[197]): close
12-20 21:18:48.226 3503 17181 D ExynosCameraMCPipe: [CAM_ID(0)][PIPE_3AA_REPROCESSING]-DEBUG(destroy[136]):Main node(HWFC_JPEG_DST, sensorIds:-1) closed
12-20 21:18:48.226 3503 17181 D ExynosCameraNode: [CAM_ID(0)][MCSC_CAPTURE_THUMBNAIL]-DEBUG(close[285]):close(fd:58)
12-20 21:18:48.226 3503 17181 D ExynosCameraMCPipe: [CAM_ID(0)][PIPE_3AA_REPROCESSING]-DEBUG(destroy[136]):Main node(MCSC_CAPTURE_THUMBNAIL, sensorIds:-1) closed
12-20 21:18:48.226 3503 17181 D ExynosCameraNode: [CAM_ID(0)][MCSC_CAPTURE_MAIN]-DEBUG(close[285]):close(fd:57)
12-20 21:18:48.226 3503 17181 D ExynosCameraMCPipe: [CAM_ID(0)][PIPE_3AA_REPROCESSING]-DEBUG(destroy[136]):Main node(MCSC_CAPTURE_MAIN, sensorIds:-1) closed
12-20 21:18:48.226 3503 17181 D ExynosCameraNode: [CAM_ID(0)][MCSC_CAPTURE_YUV_2]-DEBUG(close[285]):close(fd:56)
12-20 21:18:48.226 3503 17181 D ExynosCameraMCPipe: [CAM_ID(0)][PIPE_3AA_REPROCESSING]-DEBUG(destroy[136]):Main node(MCSC_CAPTURE_YUV_2, sensorIds:-1) closed
12-20 21:18:48.226 3503 17181 D ExynosCameraNode: [CAM_ID(0)][MCSC_CAPTURE_YUV_1]-DEBUG(close[285]):close(fd:55)
12-20 21:18:48.227 3503 17181 D ExynosCameraMCPipe: [CAM_ID(0)][PIPE_3AA_REPROCESSING]-DEBUG(destroy[136]):Main node(MCSC_CAPTURE_YUV_1, sensorIds:-1) closed
12-20 21:18:48.227 3503 17181 D ExynosCameraNode: [CAM_ID(0)][MCSC_CAPTURE_YUV_0]-DEBUG(close[285]):close(fd:54)
12-20 21:18:48.227 3503 17181 D ExynosCameraMCPipe: [CAM_ID(0)][PIPE_3AA_REPROCESSING]-DEBUG(destroy[136]):Main node(MCSC_CAPTURE_YUV_0, sensorIds:-1) closed
12-20 21:18:48.227 3503 17181 D ExynosCameraNode: [CAM_ID(0)][REPROCESSING_ISP_CAPTURE_M2M]-DEBUG(close[285]):close(fd:53)
12-20 21:18:48.227 3503 17181 D ExynosCameraMCPipe: [CAM_ID(0)][PIPE_3AA_REPROCESSING]-DEBUG(destroy[136]):Main node(REPROCESSING_ISP_CAPTURE_M2M, sensorIds:-1) closed
12-20 21:18:48.227 3503 17181 D ExynosCameraNode: [CAM_ID(0)][REPROCESSING_3AA_OUTPUT]-DEBUG(close[285]):close(fd:52)
12-20 21:18:48.228 3503 17181 D ExynosCameraMCPipe: [CAM_ID(0)][PIPE_3AA_REPROCESSING]-DEBUG(destroy[136]):Main node(REPROCESSING_3AA_OUTPUT, sensorIds:-1) closed
12-20 21:18:48.228 3503 17181 D ExynosCameraMCPipe: [CAM_ID(0)][PIPE_3AA_REPROCESSING]-DEBUG(destroy[154]):Node destroyed
12-20 21:18:48.228 3503 17181 I ExynosCameraMCPipe: [CAM_ID(0)][PIPE_3AA_REPROCESSING]-INFO(destroy[166]):destroy() is succeed, Pipe(202)
12-20 21:18:48.228 3503 17181 I ExynosCameraMCPipe: [CAM_ID(0)][PIPE_3AA_REPROCESSING]-INFO(destroy[100]):
12-20 21:18:48.228 3503 17181 D ExynosCameraMCPipe: [CAM_ID(0)][PIPE_3AA_REPROCESSING]-DEBUG(destroy[154]):Node destroyed
12-20 21:18:48.228 3503 17181 I ExynosCameraMCPipe: [CAM_ID(0)][PIPE_3AA_REPROCESSING]-INFO(destroy[166]):destroy() is succeed, Pipe(202)
12-20 21:18:48.228 3503 17181 D ExynosCameraPipeFlite: [CAM_ID(0)][PIPE_3AA_REPROCESSING]-DEBUG(destroy[108]):
12-20 21:18:48.228 3503 17181 I ExynosCameraPipeFlite: [CAM_ID(0)][PIPE_3AA_REPROCESSING]-INFO(destroy[143]):destroy() is succeed (202)
12-20 21:18:48.228 3503 17181 D ExynosCamera3FrameFactory: [CAM_ID(0)][ReprocessingFactory]-DEBUG(destroy[68]):Pipe(2) destroyed
12-20 21:18:48.228 3503 17181 I ExynosCameraMCPipe: [CAM_ID(0)][PIPE_ISP_REPROCESSING]-INFO(destroy[100]):
12-20 21:18:48.228 3503 17181 D ExynosCameraMCPipe: [CAM_ID(0)][PIPE_ISP_REPROCESSING]-DEBUG(destroy[154]):Node destroyed
12-20 21:18:48.228 3503 17181 I ExynosCameraMCPipe: [CAM_ID(0)][PIPE_ISP_REPROCESSING]-INFO(destroy[166]):destroy() is succeed, Pipe(205)
12-20 21:18:48.229 3503 17181 I ExynosCameraMCPipe: [CAM_ID(0)][PIPE_ISP_REPROCESSING]-INFO(destroy[100]):
12-20 21:18:48.229 3503 17181 D ExynosCameraMCPipe: [CAM_ID(0)][PIPE_ISP_REPROCESSING]-DEBUG(destroy[154]):Node destroyed
12-20 21:18:48.229 3503 17181 I ExynosCameraMCPipe: [CAM_ID(0)][PIPE_ISP_REPROCESSING]-INFO(destroy[166]):destroy() is succeed, Pipe(205)
12-20 21:18:48.229 3503 17181 D ExynosCameraPipeFlite: [CAM_ID(0)][PIPE_ISP_REPROCESSING]-DEBUG(destroy[108]):
12-20 21:18:48.229 3503 17181 I ExynosCameraPipeFlite: [CAM_ID(0)][PIPE_ISP_REPROCESSING]-INFO(destroy[143]):destroy() is succeed (205)
12-20 21:18:48.229 3503 17181 D ExynosCamera3FrameFactory: [CAM_ID(0)][ReprocessingFactory]-DEBUG(destroy[68]):Pipe(5) destroyed
12-20 21:18:48.229 3503 17181 I ExynosCameraMCPipe: [CAM_ID(0)][PIPE_MCSC_REPROCESSING]-INFO(destroy[100]):
12-20 21:18:48.229 3503 17181 D ExynosCameraMCPipe: [CAM_ID(0)][PIPE_MCSC_REPROCESSING]-DEBUG(destroy[154]):Node destroyed
12-20 21:18:48.229 3503 17181 I ExynosCameraMCPipe: [CAM_ID(0)][PIPE_MCSC_REPROCESSING]-INFO(destroy[166]):destroy() is succeed, Pipe(210)
12-20 21:18:48.229 3503 17181 I ExynosCameraMCPipe: [CAM_ID(0)][PIPE_MCSC_REPROCESSING]-INFO(destroy[100]):
12-20 21:18:48.229 3503 17181 D ExynosCameraMCPipe: [CAM_ID(0)][PIPE_MCSC_REPROCESSING]-DEBUG(destroy[154]):Node destroyed
12-20 21:18:48.229 3503 17181 I ExynosCameraMCPipe: [CAM_ID(0)][PIPE_MCSC_REPROCESSING]-INFO(destroy[166]):destroy() is succeed, Pipe(210)
12-20 21:18:48.229 3503 17181 D ExynosCameraPipeFlite: [CAM_ID(0)][PIPE_MCSC_REPROCESSING]-DEBUG(destroy[108]):
12-20 21:18:48.229 3503 17181 I ExynosCameraPipeFlite: [CAM_ID(0)][PIPE_MCSC_REPROCESSING]-INFO(destroy[143]):destroy() is succeed (210)
12-20 21:18:48.229 3503 17181 D ExynosCamera3FrameFactory: [CAM_ID(0)][ReprocessingFactory]-DEBUG(destroy[68]):Pipe(10) destroyed
12-20 21:18:48.229 3503 17181 E libcsc : csc_deinit:: unsupported csc_hw_type
12-20 21:18:48.229 3503 17181 I ExynosCameraSWPipe: [CAM_ID(0)][PIPE_GSC_REPROCESSING]-INFO(release[55]):destroy() is succeed (218)
12-20 21:18:48.229 3503 17181 I ExynosCameraSWPipe: [CAM_ID(0)][PIPE_GSC_REPROCESSING]-INFO(release[55]):destroy() is succeed (218)
12-20 21:18:48.229 3503 17181 D ExynosCamera3FrameFactory: [CAM_ID(0)][ReprocessingFactory]-DEBUG(destroy[68]):Pipe(18) destroyed
12-20 21:18:48.229 3503 17181 I ExynosCamera3FrameFactory: [CAM_ID(0)][ReprocessingFactory]-INFO(destroy[49]):
12-20 21:18:48.229 3503 17181 I ExynosCamera3FrameFactory: [CAM_ID(0)][ReprocessingFactory]-INFO(m_transitState[927]):Skip state transition. curState 0
12-20 21:18:48.229 3503 17181 I ExynosCamera3FrameFactory: [CAM_ID(0)][ReprocessingFactory]-INFO(destroy[49]):
12-20 21:18:48.229 3503 17181 I ExynosCamera3FrameFactory: [CAM_ID(0)][ReprocessingFactory]-INFO(m_transitState[927]):Skip state transition. curState 0
12-20 21:18:48.229 3503 17181 D ExynosCamera3: [CAM_ID(0)][]-DEBUG(m_deinitFrameFactory[3976]):m_frameFactory[3] destroyed
12-20 21:18:48.229 3503 17181 I ExynosCamera3: [CAM_ID(0)][]-INFO(m_deinitFrameFactory[3981]):-OUT-
12-20 21:18:48.229 3503 17181 D ExynosCamera3: DEBUG:duration time( 10 msec):(m_deinitFrameFactory)
12-20 21:18:48.229 3503 17181 I ExynosCamera3: [CAM_ID(0)][]-INFO(release[900]):-OUT-
12-20 21:18:48.229 3503 17181 I ExynosCamera3Interface: INFO(HAL3_camera_device_close[203]):close camera(0)
12-20 21:18:48.229 3503 17181 I ExynosCamera3Interface: INFO(HAL3_camera_device_close[212]):out =====
12-20 21:18:48.229 3503 17181 D ExynosCamera3Interface: DEBUG:duration time( 1333 msec):(HAL3_camera_device_close)
12-20 21:18:48.245 3503 17181 I Camera3-Device: disconnect: X
12-20 21:18:48.245 3503 17181 D Camera3-Device: disconnect: mInterfaceLock.unlock()
12-20 21:18:48.245 3503 17181 D Camera3-Device: disconnect: mInterfaceLock.lock()
12-20 21:18:48.245 3503 17181 I Camera3-Device: disconnect: E
12-20 21:18:48.245 3503 17181 D Camera3-Device: disconnect: mInterfaceLock.unlock()
12-20 21:18:48.248 3503 17181 I CameraService: finishCameraOps: Finish camera ops, package name = org.qtproject.example.camera, client UID = 10284
12-20 21:18:48.249 3503 17181 I CameraService: onTorchStatusChangedLocked: Torch status changed for cameraId=0, newStatus=1
12-20 21:18:48.252 3503 17181 I CameraFlashlight: deviceClosed: device 0 is closed(package=org.qtproject.example.camera)
12-20 21:18:48.254 3503 17181 I CameraService: onTorchStatusChangedLocked: Torch status changed for cameraId=0, newStatus=1
12-20 21:18:48.254 3503 17181 I CameraService: disconnect: Disconnected client for camera 0 for PID 13935
12-20 21:18:48.308 23502 23539 I bake : (REDACTED) getHotwordActive::active query: %s, watch: %s, devices connected: %s
12-20 21:18:48.344 25403 25403 I SKBD : and isTosAccept false
12-20 21:18:48.545 25403 25403 I chatty : uid=10158(com.sec.android.inputmethod) identical 1 line
12-20 21:18:48.746 25403 25403 I SKBD : and isTosAccept false
12-20 21:18:48.784 17977 17977 V MediaPlayer-JNI: getCurrentPosition: 223927 (msec)
12-20 21:18:48.785 17977 17977 V MediaPlayerNative: getDuration_l
12-20 21:18:48.786 3518 11436 V MediaPlayerService: getDuration
12-20 21:18:48.786 3518 11436 V MediaPlayerService: [3701] getDuration = 240800
12-20 21:18:48.786 17977 17977 V MediaPlayer-JNI: getDuration: 240800 (msec)
12-20 21:18:48.791 17977 17977 V MediaPlayer-JNI: getCurrentPosition: 223927 (msec)
12-20 21:18:48.791 17977 17977 V MediaPlayerNative: getDuration_l
12-20 21:18:48.792 3518 11436 V MediaPlayerService: getDuration
12-20 21:18:48.792 3518 11436 V MediaPlayerService: [3701] getDuration = 240800
12-20 21:18:48.792 17977 17977 V MediaPlayer-JNI: getDuration: 240800 (msec)
12-20 21:18:48.912 2718 2718 D SecStatusBarWifiView: updateState: WifiIconState(resId=2131232630, visible=true, activityId=2131232657)
12-20 21:18:48.947 25403 25403 I SKBD : and isTosAccept false
12-20 21:18:49.148 25403 25403 I SKBD : and isTosAccept false
12-20 21:18:49.200 3301 3468 E NativeSemDvfsCpuManager: release:: Start
12-20 21:18:49.200 3301 3468 E NativeSemDvfsCpuManager: release():: mIsAcquired = 1 , mName = CPU , mTagName : AudioFlinger
12-20 21:18:49.210 3834 5246 D CustomFrequencyManagerService: releaseDVFSLockLocked : Getting Lock type frm List : DVFS_MIN_LIMIT frequency : 149500 uid : 1000 pid : 3834 tag : AudioFlinger
12-20 21:18:49.214 3301 3468 E NativeCustomFrequencyManager: [NativeCFMS] BpCustomFrequencyManager::releaseDVFSLock()
12-20 21:18:49.214 3301 3468 E NativeSemDvfsCpuManager: release:: End
12-20 21:18:49.349 25403 25403 I SKBD : and isTosAccept false
12-20 21:18:49.550 25403 25403 I chatty : uid=10158(com.sec.android.inputmethod) identical 1 line
12-20 21:18:49.751 25403 25403 I SKBD : and isTosAccept false
12-20 21:18:49.830 17977 17977 V MediaPlayer-JNI: getCurrentPosition: 223927 (msec)
12-20 21:18:49.830 17977 17977 V MediaPlayerNative: getDuration_l
12-20 21:18:49.833 3518 11436 V MediaPlayerService: getDuration
12-20 21:18:49.833 3518 11436 V MediaPlayerService: [3701] getDuration = 240800
12-20 21:18:49.834 17977 17977 V MediaPlayer-JNI: getDuration: 240800 (msec)
12-20 21:18:49.837 17977 17977 V MediaPlayer-JNI: getCurrentPosition: 223927 (msec)
12-20 21:18:49.837 17977 17977 V MediaPlayerNative: getDuration_l
12-20 21:18:49.838 3518 11436 V MediaPlayerService: getDuration
12-20 21:18:49.838 3518 11436 V MediaPlayerService: [3701] getDuration = 240800
12-20 21:18:49.839 17977 17977 V MediaPlayer-JNI: getDuration: 240800 (msec)
12-20 21:18:49.952 25403 25403 I SKBD : and isTosAccept false
12-20 21:18:49.985 3834 4021 D WifiTrafficPoller: TrafficStats TxPkts=10492857 RxPkts=17642681 TxBytes=1514340448 RxBytes=21740457871 , Foreground uid=10284 pkgName=org.qtproject.example.camera TxPackets=0 RxPackets=0 TxBytes=0 RxBytes=0
12-20 21:18:50.000 2718 2718 D SecStatusBarWifiView: updateState: WifiIconState(resId=2131232630, visible=true, activityId=2131232637)
12-20 21:18:50.116 3834 4022 I WifiVendorHal: getWifiLinkLayerStats(l.2973) before calling iface.getLinkLayerStats
12-20 21:18:50.118 3290 3290 I android.hardware.wifi@1.0-service: enter getLinkLayerStats
12-20 21:18:50.118 3290 3290 I android.hardware.wifi@1.0-service: enter getLinkLayerStatsInternal
12-20 21:18:50.153 25403 25403 I SKBD : and isTosAccept false
12-20 21:18:50.164 3290 3290 I android.hardware.wifi@1.0-service: Successfully getLinkLayerStats.
12-20 21:18:50.166 3834 4022 I WifiVendorHal: getWifiLinkLayerStats(l.2973) after calling iface.getLinkLayerStats
12-20 21:18:50.266 3834 4022 I WifiStateMachine: checkScoreBasedQuality - mPreviousScore[0]:62 mPreviousScore[1]:63 mPreviousScore[2]:63 s2Score:63mPrevoiusScoreAverage:62
12-20 21:18:50.354 25403 25403 I SKBD : and isTosAccept false
12-20 21:18:50.475 13881 13881 D BoundBrokerSvc: onUnbind: Intent { act=com.google.android.gms.auth.cryptauth.cryptauthservice.START dat=chimera-action: cmp=com.google.android.gms/.chimera.GmsBoundBrokerService }
12-20 21:18:50.490 26314 26334 D conversations: skipping UnifiedPush endpoint renewal. No transport selected
12-20 21:18:50.555 25403 25403 I SKBD : and isTosAccept false
12-20 21:18:50.674 13881 13881 D BoundBrokerSvc: onUnbind: Intent { act=com.google.android.gms.pay.service.BIND dat=chimera-action: cmp=com.google.android.gms/.chimera.GmsApiService }
12-20 21:18:50.756 25403 25403 I SKBD : and isTosAccept false
12-20 21:18:50.874 17977 17977 V MediaPlayer-JNI: getCurrentPosition: 223927 (msec)
12-20 21:18:50.875 17977 17977 V MediaPlayerNative: getDuration_l
12-20 21:18:50.876 3518 11436 V MediaPlayerService: getDuration
12-20 21:18:50.876 3518 11436 V MediaPlayerService: [3701] getDuration = 240800
12-20 21:18:50.877 17977 17977 V MediaPlayer-JNI: getDuration: 240800 (msec)
12-20 21:18:50.879 17977 17977 V MediaPlayer-JNI: getCurrentPosition: 223927 (msec)
12-20 21:18:50.880 17977 17977 V MediaPlayerNative: getDuration_l
12-20 21:18:50.880 3518 11436 V MediaPlayerService: getDuration
12-20 21:18:50.881 3518 11436 V MediaPlayerService: [3701] getDuration = 240800
12-20 21:18:50.881 17977 17977 V MediaPlayer-JNI: getDuration: 240800 (msec)
12-20 21:18:50.884 3834 5246 D ConnectivityService: filterNetworkStateForUid() uid: 10209, pid: 26314
12-20 21:18:50.885 3834 5246 D ConnectivityService: isNetworkWithLinkPropertiesBlocked: uid=10209, vpn=DISCONNECTED,false
12-20 21:18:50.886 3834 5246 D ConnectivityService: filterNetworkStateForUid() uid: 10209, pid: 26314, networkInfo: [type: WIFI[], state: CONNECTED/CONNECTED, reason: (unspecified), extra: (none), failover: false, available: true, roaming: false]
12-20 21:18:50.904 3834 5246 I SamsungAlarmManager: setLocked to kernel - T:2 / 20231220T211926, SetElapsed=10973904013, nowELAPSED=10973868763
12-20 21:18:50.904 3834 5246 I SamsungAlarmManager: setLocked to kernel - T:3 / 20231220T211859, SetElapsed=10973877858, nowELAPSED=10973868763
12-20 21:18:50.911 3834 5246 D SamsungAlarmManager: setInexact Intent (T:2/F:8/AC:false) 20231220T212121 - CU:10209/CP:26314
12-20 21:18:50.911 3834 5246 I SamsungAlarmManager: setLocked to kernel - T:2 / 20231220T211926, SetElapsed=10973904013, nowELAPSED=10973868770
12-20 21:18:50.911 3834 5246 I SamsungAlarmManager: setLocked to kernel - T:3 / 20231220T211859, SetElapsed=10973877858, nowELAPSED=10973868770
12-20 21:18:50.957 25403 25403 I SKBD : and isTosAccept false
12-20 21:18:51.533 3834 3934 D BatteryService: Sending ACTION_BATTERY_CHANGED. scale:100, info:{.chargerAcOnline = false, .chargerUsbOnline = true, .chargerWirelessOnline = false, .maxChargingCurrent = 0, .maxChargingVoltage = 0, .batteryStatus = CHARGING, .batteryHealth = GOOD, .batteryPresent = true, .batteryLevel = 81, .batteryVoltage = 4084, .batteryTemperature = 258, .batteryCurrent = 0, .batteryCycleCount = 0, .batteryFullCharge = 3000000, .batteryChargeCounter = 2427006, .batteryTechnology = Li-ion}
12-20 21:18:51.533 3834 3934 D BatteryService: online:4, current avg:103, charge type:1, POGO powered:false, power sharing:false, high voltage charger:false, charger_type:0, capacity:280000, batterySWSelfDischarging:false, misc_event:65536, current_event:0, current_now:231
12-20 21:18:51.157 25403 25403 I chatty : uid=10158(com.sec.android.inputmethod) identical 1 line
12-20 21:18:51.358 25403 25403 I SKBD : and isTosAccept false
12-20 21:18:51.540 4118 4118 D BigDataInfoController: Intent : android.intent.action.BATTERY_CHANGED
12-20 21:18:51.547 4515 4726 D EPDG -- SIM0 [EpdgSubScription]: android.intent.action.BATTERY_CHANGED intent received.
12-20 21:18:51.547 3834 3834 I MotionRecognitionService: Plugged
12-20 21:18:51.547 3834 3834 D MotionRecognitionService: mCableConnection= 1
12-20 21:18:51.547 3834 3834 D MotionRecognitionService: setPowerConnected : mGripEnabled = false
12-20 21:18:51.548 3834 3834 D UsbDeviceManager: received ACTION_BATTERY_CHANGED
12-20 21:18:51.549 3834 3868 D UsbDeviceManager: handleMessage -> MSG_UPDATE_CHARGING_STATE = 1
12-20 21:18:51.549 3834 3868 D UsbDeviceManager: updateUsbNotification(false) : mConnected = true, mConfigured = true, mCurrentFunctions = 5, mHostConnected = false, mSourcePower = false, mSinkPower = true, mUsbCharging = true, mUseUsbNotification = true
12-20 21:18:51.550 2718 2718 D KeyguardUpdateMonitor: received broadcast android.intent.action.BATTERY_CHANGED
12-20 21:18:51.551 2718 2718 D KeyguardUpdateMonitor: handleBatteryUpdate
12-20 21:18:51.555 3834 3868 D UsbDeviceManager: updateUsbNotification, set mCurrentFunctionsForNoti : mtp
12-20 21:18:51.556 3834 3868 D DexObserverFW: isDexModeOn() : false
12-20 21:18:51.556 3834 3868 D DexObserverFW: isSemiDexModeOn() : false
12-20 21:18:51.557 3834 3868 D UsbDeviceManager: id=27, mUsbNotificationId=27, titleRes=17042102
12-20 21:18:51.559 25403 25403 I SKBD : and isTosAccept false
12-20 21:18:51.577 2718 2718 D PowerUI : priorPlugType = 2 mPlugType = 2 priorBatteryStatus = 2 mBatteryStatus = 2
12-20 21:18:51.579 2718 2718 D PowerUI.Notification: showChargingNotice oldChargingType : 1 currentChargingType : 1 oldChargingTime : 3828000 mChargingTime : 3807000
12-20 21:18:51.579 2718 2718 D PowerUI.Notification: showChargingNotification()
12-20 21:18:51.593 3834 5246 D ApplicationPolicy: isStatusBarNotificationAllowedAsUser: packageName = com.android.systemui,userId = 0
12-20 21:18:51.593 3834 5246 D API test: getContainerInfo: value is
12-20 21:18:51.596 3834 5246 D ApplicationPolicy: isStatusBarNotificationAllowedAsUser: packageName = com.android.systemui,userId = -1
12-20 21:18:51.596 3834 5246 D API test: getContainerInfo: value is
12-20 21:18:51.596 3834 5246 D ApplicationPolicy: isStatusBarNotificationAllowedAsUser: converting userId from USER_ALLto 0
12-20 21:18:51.596 3834 5246 D API test: getContainerInfo: value is
12-20 21:18:51.597 2718 2718 D PowerUI : Battery swelling mode - priorBatterySwellingMode = 0 mBatterySwellingMode = 0
12-20 21:18:51.611 2718 2718 I StackScroller: ADJUST STACK.TRANSLATION
12-20 21:18:51.612 2718 2718 I chatty : uid=10004(com.samsung.android.app.aodservice) com.android.systemui identical 1 line
12-20 21:18:51.613 2718 2718 I StackScroller: ADJUST STACK.TRANSLATION
12-20 21:18:51.759 25403 25403 I SKBD : and isTosAccept false
12-20 21:18:51.867 3834 3834 D EdgeLightingManager: isCallingUserSupported : callingUserId=-1, mUserId=0, isDualAppId=false
12-20 21:18:51.872 3834 3834 W Looper : Slow dispatch took 169ms main h=com.android.server.notification.NotificationManagerService$WorkerHandler c=com.android.server.notification.NotificationManagerService$PostNotificationRunnable@551b6b2 m=0
12-20 21:18:51.874 3834 3834 W Looper : Slow system_server main looper dispatch took 169ms h=com.android.server.notification.NotificationManagerService$WorkerHandler c=com.android.server.notification.NotificationManagerService$PostNotificationRunnable@551b6b2 m=0
