12-20 21:18:46.871 3503 17181 I ExynosCameraBufferManager: [CAM_ID(0)][PREVIEW_CB_STREAM_BUF]-INFO(dumpBufferInfo[1817]):[m_buffer[1].fd[1]=102] .addr=0xf0862000 .size=36864 .position=3 .permission=0]
12-20 21:18:46.871 3503 17181 I ExynosCameraBufferManager: [CAM_ID(0)][PREVIEW_CB_STREAM_BUF]-INFO(dumpBufferInfo[1817]):[m_buffer[2].fd[0]=-1] .addr=0x0 .size=3110400 .position=3 .permission=0]
12-20 21:18:46.871 3503 17181 I ExynosCameraBufferManager: [CAM_ID(0)][PREVIEW_CB_STREAM_BUF]-INFO(dumpBufferInfo[1817]):[m_buffer[2].fd[1]=103] .addr=0xf0859000 .size=36864 .position=3 .permission=0]
12-20 21:18:46.871 3503 17181 I ExynosCameraBufferManager: [CAM_ID(0)][PREVIEW_CB_STREAM_BUF]-INFO(dumpBufferInfo[1817]):[m_buffer[3].fd[0]=-1] .addr=0x0 .size=3110400 .position=3 .permission=0]
12-20 21:18:46.871 3503 17181 I ExynosCameraBufferManager: [CAM_ID(0)][PREVIEW_CB_STREAM_BUF]-INFO(dumpBufferInfo[1817]):[m_buffer[3].fd[1]=104] .addr=0xf07eb000 .size=36864 .position=3 .permission=0]
12-20 21:18:46.871 3503 17181 I ExynosCameraBufferManager: [CAM_ID(0)][PREVIEW_CB_STREAM_BUF]-INFO(dumpBufferInfo[1817]):[m_buffer[4].fd[0]=-1] .addr=0x0 .size=3110400 .position=3 .permission=0]
12-20 21:18:46.871 3503 17181 I ExynosCameraBufferManager: [CAM_ID(0)][PREVIEW_CB_STREAM_BUF]-INFO(dumpBufferInfo[1817]):[m_buffer[4].fd[1]=105] .addr=0xf07dc000 .size=36864 .position=3 .permission=0]
12-20 21:18:46.871 3503 17181 I ExynosCameraBufferManager: [CAM_ID(0)][PREVIEW_CB_STREAM_BUF]-INFO(dumpBufferInfo[1817]):[m_buffer[5].fd[0]=-1] .addr=0x0 .size=3110400 .position=3 .permission=0]
12-20 21:18:46.871 3503 17181 I ExynosCameraBufferManager: [CAM_ID(0)][PREVIEW_CB_STREAM_BUF]-INFO(dumpBufferInfo[1817]):[m_buffer[5].fd[1]=106] .addr=0xf0779000 .size=36864 .position=3 .permission=0]
12-20 21:18:46.871 3503 17181 I ExynosCameraBufferManager: [CAM_ID(0)][PREVIEW_CB_STREAM_BUF]-INFO(dumpBufferInfo[1817]):[m_buffer[6].fd[0]=-1] .addr=0x0 .size=3110400 .position=3 .permission=0]
12-20 21:18:46.871 3503 17181 I ExynosCameraBufferManager: [CAM_ID(0)][PREVIEW_CB_STREAM_BUF]-INFO(dumpBufferInfo[1817]):[m_buffer[6].fd[1]=107] .addr=0xf0770000 .size=36864 .position=3 .permission=0]
12-20 21:18:46.871 3503 17181 I ExynosCameraBufferManager: [CAM_ID(0)][PREVIEW_CB_STREAM_BUF]-INFO(dumpBufferInfo[1817]):[m_buffer[7].fd[0]=-1] .addr=0x0 .size=3110400 .position=3 .permission=0]
12-20 21:18:46.871 3503 17181 I ExynosCameraBufferManager: [CAM_ID(0)][PREVIEW_CB_STREAM_BUF]-INFO(dumpBufferInfo[1817]):[m_buffer[7].fd[1]=108] .addr=0xf06db000 .size=36864 .position=3 .permission=0]
12-20 21:18:46.871 3503 17181 I ExynosCameraBufferManager: [CAM_ID(0)][PREVIEW_CB_STREAM_BUF]-INFO(dumpBufferInfo[1817]):[m_buffer[8].fd[0]=-1] .addr=0x0 .size=3110400 .position=3 .permission=0]
12-20 21:18:46.871 3503 17181 I ExynosCameraBufferManager: [CAM_ID(0)][PREVIEW_CB_STREAM_BUF]-INFO(dumpBufferInfo[1817]):[m_buffer[8].fd[1]=109] .addr=0xf06ca000 .size=36864 .position=3 .permission=0]
12-20 21:18:46.871 3503 17181 I ExynosCameraBufferManager: [CAM_ID(0)][PREVIEW_CB_STREAM_BUF]-INFO(dumpBufferInfo[1817]):[m_buffer[9].fd[0]=-1] .addr=0x0 .size=3110400 .position=3 .permission=0]
12-20 21:18:46.871 3503 17181 I ExynosCameraBufferManager: [CAM_ID(0)][PREVIEW_CB_STREAM_BUF]-INFO(dumpBufferInfo[1817]):[m_buffer[9].fd[1]=110] .addr=0xf06c1000 .size=36864 .position=3 .permission=0]
12-20 21:18:46.871 3503 17181 I ExynosCameraBufferManager: [CAM_ID(0)][PREVIEW_CB_STREAM_BUF]-INFO(dumpBufferInfo[1817]):[m_buffer[10].fd[0]=-1] .addr=0x0 .size=3110400 .position=3 .permission=0]
12-20 21:18:46.871 3503 17181 I ExynosCameraBufferManager: [CAM_ID(0)][PREVIEW_CB_STREAM_BUF]-INFO(dumpBufferInfo[1817]):[m_buffer[10].fd[1]=111] .addr=0xf06b8000 .size=36864 .position=3 .permission=0]
12-20 21:18:46.871 3503 17181 I ExynosCameraBufferManager: [CAM_ID(0)][PREVIEW_CB_STREAM_BUF]-INFO(dumpBufferInfo[1817]):[m_buffer[11].fd[0]=-1] .addr=0x0 .size=3110400 .position=3 .permission=0]
12-20 21:18:46.871 3503 17181 I ExynosCameraBufferManager: [CAM_ID(0)][PREVIEW_CB_STREAM_BUF]-INFO(dumpBufferInfo[1817]):[m_buffer[11].fd[1]=112] .addr=0xf06af000 .size=36864 .position=3 .permission=0]
12-20 21:18:46.871 3503 17181 I ExynosCameraBufferManager: [CAM_ID(0)][PREVIEW_CB_STREAM_BUF]-INFO(dumpBufferInfo[1817]):[m_buffer[12].fd[0]=-1] .addr=0x0 .size=3110400 .position=3 .permission=0]
12-20 21:18:46.871 3503 17181 I ExynosCameraBufferManager: [CAM_ID(0)][PREVIEW_CB_STREAM_BUF]-INFO(dumpBufferInfo[1817]):[m_buffer[12].fd[1]=113] .addr=0xf06a6000 .size=36864 .position=3 .permission=0]
12-20 21:18:46.871 3503 17181 I ExynosCameraBufferManager: [CAM_ID(0)][PREVIEW_CB_STREAM_BUF]-INFO(dumpBufferInfo[1817]):[m_buffer[13].fd[0]=-1] .addr=0x0 .size=3110400 .position=3 .permission=0]
12-20 21:18:46.871 3503 17181 I ExynosCameraBufferManager: [CAM_ID(0)][PREVIEW_CB_STREAM_BUF]-INFO(dumpBufferInfo[1817]):[m_buffer[13].fd[1]=114] .addr=0xf069d000 .size=36864 .position=3 .permission=0]
12-20 21:18:46.871 3503 17181 I ExynosCameraBufferManager: [CAM_ID(0)][PREVIEW_CB_STREAM_BUF]-INFO(dumpBufferInfo[1817]):[m_buffer[14].fd[0]=-1] .addr=0x0 .size=3110400 .position=3 .permission=0]
12-20 21:18:46.871 3503 17181 I ExynosCameraBufferManager: [CAM_ID(0)][PREVIEW_CB_STREAM_BUF]-INFO(dumpBufferInfo[1817]):[m_buffer[14].fd[1]=115] .addr=0xf0694000 .size=36864 .position=3 .permission=0]
12-20 21:18:46.871 3503 17181 I ExynosCameraBufferManager: [CAM_ID(0)][PREVIEW_CB_STREAM_BUF]-INFO(dumpBufferInfo[1817]):[m_buffer[15].fd[0]=-1] .addr=0x0 .size=3110400 .position=3 .permission=0]
12-20 21:18:46.871 3503 17181 I ExynosCameraBufferManager: [CAM_ID(0)][PREVIEW_CB_STREAM_BUF]-INFO(dumpBufferInfo[1817]):[m_buffer[15].fd[1]=116] .addr=0xf0672000 .size=36864 .position=3 .permission=0]
12-20 21:18:46.871 3503 17181 I ExynosCameraBufferManager: [CAM_ID(0)][PREVIEW_CB_STREAM_BUF]-INFO(dumpBufferInfo[1817]):[m_buffer[16].fd[0]=-1] .addr=0x0 .size=3110400 .position=3 .permission=0]
12-20 21:18:46.871 3503 17181 I ExynosCameraBufferManager: [CAM_ID(0)][PREVIEW_CB_STREAM_BUF]-INFO(dumpBufferInfo[1817]):[m_buffer[16].fd[1]=117] .addr=0xf0669000 .size=36864 .position=3 .permission=0]
12-20 21:18:46.871 3503 17181 I ExynosCameraBufferManager: [CAM_ID(0)][PREVIEW_CB_STREAM_BUF]-INFO(dumpBufferInfo[1817]):[m_buffer[17].fd[0]=-1] .addr=0x0 .size=3110400 .position=3 .permission=0]
12-20 21:18:46.871 3503 17181 I ExynosCameraBufferManager: [CAM_ID(0)][PREVIEW_CB_STREAM_BUF]-INFO(dumpBufferInfo[1817]):[m_buffer[17].fd[1]=118] .addr=0xf0660000 .size=36864 .position=3 .permission=0]
12-20 21:18:46.871 3503 17181 I ExynosCameraBufferManager: [CAM_ID(0)][PREVIEW_CB_STREAM_BUF]-INFO(dumpBufferInfo[1817]):[m_buffer[18].fd[0]=-1] .addr=0x0 .size=3110400 .position=3 .permission=0]
12-20 21:18:46.871 3503 17181 I ExynosCameraBufferManager: [CAM_ID(0)][PREVIEW_CB_STREAM_BUF]-INFO(dumpBufferInfo[1817]):[m_buffer[18].fd[1]=119] .addr=0xf0657000 .size=36864 .position=3 .permission=0]
12-20 21:18:46.871 3503 17181 I ExynosCameraBufferManager: [CAM_ID(0)][PREVIEW_CB_STREAM_BUF]-INFO(dumpBufferInfo[1817]):[m_buffer[19].fd[0]=-1] .addr=0x0 .size=3110400 .position=3 .permission=0]
12-20 21:18:46.871 3503 17181 I ExynosCameraBufferManager: [CAM_ID(0)][PREVIEW_CB_STREAM_BUF]-INFO(dumpBufferInfo[1817]):[m_buffer[19].fd[1]=120] .addr=0xf064e000 .size=36864 .position=3 .permission=0]
12-20 21:18:46.871 3503 17181 I ExynosCameraBufferManager: [CAM_ID(0)][PREVIEW_CB_STREAM_BUF]-INFO(dumpBufferInfo[1817]):[m_buffer[20].fd[0]=-1] .addr=0x0 .size=3110400 .position=3 .permission=0]
12-20 21:18:46.871 3503 17181 I ExynosCameraBufferManager: [CAM_ID(0)][PREVIEW_CB_STREAM_BUF]-INFO(dumpBufferInfo[1817]):[m_buffer[20].fd[1]=121] .addr=0xf0645000 .size=36864 .position=3 .permission=0]
12-20 21:18:46.871 3503 17181 I ExynosCameraBufferManager: [CAM_ID(0)][PREVIEW_CB_STREAM_BUF]-INFO(dumpBufferInfo[1817]):[m_buffer[21].fd[0]=-1] .addr=0x0 .size=3110400 .position=3 .permission=0]
12-20 21:18:46.871 3503 17181 I ExynosCameraBufferManager: [CAM_ID(0)][PREVIEW_CB_STREAM_BUF]-INFO(dumpBufferInfo[1817]):[m_buffer[21].fd[1]=122] .addr=0xf063c000 .size=36864 .position=3 .permission=0]
12-20 21:18:46.871 3503 17181 I ExynosCameraBufferManager: [CAM_ID(0)][PREVIEW_CB_STREAM_BUF]-INFO(dumpBufferInfo[1817]):[m_buffer[22].fd[0]=-1] .addr=0x0 .size=3110400 .position=3 .permission=0]
12-20 21:18:46.871 3503 17181 I ExynosCameraBufferManager: [CAM_ID(0)][PREVIEW_CB_STREAM_BUF]-INFO(dumpBufferInfo[1817]):[m_buffer[22].fd[1]=123] .addr=0xf0633000 .size=36864 .position=3 .permission=0]
12-20 21:18:46.871 3503 17181 I ExynosCameraBufferManager: [CAM_ID(0)][PREVIEW_CB_STREAM_BUF]-INFO(dumpBufferInfo[1817]):[m_buffer[23].fd[0]=-1] .addr=0x0 .size=3110400 .position=3 .permission=0]
12-20 21:18:46.871 3503 17181 I ExynosCameraBufferManager: [CAM_ID(0)][PREVIEW_CB_STREAM_BUF]-INFO(dumpBufferInfo[1817]):[m_buffer[23].fd[1]=124] .addr=0xf062a000 .size=36864 .position=3 .permission=0]
12-20 21:18:46.871 3503 17181 I ExynosCameraBufferManager: [CAM_ID(0)][PREVIEW_CB_STREAM_BUF]-INFO(dumpBufferInfo[1817]):[m_buffer[24].fd[0]=-1] .addr=0x0 .size=3110400 .position=3 .permission=0]
12-20 21:18:46.871 3503 17181 I ExynosCameraBufferManager: [CAM_ID(0)][PREVIEW_CB_STREAM_BUF]-INFO(dumpBufferInfo[1817]):[m_buffer[24].fd[1]=125] .addr=0xf0621000 .size=36864 .position=3 .permission=0]
12-20 21:18:46.871 3503 17181 I ExynosCameraBufferManager: [CAM_ID(0)][PREVIEW_CB_STREAM_BUF]-INFO(dumpBufferInfo[1817]):[m_buffer[25].fd[0]=-1] .addr=0x0 .size=3110400 .position=3 .permission=0]
12-20 21:18:46.871 3503 17181 I ExynosCameraBufferManager: [CAM_ID(0)][PREVIEW_CB_STREAM_BUF]-INFO(dumpBufferInfo[1817]):[m_buffer[25].fd[1]=126] .addr=0xf060b000 .size=36864 .position=3 .permission=0]
12-20 21:18:46.871 3503 17181 I ExynosCameraBufferManager: [CAM_ID(0)][PREVIEW_CB_STREAM_BUF]-INFO(dumpBufferInfo[1817]):[m_buffer[26].fd[0]=-1] .addr=0x0 .size=3110400 .position=3 .permission=0]
12-20 21:18:46.871 3503 17181 I ExynosCameraBufferManager: [CAM_ID(0)][PREVIEW_CB_STREAM_BUF]-INFO(dumpBufferInfo[1817]):[m_buffer[26].fd[1]=127] .addr=0xf0602000 .size=36864 .position=3 .permission=0]
12-20 21:18:46.871 3503 17181 I ExynosCameraBufferManager: [CAM_ID(0)][PREVIEW_CB_STREAM_BUF]-INFO(dumpBufferInfo[1817]):[m_buffer[27].fd[0]=-1] .addr=0x0 .size=3110400 .position=3 .permission=0]
12-20 21:18:46.872 3503 17181 I ExynosCameraBufferManager: [CAM_ID(0)][PREVIEW_CB_STREAM_BUF]-INFO(dumpBufferInfo[1817]):[m_buffer[27].fd[1]=128] .addr=0xf05f6000 .size=36864 .position=3 .permission=0]
12-20 21:18:46.872 3503 17181 I ExynosCameraBufferManager: [CAM_ID(0)][PREVIEW_CB_STREAM_BUF]-INFO(dumpBufferInfo[1817]):[m_buffer[28].fd[0]=-1] .addr=0x0 .size=3110400 .position=3 .permission=0]
12-20 21:18:46.872 3503 17181 I ExynosCameraBufferManager: [CAM_ID(0)][PREVIEW_CB_STREAM_BUF]-INFO(dumpBufferInfo[1817]):[m_buffer[28].fd[1]=129] .addr=0xf05ed000 .size=36864 .position=3 .permission=0]
12-20 21:18:46.872 3503 17181 I ExynosCameraBufferManager: [CAM_ID(0)][PREVIEW_CB_STREAM_BUF]-INFO(dumpBufferInfo[1817]):[m_buffer[29].fd[0]=-1] .addr=0x0 .size=3110400 .position=3 .permission=0]
12-20 21:18:46.872 3503 17181 I ExynosCameraBufferManager: [CAM_ID(0)][PREVIEW_CB_STREAM_BUF]-INFO(dumpBufferInfo[1817]):[m_buffer[29].fd[1]=130] .addr=0xf05e4000 .size=36864 .position=3 .permission=0]
12-20 21:18:46.872 3503 17181 I ExynosCameraBufferManager: [CAM_ID(0)][PREVIEW_CB_STREAM_BUF]-INFO(dumpBufferInfo[1817]):[m_buffer[30].fd[0]=-1] .addr=0x0 .size=3110400 .position=3 .permission=0]
12-20 21:18:46.872 3503 17181 I ExynosCameraBufferManager: [CAM_ID(0)][PREVIEW_CB_STREAM_BUF]-INFO(dumpBufferInfo[1817]):[m_buffer[30].fd[1]=131] .addr=0xf05d9000 .size=36864 .position=3 .permission=0]
12-20 21:18:46.872 3503 17181 I ExynosCameraBufferManager: [CAM_ID(0)][PREVIEW_CB_STREAM_BUF]-INFO(dumpBufferInfo[1817]):[m_buffer[31].fd[0]=-1] .addr=0x0 .size=3110400 .position=3 .permission=0]
12-20 21:18:46.872 3503 17181 I ExynosCameraBufferManager: [CAM_ID(0)][PREVIEW_CB_STREAM_BUF]-INFO(dumpBufferInfo[1817]):[m_buffer[31].fd[1]=132] .addr=0xf05d0000 .size=36864 .position=3 .permission=0]
12-20 21:18:46.872 3503 17181 D ExynosCameraBufferManager: DEBUG:duration time( 3 msec):(alloc)
12-20 21:18:46.872 3503 17181 D ExynosCameraStreamManager: DEBUG(setBufferManager[306]):m_bufferManager(0xd3c55000)
12-20 21:18:46.872 3503 17181 D ExynosCamera3: [CAM_ID(0)][]-DEBUG(configureStreams[1436]):preivewCallbackBufferMgr - 0xd3c55000
12-20 21:18:46.872 3503 17181 I ExynosCameraRequestManager: [CAM_ID(0)][]-INFO(m_pushStreamThread[3837]):key(4)
12-20 21:18:46.872 3503 17181 I ExynosCameraRequestManager: [CAM_ID(0)][]-INFO(m_pushStreamThread[3837]):key(12)
12-20 21:18:46.872 3503 13986 I ExynosCamera3: [CAM_ID(0)][]-INFO(m_setBuffers[7206]):alloc buffer - camera ID: 0
12-20 21:18:46.872 3503 13986 I ExynosCamera3: [CAM_ID(0)][]-INFO(m_setBuffers[7210]):HW Sensor MAX width x height = 4032x3024
12-20 21:18:46.873 3503 13986 I ExynosCamera3: [CAM_ID(0)][]-INFO(m_setBuffers[7213]):Preview BDS width x height = 4032x3024
12-20 21:18:46.873 3503 13986 I ExynosCamera3: [CAM_ID(0)][]-INFO(m_setBuffers[7222]):PreviewSize(Max) width x height = 4032x3024
12-20 21:18:46.873 3503 13986 I ExynosCameraBufferManager: [CAM_ID(0)][FLITE_BUF]-INFO(setContigBufCount[316]):reservedMemoryCount(7)
12-20 21:18:46.873 3503 13986 I ExynosCamera3: [CAM_ID(0)][]-INFO(m_allocBuffers[7160]):setInfo(planeCount=2, minBufCount=7, maxBufCount=7, type=2, allocMode=1)
12-20 21:18:46.874 3503 13987 I ExynosCamera3: [CAM_ID(0)][]-INFO(m_setReprocessingBuffer[7741]):Max Picture size 4032x3024 format 56595559
12-20 21:18:46.874 3503 13987 I ExynosCamera3: [CAM_ID(0)][]-INFO(m_setReprocessingBuffer[7743]):MAX Thumbnail size 504x376
12-20 21:18:46.874 3503 13987 I ExynosCamera3: [CAM_ID(0)][]-INFO(m_allocBuffers[7160]):setInfo(planeCount=2, minBufCount=1, maxBufCount=32, type=4, allocMode=0)
12-20 21:18:46.874 3503 13987 E ExynosCameraBufferManager: [CAM_ID(0)][YUV_CAPTURE_BUF]-ERR(m_defaultAlloc[1223]):buffer[0].fd[1] = 33 already allocated
12-20 21:18:46.874 3503 13987 D ExynosCameraBufferManager: [CAM_ID(0)][YUV_CAPTURE_BUF]-DEBUG(m_defaultAlloc[1329]):Duration time of buffer(Plane:1) allocation( 0 msec)
12-20 21:18:46.874 3503 13987 D ExynosCameraBufferManager: SYNC_FORCE_CACHED
12-20 21:18:46.874 3503 13987 E ExynosCameraBufferManager: [CAM_ID(0)][YUV_CAPTURE_BUF]-ERR(m_defaultAlloc[1223]):buffer[0].fd[0] = 37 already allocated
12-20 21:18:46.874 3503 13987 D ExynosCameraBufferManager: [CAM_ID(0)][YUV_CAPTURE_BUF]-DEBUG(m_defaultAlloc[1329]):Duration time of buffer(Plane:0) allocation( 0 msec)
12-20 21:18:46.874 3503 13986 D ExynosCameraBufferManager: [CAM_ID(0)][FLITE_BUF]-DEBUG(m_defaultAlloc[1329]):Duration time of buffer(Plane:1) allocation( 0 msec)
12-20 21:18:46.874 3503 13986 I ExynosCameraBufferManager: [CAM_ID(0)][FLITE_BUF]-INFO(m_defaultAlloc[1122]):bufIndex(0) < reservedMaxCount(7) , m_reservedMemoryCount(7), non-cached
12-20 21:18:46.874 3503 13987 D ExynosCameraBufferManager: [CAM_ID(0)][YUV_CAPTURE_BUF]-DEBUG(alloc[241]):Allocate the buffer succeeded (allowed(32), requested(1), allocated(1))
12-20 21:18:46.874 3503 13987 I ExynosCameraBufferManager: [CAM_ID(0)][YUV_CAPTURE_BUF]-INFO(dumpBufferInfo[1817]):[m_buffer[0].fd[0]=37] .addr=0x0 .size=24385536 .position=0 .permission=1]
12-20 21:18:46.874 3503 13987 I ExynosCameraBufferManager: [CAM_ID(0)][YUV_CAPTURE_BUF]-INFO(dumpBufferInfo[1817]):[m_buffer[0].fd[1]=33] .addr=0xf0aa6000 .size=36864 .position=0 .permission=1]
12-20 21:18:46.874 3503 13987 D ExynosCameraBufferManager: DEBUG:duration time( 0 msec):(alloc)
12-20 21:18:46.874 3503 13987 I ExynosCamera3: [CAM_ID(0)][]-INFO(m_allocBuffers[7160]):setInfo(planeCount=2, minBufCount=1, maxBufCount=32, type=1, allocMode=0)
12-20 21:18:46.874 3503 13987 E ExynosCameraBufferManager: [CAM_ID(0)][THUMBNAIL_BUF]-ERR(m_defaultAlloc[1223]):buffer[0].fd[1] = 39 already allocated
12-20 21:18:46.874 3503 13987 D ExynosCameraBufferManager: [CAM_ID(0)][THUMBNAIL_BUF]-DEBUG(m_defaultAlloc[1329]):Duration time of buffer(Plane:1) allocation( 0 msec)
12-20 21:18:46.874 3503 13987 E ExynosCameraBufferManager: [CAM_ID(0)][THUMBNAIL_BUF]-ERR(m_defaultAlloc[1223]):buffer[0].fd[0] = 40 already allocated
12-20 21:18:46.874 3503 13987 D ExynosCameraBufferManager: [CAM_ID(0)][THUMBNAIL_BUF]-DEBUG(m_defaultAlloc[1329]):Duration time of buffer(Plane:0) allocation( 0 msec)
12-20 21:18:46.874 3503 13987 D ExynosCameraBufferManager: [CAM_ID(0)][THUMBNAIL_BUF]-DEBUG(alloc[241]):Allocate the buffer succeeded (allowed(32), requested(1), allocated(1))
12-20 21:18:46.874 3503 13987 I ExynosCameraBufferManager: [CAM_ID(0)][THUMBNAIL_BUF]-INFO(dumpBufferInfo[1817]):[m_buffer[0].fd[0]=40] .addr=0x0 .size=379008 .position=0 .permission=1]
12-20 21:18:46.874 3503 13987 I ExynosCameraBufferManager: [CAM_ID(0)][THUMBNAIL_BUF]-INFO(dumpBufferInfo[1817]):[m_buffer[0].fd[1]=39] .addr=0xf0a9d000 .size=36864 .position=0 .permission=1]
12-20 21:18:46.874 3503 13987 D ExynosCameraBufferManager: DEBUG:duration time( 0 msec):(alloc)
12-20 21:18:46.875 3503 17181 D ExynosCamera3: [CAM_ID(0)][]-DEBUG(configureStreams[1510]):Out
12-20 21:18:46.875 3503 17181 I ExynosCamera3Interface: INFO(HAL3_camera_device_configure_streams[270]):out =====
12-20 21:18:46.875 3503 17181 D ExynosCamera3Interface: DEBUG:duration time( 29 msec):(HAL3_camera_device_configure_streams)
12-20 21:18:46.881 3503 17181 D Camera3-Device: Set real time priority for request queue thread (tid 13984)
12-20 21:18:46.884 3503 17181 E CameraDeviceClient: Disconnect from CameraDeviceClient
12-20 21:18:46.884 3503 17181 E Camera2-FrameProcessorBase: removeListener:
12-20 21:18:46.894 3503 17181 D Camera3-Device: clearStreamingRequest: mInterfaceLock.lock()
12-20 21:18:46.894 3503 17181 D Camera3-Device: clearStreamingRequest: mInterfaceLock.unlock()
12-20 21:18:46.894 3503 17181 D Camera3-Device: waitUntilDrained: mInterfaceLock.unlock()
12-20 21:18:46.894 3503 17181 D Camera3-Device: disconnect: mInterfaceLock.lock()
12-20 21:18:46.894 3503 17181 I Camera3-Device: disconnect: E
12-20 21:18:46.896 3503 17181 I ExynosCamera3Interface: INFO(HAL3_camera_device_close[170]):in =====
12-20 21:18:46.897 3503 13986 I ExynosCameraBufferManager: [CAM_ID(0)][FLITE_BUF]-INFO(m_defaultAlloc[1122]):bufIndex(1) < reservedMaxCount(7) , m_reservedMemoryCount(7), non-cached
12-20 21:18:46.897 3503 17181 D ExynosCamera3: [CAM_ID(0)][]-DEBUG(releaseDevice[952]):
12-20 21:18:46.902 3503 13986 I ExynosCameraBufferManager: [CAM_ID(0)][FLITE_BUF]-INFO(m_defaultAlloc[1122]):bufIndex(2) < reservedMaxCount(7) , m_reservedMemoryCount(7), non-cached
12-20 21:18:46.907 3503 13986 I ExynosCameraBufferManager: [CAM_ID(0)][FLITE_BUF]-INFO(m_defaultAlloc[1122]):bufIndex(3) < reservedMaxCount(7) , m_reservedMemoryCount(7), non-cached
12-20 21:18:46.912 3503 13986 I ExynosCameraBufferManager: [CAM_ID(0)][FLITE_BUF]-INFO(m_defaultAlloc[1122]):bufIndex(4) < reservedMaxCount(7) , m_reservedMemoryCount(7), non-cached
12-20 21:18:46.917 3503 13986 I ExynosCameraBufferManager: [CAM_ID(0)][FLITE_BUF]-INFO(m_defaultAlloc[1122]):bufIndex(5) < reservedMaxCount(7) , m_reservedMemoryCount(7), non-cached
12-20 21:18:46.922 3503 13986 I ExynosCameraBufferManager: [CAM_ID(0)][FLITE_BUF]-INFO(m_defaultAlloc[1122]):bufIndex(6) < reservedMaxCount(7) , m_reservedMemoryCount(7), non-cached
12-20 21:18:46.935 3302 3302 I lmkd : 9(delay),24(swap) memory pressure events were skipped after a kill!
12-20 21:18:46.935 3503 13986 D ExynosCameraBufferManager: [CAM_ID(0)][FLITE_BUF]-DEBUG(m_defaultAlloc[1329]):Duration time of buffer(Plane:0) allocation( 60 msec)
12-20 21:18:46.935 3503 13986 D ExynosCameraBufferManager: [CAM_ID(0)][FLITE_BUF]-DEBUG(alloc[241]):Allocate the buffer succeeded (allowed(7), requested(7), allocated(7))
12-20 21:18:46.935 3503 13986 I ExynosCameraBufferManager: [CAM_ID(0)][FLITE_BUF]-INFO(dumpBufferInfo[1817]):[m_buffer[0].fd[0]=140] .addr=0x0 .size=24385536 .position=0 .permission=1]
12-20 21:18:46.935 3503 13986 I ExynosCameraBufferManager: [CAM_ID(0)][FLITE_BUF]-INFO(dumpBufferInfo[1817]):[m_buffer[0].fd[1]=133] .addr=0xf05c7000 .size=36864 .position=0 .permission=1]
12-20 21:18:46.935 3503 13986 I ExynosCameraBufferManager: [CAM_ID(0)][FLITE_BUF]-INFO(dumpBufferInfo[1817]):[m_buffer[1].fd[0]=141] .addr=0x0 .size=24385536 .position=0 .permission=1]
12-20 21:18:46.935 3503 13986 I ExynosCameraBufferManager: [CAM_ID(0)][FLITE_BUF]-INFO(dumpBufferInfo[1817]):[m_buffer[1].fd[1]=134] .addr=0xf05ac000 .size=36864 .position=0 .permission=1]
12-20 21:18:46.935 3503 13986 I ExynosCameraBufferManager: [CAM_ID(0)][FLITE_BUF]-INFO(dumpBufferInfo[1817]):[m_buffer[2].fd[0]=142] .addr=0x0 .size=24385536 .position=0 .permission=1]
12-20 21:18:46.935 3503 13986 I ExynosCameraBufferManager: [CAM_ID(0)][FLITE_BUF]-INFO(dumpBufferInfo[1817]):[m_buffer[2].fd[1]=135] .addr=0xf05a3000 .size=36864 .position=0 .permission=1]
12-20 21:18:46.935 3503 13986 I ExynosCameraBufferManager: [CAM_ID(0)][FLITE_BUF]-INFO(dumpBufferInfo[1817]):[m_buffer[3].fd[0]=143] .addr=0x0 .size=24385536 .position=0 .permission=1]
12-20 21:18:46.935 3503 13986 I ExynosCameraBufferManager: [CAM_ID(0)][FLITE_BUF]-INFO(dumpBufferInfo[1817]):[m_buffer[3].fd[1]=136] .addr=0xf0594000 .size=36864 .position=0 .permission=1]
12-20 21:18:46.935 3503 13986 I ExynosCameraBufferManager: [CAM_ID(0)][FLITE_BUF]-INFO(dumpBufferInfo[1817]):[m_buffer[4].fd[0]=144] .addr=0x0 .size=24385536 .position=0 .permission=1]
12-20 21:18:46.935 3503 13986 I ExynosCameraBufferManager: [CAM_ID(0)][FLITE_BUF]-INFO(dumpBufferInfo[1817]):[m_buffer[4].fd[1]=137] .addr=0xf0585000 .size=36864 .position=0 .permission=1]
12-20 21:18:46.935 3503 13986 I ExynosCameraBufferManager: [CAM_ID(0)][FLITE_BUF]-INFO(dumpBufferInfo[1817]):[m_buffer[5].fd[0]=145] .addr=0x0 .size=24385536 .position=0 .permission=1]
12-20 21:18:46.935 3503 13986 I ExynosCameraBufferManager: [CAM_ID(0)][FLITE_BUF]-INFO(dumpBufferInfo[1817]):[m_buffer[5].fd[1]=138] .addr=0xf057c000 .size=36864 .position=0 .permission=1]
12-20 21:18:46.935 3503 13986 I ExynosCameraBufferManager: [CAM_ID(0)][FLITE_BUF]-INFO(dumpBufferInfo[1817]):[m_buffer[6].fd[0]=146] .addr=0x0 .size=24385536 .position=0 .permission=1]
12-20 21:18:46.935 3503 13986 I ExynosCameraBufferManager: [CAM_ID(0)][FLITE_BUF]-INFO(dumpBufferInfo[1817]):[m_buffer[6].fd[1]=139] .addr=0xf0573000 .size=36864 .position=0 .permission=1]
12-20 21:18:46.935 3503 13986 D ExynosCameraBufferManager: DEBUG:duration time( 62 msec):(alloc)
12-20 21:18:46.936 3503 13986 D ExynosCameraBufferManager: [CAM_ID(0)][3AA_BUF]-DEBUG(m_defaultAlloc[1329]):Duration time of buffer(Plane:1) allocation( 0 msec)
12-20 21:18:46.936 3503 13986 D ExynosCameraBufferManager: [CAM_ID(0)][3AA_BUF]-DEBUG(m_defaultAlloc[1329]):Duration time of buffer(Plane:0) allocation( 0 msec)
12-20 21:18:46.936 3503 13986 D ExynosCameraBufferManager: [CAM_ID(0)][3AA_BUF]-DEBUG(alloc[241]):Allocate the buffer succeeded (allowed(9), requested(9), allocated(9))
12-20 21:18:46.936 3503 13986 I ExynosCameraBufferManager: [CAM_ID(0)][3AA_BUF]-INFO(dumpBufferInfo[1817]):[m_buffer[0].fd[0]=156] .addr=0x0 .size=4096 .position=0 .permission=1]
12-20 21:18:46.936 3503 13986 I ExynosCameraBufferManager: [CAM_ID(0)][3AA_BUF]-INFO(dumpBufferInfo[1817]):[m_buffer[0].fd[1]=147] .addr=0xf0abb000 .size=36864 .position=0 .permission=1]
12-20 21:18:46.936 3503 13986 I ExynosCameraBufferManager: [CAM_ID(0)][3AA_BUF]-INFO(dumpBufferInfo[1817]):[m_buffer[1].fd[0]=157] .addr=0x0 .size=4096 .position=0 .permission=1]
12-20 21:18:46.936 3503 13986 I ExynosCameraBufferManager: [CAM_ID(0)][3AA_BUF]-INFO(dumpBufferInfo[1817]):[m_buffer[1].fd[1]=148] .addr=0xf056a000 .size=36864 .position=0 .permission=1]
12-20 21:18:46.936 3503 13986 I ExynosCameraBufferManager: [CAM_ID(0)][3AA_BUF]-INFO(dumpBufferInfo[1817]):[m_buffer[2].fd[0]=158] .addr=0x0 .size=4096 .position=0 .permission=1]
12-20 21:18:46.936 3503 13986 I ExynosCameraBufferManager: [CAM_ID(0)][3AA_BUF]-INFO(dumpBufferInfo[1817]):[m_buffer[2].fd[1]=149] .addr=0xf0559000 .size=36864 .position=0 .permission=1]
12-20 21:18:46.936 3503 13986 I ExynosCameraBufferManager: [CAM_ID(0)][3AA_BUF]-INFO(dumpBufferInfo[1817]):[m_buffer[3].fd[0]=159] .addr=0x0 .size=4096 .position=0 .permission=1]
12-20 21:18:46.936 3503 13986 I ExynosCameraBufferManager: [CAM_ID(0)][3AA_BUF]-INFO(dumpBufferInfo[1817]):[m_buffer[3].fd[1]=150] .addr=0xf0550000 .size=36864 .position=0 .permission=1]
12-20 21:18:46.936 3503 13986 I ExynosCameraBufferManager: [CAM_ID(0)][3AA_BUF]-INFO(dumpBufferInfo[1817]):[m_buffer[4].fd[0]=160] .addr=0x0 .size=4096 .position=0 .permission=1]
12-20 21:18:46.936 3503 13986 I ExynosCameraBufferManager: [CAM_ID(0)][3AA_BUF]-INFO(dumpBufferInfo[1817]):[m_buffer[4].fd[1]=151] .addr=0xf0547000 .size=36864 .position=0 .permission=1]
12-20 21:18:46.936 3503 13986 I ExynosCameraBufferManager: [CAM_ID(0)][3AA_BUF]-INFO(dumpBufferInfo[1817]):[m_buffer[5].fd[0]=161] .addr=0x0 .size=4096 .position=0 .permission=1]
12-20 21:18:46.936 3503 13986 I ExynosCameraBufferManager: [CAM_ID(0)][3AA_BUF]-INFO(dumpBufferInfo[1817]):[m_buffer[5].fd[1]=152] .addr=0xf053e000 .size=36864 .position=0 .permission=1]
12-20 21:18:46.936 3503 13986 I ExynosCameraBufferManager: [CAM_ID(0)][3AA_BUF]-INFO(dumpBufferInfo[1817]):[m_buffer[6].fd[0]=162] .addr=0x0 .size=4096 .position=0 .permission=1]
12-20 21:18:46.936 3503 13986 I ExynosCameraBufferManager: [CAM_ID(0)][3AA_BUF]-INFO(dumpBufferInfo[1817]):[m_buffer[6].fd[1]=153] .addr=0xf0535000 .size=36864 .position=0 .permission=1]
12-20 21:18:46.936 3503 13986 I ExynosCameraBufferManager: [CAM_ID(0)][3AA_BUF]-INFO(dumpBufferInfo[1817]):[m_buffer[7].fd[0]=163] .addr=0x0 .size=4096 .position=0 .permission=1]
12-20 21:18:46.936 3503 13986 I ExynosCameraBufferManager: [CAM_ID(0)][3AA_BUF]-INFO(dumpBufferInfo[1817]):[m_buffer[7].fd[1]=154] .addr=0xf052c000 .size=36864 .position=0 .permission=1]
12-20 21:18:46.936 3503 13986 I ExynosCameraBufferManager: [CAM_ID(0)][3AA_BUF]-INFO(dumpBufferInfo[1817]):[m_buffer[8].fd[0]=164] .addr=0x0 .size=4096 .position=0 .permission=1]
12-20 21:18:46.936 3503 13986 I ExynosCameraBufferManager: [CAM_ID(0)][3AA_BUF]-INFO(dumpBufferInfo[1817]):[m_buffer[8].fd[1]=155] .addr=0xf0523000 .size=36864 .position=0 .permission=1]
12-20 21:18:46.936 3503 13986 D ExynosCameraBufferManager: DEBUG:duration time( 1 msec):(alloc)
12-20 21:18:46.936 3503 13986 I ExynosCameraBufferManager: [CAM_ID(0)][ISP_BUF]-INFO(setContigBufCount[316]):reservedMemoryCount(2)
12-20 21:18:46.936 3503 13986 I ExynosCamera3: [CAM_ID(0)][]-INFO(m_allocBuffers[7160]):setInfo(planeCount=2, minBufCount=9, maxBufCount=9, type=2, allocMode=1)
12-20 21:18:46.937 3503 13986 D ExynosCameraBufferManager: [CAM_ID(0)][ISP_BUF]-DEBUG(m_defaultAlloc[1329]):Duration time of buffer(Plane:1) allocation( 0 msec)
12-20 21:18:46.937 3503 13986 I ExynosCameraBufferManager: [CAM_ID(0)][ISP_BUF]-INFO(m_defaultAlloc[1122]):bufIndex(0) < reservedMaxCount(2) , m_reservedMemoryCount(2), non-cached
12-20 21:18:46.939 25403 25403 I SKBD : and isTosAccept false
12-20 21:18:46.957 3503 13986 I ExynosCameraBufferManager: [CAM_ID(0)][ISP_BUF]-INFO(m_defaultAlloc[1122]):bufIndex(1) < reservedMaxCount(2) , m_reservedMemoryCount(2), non-cached
12-20 21:18:46.961 3834 5266 I ActivityManager: Process com.android.settings (pid 16792) has died: cch CEM (99,679)
12-20 21:18:46.962 3834 3863 W libprocessgroup: kill(-16792, 9) failed: No such process
12-20 21:18:46.964 4459 15889 D ForegroundUtils: could not check pending caller
12-20 21:18:46.964 3499 3499 I Zygote : Process 16792 exited due to signal (9)
12-20 21:18:46.968 3834 3863 W libprocessgroup: kill(-16792, 9) failed: No such process
12-20 21:18:46.968 3834 3863 I libprocessgroup: Successfully killed process cgroup uid 1000 pid 16792 in 5ms
12-20 21:18:46.971 3834 13994 D TspStateManagerInternal: update cmd=set_grip_data,1,40,10,10,0
12-20 21:18:46.980 3834 5246 D InputTransport: Input channel destroyed: fd=658
12-20 21:18:46.981 3834 3870 W ActivityManager: setHasOverlayUi called on unknown pid: 16792
12-20 21:18:46.981 20198 20198 I [MainApplication]: onTrimMemory: RUNNING_LOW
12-20 21:18:46.981 20198 20198 I [MainApplication]: onTrimMemory: RUNNING_LOW
12-20 21:18:46.983 25403 25403 D InputTransport: Input channel destroyed: fd=89
12-20 21:18:46.985 3503 13986 I ExynosCameraBufferManager: [CAM_ID(0)][ISP_BUF]-INFO(m_defaultAlloc[1129]):bufIndex(2) >= reservedMaxCount(2) , m_reservedMemoryCount(2),non-cached. so, alloc ion memory instead of reserved memory
12-20 21:18:46.994 3503 13986 I ExynosCameraBufferManager: [CAM_ID(0)][ISP_BUF]-INFO(m_defaultAlloc[1129]):bufIndex(3) >= reservedMaxCount(2) , m_reservedMemoryCount(2),non-cached. so, alloc ion memory instead of reserved memory
12-20 21:18:47.004 3503 13986 I ExynosCameraBufferManager: [CAM_ID(0)][ISP_BUF]-INFO(m_defaultAlloc[1129]):bufIndex(4) >= reservedMaxCount(2) , m_reservedMemoryCount(2),non-cached. so, alloc ion memory instead of reserved memory
12-20 21:18:47.006 3302 3302 I lmkd : cached 2, sandbox(not0) 0
12-20 21:18:47.007 3302 3302 I lmkd : Reclaim Mem 'org.mozilla.firefox:tab29' (26438), uid 10207, oom_adj 901, state 16 to free 111636kB
12-20 21:18:47.008 3302 3302 I lmkd : Killing to reclaim 44712kB, reclaimed 111636kB at oom_adj 900
12-20 21:18:47.020 3503 13986 I ExynosCameraBufferManager: [CAM_ID(0)][ISP_BUF]-INFO(m_defaultAlloc[1129]):bufIndex(5) >= reservedMaxCount(2) , m_reservedMemoryCount(2),non-cached. so, alloc ion memory instead of reserved memory
12-20 21:18:47.037 3834 4022 I WifiVendorHal: getWifiLinkLayerStats(l.2973) before calling iface.getLinkLayerStats
12-20 21:18:47.038 3290 3290 I android.hardware.wifi@1.0-service: enter getLinkLayerStats
12-20 21:18:47.038 3290 3290 I android.hardware.wifi@1.0-service: enter getLinkLayerStatsInternal
12-20 21:18:47.051 3290 3290 I android.hardware.wifi@1.0-service: Successfully getLinkLayerStats.
12-20 21:18:47.051 3834 4022 I WifiVendorHal: getWifiLinkLayerStats(l.2973) after calling iface.getLinkLayerStats
12-20 21:18:47.085 3834 5246 I ActivityManager: Process org.mozilla.firefox:tab29 (pid 26438) has died: cch+1CACC(24,653)
12-20 21:18:47.085 3834 3863 W libprocessgroup: kill(-26438, 9) failed: No such process
12-20 21:18:47.086 3499 3499 I Zygote : Process 26438 exited due to signal (9)
12-20 21:18:47.086 3834 5246 W ActivityManager: Scheduling restart of crashed service org.mozilla.firefox/org.mozilla.gecko.process.GeckoChildProcessServices$tab29 in 14826ms
12-20 21:18:47.086 4459 15889 D ForegroundUtils: could not check pending caller
12-20 21:18:47.091 3834 3863 W libprocessgroup: kill(-26438, 9) failed: No such process
12-20 21:18:47.091 3834 3863 I libprocessgroup: Successfully killed process cgroup uid 10207 pid 26438 in 5ms
12-20 21:18:47.093 3302 3302 I lmkd : 20(delay),3(swap) memory pressure events were skipped after a kill!
12-20 21:18:47.097 3503 13986 I ExynosCameraBufferManager: [CAM_ID(0)][ISP_BUF]-INFO(m_defaultAlloc[1129]):bufIndex(6) >= reservedMaxCount(2) , m_reservedMemoryCount(2),non-cached. so, alloc ion memory instead of reserved memory
12-20 21:18:47.114 3834 4022 I WifiStateMachine: checkScoreBasedQuality - mPreviousScore[0]:61 mPreviousScore[1]:62 mPreviousScore[2]:63 s2Score:63mPrevoiusScoreAverage:62
12-20 21:18:47.131 24223 24341 I Gecko : [Parent 24223, IPC I/O Parent] WARNING: waitid failed pid:26438 errno:10: file /builds/worker/checkouts/gecko/ipc/chromium/src/base/process_util_posix.cc:244
12-20 21:18:47.140 25403 25403 I SKBD : and isTosAccept false
12-20 21:18:47.212 3503 13986 I ExynosCameraBufferManager: [CAM_ID(0)][ISP_BUF]-INFO(m_defaultAlloc[1129]):bufIndex(7) >= reservedMaxCount(2) , m_reservedMemoryCount(2),non-cached. so, alloc ion memory instead of reserved memory
12-20 21:18:47.265 3503 13986 I ExynosCameraBufferManager: [CAM_ID(0)][ISP_BUF]-INFO(m_defaultAlloc[1129]):bufIndex(8) >= reservedMaxCount(2) , m_reservedMemoryCount(2),non-cached. so, alloc ion memory instead of reserved memory
12-20 21:18:47.341 3503 13986 D ExynosCameraBufferManager: [CAM_ID(0)][ISP_BUF]-DEBUG(m_defaultAlloc[1329]):Duration time of buffer(Plane:0) allocation( 404 msec)
12-20 21:18:47.341 25403 25403 I SKBD : and isTosAccept false
12-20 21:18:47.341 3503 13986 D ExynosCameraBufferManager: [CAM_ID(0)][ISP_BUF]-DEBUG(alloc[241]):Allocate the buffer succeeded (allowed(9), requested(9), allocated(9))
12-20 21:18:47.341 3503 13986 I ExynosCameraBufferManager: [CAM_ID(0)][ISP_BUF]-INFO(dumpBufferInfo[1817]):[m_buffer[0].fd[0]=174] .addr=0x0 .size=24385536 .position=0 .permission=1]
12-20 21:18:47.341 3503 13986 I ExynosCameraBufferManager: [CAM_ID(0)][ISP_BUF]-INFO(dumpBufferInfo[1817]):[m_buffer[0].fd[1]=165] .addr=0xf051a000 .size=36864 .position=0 .permission=1]
12-20 21:18:47.341 3503 13986 I ExynosCameraBufferManager: [CAM_ID(0)][ISP_BUF]-INFO(dumpBufferInfo[1817]):[m_buffer[1].fd[0]=175] .addr=0x0 .size=24385536 .position=0 .permission=1]
12-20 21:18:47.341 3503 13986 I ExynosCameraBufferManager: [CAM_ID(0)][ISP_BUF]-INFO(dumpBufferInfo[1817]):[m_buffer[1].fd[1]=166] .addr=0xf0511000 .size=36864 .position=0 .permission=1]
12-20 21:18:47.341 3503 13986 I ExynosCameraBufferManager: [CAM_ID(0)][ISP_BUF]-INFO(dumpBufferInfo[1817]):[m_buffer[2].fd[0]=176] .addr=0x0 .size=24385536 .position=0 .permission=1]
12-20 21:18:47.341 3503 13986 I ExynosCameraBufferManager: [CAM_ID(0)][ISP_BUF]-INFO(dumpBufferInfo[1817]):[m_buffer[2].fd[1]=167] .addr=0xf0508000 .size=36864 .position=0 .permission=1]
12-20 21:18:47.341 3503 13986 I ExynosCameraBufferManager: [CAM_ID(0)][ISP_BUF]-INFO(dumpBufferInfo[1817]):[m_buffer[3].fd[0]=177] .addr=0x0 .size=24385536 .position=0 .permission=1]
12-20 21:18:47.341 3503 13986 I ExynosCameraBufferManager: [CAM_ID(0)][ISP_BUF]-INFO(dumpBufferInfo[1817]):[m_buffer[3].fd[1]=168] .addr=0xf04fb000 .size=36864 .position=0 .permission=1]
12-20 21:18:47.341 3503 13986 I ExynosCameraBufferManager: [CAM_ID(0)][ISP_BUF]-INFO(dumpBufferInfo[1817]):[m_buffer[4].fd[0]=178] .addr=0x0 .size=24385536 .position=0 .permission=1]
12-20 21:18:47.341 3503 13986 I ExynosCameraBufferManager: [CAM_ID(0)][ISP_BUF]-INFO(dumpBufferInfo[1817]):[m_buffer[4].fd[1]=169] .addr=0xf04f2000 .size=36864 .position=0 .permission=1]
12-20 21:18:47.341 3503 13986 I ExynosCameraBufferManager: [CAM_ID(0)][ISP_BUF]-INFO(dumpBufferInfo[1817]):[m_buffer[5].fd[0]=179] .addr=0x0 .size=24385536 .position=0 .permission=1]
12-20 21:18:47.341 3503 13986 I ExynosCameraBufferManager: [CAM_ID(0)][ISP_BUF]-INFO(dumpBufferInfo[1817]):[m_buffer[5].fd[1]=170] .addr=0xf04e9000 .size=36864 .position=0 .permission=1]
12-20 21:18:47.341 3503 13986 I ExynosCameraBufferManager: [CAM_ID(0)][ISP_BUF]-INFO(dumpBufferInfo[1817]):[m_buffer[6].fd[0]=180] .addr=0x0 .size=24385536 .position=0 .permission=1]
12-20 21:18:47.341 3503 13986 I ExynosCameraBufferManager: [CAM_ID(0)][ISP_BUF]-INFO(dumpBufferInfo[1817]):[m_buffer[6].fd[1]=171] .addr=0xf04e0000 .size=36864 .position=0 .permission=1]
12-20 21:18:47.341 3503 13986 I ExynosCameraBufferManager: [CAM_ID(0)][ISP_BUF]-INFO(dumpBufferInfo[1817]):[m_buffer[7].fd[0]=181] .addr=0x0 .size=24385536 .position=0 .permission=1]
12-20 21:18:47.341 3503 13986 I ExynosCameraBufferManager: [CAM_ID(0)][ISP_BUF]-INFO(dumpBufferInfo[1817]):[m_buffer[7].fd[1]=172] .addr=0xf04d7000 .size=36864 .position=0 .permission=1]
12-20 21:18:47.341 3503 13986 I ExynosCameraBufferManager: [CAM_ID(0)][ISP_BUF]-INFO(dumpBufferInfo[1817]):[m_buffer[8].fd[0]=182] .addr=0x0 .size=24385536 .position=0 .permission=1]
12-20 21:18:47.341 3503 13986 I ExynosCameraBufferManager: [CAM_ID(0)][ISP_BUF]-INFO(dumpBufferInfo[1817]):[m_buffer[8].fd[1]=173] .addr=0xf04ce000 .size=36864 .position=0 .permission=1]
12-20 21:18:47.341 3503 13986 D ExynosCameraBufferManager: DEBUG:duration time( 405 msec):(alloc)
12-20 21:18:47.344 3503 13986 D ExynosCameraBufferManager: [CAM_ID(0)][MCSC_BUF]-DEBUG(m_defaultAlloc[1329]):Duration time of buffer(Plane:1) allocation( 0 msec)
12-20 21:18:47.377 3834 4113 D GameManagerService: handleForegroundChange(). pkgName: org.qtproject.example.camera, clsName: org.qtproject.qt.android.bindings.QtActivity,FgActivityName:org.qtproject.example.camera/org.qtproject.qt.android.bindings.QtActivity,userID:0
12-20 21:18:47.377 3834 4113 D GameManagerService: handleForegroundChange(). same package with Prev KILL_YOURSELF. ignore
12-20 21:18:47.385 24223 24223 W GeckoSession: Attempted to close a GeckoSession that was already closed.
12-20 21:18:47.392 3302 3302 I lmkd : cached 2, sandbox(not0) 0
12-20 21:18:47.393 3302 3302 I lmkd : Reclaim Mem 'org.mozilla.firefox:gpu' (13715), uid 10207, oom_adj 900, state 16 to free 167452kB
12-20 21:18:47.394 3302 3302 I lmkd : Killing to reclaim 65580kB, reclaimed 167452kB at oom_adj 900
12-20 21:18:47.494 3302 3302 I lmkd : 19(delay),30(swap) memory pressure events were skipped after a kill!
12-20 21:18:47.505 3834 5266 I ActivityManager: Process org.mozilla.firefox:gpu (pid 13715) has died: cch CACC(36,580)
12-20 21:18:47.505 3499 3499 I Zygote : Process 13715 exited due to signal (9)
12-20 21:18:47.505 3834 3863 W libprocessgroup: kill(-13715, 9) failed: No such process
12-20 21:18:47.505 3834 3863 I libprocessgroup: Successfully killed process cgroup uid 10207 pid 13715 in 0ms
12-20 21:18:47.505 3834 5266 W ActivityManager: Scheduling restart of crashed service org.mozilla.firefox/org.mozilla.gecko.process.GeckoChildProcessServices$gpu in 14406ms
12-20 21:18:47.506 4459 15889 D ForegroundUtils: could not check pending caller
12-20 21:18:47.508 24223 24289 I Gecko : [GFX1-]: CompositorBridgeChild receives IPC close with reason=AbnormalShutdown
12-20 21:18:47.522 3302 3302 I lmkd : cached 2, sandbox(not0) 0
12-20 21:18:47.528 20198 20198 I [MainApplication]: onTrimMemory: RUNNING_CRITICAL
12-20 21:18:47.542 25403 25403 I SKBD : and isTosAccept false
12-20 21:18:47.596 3302 3302 I lmkd : cached 2, sandbox(not0) 0
12-20 21:18:47.703 3302 3302 I chatty : uid=0(root) /system/bin/lmkd identical 2 lines
12-20 21:18:47.706 3302 3302 I lmkd : cached 2, sandbox(not0) 0
12-20 21:18:47.741 17977 17977 V MediaPlayer-JNI: getCurrentPosition: 223927 (msec)
12-20 21:18:47.741 17977 17977 V MediaPlayerNative: getDuration_l
12-20 21:18:47.741 3518 11436 V MediaPlayerService: getDuration
12-20 21:18:47.741 3518 11436 V MediaPlayerService: [3701] getDuration = 240800
12-20 21:18:47.741 17977 17977 V MediaPlayer-JNI: getDuration: 240800 (msec)
12-20 21:18:47.742 17977 17977 V MediaPlayer-JNI: getCurrentPosition: 223927 (msec)
12-20 21:18:47.742 17977 17977 V MediaPlayerNative: getDuration_l
12-20 21:18:47.742 3518 11436 V MediaPlayerService: getDuration
12-20 21:18:47.742 3518 11436 V MediaPlayerService: [3701] getDuration = 240800
12-20 21:18:47.742 25403 25403 I SKBD : and isTosAccept false
12-20 21:18:47.742 17977 17977 V MediaPlayer-JNI: getDuration: 240800 (msec)
12-20 21:18:47.754 3302 3302 I lmkd : cached 2, sandbox(not0) 0
12-20 21:18:47.896 3834 3834 D Telecom:SamsungPrebindingServiceImpl: handleMessage 0
12-20 21:18:47.896 3834 3834 I Telecom:SamsungPrebindingServiceImpl: isSktTPhoneMode supportTPhone: false
12-20 21:18:47.896 3834 3834 I Telecom:SamsungPrebindingServiceImpl: needToKeepBinding - false - match not found
12-20 21:18:47.899 3302 3302 I chatty : uid=0(root) /system/bin/lmkd identical 15 lines
12-20 21:18:47.908 3302 3302 I lmkd : cached 2, sandbox(not0) 0
12-20 21:18:47.909 2718 2718 D SecStatusBarWifiView: updateState: WifiIconState(resId=2131232630, visible=true, activityId=2131232638)
12-20 21:18:47.923 3302 3302 I lmkd : cached 2, sandbox(not0) 0
12-20 21:18:47.926 3302 3302 I lmkd : cached 2, sandbox(not0) 0
12-20 21:18:47.943 25403 25403 I SKBD : and isTosAccept false
12-20 21:18:47.966 3302 3302 I lmkd : cached 2, sandbox(not0) 0
12-20 21:18:48.027 3302 3302 I chatty : uid=0(root) /system/bin/lmkd identical 8 lines
12-20 21:18:48.033 3302 3302 I lmkd : cached 2, sandbox(not0) 0
12-20 21:18:48.040 3503 13986 D ExynosCameraBufferManager: [CAM_ID(0)][MCSC_BUF]-DEBUG(m_defaultAlloc[1329]):Duration time of buffer(Plane:0) allocation( 695 msec)
12-20 21:18:48.040 3503 13986 D ExynosCameraBufferManager: [CAM_ID(0)][MCSC_BUF]-DEBUG(alloc[241]):Allocate the buffer succeeded (allowed(10), requested(10), allocated(10))
12-20 21:18:48.040 3503 13986 I ExynosCameraBufferManager: [CAM_ID(0)][MCSC_BUF]-INFO(dumpBufferInfo[1817]):[m_buffer[0].fd[0]=193] .addr=0x0 .size=24385536 .position=0 .permission=1]
12-20 21:18:48.040 3503 13986 I ExynosCameraBufferManager: [CAM_ID(0)][MCSC_BUF]-INFO(dumpBufferInfo[1817]):[m_buffer[0].fd[1]=183] .addr=0xf04c5000 .size=36864 .position=0 .permission=1]
12-20 21:18:48.040 3503 13986 I ExynosCameraBufferManager: [CAM_ID(0)][MCSC_BUF]-INFO(dumpBufferInfo[1817]):[m_buffer[1].fd[0]=194] .addr=0x0 .size=24385536 .position=0 .permission=1]
12-20 21:18:48.040 3503 13986 I ExynosCameraBufferManager: [CAM_ID(0)][MCSC_BUF]-INFO(dumpBufferInfo[1817]):[m_buffer[1].fd[1]=184] .addr=0xf047e000 .size=36864 .position=0 .permission=1]
12-20 21:18:48.040 3503 13986 I ExynosCameraBufferManager: [CAM_ID(0)][MCSC_BUF]-INFO(dumpBufferInfo[1817]):[m_buffer[2].fd[0]=195] .addr=0x0 .size=24385536 .position=0 .permission=1]
12-20 21:18:48.040 3503 13986 I ExynosCameraBufferManager: [CAM_ID(0)][MCSC_BUF]-INFO(dumpBufferInfo[1817]):[m_buffer[2].fd[1]=185] .addr=0xf0475000 .size=36864 .position=0 .permission=1]
12-20 21:18:48.040 3503 13986 I ExynosCameraBufferManager: [CAM_ID(0)][MCSC_BUF]-INFO(dumpBufferInfo[1817]):[m_buffer[3].fd[0]=196] .addr=0x0 .size=24385536 .position=0 .permission=1]
12-20 21:18:48.040 3503 13986 I ExynosCameraBufferManager: [CAM_ID(0)][MCSC_BUF]-INFO(dumpBufferInfo[1817]):[m_buffer[3].fd[1]=186] .addr=0xf046c000 .size=36864 .position=0 .permission=1]
12-20 21:18:48.040 3503 13986 I ExynosCameraBufferManager: [CAM_ID(0)][MCSC_BUF]-INFO(dumpBufferInfo[1817]):[m_buffer[4].fd[0]=197] .addr=0x0 .size=24385536 .position=0 .permission=1]
12-20 21:18:48.040 3503 13986 I ExynosCameraBufferManager: [CAM_ID(0)][MCSC_BUF]-INFO(dumpBufferInfo[1817]):[m_buffer[4].fd[1]=187] .addr=0xf0463000 .size=36864 .position=0 .permission=1]
12-20 21:18:48.040 3503 13986 I ExynosCameraBufferManager: [CAM_ID(0)][MCSC_BUF]-INFO(dumpBufferInfo[1817]):[m_buffer[5].fd[0]=198] .addr=0x0 .size=24385536 .position=0 .permission=1]
12-20 21:18:48.040 3503 13986 I ExynosCameraBufferManager: [CAM_ID(0)][MCSC_BUF]-INFO(dumpBufferInfo[1817]):[m_buffer[5].fd[1]=188] .addr=0xf045a000 .size=36864 .position=0 .permission=1]
12-20 21:18:48.040 3503 13986 I ExynosCameraBufferManager: [CAM_ID(0)][MCSC_BUF]-INFO(dumpBufferInfo[1817]):[m_buffer[6].fd[0]=199] .addr=0x0 .size=24385536 .position=0 .permission=1]
12-20 21:18:48.040 3503 13986 I ExynosCameraBufferManager: [CAM_ID(0)][MCSC_BUF]-INFO(dumpBufferInfo[1817]):[m_buffer[6].fd[1]=189] .addr=0xf0451000 .size=36864 .position=0 .permission=1]
12-20 21:18:48.040 3503 13986 I ExynosCameraBufferManager: [CAM_ID(0)][MCSC_BUF]-INFO(dumpBufferInfo[1817]):[m_buffer[7].fd[0]=200] .addr=0x0 .size=24385536 .position=0 .permission=1]
12-20 21:18:48.040 3503 13986 I ExynosCameraBufferManager: [CAM_ID(0)][MCSC_BUF]-INFO(dumpBufferInfo[1817]):[m_buffer[7].fd[1]=190] .addr=0xf043f000 .size=36864 .position=0 .permission=1]
12-20 21:18:48.040 3503 13986 I ExynosCameraBufferManager: [CAM_ID(0)][MCSC_BUF]-INFO(dumpBufferInfo[1817]):[m_buffer[8].fd[0]=201] .addr=0x0 .size=24385536 .position=0 .permission=1]
12-20 21:18:48.040 3503 13986 I ExynosCameraBufferManager: [CAM_ID(0)][MCSC_BUF]-INFO(dumpBufferInfo[1817]):[m_buffer[8].fd[1]=191] .addr=0xf0436000 .size=36864 .position=0 .permission=1]
12-20 21:18:48.040 3503 13986 I ExynosCameraBufferManager: [CAM_ID(0)][MCSC_BUF]-INFO(dumpBufferInfo[1817]):[m_buffer[9].fd[0]=202] .addr=0x0 .size=24385536 .position=0 .permission=1]
12-20 21:18:48.040 3503 13986 I ExynosCameraBufferManager: [CAM_ID(0)][MCSC_BUF]-INFO(dumpBufferInfo[1817]):[m_buffer[9].fd[1]=192] .addr=0xf042d000 .size=36864 .position=0 .permission=1]
12-20 21:18:48.040 3503 13986 D ExynosCameraBufferManager: DEBUG:duration time( 697 msec):(alloc)
12-20 21:18:48.054 3503 13986 I ExynosCamera3: [CAM_ID(0)][]-INFO(m_allocBuffers[7160]):setInfo(planeCount=2, minBufCount=1, maxBufCount=9, type=0, allocMode=1)
12-20 21:18:48.054 3503 13986 D ExynosCameraBufferManager: [CAM_ID(0)][INTERNAL_SCP_BUF]-DEBUG(m_defaultAlloc[1329]):Duration time of buffer(Plane:1) allocation( 0 msec)
12-20 21:18:48.059 3302 3302 I lmkd : cached 2, sandbox(not0) 0
12-20 21:18:48.079 4960 4960 D io_stats: !@ 8,0 r 88023642 3404068952 w 22822228 525490040 d 1592049 308704352 f 7723201 7909406 iot 39589388 29085870 th 121632 0 0 pt 0 inp 0 0 3025076.818
12-20 21:18:48.143 25403 25403 I SKBD : and isTosAccept false
12-20 21:18:48.154 3503 13986 D ExynosCameraBufferManager: [CAM_ID(0)][INTERNAL_SCP_BUF]-DEBUG(m_defaultAlloc[1329]):Duration time of buffer(Plane:0) allocation( 100 msec)
12-20 21:18:48.154 3503 13986 D ExynosCameraBufferManager: [CAM_ID(0)][INTERNAL_SCP_BUF]-DEBUG(alloc[241]):Allocate the buffer succeeded (allowed(9), requested(1), allocated(1))
12-20 21:18:48.154 3503 13986 I ExynosCameraBufferManager: [CAM_ID(0)][INTERNAL_SCP_BUF]-INFO(dumpBufferInfo[1817]):[m_buffer[0].fd[0]=204] .addr=0x0 .size=24385536 .position=0 .permission=1]
12-20 21:18:48.154 3503 13986 I ExynosCameraBufferManager: [CAM_ID(0)][INTERNAL_SCP_BUF]-INFO(dumpBufferInfo[1817]):[m_buffer[0].fd[1]=203] .addr=0xf0424000 .size=36864 .position=0 .permission=1]
12-20 21:18:48.154 3503 13986 D ExynosCameraBufferManager: DEBUG:duration time( 100 msec):(alloc)
12-20 21:18:48.154 3503 13986 I ExynosCamera3: [CAM_ID(0)][]-INFO(m_setBuffers[7373]):alloc buffer done - camera ID: 0
12-20 21:18:48.154 3503 13986 D ExynosCamera3: DEBUG:duration time( 1282 msec):(m_setBuffers)
12-20 21:18:48.154 3503 17181 D ExynosCamera3: [CAM_ID(0)][]-DEBUG(flush[1704]):IN+++
12-20 21:18:48.154 3503 17181 D ExynosCamera3: [CAM_ID(0)][]-DEBUG(flush[1707]):No need to wait & flush
12-20 21:18:48.154 3503 17181 D ExynosCamera3: [CAM_ID(0)][]-DEBUG(flush[1880]): : OUT---
12-20 21:18:48.154 3503 13972 D ExynosCameraFrameManager: [CAM_ID(0)][CREATE FRAME WORKER]-DEBUG(workerMain[406]): Create worker stopped delete current frame(300)
12-20 21:18:48.159 3503 17181 D ExynosCameraFrameManager: [CAM_ID(0)][CREATE FRAME WORKER]-DEBUG(stop[280]): worker stopped remove ths remained frames(0)
12-20 21:18:48.159 3503 13973 I ExynosCameraFrameManager: [CAM_ID(0)][RUNNING FRAME WORKER]-INFO(workerMain[947]): wait and pop fail, ret(-110)
12-20 21:18:48.160 3503 17181 D ExynosCameraFrameManager: [CAM_ID(0)][RUNNING FRAME WORKER]-DEBUG(stop[782]): worker stopped remove ths remained frames(0) queue(0)
12-20 21:18:48.160 3503 17181 D ExynosCameraFrameManager: [CAM_ID(0)][RUNNING FRAME WORKER]-DEBUG(dump[821]): No memory leak detected m_runningFrameList.size()(0)
12-20 21:18:48.161 3503 17181 D ExynosCamera3Interface: DEBUG(check_camera_state):camera(0) state(3) checking...
12-20 21:18:48.161 3503 17181 D ExynosCamera3Interface: DEBUG(check_camera_state):camera(0) state(1:OPENED->3:CLOSED) is valid
12-20 21:18:48.161 3503 17181 I ExynosCamera3: [CAM_ID(0)][]-INFO(release[735]):-IN-
12-20 21:18:48.161 3503 17181 I ExynosCamera3: [CAM_ID(0)][]-INFO(m_stopCompanion[8113]):wait m_companionThread
12-20 21:18:48.161 3503 17181 I ExynosCamera3: [CAM_ID(0)][]-INFO(m_stopCompanion[8115]):wait m_companionThread end
12-20 21:18:48.161 3503 17181 D ExynosCameraNode: [CAM_ID(0)][companion]-DEBUG(close[285]):close(fd:23)
12-20 21:18:48.195 3503 17181 D ExynosCamera3: [CAM_ID(0)][]-DEBUG(m_stopCompanion[8131]):Companion Node(109) closed. duration time( 34 msec)
12-20 21:18:48.195 3503 17181 I ExynosCamera3: [CAM_ID(0)][]-INFO(m_releaseBuffers[6829]):release buffer
12-20 21:18:48.195 3503 17181 D ExynosCameraBufferManager: [CAM_ID(0)][FLITE_BUF]-DEBUG(deinit[129]):IN..
12-20 21:18:48.195 3503 17181 D ExynosCameraBufferManager: [CAM_ID(0)][FLITE_BUF]-DEBUG(m_free[266]):Free the buffer (m_allocatedBufCount=7) --- dumpBufferInfo ---
12-20 21:18:48.195 3503 17181 I ExynosCameraBufferManager: [CAM_ID(0)][FLITE_BUF]-INFO(dumpBufferInfo[1817]):[m_buffer[0].fd[0]=140] .addr=0x0 .size=24385536 .position=0 .permission=1]
12-20 21:18:48.195 3503 17181 I ExynosCameraBufferManager: [CAM_ID(0)][FLITE_BUF]-INFO(dumpBufferInfo[1817]):[m_buffer[0].fd[1]=133] .addr=0xf05c7000 .size=36864 .position=0 .permission=1]
12-20 21:18:48.195 3503 17181 I ExynosCameraBufferManager: [CAM_ID(0)][FLITE_BUF]-INFO(dumpBufferInfo[1817]):[m_buffer[1].fd[0]=141] .addr=0x0 .size=24385536 .position=0 .permission=1]
12-20 21:18:48.195 3503 17181 I ExynosCameraBufferManager: [CAM_ID(0)][FLITE_BUF]-INFO(dumpBufferInfo[1817]):[m_buffer[1].fd[1]=134] .addr=0xf05ac000 .size=36864 .position=0 .permission=1]
12-20 21:18:48.195 3503 17181 I ExynosCameraBufferManager: [CAM_ID(0)][FLITE_BUF]-INFO(dumpBufferInfo[1817]):[m_buffer[2].fd[0]=142] .addr=0x0 .size=24385536 .position=0 .permission=1]
12-20 21:18:48.195 3503 17181 I ExynosCameraBufferManager: [CAM_ID(0)][FLITE_BUF]-INFO(dumpBufferInfo[1817]):[m_buffer[2].fd[1]=135] .addr=0xf05a3000 .size=36864 .position=0 .permission=1]
12-20 21:18:48.195 3503 17181 I ExynosCameraBufferManager: [CAM_ID(0)][FLITE_BUF]-INFO(dumpBufferInfo[1817]):[m_buffer[3].fd[0]=143] .addr=0x0 .size=24385536 .position=0 .permission=1]
12-20 21:18:48.195 3503 17181 I ExynosCameraBufferManager: [CAM_ID(0)][FLITE_BUF]-INFO(dumpBufferInfo[1817]):[m_buffer[3].fd[1]=136] .addr=0xf0594000 .size=36864 .position=0 .permission=1]
12-20 21:18:48.195 3503 17181 I ExynosCameraBufferManager: [CAM_ID(0)][FLITE_BUF]-INFO(dumpBufferInfo[1817]):[m_buffer[4].fd[0]=144] .addr=0x0 .size=24385536 .position=0 .permission=1]
12-20 21:18:48.195 3503 17181 I ExynosCameraBufferManager: [CAM_ID(0)][FLITE_BUF]-INFO(dumpBufferInfo[1817]):[m_buffer[4].fd[1]=137] .addr=0xf0585000 .size=36864 .position=0 .permission=1]
