12-20 21:18:46.710 3834 3930 D WindowManager: clearSavedLeashOnCommit, savedLeash=Surface(name=Surface(name=e2bd584 Splash Screen org.qtproject.example.camera)/@0x5344c6f - animation-leash)/@0xf52b65a, caller=com.android.server.wm.WindowContainer.removeImmediately:337 com.android.server.wm.WindowState.removeImmediately:2663 com.android.server.wm.WindowState.destroySurface:3831 com.android.server.wm.AppWindowToken.destroySurfaces:871 com.android.server.wm.AppWindowToken.destroySurfaces:852 com.android.server.wm.WindowState.onExitAnimationDone:5443
12-20 21:18:46.710 3503 17181 D ExynosCamera3: [CAM_ID(0)][]-DEBUG(m_createBufferManager[4892]):BufferManager(FLITE_BUF) created
12-20 21:18:46.710 3834 4408 V MdnieScenarioControlService: setUIMode from UI function(3)
12-20 21:18:46.710 3503 17181 D ExynosCamera3: [CAM_ID(0)][]-DEBUG(m_createBufferManager[4892]):BufferManager(3AA_BUF) created
12-20 21:18:46.710 3503 17181 D ExynosCamera3: [CAM_ID(0)][]-DEBUG(m_createBufferManager[4892]):BufferManager(ISP_BUF) created
12-20 21:18:46.710 3503 17181 D ExynosCamera3: [CAM_ID(0)][]-DEBUG(m_createBufferManager[4892]):BufferManager(MCSC_BUF) created
12-20 21:18:46.710 3503 17181 D ExynosCamera3: [CAM_ID(0)][]-DEBUG(m_createBufferManager[4892]):BufferManager(ISP_RE_BUF) created
12-20 21:18:46.710 3503 17181 D ExynosCamera3: [CAM_ID(0)][]-DEBUG(m_createBufferManager[4892]):BufferManager(YUV_CAPTURE_BUF) created
12-20 21:18:46.711 3503 17181 D ExynosCamera3: [CAM_ID(0)][]-DEBUG(m_createBufferManager[4892]):BufferManager(THUMBNAIL_BUF) created
12-20 21:18:46.711 3503 17181 D ExynosCamera3: [CAM_ID(0)][]-DEBUG(m_createBufferManager[4892]):BufferManager(INTERNAL_SCP_BUF) created
12-20 21:18:46.711 3503 17181 D ExynosCamera3: [CAM_ID(0)][]-DEBUG(m_createThreads[671]):Creating threads
12-20 21:18:46.711 3503 17181 D ExynosCamera3: [CAM_ID(0)][]-DEBUG(m_createThreads[725]):Creating threads done
12-20 21:18:46.711 3503 17181 D ExynosCameraMetadataConverter: DEBUG(constructStaticInfo[406]):ID(0)
12-20 21:18:46.711 3503 17181 I ExynosCamera3SensorInfo: INFO(createExynosCamera3SensorInfo[63]):sensor ID 32
12-20 21:18:46.713 3834 3861 D WindowManager: setSystemUiVisibility: vis= 0x18, fullscreenVis= 0x0, dockedVis= 0x0, win=Window{86dab76 u0 org.qtproject.example.camera/org.qtproject.qt.android.bindings.QtActivity}
12-20 21:18:46.714 3503 17181 D ExynosCameraFrameManager: [CAM_ID(20)][]-DEBUG(ExynosCameraFrameManager[1094]): FrameManager CREATE(name(FRAME MANAGER) cameraid(0) mode(2)
12-20 21:18:46.714 3503 17181 D ExynosCameraFrameManager: [CAM_ID(0)][CREATE FRAME WORKER]-DEBUG(CreateWorker[141]): Worker CREATE(name(CREATE FRAME WORKER) cameraid(0) mode(2) min_margin(200) max_margin(300)
12-20 21:18:46.714 3503 17181 D ExynosCameraFrameManager: [CAM_ID(0)][CREATE FRAME WORKER]-DEBUG(m_setMargin[112]):margin is updated, margin[MAX/MIN]=(15 x 15) -> (300 x 200)
12-20 21:18:46.714 3503 17181 D ExynosCameraFrameManager: [CAM_ID(0)][RUNNING FRAME WORKER]-DEBUG(RunWorker[655]): Worker CREATE(name(RUNNING FRAME WORKER) cameraid(0) mode(2)
12-20 21:18:46.714 3503 17181 I ExynosCamera3: [CAM_ID(0)][]-INFO(m_constructFrameFactory[3870]):-IN-
12-20 21:18:46.714 2718 2718 D BarTransitions.SecNavigationBarView: MODE_TRANSPARENT -> MODE_OPAQUE animate=true
12-20 21:18:46.715 2718 2718 D Navbar.ImmersiveControllerAdapter: onSystemUiVisibilityChanged - 24,0
12-20 21:18:46.715 2718 2718 I Navbar.ImmersiveController: handleEvent - VISIBLE, BAR_MODE_CHANGED
12-20 21:18:46.715 3303 3323 W SurfaceFlinger: Attempting to set client state on removed layer: Splash Screen org.qtproject.example.camera[13935]#0 [s.what : 40]
12-20 21:18:46.715 3303 3323 D Layer : [e2bd584 Splash Screen org.qtproject.example.camera#0]::reparent oldParent:[Surface(name=e2bd584 Splash Screen org.qtproject.example.camera)/@0x5344c6f - animation-leash#0], newParent:[AppWindowToken{e9a3c45 token=Token{881c4bc ActivityRecord{b1ed8af u0 org.qtproject.example.camera/org.qtproject.qt.android.bindings.QtActivity t18078}}}#0]
12-20 21:18:46.715 2718 2718 D LightBarController: onNavigationVisibilityChanged : vis = 18, nbModeChanged = true navigationBarMode = 0
12-20 21:18:46.715 3303 3323 W SurfaceFlinger: Attempting to destroy on removed layer: Splash Screen org.qtproject.example.camera[13935]#0
12-20 21:18:46.715 3303 3323 I SurfaceFlinger: id=60171 Removed e2bd584 Splash Screen org.qtproject.example.camera#0 (1/65)
12-20 21:18:46.715 3303 3323 I SurfaceFlinger: id=60178 Removed Surface(name=e2bd584 Splash Screen org.qtproject.example.camera)/@0x5344c6f - animation-leash#0 (1/64)
12-20 21:18:46.716 3834 6249 D SamsungPhoneWindowManager: adjustSystemUiVisibilityLw: vis=0x18
12-20 21:18:46.716 3834 6249 D InputManager-JNI: setSystemUiVisibility dexmode: false changed: true displayid: 0 visibility: 0x18 DD: 0x18 OD: 0x0
12-20 21:18:46.723 3303 3303 I Layer : id=60178 onRemoved Surface(name=e2bd584 Splash Screen org.qtproject.example.camera)/@0x5344c6f - animation-leash#0
12-20 21:18:46.723 3303 3303 I Layer : id=60172 onRemoved Splash Screen org.qtproject.example.camera[13935]#0
12-20 21:18:46.723 3303 3303 I Layer : id=60171 onRemoved e2bd584 Splash Screen org.qtproject.example.camera#0
12-20 21:18:46.726 3303 3303 I SurfaceFlinger: Display 0 HWC layers:
12-20 21:18:46.726 3303 3303 I SurfaceFlinger: type | handle | flag | format | source crop (l,t,r,b) | frame | name
12-20 21:18:46.726 3303 3303 I SurfaceFlinger: ------------+--------------+------+-----------+----------------------------+---------------------+------
12-20 21:18:46.726 3303 3303 I SurfaceFlinger: Device | 0x7db6052440 | 0002 | RGBA_8888 | 0.0 0.0 1080.0 2076.0 | 0 0 1080 2076 | org.qtproject.example.camera/org.qtp[...]android.bindings.QtActivity[13935]#0
12-20 21:18:46.726 3303 3303 I SurfaceFlinger: Device | 0x7db5a4b4c0 | 0000 | RGBA_8888 | 0.0 0.0 1080.0 72.0 | 0 0 1080 72 | StatusBar[2718]#0
12-20 21:18:46.726 3303 3303 I SurfaceFlinger: Device | 0x7db5a49540 | 0000 | RGBA_8888 | 0.0 0.0 1080.0 144.0 | 0 2076 1080 2220 | NavigationBar[2718]#0
12-20 21:18:46.726 3303 3303 I SurfaceFlinger:
12-20 21:18:46.733 17977 17977 V MediaPlayer-JNI: getCurrentPosition: 223927 (msec)
12-20 21:18:46.734 17977 17977 V MediaPlayerNative: getDuration_l
12-20 21:18:46.734 3518 11436 V MediaPlayerService: getDuration
12-20 21:18:46.734 3518 11436 V MediaPlayerService: [3701] getDuration = 240800
12-20 21:18:46.734 17977 17977 V MediaPlayer-JNI: getDuration: 240800 (msec)
12-20 21:18:46.735 17977 17977 V MediaPlayer-JNI: getCurrentPosition: 223927 (msec)
12-20 21:18:46.735 17977 17977 V MediaPlayerNative: getDuration_l
12-20 21:18:46.735 3518 11436 V MediaPlayerService: getDuration
12-20 21:18:46.735 3518 11436 V MediaPlayerService: [3701] getDuration = 240800
12-20 21:18:46.735 17977 17977 V MediaPlayer-JNI: getDuration: 240800 (msec)
12-20 21:18:46.739 25403 25403 I SKBD : and isTosAccept false
12-20 21:18:46.752 3503 13970 D ExynosCamera3: [CAM_ID(0)][]-DEBUG(m_companionThreadFunc[8019]):Companion Node(109) s_input)
12-20 21:18:46.752 3503 13970 D ExynosCamera3: [CAM_ID(0)][]-DEBUG(m_companionThreadFunc[8023]):duration time( 47 msec)
12-20 21:18:46.752 3503 17181 I ExynosCamera3: [CAM_ID(0)][]-INFO(m_waitCompanionThreadEnd[8169]):companionThread joined, waiting time : duration time( 37 msec)
12-20 21:18:46.752 3503 17181 I ExynosCamera3: [CAM_ID(0)][]-INFO(m_constructFrameFactory[3899]):-OUT-
12-20 21:18:46.752 3503 17181 D ExynosCamera3: DEBUG:duration time( 38 msec):(m_constructFrameFactory)
12-20 21:18:46.752 3503 17181 I ExynosCamera3Interface: INFO(HAL3_camera_device_open[111]):camera(0) out from new g_cam_device3[0]->priv()
12-20 21:18:46.753 3503 17181 I CameraProviderManager: Camera device device@1.0/legacy/0 torch status is now NOT_AVAILABLE
12-20 21:18:46.753 3503 17181 I CameraService: onTorchStatusChangedLocked: Torch status changed for cameraId=0, newStatus=0
12-20 21:18:46.753 3503 17181 I CameraProviderManager: Camera device device@3.3/legacy/0 torch status is now NOT_AVAILABLE
12-20 21:18:46.753 3503 17181 I CameraService: onTorchStatusChangedLocked: Torch status changed for cameraId=0, newStatus=0
12-20 21:18:46.753 3503 17181 I ExynosCamera3Interface: INFO(HAL3_camera_device_open[156]):camera(0) out =====
12-20 21:18:46.753 3503 17181 D ExynosCamera3Interface: DEBUG:duration time( 51 msec):(HAL3_camera_device_open)
12-20 21:18:46.755 3503 17181 I ExynosCamera3Interface: INFO(HAL3_camera_device_initialize[223]):in =====
12-20 21:18:46.755 3503 17181 E ExynosCamera3Interface: INFO(HAL3_camera_device_initialize[227]): dual cam_state[0](1)
12-20 21:18:46.755 3503 17181 D ExynosCamera3: [CAM_ID(0)][]-DEBUG(initilizeDevice[906]):
12-20 21:18:46.755 3503 17181 D ExynosCameraFrameSelector: [CAM_ID(0)][]-DEBUG(setFrameHoldCount[814]):holdCount : 1
12-20 21:18:46.755 3503 17181 D ExynosCameraFrameSelector: [CAM_ID(0)][]-DEBUG(setFrameHoldCount[814]):holdCount : 1
12-20 21:18:46.756 3503 13974 I ExynosCamera3: [CAM_ID(0)][]-INFO(m_setReprocessingBuffer[7741]):Max Picture size 4032x3024 format 56595559
12-20 21:18:46.756 3503 13974 I ExynosCamera3: [CAM_ID(0)][]-INFO(m_setReprocessingBuffer[7743]):MAX Thumbnail size 504x376
12-20 21:18:46.756 3503 13974 I ExynosCamera3: [CAM_ID(0)][]-INFO(m_allocBuffers[7160]):setInfo(planeCount=2, minBufCount=1, maxBufCount=32, type=4, allocMode=0)
12-20 21:18:46.756 3503 13974 D ExynosCameraBufferManager: [CAM_ID(0)][YUV_CAPTURE_BUF]-DEBUG(m_defaultAlloc[1329]):Duration time of buffer(Plane:1) allocation( 0 msec)
12-20 21:18:46.756 3503 13971 D ExynosCamera3: [CAM_ID(0)][]-DEBUG(m_frameFactoryCreateThreadFunc[3745]):framefactory create
12-20 21:18:46.756 3503 13974 D ExynosCameraBufferManager: SYNC_FORCE_CACHED
12-20 21:18:46.756 3503 13971 I ExynosCamera3FrameFactoryPreview: [CAM_ID(0)][FactoryBack]-INFO(create[37]):
12-20 21:18:46.756 3503 13971 I ExynosCamera3FrameFactoryPreview: [CAM_ID(0)][FactoryBack]-INFO(m_setupConfig[1158]):
12-20 21:18:46.756 3503 13971 I ExynosCamera3FrameFactoryPreview: [CAM_ID(0)][FactoryBack]-INFO(m_setDeviceInfo[1274]):
12-20 21:18:46.757 3503 13971 I ExynosCamera3FrameFactoryPreview: [CAM_ID(0)][FactoryBack]-INFO(m_constructMainPipes[1204]):
12-20 21:18:46.757 3503 13971 D ExynosCameraMCPipe: [CAM_ID(0)][]-DEBUG(setPipeId[841]):nodeType(0), id(0)
12-20 21:18:46.757 3503 13971 D ExynosCameraMCPipe: [CAM_ID(0)][]-DEBUG(setPipeName[864]):
12-20 21:18:46.757 3503 13971 D ExynosCameraMCPipe: [CAM_ID(0)][]-DEBUG(setPipeId[841]):nodeType(0), id(5)
12-20 21:18:46.757 3503 13971 D ExynosCameraMCPipe: [CAM_ID(0)][]-DEBUG(setPipeName[864]):
12-20 21:18:46.757 3503 13971 D ExynosCameraMCPipe: [CAM_ID(0)][]-DEBUG(setPipeId[841]):nodeType(0), id(8)
12-20 21:18:46.757 3503 13971 D ExynosCameraMCPipe: [CAM_ID(0)][]-DEBUG(setPipeName[864]):
12-20 21:18:46.757 3503 13971 D ExynosCameraMCPipe: [CAM_ID(0)][]-DEBUG(setPipeId[841]):nodeType(0), id(11)
12-20 21:18:46.757 3503 13971 D ExynosCameraMCPipe: [CAM_ID(0)][]-DEBUG(setPipeName[864]):
12-20 21:18:46.757 3503 13971 D ExynosCameraMCPipe: [CAM_ID(0)][]-DEBUG(setPipeId[841]):nodeType(0), id(13)
12-20 21:18:46.757 3503 13971 D ExynosCameraMCPipe: [CAM_ID(0)][]-DEBUG(setPipeName[864]):
12-20 21:18:46.758 3503 13971 D exynos-libhwjpeg: CHWJpegV4L2Compressor Created: 0xc208580c, FD 34
12-20 21:18:46.758 3503 13971 E exynos-libhwjpeg: Failed to open /dev/video50
12-20 21:18:46.758 3503 13971 D exynos-libhwjpeg: CHWJpegV4L2Compressor Created: 0xe4978d00, FD 35
12-20 21:18:46.766 3503 13974 D ExynosCameraBufferManager: [CAM_ID(0)][YUV_CAPTURE_BUF]-DEBUG(m_defaultAlloc[1329]):Duration time of buffer(Plane:0) allocation( 10 msec)
12-20 21:18:46.766 3503 13971 D exynos-libhwjpeg: ExynosJpegEncoderForCamera Created: 0xc2085808, ION 36
12-20 21:18:46.767 3503 13971 I ExynosCamera3FrameFactoryPreview: [CAM_ID(0)][FactoryBack]-INFO(m_constructMainPipes[1262]):pipe ids for preview
12-20 21:18:46.767 3503 13971 I ExynosCamera3FrameFactoryPreview: [CAM_ID(0)][FactoryBack]-INFO(m_constructMainPipes[1265]):-> m_pipes[0] : PipeId(0)
12-20 21:18:46.767 3503 13974 D ExynosCameraBufferManager: [CAM_ID(0)][YUV_CAPTURE_BUF]-DEBUG(alloc[241]):Allocate the buffer succeeded (allowed(32), requested(1), allocated(1))
12-20 21:18:46.767 3503 13971 I ExynosCamera3FrameFactoryPreview: [CAM_ID(0)][FactoryBack]-INFO(m_constructMainPipes[1265]):-> m_pipes[5] : PipeId(5)
12-20 21:18:46.767 3503 13971 I ExynosCamera3FrameFactoryPreview: [CAM_ID(0)][FactoryBack]-INFO(m_constructMainPipes[1265]):-> m_pipes[8] : PipeId(8)
12-20 21:18:46.767 3503 13974 I ExynosCameraBufferManager: [CAM_ID(0)][YUV_CAPTURE_BUF]-INFO(dumpBufferInfo[1817]):[m_buffer[0].fd[0]=37] .addr=0x0 .size=24385536 .position=0 .permission=1]
12-20 21:18:46.767 3503 13971 I ExynosCamera3FrameFactoryPreview: [CAM_ID(0)][FactoryBack]-INFO(m_constructMainPipes[1265]):-> m_pipes[11] : PipeId(11)
12-20 21:18:46.767 3503 13974 I ExynosCameraBufferManager: [CAM_ID(0)][YUV_CAPTURE_BUF]-INFO(dumpBufferInfo[1817]):[m_buffer[0].fd[1]=33] .addr=0xf0aa6000 .size=36864 .position=0 .permission=1]
12-20 21:18:46.767 3503 13971 I ExynosCamera3FrameFactoryPreview: [CAM_ID(0)][FactoryBack]-INFO(m_constructMainPipes[1265]):-> m_pipes[13] : PipeId(13)
12-20 21:18:46.767 3503 13974 D ExynosCameraBufferManager: DEBUG:duration time( 11 msec):(alloc)
12-20 21:18:46.767 3503 13971 I ExynosCamera3FrameFactoryPreview: [CAM_ID(0)][FactoryBack]-INFO(m_constructMainPipes[1265]):-> m_pipes[22] : PipeId(22)
12-20 21:18:46.767 3503 13971 I ExynosCamera3FrameFactoryPreview: [CAM_ID(0)][FactoryBack]-INFO(m_constructMainPipes[1265]):-> m_pipes[23] : PipeId(23)
12-20 21:18:46.767 3503 13971 I ExynosCamera3FrameFactoryPreview: [CAM_ID(0)][FactoryBack]-INFO(m_constructMainPipes[1265]):-> m_pipes[24] : PipeId(24)
12-20 21:18:46.767 3503 13971 I ExynosCamera3FrameFactoryPreview: [CAM_ID(0)][FactoryBack]-INFO(m_constructMainPipes[1265]):-> m_pipes[25] : PipeId(25)
12-20 21:18:46.767 3503 13971 D ExynosCameraMCPipe: [CAM_ID(0)]-DEBUG(m_createNode[111]): new g_node[1]
12-20 21:18:46.767 3503 13974 I ExynosCamera3: [CAM_ID(0)][]-INFO(m_allocBuffers[7160]):setInfo(planeCount=2, minBufCount=1, maxBufCount=32, type=1, allocMode=0)
12-20 21:18:46.768 3503 13974 D ExynosCameraBufferManager: [CAM_ID(0)][THUMBNAIL_BUF]-DEBUG(m_defaultAlloc[1329]):Duration time of buffer(Plane:1) allocation( 0 msec)
12-20 21:18:46.768 3503 13974 D ExynosCameraBufferManager: [CAM_ID(0)][THUMBNAIL_BUF]-DEBUG(m_defaultAlloc[1329]):Duration time of buffer(Plane:0) allocation( 0 msec)
12-20 21:18:46.768 3503 13974 D ExynosCameraBufferManager: [CAM_ID(0)][THUMBNAIL_BUF]-DEBUG(alloc[241]):Allocate the buffer succeeded (allowed(32), requested(1), allocated(1))
12-20 21:18:46.768 3503 13974 I ExynosCameraBufferManager: [CAM_ID(0)][THUMBNAIL_BUF]-INFO(dumpBufferInfo[1817]):[m_buffer[0].fd[0]=40] .addr=0x0 .size=379008 .position=0 .permission=1]
12-20 21:18:46.768 3503 13974 I ExynosCameraBufferManager: [CAM_ID(0)][THUMBNAIL_BUF]-INFO(dumpBufferInfo[1817]):[m_buffer[0].fd[1]=39] .addr=0xf0a9d000 .size=36864 .position=0 .permission=1]
12-20 21:18:46.768 3503 13974 D ExynosCameraBufferManager: DEBUG:duration time( 1 msec):(alloc)
12-20 21:18:46.772 3302 3302 I lmkd : cached 2, sandbox(not0) 0
12-20 21:18:46.772 3302 3302 I lmkd : Reclaim Mem 'com.android.settings' (16792), uid 1000, oom_adj 900, state 18 to free 154280kB
12-20 21:18:46.772 3302 3302 I lmkd : Killing to reclaim 15040kB, reclaimed 154280kB at oom_adj 900
12-20 21:18:46.794 3503 13971 D ExynosCameraNode: [CAM_ID(0)][FLITE]-DEBUG(open[262]): Node(101)(/dev/video101) opened. m_fd(38)
12-20 21:18:46.794 3503 13971 D ExynosCameraMCPipe: [CAM_ID(0)][PIPE_3AA]-DEBUG(m_createSensorNode[3679]): i( 0) setInput(sensorIds : 2097409) [src nodeNum : 101][nodeNums : 101][otf : 0][leader : 1][reprocessing : 0][unique sensorId : 32]
12-20 21:18:46.803 3503 13971 D ExynosCameraMCPipe: [CAM_ID(0)][PIPE_3AA]-DEBUG(m_preCreate[1127]):
12-20 21:18:46.803 3503 13971 D ExynosCameraNode: [CAM_ID(0)][BAYER]-DEBUG(open[262]): Node(210)(/dev/video210) opened. m_fd(41)
12-20 21:18:46.803 3503 13971 D ExynosCameraNode: [CAM_ID(0)][3AA_CAPTURE]-DEBUG(open[262]): Node(111)(/dev/video111) opened. m_fd(42)
12-20 21:18:46.803 3503 13971 D ExynosCameraNode: [CAM_ID(0)][3AA_PREVIEW]-DEBUG(open[262]): Node(112)(/dev/video112) opened. m_fd(43)
12-20 21:18:46.803 3503 13971 D ExynosCameraNode: [CAM_ID(0)][3AA_OUTPUT]-DEBUG(open[262]): Node(110)(/dev/video110) opened. m_fd(44)
12-20 21:18:46.803 3503 13971 I ExynosCameraMCPipe: [CAM_ID(0)][PIPE_3AA]-INFO(m_preCreate[1277]):m_preCreate() is succeed, Pipe(5), prepare(0)
12-20 21:18:46.803 3503 13971 D ExynosCameraMCPipe: [CAM_ID(0)][PIPE_3AA]-DEBUG(m_postCreate[1284]):
12-20 21:18:46.803 3503 13971 I ExynosCameraMCPipe: [CAM_ID(0)][PIPE_3AA]-INFO(m_postCreate[1308]):m_postCreate() is succeed, Pipe(5)
12-20 21:18:46.803 3503 13971 D ExynosCamera3FrameFactoryPreview: [CAM_ID(0)][FactoryBack]-DEBUG(create[52]):PIPE_3AA(5) created
12-20 21:18:46.803 3503 13971 D ExynosCameraMCPipe: [CAM_ID(0)][PIPE_ISP]-DEBUG(m_preCreate[1127]):
12-20 21:18:46.803 3503 13971 D ExynosCameraNode: [CAM_ID(0)][ISP_OUTPUT]-DEBUG(open[262]): Node(130)(/dev/video130) opened. m_fd(45)
12-20 21:18:46.803 3503 13971 D ExynosCameraNode: [CAM_ID(0)][ISP_CAPTURE]-DEBUG(open[262]): Node(131)(/dev/video131) opened. m_fd(46)
12-20 21:18:46.804 3503 13971 D ExynosCameraNode: [CAM_ID(0)][MCSC_PREVIEW]-DEBUG(open[262]): Node(170)(/dev/video170) opened. m_fd(47)
12-20 21:18:46.804 3503 13971 D ExynosCameraNode: [CAM_ID(0)][MCSC_PREVIEW_CALLBACK]-DEBUG(open[262]): Node(171)(/dev/video171) opened. m_fd(48)
12-20 21:18:46.804 3503 13971 D ExynosCameraNode: [CAM_ID(0)][MCSC_RECORDING]-DEBUG(open[262]): Node(172)(/dev/video172) opened. m_fd(49)
12-20 21:18:46.804 3503 13971 D ExynosCameraNode: [CAM_ID(0)][ISP_PREVIEW]-DEBUG(open[262]): Node(132)(/dev/video132) opened. m_fd(50)
12-20 21:18:46.804 3503 13971 D ExynosCameraNode: [CAM_ID(0)][MCSC_OUTPUT]-DEBUG(open[262]): Node(160)(/dev/video160) opened. m_fd(51)
12-20 21:18:46.804 3503 13971 I ExynosCameraMCPipe: [CAM_ID(0)][PIPE_ISP]-INFO(m_preCreate[1277]):m_preCreate() is succeed, Pipe(8), prepare(0)
12-20 21:18:46.804 3503 13971 D ExynosCameraMCPipe: [CAM_ID(0)][PIPE_ISP]-DEBUG(m_postCreate[1284]):
12-20 21:18:46.804 3503 13971 I ExynosCameraMCPipe: [CAM_ID(0)][PIPE_ISP]-INFO(m_postCreate[1308]):m_postCreate() is succeed, Pipe(8)
12-20 21:18:46.804 3503 13971 D ExynosCameraMCPipe: [CAM_ID(0)][PIPE_TPU]-DEBUG(m_preCreate[1127]):
12-20 21:18:46.804 3503 13971 I ExynosCameraMCPipe: [CAM_ID(0)][PIPE_TPU]-INFO(m_preCreate[1277]):m_preCreate() is succeed, Pipe(11), prepare(0)
12-20 21:18:46.804 3503 13971 D ExynosCameraMCPipe: [CAM_ID(0)][PIPE_TPU]-DEBUG(m_postCreate[1284]):
12-20 21:18:46.804 3503 13971 I ExynosCameraMCPipe: [CAM_ID(0)][PIPE_TPU]-INFO(m_postCreate[1308]):m_postCreate() is succeed, Pipe(11)
12-20 21:18:46.804 3503 13971 D ExynosCameraMCPipe: [CAM_ID(0)][PIPE_MCSC]-DEBUG(m_preCreate[1127]):
12-20 21:18:46.804 3503 13971 I ExynosCameraMCPipe: [CAM_ID(0)][PIPE_MCSC]-INFO(m_preCreate[1277]):m_preCreate() is succeed, Pipe(13), prepare(0)
12-20 21:18:46.804 3503 13971 D ExynosCameraMCPipe: [CAM_ID(0)][PIPE_MCSC]-DEBUG(m_postCreate[1284]):
12-20 21:18:46.804 3503 13971 I ExynosCameraMCPipe: [CAM_ID(0)][PIPE_MCSC]-INFO(m_postCreate[1308]):m_postCreate() is succeed, Pipe(13)
12-20 21:18:46.804 3503 13971 I ExynosCameraSWPipe: [CAM_ID(0)][PIPE_GSC]-INFO(create[41]):create() is succeed (22)
12-20 21:18:46.804 3503 13971 I ExynosCameraSWPipe: [CAM_ID(0)][PIPE_GSC_VIDEO]-INFO(create[41]):create() is succeed (23)
12-20 21:18:46.804 3503 13971 D ExynosCameraMCPipe: [CAM_ID(0)][PIPE_3AA]-DEBUG(setControl[483]):
12-20 21:18:46.825 3503 13971 I ExynosCameraMCPipe: [CAM_ID(0)][PIPE_3AA]-INFO(setControl[494]):setControl() is succeed, Pipe(5)
12-20 21:18:46.825 3503 13971 D ExynosCameraMCPipe: [CAM_ID(0)][PIPE_3AA]-DEBUG(setControl[483]):
12-20 21:18:46.825 3503 13971 I ExynosCameraMCPipe: [CAM_ID(0)][PIPE_3AA]-INFO(setControl[494]):setControl() is succeed, Pipe(5)
12-20 21:18:46.825 3503 13971 D ExynosCamera3: [CAM_ID(0)][]-DEBUG(m_frameFactoryCreateThreadFunc[3748]):framefactory already create
12-20 21:18:46.825 3503 13971 D ExynosCamera3: [CAM_ID(0)][]-DEBUG(m_frameFactoryCreateThreadFunc[3748]):framefactory already create
12-20 21:18:46.825 3503 13971 D ExynosCamera3: [CAM_ID(0)][]-DEBUG(m_frameFactoryCreateThreadFunc[3745]):framefactory create
12-20 21:18:46.825 3503 13971 I ExynosCamera3FrameReprocessingFactory: [CAM_ID(0)][ReprocessingFactory]-INFO(create[37]):
12-20 21:18:46.825 3503 13971 I ExynosCamera3FrameReprocessingFactory: [CAM_ID(0)][ReprocessingFactory]-INFO(m_setupConfig[832]):
12-20 21:18:46.825 3503 13971 I ExynosCamera3FrameReprocessingFactory: [CAM_ID(0)][ReprocessingFactory]-INFO(m_constructReprocessingPipes[1058]):
12-20 21:18:46.825 3503 13971 D ExynosCameraMCPipe: [CAM_ID(0)][]-DEBUG(setPipeId[841]):nodeType(0), id(202)
12-20 21:18:46.825 3503 13971 D ExynosCameraMCPipe: [CAM_ID(0)][]-DEBUG(setPipeName[864]):
12-20 21:18:46.826 3503 13971 D ExynosCameraMCPipe: [CAM_ID(0)][]-DEBUG(setPipeId[841]):nodeType(0), id(205)
12-20 21:18:46.826 3503 13971 D ExynosCameraMCPipe: [CAM_ID(0)][]-DEBUG(setPipeName[864]):
12-20 21:18:46.826 3503 13971 D ExynosCameraMCPipe: [CAM_ID(0)][]-DEBUG(setPipeId[841]):nodeType(0), id(210)
12-20 21:18:46.826 3503 13971 D ExynosCameraMCPipe: [CAM_ID(0)][]-DEBUG(setPipeName[864]):
12-20 21:18:46.826 3503 13971 I ExynosCamera3FrameReprocessingFactory: [CAM_ID(0)][ReprocessingFactory]-INFO(m_constructReprocessingPipes[1094]):pipe ids for reprocessing
12-20 21:18:46.826 3503 13971 I ExynosCamera3FrameReprocessingFactory: [CAM_ID(0)][ReprocessingFactory]-INFO(m_constructReprocessingPipes[1097]):-> m_pipes[2] : PipeId(202)
12-20 21:18:46.826 3503 13971 I ExynosCamera3FrameReprocessingFactory: [CAM_ID(0)][ReprocessingFactory]-INFO(m_constructReprocessingPipes[1097]):-> m_pipes[5] : PipeId(205)
12-20 21:18:46.826 3503 13971 I ExynosCamera3FrameReprocessingFactory: [CAM_ID(0)][ReprocessingFactory]-INFO(m_constructReprocessingPipes[1097]):-> m_pipes[10] : PipeId(210)
12-20 21:18:46.826 3503 13971 I ExynosCamera3FrameReprocessingFactory: [CAM_ID(0)][ReprocessingFactory]-INFO(m_constructReprocessingPipes[1097]):-> m_pipes[18] : PipeId(218)
12-20 21:18:46.826 3503 13971 D ExynosCameraMCPipe: [CAM_ID(0)][PIPE_3AA_REPROCESSING]-DEBUG(m_preCreate[1127]):
12-20 21:18:46.826 3503 13971 D ExynosCameraNode: [CAM_ID(0)][REPROCESSING_3AA_OUTPUT]-DEBUG(open[262]): Node(120)(/dev/video120) opened. m_fd(52)
12-20 21:18:46.826 3503 13971 D ExynosCameraNode: [CAM_ID(0)][REPROCESSING_ISP_CAPTURE_M2M]-DEBUG(open[262]): Node(141)(/dev/video141) opened. m_fd(53)
12-20 21:18:46.826 3503 13971 D ExynosCameraNode: [CAM_ID(0)][MCSC_CAPTURE_YUV_0]-DEBUG(open[262]): Node(170)(/dev/video170) opened. m_fd(54)
12-20 21:18:46.826 3503 13971 D ExynosCameraNode: [CAM_ID(0)][MCSC_CAPTURE_YUV_1]-DEBUG(open[262]): Node(171)(/dev/video171) opened. m_fd(55)
12-20 21:18:46.826 3503 13971 D ExynosCameraNode: [CAM_ID(0)][MCSC_CAPTURE_YUV_2]-DEBUG(open[262]): Node(172)(/dev/video172) opened. m_fd(56)
12-20 21:18:46.826 3503 13971 D ExynosCameraNode: [CAM_ID(0)][MCSC_CAPTURE_MAIN]-DEBUG(open[262]): Node(173)(/dev/video173) opened. m_fd(57)
12-20 21:18:46.826 3503 13971 D ExynosCameraNode: [CAM_ID(0)][MCSC_CAPTURE_THUMBNAIL]-DEBUG(open[262]): Node(174)(/dev/video174) opened. m_fd(58)
12-20 21:18:46.827 3503 13971 D exynos-libhwjpeg: CHWJpegV4L2Compressor Created: 0xe4963e04, FD 59
12-20 21:18:46.827 3503 13971 E exynos-libhwjpeg: Failed to open /dev/video50
12-20 21:18:46.827 3503 13971 D exynos-libhwjpeg: CHWJpegV4L2Compressor Created: 0xe4979c00, FD 60
12-20 21:18:46.827 3503 13971 D exynos-libhwjpeg: ExynosJpegEncoderForCamera Created: 0xe4963e00, ION 61
12-20 21:18:46.828 3503 13971 D ExynosCameraNodeJpegHAL: [CAM_ID(0)][HWFC_JPEG_DST]-DEBUG(open[179]):Node(200)(/dev/video200) opened.
12-20 21:18:46.828 3503 13971 D ExynosCameraMCPipe: [CAM_ID(0)][PIPE_3AA_REPROCESSING]-DEBUG(m_preCreate[1181]):JpegHAL Node(200) opened
12-20 21:18:46.828 3503 13971 D ExynosCameraMCPipe: [CAM_ID(0)][PIPE_3AA_REPROCESSING]-DEBUG(m_preCreate[1181]):JpegHAL Node(201) opened
12-20 21:18:46.829 3503 13971 D ExynosCameraMCPipe: [CAM_ID(0)][PIPE_3AA_REPROCESSING]-DEBUG(m_preCreate[1181]):JpegHAL Node(201) opened
12-20 21:18:46.829 3503 13971 D ExynosCameraNode: [CAM_ID(0)][REPROCESSING_3AA_CAPTURE_MAIN]-DEBUG(open[262]): Node(122)(/dev/video122) opened. m_fd(62)
12-20 21:18:46.829 3503 13971 D ExynosCameraNode: [CAM_ID(0)][REPROCESSING_ISP_OUTPUT]-DEBUG(open[262]): Node(140)(/dev/video140) opened. m_fd(63)
12-20 21:18:46.829 3503 13971 D ExynosCameraNode: [CAM_ID(0)][REPROCESSING_ISP_CAPTURE_OTF]-DEBUG(open[262]): Node(142)(/dev/video142) opened. m_fd(64)
12-20 21:18:46.829 3503 13971 D ExynosCameraNode: [CAM_ID(0)][MCSC_OUTPUT]-DEBUG(open[262]): Node(161)(/dev/video161) opened. m_fd(65)
12-20 21:18:46.829 3503 13971 I ExynosCameraMCPipe: [CAM_ID(0)][PIPE_3AA_REPROCESSING]-INFO(m_preCreate[1277]):m_preCreate() is succeed, Pipe(202), prepare(0)
12-20 21:18:46.829 3503 13971 D ExynosCameraMCPipe: [CAM_ID(0)][PIPE_3AA_REPROCESSING]-DEBUG(m_postCreate[1284]):
12-20 21:18:46.829 3503 13971 I ExynosCameraMCPipe: [CAM_ID(0)][PIPE_3AA_REPROCESSING]-INFO(m_postCreate[1308]):m_postCreate() is succeed, Pipe(202)
12-20 21:18:46.829 3503 13971 D ExynosCameraMCPipe: [CAM_ID(0)][PIPE_ISP_REPROCESSING]-DEBUG(m_preCreate[1127]):
12-20 21:18:46.829 3503 13971 I ExynosCameraMCPipe: [CAM_ID(0)][PIPE_ISP_REPROCESSING]-INFO(m_preCreate[1277]):m_preCreate() is succeed, Pipe(205), prepare(0)
12-20 21:18:46.829 3503 13971 D ExynosCameraMCPipe: [CAM_ID(0)][PIPE_ISP_REPROCESSING]-DEBUG(m_postCreate[1284]):
12-20 21:18:46.829 3503 13971 I ExynosCameraMCPipe: [CAM_ID(0)][PIPE_ISP_REPROCESSING]-INFO(m_postCreate[1308]):m_postCreate() is succeed, Pipe(205)
12-20 21:18:46.829 3503 13971 D ExynosCameraMCPipe: [CAM_ID(0)][PIPE_MCSC_REPROCESSING]-DEBUG(m_preCreate[1127]):
12-20 21:18:46.829 3503 13971 I ExynosCameraMCPipe: [CAM_ID(0)][PIPE_MCSC_REPROCESSING]-INFO(m_preCreate[1277]):m_preCreate() is succeed, Pipe(210), prepare(0)
12-20 21:18:46.829 3503 13971 D ExynosCameraMCPipe: [CAM_ID(0)][PIPE_MCSC_REPROCESSING]-DEBUG(m_postCreate[1284]):
12-20 21:18:46.829 3503 13971 I ExynosCameraMCPipe: [CAM_ID(0)][PIPE_MCSC_REPROCESSING]-INFO(m_postCreate[1308]):m_postCreate() is succeed, Pipe(210)
12-20 21:18:46.829 3503 13971 I ExynosCameraSWPipe: [CAM_ID(0)][PIPE_GSC_REPROCESSING]-INFO(create[41]):create() is succeed (218)
12-20 21:18:46.829 3503 13971 D ExynosCameraMCPipe: [CAM_ID(0)][PIPE_3AA_REPROCESSING]-DEBUG(setControl[483]):
12-20 21:18:46.829 3503 13971 I ExynosCameraMCPipe: [CAM_ID(0)][PIPE_3AA_REPROCESSING]-INFO(setControl[494]):setControl() is succeed, Pipe(202)
12-20 21:18:46.829 3503 17181 I ExynosCamera3Interface: INFO(HAL3_camera_device_initialize[251]):out =====
12-20 21:18:46.829 3503 17181 D ExynosCamera3Interface: DEBUG:duration time( 74 msec):(HAL3_camera_device_initialize)
12-20 21:18:46.831 3503 17181 D Camera3-Device: initialize: mInterfaceLock.unlock()
12-20 21:18:46.832 3503 17181 E Camera2-FrameProcessorBase: FrameProcessorBase: created
12-20 21:18:46.832 3503 17181 E Camera2-FrameProcessorBase: registerListener: Registering listener for frame id range 0 - 2147483647
12-20 21:18:46.832 3503 17181 I CameraService: CameraService::finishConnectLocked E
12-20 21:18:46.832 3503 17181 I CameraService: wouldEvictLocked:getCurrentCostLocked()=0, cost=51, totalCost=51, MaxCost=100
12-20 21:18:46.832 3503 17181 I CameraService: wouldEvictLocked: owner=13935, priority-score=0, highestPriorityOwner=13935, highestPriority-score=0
12-20 21:18:46.833 3503 17181 I CameraService: addAndEvict: push the client(owner 13935, priorityScore 0, state 2) to mClients
12-20 21:18:46.833 3503 17181 I CameraService: CameraService::finishConnectLocked X
12-20 21:18:46.837 3503 17181 D Camera3-Device: waitUntilDrained: mInterfaceLock.unlock()
12-20 21:18:46.843 3503 17181 D Camera3-Device: createStream: mInterfaceLock.lock()
12-20 21:18:46.843 3503 17181 D Camera3-Device: createStream: mInterfaceLock.unlock()
12-20 21:18:46.843 3503 17181 D Camera3-Device: setStreamTransform: mInterfaceLock.lock()
12-20 21:18:46.843 3503 17181 D Camera3-OutputStream: setTransformLocked: option(0) ,transform(12)
12-20 21:18:46.843 3503 17181 D Camera3-Device: setStreamTransform: mInterfaceLock.unlock()
12-20 21:18:46.844 3503 17181 D Camera3-Device: createStream: mInterfaceLock.lock()
12-20 21:18:46.844 3503 17181 D Camera3-Device: createStream: mInterfaceLock.unlock()
12-20 21:18:46.844 3503 17181 D Camera3-Device: setStreamTransform: mInterfaceLock.lock()
12-20 21:18:46.844 3503 17181 D Camera3-OutputStream: setTransformLocked: option(0) ,transform(12)
12-20 21:18:46.844 3503 17181 D Camera3-Device: setStreamTransform: mInterfaceLock.unlock()
12-20 21:18:46.846 3503 17181 I ExynosCamera3Interface: INFO(HAL3_camera_device_configure_streams[262]):in =====
12-20 21:18:46.846 3503 17181 D ExynosCamera3: [CAM_ID(0)][]-DEBUG(configureStreams[1005]):In
12-20 21:18:46.846 3503 17181 D ExynosCameraStreamManager: DEBUG(setConfig[424]):preview(32), raw(25), jpeg(32), recording(32), yuvCallback(32)
12-20 21:18:46.846 3503 17181 D ExynosCamera3: [CAM_ID(0)][]-DEBUG(m_setStreamInfo[354]):In
12-20 21:18:46.846 3503 17181 D ExynosCamera3: [CAM_ID(0)][]-DEBUG(m_setStreamInfo[383]):Stream(0xe53aae98), ID(0), type(0), usage(0x3) format(0) w(35),h(1920)
12-20 21:18:46.846 3503 17181 D ExynosCamera3: [CAM_ID(0)][]-DEBUG(m_setStreamInfo[383]):Stream(0xe53b1118), ID(1), type(0), usage(0x3) format(0) w(35),h(1920)
12-20 21:18:46.846 3503 17181 D ExynosCamera3: [CAM_ID(0)][]-DEBUG(m_enumStreamInfo[463]):In
12-20 21:18:46.846 3503 17181 D ExynosCamera3: [CAM_ID(0)][]-DEBUG(m_enumStreamInfo[551]):HAL_PIXEL_FORMAT_YCbCr_420_888 format(0x23) usage(0x20067) stream_type(0)
12-20 21:18:46.846 3503 17181 I ExynosCameraStreamManager: INFO(m_insert[615]):inserted stream and id is (4)
12-20 21:18:46.846 3503 17181 D ExynosCamera3: [CAM_ID(0)][]-DEBUG(m_enumStreamInfo[629]):Out
12-20 21:18:46.846 3503 17181 D ExynosCamera3: [CAM_ID(0)][]-DEBUG(m_enumStreamInfo[463]):In
12-20 21:18:46.846 3503 17181 D ExynosCamera3: [CAM_ID(0)][]-DEBUG(m_enumStreamInfo[551]):HAL_PIXEL_FORMAT_YCbCr_420_888 format(0x23) usage(0x20067) stream_type(0)
12-20 21:18:46.846 3503 17181 W ExynosCameraStreamManager: WARN(m_insert[611]):insert id is re-define id + HAL_STREAM_ID_MAX = (12)
12-20 21:18:46.847 3503 17181 I ExynosCameraStreamManager: INFO(m_insert[615]):inserted stream and id is (12)
12-20 21:18:46.847 3503 17181 D ExynosCamera3: [CAM_ID(0)][]-DEBUG(m_enumStreamInfo[629]):Out
12-20 21:18:46.847 3503 17181 D ExynosCamera3: [CAM_ID(0)][]-DEBUG(m_setStreamInfo[457]):out
12-20 21:18:46.847 3503 17181 E ExynosCameraRequestManager: [CAM_ID(0)][]-ERR(m_deleteStreamThread[3894]):failed, StreamThreadMap size is ZERO, size(0)
12-20 21:18:46.847 3834 3834 D CustomFrequencyManagerService: FrequencyrequestList.getNextCStateDisableRequest, index: 0
12-20 21:18:46.847 3503 17181 I ExynosCamera3Parameters: [CAM_ID(0)][ParametersBack]-INFO(m_setParamCropRegion[1958]):size0(4032, 3024, 4032, 3024)
12-20 21:18:46.847 3503 17181 I ExynosCamera3Parameters: [CAM_ID(0)][ParametersBack]-INFO(m_setParamCropRegion[1960]):size(0, 0, 4032, 3024), level(0)
12-20 21:18:46.847 3503 17181 I ExynosCamera3: [CAM_ID(0)][]-INFO(configureStreams[1132]):list_index 0 streamId 4
12-20 21:18:46.847 3503 17181 D ExynosCamera3: [CAM_ID(0)][]-DEBUG(configureStreams[1133]):stream_type 0
12-20 21:18:46.847 3503 17181 D ExynosCamera3: [CAM_ID(0)][]-DEBUG(configureStreams[1134]):size 1920x1080
12-20 21:18:46.847 3503 17181 D ExynosCamera3: [CAM_ID(0)][]-DEBUG(configureStreams[1135]):format 23
12-20 21:18:46.847 3503 17181 D ExynosCamera3: [CAM_ID(0)][]-DEBUG(configureStreams[1136]):usage 23
12-20 21:18:46.847 3503 17181 D ExynosCamera3: [CAM_ID(0)][]-DEBUG(configureStreams[1137]):max_buffers 9
12-20 21:18:46.847 3503 17181 D ExynosCamera3: [CAM_ID(0)][]-DEBUG(configureStreams[1156]):registerStream 2 registerbuffer 17
12-20 21:18:46.847 3503 17181 I ExynosCamera3Parameters: [CAM_ID(0)][ParametersBack]-INFO(checkYuvSize[757]):curYuvSize 4032x3024 newYuvSize 1920x1080 outputPortId 0
12-20 21:18:46.847 3503 17181 I ExynosCamera3Parameters: [CAM_ID(0)][ParametersBack]-INFO(checkYuvSize[757]):curYuvSize 4032x3024 newYuvSize 1920x1080 outputPortId 3
12-20 21:18:46.847 3503 17181 D ExynosCamera3: [CAM_ID(0)][]-DEBUG(configureStreams[1418]):Create buffer manager(PREVIEW_CB)
12-20 21:18:46.847 3834 3834 D CustomFrequencyManagerService: releaseDVFSLockLocked : Getting Lock type frm List : DVFS_MIN_LIMIT frequency : 1807000 uid : 1000 pid : 3834 tag : AMS_RESUME_TAIL@CPU_MIN@43
12-20 21:18:46.851 3834 5303 D CustomFrequencyManagerService: releaseDVFSLockLocked : Getting Lock type frm List : DVFS_MIN_LIMIT frequency : 2314000 uid : 1000 pid : 3834 tag : APP_LAUNCH@CPU_MIN@8
12-20 21:18:46.853 3503 17181 D vndksupport: Loading /vendor/lib/hw/android.hardware.graphics.mapper@2.0-impl.so from current namespace instead of sphal namespace.
12-20 21:18:46.864 3503 17181 D ExynosCameraBufferManager: [CAM_ID(0)][none]-DEBUG(ServiceExynosCameraBufferManager[3611]):
12-20 21:18:46.864 3503 17181 D ExynosCamera3: [CAM_ID(0)][]-DEBUG(m_createBufferManager[4892]):BufferManager(PREVIEW_CB_STREAM_BUF) created
12-20 21:18:46.864 3503 17181 D ExynosCamera3: [CAM_ID(0)][]-DEBUG(configureStreams[1429]):planeCount 1+1, planeSize[0] 3110400, bytesPerLine[0] 0
12-20 21:18:46.865 3503 17181 D ExynosCameraBufferManager: [CAM_ID(0)][PREVIEW_CB_STREAM_BUF]-DEBUG(m_defaultAlloc[1329]):Duration time of buffer(Plane:1) allocation( 0 msec)
12-20 21:18:46.866 3503 17181 D ExynosCameraBufferManager: [CAM_ID(0)][PREVIEW_CB_STREAM_BUF]-DEBUG(m_alloc[3862]):
12-20 21:18:46.866 3503 17181 D ExynosCameraBufferManager: [CAM_ID(0)][PREVIEW_CB_STREAM_BUF]-DEBUG(alloc[241]):Allocate the buffer succeeded (allowed(32), requested(32), allocated(32))
12-20 21:18:46.866 3503 17181 I ExynosCameraBufferManager: [CAM_ID(0)][PREVIEW_CB_STREAM_BUF]-INFO(dumpBufferInfo[1817]):[m_buffer[0].fd[0]=-1] .addr=0x0 .size=3110400 .position=3 .permission=0]
12-20 21:18:46.866 3503 17181 I ExynosCameraBufferManager: [CAM_ID(0)][PREVIEW_CB_STREAM_BUF]-INFO(dumpBufferInfo[1817]):[m_buffer[0].fd[1]=25] .addr=0xf0a5d000 .size=36864 .position=3 .permission=0]
12-20 21:18:46.866 3503 17181 I ExynosCameraBufferManager: [CAM_ID(0)][PREVIEW_CB_STREAM_BUF]-INFO(dumpBufferInfo[1817]):[m_buffer[1].fd[0]=-1] .addr=0x0 .size=3110400 .position=3 .permission=0]
12-20 21:18:46.866 3503 17181 I ExynosCameraBufferManager: [CAM_ID(0)][PREVIEW_CB_STREAM_BUF]-INFO(dumpBufferInfo[1817]):[m_buffer[1].fd[1]=70] .addr=0xf0a54000 .size=36864 .position=3 .permission=0]
12-20 21:18:46.866 3503 17181 I ExynosCameraBufferManager: [CAM_ID(0)][PREVIEW_CB_STREAM_BUF]-INFO(dumpBufferInfo[1817]):[m_buffer[2].fd[0]=-1] .addr=0x0 .size=3110400 .position=3 .permission=0]
12-20 21:18:46.866 3503 17181 I ExynosCameraBufferManager: [CAM_ID(0)][PREVIEW_CB_STREAM_BUF]-INFO(dumpBufferInfo[1817]):[m_buffer[2].fd[1]=71] .addr=0xf0a4b000 .size=36864 .position=3 .permission=0]
12-20 21:18:46.866 3503 17181 I ExynosCameraBufferManager: [CAM_ID(0)][PREVIEW_CB_STREAM_BUF]-INFO(dumpBufferInfo[1817]):[m_buffer[3].fd[0]=-1] .addr=0x0 .size=3110400 .position=3 .permission=0]
12-20 21:18:46.866 3503 17181 I ExynosCameraBufferManager: [CAM_ID(0)][PREVIEW_CB_STREAM_BUF]-INFO(dumpBufferInfo[1817]):[m_buffer[3].fd[1]=72] .addr=0xf0a3c000 .size=36864 .position=3 .permission=0]
12-20 21:18:46.866 3503 17181 I ExynosCameraBufferManager: [CAM_ID(0)][PREVIEW_CB_STREAM_BUF]-INFO(dumpBufferInfo[1817]):[m_buffer[4].fd[0]=-1] .addr=0x0 .size=3110400 .position=3 .permission=0]
12-20 21:18:46.866 3503 17181 I ExynosCameraBufferManager: [CAM_ID(0)][PREVIEW_CB_STREAM_BUF]-INFO(dumpBufferInfo[1817]):[m_buffer[4].fd[1]=73] .addr=0xf0a33000 .size=36864 .position=3 .permission=0]
12-20 21:18:46.866 3503 17181 I ExynosCameraBufferManager: [CAM_ID(0)][PREVIEW_CB_STREAM_BUF]-INFO(dumpBufferInfo[1817]):[m_buffer[5].fd[0]=-1] .addr=0x0 .size=3110400 .position=3 .permission=0]
12-20 21:18:46.866 3503 17181 I ExynosCameraBufferManager: [CAM_ID(0)][PREVIEW_CB_STREAM_BUF]-INFO(dumpBufferInfo[1817]):[m_buffer[5].fd[1]=74] .addr=0xf0a26000 .size=36864 .position=3 .permission=0]
12-20 21:18:46.866 3503 17181 I ExynosCameraBufferManager: [CAM_ID(0)][PREVIEW_CB_STREAM_BUF]-INFO(dumpBufferInfo[1817]):[m_buffer[6].fd[0]=-1] .addr=0x0 .size=3110400 .position=3 .permission=0]
12-20 21:18:46.866 3503 17181 I ExynosCameraBufferManager: [CAM_ID(0)][PREVIEW_CB_STREAM_BUF]-INFO(dumpBufferInfo[1817]):[m_buffer[6].fd[1]=75] .addr=0xf09eb000 .size=36864 .position=3 .permission=0]
12-20 21:18:46.866 3503 17181 I ExynosCameraBufferManager: [CAM_ID(0)][PREVIEW_CB_STREAM_BUF]-INFO(dumpBufferInfo[1817]):[m_buffer[7].fd[0]=-1] .addr=0x0 .size=3110400 .position=3 .permission=0]
12-20 21:18:46.866 3503 17181 I ExynosCameraBufferManager: [CAM_ID(0)][PREVIEW_CB_STREAM_BUF]-INFO(dumpBufferInfo[1817]):[m_buffer[7].fd[1]=76] .addr=0xf09e2000 .size=36864 .position=3 .permission=0]
12-20 21:18:46.866 3503 17181 I ExynosCameraBufferManager: [CAM_ID(0)][PREVIEW_CB_STREAM_BUF]-INFO(dumpBufferInfo[1817]):[m_buffer[8].fd[0]=-1] .addr=0x0 .size=3110400 .position=3 .permission=0]
12-20 21:18:46.866 3503 17181 I ExynosCameraBufferManager: [CAM_ID(0)][PREVIEW_CB_STREAM_BUF]-INFO(dumpBufferInfo[1817]):[m_buffer[8].fd[1]=77] .addr=0xf09d5000 .size=36864 .position=3 .permission=0]
12-20 21:18:46.866 3503 17181 I ExynosCameraBufferManager: [CAM_ID(0)][PREVIEW_CB_STREAM_BUF]-INFO(dumpBufferInfo[1817]):[m_buffer[9].fd[0]=-1] .addr=0x0 .size=3110400 .position=3 .permission=0]
12-20 21:18:46.866 3503 17181 I ExynosCameraBufferManager: [CAM_ID(0)][PREVIEW_CB_STREAM_BUF]-INFO(dumpBufferInfo[1817]):[m_buffer[9].fd[1]=78] .addr=0xf09c5000 .size=36864 .position=3 .permission=0]
12-20 21:18:46.866 3503 17181 I ExynosCameraBufferManager: [CAM_ID(0)][PREVIEW_CB_STREAM_BUF]-INFO(dumpBufferInfo[1817]):[m_buffer[10].fd[0]=-1] .addr=0x0 .size=3110400 .position=3 .permission=0]
12-20 21:18:46.866 3503 17181 I ExynosCameraBufferManager: [CAM_ID(0)][PREVIEW_CB_STREAM_BUF]-INFO(dumpBufferInfo[1817]):[m_buffer[10].fd[1]=79] .addr=0xf09bc000 .size=36864 .position=3 .permission=0]
12-20 21:18:46.866 3503 17181 I ExynosCameraBufferManager: [CAM_ID(0)][PREVIEW_CB_STREAM_BUF]-INFO(dumpBufferInfo[1817]):[m_buffer[11].fd[0]=-1] .addr=0x0 .size=3110400 .position=3 .permission=0]
12-20 21:18:46.866 3503 17181 I ExynosCameraBufferManager: [CAM_ID(0)][PREVIEW_CB_STREAM_BUF]-INFO(dumpBufferInfo[1817]):[m_buffer[11].fd[1]=80] .addr=0xf09b3000 .size=36864 .position=3 .permission=0]
12-20 21:18:46.866 3503 17181 I ExynosCameraBufferManager: [CAM_ID(0)][PREVIEW_CB_STREAM_BUF]-INFO(dumpBufferInfo[1817]):[m_buffer[12].fd[0]=-1] .addr=0x0 .size=3110400 .position=3 .permission=0]
12-20 21:18:46.866 3503 17181 I ExynosCameraBufferManager: [CAM_ID(0)][PREVIEW_CB_STREAM_BUF]-INFO(dumpBufferInfo[1817]):[m_buffer[12].fd[1]=81] .addr=0xf09aa000 .size=36864 .position=3 .permission=0]
12-20 21:18:46.866 3503 17181 I ExynosCameraBufferManager: [CAM_ID(0)][PREVIEW_CB_STREAM_BUF]-INFO(dumpBufferInfo[1817]):[m_buffer[13].fd[0]=-1] .addr=0x0 .size=3110400 .position=3 .permission=0]
12-20 21:18:46.866 3503 17181 I ExynosCameraBufferManager: [CAM_ID(0)][PREVIEW_CB_STREAM_BUF]-INFO(dumpBufferInfo[1817]):[m_buffer[13].fd[1]=82] .addr=0xf099a000 .size=36864 .position=3 .permission=0]
12-20 21:18:46.866 3503 17181 I ExynosCameraBufferManager: [CAM_ID(0)][PREVIEW_CB_STREAM_BUF]-INFO(dumpBufferInfo[1817]):[m_buffer[14].fd[0]=-1] .addr=0x0 .size=3110400 .position=3 .permission=0]
12-20 21:18:46.866 3503 17181 I ExynosCameraBufferManager: [CAM_ID(0)][PREVIEW_CB_STREAM_BUF]-INFO(dumpBufferInfo[1817]):[m_buffer[14].fd[1]=83] .addr=0xf0991000 .size=36864 .position=3 .permission=0]
12-20 21:18:46.866 3503 17181 I ExynosCameraBufferManager: [CAM_ID(0)][PREVIEW_CB_STREAM_BUF]-INFO(dumpBufferInfo[1817]):[m_buffer[15].fd[0]=-1] .addr=0x0 .size=3110400 .position=3 .permission=0]
12-20 21:18:46.866 3503 17181 I ExynosCameraBufferManager: [CAM_ID(0)][PREVIEW_CB_STREAM_BUF]-INFO(dumpBufferInfo[1817]):[m_buffer[15].fd[1]=84] .addr=0xf0983000 .size=36864 .position=3 .permission=0]
12-20 21:18:46.866 3503 17181 I ExynosCameraBufferManager: [CAM_ID(0)][PREVIEW_CB_STREAM_BUF]-INFO(dumpBufferInfo[1817]):[m_buffer[16].fd[0]=-1] .addr=0x0 .size=3110400 .position=3 .permission=0]
12-20 21:18:46.866 3503 17181 I ExynosCameraBufferManager: [CAM_ID(0)][PREVIEW_CB_STREAM_BUF]-INFO(dumpBufferInfo[1817]):[m_buffer[16].fd[1]=85] .addr=0xf097a000 .size=36864 .position=3 .permission=0]
12-20 21:18:46.866 3503 17181 I ExynosCameraBufferManager: [CAM_ID(0)][PREVIEW_CB_STREAM_BUF]-INFO(dumpBufferInfo[1817]):[m_buffer[17].fd[0]=-1] .addr=0x0 .size=3110400 .position=3 .permission=0]
12-20 21:18:46.866 3503 17181 I ExynosCameraBufferManager: [CAM_ID(0)][PREVIEW_CB_STREAM_BUF]-INFO(dumpBufferInfo[1817]):[m_buffer[17].fd[1]=86] .addr=0xf0970000 .size=36864 .position=3 .permission=0]
12-20 21:18:46.866 3503 17181 I ExynosCameraBufferManager: [CAM_ID(0)][PREVIEW_CB_STREAM_BUF]-INFO(dumpBufferInfo[1817]):[m_buffer[18].fd[0]=-1] .addr=0x0 .size=3110400 .position=3 .permission=0]
12-20 21:18:46.866 3503 17181 I ExynosCameraBufferManager: [CAM_ID(0)][PREVIEW_CB_STREAM_BUF]-INFO(dumpBufferInfo[1817]):[m_buffer[18].fd[1]=87] .addr=0xf095f000 .size=36864 .position=3 .permission=0]
12-20 21:18:46.866 3503 17181 I ExynosCameraBufferManager: [CAM_ID(0)][PREVIEW_CB_STREAM_BUF]-INFO(dumpBufferInfo[1817]):[m_buffer[19].fd[0]=-1] .addr=0x0 .size=3110400 .position=3 .permission=0]
12-20 21:18:46.866 3503 17181 I ExynosCameraBufferManager: [CAM_ID(0)][PREVIEW_CB_STREAM_BUF]-INFO(dumpBufferInfo[1817]):[m_buffer[19].fd[1]=88] .addr=0xf0952000 .size=36864 .position=3 .permission=0]
12-20 21:18:46.866 3503 17181 I ExynosCameraBufferManager: [CAM_ID(0)][PREVIEW_CB_STREAM_BUF]-INFO(dumpBufferInfo[1817]):[m_buffer[20].fd[0]=-1] .addr=0x0 .size=3110400 .position=3 .permission=0]
12-20 21:18:46.866 3503 17181 I ExynosCameraBufferManager: [CAM_ID(0)][PREVIEW_CB_STREAM_BUF]-INFO(dumpBufferInfo[1817]):[m_buffer[20].fd[1]=89] .addr=0xf0949000 .size=36864 .position=3 .permission=0]
12-20 21:18:46.866 3503 17181 I ExynosCameraBufferManager: [CAM_ID(0)][PREVIEW_CB_STREAM_BUF]-INFO(dumpBufferInfo[1817]):[m_buffer[21].fd[0]=-1] .addr=0x0 .size=3110400 .position=3 .permission=0]
12-20 21:18:46.866 3503 17181 I ExynosCameraBufferManager: [CAM_ID(0)][PREVIEW_CB_STREAM_BUF]-INFO(dumpBufferInfo[1817]):[m_buffer[21].fd[1]=90] .addr=0xf08d8000 .size=36864 .position=3 .permission=0]
12-20 21:18:46.866 3503 17181 I ExynosCameraBufferManager: [CAM_ID(0)][PREVIEW_CB_STREAM_BUF]-INFO(dumpBufferInfo[1817]):[m_buffer[22].fd[0]=-1] .addr=0x0 .size=3110400 .position=3 .permission=0]
12-20 21:18:46.866 3503 17181 I ExynosCameraBufferManager: [CAM_ID(0)][PREVIEW_CB_STREAM_BUF]-INFO(dumpBufferInfo[1817]):[m_buffer[22].fd[1]=91] .addr=0xf08cf000 .size=36864 .position=3 .permission=0]
12-20 21:18:46.866 3503 17181 I ExynosCameraBufferManager: [CAM_ID(0)][PREVIEW_CB_STREAM_BUF]-INFO(dumpBufferInfo[1817]):[m_buffer[23].fd[0]=-1] .addr=0x0 .size=3110400 .position=3 .permission=0]
12-20 21:18:46.866 3503 17181 I ExynosCameraBufferManager: [CAM_ID(0)][PREVIEW_CB_STREAM_BUF]-INFO(dumpBufferInfo[1817]):[m_buffer[23].fd[1]=92] .addr=0xf08c6000 .size=36864 .position=3 .permission=0]
12-20 21:18:46.866 3503 17181 I ExynosCameraBufferManager: [CAM_ID(0)][PREVIEW_CB_STREAM_BUF]-INFO(dumpBufferInfo[1817]):[m_buffer[24].fd[0]=-1] .addr=0x0 .size=3110400 .position=3 .permission=0]
12-20 21:18:46.866 3503 17181 I ExynosCameraBufferManager: [CAM_ID(0)][PREVIEW_CB_STREAM_BUF]-INFO(dumpBufferInfo[1817]):[m_buffer[24].fd[1]=93] .addr=0xf08bd000 .size=36864 .position=3 .permission=0]
12-20 21:18:46.866 3503 17181 I ExynosCameraBufferManager: [CAM_ID(0)][PREVIEW_CB_STREAM_BUF]-INFO(dumpBufferInfo[1817]):[m_buffer[25].fd[0]=-1] .addr=0x0 .size=3110400 .position=3 .permission=0]
12-20 21:18:46.866 3503 17181 I ExynosCameraBufferManager: [CAM_ID(0)][PREVIEW_CB_STREAM_BUF]-INFO(dumpBufferInfo[1817]):[m_buffer[25].fd[1]=94] .addr=0xf08b4000 .size=36864 .position=3 .permission=0]
12-20 21:18:46.866 3503 17181 I ExynosCameraBufferManager: [CAM_ID(0)][PREVIEW_CB_STREAM_BUF]-INFO(dumpBufferInfo[1817]):[m_buffer[26].fd[0]=-1] .addr=0x0 .size=3110400 .position=3 .permission=0]
12-20 21:18:46.866 3503 17181 I ExynosCameraBufferManager: [CAM_ID(0)][PREVIEW_CB_STREAM_BUF]-INFO(dumpBufferInfo[1817]):[m_buffer[26].fd[1]=95] .addr=0xf08a8000 .size=36864 .position=3 .permission=0]
12-20 21:18:46.866 3503 17181 I ExynosCameraBufferManager: [CAM_ID(0)][PREVIEW_CB_STREAM_BUF]-INFO(dumpBufferInfo[1817]):[m_buffer[27].fd[0]=-1] .addr=0x0 .size=3110400 .position=3 .permission=0]
12-20 21:18:46.866 3503 17181 I ExynosCameraBufferManager: [CAM_ID(0)][PREVIEW_CB_STREAM_BUF]-INFO(dumpBufferInfo[1817]):[m_buffer[27].fd[1]=96] .addr=0xf089f000 .size=36864 .position=3 .permission=0]
12-20 21:18:46.866 3503 17181 I ExynosCameraBufferManager: [CAM_ID(0)][PREVIEW_CB_STREAM_BUF]-INFO(dumpBufferInfo[1817]):[m_buffer[28].fd[0]=-1] .addr=0x0 .size=3110400 .position=3 .permission=0]
12-20 21:18:46.866 3503 17181 I ExynosCameraBufferManager: [CAM_ID(0)][PREVIEW_CB_STREAM_BUF]-INFO(dumpBufferInfo[1817]):[m_buffer[28].fd[1]=97] .addr=0xf0890000 .size=36864 .position=3 .permission=0]
12-20 21:18:46.866 3503 17181 I ExynosCameraBufferManager: [CAM_ID(0)][PREVIEW_CB_STREAM_BUF]-INFO(dumpBufferInfo[1817]):[m_buffer[29].fd[0]=-1] .addr=0x0 .size=3110400 .position=3 .permission=0]
12-20 21:18:46.866 3503 17181 I ExynosCameraBufferManager: [CAM_ID(0)][PREVIEW_CB_STREAM_BUF]-INFO(dumpBufferInfo[1817]):[m_buffer[29].fd[1]=98] .addr=0xf0887000 .size=36864 .position=3 .permission=0]
12-20 21:18:46.866 3503 17181 I ExynosCameraBufferManager: [CAM_ID(0)][PREVIEW_CB_STREAM_BUF]-INFO(dumpBufferInfo[1817]):[m_buffer[30].fd[0]=-1] .addr=0x0 .size=3110400 .position=3 .permission=0]
12-20 21:18:46.866 3503 17181 I ExynosCameraBufferManager: [CAM_ID(0)][PREVIEW_CB_STREAM_BUF]-INFO(dumpBufferInfo[1817]):[m_buffer[30].fd[1]=99] .addr=0xf087e000 .size=36864 .position=3 .permission=0]
12-20 21:18:46.866 3503 17181 I ExynosCameraBufferManager: [CAM_ID(0)][PREVIEW_CB_STREAM_BUF]-INFO(dumpBufferInfo[1817]):[m_buffer[31].fd[0]=-1] .addr=0x0 .size=3110400 .position=3 .permission=0]
12-20 21:18:46.866 3503 17181 I ExynosCameraBufferManager: [CAM_ID(0)][PREVIEW_CB_STREAM_BUF]-INFO(dumpBufferInfo[1817]):[m_buffer[31].fd[1]=100] .addr=0xf0875000 .size=36864 .position=3 .permission=0]
12-20 21:18:46.866 3503 17181 D ExynosCameraBufferManager: DEBUG:duration time( 2 msec):(alloc)
12-20 21:18:46.866 3503 17181 D ExynosCameraStreamManager: DEBUG(setBufferManager[306]):m_bufferManager(0xc764b000)
12-20 21:18:46.866 3503 17181 D ExynosCamera3: [CAM_ID(0)][]-DEBUG(configureStreams[1436]):preivewCallbackBufferMgr - 0xc764b000
12-20 21:18:46.866 3503 17181 I ExynosCamera3: [CAM_ID(0)][]-INFO(configureStreams[1132]):list_index 1 streamId 12
12-20 21:18:46.866 3503 17181 D ExynosCamera3: [CAM_ID(0)][]-DEBUG(configureStreams[1133]):stream_type 0
12-20 21:18:46.866 3503 17181 D ExynosCamera3: [CAM_ID(0)][]-DEBUG(configureStreams[1134]):size 1920x1080
12-20 21:18:46.866 3503 17181 D ExynosCamera3: [CAM_ID(0)][]-DEBUG(configureStreams[1135]):format 23
12-20 21:18:46.866 3503 17181 D ExynosCamera3: [CAM_ID(0)][]-DEBUG(configureStreams[1136]):usage 23
12-20 21:18:46.866 3503 17181 D ExynosCamera3: [CAM_ID(0)][]-DEBUG(configureStreams[1137]):max_buffers 9
12-20 21:18:46.866 3503 17181 D ExynosCamera3: [CAM_ID(0)][]-DEBUG(configureStreams[1156]):registerStream 2 registerbuffer 17
12-20 21:18:46.866 3503 17181 I ExynosCamera3Parameters: [CAM_ID(0)][ParametersBack]-INFO(checkYuvSize[757]):curYuvSize 4032x3024 newYuvSize 1920x1080 outputPortId 1
12-20 21:18:46.867 3503 17181 I ExynosCamera3Parameters: [CAM_ID(0)][ParametersBack]-INFO(checkYuvSize[757]):curYuvSize 4032x3024 newYuvSize 1920x1080 outputPortId 4
12-20 21:18:46.867 3503 17181 D ExynosCamera3: [CAM_ID(0)][]-DEBUG(configureStreams[1418]):Create buffer manager(PREVIEW_CB)
12-20 21:18:46.868 3503 17181 D vndksupport: Loading /vendor/lib/hw/android.hardware.graphics.mapper@2.0-impl.so from current namespace instead of sphal namespace.
12-20 21:18:46.869 3503 17181 D ExynosCameraBufferManager: [CAM_ID(0)][none]-DEBUG(ServiceExynosCameraBufferManager[3611]):
12-20 21:18:46.869 3503 17181 D ExynosCamera3: [CAM_ID(0)][]-DEBUG(m_createBufferManager[4892]):BufferManager(PREVIEW_CB_STREAM_BUF) created
12-20 21:18:46.869 3503 17181 D ExynosCamera3: [CAM_ID(0)][]-DEBUG(configureStreams[1429]):planeCount 1+1, planeSize[0] 3110400, bytesPerLine[0] 0
12-20 21:18:46.871 3503 17181 D ExynosCameraBufferManager: [CAM_ID(0)][PREVIEW_CB_STREAM_BUF]-DEBUG(m_defaultAlloc[1329]):Duration time of buffer(Plane:1) allocation( 0 msec)
12-20 21:18:46.871 3503 17181 D ExynosCameraBufferManager: [CAM_ID(0)][PREVIEW_CB_STREAM_BUF]-DEBUG(m_alloc[3862]):
12-20 21:18:46.871 3503 17181 D ExynosCameraBufferManager: [CAM_ID(0)][PREVIEW_CB_STREAM_BUF]-DEBUG(alloc[241]):Allocate the buffer succeeded (allowed(32), requested(32), allocated(32))
12-20 21:18:46.871 3503 17181 I ExynosCameraBufferManager: [CAM_ID(0)][PREVIEW_CB_STREAM_BUF]-INFO(dumpBufferInfo[1817]):[m_buffer[0].fd[0]=-1] .addr=0x0 .size=3110400 .position=3 .permission=0]
12-20 21:18:46.871 3503 17181 I ExynosCameraBufferManager: [CAM_ID(0)][PREVIEW_CB_STREAM_BUF]-INFO(dumpBufferInfo[1817]):[m_buffer[0].fd[1]=101] .addr=0xf086c000 .size=36864 .position=3 .permission=0]
12-20 21:18:46.871 3503 17181 I ExynosCameraBufferManager: [CAM_ID(0)][PREVIEW_CB_STREAM_BUF]-INFO(dumpBufferInfo[1817]):[m_buffer[1].fd[0]=-1] .addr=0x0 .size=3110400 .position=3 .permission=0]
