01-05 11:59:28.649 1128 1252 D ActivityTaskManager: SafeActivityOptions created, mOriginalCallingPid=1128, mOriginalCallingUid=1000, options=ActivityOptions(156609449), mPackageName=null, mAnimationType=-1, mStartX=0, mStartY=0, mWidth=0, mHeight=0, caller=com.android.server.am.PendingIntentRecord.sendInner:471 com.android.server.am.ActivityManagerService.sendIntentSender:6626 com.android.server.am.ActivityManagerService.sendIntentSender:6615 android.app.PendingIntent.sendAndReturnResult:1029 android.app.PendingIntent.send:1000 com.android.server.alarm.AlarmManagerService$DeliveryTracker.deliverLocked:6386 com.android.server.alarm.AlarmManagerService.deliverAlarmsLocked:5226
01-05 11:59:28.650 1128 1252 D ActivityManager: Received BROADCAST intent 0x4b62cb4 Key{broadcastIntent pkg=com.sec.android.app.launcher intent=act=com.samsung.action.EVERY_MINUTE_CLOCK_UPDATE flags=0x4000000 u=0} requestCode=0 sent=0 from uid 1000
01-05 11:59:28.655 1955 1955 I LiveIconUpdateEventHandler: onReceive: Intent { act=com.samsung.action.EVERY_MINUTE_CLOCK_UPDATE flg=0x10 }
01-05 11:59:28.655 1955 1955 I LiveIconUpdateEventHandler: onReceive: com.samsung.action.EVERY_MINUTE_CLOCK_UPDATE
01-05 11:59:28.656 1955 2204 I LiveIconUpdateEventHandler: LiveIcon DateChanged
01-05 11:59:28.656 1955 2204 I LiveIconUpdateEventHandler: updateLiveIcon type:0
01-05 11:59:28.656 1955 2204 I LiveIconViewUpdater: onUpdateLiveIcon - id : 6, itemType : 0
01-05 11:59:28.656 1955 2204 I LiveIconViewUpdater: onUpdateLiveIcon - id : 64, itemType : 0
01-05 11:59:28.657 1955 2204 I LiveIconUpdateEventHandler: cancelMinuteChangeAlarm
01-05 11:59:28.658 1955 2203 I LauncherActivityInfo: Trying to load live icon for com.sec.android.app.clockpackage
01-05 11:59:28.659 1955 2204 I LiveIconUpdateEventHandler: setMinuteChangeAlarm Fri Jan 05 12:00:00 CST 2024
01-05 11:59:28.659 1955 2203 I LiveIconUtil: getLiveIcon was called in ClockPackage
01-05 11:59:28.660 1955 2203 I LiveIconUtil: getLiveIcon res = com.sec.android.app.clockpackage
01-05 11:59:28.661 1955 2203 I LiveIconUtil: stdIconSize : 72 , targetIconSize : 111
01-05 11:59:28.661 1955 2203 I LiveIconUtil: mIconDpi : 480 , mTargetIconDpi : 240
01-05 11:59:28.686 1955 2203 I AppIconSolution: load= live icon for com.sec.android.app.clockpackage, from overlay = false
01-05 11:59:28.686 1955 2203 I LauncherActivityInfo: packageName: com.sec.android.app.clockpackage, useThemeIcon: false, height: 216, width: 216, density: 480
01-05 11:59:28.690 1128 4448 D LocationManagerService: passive provider removed registration from 1000/android[CountryDetector]/8711F94D
01-05 11:59:28.696 720 745 E CP_CONNECT_CTL: socket_reconnect: socket_reconnect src_sock=10, des_socket=cp_time_sync_server.
01-05 11:59:28.696 720 745 E CP_CONNECT_CTL: process_socket_connect: open cp_time_sync_server failed: Connection refused [111(Connection refused)]
01-05 11:59:28.696 720 745 E CP_CONNECT_CTL: socket_reconnect: socket_reconnect src_sock=10, des_socket=cp_time_sync_server.
01-05 11:59:28.696 720 745 E CP_CONNECT_CTL: process_socket_connect: open cp_time_sync_server failed: Connection refused [111(Connection refused)]
01-05 11:59:28.696 720 745 E CP_CONNECT_CTL: socket_reconnect: socket_reconnect src_sock=10, des_socket=cp_time_sync_server.
01-05 11:59:28.696 720 745 E CP_CONNECT_CTL: process_socket_connect: open cp_time_sync_server failed: Connection refused [111(Connection refused)]
01-05 11:59:28.696 720 745 E CP_CONNECT_CTL: socket_reconnect: socket_reconnect src_sock=10, des_socket=cp_time_sync_server.
01-05 11:59:28.697 720 745 E CP_CONNECT_CTL: process_socket_connect: open cp_time_sync_server failed: Connection refused [111(Connection refused)]
01-05 11:59:28.708 2381 6140 I NetworkScheduler.Stats: (REDACTED) Task %s/%s started execution. cause:%s exec_start_elapsed_seconds: %s
01-05 11:59:28.712 2381 3763 W TapAndPay: NfcAdapter is null while obtaining CardEmulation instance. [CONTEXT service_id=79 ]
01-05 11:59:28.712 2381 3763 W TapAndPay: java.lang.NullPointerException: NfcAdapter is null
01-05 11:59:28.712 2381 3763 W TapAndPay: at android.nfc.cardemulation.CardEmulation.getInstance(CardEmulation.java:165)
01-05 11:59:28.712 2381 3763 W TapAndPay: at cvqh.(:com.google.android.gms@234816038@23.48.16 (190400-590025996):15)
01-05 11:59:28.712 2381 3763 W TapAndPay: at com.google.android.gms.tapandpay.hce.task.TapAndPayAidRegistrationTaskOperation.a(:com.google.android.gms@234816038@23.48.16 (190400-590025996):49)
01-05 11:59:28.712 2381 3763 W TapAndPay: at com.google.android.gms.tapandpay.gcmtask.TapAndPayGcmTaskChimeraService.hc(:com.google.android.gms@234816038@23.48.16 (190400-590025996):32)
01-05 11:59:28.712 2381 3763 W TapAndPay: at bhdx.call(:com.google.android.gms@234816038@23.48.16 (190400-590025996):32)
01-05 11:59:28.712 2381 3763 W TapAndPay: at java.util.concurrent.FutureTask.run(FutureTask.java:264)
01-05 11:59:28.712 2381 3763 W TapAndPay: at akan.c(:com.google.android.gms@234816038@23.48.16 (190400-590025996):50)
01-05 11:59:28.712 2381 3763 W TapAndPay: at akan.run(:com.google.android.gms@234816038@23.48.16 (190400-590025996):76)
01-05 11:59:28.712 2381 3763 W TapAndPay: at java.util.concurrent.ThreadPoolExecutor.runWorker(ThreadPoolExecutor.java:1145)
01-05 11:59:28.712 2381 3763 W TapAndPay: at java.util.concurrent.ThreadPoolExecutor$Worker.run(ThreadPoolExecutor.java:644)
01-05 11:59:28.712 2381 3763 W TapAndPay: at akge.run(:com.google.android.gms@234816038@23.48.16 (190400-590025996):8)
01-05 11:59:28.712 2381 3763 W TapAndPay: at java.lang.Thread.run(Thread.java:1012)
01-05 11:59:28.721 2381 3763 I NetworkScheduler.Stats: (REDACTED) Task %s/%s finished executing. cause:%s result: %s elapsed_millis: %s uptime_millis: %s exec_start_elapsed_seconds: %s
01-05 11:59:28.723 749 749 I SurfaceFlinger: SFWD update time=354152150399
01-05 11:59:28.820 665 665 E YLog : /system_ext/etc/ylogsource.conf load failed... error [2(No such file or directory)] [startlogServcie]
01-05 11:59:28.822 443 443 D io_stats: !@ 179,0 r 172540 8721618 w 15112 249924 d 7459 367356 f 6277 2009 iot 67340 63533 th 102400 0 0 pt 0 inp 0 0 354.248
01-05 11:59:28.896 720 745 E CP_CONNECT_CTL: socket_reconnect: socket_reconnect src_sock=10, des_socket=cp_time_sync_server.
01-05 11:59:28.896 720 745 E CP_CONNECT_CTL: process_socket_connect: open cp_time_sync_server failed: Connection refused [111(Connection refused)]
01-05 11:59:28.897 720 745 E CP_CONNECT_CTL: socket_reconnect: socket_reconnect src_sock=10, des_socket=cp_time_sync_server.
01-05 11:59:28.897 720 745 E CP_CONNECT_CTL: process_socket_connect: open cp_time_sync_server failed: Connection refused [111(Connection refused)]
01-05 11:59:28.897 720 745 E CP_CONNECT_CTL: socket_reconnect: socket_reconnect src_sock=10, des_socket=cp_time_sync_server.
01-05 11:59:28.897 720 745 E CP_CONNECT_CTL: process_socket_connect: open cp_time_sync_server failed: Connection refused [111(Connection refused)]
01-05 11:59:28.897 720 745 E CP_CONNECT_CTL: socket_reconnect: socket_reconnect src_sock=10, des_socket=cp_time_sync_server.
01-05 11:59:28.897 720 745 E CP_CONNECT_CTL: process_socket_connect: open cp_time_sync_server failed: Connection refused [111(Connection refused)]
01-05 11:59:29.097 720 745 E CP_CONNECT_CTL: socket_reconnect: socket_reconnect src_sock=10, des_socket=cp_time_sync_server.
01-05 11:59:29.097 720 745 E CP_CONNECT_CTL: process_socket_connect: open cp_time_sync_server failed: Connection refused [111(Connection refused)]
01-05 11:59:29.097 720 745 E CP_CONNECT_CTL: socket_reconnect: socket_reconnect src_sock=10, des_socket=cp_time_sync_server.
01-05 11:59:29.097 720 745 E CP_CONNECT_CTL: process_socket_connect: open cp_time_sync_server failed: Connection refused [111(Connection refused)]
01-05 11:59:29.097 720 745 E CP_CONNECT_CTL: socket_reconnect: socket_reconnect src_sock=10, des_socket=cp_time_sync_server.
01-05 11:59:29.097 720 745 E CP_CONNECT_CTL: process_socket_connect: open cp_time_sync_server failed: Connection refused [111(Connection refused)]
01-05 11:59:29.097 720 745 E CP_CONNECT_CTL: socket_reconnect: socket_reconnect src_sock=10, des_socket=cp_time_sync_server.
01-05 11:59:29.097 720 745 E CP_CONNECT_CTL: process_socket_connect: open cp_time_sync_server failed: Connection refused [111(Connection refused)]
01-05 11:59:29.278 905 905 E SLOGCP : reopen_dev: open /dev/stty_lte28 error [19(No such device)]
01-05 11:59:29.297 720 745 E CP_CONNECT_CTL: socket_reconnect: socket_reconnect src_sock=10, des_socket=cp_time_sync_server.
01-05 11:59:29.297 720 745 E CP_CONNECT_CTL: process_socket_connect: open cp_time_sync_server failed: Connection refused [111(Connection refused)]
01-05 11:59:29.297 720 745 E CP_CONNECT_CTL: socket_reconnect: socket_reconnect src_sock=10, des_socket=cp_time_sync_server.
01-05 11:59:29.297 720 745 E CP_CONNECT_CTL: process_socket_connect: open cp_time_sync_server failed: Connection refused [111(Connection refused)]
01-05 11:59:29.297 720 745 E CP_CONNECT_CTL: socket_reconnect: socket_reconnect src_sock=10, des_socket=cp_time_sync_server.
01-05 11:59:29.297 720 745 E CP_CONNECT_CTL: process_socket_connect: open cp_time_sync_server failed: Connection refused [111(Connection refused)]
01-05 11:59:29.297 720 745 E CP_CONNECT_CTL: socket_reconnect: socket_reconnect src_sock=10, des_socket=cp_time_sync_server.
01-05 11:59:29.297 720 745 E CP_CONNECT_CTL: process_socket_connect: open cp_time_sync_server failed: Connection refused [111(Connection refused)]
01-05 11:59:29.439 1128 2950 D SettingsProvider: isChangeAllowed() : name = Phenotype_boot_count
01-05 11:59:29.439 1128 2950 D SettingsProvider: edmUri: content://com.sec.knox.provider/RestrictionPolicy3
01-05 11:59:29.439 1128 2950 D SettingsProvider: projectionArgs: isSettingsChangesAllowed
01-05 11:59:29.439 1128 2950 D SettingsProvider: selectionArgs: false
01-05 11:59:29.439 1128 2950 D SettingsProvider: selectionArgs: 10157
01-05 11:59:29.439 1128 2950 D SecContentProvider: query(), uri = 17 selection = isSettingsChangesAllowed
01-05 11:59:29.439 1128 2950 D SecContentProvider: called from com.google.uid.shared:10157
01-05 11:59:29.440 1128 2950 D RestrictionPolicy: isSettingsChangesAllowedAsUser, userId 0 : true
01-05 11:59:29.440 1128 2950 D SettingsProvider: ret = 1
01-05 11:59:29.441 1128 2950 I GenerationRegistry: mBackingStore.isClosed() : false
01-05 11:59:29.441 1128 2950 I GenerationRegistry: Incremented generation for key:Key[user=0;type=SETTINGS_GLOBAL] generation :6 at index:0
01-05 11:59:29.443 7855 7975 I HQCAM_DepressStickerService: After 268 seconds sleep!!!
01-05 11:59:29.465 1128 2950 I RescueParty: Starting to observe: [com.google.android.ext.services, com.google.android.providers.media.module, android], updated namespace: storage_native_boot
01-05 11:59:29.467 1128 2950 I GenerationRegistry: mBackingStore.isClosed() : false
01-05 11:59:29.468 1128 1163 I PackageWatchdog: Syncing state, reason: observing new packages
01-05 11:59:29.468 1128 2950 I GenerationRegistry: Incremented generation for key:Key[user=0;type=SETTINGS_CONFIG] generation :2 at index:1
01-05 11:59:29.468 1128 1163 D PackageWatchdog: rescue-party-observer added the following packages to monitor [com.google.android.ext.services, com.google.android.providers.media.module, android]
01-05 11:59:29.468 1128 1163 I PackageWatchdog: Syncing state, reason: updated observers
01-05 11:59:29.468 1128 1163 I PackageWatchdog: Saving observer state to file
01-05 11:59:29.468 1128 1128 I PackageWatchdog: Syncing health check requests for packages: {}
01-05 11:59:29.468 1128 1128 I ExplicitHealthCheckController: Service not ready to get health check supported packages. Binding...
01-05 11:59:29.471 1128 1128 I ExplicitHealthCheckController: Explicit health check service is bound
01-05 11:59:29.473 2419 6477 D CompatibilityChangeReporter: Compat change id reported: 150939131; UID 10188; state: ENABLED
01-05 11:59:29.473 1128 1128 I PackageWatchdog: Syncing health check requests for packages: {}
01-05 11:59:29.473 1128 1128 I ExplicitHealthCheckController: Service not ready to get health check supported packages. Binding...
01-05 11:59:29.473 1128 1128 I ExplicitHealthCheckController: Not binding to service, service already connecting
01-05 11:59:29.474 1128 1128 I ExplicitHealthCheckController: Explicit health check service is connected ComponentInfo{com.google.android.ext.services/android.ext.services.watchdog.ExplicitHealthCheckServiceImpl}
01-05 11:59:29.474 1128 1128 I ExplicitHealthCheckController: Service initialized, syncing requests
01-05 11:59:29.474 1128 1128 I PackageWatchdog: Syncing health check requests for packages: {}
01-05 11:59:29.474 1128 1128 D ExplicitHealthCheckController: Getting health check supported packages
01-05 11:59:29.476 2419 2761 I MediaProvider: Changed PhotoPickerGetContentActivity component state to STATE_ENABLED ( 1 )
01-05 11:59:29.477 1128 4091 D PackageManager: setEnabledSetting : userId = 0 packageName = com.google.android.providers.media.module cmp = com.android.providers.media.photopicker.PhotoPickerGetContentActivity newState = 1 callingPackage = 10188/com.google.android.providers.media.module
01-05 11:59:29.477 1128 2954 I ExplicitHealthCheckController: Explicit health check supported packages [PackageConfig{com.google.android.networkstack, 86400000}]
01-05 11:59:29.477 1128 2954 D PackageWatchdog: Received supported packages [PackageConfig{com.google.android.networkstack, 86400000}]
01-05 11:59:29.477 1128 4091 D ApplicationPolicy: getApplicationStateEnabled : pkg = com.google.android.providers.media.module userId : 0
01-05 11:59:29.477 1128 2954 D ExplicitHealthCheckController: Getting health check requested packages
01-05 11:59:29.478 1128 4091 D ApplicationPolicy: getApplicationComponentState : pkg = com.google.android.providers.media.module userId : 0
01-05 11:59:29.478 2419 2795 D PickerDataLayer: Cloud provider allowlist was changed, and the current cloud provider is no longer on the allowlist. Allowlist: [] Current Provider: null
01-05 11:59:29.479 2419 2761 I MediaProvider: Changed PhotoPickerUserSelectActivity component state to STATE_ENABLED ( 1 )
01-05 11:59:29.479 1128 4091 D PackageManager: setEnabledSetting : userId = 0 packageName = com.google.android.providers.media.module cmp = com.android.providers.media.photopicker.PhotoPickerUserSelectActivity newState = 1 callingPackage = 10188/com.google.android.providers.media.module
01-05 11:59:29.479 1128 2950 I ExplicitHealthCheckController: Explicit health check requested packages []
01-05 11:59:29.480 1128 2950 I ExplicitHealthCheckController: No more health check requests, unbinding...
01-05 11:59:29.480 1128 4091 D ApplicationPolicy: getApplicationStateEnabled : pkg = com.google.android.providers.media.module userId : 0
01-05 11:59:29.480 1128 4091 D ApplicationPolicy: getApplicationComponentState : pkg = com.google.android.providers.media.module userId : 0
01-05 11:59:29.481 1128 2950 I ExplicitHealthCheckController: Explicit health check service is unbound
01-05 11:59:29.484 1128 4091 D PackageManager: setEnabledSetting : userId = 0 packageName = com.google.android.providers.media.module cmp = com.android.providers.media.photopicker.PhotoPickerSettingsActivity newState = 2 callingPackage = 10188/com.google.android.providers.media.module
01-05 11:59:29.485 1128 2950 I GenerationRegistry: mBackingStore.isClosed() : false
01-05 11:59:29.485 1128 2950 I GenerationRegistry: Incremented generation for key:Key[user=0;type=SETTINGS_CONFIG] generation :3 at index:1
01-05 11:59:29.488 2419 2761 I MediaApplication: PhotoPickerSettingsActivity is now disabled.
01-05 11:59:29.490 2419 2761 D PickerSyncController: Cloud-Media-in-Photo-Picker feature is disabled during PickerSyncController construction.
01-05 11:59:29.491 2419 2761 D PickerSyncController: Updated cloud provider to: null
01-05 11:59:29.491 2419 2761 D PickerSyncController: Ignoring cache media info for null authority with bundle: null
01-05 11:59:29.494 2419 2761 I TranscodeHelper: Empty transcode compat stale
01-05 11:59:29.494 2419 2761 I TranscodeHelper: Parsed 0 packages from resource
01-05 11:59:29.495 2419 2761 I TranscodeHelper: Parsed 8 packages from device config
01-05 11:59:29.497 720 745 E CP_CONNECT_CTL: socket_reconnect: socket_reconnect src_sock=10, des_socket=cp_time_sync_server.
01-05 11:59:29.497 720 745 E CP_CONNECT_CTL: process_socket_connect: open cp_time_sync_server failed: Connection refused [111(Connection refused)]
01-05 11:59:29.497 720 745 E CP_CONNECT_CTL: socket_reconnect: socket_reconnect src_sock=10, des_socket=cp_time_sync_server.
01-05 11:59:29.497 720 745 E CP_CONNECT_CTL: process_socket_connect: open cp_time_sync_server failed: Connection refused [111(Connection refused)]
01-05 11:59:29.497 720 745 E CP_CONNECT_CTL: socket_reconnect: socket_reconnect src_sock=10, des_socket=cp_time_sync_server.
01-05 11:59:29.497 720 745 E CP_CONNECT_CTL: process_socket_connect: open cp_time_sync_server failed: Connection refused [111(Connection refused)]
01-05 11:59:29.497 720 745 E CP_CONNECT_CTL: socket_reconnect: socket_reconnect src_sock=10, des_socket=cp_time_sync_server.
01-05 11:59:29.497 720 745 E CP_CONNECT_CTL: process_socket_connect: open cp_time_sync_server failed: Connection refused [111(Connection refused)]
01-05 11:59:29.503 1128 2950 I GenerationRegistry: mBackingStore.isClosed() : false
01-05 11:59:29.503 1128 2950 I GenerationRegistry: Incremented generation for key:Key[user=0;type=SETTINGS_CONFIG] generation :4 at index:1
01-05 11:59:29.507 2381 10412 I cnqg : updateFromConfigurations using legacy put method [CONTEXT service_id=204 ]
01-05 11:59:29.530 1128 2950 I GenerationRegistry: mBackingStore.isClosed() : false
01-05 11:59:29.530 1128 2950 I GenerationRegistry: Incremented generation for key:Key[user=0;type=SETTINGS_CONFIG] generation :5 at index:1
01-05 11:59:29.540 1128 2075 E SettingsToPropertiesMapper: com.yelp.android,0,com.yy.biu,0,com.groupme.android,0,air.tv.douyu.android,0,com.baidu.mbaby,0,com.vlocker.locker,0,com.znxh.hyhuo,0,com.yixia.xiaokaxiu,0 exceeds system property max length.
01-05 11:59:29.574 1128 2950 I GenerationRegistry: mBackingStore.isClosed() : false
01-05 11:59:29.574 1128 2950 I GenerationRegistry: Incremented generation for key:Key[user=0;type=SETTINGS_CONFIG] generation :6 at index:1
01-05 11:59:29.584 1128 2950 I GenerationRegistry: mBackingStore.isClosed() : false
01-05 11:59:29.585 1128 2950 I GenerationRegistry: Incremented generation for key:Key[user=0;type=SETTINGS_CONFIG] generation :7 at index:1
01-05 11:59:29.607 1128 2950 I RescueParty: Starting to observe: [android], updated namespace: clipboard
01-05 11:59:29.607 1128 2950 I GenerationRegistry: mBackingStore.isClosed() : false
01-05 11:59:29.607 1128 1163 I PackageWatchdog: Syncing state, reason: observing new packages
01-05 11:59:29.607 1128 2950 I GenerationRegistry: Incremented generation for key:Key[user=0;type=SETTINGS_CONFIG] generation :8 at index:1
01-05 11:59:29.607 1128 1163 D PackageWatchdog: rescue-party-observer added the following packages to monitor [android]
01-05 11:59:29.607 1128 1163 I PackageWatchdog: Syncing state, reason: updated observers
01-05 11:59:29.608 1128 1163 I PackageWatchdog: Not pruning observers, elapsed time: 0ms
01-05 11:59:29.608 1128 1163 I PackageWatchdog: Saving observer state to file
01-05 11:59:29.608 1128 1128 I PackageWatchdog: Syncing health check requests for packages: {}
01-05 11:59:29.608 1128 1128 I ExplicitHealthCheckController: Service not ready to get health check supported packages. Binding...
01-05 11:59:29.610 1128 1128 I ExplicitHealthCheckController: Explicit health check service is bound
01-05 11:59:29.619 1128 1128 I PackageWatchdog: Syncing health check requests for packages: {}
01-05 11:59:29.619 1128 1128 I ExplicitHealthCheckController: Service not ready to get health check supported packages. Binding...
01-05 11:59:29.619 1128 1128 I ExplicitHealthCheckController: Not binding to service, service already connecting
01-05 11:59:29.621 1128 1128 I ExplicitHealthCheckController: Explicit health check service is connected ComponentInfo{com.google.android.ext.services/android.ext.services.watchdog.ExplicitHealthCheckServiceImpl}
01-05 11:59:29.621 1128 1128 I ExplicitHealthCheckController: Service initialized, syncing requests
01-05 11:59:29.621 1128 1128 I PackageWatchdog: Syncing health check requests for packages: {}
01-05 11:59:29.621 1128 1128 D ExplicitHealthCheckController: Getting health check supported packages
01-05 11:59:29.623 1128 4091 I GenerationRegistry: mBackingStore.isClosed() : false
01-05 11:59:29.623 1128 4091 I GenerationRegistry: Incremented generation for key:Key[user=0;type=SETTINGS_CONFIG] generation :9 at index:1
01-05 11:59:29.624 1128 4091 I ExplicitHealthCheckController: Explicit health check supported packages [PackageConfig{com.google.android.networkstack, 86400000}]
01-05 11:59:29.624 1128 4091 D PackageWatchdog: Received supported packages [PackageConfig{com.google.android.networkstack, 86400000}]
01-05 11:59:29.624 1128 4091 D ExplicitHealthCheckController: Getting health check requested packages
01-05 11:59:29.625 1128 4091 I ExplicitHealthCheckController: Explicit health check requested packages []
01-05 11:59:29.625 1128 4091 I ExplicitHealthCheckController: No more health check requests, unbinding...
01-05 11:59:29.626 1128 4091 I ExplicitHealthCheckController: Explicit health check service is unbound
01-05 11:59:29.678 1128 4091 I RescueParty: Starting to observe: [com.google.android.cellbroadcastservice, android], updated namespace: connectivity
01-05 11:59:29.678 1128 4091 I GenerationRegistry: mBackingStore.isClosed() : false
01-05 11:59:29.678 1128 1163 I PackageWatchdog: Syncing state, reason: observing new packages
01-05 11:59:29.678 1128 4091 I GenerationRegistry: Incremented generation for key:Key[user=0;type=SETTINGS_CONFIG] generation :10 at index:1
01-05 11:59:29.679 1128 1163 D PackageWatchdog: rescue-party-observer added the following packages to monitor [com.google.android.cellbroadcastservice, android]
01-05 11:59:29.679 1128 1163 I PackageWatchdog: Syncing state, reason: updated observers
01-05 11:59:29.679 1128 1163 I PackageWatchdog: Not pruning observers, elapsed time: 0ms
01-05 11:59:29.679 1128 1163 I PackageWatchdog: Saving observer state to file
01-05 11:59:29.679 1128 1128 I PackageWatchdog: Syncing health check requests for packages: {}
01-05 11:59:29.679 1128 1128 I ExplicitHealthCheckController: Service not ready to get health check supported packages. Binding...
01-05 11:59:29.681 1128 1128 I ExplicitHealthCheckController: Explicit health check service is bound
01-05 11:59:29.684 1535 4626 D CompatibilityChangeReporter: Compat change id reported: 150939131; UID 1073; state: ENABLED
01-05 11:59:29.698 720 745 E CP_CONNECT_CTL: socket_reconnect: socket_reconnect src_sock=10, des_socket=cp_time_sync_server.
01-05 11:59:29.698 720 745 E CP_CONNECT_CTL: process_socket_connect: open cp_time_sync_server failed: Connection refused [111(Connection refused)]
01-05 11:59:29.698 720 745 E CP_CONNECT_CTL: socket_reconnect: socket_reconnect src_sock=10, des_socket=cp_time_sync_server.
01-05 11:59:29.698 720 745 E CP_CONNECT_CTL: process_socket_connect: open cp_time_sync_server failed: Connection refused [111(Connection refused)]
01-05 11:59:29.698 720 745 E CP_CONNECT_CTL: socket_reconnect: socket_reconnect src_sock=10, des_socket=cp_time_sync_server.
01-05 11:59:29.698 720 745 E CP_CONNECT_CTL: process_socket_connect: open cp_time_sync_server failed: Connection refused [111(Connection refused)]
01-05 11:59:29.698 720 745 E CP_CONNECT_CTL: socket_reconnect: socket_reconnect src_sock=10, des_socket=cp_time_sync_server.
01-05 11:59:29.698 720 745 E CP_CONNECT_CTL: process_socket_connect: open cp_time_sync_server failed: Connection refused [111(Connection refused)]
01-05 11:59:29.698 1128 4091 I RescueParty: Starting to observe: [com.google.android.permissioncontroller], updated namespace: permissions
01-05 11:59:29.698 1128 4091 I GenerationRegistry: mBackingStore.isClosed() : false
01-05 11:59:29.698 1128 4091 I GenerationRegistry: Incremented generation for key:Key[user=0;type=SETTINGS_CONFIG] generation :11 at index:1
01-05 11:59:29.702 1128 1128 I PackageWatchdog: Syncing health check requests for packages: {}
01-05 11:59:29.702 1128 1128 I ExplicitHealthCheckController: Service not ready to get health check supported packages. Binding...
01-05 11:59:29.702 1128 1128 I ExplicitHealthCheckController: Not binding to service, service already connecting
01-05 11:59:29.702 1128 1128 I ExplicitHealthCheckController: Explicit health check service is connected ComponentInfo{com.google.android.ext.services/android.ext.services.watchdog.ExplicitHealthCheckServiceImpl}
01-05 11:59:29.702 1128 1163 I PackageWatchdog: Syncing state, reason: observing new packages
01-05 11:59:29.702 1128 1163 D PackageWatchdog: rescue-party-observer added the following packages to monitor [com.google.android.permissioncontroller]
01-05 11:59:29.702 1128 1163 I PackageWatchdog: Syncing state, reason: updated observers
01-05 11:59:29.702 1128 1163 I PackageWatchdog: Not pruning observers, elapsed time: 0ms
01-05 11:59:29.702 1128 1163 I PackageWatchdog: Saving observer state to file
01-05 11:59:29.702 1128 1128 I ExplicitHealthCheckController: Service initialized, syncing requests
01-05 11:59:29.707 1128 1128 I PackageWatchdog: Syncing health check requests for packages: {}
01-05 11:59:29.707 1128 1128 D ExplicitHealthCheckController: Getting health check supported packages
01-05 11:59:29.710 1128 2950 I ExplicitHealthCheckController: Explicit health check supported packages [PackageConfig{com.google.android.networkstack, 86400000}]
01-05 11:59:29.710 1128 2950 D PackageWatchdog: Received supported packages [PackageConfig{com.google.android.networkstack, 86400000}]
01-05 11:59:29.710 1128 2950 D ExplicitHealthCheckController: Getting health check requested packages
01-05 11:59:29.710 1128 2950 I ExplicitHealthCheckController: Explicit health check requested packages []
01-05 11:59:29.710 1128 2950 I ExplicitHealthCheckController: No more health check requests, unbinding...
01-05 11:59:29.712 1128 2950 I ExplicitHealthCheckController: Explicit health check service is unbound
01-05 11:59:29.752 1128 2950 I GenerationRegistry: mBackingStore.isClosed() : false
01-05 11:59:29.753 1128 2950 I GenerationRegistry: Incremented generation for key:Key[user=0;type=SETTINGS_CONFIG] generation :12 at index:1
01-05 11:59:29.775 1128 2950 I GenerationRegistry: mBackingStore.isClosed() : false
01-05 11:59:29.775 1128 2950 I GenerationRegistry: Incremented generation for key:Key[user=0;type=SETTINGS_CONFIG] generation :13 at index:1
01-05 11:59:29.795 1128 2950 I RescueParty: Starting to observe: [android], updated namespace: wifi
01-05 11:59:29.795 1128 2950 I GenerationRegistry: mBackingStore.isClosed() : false
01-05 11:59:29.795 1128 1163 I PackageWatchdog: Syncing state, reason: observing new packages
01-05 11:59:29.795 1128 2950 I GenerationRegistry: Incremented generation for key:Key[user=0;type=SETTINGS_CONFIG] generation :14 at index:1
01-05 11:59:29.795 1128 1163 D PackageWatchdog: rescue-party-observer added the following packages to monitor [android]
01-05 11:59:29.795 1128 1163 I PackageWatchdog: Syncing state, reason: updated observers
01-05 11:59:29.795 1128 1163 I PackageWatchdog: Not pruning observers, elapsed time: 0ms
01-05 11:59:29.796 1128 1163 I PackageWatchdog: Saving observer state to file
01-05 11:59:29.801 1128 1128 I PackageWatchdog: Syncing health check requests for packages: {}
01-05 11:59:29.801 1128 1128 I ExplicitHealthCheckController: Service not ready to get health check supported packages. Binding...
01-05 11:59:29.804 1128 1128 I ExplicitHealthCheckController: Explicit health check service is bound
01-05 11:59:29.810 1128 1128 I PackageWatchdog: Syncing health check requests for packages: {}
01-05 11:59:29.810 1128 1128 I ExplicitHealthCheckController: Service not ready to get health check supported packages. Binding...
01-05 11:59:29.810 1128 1128 I ExplicitHealthCheckController: Not binding to service, service already connecting
01-05 11:59:29.810 1128 1128 I ExplicitHealthCheckController: Explicit health check service is connected ComponentInfo{com.google.android.ext.services/android.ext.services.watchdog.ExplicitHealthCheckServiceImpl}
01-05 11:59:29.810 1128 1128 I ExplicitHealthCheckController: Service initialized, syncing requests
01-05 11:59:29.810 1128 1128 I PackageWatchdog: Syncing health check requests for packages: {}
01-05 11:59:29.810 1128 1128 D ExplicitHealthCheckController: Getting health check supported packages
01-05 11:59:29.812 1128 2950 I ExplicitHealthCheckController: Explicit health check supported packages [PackageConfig{com.google.android.networkstack, 86400000}]
01-05 11:59:29.812 1128 2950 D PackageWatchdog: Received supported packages [PackageConfig{com.google.android.networkstack, 86400000}]
01-05 11:59:29.812 1128 2950 D ExplicitHealthCheckController: Getting health check requested packages
01-05 11:59:29.813 1128 2950 I ExplicitHealthCheckController: Explicit health check requested packages []
01-05 11:59:29.813 1128 2950 I ExplicitHealthCheckController: No more health check requests, unbinding...
01-05 11:59:29.815 1128 2950 I ExplicitHealthCheckController: Explicit health check service is unbound
01-05 11:59:29.821 665 665 E YLog : /system_ext/etc/ylogsource.conf load failed... error [2(No such file or directory)] [startlogServcie]
01-05 11:59:29.840 1128 2950 I GenerationRegistry: mBackingStore.isClosed() : false
01-05 11:59:29.840 1128 2950 I GenerationRegistry: Incremented generation for key:Key[user=0;type=SETTINGS_CONFIG] generation :15 at index:1
01-05 11:59:29.871 1128 2950 I RescueParty: Starting to observe: [android], updated namespace: appsearch
01-05 11:59:29.871 1128 2950 I GenerationRegistry: mBackingStore.isClosed() : false
01-05 11:59:29.871 1128 1163 I PackageWatchdog: Syncing state, reason: observing new packages
01-05 11:59:29.871 1128 2950 I GenerationRegistry: Incremented generation for key:Key[user=0;type=SETTINGS_CONFIG] generation :16 at index:1
01-05 11:59:29.871 1128 1163 D PackageWatchdog: rescue-party-observer added the following packages to monitor [android]
01-05 11:59:29.871 1128 1163 I PackageWatchdog: Syncing state, reason: updated observers
01-05 11:59:29.871 1128 1163 I PackageWatchdog: Saving observer state to file
01-05 11:59:29.874 1128 1128 I PackageWatchdog: Syncing health check requests for packages: {}
01-05 11:59:29.874 1128 1128 I ExplicitHealthCheckController: Service not ready to get health check supported packages. Binding...
01-05 11:59:29.880 1128 1128 I ExplicitHealthCheckController: Explicit health check service is bound
01-05 11:59:29.880 1128 1128 I PackageWatchdog: Syncing health check requests for packages: {}
01-05 11:59:29.880 1128 1128 I ExplicitHealthCheckController: Service not ready to get health check supported packages. Binding...
01-05 11:59:29.880 1128 1128 I ExplicitHealthCheckController: Not binding to service, service already connecting
01-05 11:59:29.882 1128 1128 I ExplicitHealthCheckController: Explicit health check service is connected ComponentInfo{com.google.android.ext.services/android.ext.services.watchdog.ExplicitHealthCheckServiceImpl}
01-05 11:59:29.882 1128 1128 I ExplicitHealthCheckController: Service initialized, syncing requests
01-05 11:59:29.883 1128 1128 I PackageWatchdog: Syncing health check requests for packages: {}
01-05 11:59:29.883 1128 1128 D ExplicitHealthCheckController: Getting health check supported packages
01-05 11:59:29.885 1128 4091 I ExplicitHealthCheckController: Explicit health check supported packages [PackageConfig{com.google.android.networkstack, 86400000}]
01-05 11:59:29.885 1128 4091 D PackageWatchdog: Received supported packages [PackageConfig{com.google.android.networkstack, 86400000}]
01-05 11:59:29.885 1128 4091 D ExplicitHealthCheckController: Getting health check requested packages
01-05 11:59:29.886 1128 2950 I ExplicitHealthCheckController: Explicit health check requested packages []
01-05 11:59:29.886 1128 2950 I ExplicitHealthCheckController: No more health check requests, unbinding...
01-05 11:59:29.887 1128 2950 I ExplicitHealthCheckController: Explicit health check service is unbound
01-05 11:59:29.898 720 745 E CP_CONNECT_CTL: socket_reconnect: socket_reconnect src_sock=10, des_socket=cp_time_sync_server.
01-05 11:59:29.898 720 745 E CP_CONNECT_CTL: process_socket_connect: open cp_time_sync_server failed: Connection refused [111(Connection refused)]
01-05 11:59:29.898 720 745 E CP_CONNECT_CTL: socket_reconnect: socket_reconnect src_sock=10, des_socket=cp_time_sync_server.
01-05 11:59:29.898 720 745 E CP_CONNECT_CTL: process_socket_connect: open cp_time_sync_server failed: Connection refused [111(Connection refused)]
01-05 11:59:29.898 720 745 E CP_CONNECT_CTL: socket_reconnect: socket_reconnect src_sock=10, des_socket=cp_time_sync_server.
01-05 11:59:29.899 720 745 E CP_CONNECT_CTL: process_socket_connect: open cp_time_sync_server failed: Connection refused [111(Connection refused)]
01-05 11:59:29.899 720 745 E CP_CONNECT_CTL: socket_reconnect: socket_reconnect src_sock=10, des_socket=cp_time_sync_server.
01-05 11:59:29.899 720 745 E CP_CONNECT_CTL: process_socket_connect: open cp_time_sync_server failed: Connection refused [111(Connection refused)]
01-05 11:59:29.899 1128 4091 I GenerationRegistry: mBackingStore.isClosed() : false
01-05 11:59:29.899 1128 4091 I GenerationRegistry: Incremented generation for key:Key[user=0;type=SETTINGS_CONFIG] generation :17 at index:1
01-05 11:59:29.908 1128 4091 I RescueParty: Starting to observe: [com.sec.android.app.launcher, com.android.systemui], updated namespace: interaction_jank_monitor
01-05 11:59:29.909 1128 4091 I GenerationRegistry: mBackingStore.isClosed() : false
01-05 11:59:29.909 1128 1163 I PackageWatchdog: Syncing state, reason: observing new packages
01-05 11:59:29.909 1128 4091 I GenerationRegistry: Incremented generation for key:Key[user=0;type=SETTINGS_CONFIG] generation :18 at index:1
01-05 11:59:29.909 1128 1163 D PackageWatchdog: rescue-party-observer added the following packages to monitor [com.sec.android.app.launcher, com.android.systemui]
01-05 11:59:29.909 1128 1163 I PackageWatchdog: Syncing state, reason: updated observers
01-05 11:59:29.909 1128 1163 I PackageWatchdog: Not pruning observers, elapsed time: 0ms
01-05 11:59:29.909 1128 1163 I PackageWatchdog: Saving observer state to file
01-05 11:59:29.909 1128 1128 I PackageWatchdog: Syncing health check requests for packages: {}
01-05 11:59:29.909 1128 1128 I ExplicitHealthCheckController: Service not ready to get health check supported packages. Binding...
01-05 11:59:29.912 1128 1128 I ExplicitHealthCheckController: Explicit health check service is bound
01-05 11:59:29.920 1128 1128 I PackageWatchdog: Syncing health check requests for packages: {}
01-05 11:59:29.920 1128 1128 I ExplicitHealthCheckController: Service not ready to get health check supported packages. Binding...
01-05 11:59:29.920 1128 1128 I ExplicitHealthCheckController: Not binding to service, service already connecting
01-05 11:59:29.920 1128 1128 I ExplicitHealthCheckController: Explicit health check service is connected ComponentInfo{com.google.android.ext.services/android.ext.services.watchdog.ExplicitHealthCheckServiceImpl}
01-05 11:59:29.920 1128 1128 I ExplicitHealthCheckController: Service initialized, syncing requests
01-05 11:59:29.920 1128 1128 I PackageWatchdog: Syncing health check requests for packages: {}
01-05 11:59:29.920 1128 1128 D ExplicitHealthCheckController: Getting health check supported packages
01-05 11:59:29.922 1128 2950 I ExplicitHealthCheckController: Explicit health check supported packages [PackageConfig{com.google.android.networkstack, 86400000}]
01-05 11:59:29.922 1128 2950 D PackageWatchdog: Received supported packages [PackageConfig{com.google.android.networkstack, 86400000}]
01-05 11:59:29.922 1128 2950 D ExplicitHealthCheckController: Getting health check requested packages
01-05 11:59:29.923 1128 2950 I ExplicitHealthCheckController: Explicit health check requested packages []
01-05 11:59:29.923 1128 2950 I ExplicitHealthCheckController: No more health check requests, unbinding...
01-05 11:59:29.924 1128 2950 I ExplicitHealthCheckController: Explicit health check service is unbound
01-05 11:59:29.933 1128 2950 I GenerationRegistry: mBackingStore.isClosed() : false
01-05 11:59:29.933 1128 2950 I GenerationRegistry: Incremented generation for key:Key[user=0;type=SETTINGS_CONFIG] generation :19 at index:1
01-05 11:59:29.988 1128 2950 I GenerationRegistry: mBackingStore.isClosed() : false
01-05 11:59:29.988 1128 2950 I GenerationRegistry: Incremented generation for key:Key[user=0;type=SETTINGS_CONFIG] generation :20 at index:1
01-05 11:59:30.083 1128 2950 I RescueParty: Starting to observe: [android], updated namespace: adservices
01-05 11:59:30.083 1128 1163 I PackageWatchdog: Syncing state, reason: observing new packages
01-05 11:59:30.083 1128 2950 I GenerationRegistry: mBackingStore.isClosed() : false
01-05 11:59:30.083 1128 1163 D PackageWatchdog: rescue-party-observer added the following packages to monitor [android]
01-05 11:59:30.083 1128 1163 I PackageWatchdog: Syncing state, reason: updated observers
01-05 11:59:30.083 1128 1163 I PackageWatchdog: Not pruning observers, elapsed time: 0ms
01-05 11:59:30.083 1128 2950 I GenerationRegistry: Incremented generation for key:Key[user=0;type=SETTINGS_CONFIG] generation :21 at index:1
01-05 11:59:30.084 1128 1163 I PackageWatchdog: Saving observer state to file
01-05 11:59:30.084 1128 1128 I PackageWatchdog: Syncing health check requests for packages: {}
01-05 11:59:30.085 1128 1128 I ExplicitHealthCheckController: Service not ready to get health check supported packages. Binding...
01-05 11:59:30.088 1128 1128 I ExplicitHealthCheckController: Explicit health check service is bound
01-05 11:59:30.088 1128 1128 I PackageWatchdog: Syncing health check requests for packages: {}
01-05 11:59:30.089 1128 1128 I ExplicitHealthCheckController: Service not ready to get health check supported packages. Binding...
01-05 11:59:30.089 1128 1128 I ExplicitHealthCheckController: Not binding to service, service already connecting
01-05 11:59:30.095 1128 1128 I ExplicitHealthCheckController: Explicit health check service is connected ComponentInfo{com.google.android.ext.services/android.ext.services.watchdog.ExplicitHealthCheckServiceImpl}
01-05 11:59:30.095 1128 1128 I ExplicitHealthCheckController: Service initialized, syncing requests
01-05 11:59:30.098 720 745 E CP_CONNECT_CTL: socket_reconnect: socket_reconnect src_sock=10, des_socket=cp_time_sync_server.
01-05 11:59:30.099 720 745 E CP_CONNECT_CTL: process_socket_connect: open cp_time_sync_server failed: Connection refused [111(Connection refused)]
01-05 11:59:30.099 720 745 E CP_CONNECT_CTL: socket_reconnect: socket_reconnect src_sock=10, des_socket=cp_time_sync_server.
01-05 11:59:30.099 1128 1128 D SdkSandboxManager: services_allowlist_per_targetSdkVersion property is empty
01-05 11:59:30.099 720 745 E CP_CONNECT_CTL: process_socket_connect: open cp_time_sync_server failed: Connection refused [111(Connection refused)]
01-05 11:59:30.099 720 745 E CP_CONNECT_CTL: socket_reconnect: socket_reconnect src_sock=10, des_socket=cp_time_sync_server.
01-05 11:59:30.099 720 745 E CP_CONNECT_CTL: process_socket_connect: open cp_time_sync_server failed: Connection refused [111(Connection refused)]
01-05 11:59:30.099 720 745 E CP_CONNECT_CTL: socket_reconnect: socket_reconnect src_sock=10, des_socket=cp_time_sync_server.
01-05 11:59:30.099 720 745 E CP_CONNECT_CTL: process_socket_connect: open cp_time_sync_server failed: Connection refused [111(Connection refused)]
01-05 11:59:30.101 1128 1128 D SdkSandboxManager: sdksandbox_activity_allowlist_per_targetSdkVersion property is empty
01-05 11:59:30.101 1128 1128 I PackageWatchdog: Syncing health check requests for packages: {}
01-05 11:59:30.101 1128 1128 D ExplicitHealthCheckController: Getting health check supported packages
01-05 11:59:30.103 1128 2950 I ExplicitHealthCheckController: Explicit health check supported packages [PackageConfig{com.google.android.networkstack, 86400000}]
01-05 11:59:30.103 1128 2950 D PackageWatchdog: Received supported packages [PackageConfig{com.google.android.networkstack, 86400000}]
01-05 11:59:30.103 1128 2950 D ExplicitHealthCheckController: Getting health check requested packages
01-05 11:59:30.104 1128 2950 I ExplicitHealthCheckController: Explicit health check requested packages []
01-05 11:59:30.104 1128 2950 I ExplicitHealthCheckController: No more health check requests, unbinding...
01-05 11:59:30.105 1128 2950 I ExplicitHealthCheckController: Explicit health check service is unbound
01-05 11:59:30.198 1128 1806 I GenerationRegistry: mBackingStore.isClosed() : false
01-05 11:59:30.198 1128 1806 I GenerationRegistry: Incremented generation for key:Key[user=0;type=SETTINGS_CONFIG] generation :22 at index:1
01-05 11:59:30.230 1128 1806 I GenerationRegistry: mBackingStore.isClosed() : false
01-05 11:59:30.230 1128 1806 I GenerationRegistry: Incremented generation for key:Key[user=0;type=SETTINGS_CONFIG] generation :23 at index:1
01-05 11:59:30.299 720 745 E CP_CONNECT_CTL: socket_reconnect: socket_reconnect src_sock=10, des_socket=cp_time_sync_server.
01-05 11:59:30.299 720 745 E CP_CONNECT_CTL: process_socket_connect: open cp_time_sync_server failed: Connection refused [111(Connection refused)]
01-05 11:59:30.299 720 745 E CP_CONNECT_CTL: socket_reconnect: socket_reconnect src_sock=10, des_socket=cp_time_sync_server.
01-05 11:59:30.299 720 745 E CP_CONNECT_CTL: process_socket_connect: open cp_time_sync_server failed: Connection refused [111(Connection refused)]
01-05 11:59:30.299 720 745 E CP_CONNECT_CTL: socket_reconnect: socket_reconnect src_sock=10, des_socket=cp_time_sync_server.
01-05 11:59:30.299 720 745 E CP_CONNECT_CTL: process_socket_connect: open cp_time_sync_server failed: Connection refused [111(Connection refused)]
01-05 11:59:30.299 720 745 E CP_CONNECT_CTL: socket_reconnect: socket_reconnect src_sock=10, des_socket=cp_time_sync_server.
01-05 11:59:30.299 720 745 E CP_CONNECT_CTL: process_socket_connect: open cp_time_sync_server failed: Connection refused [111(Connection refused)]
01-05 11:59:30.313 1128 1806 I GenerationRegistry: mBackingStore.isClosed() : false
01-05 11:59:30.314 1128 1806 I GenerationRegistry: Incremented generation for key:Key[user=0;type=SETTINGS_CONFIG] generation :24 at index:1
01-05 11:59:30.374 1128 1806 I GenerationRegistry: mBackingStore.isClosed() : false
01-05 11:59:30.374 1128 1806 I GenerationRegistry: Incremented generation for key:Key[user=0;type=SETTINGS_CONFIG] generation :25 at index:1
01-05 11:59:30.402 1128 1806 I GenerationRegistry: mBackingStore.isClosed() : false
01-05 11:59:30.402 1128 1806 I GenerationRegistry: Incremented generation for key:Key[user=0;type=SETTINGS_CONFIG] generation :26 at index:1
01-05 11:59:30.407 1128 1128 I AutofillManagerService: Ignoring change on augmented_autofill_mode
01-05 11:59:30.413 1128 1128 I AutofillManagerService: Ignoring change on autofill_dialog_hints
01-05 11:59:30.413 1128 1128 I AutofillManagerService: Ignoring change on autofill_save_dialog_landscape_body_height_max_percent
01-05 11:59:30.413 1128 1128 I AutofillManagerService: Ignoring change on autofill_save_dialog_portrait_body_height_max_percent
01-05 11:59:30.413 1128 1128 I AutofillManagerService: Ignoring change on autofill_dialog_enabled
01-05 11:59:30.420 1128 1806 I GenerationRegistry: mBackingStore.isClosed() : false
01-05 11:59:30.420 1128 1806 I GenerationRegistry: Incremented generation for key:Key[user=0;type=SETTINGS_CONFIG] generation :27 at index:1
01-05 11:59:30.443 7855 7975 I HQCAM_DepressStickerService: After 269 seconds sleep!!!
01-05 11:59:30.455 1128 1806 I GenerationRegistry: mBackingStore.isClosed() : false
01-05 11:59:30.455 1128 1806 I GenerationRegistry: Incremented generation for key:Key[user=0;type=SETTINGS_CONFIG] generation :28 at index:1
01-05 11:59:30.484 1128 1806 I GenerationRegistry: mBackingStore.isClosed() : false
01-05 11:59:30.484 1128 1806 I GenerationRegistry: Incremented generation for key:Key[user=0;type=SETTINGS_CONFIG] generation :29 at index:1
01-05 11:59:30.499 720 745 E CP_CONNECT_CTL: socket_reconnect: socket_reconnect src_sock=10, des_socket=cp_time_sync_server.
01-05 11:59:30.499 720 745 E CP_CONNECT_CTL: process_socket_connect: open cp_time_sync_server failed: Connection refused [111(Connection refused)]
01-05 11:59:30.499 720 745 E CP_CONNECT_CTL: socket_reconnect: socket_reconnect src_sock=10, des_socket=cp_time_sync_server.
01-05 11:59:30.500 720 745 E CP_CONNECT_CTL: process_socket_connect: open cp_time_sync_server failed: Connection refused [111(Connection refused)]
01-05 11:59:30.500 720 745 E CP_CONNECT_CTL: socket_reconnect: socket_reconnect src_sock=10, des_socket=cp_time_sync_server.
01-05 11:59:30.500 720 745 E CP_CONNECT_CTL: process_socket_connect: open cp_time_sync_server failed: Connection refused [111(Connection refused)]
01-05 11:59:30.500 720 745 E CP_CONNECT_CTL: socket_reconnect: socket_reconnect src_sock=10, des_socket=cp_time_sync_server.
01-05 11:59:30.500 1128 1806 I GenerationRegistry: mBackingStore.isClosed() : false
01-05 11:59:30.500 720 745 E CP_CONNECT_CTL: process_socket_connect: open cp_time_sync_server failed: Connection refused [111(Connection refused)]
01-05 11:59:30.500 1128 1806 I GenerationRegistry: Incremented generation for key:Key[user=0;type=SETTINGS_CONFIG] generation :30 at index:1
01-05 11:59:30.503 677 677 W Zygote : forkRepeatedly terminated due to non-simple command
01-05 11:59:30.503 677 677 D Zygote : mbuffer starts with 1 , nice name is , mEnd = 35, mNext = 35, mLinesLeft = 0, mFd = 6
01-05 11:59:30.513 1128 1806 I RescueParty: Starting to observe: [android], updated namespace: content_capture
01-05 11:59:30.514 1128 1806 I GenerationRegistry: mBackingStore.isClosed() : false
01-05 11:59:30.514 1128 1806 I GenerationRegistry: Incremented generation for key:Key[user=0;type=SETTINGS_CONFIG] generation :31 at index:1
01-05 11:59:30.514 1128 1163 I PackageWatchdog: Syncing state, reason: observing new packages
01-05 11:59:30.514 1128 1163 D PackageWatchdog: rescue-party-observer added the following packages to monitor [android]
01-05 11:59:30.514 1128 1163 I PackageWatchdog: Syncing state, reason: updated observers
01-05 11:59:30.514 1128 1163 I PackageWatchdog: Saving observer state to file
01-05 11:59:30.558 1128 1128 I PackageWatchdog: Syncing health check requests for packages: {}
01-05 11:59:30.558 1128 1128 I ExplicitHealthCheckController: Service not ready to get health check supported packages. Binding...
01-05 11:59:30.562 1128 1128 I ExplicitHealthCheckController: Explicit health check service is bound
01-05 11:59:30.564 1128 1128 I ExplicitHealthCheckController: Explicit health check service is connected ComponentInfo{com.google.android.ext.services/android.ext.services.watchdog.ExplicitHealthCheckServiceImpl}
01-05 11:59:30.564 1128 1128 I ExplicitHealthCheckController: Service initialized, syncing requests
01-05 11:59:30.565 1128 1128 I PackageWatchdog: Syncing health check requests for packages: {}
01-05 11:59:30.565 1128 1128 D ExplicitHealthCheckController: Getting health check supported packages
01-05 11:59:30.567 1128 1806 I ExplicitHealthCheckController: Explicit health check supported packages [PackageConfig{com.google.android.networkstack, 86400000}]
01-05 11:59:30.567 1128 1806 D PackageWatchdog: Received supported packages [PackageConfig{com.google.android.networkstack, 86400000}]
01-05 11:59:30.567 1128 1806 D ExplicitHealthCheckController: Getting health check requested packages
01-05 11:59:30.568 1128 1806 I ExplicitHealthCheckController: Explicit health check requested packages []
01-05 11:59:30.568 1128 1806 I ExplicitHealthCheckController: No more health check requests, unbinding...
01-05 11:59:30.571 1128 1806 I ExplicitHealthCheckController: Explicit health check service is unbound
01-05 11:59:30.600 1128 2950 I RescueParty: Starting to observe: [com.google.android.providers.media.module], updated namespace: mediaprovider
01-05 11:59:30.601 1128 2950 I GenerationRegistry: mBackingStore.isClosed() : false
01-05 11:59:30.601 1128 2950 I GenerationRegistry: Incremented generation for key:Key[user=0;type=SETTINGS_CONFIG] generation :32 at index:1
01-05 11:59:30.601 1128 1163 I PackageWatchdog: Syncing state, reason: observing new packages
01-05 11:59:30.601 1128 1163 D PackageWatchdog: rescue-party-observer added the following packages to monitor [com.google.android.providers.media.module]
01-05 11:59:30.601 1128 1163 I PackageWatchdog: Syncing state, reason: updated observers
01-05 11:59:30.601 1128 1163 I PackageWatchdog: Not pruning observers, elapsed time: 0ms
01-05 11:59:30.601 1128 1163 I PackageWatchdog: Saving observer state to file
01-05 11:59:30.604 2419 2795 D PickerDataLayer: Cloud provider allowlist was changed, and the current cloud provider is no longer on the allowlist. Allowlist: [] Current Provider: null
01-05 11:59:30.605 2419 2761 I TranscodeHelper: Empty transcode compat stale
01-05 11:59:30.605 2419 2761 I TranscodeHelper: Parsed 0 packages from resource
01-05 11:59:30.605 2419 2761 I TranscodeHelper: Parsed 8 packages from device config
01-05 11:59:30.605 2419 2761 D PickerSyncController: Cloud-Media-in-Photo-Picker feature is disabled during PickerSyncController construction.
01-05 11:59:30.605 1128 1128 I PackageWatchdog: Syncing health check requests for packages: {}
01-05 11:59:30.605 1128 1128 I ExplicitHealthCheckController: Service not ready to get health check supported packages. Binding...
