01-05 12:00:22.255 685 10951 E Libae[FAE]: 1409, face_luma_calc: NO FACE
01-05 12:00:22.255 685 10970 I isp_blk_cmc10: 266, _pm_cmc10_set_param: cmc_result: (1540 15832 34; 16251 1253 16287; 16371 16101 1319).
01-05 12:00:22.255 685 10970 I isp_blk_cmc10: 266, _pm_cmc10_set_param: cmc_result: (1540 15832 34; 16251 1253 16287; 16371 16101 1319).
01-05 12:00:22.255 685 10951 I cmr_oem : 9482, camera_get_af_support: af_support 1
01-05 12:00:22.256 685 10964 I aft_sprd_lib: 3803, aft_proc_log_print: afm move diff : 934838,diff_thr :117484197,diff_cnt : 0,g_diff(x,y,z):(0.038751,0.003750,0.016250),aem move diff : (num : r,g,b,cnt) = (0,0,0,0), scene_change_flag 0
01-05 12:00:22.260 685 10974 I awb_adpt: 1698, awb_sprd_ctrl_calculation_v3_2: AWB result : (1318,1024,2112) 3657K , fram_count : 107 , camera_id : 0, wb mode : 0; AWB lib 64x64: (1318,1024,2112) 3657K.
01-05 12:00:22.325 685 10974 E awb_adpt: 1479, awb_sprd_ctrl_calculation_v3_2: check handle success
01-05 12:00:22.325 685 10951 E Libae[FAE]: 1409, face_luma_calc: NO FACE
01-05 12:00:22.325 685 10970 I isp_blk_cmc10: 266, _pm_cmc10_set_param: cmc_result: (1540 15832 34; 16251 1253 16287; 16371 16101 1319).
01-05 12:00:22.325 685 10970 I isp_blk_cmc10: 266, _pm_cmc10_set_param: cmc_result: (1540 15832 34; 16251 1253 16287; 16371 16101 1319).
01-05 12:00:22.326 685 10951 I cmr_oem : 9482, camera_get_af_support: af_support 1
01-05 12:00:22.326 685 10964 I aft_sprd_lib: 3803, aft_proc_log_print: afm move diff : 2097081,diff_thr :117484197,diff_cnt : 0,g_diff(x,y,z):(0.007501,0.028750,0.005000),aem move diff : (num : r,g,b,cnt) = (0,0,0,0), scene_change_flag 0
01-05 12:00:22.330 685 10974 I awb_adpt: 1698, awb_sprd_ctrl_calculation_v3_2: AWB result : (1308,1024,2110) 3639K , fram_count : 108 , camera_id : 0, wb mode : 0; AWB lib 64x64: (1308,1024,2110) 3639K.
01-05 12:00:22.397 685 10951 E Libae[FAE]: 1409, face_luma_calc: NO FACE
01-05 12:00:22.397 685 10970 I isp_blk_cmc10: 266, _pm_cmc10_set_param: cmc_result: (1540 15832 34; 16251 1253 16287; 16371 16101 1319).
01-05 12:00:22.397 685 10974 E awb_adpt: 1479, awb_sprd_ctrl_calculation_v3_2: check handle success
01-05 12:00:22.398 685 10970 I isp_blk_cmc10: 266, _pm_cmc10_set_param: cmc_result: (1540 15832 34; 16251 1253 16287; 16371 16101 1319).
01-05 12:00:22.398 685 10951 I cmr_oem : 9482, camera_get_af_support: af_support 1
01-05 12:00:22.398 685 10965 E android.hardware.camera.provider@2.4-service: [ALSC]: L 561, slsc4_calculation: slsc4, error case, pair_idx=[4,3], pair_ratio=[1.820138,-0.820138], set ratio to 1.0 and 0.0
01-05 12:00:22.399 685 10964 I aft_sprd_lib: 3803, aft_proc_log_print: afm move diff : 2574340,diff_thr :117484197,diff_cnt : 0,g_diff(x,y,z):(0.043750,0.011250,0.002500),aem move diff : (num : r,g,b,cnt) = (0,0,0,0), scene_change_flag 0
01-05 12:00:22.402 685 10974 I awb_adpt: 1698, awb_sprd_ctrl_calculation_v3_2: AWB result : (1318,1024,2112) 3657K , fram_count : 109 , camera_id : 0, wb mode : 0; AWB lib 64x64: (1318,1024,2112) 3657K.
01-05 12:00:22.428 720 745 E CP_CONNECT_CTL: socket_reconnect: socket_reconnect src_sock=10, des_socket=cp_time_sync_server.
01-05 12:00:22.428 720 745 E CP_CONNECT_CTL: process_socket_connect: open cp_time_sync_server failed: Connection refused [111(Connection refused)]
01-05 12:00:22.428 720 745 E CP_CONNECT_CTL: socket_reconnect: socket_reconnect src_sock=10, des_socket=cp_time_sync_server.
01-05 12:00:22.428 720 745 E CP_CONNECT_CTL: process_socket_connect: open cp_time_sync_server failed: Connection refused [111(Connection refused)]
01-05 12:00:22.428 720 745 E CP_CONNECT_CTL: socket_reconnect: socket_reconnect src_sock=10, des_socket=cp_time_sync_server.
01-05 12:00:22.429 720 745 E CP_CONNECT_CTL: process_socket_connect: open cp_time_sync_server failed: Connection refused [111(Connection refused)]
01-05 12:00:22.429 720 745 E CP_CONNECT_CTL: socket_reconnect: socket_reconnect src_sock=10, des_socket=cp_time_sync_server.
01-05 12:00:22.429 720 745 E CP_CONNECT_CTL: process_socket_connect: open cp_time_sync_server failed: Connection refused [111(Connection refused)]
01-05 12:00:22.464 7855 7975 I HQCAM_DepressStickerService: After 321 seconds sleep!!!
01-05 12:00:22.466 685 10974 E awb_adpt: 1479, awb_sprd_ctrl_calculation_v3_2: check handle success
01-05 12:00:22.466 685 10951 E Libae[FAE]: 1409, face_luma_calc: NO FACE
01-05 12:00:22.466 685 10970 I isp_blk_cmc10: 266, _pm_cmc10_set_param: cmc_result: (1540 15832 34; 16251 1253 16287; 16371 16101 1319).
01-05 12:00:22.467 685 10970 I isp_blk_cmc10: 266, _pm_cmc10_set_param: cmc_result: (1540 15832 34; 16251 1253 16287; 16371 16101 1319).
01-05 12:00:22.467 685 10951 I cmr_oem : 9482, camera_get_af_support: af_support 1
01-05 12:00:22.468 685 10964 I aft_sprd_lib: 3803, aft_proc_log_print: afm move diff : 232881,diff_thr :117484197,diff_cnt : 0,g_diff(x,y,z):(0.047501,0.002500,0.018750),aem move diff : (num : r,g,b,cnt) = (0,0,0,0), scene_change_flag 0
01-05 12:00:22.471 685 10974 I awb_adpt: 1698, awb_sprd_ctrl_calculation_v3_2: AWB result : (1318,1024,2112) 3657K , fram_count : 110 , camera_id : 0, wb mode : 0; AWB lib 64x64: (1318,1024,2112) 3657K.
01-05 12:00:22.537 685 10951 E Libae[FAE]: 1409, face_luma_calc: NO FACE
01-05 12:00:22.537 685 10974 E awb_adpt: 1479, awb_sprd_ctrl_calculation_v3_2: check handle success
01-05 12:00:22.537 685 10970 I isp_blk_cmc10: 266, _pm_cmc10_set_param: cmc_result: (1540 15832 34; 16251 1253 16287; 16371 16101 1319).
01-05 12:00:22.538 685 10970 I isp_blk_cmc10: 266, _pm_cmc10_set_param: cmc_result: (1540 15832 34; 16251 1253 16287; 16371 16101 1319).
01-05 12:00:22.538 685 10951 I cmr_oem : 9482, camera_get_af_support: af_support 1
01-05 12:00:22.539 685 10964 I aft_sprd_lib: 3803, aft_proc_log_print: afm move diff : 2663126,diff_thr :117484197,diff_cnt : 0,g_diff(x,y,z):(0.013750,0.002500,0.002500),aem move diff : (num : r,g,b,cnt) = (0,0,0,0), scene_change_flag 0
01-05 12:00:22.542 685 10974 I awb_adpt: 1698, awb_sprd_ctrl_calculation_v3_2: AWB result : (1313,1024,2119) 3639K , fram_count : 111 , camera_id : 0, wb mode : 0; AWB lib 64x64: (1313,1024,2119) 3639K.
01-05 12:00:22.588 1128 4556 D SemWifiUsabilityStatsMonitor: onWifiUsabilityStats - seqNum 117, isSameBssidAndFreq true
01-05 12:00:22.589 1128 1377 I SemWifiLinkQualityMonitor: Link Qos query: inf. ms / 0 Mbps
01-05 12:00:22.607 685 10951 E Libae[FAE]: 1409, face_luma_calc: NO FACE
01-05 12:00:22.607 685 10974 E awb_adpt: 1479, awb_sprd_ctrl_calculation_v3_2: check handle success
01-05 12:00:22.608 685 10970 I isp_blk_cmc10: 266, _pm_cmc10_set_param: cmc_result: (1540 15832 34; 16251 1253 16287; 16371 16101 1319).
01-05 12:00:22.608 685 10970 I isp_blk_cmc10: 266, _pm_cmc10_set_param: cmc_result: (1540 15832 34; 16251 1253 16287; 16371 16101 1319).
01-05 12:00:22.608 685 10951 I cmr_oem : 9482, camera_get_af_support: af_support 1
01-05 12:00:22.609 685 10965 E android.hardware.camera.provider@2.4-service: [ALSC]: L 561, slsc4_calculation: slsc4, error case, pair_idx=[4,3], pair_ratio=[1.844338,-0.844338], set ratio to 1.0 and 0.0
01-05 12:00:22.609 685 10964 I aft_sprd_lib: 3803, aft_proc_log_print: afm move diff : 1776185,diff_thr :117484197,diff_cnt : 0,g_diff(x,y,z):(0.044999,0.021250,0.002500),aem move diff : (num : r,g,b,cnt) = (0,0,0,0), scene_change_flag 0
01-05 12:00:22.612 685 10974 I awb_adpt: 1698, awb_sprd_ctrl_calculation_v3_2: AWB result : (1313,1024,2119) 3639K , fram_count : 112 , camera_id : 0, wb mode : 0; AWB lib 64x64: (1313,1024,2119) 3639K.
01-05 12:00:22.629 720 745 E CP_CONNECT_CTL: socket_reconnect: socket_reconnect src_sock=10, des_socket=cp_time_sync_server.
01-05 12:00:22.629 720 745 E CP_CONNECT_CTL: process_socket_connect: open cp_time_sync_server failed: Connection refused [111(Connection refused)]
01-05 12:00:22.630 720 745 E CP_CONNECT_CTL: socket_reconnect: socket_reconnect src_sock=10, des_socket=cp_time_sync_server.
01-05 12:00:22.630 720 745 E CP_CONNECT_CTL: process_socket_connect: open cp_time_sync_server failed: Connection refused [111(Connection refused)]
01-05 12:00:22.630 720 745 E CP_CONNECT_CTL: socket_reconnect: socket_reconnect src_sock=10, des_socket=cp_time_sync_server.
01-05 12:00:22.630 720 745 E CP_CONNECT_CTL: process_socket_connect: open cp_time_sync_server failed: Connection refused [111(Connection refused)]
01-05 12:00:22.630 720 745 E CP_CONNECT_CTL: socket_reconnect: socket_reconnect src_sock=10, des_socket=cp_time_sync_server.
01-05 12:00:22.630 720 745 E CP_CONNECT_CTL: process_socket_connect: open cp_time_sync_server failed: Connection refused [111(Connection refused)]
01-05 12:00:22.677 685 10951 E Libae[FAE]: 1409, face_luma_calc: NO FACE
01-05 12:00:22.678 685 10974 E awb_adpt: 1479, awb_sprd_ctrl_calculation_v3_2: check handle success
01-05 12:00:22.678 685 10970 I isp_blk_cmc10: 266, _pm_cmc10_set_param: cmc_result: (1540 15832 34; 16251 1253 16287; 16371 16101 1319).
01-05 12:00:22.678 685 10970 I isp_blk_cmc10: 266, _pm_cmc10_set_param: cmc_result: (1540 15832 34; 16251 1253 16287; 16371 16101 1319).
01-05 12:00:22.678 685 10951 I cmr_oem : 9482, camera_get_af_support: af_support 1
01-05 12:00:22.679 685 10964 I aft_sprd_lib: 3803, aft_proc_log_print: afm move diff : 104685,diff_thr :117484197,diff_cnt : 0,g_diff(x,y,z):(0.007501,0.006250,0.002500),aem move diff : (num : r,g,b,cnt) = (0,0,0,0), scene_change_flag 0
01-05 12:00:22.683 685 10974 I awb_adpt: 1698, awb_sprd_ctrl_calculation_v3_2: AWB result : (1313,1024,2119) 3639K , fram_count : 113 , camera_id : 0, wb mode : 0; AWB lib 64x64: (1313,1024,2119) 3639K.
01-05 12:00:22.748 685 10951 E Libae[FAE]: 1409, face_luma_calc: NO FACE
01-05 12:00:22.748 685 10974 E awb_adpt: 1479, awb_sprd_ctrl_calculation_v3_2: check handle success
01-05 12:00:22.748 685 10970 I isp_blk_cmc10: 266, _pm_cmc10_set_param: cmc_result: (1540 15832 34; 16251 1253 16287; 16371 16101 1319).
01-05 12:00:22.749 685 10970 I isp_blk_cmc10: 266, _pm_cmc10_set_param: cmc_result: (1540 15832 34; 16251 1253 16287; 16371 16101 1319).
01-05 12:00:22.749 685 10951 I cmr_oem : 9482, camera_get_af_support: af_support 1
01-05 12:00:22.750 685 10964 I aft_sprd_lib: 3803, aft_proc_log_print: afm move diff : 1051426,diff_thr :117484197,diff_cnt : 0,g_diff(x,y,z):(0.005000,0.018750,0.013750),aem move diff : (num : r,g,b,cnt) = (0,0,0,0), scene_change_flag 0
01-05 12:00:22.753 685 10974 I awb_adpt: 1698, awb_sprd_ctrl_calculation_v3_2: AWB result : (1313,1024,2119) 3639K , fram_count : 114 , camera_id : 0, wb mode : 0; AWB lib 64x64: (1313,1024,2119) 3639K.
01-05 12:00:22.818 685 10951 E Libae[FAE]: 1409, face_luma_calc: NO FACE
01-05 12:00:22.818 685 10974 E awb_adpt: 1479, awb_sprd_ctrl_calculation_v3_2: check handle success
01-05 12:00:22.818 685 10970 I isp_blk_cmc10: 266, _pm_cmc10_set_param: cmc_result: (1540 15832 34; 16251 1253 16287; 16371 16101 1319).
01-05 12:00:22.819 685 10970 I isp_blk_cmc10: 266, _pm_cmc10_set_param: cmc_result: (1540 15832 34; 16251 1253 16287; 16371 16101 1319).
01-05 12:00:22.819 685 10951 I cmr_oem : 9482, camera_get_af_support: af_support 1
01-05 12:00:22.819 685 10965 E android.hardware.camera.provider@2.4-service: [ALSC]: L 561, slsc4_calculation: slsc4, error case, pair_idx=[4,3], pair_ratio=[1.870765,-0.870765], set ratio to 1.0 and 0.0
01-05 12:00:22.820 685 10964 I aft_sprd_lib: 3803, aft_proc_log_print: afm move diff : 1923949,diff_thr :117484197,diff_cnt : 0,g_diff(x,y,z):(0.009999,0.016250,0.002500),aem move diff : (num : r,g,b,cnt) = (0,0,0,0), scene_change_flag 0
01-05 12:00:22.823 685 10974 I awb_adpt: 1698, awb_sprd_ctrl_calculation_v3_2: AWB result : (1308,1024,2110) 3639K , fram_count : 115 , camera_id : 0, wb mode : 0; AWB lib 64x64: (1308,1024,2110) 3639K.
01-05 12:00:22.830 720 745 E CP_CONNECT_CTL: socket_reconnect: socket_reconnect src_sock=10, des_socket=cp_time_sync_server.
01-05 12:00:22.830 720 745 E CP_CONNECT_CTL: process_socket_connect: open cp_time_sync_server failed: Connection refused [111(Connection refused)]
01-05 12:00:22.830 720 745 E CP_CONNECT_CTL: socket_reconnect: socket_reconnect src_sock=10, des_socket=cp_time_sync_server.
01-05 12:00:22.830 720 745 E CP_CONNECT_CTL: process_socket_connect: open cp_time_sync_server failed: Connection refused [111(Connection refused)]
01-05 12:00:22.830 720 745 E CP_CONNECT_CTL: socket_reconnect: socket_reconnect src_sock=10, des_socket=cp_time_sync_server.
01-05 12:00:22.830 720 745 E CP_CONNECT_CTL: process_socket_connect: open cp_time_sync_server failed: Connection refused [111(Connection refused)]
01-05 12:00:22.830 720 745 E CP_CONNECT_CTL: socket_reconnect: socket_reconnect src_sock=10, des_socket=cp_time_sync_server.
01-05 12:00:22.830 720 745 E CP_CONNECT_CTL: process_socket_connect: open cp_time_sync_server failed: Connection refused [111(Connection refused)]
01-05 12:00:22.843 665 665 E YLog : /system_ext/etc/ylogsource.conf load failed... error [2(No such file or directory)] [startlogServcie]
01-05 12:00:22.888 685 10951 E Libae[FAE]: 1409, face_luma_calc: NO FACE
01-05 12:00:22.889 685 10974 E awb_adpt: 1479, awb_sprd_ctrl_calculation_v3_2: check handle success
01-05 12:00:22.889 685 10970 I isp_blk_cmc10: 266, _pm_cmc10_set_param: cmc_result: (1540 15832 34; 16251 1253 16287; 16371 16101 1319).
01-05 12:00:22.889 685 10970 I isp_blk_cmc10: 266, _pm_cmc10_set_param: cmc_result: (1540 15832 34; 16251 1253 16287; 16371 16101 1319).
01-05 12:00:22.889 685 10951 I cmr_oem : 9482, camera_get_af_support: af_support 1
01-05 12:00:22.890 685 10964 I aft_sprd_lib: 3803, aft_proc_log_print: afm move diff : 4623379,diff_thr :117484197,diff_cnt : 0,g_diff(x,y,z):(0.117500,0.035000,0.010000),aem move diff : (num : r,g,b,cnt) = (0,0,0,0), scene_change_flag 0
01-05 12:00:22.893 685 10974 I awb_adpt: 1698, awb_sprd_ctrl_calculation_v3_2: AWB result : (1308,1024,2110) 3639K , fram_count : 116 , camera_id : 0, wb mode : 0; AWB lib 64x64: (1308,1024,2110) 3639K.
01-05 12:00:22.958 685 10951 E Libae[FAE]: 1409, face_luma_calc: NO FACE
01-05 12:00:22.958 685 10974 E awb_adpt: 1479, awb_sprd_ctrl_calculation_v3_2: check handle success
01-05 12:00:22.958 685 10970 I isp_blk_cmc10: 266, _pm_cmc10_set_param: cmc_result: (1540 15832 34; 16251 1253 16287; 16371 16101 1319).
01-05 12:00:22.959 685 10970 I isp_blk_cmc10: 266, _pm_cmc10_set_param: cmc_result: (1540 15832 34; 16251 1253 16287; 16371 16101 1319).
01-05 12:00:22.959 685 10951 I cmr_oem : 9482, camera_get_af_support: af_support 1
01-05 12:00:22.960 685 10964 I aft_sprd_lib: 3803, aft_proc_log_print: afm move diff : 10208211,diff_thr :117484197,diff_cnt : 0,g_diff(x,y,z):(0.018749,0.008750,0.018750),aem move diff : (num : r,g,b,cnt) = (0,0,0,0), scene_change_flag 0
01-05 12:00:22.963 685 10974 I awb_adpt: 1698, awb_sprd_ctrl_calculation_v3_2: AWB result : (1308,1024,2110) 3639K , fram_count : 117 , camera_id : 0, wb mode : 0; AWB lib 64x64: (1308,1024,2110) 3639K.
01-05 12:00:23.028 685 10951 E Libae[FAE]: 1409, face_luma_calc: NO FACE
01-05 12:00:23.028 685 10974 E awb_adpt: 1479, awb_sprd_ctrl_calculation_v3_2: check handle success
01-05 12:00:23.028 685 10970 I isp_blk_cmc10: 266, _pm_cmc10_set_param: cmc_result: (1540 15832 34; 16251 1253 16287; 16371 16101 1319).
01-05 12:00:23.028 685 10970 I isp_blk_cmc10: 266, _pm_cmc10_set_param: cmc_result: (1540 15832 34; 16251 1253 16287; 16371 16101 1319).
01-05 12:00:23.028 685 10951 I cmr_oem : 9482, camera_get_af_support: af_support 1
01-05 12:00:23.028 685 10965 E android.hardware.camera.provider@2.4-service: [ALSC]: L 561, slsc4_calculation: slsc4, error case, pair_idx=[4,3], pair_ratio=[1.839385,-0.839385], set ratio to 1.0 and 0.0
01-05 12:00:23.029 685 10964 I aft_sprd_lib: 3803, aft_proc_log_print: afm move diff : 9872862,diff_thr :117484197,diff_cnt : 0,g_diff(x,y,z):(0.016251,0.025000,0.000000),aem move diff : (num : r,g,b,cnt) = (0,0,0,0), scene_change_flag 0
01-05 12:00:23.030 720 745 E CP_CONNECT_CTL: socket_reconnect: socket_reconnect src_sock=10, des_socket=cp_time_sync_server.
01-05 12:00:23.030 720 745 E CP_CONNECT_CTL: process_socket_connect: open cp_time_sync_server failed: Connection refused [111(Connection refused)]
01-05 12:00:23.030 720 745 E CP_CONNECT_CTL: socket_reconnect: socket_reconnect src_sock=10, des_socket=cp_time_sync_server.
01-05 12:00:23.030 720 745 E CP_CONNECT_CTL: process_socket_connect: open cp_time_sync_server failed: Connection refused [111(Connection refused)]
01-05 12:00:23.030 720 745 E CP_CONNECT_CTL: socket_reconnect: socket_reconnect src_sock=10, des_socket=cp_time_sync_server.
01-05 12:00:23.030 720 745 E CP_CONNECT_CTL: process_socket_connect: open cp_time_sync_server failed: Connection refused [111(Connection refused)]
01-05 12:00:23.030 720 745 E CP_CONNECT_CTL: socket_reconnect: socket_reconnect src_sock=10, des_socket=cp_time_sync_server.
01-05 12:00:23.030 720 745 E CP_CONNECT_CTL: process_socket_connect: open cp_time_sync_server failed: Connection refused [111(Connection refused)]
01-05 12:00:23.033 685 10974 I awb_adpt: 1698, awb_sprd_ctrl_calculation_v3_2: AWB result : (1308,1024,2110) 3639K , fram_count : 118 , camera_id : 0, wb mode : 0; AWB lib 64x64: (1308,1024,2110) 3639K.
01-05 12:00:23.065 1128 1229 D SensorService: [SO] -0.057 8.226 5.166
01-05 12:00:23.097 685 10951 E Libae[FAE]: 1409, face_luma_calc: NO FACE
01-05 12:00:23.097 685 10974 E awb_adpt: 1479, awb_sprd_ctrl_calculation_v3_2: check handle success
01-05 12:00:23.097 685 10970 I isp_blk_cmc10: 266, _pm_cmc10_set_param: cmc_result: (1540 15832 34; 16251 1253 16287; 16371 16101 1319).
01-05 12:00:23.098 685 10970 I isp_blk_cmc10: 266, _pm_cmc10_set_param: cmc_result: (1540 15832 34; 16251 1253 16287; 16371 16101 1319).
01-05 12:00:23.098 685 10951 I cmr_oem : 9482, camera_get_af_support: af_support 1
01-05 12:00:23.098 1128 1271 D InputReader: Btn_touch(8): value=1 when=408.527375
01-05 12:00:23.098 1128 1271 I InputReader: Touch event's action is 0x0 (id=2, t=0) [pCnt=1, s=0.48 ] when=408.527375
01-05 12:00:23.099 685 10964 I aft_sprd_lib: 3803, aft_proc_log_print: afm move diff : 16130561,diff_thr :117484197,diff_cnt : 0,g_diff(x,y,z):(0.107499,0.115000,0.052500),aem move diff : (num : r,g,b,cnt) = (0,0,0,0), scene_change_flag 0
01-05 12:00:23.099 1128 1270 I InputDispatcher: Delivering touch to (10554): action: 0x0, f=0x0, d=0, 'cdda8ee', t=1
01-05 12:00:23.099 1128 1270 D PowerManagerService: [api] userActivityFromNative : (event: 2 flags: 0 displayId: 0) eventTime = 408527
01-05 12:00:23.100 1128 1149 I GestureDetector: obtain mCurrentDownEvent. id: 32503143 caller: com.android.server.wm.SystemGesturesPointerEventListener.onPointerEvent:203 com.android.server.wm.PointerEventDispatcher.onInputEvent:53 android.view.InputEventReceiver.dispatchInputEvent:295
01-05 12:00:23.100 1128 1149 I GestureDetector: obtain mCurrentDownEvent. id: 32503143 caller: com.android.server.wm.SystemPerformancePointerEventListener.onPointerEvent:89 com.android.server.wm.PointerEventDispatcher.onInputEvent:53 android.view.InputEventReceiver.dispatchInputEvent:295
01-05 12:00:23.100 1128 1270 D PowerManagerService: UserActivityStateListenerState: 1
01-05 12:00:23.102 685 10974 I awb_adpt: 1698, awb_sprd_ctrl_calculation_v3_2: AWB result : (1308,1024,2110) 3639K , fram_count : 119 , camera_id : 0, wb mode : 0; AWB lib 64x64: (1308,1024,2110) 3639K.
01-05 12:00:23.149 1128 1149 I GestureDetector: obtain mCurrentMotionEventRaw. action: 2 id: 558725155
01-05 12:00:23.149 1128 1149 I GestureDetector: obtain mCurrentMotionEventRaw. action: 2 id: 558725155
01-05 12:00:23.154 1128 1145 I EDMNativeHelperService: isCameraEnabled
01-05 12:00:23.154 1128 1145 D EDMNativeHelper: isCameraEnabled
01-05 12:00:23.155 1128 1145 D EDMNativeHelper: checking for camera in EnterpriseDeviceManagerService
01-05 12:00:23.155 1128 1145 D EnterpriseDeviceManagerService: isCameraEnabledNative
01-05 12:00:23.155 1128 1145 D EnterpriseDeviceManagerService: checking for camera in restriction policy
01-05 12:00:23.155 1128 1145 D RestrictionPolicy: isCameraEnabled ret(true) userId(0) cxtInfo.mCallerUid(10245) cxtInfo.mContainerId(0)
01-05 12:00:23.167 685 10974 E awb_adpt: 1479, awb_sprd_ctrl_calculation_v3_2: check handle success
01-05 12:00:23.167 685 10970 I isp_blk_cmc10: 266, _pm_cmc10_set_param: cmc_result: (1540 15832 34; 16251 1253 16287; 16371 16101 1319).
01-05 12:00:23.167 685 10951 E Libae[FAE]: 1409, face_luma_calc: NO FACE
01-05 12:00:23.168 685 10970 I isp_blk_cmc10: 266, _pm_cmc10_set_param: cmc_result: (1540 15832 34; 16251 1253 16287; 16371 16101 1319).
01-05 12:00:23.168 685 10951 I cmr_oem : 9482, camera_get_af_support: af_support 1
01-05 12:00:23.169 685 10964 V aft_sprd_lib: 3813, aft_proc_log_print: ae:1 ,bv_stdev:0, afm(0,0), img(0,0), g:(1,0), p->tri:can(0,0),afm stable :diff = 0, diff_thr = 0,stab_cnt = 0,stab_num = 0,aem stab diff : (num: r,g,b,cnt) = (0,0,0,0),g_diff : (x,y,z,stab_cnt) = (0.722501,0.691250,0.311250,0), scene_change_flag 0
01-05 12:00:23.172 685 10974 I awb_adpt: 1698, awb_sprd_ctrl_calculation_v3_2: AWB result : (1308,1024,2110) 3639K , fram_count : 120 , camera_id : 0, wb mode : 0; AWB lib 64x64: (1308,1024,2110) 3639K.
01-05 12:00:23.215 1128 1271 D InputReader: Btn_touch(8): value=0 when=408.643721
01-05 12:00:23.215 1128 1271 I InputReader: Touch event's action is 0x1 (id=2, t=0) [pCnt=1, s=] when=408.643721
01-05 12:00:23.216 1128 1270 I InputDispatcher: Delivering touch to (10554): action: 0x1, f=0x0, d=0, 'cdda8ee', t=1
01-05 12:00:23.216 1128 1128 I SemDvfsHyPerManager: acquire hyper - SMOOTH_SCROLL/1128@2, type = -999
01-05 12:00:23.217 701 733 I HYPER-HAL: [RequestManager.cpp]acquire(): Acquired ID : 639017 [1128 / 2] HINT : SMOOTH_SCROLL list :
01-05 12:00:23.217 1128 1128 D SGM:GameManager: identifyGamePackage. org.qtproject.example.camera, mCurrentUserId: 0, callerUserId: 0, callingMethodInfo: com.android.server.ssrm.fgapps.GameAppUtils.isGame(GameAppUtils.java:84)
01-05 12:00:23.217 1128 1128 D SGM:PkgDataHelper: getGamePkgData(). org.qtproject.example.camera
01-05 12:00:23.217 1128 1128 I SemDvfsHyPerManager: acquire hyper - GESTURE_DETECTED/1128@22, type = -999
01-05 12:00:23.218 701 733 I HYPER-HAL: [RequestManager.cpp]releaseLocked(): Released ID : 639017
01-05 12:00:23.218 701 733 I HYPER-HAL: [RequestManager.cpp]acquire(): Acquired ID : 661847 [1128 / 22] HINT : GESTURE_DETECTED list : [TIMEOUT / 1067]
01-05 12:00:23.218 1128 1128 D SGM:GameManager: identifyGamePackage. org.qtproject.example.camera, mCurrentUserId: 0, callerUserId: 0, callingMethodInfo: com.android.server.ssrm.fgapps.GameAppUtils.isGame(GameAppUtils.java:84)
01-05 12:00:23.218 1128 1128 D SGM:PkgDataHelper: getGamePkgData(). org.qtproject.example.camera
01-05 12:00:23.218 1128 1128 I SemDvfsHyPerManager: acquire hyper - GESTURE_DETECTED/1128@22, type = -999
01-05 12:00:23.219 701 733 I HYPER-HAL: [RequestManager.cpp]acquire(): Acquired ID : 661847 [1128 / 22] HINT : GESTURE_DETECTED list : [TIMEOUT / 1067]
01-05 12:00:23.230 720 745 E CP_CONNECT_CTL: socket_reconnect: socket_reconnect src_sock=10, des_socket=cp_time_sync_server.
01-05 12:00:23.230 720 745 E CP_CONNECT_CTL: process_socket_connect: open cp_time_sync_server failed: Connection refused [111(Connection refused)]
01-05 12:00:23.230 720 745 E CP_CONNECT_CTL: socket_reconnect: socket_reconnect src_sock=10, des_socket=cp_time_sync_server.
01-05 12:00:23.231 720 745 E CP_CONNECT_CTL: process_socket_connect: open cp_time_sync_server failed: Connection refused [111(Connection refused)]
01-05 12:00:23.231 720 745 E CP_CONNECT_CTL: socket_reconnect: socket_reconnect src_sock=10, des_socket=cp_time_sync_server.
01-05 12:00:23.231 720 745 E CP_CONNECT_CTL: process_socket_connect: open cp_time_sync_server failed: Connection refused [111(Connection refused)]
01-05 12:00:23.231 720 745 E CP_CONNECT_CTL: socket_reconnect: socket_reconnect src_sock=10, des_socket=cp_time_sync_server.
01-05 12:00:23.231 720 745 E CP_CONNECT_CTL: process_socket_connect: open cp_time_sync_server failed: Connection refused [111(Connection refused)]
01-05 12:00:23.237 685 10974 E awb_adpt: 1479, awb_sprd_ctrl_calculation_v3_2: check handle success
01-05 12:00:23.237 685 10951 E Libae[FAE]: 1409, face_luma_calc: NO FACE
01-05 12:00:23.238 685 10970 I isp_blk_cmc10: 266, _pm_cmc10_set_param: cmc_result: (1540 15832 34; 16251 1253 16287; 16371 16101 1319).
01-05 12:00:23.238 685 10970 I isp_blk_cmc10: 266, _pm_cmc10_set_param: cmc_result: (1540 15832 34; 16251 1253 16287; 16371 16101 1319).
01-05 12:00:23.238 685 10951 I cmr_oem : 9482, camera_get_af_support: af_support 1
01-05 12:00:23.238 685 10965 E android.hardware.camera.provider@2.4-service: [ALSC]: L 561, slsc4_calculation: slsc4, error case, pair_idx=[4,3], pair_ratio=[1.841610,-0.841610], set ratio to 1.0 and 0.0
01-05 12:00:23.239 685 10964 V aft_sprd_lib: 3813, aft_proc_log_print: ae:1 ,bv_stdev:0, afm(0,0), img(0,0), g:(1,0), p->tri:can(0,0),afm stable :diff = 0, diff_thr = 0,stab_cnt = 0,stab_num = 0,aem stab diff : (num: r,g,b,cnt) = (0,0,0,0),g_diff : (x,y,z,stab_cnt) = (1.668750,1.388750,0.672500,0), scene_change_flag 0
01-05 12:00:23.242 685 10974 I awb_adpt: 1698, awb_sprd_ctrl_calculation_v3_2: AWB result : (1313,1024,2119) 3639K , fram_count : 121 , camera_id : 0, wb mode : 0; AWB lib 64x64: (1313,1024,2119) 3639K.
01-05 12:00:23.308 685 10951 E Libae[FAE]: 1409, face_luma_calc: NO FACE
01-05 12:00:23.308 685 10974 E awb_adpt: 1479, awb_sprd_ctrl_calculation_v3_2: check handle success
01-05 12:00:23.308 685 10970 I isp_blk_cmc10: 266, _pm_cmc10_set_param: cmc_result: (1540 15832 34; 16251 1253 16287; 16371 16101 1319).
01-05 12:00:23.308 685 10970 I isp_blk_cmc10: 266, _pm_cmc10_set_param: cmc_result: (1540 15832 34; 16251 1253 16287; 16371 16101 1319).
01-05 12:00:23.308 685 10951 I cmr_oem : 9482, camera_get_af_support: af_support 1
01-05 12:00:23.309 685 10964 V aft_sprd_lib: 3813, aft_proc_log_print: ae:1 ,bv_stdev:1, afm(0,0), img(0,0), g:(1,0), p->tri:can(0,0),afm stable :diff = 0, diff_thr = 0,stab_cnt = 0,stab_num = 0,aem stab diff : (num: r,g,b,cnt) = (0,0,0,0),g_diff : (x,y,z,stab_cnt) = (1.063750,0.342500,0.423750,0), scene_change_flag 0
01-05 12:00:23.312 685 10974 I awb_adpt: 1698, awb_sprd_ctrl_calculation_v3_2: AWB result : (1308,1024,2110) 3639K , fram_count : 122 , camera_id : 0, wb mode : 0; AWB lib 64x64: (1308,1024,2110) 3639K.
01-05 12:00:23.315 905 905 E SLOGCP : reopen_dev: open /dev/stty_lte28 error [19(No such device)]
01-05 12:00:23.378 685 10951 E Libae[FAE]: 1409, face_luma_calc: NO FACE
01-05 12:00:23.378 685 10970 I isp_blk_cmc10: 266, _pm_cmc10_set_param: cmc_result: (1540 15832 34; 16251 1253 16287; 16371 16101 1319).
01-05 12:00:23.378 685 10974 E awb_adpt: 1479, awb_sprd_ctrl_calculation_v3_2: check handle success
01-05 12:00:23.379 685 10970 I isp_blk_cmc10: 266, _pm_cmc10_set_param: cmc_result: (1540 15832 34; 16251 1253 16287; 16371 16101 1319).
01-05 12:00:23.379 685 10951 I cmr_oem : 9482, camera_get_af_support: af_support 1
01-05 12:00:23.380 685 10964 V aft_sprd_lib: 3813, aft_proc_log_print: ae:1 ,bv_stdev:2, afm(0,0), img(0,0), g:(1,0), p->tri:can(0,0),afm stable :diff = 0, diff_thr = 0,stab_cnt = 0,stab_num = 0,aem stab diff : (num: r,g,b,cnt) = (0,0,0,0),g_diff : (x,y,z,stab_cnt) = (1.077500,0.313750,1.098750,0), scene_change_flag 0
01-05 12:00:23.383 685 10974 I awb_adpt: 1698, awb_sprd_ctrl_calculation_v3_2: AWB result : (1313,1024,2119) 3639K , fram_count : 123 , camera_id : 0, wb mode : 0; AWB lib 64x64: (1313,1024,2119) 3639K.
01-05 12:00:23.385 855 10959 E Camera2-FrameProcessorBase: FrameProcessorBase: Error waiting for new frames: Connection timed out (-110)
01-05 12:00:23.430 720 745 E CP_CONNECT_CTL: socket_reconnect: socket_reconnect src_sock=10, des_socket=cp_time_sync_server.
01-05 12:00:23.431 720 745 E CP_CONNECT_CTL: process_socket_connect: open cp_time_sync_server failed: Connection refused [111(Connection refused)]
01-05 12:00:23.431 720 745 E CP_CONNECT_CTL: socket_reconnect: socket_reconnect src_sock=10, des_socket=cp_time_sync_server.
01-05 12:00:23.431 720 745 E CP_CONNECT_CTL: process_socket_connect: open cp_time_sync_server failed: Connection refused [111(Connection refused)]
01-05 12:00:23.431 720 745 E CP_CONNECT_CTL: socket_reconnect: socket_reconnect src_sock=10, des_socket=cp_time_sync_server.
01-05 12:00:23.431 720 745 E CP_CONNECT_CTL: process_socket_connect: open cp_time_sync_server failed: Connection refused [111(Connection refused)]
01-05 12:00:23.431 720 745 E CP_CONNECT_CTL: socket_reconnect: socket_reconnect src_sock=10, des_socket=cp_time_sync_server.
01-05 12:00:23.431 720 745 E CP_CONNECT_CTL: process_socket_connect: open cp_time_sync_server failed: Connection refused [111(Connection refused)]
01-05 12:00:23.448 685 10974 E awb_adpt: 1479, awb_sprd_ctrl_calculation_v3_2: check handle success
01-05 12:00:23.448 685 10951 E Libae[FAE]: 1409, face_luma_calc: NO FACE
01-05 12:00:23.449 685 10970 I isp_blk_cmc10: 266, _pm_cmc10_set_param: cmc_result: (1540 15832 34; 16251 1253 16287; 16371 16101 1319).
01-05 12:00:23.449 685 10970 I isp_blk_cmc10: 266, _pm_cmc10_set_param: cmc_result: (1540 15832 34; 16251 1253 16287; 16371 16101 1319).
01-05 12:00:23.449 685 10951 I cmr_oem : 9482, camera_get_af_support: af_support 1
01-05 12:00:23.449 685 10965 E android.hardware.camera.provider@2.4-service: [ALSC]: L 561, slsc4_calculation: slsc4, error case, pair_idx=[4,3], pair_ratio=[1.891474,-0.891474], set ratio to 1.0 and 0.0
01-05 12:00:23.450 685 10964 V aft_sprd_lib: 3813, aft_proc_log_print: ae:1 ,bv_stdev:2, afm(0,0), img(0,0), g:(1,0), p->tri:can(0,0),afm stable :diff = 0, diff_thr = 0,stab_cnt = 0,stab_num = 0,aem stab diff : (num: r,g,b,cnt) = (0,0,0,0),g_diff : (x,y,z,stab_cnt) = (1.137500,0.417500,0.146250,0), scene_change_flag 0
01-05 12:00:23.453 685 10974 I awb_adpt: 1698, awb_sprd_ctrl_calculation_v3_2: AWB result : (1308,1024,2110) 3639K , fram_count : 124 , camera_id : 0, wb mode : 0; AWB lib 64x64: (1308,1024,2110) 3639K.
01-05 12:00:23.465 7855 7975 I HQCAM_DepressStickerService: After 322 seconds sleep!!!
01-05 12:00:23.518 685 10974 E awb_adpt: 1479, awb_sprd_ctrl_calculation_v3_2: check handle success
01-05 12:00:23.519 685 10951 E Libae[FAE]: 1409, face_luma_calc: NO FACE
01-05 12:00:23.519 685 10970 I isp_blk_cmc10: 266, _pm_cmc10_set_param: cmc_result: (1540 15832 34; 16251 1253 16287; 16371 16101 1319).
01-05 12:00:23.519 685 10951 I cmr_oem : 9482, camera_get_af_support: af_support 1
01-05 12:00:23.519 685 10970 I isp_blk_cmc10: 266, _pm_cmc10_set_param: cmc_result: (1540 15832 34; 16251 1253 16287; 16371 16101 1319).
01-05 12:00:23.521 685 10964 V aft_sprd_lib: 3813, aft_proc_log_print: ae:1 ,bv_stdev:2, afm(0,0), img(0,0), g:(1,0), p->tri:can(0,0),afm stable :diff = 0, diff_thr = 0,stab_cnt = 0,stab_num = 0,aem stab diff : (num: r,g,b,cnt) = (0,0,0,0),g_diff : (x,y,z,stab_cnt) = (0.582500,0.325000,0.267500,0), scene_change_flag 0
01-05 12:00:23.523 685 10974 I awb_adpt: 1698, awb_sprd_ctrl_calculation_v3_2: AWB result : (1308,1024,2110) 3639K , fram_count : 125 , camera_id : 0, wb mode : 0; AWB lib 64x64: (1308,1024,2110) 3639K.
01-05 12:00:23.588 685 10951 E Libae[FAE]: 1409, face_luma_calc: NO FACE
01-05 12:00:23.589 685 10974 E awb_adpt: 1479, awb_sprd_ctrl_calculation_v3_2: check handle success
01-05 12:00:23.589 685 10970 I isp_blk_cmc10: 266, _pm_cmc10_set_param: cmc_result: (1540 15832 34; 16251 1253 16287; 16371 16101 1319).
01-05 12:00:23.589 685 10970 I isp_blk_cmc10: 266, _pm_cmc10_set_param: cmc_result: (1540 15832 34; 16251 1253 16287; 16371 16101 1319).
01-05 12:00:23.589 685 10951 I cmr_oem : 9482, camera_get_af_support: af_support 1
01-05 12:00:23.590 685 10964 V aft_sprd_lib: 3813, aft_proc_log_print: ae:1 ,bv_stdev:1, afm(0,0), img(0,0), g:(1,0), p->tri:can(0,0),afm stable :diff = 0, diff_thr = 0,stab_cnt = 0,stab_num = 0,aem stab diff : (num: r,g,b,cnt) = (0,0,0,0),g_diff : (x,y,z,stab_cnt) = (0.390000,0.067500,0.115000,1), scene_change_flag 0
01-05 12:00:23.593 685 10974 I awb_adpt: 1698, awb_sprd_ctrl_calculation_v3_2: AWB result : (1308,1024,2110) 3639K , fram_count : 126 , camera_id : 0, wb mode : 0; AWB lib 64x64: (1308,1024,2110) 3639K.
01-05 12:00:23.631 720 745 E CP_CONNECT_CTL: socket_reconnect: socket_reconnect src_sock=10, des_socket=cp_time_sync_server.
01-05 12:00:23.632 720 745 E CP_CONNECT_CTL: process_socket_connect: open cp_time_sync_server failed: Connection refused [111(Connection refused)]
01-05 12:00:23.632 720 745 E CP_CONNECT_CTL: socket_reconnect: socket_reconnect src_sock=10, des_socket=cp_time_sync_server.
01-05 12:00:23.632 720 745 E CP_CONNECT_CTL: process_socket_connect: open cp_time_sync_server failed: Connection refused [111(Connection refused)]
01-05 12:00:23.632 720 745 E CP_CONNECT_CTL: socket_reconnect: socket_reconnect src_sock=10, des_socket=cp_time_sync_server.
01-05 12:00:23.632 720 745 E CP_CONNECT_CTL: process_socket_connect: open cp_time_sync_server failed: Connection refused [111(Connection refused)]
01-05 12:00:23.632 720 745 E CP_CONNECT_CTL: socket_reconnect: socket_reconnect src_sock=10, des_socket=cp_time_sync_server.
01-05 12:00:23.632 720 745 E CP_CONNECT_CTL: process_socket_connect: open cp_time_sync_server failed: Connection refused [111(Connection refused)]
01-05 12:00:23.659 685 10951 E Libae[FAE]: 1409, face_luma_calc: NO FACE
01-05 12:00:23.659 685 10970 I isp_blk_cmc10: 266, _pm_cmc10_set_param: cmc_result: (1540 15832 34; 16251 1253 16287; 16371 16101 1319).
01-05 12:00:23.659 685 10974 E awb_adpt: 1479, awb_sprd_ctrl_calculation_v3_2: check handle success
01-05 12:00:23.659 685 10970 I isp_blk_cmc10: 266, _pm_cmc10_set_param: cmc_result: (1540 15832 34; 16251 1253 16287; 16371 16101 1319).
01-05 12:00:23.659 685 10951 I cmr_oem : 9482, camera_get_af_support: af_support 1
01-05 12:00:23.660 685 10965 E android.hardware.camera.provider@2.4-service: [ALSC]: L 561, slsc4_calculation: slsc4, error case, pair_idx=[4,3], pair_ratio=[1.893699,-0.893699], set ratio to 1.0 and 0.0
01-05 12:00:23.660 685 10964 V aft_sprd_lib: 3813, aft_proc_log_print: ae:1 ,bv_stdev:1, afm(0,0), img(0,0), g:(1,0), p->tri:can(0,0),afm stable :diff = 0, diff_thr = 0,stab_cnt = 0,stab_num = 0,aem stab diff : (num: r,g,b,cnt) = (0,0,0,0),g_diff : (x,y,z,stab_cnt) = (0.465000,0.086250,0.150000,2), scene_change_flag 0
01-05 12:00:23.663 685 10974 I awb_adpt: 1698, awb_sprd_ctrl_calculation_v3_2: AWB result : (1308,1024,2110) 3639K , fram_count : 127 , camera_id : 0, wb mode : 0; AWB lib 64x64: (1308,1024,2110) 3639K.
01-05 12:00:23.697 1128 1271 D InputReader: Btn_touch(8): value=1 when=409.126040
01-05 12:00:23.697 1128 1271 I InputReader: Touch event's action is 0x0 (id=2, t=0) [pCnt=1, s=0.49 ] when=409.126040
01-05 12:00:23.698 1128 1270 I InputDispatcher: Delivering touch to (10554): action: 0x0, f=0x0, d=0, 'cdda8ee', t=1
01-05 12:00:23.699 1128 1149 I GestureDetector: obtain mCurrentDownEvent. id: 962840576 caller: com.android.server.wm.SystemGesturesPointerEventListener.onPointerEvent:203 com.android.server.wm.PointerEventDispatcher.onInputEvent:53 android.view.InputEventReceiver.dispatchInputEvent:295
01-05 12:00:23.699 1128 1149 I GestureDetector: obtain mCurrentDownEvent. id: 962840576 caller: com.android.server.wm.SystemPerformancePointerEventListener.onPointerEvent:89 com.android.server.wm.PointerEventDispatcher.onInputEvent:53 android.view.InputEventReceiver.dispatchInputEvent:295
01-05 12:00:23.729 685 10951 E Libae[FAE]: 1409, face_luma_calc: NO FACE
01-05 12:00:23.729 685 10974 E awb_adpt: 1479, awb_sprd_ctrl_calculation_v3_2: check handle success
01-05 12:00:23.729 685 10970 I isp_blk_cmc10: 266, _pm_cmc10_set_param: cmc_result: (1540 15832 34; 16251 1253 16287; 16371 16101 1319).
01-05 12:00:23.729 685 10970 I isp_blk_cmc10: 266, _pm_cmc10_set_param: cmc_result: (1540 15832 34; 16251 1253 16287; 16371 16101 1319).
01-05 12:00:23.729 685 10951 I cmr_oem : 9482, camera_get_af_support: af_support 1
01-05 12:00:23.730 685 10964 V aft_sprd_lib: 3813, aft_proc_log_print: ae:1 ,bv_stdev:1, afm(0,0), img(0,0), g:(1,0), p->tri:can(0,0),afm stable :diff = 0, diff_thr = 0,stab_cnt = 0,stab_num = 0,aem stab diff : (num: r,g,b,cnt) = (0,0,0,0),g_diff : (x,y,z,stab_cnt) = (0.282500,0.120000,0.081250,3), scene_change_flag 0
01-05 12:00:23.734 685 10974 I awb_adpt: 1698, awb_sprd_ctrl_calculation_v3_2: AWB result : (1308,1024,2110) 3639K , fram_count : 128 , camera_id : 0, wb mode : 0; AWB lib 64x64: (1308,1024,2110) 3639K.
01-05 12:00:23.764 1128 1149 I GestureDetector: obtain mCurrentMotionEventRaw. action: 2 id: 373590105
01-05 12:00:23.765 1128 1149 I GestureDetector: obtain mCurrentMotionEventRaw. action: 2 id: 373590105
01-05 12:00:23.798 1128 1271 D InputReader: Btn_touch(8): value=0 when=409.226515
01-05 12:00:23.798 1128 1271 I InputReader: Touch event's action is 0x1 (id=2, t=0) [pCnt=1, s=] when=409.226515
01-05 12:00:23.798 1128 1270 I InputDispatcher: Delivering touch to (10554): action: 0x1, f=0x0, d=0, 'cdda8ee', t=1
01-05 12:00:23.799 685 10951 E Libae[FAE]: 1409, face_luma_calc: NO FACE
01-05 12:00:23.799 685 10974 E awb_adpt: 1479, awb_sprd_ctrl_calculation_v3_2: check handle success
01-05 12:00:23.799 685 10970 I isp_blk_cmc10: 266, _pm_cmc10_set_param: cmc_result: (1540 15832 34; 16251 1253 16287; 16371 16101 1319).
01-05 12:00:23.800 685 10970 I isp_blk_cmc10: 266, _pm_cmc10_set_param: cmc_result: (1540 15832 34; 16251 1253 16287; 16371 16101 1319).
01-05 12:00:23.800 685 10951 I cmr_oem : 9482, camera_get_af_support: af_support 1
01-05 12:00:23.801 685 10964 V aft_sprd_lib: 3813, aft_proc_log_print: ae:1 ,bv_stdev:1, afm(0,0), img(0,0), g:(1,0), p->tri:can(0,0),afm stable :diff = 0, diff_thr = 0,stab_cnt = 0,stab_num = 0,aem stab diff : (num: r,g,b,cnt) = (0,0,0,0),g_diff : (x,y,z,stab_cnt) = (0.888750,0.457500,1.170000,0), scene_change_flag 0
01-05 12:00:23.804 685 10974 I awb_adpt: 1698, awb_sprd_ctrl_calculation_v3_2: AWB result : (1308,1024,2110) 3639K , fram_count : 129 , camera_id : 0, wb mode : 0; AWB lib 64x64: (1308,1024,2110) 3639K.
01-05 12:00:23.832 720 745 E CP_CONNECT_CTL: socket_reconnect: socket_reconnect src_sock=10, des_socket=cp_time_sync_server.
01-05 12:00:23.832 720 745 E CP_CONNECT_CTL: process_socket_connect: open cp_time_sync_server failed: Connection refused [111(Connection refused)]
01-05 12:00:23.832 720 745 E CP_CONNECT_CTL: socket_reconnect: socket_reconnect src_sock=10, des_socket=cp_time_sync_server.
01-05 12:00:23.832 720 745 E CP_CONNECT_CTL: process_socket_connect: open cp_time_sync_server failed: Connection refused [111(Connection refused)]
01-05 12:00:23.832 720 745 E CP_CONNECT_CTL: socket_reconnect: socket_reconnect src_sock=10, des_socket=cp_time_sync_server.
01-05 12:00:23.832 720 745 E CP_CONNECT_CTL: process_socket_connect: open cp_time_sync_server failed: Connection refused [111(Connection refused)]
01-05 12:00:23.832 720 745 E CP_CONNECT_CTL: socket_reconnect: socket_reconnect src_sock=10, des_socket=cp_time_sync_server.
01-05 12:00:23.832 720 745 E CP_CONNECT_CTL: process_socket_connect: open cp_time_sync_server failed: Connection refused [111(Connection refused)]
01-05 12:00:23.843 665 665 E YLog : /system_ext/etc/ylogsource.conf load failed... error [2(No such file or directory)] [startlogServcie]
01-05 12:00:23.845 1128 1128 D SemWifiBackOff.Sar: event.values[3],=1.0, event.values[4]=0.0
01-05 12:00:23.845 1128 1128 D SemWifiBackOff.Sar: getSensorMode=5, mSensorState=3
01-05 12:00:23.845 1128 1128 I SemWifiBackOff.Sar: SingleBodySarManager : enable powerbackoff1
01-05 12:00:23.845 1128 1128 D SemWifiBackOff.Sar: SingleBodySarManager : checkAndSetBackoff true
01-05 12:00:23.845 1128 1128 I SemWifiBackOff.Sar: setPowerBackoff(head) enable=true
01-05 12:00:23.846 1461 1461 I wpa_supplicant: set dynamic tx far
01-05 12:00:23.846 1461 1461 E wpa_supplicant: sar_cmd : SET_SAR 9
01-05 12:00:23.849 1128 1128 V SemWifiBackOff.Controller: onBackOffStarted iface=wlan0 type=1
01-05 12:00:23.869 685 10951 E Libae[FAE]: 1409, face_luma_calc: NO FACE
01-05 12:00:23.869 685 10974 E awb_adpt: 1479, awb_sprd_ctrl_calculation_v3_2: check handle success
01-05 12:00:23.870 685 10970 I isp_blk_cmc10: 266, _pm_cmc10_set_param: cmc_result: (1540 15832 34; 16251 1253 16287; 16371 16101 1319).
01-05 12:00:23.870 685 10970 I isp_blk_cmc10: 266, _pm_cmc10_set_param: cmc_result: (1540 15832 34; 16251 1253 16287; 16371 16101 1319).
01-05 12:00:23.870 685 10951 I cmr_oem : 9482, camera_get_af_support: af_support 1
01-05 12:00:23.870 685 10965 E android.hardware.camera.provider@2.4-service: [ALSC]: L 561, slsc4_calculation: slsc4, error case, pair_idx=[4,3], pair_ratio=[1.870340,-0.870340], set ratio to 1.0 and 0.0
01-05 12:00:23.872 685 10964 V aft_sprd_lib: 3813, aft_proc_log_print: ae:1 ,bv_stdev:0, afm(0,0), img(0,0), g:(1,0), p->tri:can(0,0),afm stable :diff = 0, diff_thr = 0,stab_cnt = 0,stab_num = 0,aem stab diff : (num: r,g,b,cnt) = (0,0,0,0),g_diff : (x,y,z,stab_cnt) = (1.398750,0.045000,1.805000,0), scene_change_flag 0
01-05 12:00:23.875 685 10974 I awb_adpt: 1698, awb_sprd_ctrl_calculation_v3_2: AWB result : (1308,1024,2110) 3639K , fram_count : 130 , camera_id : 0, wb mode : 0; AWB lib 64x64: (1308,1024,2110) 3639K.
01-05 12:00:23.939 685 10951 E Libae[FAE]: 1409, face_luma_calc: NO FACE
01-05 12:00:23.939 685 10974 E awb_adpt: 1479, awb_sprd_ctrl_calculation_v3_2: check handle success
01-05 12:00:23.940 685 10970 I isp_blk_cmc10: 266, _pm_cmc10_set_param: cmc_result: (1540 15832 34; 16251 1253 16287; 16371 16101 1319).
01-05 12:00:23.940 685 10970 I isp_blk_cmc10: 266, _pm_cmc10_set_param: cmc_result: (1540 15832 34; 16251 1253 16287; 16371 16101 1319).
01-05 12:00:23.940 685 10951 I cmr_oem : 9482, camera_get_af_support: af_support 1
01-05 12:00:23.941 685 10964 V aft_sprd_lib: 3813, aft_proc_log_print: ae:1 ,bv_stdev:0, afm(0,0), img(0,0), g:(1,0), p->tri:can(0,0),afm stable :diff = 0, diff_thr = 0,stab_cnt = 0,stab_num = 0,aem stab diff : (num: r,g,b,cnt) = (0,0,0,0),g_diff : (x,y,z,stab_cnt) = (1.506250,0.720000,0.960000,0), scene_change_flag 0
01-05 12:00:23.945 685 10974 I awb_adpt: 1698, awb_sprd_ctrl_calculation_v3_2: AWB result : (1308,1024,2110) 3639K , fram_count : 131 , camera_id : 0, wb mode : 0; AWB lib 64x64: (1308,1024,2110) 3639K.
01-05 12:00:23.999 1128 1128 I GestureDetector: handleMessage TAP
01-05 12:00:23.999 1128 1149 I GestureDetector: handleMessage TAP
01-05 12:00:24.010 685 10974 E awb_adpt: 1479, awb_sprd_ctrl_calculation_v3_2: check handle success
01-05 12:00:24.010 685 10951 E Libae[FAE]: 1409, face_luma_calc: NO FACE
01-05 12:00:24.010 685 10970 I isp_blk_cmc10: 266, _pm_cmc10_set_param: cmc_result: (1540 15832 34; 16251 1253 16287; 16371 16101 1319).
01-05 12:00:24.010 685 10970 I isp_blk_cmc10: 266, _pm_cmc10_set_param: cmc_result: (1540 15832 34; 16251 1253 16287; 16371 16101 1319).
01-05 12:00:24.010 685 10951 I cmr_oem : 9482, camera_get_af_support: af_support 1
01-05 12:00:24.012 685 10964 V aft_sprd_lib: 3813, aft_proc_log_print: ae:1 ,bv_stdev:0, afm(0,0), img(0,0), g:(1,0), p->tri:can(0,0),afm stable :diff = 0, diff_thr = 0,stab_cnt = 0,stab_num = 0,aem stab diff : (num: r,g,b,cnt) = (0,0,0,0),g_diff : (x,y,z,stab_cnt) = (1.283750,0.112500,0.340000,0), scene_change_flag 0
01-05 12:00:24.015 685 10974 I awb_adpt: 1698, awb_sprd_ctrl_calculation_v3_2: AWB result : (1318,1024,2112) 3657K , fram_count : 132 , camera_id : 0, wb mode : 0; AWB lib 64x64: (1318,1024,2112) 3657K.
01-05 12:00:24.032 720 745 E CP_CONNECT_CTL: socket_reconnect: socket_reconnect src_sock=10, des_socket=cp_time_sync_server.
01-05 12:00:24.032 720 745 E CP_CONNECT_CTL: process_socket_connect: open cp_time_sync_server failed: Connection refused [111(Connection refused)]
01-05 12:00:24.032 720 745 E CP_CONNECT_CTL: socket_reconnect: socket_reconnect src_sock=10, des_socket=cp_time_sync_server.
01-05 12:00:24.032 720 745 E CP_CONNECT_CTL: process_socket_connect: open cp_time_sync_server failed: Connection refused [111(Connection refused)]
01-05 12:00:24.032 720 745 E CP_CONNECT_CTL: socket_reconnect: socket_reconnect src_sock=10, des_socket=cp_time_sync_server.
01-05 12:00:24.032 720 745 E CP_CONNECT_CTL: process_socket_connect: open cp_time_sync_server failed: Connection refused [111(Connection refused)]
01-05 12:00:24.033 720 745 E CP_CONNECT_CTL: socket_reconnect: socket_reconnect src_sock=10, des_socket=cp_time_sync_server.
01-05 12:00:24.033 720 745 E CP_CONNECT_CTL: process_socket_connect: open cp_time_sync_server failed: Connection refused [111(Connection refused)]
01-05 12:00:24.080 685 10951 E Libae[FAE]: 1409, face_luma_calc: NO FACE
01-05 12:00:24.080 685 10974 E awb_adpt: 1479, awb_sprd_ctrl_calculation_v3_2: check handle success
01-05 12:00:24.080 685 10970 I isp_blk_cmc10: 266, _pm_cmc10_set_param: cmc_result: (1540 15832 34; 16251 1253 16287; 16371 16101 1319).
01-05 12:00:24.080 685 10970 I isp_blk_cmc10: 266, _pm_cmc10_set_param: cmc_result: (1540 15832 34; 16251 1253 16287; 16371 16101 1319).
01-05 12:00:24.081 685 10951 I cmr_oem : 9482, camera_get_af_support: af_support 1
01-05 12:00:24.081 685 10965 E android.hardware.camera.provider@2.4-service: [ALSC]: L 561, slsc4_calculation: slsc4, error case, pair_idx=[4,3], pair_ratio=[1.917213,-0.917213], set ratio to 1.0 and 0.0
01-05 12:00:24.082 685 10964 V aft_sprd_lib: 3813, aft_proc_log_print: ae:1 ,bv_stdev:1, afm(0,0), img(0,0), g:(1,0), p->tri:can(0,0),afm stable :diff = 0, diff_thr = 0,stab_cnt = 0,stab_num = 0,aem stab diff : (num: r,g,b,cnt) = (0,0,0,0),g_diff : (x,y,z,stab_cnt) = (0.475000,0.055000,0.138750,1), scene_change_flag 0
01-05 12:00:24.085 685 10974 I awb_adpt: 1698, awb_sprd_ctrl_calculation_v3_2: AWB result : (1308,1024,2110) 3639K , fram_count : 133 , camera_id : 0, wb mode : 0; AWB lib 64x64: (1308,1024,2110) 3639K.
01-05 12:00:24.150 685 10951 E Libae[FAE]: 1409, face_luma_calc: NO FACE
01-05 12:00:24.150 685 10974 E awb_adpt: 1479, awb_sprd_ctrl_calculation_v3_2: check handle success
01-05 12:00:24.150 685 10970 I isp_blk_cmc10: 266, _pm_cmc10_set_param: cmc_result: (1540 15832 34; 16251 1253 16287; 16371 16101 1319).
01-05 12:00:24.150 685 10970 I isp_blk_cmc10: 266, _pm_cmc10_set_param: cmc_result: (1540 15832 34; 16251 1253 16287; 16371 16101 1319).
01-05 12:00:24.151 685 10951 I cmr_oem : 9482, camera_get_af_support: af_support 1
01-05 12:00:24.151 685 10964 V aft_sprd_lib: 3813, aft_proc_log_print: ae:1 ,bv_stdev:1, afm(0,0), img(0,0), g:(1,0), p->tri:can(0,0),afm stable :diff = 0, diff_thr = 0,stab_cnt = 0,stab_num = 0,aem stab diff : (num: r,g,b,cnt) = (0,0,0,0),g_diff : (x,y,z,stab_cnt) = (0.742500,0.008750,0.175000,0), scene_change_flag 0
01-05 12:00:24.155 685 10974 I awb_adpt: 1698, awb_sprd_ctrl_calculation_v3_2: AWB result : (1313,1024,2103) 3657K , fram_count : 134 , camera_id : 0, wb mode : 0; AWB lib 64x64: (1313,1024,2103) 3657K.
01-05 12:00:24.220 685 10974 E awb_adpt: 1479, awb_sprd_ctrl_calculation_v3_2: check handle success
01-05 12:00:24.220 685 10951 E Libae[FAE]: 1409, face_luma_calc: NO FACE
01-05 12:00:24.220 685 10970 I isp_blk_cmc10: 266, _pm_cmc10_set_param: cmc_result: (1540 15832 34; 16251 1253 16287; 16371 16101 1319).
01-05 12:00:24.221 685 10970 I isp_blk_cmc10: 266, _pm_cmc10_set_param: cmc_result: (1540 15832 34; 16251 1253 16287; 16371 16101 1319).
01-05 12:00:24.221 685 10951 I cmr_oem : 9482, camera_get_af_support: af_support 1
01-05 12:00:24.222 685 10964 V aft_sprd_lib: 3813, aft_proc_log_print: ae:1 ,bv_stdev:1, afm(0,0), img(0,0), g:(1,0), p->tri:can(0,0),afm stable :diff = 0, diff_thr = 0,stab_cnt = 0,stab_num = 0,aem stab diff : (num: r,g,b,cnt) = (0,0,0,0),g_diff : (x,y,z,stab_cnt) = (0.026250,0.086250,0.065000,1), scene_change_flag 0
01-05 12:00:24.225 685 10974 I awb_adpt: 1698, awb_sprd_ctrl_calculation_v3_2: AWB result : (1313,1024,2103) 3657K , fram_count : 135 , camera_id : 0, wb mode : 0; AWB lib 64x64: (1313,1024,2103) 3657K.
01-05 12:00:24.232 720 745 E CP_CONNECT_CTL: socket_reconnect: socket_reconnect src_sock=10, des_socket=cp_time_sync_server.
01-05 12:00:24.233 720 745 E CP_CONNECT_CTL: process_socket_connect: open cp_time_sync_server failed: Connection refused [111(Connection refused)]
01-05 12:00:24.233 720 745 E CP_CONNECT_CTL: socket_reconnect: socket_reconnect src_sock=10, des_socket=cp_time_sync_server.
01-05 12:00:24.233 720 745 E CP_CONNECT_CTL: process_socket_connect: open cp_time_sync_server failed: Connection refused [111(Connection refused)]
01-05 12:00:24.233 720 745 E CP_CONNECT_CTL: socket_reconnect: socket_reconnect src_sock=10, des_socket=cp_time_sync_server.
01-05 12:00:24.233 720 745 E CP_CONNECT_CTL: process_socket_connect: open cp_time_sync_server failed: Connection refused [111(Connection refused)]
01-05 12:00:24.233 720 745 E CP_CONNECT_CTL: socket_reconnect: socket_reconnect src_sock=10, des_socket=cp_time_sync_server.
01-05 12:00:24.233 720 745 E CP_CONNECT_CTL: process_socket_connect: open cp_time_sync_server failed: Connection refused [111(Connection refused)]
01-05 12:00:24.241 1128 1128 D SemWifiBackOff.Sar: event.values[3],=1.0, event.values[4]=0.0
01-05 12:00:24.241 1128 1128 D SemWifiBackOff.Sar: getSensorMode=5, mSensorState=3
01-05 12:00:24.241 1128 1128 I SemWifiBackOff.Sar: SingleBodySarManager : disable powerbackoff1
01-05 12:00:24.241 1128 1128 D SemWifiBackOff.Sar: SingleBodySarManager : checkAndSetBackoff false
01-05 12:00:24.241 1128 1128 I SemWifiBackOff.Sar: setPowerBackoff(head) enable=false
01-05 12:00:24.242 1461 1461 I wpa_supplicant: set dynamic tx back
01-05 12:00:24.242 1461 1461 E wpa_supplicant: sar_cmd : SET_SAR 127
01-05 12:00:24.246 1128 1128 V SemWifiBackOff.Controller: onBackOffStopped iface=wlan0 type=1 stats= [HEAD]:48,66759ms
01-05 12:00:24.246 1128 1128 V SemWifiBackOff.Controller: [24/01/05 11:59:09 setPowerBackoff(1) enable=true
01-05 12:00:24.246 1128 1128 V SemWifiBackOff.Controller: , 24/01/05 11:59:10 setPowerBackoff(1) enable=false
