01-05 12:00:20.022 720 745 E CP_CONNECT_CTL: process_socket_connect: open cp_time_sync_server failed: Connection refused [111(Connection refused)]
01-05 12:00:20.022 720 745 E CP_CONNECT_CTL: socket_reconnect: socket_reconnect src_sock=10, des_socket=cp_time_sync_server.
01-05 12:00:20.023 720 745 E CP_CONNECT_CTL: process_socket_connect: open cp_time_sync_server failed: Connection refused [111(Connection refused)]
01-05 12:00:20.023 720 745 E CP_CONNECT_CTL: socket_reconnect: socket_reconnect src_sock=10, des_socket=cp_time_sync_server.
01-05 12:00:20.023 720 745 E CP_CONNECT_CTL: process_socket_connect: open cp_time_sync_server failed: Connection refused [111(Connection refused)]
01-05 12:00:20.080 685 10951 E Libae[FAE]: 1409, face_luma_calc: NO FACE
01-05 12:00:20.080 685 10974 E awb_adpt: 1479, awb_sprd_ctrl_calculation_v3_2: check handle success
01-05 12:00:20.081 685 10970 I isp_blk_cmc10: 266, _pm_cmc10_set_param: cmc_result: (1540 15832 34; 16251 1253 16287; 16371 16101 1319).
01-05 12:00:20.081 685 10970 I isp_blk_cmc10: 266, _pm_cmc10_set_param: cmc_result: (1540 15832 34; 16251 1253 16287; 16371 16101 1319).
01-05 12:00:20.081 685 10951 I cmr_oem : 9482, camera_get_af_support: af_support 1
01-05 12:00:20.081 685 10965 E android.hardware.camera.provider@2.4-service: [ALSC]: L 561, slsc4_calculation: slsc4, error case, pair_idx=[4,3], pair_ratio=[1.967664,-0.967664], set ratio to 1.0 and 0.0
01-05 12:00:20.082 685 10964 I aft_sprd_lib: 3803, aft_proc_log_print: afm move diff : 894282,diff_thr :117484197,diff_cnt : 0,g_diff(x,y,z):(0.010000,0.000000,0.007500),aem move diff : (num : r,g,b,cnt) = (0,0,0,0), scene_change_flag 0
01-05 12:00:20.085 685 10974 I awb_adpt: 1698, awb_sprd_ctrl_calculation_v3_2: AWB result : (1318,1024,2112) 3657K , fram_count : 76 , camera_id : 0, wb mode : 0; AWB lib 64x64: (1318,1024,2112) 3657K.
01-05 12:00:20.149 685 10974 E awb_adpt: 1479, awb_sprd_ctrl_calculation_v3_2: check handle success
01-05 12:00:20.149 685 10951 E Libae[FAE]: 1409, face_luma_calc: NO FACE
01-05 12:00:20.149 685 10970 I isp_blk_cmc10: 266, _pm_cmc10_set_param: cmc_result: (1540 15832 34; 16251 1253 16287; 16371 16101 1319).
01-05 12:00:20.149 685 10970 I isp_blk_cmc10: 266, _pm_cmc10_set_param: cmc_result: (1540 15832 34; 16251 1253 16287; 16371 16101 1319).
01-05 12:00:20.149 685 10951 I cmr_oem : 9482, camera_get_af_support: af_support 1
01-05 12:00:20.150 685 10964 I aft_sprd_lib: 3803, aft_proc_log_print: afm move diff : 955944,diff_thr :117484197,diff_cnt : 0,g_diff(x,y,z):(0.007501,0.031250,0.018750),aem move diff : (num : r,g,b,cnt) = (0,0,0,0), scene_change_flag 0
01-05 12:00:20.152 1128 1145 I EDMNativeHelperService: isCameraEnabled
01-05 12:00:20.152 1128 1145 D EDMNativeHelper: isCameraEnabled
01-05 12:00:20.153 1128 1145 D EDMNativeHelper: checking for camera in EnterpriseDeviceManagerService
01-05 12:00:20.153 1128 1145 D EnterpriseDeviceManagerService: isCameraEnabledNative
01-05 12:00:20.153 1128 1145 D EnterpriseDeviceManagerService: checking for camera in restriction policy
01-05 12:00:20.153 1128 1145 D RestrictionPolicy: isCameraEnabled ret(true) userId(0) cxtInfo.mCallerUid(10245) cxtInfo.mContainerId(0)
01-05 12:00:20.153 685 10974 I awb_adpt: 1698, awb_sprd_ctrl_calculation_v3_2: AWB result : (1318,1024,2112) 3657K , fram_count : 77 , camera_id : 0, wb mode : 0; AWB lib 64x64: (1318,1024,2112) 3657K.
01-05 12:00:20.221 685 10951 E Libae[FAE]: 1409, face_luma_calc: NO FACE
01-05 12:00:20.221 685 10974 E awb_adpt: 1479, awb_sprd_ctrl_calculation_v3_2: check handle success
01-05 12:00:20.221 685 10970 I isp_blk_cmc10: 266, _pm_cmc10_set_param: cmc_result: (1540 15832 34; 16251 1253 16287; 16371 16101 1319).
01-05 12:00:20.221 685 10970 I isp_blk_cmc10: 266, _pm_cmc10_set_param: cmc_result: (1540 15832 34; 16251 1253 16287; 16371 16101 1319).
01-05 12:00:20.221 685 10951 I cmr_oem : 9482, camera_get_af_support: af_support 1
01-05 12:00:20.222 685 10964 I aft_sprd_lib: 3803, aft_proc_log_print: afm move diff : 793400,diff_thr :117484197,diff_cnt : 0,g_diff(x,y,z):(0.011250,0.057500,0.013750),aem move diff : (num : r,g,b,cnt) = (0,0,0,0), scene_change_flag 0
01-05 12:00:20.222 720 745 E CP_CONNECT_CTL: socket_reconnect: socket_reconnect src_sock=10, des_socket=cp_time_sync_server.
01-05 12:00:20.222 720 745 E CP_CONNECT_CTL: process_socket_connect: open cp_time_sync_server failed: Connection refused [111(Connection refused)]
01-05 12:00:20.222 720 745 E CP_CONNECT_CTL: socket_reconnect: socket_reconnect src_sock=10, des_socket=cp_time_sync_server.
01-05 12:00:20.222 720 745 E CP_CONNECT_CTL: process_socket_connect: open cp_time_sync_server failed: Connection refused [111(Connection refused)]
01-05 12:00:20.223 720 745 E CP_CONNECT_CTL: socket_reconnect: socket_reconnect src_sock=10, des_socket=cp_time_sync_server.
01-05 12:00:20.223 720 745 E CP_CONNECT_CTL: process_socket_connect: open cp_time_sync_server failed: Connection refused [111(Connection refused)]
01-05 12:00:20.223 720 745 E CP_CONNECT_CTL: socket_reconnect: socket_reconnect src_sock=10, des_socket=cp_time_sync_server.
01-05 12:00:20.223 720 745 E CP_CONNECT_CTL: process_socket_connect: open cp_time_sync_server failed: Connection refused [111(Connection refused)]
01-05 12:00:20.225 685 10974 I awb_adpt: 1698, awb_sprd_ctrl_calculation_v3_2: AWB result : (1318,1024,2112) 3657K , fram_count : 78 , camera_id : 0, wb mode : 0; AWB lib 64x64: (1318,1024,2112) 3657K.
01-05 12:00:20.291 685 10951 E Libae[FAE]: 1409, face_luma_calc: NO FACE
01-05 12:00:20.291 685 10974 E awb_adpt: 1479, awb_sprd_ctrl_calculation_v3_2: check handle success
01-05 12:00:20.291 685 10970 I isp_blk_cmc10: 266, _pm_cmc10_set_param: cmc_result: (1540 15832 34; 16251 1253 16287; 16371 16101 1319).
01-05 12:00:20.292 685 10970 I isp_blk_cmc10: 266, _pm_cmc10_set_param: cmc_result: (1540 15832 34; 16251 1253 16287; 16371 16101 1319).
01-05 12:00:20.292 685 10951 I cmr_oem : 9482, camera_get_af_support: af_support 1
01-05 12:00:20.292 685 10965 E android.hardware.camera.provider@2.4-service: [ALSC]: L 561, slsc4_calculation: slsc4, error case, pair_idx=[4,3], pair_ratio=[1.918154,-0.918155], set ratio to 1.0 and 0.0
01-05 12:00:20.293 685 10964 I aft_sprd_lib: 3803, aft_proc_log_print: afm move diff : 285001,diff_thr :117484197,diff_cnt : 0,g_diff(x,y,z):(0.016251,0.032500,0.007500),aem move diff : (num : r,g,b,cnt) = (0,0,0,0), scene_change_flag 0
01-05 12:00:20.296 685 10974 I awb_adpt: 1698, awb_sprd_ctrl_calculation_v3_2: AWB result : (1313,1024,2119) 3639K , fram_count : 79 , camera_id : 0, wb mode : 0; AWB lib 64x64: (1313,1024,2119) 3639K.
01-05 12:00:20.314 905 905 E SLOGCP : reopen_dev: open /dev/stty_lte28 error [19(No such device)]
01-05 12:00:20.361 685 10974 E awb_adpt: 1479, awb_sprd_ctrl_calculation_v3_2: check handle success
01-05 12:00:20.361 685 10951 E Libae[FAE]: 1409, face_luma_calc: NO FACE
01-05 12:00:20.361 685 10970 I isp_blk_cmc10: 266, _pm_cmc10_set_param: cmc_result: (1540 15832 34; 16251 1253 16287; 16371 16101 1319).
01-05 12:00:20.362 685 10970 I isp_blk_cmc10: 266, _pm_cmc10_set_param: cmc_result: (1540 15832 34; 16251 1253 16287; 16371 16101 1319).
01-05 12:00:20.362 685 10951 I cmr_oem : 9482, camera_get_af_support: af_support 1
01-05 12:00:20.363 685 10964 I aft_sprd_lib: 3803, aft_proc_log_print: afm move diff : 617762,diff_thr :117484197,diff_cnt : 0,g_diff(x,y,z):(0.018749,0.003750,0.007500),aem move diff : (num : r,g,b,cnt) = (0,0,0,0), scene_change_flag 0
01-05 12:00:20.366 685 10974 I awb_adpt: 1698, awb_sprd_ctrl_calculation_v3_2: AWB result : (1318,1024,2112) 3657K , fram_count : 80 , camera_id : 0, wb mode : 0; AWB lib 64x64: (1318,1024,2112) 3657K.
01-05 12:00:20.422 720 745 E CP_CONNECT_CTL: socket_reconnect: socket_reconnect src_sock=10, des_socket=cp_time_sync_server.
01-05 12:00:20.423 720 745 E CP_CONNECT_CTL: process_socket_connect: open cp_time_sync_server failed: Connection refused [111(Connection refused)]
01-05 12:00:20.423 720 745 E CP_CONNECT_CTL: socket_reconnect: socket_reconnect src_sock=10, des_socket=cp_time_sync_server.
01-05 12:00:20.423 720 745 E CP_CONNECT_CTL: process_socket_connect: open cp_time_sync_server failed: Connection refused [111(Connection refused)]
01-05 12:00:20.423 720 745 E CP_CONNECT_CTL: socket_reconnect: socket_reconnect src_sock=10, des_socket=cp_time_sync_server.
01-05 12:00:20.423 720 745 E CP_CONNECT_CTL: process_socket_connect: open cp_time_sync_server failed: Connection refused [111(Connection refused)]
01-05 12:00:20.423 720 745 E CP_CONNECT_CTL: socket_reconnect: socket_reconnect src_sock=10, des_socket=cp_time_sync_server.
01-05 12:00:20.423 720 745 E CP_CONNECT_CTL: process_socket_connect: open cp_time_sync_server failed: Connection refused [111(Connection refused)]
01-05 12:00:20.431 685 10974 E awb_adpt: 1479, awb_sprd_ctrl_calculation_v3_2: check handle success
01-05 12:00:20.431 685 10951 E Libae[FAE]: 1409, face_luma_calc: NO FACE
01-05 12:00:20.431 685 10970 I isp_blk_cmc10: 266, _pm_cmc10_set_param: cmc_result: (1540 15832 34; 16251 1253 16287; 16371 16101 1319).
01-05 12:00:20.432 685 10970 I isp_blk_cmc10: 266, _pm_cmc10_set_param: cmc_result: (1540 15832 34; 16251 1253 16287; 16371 16101 1319).
01-05 12:00:20.432 685 10951 I cmr_oem : 9482, camera_get_af_support: af_support 1
01-05 12:00:20.433 685 10964 I aft_sprd_lib: 3803, aft_proc_log_print: afm move diff : 833851,diff_thr :117484197,diff_cnt : 0,g_diff(x,y,z):(0.011250,0.002500,0.007500),aem move diff : (num : r,g,b,cnt) = (0,0,0,0), scene_change_flag 0
01-05 12:00:20.436 685 10974 I awb_adpt: 1698, awb_sprd_ctrl_calculation_v3_2: AWB result : (1318,1024,2112) 3657K , fram_count : 81 , camera_id : 0, wb mode : 0; AWB lib 64x64: (1318,1024,2112) 3657K.
01-05 12:00:20.463 7855 7975 I HQCAM_DepressStickerService: After 319 seconds sleep!!!
01-05 12:00:20.502 685 10974 E awb_adpt: 1479, awb_sprd_ctrl_calculation_v3_2: check handle success
01-05 12:00:20.502 685 10951 E Libae[FAE]: 1409, face_luma_calc: NO FACE
01-05 12:00:20.502 685 10970 I isp_blk_cmc10: 266, _pm_cmc10_set_param: cmc_result: (1540 15832 34; 16251 1253 16287; 16371 16101 1319).
01-05 12:00:20.502 685 10970 I isp_blk_cmc10: 266, _pm_cmc10_set_param: cmc_result: (1540 15832 34; 16251 1253 16287; 16371 16101 1319).
01-05 12:00:20.503 685 10951 I cmr_oem : 9482, camera_get_af_support: af_support 1
01-05 12:00:20.503 685 10965 E android.hardware.camera.provider@2.4-service: [ALSC]: L 561, slsc4_calculation: slsc4, error case, pair_idx=[4,3], pair_ratio=[1.910600,-0.910600], set ratio to 1.0 and 0.0
01-05 12:00:20.503 685 10964 I aft_sprd_lib: 3803, aft_proc_log_print: afm move diff : 614637,diff_thr :117484197,diff_cnt : 0,g_diff(x,y,z):(0.013750,0.011250,0.018750),aem move diff : (num : r,g,b,cnt) = (0,0,0,0), scene_change_flag 0
01-05 12:00:20.507 685 10974 I awb_adpt: 1698, awb_sprd_ctrl_calculation_v3_2: AWB result : (1318,1024,2112) 3657K , fram_count : 82 , camera_id : 0, wb mode : 0; AWB lib 64x64: (1318,1024,2112) 3657K.
01-05 12:00:20.572 685 10951 E Libae[FAE]: 1409, face_luma_calc: NO FACE
01-05 12:00:20.572 685 10974 E awb_adpt: 1479, awb_sprd_ctrl_calculation_v3_2: check handle success
01-05 12:00:20.573 685 10970 I isp_blk_cmc10: 266, _pm_cmc10_set_param: cmc_result: (1540 15832 34; 16251 1253 16287; 16371 16101 1319).
01-05 12:00:20.573 685 10970 I isp_blk_cmc10: 266, _pm_cmc10_set_param: cmc_result: (1540 15832 34; 16251 1253 16287; 16371 16101 1319).
01-05 12:00:20.573 685 10951 I cmr_oem : 9482, camera_get_af_support: af_support 1
01-05 12:00:20.574 685 10964 I aft_sprd_lib: 3803, aft_proc_log_print: afm move diff : 493599,diff_thr :117484197,diff_cnt : 0,g_diff(x,y,z):(0.000000,0.002500,0.012500),aem move diff : (num : r,g,b,cnt) = (0,0,0,0), scene_change_flag 0
01-05 12:00:20.577 685 10974 I awb_adpt: 1698, awb_sprd_ctrl_calculation_v3_2: AWB result : (1318,1024,2112) 3657K , fram_count : 83 , camera_id : 0, wb mode : 0; AWB lib 64x64: (1318,1024,2112) 3657K.
01-05 12:00:20.624 720 745 E CP_CONNECT_CTL: socket_reconnect: socket_reconnect src_sock=10, des_socket=cp_time_sync_server.
01-05 12:00:20.624 720 745 E CP_CONNECT_CTL: process_socket_connect: open cp_time_sync_server failed: Connection refused [111(Connection refused)]
01-05 12:00:20.624 720 745 E CP_CONNECT_CTL: socket_reconnect: socket_reconnect src_sock=10, des_socket=cp_time_sync_server.
01-05 12:00:20.624 720 745 E CP_CONNECT_CTL: process_socket_connect: open cp_time_sync_server failed: Connection refused [111(Connection refused)]
01-05 12:00:20.624 720 745 E CP_CONNECT_CTL: socket_reconnect: socket_reconnect src_sock=10, des_socket=cp_time_sync_server.
01-05 12:00:20.624 720 745 E CP_CONNECT_CTL: process_socket_connect: open cp_time_sync_server failed: Connection refused [111(Connection refused)]
01-05 12:00:20.624 720 745 E CP_CONNECT_CTL: socket_reconnect: socket_reconnect src_sock=10, des_socket=cp_time_sync_server.
01-05 12:00:20.625 720 745 E CP_CONNECT_CTL: process_socket_connect: open cp_time_sync_server failed: Connection refused [111(Connection refused)]
01-05 12:00:20.642 685 10974 E awb_adpt: 1479, awb_sprd_ctrl_calculation_v3_2: check handle success
01-05 12:00:20.642 685 10951 E Libae[FAE]: 1409, face_luma_calc: NO FACE
01-05 12:00:20.642 685 10970 I isp_blk_cmc10: 266, _pm_cmc10_set_param: cmc_result: (1540 15832 34; 16251 1253 16287; 16371 16101 1319).
01-05 12:00:20.642 685 10970 I isp_blk_cmc10: 266, _pm_cmc10_set_param: cmc_result: (1540 15832 34; 16251 1253 16287; 16371 16101 1319).
01-05 12:00:20.643 685 10951 I cmr_oem : 9482, camera_get_af_support: af_support 1
01-05 12:00:20.643 685 10964 I aft_sprd_lib: 3803, aft_proc_log_print: afm move diff : 783598,diff_thr :117484197,diff_cnt : 0,g_diff(x,y,z):(0.031250,0.028750,0.018750),aem move diff : (num : r,g,b,cnt) = (0,0,0,0), scene_change_flag 0
01-05 12:00:20.647 685 10974 I awb_adpt: 1698, awb_sprd_ctrl_calculation_v3_2: AWB result : (1318,1024,2112) 3657K , fram_count : 84 , camera_id : 0, wb mode : 0; AWB lib 64x64: (1318,1024,2112) 3657K.
01-05 12:00:20.712 685 10951 E Libae[FAE]: 1409, face_luma_calc: NO FACE
01-05 12:00:20.712 685 10974 E awb_adpt: 1479, awb_sprd_ctrl_calculation_v3_2: check handle success
01-05 12:00:20.712 685 10970 I isp_blk_cmc10: 266, _pm_cmc10_set_param: cmc_result: (1540 15832 34; 16251 1253 16287; 16371 16101 1319).
01-05 12:00:20.713 685 10970 I isp_blk_cmc10: 266, _pm_cmc10_set_param: cmc_result: (1540 15832 34; 16251 1253 16287; 16371 16101 1319).
01-05 12:00:20.713 685 10951 I cmr_oem : 9482, camera_get_af_support: af_support 1
01-05 12:00:20.713 685 10965 E android.hardware.camera.provider@2.4-service: [ALSC]: L 561, slsc4_calculation: slsc4, error case, pair_idx=[4,3], pair_ratio=[1.903046,-0.903046], set ratio to 1.0 and 0.0
01-05 12:00:20.714 685 10964 I aft_sprd_lib: 3803, aft_proc_log_print: afm move diff : 759800,diff_thr :117484197,diff_cnt : 0,g_diff(x,y,z):(0.028749,0.057500,0.010000),aem move diff : (num : r,g,b,cnt) = (0,0,0,0), scene_change_flag 0
01-05 12:00:20.717 685 10974 I awb_adpt: 1698, awb_sprd_ctrl_calculation_v3_2: AWB result : (1318,1024,2112) 3657K , fram_count : 85 , camera_id : 0, wb mode : 0; AWB lib 64x64: (1318,1024,2112) 3657K.
01-05 12:00:20.782 685 10974 E awb_adpt: 1479, awb_sprd_ctrl_calculation_v3_2: check handle success
01-05 12:00:20.782 685 10951 E Libae[FAE]: 1409, face_luma_calc: NO FACE
01-05 12:00:20.782 685 10970 I isp_blk_cmc10: 266, _pm_cmc10_set_param: cmc_result: (1540 15832 34; 16251 1253 16287; 16371 16101 1319).
01-05 12:00:20.783 685 10970 I isp_blk_cmc10: 266, _pm_cmc10_set_param: cmc_result: (1540 15832 34; 16251 1253 16287; 16371 16101 1319).
01-05 12:00:20.783 685 10951 I cmr_oem : 9482, camera_get_af_support: af_support 1
01-05 12:00:20.784 685 10964 I aft_sprd_lib: 3803, aft_proc_log_print: afm move diff : 1775958,diff_thr :117484197,diff_cnt : 0,g_diff(x,y,z):(0.026250,0.092500,0.010000),aem move diff : (num : r,g,b,cnt) = (0,0,0,0), scene_change_flag 0
01-05 12:00:20.787 685 10974 I awb_adpt: 1698, awb_sprd_ctrl_calculation_v3_2: AWB result : (1318,1024,2112) 3657K , fram_count : 86 , camera_id : 0, wb mode : 0; AWB lib 64x64: (1318,1024,2112) 3657K.
01-05 12:00:20.824 720 745 E CP_CONNECT_CTL: socket_reconnect: socket_reconnect src_sock=10, des_socket=cp_time_sync_server.
01-05 12:00:20.824 720 745 E CP_CONNECT_CTL: process_socket_connect: open cp_time_sync_server failed: Connection refused [111(Connection refused)]
01-05 12:00:20.824 720 745 E CP_CONNECT_CTL: socket_reconnect: socket_reconnect src_sock=10, des_socket=cp_time_sync_server.
01-05 12:00:20.825 720 745 E CP_CONNECT_CTL: process_socket_connect: open cp_time_sync_server failed: Connection refused [111(Connection refused)]
01-05 12:00:20.825 720 745 E CP_CONNECT_CTL: socket_reconnect: socket_reconnect src_sock=10, des_socket=cp_time_sync_server.
01-05 12:00:20.825 720 745 E CP_CONNECT_CTL: process_socket_connect: open cp_time_sync_server failed: Connection refused [111(Connection refused)]
01-05 12:00:20.825 720 745 E CP_CONNECT_CTL: socket_reconnect: socket_reconnect src_sock=10, des_socket=cp_time_sync_server.
01-05 12:00:20.825 720 745 E CP_CONNECT_CTL: process_socket_connect: open cp_time_sync_server failed: Connection refused [111(Connection refused)]
01-05 12:00:20.842 665 665 E YLog : /system_ext/etc/ylogsource.conf load failed... error [2(No such file or directory)] [startlogServcie]
01-05 12:00:20.851 685 10951 E Libae[FAE]: 1409, face_luma_calc: NO FACE
01-05 12:00:20.851 685 10974 E awb_adpt: 1479, awb_sprd_ctrl_calculation_v3_2: check handle success
01-05 12:00:20.851 685 10970 I isp_blk_cmc10: 266, _pm_cmc10_set_param: cmc_result: (1540 15832 34; 16251 1253 16287; 16371 16101 1319).
01-05 12:00:20.852 685 10970 I isp_blk_cmc10: 266, _pm_cmc10_set_param: cmc_result: (1540 15832 34; 16251 1253 16287; 16371 16101 1319).
01-05 12:00:20.852 685 10951 I cmr_oem : 9482, camera_get_af_support: af_support 1
01-05 12:00:20.853 685 10964 I aft_sprd_lib: 3803, aft_proc_log_print: afm move diff : 499092,diff_thr :117484197,diff_cnt : 0,g_diff(x,y,z):(0.026251,0.018750,0.015000),aem move diff : (num : r,g,b,cnt) = (0,0,0,0), scene_change_flag 0
01-05 12:00:20.856 685 10974 I awb_adpt: 1698, awb_sprd_ctrl_calculation_v3_2: AWB result : (1318,1024,2112) 3657K , fram_count : 87 , camera_id : 0, wb mode : 0; AWB lib 64x64: (1318,1024,2112) 3657K.
01-05 12:00:20.921 685 10951 E Libae[FAE]: 1409, face_luma_calc: NO FACE
01-05 12:00:20.921 685 10970 I isp_blk_cmc10: 266, _pm_cmc10_set_param: cmc_result: (1540 15832 34; 16251 1253 16287; 16371 16101 1319).
01-05 12:00:20.921 685 10974 E awb_adpt: 1479, awb_sprd_ctrl_calculation_v3_2: check handle success
01-05 12:00:20.922 685 10970 I isp_blk_cmc10: 266, _pm_cmc10_set_param: cmc_result: (1540 15832 34; 16251 1253 16287; 16371 16101 1319).
01-05 12:00:20.922 685 10951 I cmr_oem : 9482, camera_get_af_support: af_support 1
01-05 12:00:20.922 685 10965 E android.hardware.camera.provider@2.4-service: [ALSC]: L 561, slsc4_calculation: slsc4, error case, pair_idx=[4,3], pair_ratio=[1.926413,-0.926413], set ratio to 1.0 and 0.0
01-05 12:00:20.923 685 10964 I aft_sprd_lib: 3803, aft_proc_log_print: afm move diff : 474450,diff_thr :117484197,diff_cnt : 0,g_diff(x,y,z):(0.012500,0.048750,0.031250),aem move diff : (num : r,g,b,cnt) = (0,0,0,0), scene_change_flag 0
01-05 12:00:20.926 685 10974 I awb_adpt: 1698, awb_sprd_ctrl_calculation_v3_2: AWB result : (1318,1024,2112) 3657K , fram_count : 88 , camera_id : 0, wb mode : 0; AWB lib 64x64: (1318,1024,2112) 3657K.
01-05 12:00:20.992 685 10951 E Libae[FAE]: 1409, face_luma_calc: NO FACE
01-05 12:00:20.992 685 10974 E awb_adpt: 1479, awb_sprd_ctrl_calculation_v3_2: check handle success
01-05 12:00:20.992 685 10970 I isp_blk_cmc10: 266, _pm_cmc10_set_param: cmc_result: (1540 15832 34; 16251 1253 16287; 16371 16101 1319).
01-05 12:00:20.992 685 10970 I isp_blk_cmc10: 266, _pm_cmc10_set_param: cmc_result: (1540 15832 34; 16251 1253 16287; 16371 16101 1319).
01-05 12:00:20.992 685 10951 I cmr_oem : 9482, camera_get_af_support: af_support 1
01-05 12:00:20.993 685 10964 I aft_sprd_lib: 3803, aft_proc_log_print: afm move diff : 4647,diff_thr :117484197,diff_cnt : 0,g_diff(x,y,z):(0.036250,0.018750,0.028750),aem move diff : (num : r,g,b,cnt) = (0,0,0,0), scene_change_flag 0
01-05 12:00:20.996 685 10974 I awb_adpt: 1698, awb_sprd_ctrl_calculation_v3_2: AWB result : (1313,1024,2103) 3657K , fram_count : 89 , camera_id : 0, wb mode : 0; AWB lib 64x64: (1313,1024,2103) 3657K.
01-05 12:00:21.024 720 745 E CP_CONNECT_CTL: socket_reconnect: socket_reconnect src_sock=10, des_socket=cp_time_sync_server.
01-05 12:00:21.025 720 745 E CP_CONNECT_CTL: process_socket_connect: open cp_time_sync_server failed: Connection refused [111(Connection refused)]
01-05 12:00:21.025 720 745 E CP_CONNECT_CTL: socket_reconnect: socket_reconnect src_sock=10, des_socket=cp_time_sync_server.
01-05 12:00:21.025 720 745 E CP_CONNECT_CTL: process_socket_connect: open cp_time_sync_server failed: Connection refused [111(Connection refused)]
01-05 12:00:21.025 720 745 E CP_CONNECT_CTL: socket_reconnect: socket_reconnect src_sock=10, des_socket=cp_time_sync_server.
01-05 12:00:21.025 720 745 E CP_CONNECT_CTL: process_socket_connect: open cp_time_sync_server failed: Connection refused [111(Connection refused)]
01-05 12:00:21.025 720 745 E CP_CONNECT_CTL: socket_reconnect: socket_reconnect src_sock=10, des_socket=cp_time_sync_server.
01-05 12:00:21.025 720 745 E CP_CONNECT_CTL: process_socket_connect: open cp_time_sync_server failed: Connection refused [111(Connection refused)]
01-05 12:00:21.063 685 10951 E Libae[FAE]: 1409, face_luma_calc: NO FACE
01-05 12:00:21.063 685 10974 E awb_adpt: 1479, awb_sprd_ctrl_calculation_v3_2: check handle success
01-05 12:00:21.064 685 10970 I isp_blk_cmc10: 266, _pm_cmc10_set_param: cmc_result: (1540 15832 34; 16251 1253 16287; 16371 16101 1319).
01-05 12:00:21.064 685 10970 I isp_blk_cmc10: 266, _pm_cmc10_set_param: cmc_result: (1540 15832 34; 16251 1253 16287; 16371 16101 1319).
01-05 12:00:21.064 685 10951 I cmr_oem : 9482, camera_get_af_support: af_support 1
01-05 12:00:21.065 685 10964 I aft_sprd_lib: 3803, aft_proc_log_print: afm move diff : 588437,diff_thr :117484197,diff_cnt : 0,g_diff(x,y,z):(0.002501,0.018750,0.013750),aem move diff : (num : r,g,b,cnt) = (0,0,0,0), scene_change_flag 0
01-05 12:00:21.068 685 10974 I awb_adpt: 1698, awb_sprd_ctrl_calculation_v3_2: AWB result : (1318,1024,2112) 3657K , fram_count : 90 , camera_id : 0, wb mode : 0; AWB lib 64x64: (1318,1024,2112) 3657K.
01-05 12:00:21.133 685 10951 E Libae[FAE]: 1409, face_luma_calc: NO FACE
01-05 12:00:21.133 685 10974 E awb_adpt: 1479, awb_sprd_ctrl_calculation_v3_2: check handle success
01-05 12:00:21.133 685 10970 I isp_blk_cmc10: 266, _pm_cmc10_set_param: cmc_result: (1540 15832 34; 16251 1253 16287; 16371 16101 1319).
01-05 12:00:21.134 685 10970 I isp_blk_cmc10: 266, _pm_cmc10_set_param: cmc_result: (1540 15832 34; 16251 1253 16287; 16371 16101 1319).
01-05 12:00:21.134 685 10951 I cmr_oem : 9482, camera_get_af_support: af_support 1
01-05 12:00:21.134 685 10965 E android.hardware.camera.provider@2.4-service: [ALSC]: L 561, slsc4_calculation: slsc4, error case, pair_idx=[4,3], pair_ratio=[1.892979,-0.892979], set ratio to 1.0 and 0.0
01-05 12:00:21.135 685 10964 I aft_sprd_lib: 3803, aft_proc_log_print: afm move diff : 293114,diff_thr :117484197,diff_cnt : 0,g_diff(x,y,z):(0.033750,0.005000,0.047500),aem move diff : (num : r,g,b,cnt) = (0,0,0,0), scene_change_flag 0
01-05 12:00:21.138 685 10974 I awb_adpt: 1698, awb_sprd_ctrl_calculation_v3_2: AWB result : (1313,1024,2103) 3657K , fram_count : 91 , camera_id : 0, wb mode : 0; AWB lib 64x64: (1313,1024,2103) 3657K.
01-05 12:00:21.203 685 10974 E awb_adpt: 1479, awb_sprd_ctrl_calculation_v3_2: check handle success
01-05 12:00:21.203 685 10951 E Libae[FAE]: 1409, face_luma_calc: NO FACE
01-05 12:00:21.204 685 10970 I isp_blk_cmc10: 266, _pm_cmc10_set_param: cmc_result: (1540 15832 34; 16251 1253 16287; 16371 16101 1319).
01-05 12:00:21.204 685 10970 I isp_blk_cmc10: 266, _pm_cmc10_set_param: cmc_result: (1540 15832 34; 16251 1253 16287; 16371 16101 1319).
01-05 12:00:21.204 685 10951 I cmr_oem : 9482, camera_get_af_support: af_support 1
01-05 12:00:21.206 685 10964 I aft_sprd_lib: 3803, aft_proc_log_print: afm move diff : 2369675,diff_thr :117484197,diff_cnt : 0,g_diff(x,y,z):(0.002500,0.057500,0.005000),aem move diff : (num : r,g,b,cnt) = (0,0,0,0), scene_change_flag 0
01-05 12:00:21.208 685 10974 I awb_adpt: 1698, awb_sprd_ctrl_calculation_v3_2: AWB result : (1313,1024,2103) 3657K , fram_count : 92 , camera_id : 0, wb mode : 0; AWB lib 64x64: (1313,1024,2103) 3657K.
01-05 12:00:21.225 720 745 E CP_CONNECT_CTL: socket_reconnect: socket_reconnect src_sock=10, des_socket=cp_time_sync_server.
01-05 12:00:21.225 720 745 E CP_CONNECT_CTL: process_socket_connect: open cp_time_sync_server failed: Connection refused [111(Connection refused)]
01-05 12:00:21.225 720 745 E CP_CONNECT_CTL: socket_reconnect: socket_reconnect src_sock=10, des_socket=cp_time_sync_server.
01-05 12:00:21.225 720 745 E CP_CONNECT_CTL: process_socket_connect: open cp_time_sync_server failed: Connection refused [111(Connection refused)]
01-05 12:00:21.225 720 745 E CP_CONNECT_CTL: socket_reconnect: socket_reconnect src_sock=10, des_socket=cp_time_sync_server.
01-05 12:00:21.225 720 745 E CP_CONNECT_CTL: process_socket_connect: open cp_time_sync_server failed: Connection refused [111(Connection refused)]
01-05 12:00:21.225 720 745 E CP_CONNECT_CTL: socket_reconnect: socket_reconnect src_sock=10, des_socket=cp_time_sync_server.
01-05 12:00:21.226 720 745 E CP_CONNECT_CTL: process_socket_connect: open cp_time_sync_server failed: Connection refused [111(Connection refused)]
01-05 12:00:21.273 685 10951 E Libae[FAE]: 1409, face_luma_calc: NO FACE
01-05 12:00:21.273 685 10974 E awb_adpt: 1479, awb_sprd_ctrl_calculation_v3_2: check handle success
01-05 12:00:21.274 685 10970 I isp_blk_cmc10: 266, _pm_cmc10_set_param: cmc_result: (1540 15832 34; 16251 1253 16287; 16371 16101 1319).
01-05 12:00:21.274 685 10970 I isp_blk_cmc10: 266, _pm_cmc10_set_param: cmc_result: (1540 15832 34; 16251 1253 16287; 16371 16101 1319).
01-05 12:00:21.274 685 10951 I cmr_oem : 9482, camera_get_af_support: af_support 1
01-05 12:00:21.275 685 10964 I aft_sprd_lib: 3803, aft_proc_log_print: afm move diff : 1073822,diff_thr :117484197,diff_cnt : 0,g_diff(x,y,z):(0.040001,0.000000,0.038750),aem move diff : (num : r,g,b,cnt) = (0,0,0,0), scene_change_flag 0
01-05 12:00:21.279 685 10974 I awb_adpt: 1698, awb_sprd_ctrl_calculation_v3_2: AWB result : (1318,1024,2112) 3657K , fram_count : 93 , camera_id : 0, wb mode : 0; AWB lib 64x64: (1318,1024,2112) 3657K.
01-05 12:00:21.344 685 10951 E Libae[FAE]: 1409, face_luma_calc: NO FACE
01-05 12:00:21.344 685 10974 E awb_adpt: 1479, awb_sprd_ctrl_calculation_v3_2: check handle success
01-05 12:00:21.345 685 10970 I isp_blk_cmc10: 266, _pm_cmc10_set_param: cmc_result: (1540 15832 34; 16251 1253 16287; 16371 16101 1319).
01-05 12:00:21.345 685 10970 I isp_blk_cmc10: 266, _pm_cmc10_set_param: cmc_result: (1540 15832 34; 16251 1253 16287; 16371 16101 1319).
01-05 12:00:21.345 685 10951 I cmr_oem : 9482, camera_get_af_support: af_support 1
01-05 12:00:21.346 685 10965 E android.hardware.camera.provider@2.4-service: [ALSC]: L 561, slsc4_calculation: slsc4, error case, pair_idx=[4,3], pair_ratio=[1.859545,-0.859545], set ratio to 1.0 and 0.0
01-05 12:00:21.346 685 10964 I aft_sprd_lib: 3803, aft_proc_log_print: afm move diff : 612891,diff_thr :117484197,diff_cnt : 0,g_diff(x,y,z):(0.018749,0.068750,0.050000),aem move diff : (num : r,g,b,cnt) = (0,0,0,0), scene_change_flag 0
01-05 12:00:21.348 855 10959 E Camera2-FrameProcessorBase: FrameProcessorBase: Error waiting for new frames: Connection timed out (-110)
01-05 12:00:21.350 685 10974 I awb_adpt: 1698, awb_sprd_ctrl_calculation_v3_2: AWB result : (1313,1024,2103) 3657K , fram_count : 94 , camera_id : 0, wb mode : 0; AWB lib 64x64: (1313,1024,2103) 3657K.
01-05 12:00:21.414 685 10974 E awb_adpt: 1479, awb_sprd_ctrl_calculation_v3_2: check handle success
01-05 12:00:21.414 685 10951 E Libae[FAE]: 1409, face_luma_calc: NO FACE
01-05 12:00:21.415 685 10970 I isp_blk_cmc10: 266, _pm_cmc10_set_param: cmc_result: (1540 15832 34; 16251 1253 16287; 16371 16101 1319).
01-05 12:00:21.415 685 10970 I isp_blk_cmc10: 266, _pm_cmc10_set_param: cmc_result: (1540 15832 34; 16251 1253 16287; 16371 16101 1319).
01-05 12:00:21.415 685 10951 I cmr_oem : 9482, camera_get_af_support: af_support 1
01-05 12:00:21.417 685 10964 I aft_sprd_lib: 3803, aft_proc_log_print: afm move diff : 252393,diff_thr :117484197,diff_cnt : 0,g_diff(x,y,z):(0.017500,0.022500,0.005000),aem move diff : (num : r,g,b,cnt) = (0,0,0,0), scene_change_flag 0
01-05 12:00:21.420 685 10974 I awb_adpt: 1698, awb_sprd_ctrl_calculation_v3_2: AWB result : (1313,1024,2103) 3657K , fram_count : 95 , camera_id : 0, wb mode : 0; AWB lib 64x64: (1313,1024,2103) 3657K.
01-05 12:00:21.425 720 745 E CP_CONNECT_CTL: socket_reconnect: socket_reconnect src_sock=10, des_socket=cp_time_sync_server.
01-05 12:00:21.425 720 745 E CP_CONNECT_CTL: process_socket_connect: open cp_time_sync_server failed: Connection refused [111(Connection refused)]
01-05 12:00:21.425 720 745 E CP_CONNECT_CTL: socket_reconnect: socket_reconnect src_sock=10, des_socket=cp_time_sync_server.
01-05 12:00:21.426 720 745 E CP_CONNECT_CTL: process_socket_connect: open cp_time_sync_server failed: Connection refused [111(Connection refused)]
01-05 12:00:21.426 720 745 E CP_CONNECT_CTL: socket_reconnect: socket_reconnect src_sock=10, des_socket=cp_time_sync_server.
01-05 12:00:21.426 720 745 E CP_CONNECT_CTL: process_socket_connect: open cp_time_sync_server failed: Connection refused [111(Connection refused)]
01-05 12:00:21.426 720 745 E CP_CONNECT_CTL: socket_reconnect: socket_reconnect src_sock=10, des_socket=cp_time_sync_server.
01-05 12:00:21.426 720 745 E CP_CONNECT_CTL: process_socket_connect: open cp_time_sync_server failed: Connection refused [111(Connection refused)]
01-05 12:00:21.464 7855 7975 I HQCAM_DepressStickerService: After 320 seconds sleep!!!
01-05 12:00:21.484 685 10951 E Libae[FAE]: 1409, face_luma_calc: NO FACE
01-05 12:00:21.485 685 10974 E awb_adpt: 1479, awb_sprd_ctrl_calculation_v3_2: check handle success
01-05 12:00:21.485 685 10970 I isp_blk_cmc10: 266, _pm_cmc10_set_param: cmc_result: (1540 15832 34; 16251 1253 16287; 16371 16101 1319).
01-05 12:00:21.485 685 10970 I isp_blk_cmc10: 266, _pm_cmc10_set_param: cmc_result: (1540 15832 34; 16251 1253 16287; 16371 16101 1319).
01-05 12:00:21.485 685 10951 I cmr_oem : 9482, camera_get_af_support: af_support 1
01-05 12:00:21.486 685 10964 I aft_sprd_lib: 3803, aft_proc_log_print: afm move diff : 974208,diff_thr :117484197,diff_cnt : 0,g_diff(x,y,z):(0.012500,0.006250,0.000000),aem move diff : (num : r,g,b,cnt) = (0,0,0,0), scene_change_flag 0
01-05 12:00:21.490 685 10974 I awb_adpt: 1698, awb_sprd_ctrl_calculation_v3_2: AWB result : (1313,1024,2103) 3657K , fram_count : 96 , camera_id : 0, wb mode : 0; AWB lib 64x64: (1313,1024,2103) 3657K.
01-05 12:00:21.555 685 10951 E Libae[FAE]: 1409, face_luma_calc: NO FACE
01-05 12:00:21.555 685 10974 E awb_adpt: 1479, awb_sprd_ctrl_calculation_v3_2: check handle success
01-05 12:00:21.555 685 10970 I isp_blk_cmc10: 266, _pm_cmc10_set_param: cmc_result: (1540 15832 34; 16251 1253 16287; 16371 16101 1319).
01-05 12:00:21.555 685 10970 I isp_blk_cmc10: 266, _pm_cmc10_set_param: cmc_result: (1540 15832 34; 16251 1253 16287; 16371 16101 1319).
01-05 12:00:21.555 685 10951 I cmr_oem : 9482, camera_get_af_support: af_support 1
01-05 12:00:21.556 685 10965 E android.hardware.camera.provider@2.4-service: [ALSC]: L 561, slsc4_calculation: slsc4, error case, pair_idx=[4,3], pair_ratio=[1.833665,-0.833665], set ratio to 1.0 and 0.0
01-05 12:00:21.556 685 10964 I aft_sprd_lib: 3803, aft_proc_log_print: afm move diff : 2421796,diff_thr :117484197,diff_cnt : 0,g_diff(x,y,z):(0.093750,0.015000,0.018750),aem move diff : (num : r,g,b,cnt) = (0,0,0,0), scene_change_flag 0
01-05 12:00:21.560 685 10974 I awb_adpt: 1698, awb_sprd_ctrl_calculation_v3_2: AWB result : (1313,1024,2103) 3657K , fram_count : 97 , camera_id : 0, wb mode : 0; AWB lib 64x64: (1313,1024,2103) 3657K.
01-05 12:00:21.573 1128 1128 D SemWifiBackOff.Sar: event.values[3],=1.0, event.values[4]=0.0
01-05 12:00:21.574 1128 1128 D SemWifiBackOff.Sar: getSensorMode=5, mSensorState=3
01-05 12:00:21.574 1128 1128 I SemWifiBackOff.Sar: SingleBodySarManager : enable powerbackoff1
01-05 12:00:21.574 1128 1128 D SemWifiBackOff.Sar: SingleBodySarManager : checkAndSetBackoff true
01-05 12:00:21.574 1128 1128 I SemWifiBackOff.Sar: setPowerBackoff(head) enable=true
01-05 12:00:21.574 1461 1461 I wpa_supplicant: set dynamic tx far
01-05 12:00:21.574 1461 1461 E wpa_supplicant: sar_cmd : SET_SAR 9
01-05 12:00:21.582 1128 1128 V SemWifiBackOff.Controller: onBackOffStarted iface=wlan0 type=1
01-05 12:00:21.624 685 10951 E Libae[FAE]: 1409, face_luma_calc: NO FACE
01-05 12:00:21.625 685 10970 I isp_blk_cmc10: 266, _pm_cmc10_set_param: cmc_result: (1540 15832 34; 16251 1253 16287; 16371 16101 1319).
01-05 12:00:21.625 685 10974 E awb_adpt: 1479, awb_sprd_ctrl_calculation_v3_2: check handle success
01-05 12:00:21.625 685 10970 I isp_blk_cmc10: 266, _pm_cmc10_set_param: cmc_result: (1540 15832 34; 16251 1253 16287; 16371 16101 1319).
01-05 12:00:21.625 685 10951 I cmr_oem : 9482, camera_get_af_support: af_support 1
01-05 12:00:21.626 720 745 E CP_CONNECT_CTL: socket_reconnect: socket_reconnect src_sock=10, des_socket=cp_time_sync_server.
01-05 12:00:21.626 685 10964 I aft_sprd_lib: 3803, aft_proc_log_print: afm move diff : 4978635,diff_thr :117484197,diff_cnt : 0,g_diff(x,y,z):(0.028749,0.028750,0.002500),aem move diff : (num : r,g,b,cnt) = (0,0,0,0), scene_change_flag 0
01-05 12:00:21.627 720 745 E CP_CONNECT_CTL: process_socket_connect: open cp_time_sync_server failed: Connection refused [111(Connection refused)]
01-05 12:00:21.627 720 745 E CP_CONNECT_CTL: socket_reconnect: socket_reconnect src_sock=10, des_socket=cp_time_sync_server.
01-05 12:00:21.627 720 745 E CP_CONNECT_CTL: process_socket_connect: open cp_time_sync_server failed: Connection refused [111(Connection refused)]
01-05 12:00:21.627 720 745 E CP_CONNECT_CTL: socket_reconnect: socket_reconnect src_sock=10, des_socket=cp_time_sync_server.
01-05 12:00:21.627 720 745 E CP_CONNECT_CTL: process_socket_connect: open cp_time_sync_server failed: Connection refused [111(Connection refused)]
01-05 12:00:21.627 720 745 E CP_CONNECT_CTL: socket_reconnect: socket_reconnect src_sock=10, des_socket=cp_time_sync_server.
01-05 12:00:21.627 720 745 E CP_CONNECT_CTL: process_socket_connect: open cp_time_sync_server failed: Connection refused [111(Connection refused)]
01-05 12:00:21.629 685 10974 I awb_adpt: 1698, awb_sprd_ctrl_calculation_v3_2: AWB result : (1318,1024,2112) 3657K , fram_count : 98 , camera_id : 0, wb mode : 0; AWB lib 64x64: (1318,1024,2112) 3657K.
01-05 12:00:21.695 685 10951 E Libae[FAE]: 1409, face_luma_calc: NO FACE
01-05 12:00:21.695 685 10974 E awb_adpt: 1479, awb_sprd_ctrl_calculation_v3_2: check handle success
01-05 12:00:21.696 685 10970 I isp_blk_cmc10: 266, _pm_cmc10_set_param: cmc_result: (1540 15832 34; 16251 1253 16287; 16371 16101 1319).
01-05 12:00:21.696 685 10951 I cmr_oem : 9482, camera_get_af_support: af_support 1
01-05 12:00:21.696 685 10970 I isp_blk_cmc10: 266, _pm_cmc10_set_param: cmc_result: (1540 15832 34; 16251 1253 16287; 16371 16101 1319).
01-05 12:00:21.697 685 10964 I aft_sprd_lib: 3803, aft_proc_log_print: afm move diff : 590655,diff_thr :117484197,diff_cnt : 0,g_diff(x,y,z):(0.067500,0.021250,0.018750),aem move diff : (num : r,g,b,cnt) = (0,0,0,0), scene_change_flag 0
01-05 12:00:21.700 685 10974 I awb_adpt: 1698, awb_sprd_ctrl_calculation_v3_2: AWB result : (1308,1024,2110) 3639K , fram_count : 99 , camera_id : 0, wb mode : 0; AWB lib 64x64: (1308,1024,2110) 3639K.
01-05 12:00:21.765 685 10951 E Libae[FAE]: 1409, face_luma_calc: NO FACE
01-05 12:00:21.766 685 10974 E awb_adpt: 1479, awb_sprd_ctrl_calculation_v3_2: check handle success
01-05 12:00:21.766 685 10970 I isp_blk_cmc10: 266, _pm_cmc10_set_param: cmc_result: (1540 15832 34; 16251 1253 16287; 16371 16101 1319).
01-05 12:00:21.766 685 10951 I cmr_oem : 9482, camera_get_af_support: af_support 1
01-05 12:00:21.766 685 10970 I isp_blk_cmc10: 266, _pm_cmc10_set_param: cmc_result: (1540 15832 34; 16251 1253 16287; 16371 16101 1319).
01-05 12:00:21.767 685 10965 E android.hardware.camera.provider@2.4-service: [ALSC]: L 561, slsc4_calculation: slsc4, error case, pair_idx=[4,3], pair_ratio=[1.807785,-0.807785], set ratio to 1.0 and 0.0
01-05 12:00:21.768 685 10964 I aft_sprd_lib: 3803, aft_proc_log_print: afm move diff : 832897,diff_thr :117484197,diff_cnt : 0,g_diff(x,y,z):(0.004999,0.086250,0.013750),aem move diff : (num : r,g,b,cnt) = (0,0,0,0), scene_change_flag 0
01-05 12:00:21.770 1128 1128 D SemWifiBackOff.Sar: event.values[3],=1.0, event.values[4]=0.0
01-05 12:00:21.770 1128 1128 D SemWifiBackOff.Sar: getSensorMode=5, mSensorState=3
01-05 12:00:21.770 1128 1128 I SemWifiBackOff.Sar: SingleBodySarManager : disable powerbackoff1
01-05 12:00:21.770 1128 1128 D SemWifiBackOff.Sar: SingleBodySarManager : checkAndSetBackoff false
01-05 12:00:21.770 1128 1128 I SemWifiBackOff.Sar: setPowerBackoff(head) enable=false
01-05 12:00:21.770 1461 1461 I wpa_supplicant: set dynamic tx back
01-05 12:00:21.770 1461 1461 E wpa_supplicant: sar_cmd : SET_SAR 127
01-05 12:00:21.771 685 10974 I awb_adpt: 1698, awb_sprd_ctrl_calculation_v3_2: AWB result : (1318,1024,2112) 3657K , fram_count : 100 , camera_id : 0, wb mode : 0; AWB lib 64x64: (1318,1024,2112) 3657K.
01-05 12:00:21.775 1128 1128 V SemWifiBackOff.Controller: onBackOffStopped iface=wlan0 type=1 stats= [HEAD]:47,66362ms
01-05 12:00:21.775 1128 1128 V SemWifiBackOff.Controller: [24/01/05 11:59:06 setPowerBackoff(1) enable=true
01-05 12:00:21.775 1128 1128 V SemWifiBackOff.Controller: , 24/01/05 11:59:07 setPowerBackoff(1) enable=false
01-05 12:00:21.775 1128 1128 V SemWifiBackOff.Controller: , 24/01/05 11:59:09 setPowerBackoff(1) enable=true
01-05 12:00:21.775 1128 1128 V SemWifiBackOff.Controller: , 24/01/05 11:59:10 setPowerBackoff(1) enable=false
01-05 12:00:21.775 1128 1128 V SemWifiBackOff.Controller: , 24/01/05 11:59:43 setPowerBackoff(1) enable=true
01-05 12:00:21.775 1128 1128 V SemWifiBackOff.Controller: , 24/01/05 11:59:43 setPowerBackoff(1) enable=false
01-05 12:00:21.775 1128 1128 V SemWifiBackOff.Controller: , 24/01/05 11:59:44 setPowerBackoff(1) enable=true
01-05 12:00:21.775 1128 1128 V SemWifiBackOff.Controller: , 24/01/05 11:59:44 setPowerBackoff(1) enable=false
01-05 12:00:21.775 1128 1128 V SemWifiBackOff.Controller: , 24/01/05 11:59:45 setPowerBackoff(1) enable=true
01-05 12:00:21.775 1128 1128 V SemWifiBackOff.Controller: , 24/01/05 11:59:45 setPowerBackoff(1) enable=false
01-05 12:00:21.775 1128 1128 V SemWifiBackOff.Controller: , 24/01/05 11:59:48 setPowerBackoff(1) enable=true
01-05 12:00:21.775 1128 1128 V SemWifiBackOff.Controller: , 24/01/05 11:59:48 setPowerBackoff(1) enable=false
01-05 12:00:21.775 1128 1128 V SemWifiBackOff.Controller: , 24/01/05 11:59:52 setPowerBackoff(1) enable=true
01-05 12:00:21.775 1128 1128 V SemWifiBackOff.Controller: , 24/01/05 11:59:53 setPowerBackoff(1) enable=false
01-05 12:00:21.775 1128 1128 V SemWifiBackOff.Controller: , 24/01/05 11:59:54 setPowerBackoff(1) enable=true
01-05 12:00:21.775 1128 1128 V SemWifiBackOff.Controller: , 24/01/05 11:59:54 setPowerBackoff(1) enable=false
01-05 12:00:21.775 1128 1128 V SemWifiBackOff.Controller: , 24/01/05 12:00:14 setPowerBackoff(1) enable=true
01-05 12:00:21.775 1128 1128 V SemWifiBackOff.Controller: , 24/01/05 12:00:15 setPowerBackoff(1) enable=false
01-05 12:00:21.775 1128 1128 V SemWifiBackOff.Controller: , 24/01/05 12:00:21 setPowerBackoff(1) enable=true
01-05 12:00:21.775 1128 1128 V SemWifiBackOff.Controller: , 24/01/05 12:00:21 setPowerBackoff(1) enable=false
01-05 12:00:21.775 1128 1128 V SemWifiBackOff.Controller: ]
01-05 12:00:21.827 720 745 E CP_CONNECT_CTL: socket_reconnect: socket_reconnect src_sock=10, des_socket=cp_time_sync_server.
01-05 12:00:21.827 720 745 E CP_CONNECT_CTL: process_socket_connect: open cp_time_sync_server failed: Connection refused [111(Connection refused)]
01-05 12:00:21.827 720 745 E CP_CONNECT_CTL: socket_reconnect: socket_reconnect src_sock=10, des_socket=cp_time_sync_server.
01-05 12:00:21.827 720 745 E CP_CONNECT_CTL: process_socket_connect: open cp_time_sync_server failed: Connection refused [111(Connection refused)]
01-05 12:00:21.827 720 745 E CP_CONNECT_CTL: socket_reconnect: socket_reconnect src_sock=10, des_socket=cp_time_sync_server.
01-05 12:00:21.828 720 745 E CP_CONNECT_CTL: process_socket_connect: open cp_time_sync_server failed: Connection refused [111(Connection refused)]
01-05 12:00:21.828 720 745 E CP_CONNECT_CTL: socket_reconnect: socket_reconnect src_sock=10, des_socket=cp_time_sync_server.
01-05 12:00:21.828 720 745 E CP_CONNECT_CTL: process_socket_connect: open cp_time_sync_server failed: Connection refused [111(Connection refused)]
01-05 12:00:21.835 685 10974 E awb_adpt: 1479, awb_sprd_ctrl_calculation_v3_2: check handle success
01-05 12:00:21.835 685 10951 E Libae[FAE]: 1409, face_luma_calc: NO FACE
01-05 12:00:21.835 685 10970 I isp_blk_cmc10: 266, _pm_cmc10_set_param: cmc_result: (1540 15832 34; 16251 1253 16287; 16371 16101 1319).
01-05 12:00:21.836 685 10970 I isp_blk_cmc10: 266, _pm_cmc10_set_param: cmc_result: (1540 15832 34; 16251 1253 16287; 16371 16101 1319).
01-05 12:00:21.836 685 10951 I cmr_oem : 9482, camera_get_af_support: af_support 1
01-05 12:00:21.836 685 10964 I aft_sprd_lib: 3803, aft_proc_log_print: afm move diff : 25509,diff_thr :117484197,diff_cnt : 0,g_diff(x,y,z):(0.009999,0.037500,0.013750),aem move diff : (num : r,g,b,cnt) = (0,0,0,0), scene_change_flag 0
01-05 12:00:21.840 685 10974 I awb_adpt: 1698, awb_sprd_ctrl_calculation_v3_2: AWB result : (1318,1024,2112) 3657K , fram_count : 101 , camera_id : 0, wb mode : 0; AWB lib 64x64: (1318,1024,2112) 3657K.
01-05 12:00:21.842 665 665 E YLog : /system_ext/etc/ylogsource.conf load failed... error [2(No such file or directory)] [startlogServcie]
01-05 12:00:21.905 685 10951 E Libae[FAE]: 1409, face_luma_calc: NO FACE
01-05 12:00:21.905 685 10974 E awb_adpt: 1479, awb_sprd_ctrl_calculation_v3_2: check handle success
01-05 12:00:21.905 685 10970 I isp_blk_cmc10: 266, _pm_cmc10_set_param: cmc_result: (1540 15832 34; 16251 1253 16287; 16371 16101 1319).
01-05 12:00:21.906 685 10970 I isp_blk_cmc10: 266, _pm_cmc10_set_param: cmc_result: (1540 15832 34; 16251 1253 16287; 16371 16101 1319).
01-05 12:00:21.906 685 10951 I cmr_oem : 9482, camera_get_af_support: af_support 1
01-05 12:00:21.907 685 10964 I aft_sprd_lib: 3803, aft_proc_log_print: afm move diff : 346343,diff_thr :117484197,diff_cnt : 0,g_diff(x,y,z):(0.016251,0.008750,0.002500),aem move diff : (num : r,g,b,cnt) = (0,0,0,0), scene_change_flag 0
01-05 12:00:21.910 685 10974 I awb_adpt: 1698, awb_sprd_ctrl_calculation_v3_2: AWB result : (1313,1024,2119) 3639K , fram_count : 102 , camera_id : 0, wb mode : 0; AWB lib 64x64: (1313,1024,2119) 3639K.
01-05 12:00:21.975 685 10951 E Libae[FAE]: 1409, face_luma_calc: NO FACE
01-05 12:00:21.976 685 10974 E awb_adpt: 1479, awb_sprd_ctrl_calculation_v3_2: check handle success
01-05 12:00:21.976 685 10970 I isp_blk_cmc10: 266, _pm_cmc10_set_param: cmc_result: (1540 15832 34; 16251 1253 16287; 16371 16101 1319).
01-05 12:00:21.976 685 10970 I isp_blk_cmc10: 266, _pm_cmc10_set_param: cmc_result: (1540 15832 34; 16251 1253 16287; 16371 16101 1319).
01-05 12:00:21.976 685 10951 I cmr_oem : 9482, camera_get_af_support: af_support 1
01-05 12:00:21.977 685 10965 E android.hardware.camera.provider@2.4-service: [ALSC]: L 561, slsc4_calculation: slsc4, error case, pair_idx=[4,3], pair_ratio=[1.806107,-0.806107], set ratio to 1.0 and 0.0
01-05 12:00:21.977 685 10964 I aft_sprd_lib: 3803, aft_proc_log_print: afm move diff : 238957,diff_thr :117484197,diff_cnt : 0,g_diff(x,y,z):(0.038750,0.003750,0.007500),aem move diff : (num : r,g,b,cnt) = (0,0,0,0), scene_change_flag 0
01-05 12:00:21.980 685 10974 I awb_adpt: 1698, awb_sprd_ctrl_calculation_v3_2: AWB result : (1318,1024,2112) 3657K , fram_count : 103 , camera_id : 0, wb mode : 0; AWB lib 64x64: (1318,1024,2112) 3657K.
01-05 12:00:22.027 720 745 E CP_CONNECT_CTL: socket_reconnect: socket_reconnect src_sock=10, des_socket=cp_time_sync_server.
01-05 12:00:22.027 720 745 E CP_CONNECT_CTL: process_socket_connect: open cp_time_sync_server failed: Connection refused [111(Connection refused)]
01-05 12:00:22.028 720 745 E CP_CONNECT_CTL: socket_reconnect: socket_reconnect src_sock=10, des_socket=cp_time_sync_server.
01-05 12:00:22.028 720 745 E CP_CONNECT_CTL: process_socket_connect: open cp_time_sync_server failed: Connection refused [111(Connection refused)]
01-05 12:00:22.028 720 745 E CP_CONNECT_CTL: socket_reconnect: socket_reconnect src_sock=10, des_socket=cp_time_sync_server.
01-05 12:00:22.028 720 745 E CP_CONNECT_CTL: process_socket_connect: open cp_time_sync_server failed: Connection refused [111(Connection refused)]
01-05 12:00:22.028 720 745 E CP_CONNECT_CTL: socket_reconnect: socket_reconnect src_sock=10, des_socket=cp_time_sync_server.
01-05 12:00:22.028 720 745 E CP_CONNECT_CTL: process_socket_connect: open cp_time_sync_server failed: Connection refused [111(Connection refused)]
01-05 12:00:22.046 685 10951 E Libae[FAE]: 1409, face_luma_calc: NO FACE
01-05 12:00:22.046 685 10974 E awb_adpt: 1479, awb_sprd_ctrl_calculation_v3_2: check handle success
01-05 12:00:22.046 685 10970 I isp_blk_cmc10: 266, _pm_cmc10_set_param: cmc_result: (1540 15832 34; 16251 1253 16287; 16371 16101 1319).
01-05 12:00:22.046 685 10970 I isp_blk_cmc10: 266, _pm_cmc10_set_param: cmc_result: (1540 15832 34; 16251 1253 16287; 16371 16101 1319).
01-05 12:00:22.046 685 10951 I cmr_oem : 9482, camera_get_af_support: af_support 1
01-05 12:00:22.047 685 10964 I aft_sprd_lib: 3803, aft_proc_log_print: afm move diff : 1198179,diff_thr :117484197,diff_cnt : 0,g_diff(x,y,z):(0.023750,0.013750,0.023750),aem move diff : (num : r,g,b,cnt) = (0,0,0,0), scene_change_flag 0
01-05 12:00:22.050 685 10974 I awb_adpt: 1698, awb_sprd_ctrl_calculation_v3_2: AWB result : (1318,1024,2112) 3657K , fram_count : 104 , camera_id : 0, wb mode : 0; AWB lib 64x64: (1318,1024,2112) 3657K.
01-05 12:00:22.116 685 10951 E Libae[FAE]: 1409, face_luma_calc: NO FACE
01-05 12:00:22.116 685 10974 E awb_adpt: 1479, awb_sprd_ctrl_calculation_v3_2: check handle success
01-05 12:00:22.117 685 10970 I isp_blk_cmc10: 266, _pm_cmc10_set_param: cmc_result: (1540 15832 34; 16251 1253 16287; 16371 16101 1319).
01-05 12:00:22.117 685 10970 I isp_blk_cmc10: 266, _pm_cmc10_set_param: cmc_result: (1540 15832 34; 16251 1253 16287; 16371 16101 1319).
01-05 12:00:22.117 685 10951 I cmr_oem : 9482, camera_get_af_support: af_support 1
01-05 12:00:22.118 685 10964 I aft_sprd_lib: 3803, aft_proc_log_print: afm move diff : 1134669,diff_thr :117484197,diff_cnt : 0,g_diff(x,y,z):(0.045000,0.002500,0.007500),aem move diff : (num : r,g,b,cnt) = (0,0,0,0), scene_change_flag 0
01-05 12:00:22.121 685 10974 I awb_adpt: 1698, awb_sprd_ctrl_calculation_v3_2: AWB result : (1313,1024,2119) 3639K , fram_count : 105 , camera_id : 0, wb mode : 0; AWB lib 64x64: (1313,1024,2119) 3639K.
01-05 12:00:22.186 685 10974 E awb_adpt: 1479, awb_sprd_ctrl_calculation_v3_2: check handle success
01-05 12:00:22.186 685 10951 E Libae[FAE]: 1409, face_luma_calc: NO FACE
01-05 12:00:22.186 685 10970 I isp_blk_cmc10: 266, _pm_cmc10_set_param: cmc_result: (1540 15832 34; 16251 1253 16287; 16371 16101 1319).
01-05 12:00:22.187 685 10970 I isp_blk_cmc10: 266, _pm_cmc10_set_param: cmc_result: (1540 15832 34; 16251 1253 16287; 16371 16101 1319).
01-05 12:00:22.187 685 10951 I cmr_oem : 9482, camera_get_af_support: af_support 1
01-05 12:00:22.187 685 10965 E android.hardware.camera.provider@2.4-service: [ALSC]: L 561, slsc4_calculation: slsc4, error case, pair_idx=[4,3], pair_ratio=[1.830308,-0.830308], set ratio to 1.0 and 0.0
01-05 12:00:22.188 685 10964 I aft_sprd_lib: 3803, aft_proc_log_print: afm move diff : 778718,diff_thr :117484197,diff_cnt : 0,g_diff(x,y,z):(0.023749,0.018750,0.005000),aem move diff : (num : r,g,b,cnt) = (0,0,0,0), scene_change_flag 0
01-05 12:00:22.191 685 10974 I awb_adpt: 1698, awb_sprd_ctrl_calculation_v3_2: AWB result : (1313,1024,2119) 3639K , fram_count : 106 , camera_id : 0, wb mode : 0; AWB lib 64x64: (1313,1024,2119) 3639K.
01-05 12:00:22.228 720 745 E CP_CONNECT_CTL: socket_reconnect: socket_reconnect src_sock=10, des_socket=cp_time_sync_server.
01-05 12:00:22.228 720 745 E CP_CONNECT_CTL: process_socket_connect: open cp_time_sync_server failed: Connection refused [111(Connection refused)]
01-05 12:00:22.228 720 745 E CP_CONNECT_CTL: socket_reconnect: socket_reconnect src_sock=10, des_socket=cp_time_sync_server.
01-05 12:00:22.228 720 745 E CP_CONNECT_CTL: process_socket_connect: open cp_time_sync_server failed: Connection refused [111(Connection refused)]
01-05 12:00:22.228 720 745 E CP_CONNECT_CTL: socket_reconnect: socket_reconnect src_sock=10, des_socket=cp_time_sync_server.
01-05 12:00:22.228 720 745 E CP_CONNECT_CTL: process_socket_connect: open cp_time_sync_server failed: Connection refused [111(Connection refused)]
01-05 12:00:22.228 720 745 E CP_CONNECT_CTL: socket_reconnect: socket_reconnect src_sock=10, des_socket=cp_time_sync_server.
01-05 12:00:22.228 720 745 E CP_CONNECT_CTL: process_socket_connect: open cp_time_sync_server failed: Connection refused [111(Connection refused)]
01-05 12:00:22.255 685 10974 E awb_adpt: 1479, awb_sprd_ctrl_calculation_v3_2: check handle success
