01-05 11:59:39.116 1128 1283 D SGM:FgCheckThread: sendFocusOutConditionally() - mPrevNotiPkg: (unknown), userId: 0
01-05 11:59:39.116 1128 1283 D SGM:FgCheckThread: handleResume(). pkgName: org.qtproject.example.camera, userId: 0, isTunableApp: null
01-05 11:59:39.116 1128 1283 D SGM:FgCheckThread: notifyFocusInOut(). of pkg: org.qtproject.example.camera, type: 4, isTunableApp: false, userId: 0
01-05 11:59:39.116 1128 1283 D SGM:FgCheckThread: notifyFocusInOut(). unexpected mPrevNotiType: -1
01-05 11:59:39.116 1128 1283 D SGM:SystemHelper: callReleaseBlock needReleaseBlock:false
01-05 11:59:39.117 1128 1151 I GameSDK@LifeCycle: noteResumeComponent(): package name : org.qtproject.example.camera
01-05 11:59:39.117 1128 1356 I CocktailBarManagerServiceContainer: handleMessage: entry what = 5
01-05 11:59:39.117 1128 1356 I CocktailBarManagerServiceImpl: noteResumeComponent : no active host
01-05 11:59:39.117 1128 1336 D AS.MultiSoundManager: mForegroundUid = 10245
01-05 11:59:39.117 1955 1955 I TaskbarRecentView: onTaskFocusChanged() called
01-05 11:59:39.118 1128 1297 V NetworkPolicy: getFirewallRuleWifi UID:10245 policy:0
01-05 11:59:39.118 1128 1151 D SGM:FgCheckThread: noteResumeComponent(), received pkgName: org.qtproject.example.camera, userId: 0
01-05 11:59:39.118 1128 1283 D SGM:FgCheckThread: onLooperPrepared(), msg: MSG_APP_RESUME, pkgName: org.qtproject.example.camera, userid: 0
01-05 11:59:39.118 1128 1283 D SGM:FgCheckThread: handleResume().
01-05 11:59:39.118 1955 1955 I TaskThumbnailCache: handleResult: taskId = 629, taskThumbnail = null
01-05 11:59:39.118 1128 1283 D SGM:FgCheckThread: sendFocusOutConditionally() - mPrevNotiPkg: (unknown), userId: 0
01-05 11:59:39.118 1128 1283 D SGM:FgCheckThread: handleResume(). pkgName: org.qtproject.example.camera, userId: 0, isTunableApp: null
01-05 11:59:39.118 1128 1283 D SGM:FgCheckThread: notifyFocusInOut(). of pkg: org.qtproject.example.camera, type: 4, isTunableApp: false, userId: 0
01-05 11:59:39.118 1128 1283 D SGM:FgCheckThread: notifyFocusInOut(). unexpected mPrevNotiType: -1
01-05 11:59:39.118 1128 1283 D SGM:SystemHelper: callReleaseBlock needReleaseBlock:false
01-05 11:59:39.118 1955 1955 I TaskThumbnailCache: handleResult: taskId = 678, taskThumbnail = null
01-05 11:59:39.119 1128 1151 D SGM:GameManager: identifyGamePackage. org.qtproject.example.camera, mCurrentUserId: 0, callerUserId: 0, callingMethodInfo: com.samsung.android.game.SemGameManager.isGamePackage(SemGameManager.java:104)
01-05 11:59:39.119 1128 1151 D SGM:PkgDataHelper: getGamePkgData(). org.qtproject.example.camera
01-05 11:59:39.119 1128 1151 D SGM:SemGameManager: isGamePackage(), pkgName=org.qtproject.example.camera, ret=false
01-05 11:59:39.120 1128 2316 D AutoRotationHandler: not support this mode
01-05 11:59:39.120 1128 2316 D AutoRotationHandler: not support this mode
01-05 11:59:39.120 1128 1151 I ActivityManager: Changes in 10245 19 to 2, 0 to 15
01-05 11:59:39.120 1128 1151 I AppOps : updateUidProcState uid: 10245 procState: 2 capability:15
01-05 11:59:39.120 1128 1151 I AppOps : commitUidPendingStateLocked() :: UID - 10245, 700 > 200, 0 > 15
01-05 11:59:39.120 1128 1151 I ActivityManager: updateOomAdj start time is before than pendingPid added, don't delete it
01-05 11:59:39.120 1955 1955 W SearchLauncherServiceMover: isMoving : false
01-05 11:59:39.122 691 748 I gralloc4: register: id=2b200000073, handle:0xb400007ab9298a00, vaddr=0x7a159bf000
01-05 11:59:39.122 691 748 I gralloc4: unregister: id=2b200000073, handle:0xb400007ab9283200, vaddr=0x7a189e4000
01-05 11:59:39.122 720 745 E CP_CONNECT_CTL: socket_reconnect: socket_reconnect src_sock=10, des_socket=cp_time_sync_server.
01-05 11:59:39.122 691 748 I gralloc4: register: id=2b2000000ab, handle:0xb400007ab9283200, vaddr=0x7a1e4f8000
01-05 11:59:39.122 691 748 I gralloc4: unregister: id=2b2000000ab, handle:0xb400007ab9298d00, vaddr=0x7a180f6000
01-05 11:59:39.123 720 745 E CP_CONNECT_CTL: process_socket_connect: open cp_time_sync_server failed: Connection refused [111(Connection refused)]
01-05 11:59:39.123 720 745 E CP_CONNECT_CTL: socket_reconnect: socket_reconnect src_sock=10, des_socket=cp_time_sync_server.
01-05 11:59:39.123 720 745 E CP_CONNECT_CTL: process_socket_connect: open cp_time_sync_server failed: Connection refused [111(Connection refused)]
01-05 11:59:39.123 720 745 E CP_CONNECT_CTL: socket_reconnect: socket_reconnect src_sock=10, des_socket=cp_time_sync_server.
01-05 11:59:39.123 691 748 I gralloc4: register: id=2b2000000ac, handle:0xb400007ab9298d00, vaddr=0x7a18f3f000
01-05 11:59:39.123 720 745 E CP_CONNECT_CTL: process_socket_connect: open cp_time_sync_server failed: Connection refused [111(Connection refused)]
01-05 11:59:39.123 720 745 E CP_CONNECT_CTL: socket_reconnect: socket_reconnect src_sock=10, des_socket=cp_time_sync_server.
01-05 11:59:39.123 691 748 I gralloc4: unregister: id=2b2000000ac, handle:0xb400007ab9283b00, vaddr=0x7a1dc0a000
01-05 11:59:39.123 720 745 E CP_CONNECT_CTL: process_socket_connect: open cp_time_sync_server failed: Connection refused [111(Connection refused)]
01-05 11:59:39.123 691 748 I gralloc4: register: id=2b20000006c, handle:0xb400007ab9283b00, vaddr=0x7a35e7e000
01-05 11:59:39.123 691 748 I gralloc4: unregister: id=2b20000006c, handle:0xb400007ab9298300, vaddr=0x7a35f79000
01-05 11:59:39.123 691 748 I gralloc4: register: id=2b20000003e, handle:0xb400007ab9298300, vaddr=0x7a1dc0a000
01-05 11:59:39.123 691 748 I gralloc4: unregister: id=2b20000003e, handle:0xb400007ab9298700, vaddr=0x7a1a11b000
01-05 11:59:39.123 10554 10554 D CompatibilityChangeReporter: Compat change id reported: 171979766; UID 10245; state: DISABLED
01-05 11:59:39.123 1128 1174 D BatteryExternalStatsWorker: update stats : get-stats (63)
01-05 11:59:39.127 1128 1174 D BatteryExternalStatsWorker: Fetch WiFi data
01-05 11:59:39.127 1128 1174 D BatteryExternalStatsWorker: Update Rail Energy data
01-05 11:59:39.127 1128 1174 D BatteryExternalStatsWorker: Fetch Bluetooth data
01-05 11:59:39.127 1128 1174 D BatteryExternalStatsWorker: Fetch modem data
01-05 11:59:39.130 1128 2950 W BatteryExternalStatsWorker: error reading modem stats:ERROR_INVALID_INFO_RECEIVED
01-05 11:59:39.131 684 684 E bt_upio : upio_set : /proc/bluetooth/sleep/btwrite(-1) incorrent
01-05 11:59:39.133 10554 10554 W ActivityThread: Application org.qtproject.example.camera is waiting for the debugger on port 8100...
01-05 11:59:39.134 10554 10554 I System.out: Sending WAIT chunk
01-05 11:59:39.134 1128 1149 I Dialog : mIsDeviceDefault = true, mIsSamsungBasicInteraction = false, isMetaDataInActivity = false
01-05 11:59:39.137 1955 1955 W SearchLauncherServiceMover: isMoving : false
01-05 11:59:39.138 1128 1149 I DecorView: [INFO] isPopOver=false config=false
01-05 11:59:39.138 1128 1149 I DecorView: updateCaptionType: isFloating=true isApplication=false hasWindowDecorCaption=false this=DecorView@8b58c04[camera]
01-05 11:59:39.138 1128 1149 D DecorView: setCaptionType = 0, this = DecorView@8b58c04[camera]
01-05 11:59:39.138 691 748 I gralloc4: register: id=2b200000073, handle:0xb400007ab9298700, vaddr=0x7a180f6000
01-05 11:59:39.139 691 748 I gralloc4: unregister: id=2b200000073, handle:0xb400007ab9298a00, vaddr=0x7a159bf000
01-05 11:59:39.139 691 748 I gralloc4: register: id=2b2000000ab, handle:0xb400007ab9298a00, vaddr=0x7a1a11b000
01-05 11:59:39.139 1128 1149 I DecorView: setWindowBackground: isPopOver=false color=ff010101 d=android.graphics.drawable.InsetDrawable@f14ec22
01-05 11:59:39.139 691 748 I gralloc4: unregister: id=2b2000000ab, handle:0xb400007ab9283200, vaddr=0x7a1e4f8000
01-05 11:59:39.139 691 748 I gralloc4: register: id=2b2000000ac, handle:0xb400007ab9283200, vaddr=0x7a1e4f8000
01-05 11:59:39.139 691 748 I gralloc4: unregister: id=2b2000000ac, handle:0xb400007ab9298d00, vaddr=0x7a18f3f000
01-05 11:59:39.139 691 748 I gralloc4: register: id=2b20000006c, handle:0xb400007ab9298d00, vaddr=0x7a35f79000
01-05 11:59:39.139 691 748 I gralloc4: unregister: id=2b20000006c, handle:0xb400007ab9283b00, vaddr=0x7a35e7e000
01-05 11:59:39.139 691 748 I gralloc4: register: id=2b20000003c, handle:0xb400007ab9283b00, vaddr=0x7a18f3f000
01-05 11:59:39.139 691 748 I gralloc4: unregister: id=2b20000003c, handle:0xb400007ab9298900, vaddr=0x7a1b2f7000
01-05 11:59:39.144 1128 1149 D ScrollView: initGoToTop
01-05 11:59:39.147 1128 1149 D ScrollView: initGoToTop
01-05 11:59:39.148 1128 1174 D BatteryExternalStatsWorker: Update CPU state
01-05 11:59:39.148 1128 1174 I KernelWakelockReader: readKernelWakelockStats(true)
01-05 11:59:39.149 1128 1149 W Settings: Setting show_button_background has moved from android.provider.Settings.System to android.provider.Settings.Global, returning read-only value.
01-05 11:59:39.149 1128 1149 D CompatibilityChangeReporter: Compat change id reported: 161145287; UID 1000; state: DISABLED
01-05 11:59:39.151 1128 1149 I SurfaceSyncer@a42fa01: new SurfaceSyncer() = android.view.ViewRootImpl.:1168 android.view.ViewRootImpl.:1304 android.view.WindowManagerGlobal.addView:530 android.view.WindowManagerImpl.addView:170 android.app.Dialog.show:521
01-05 11:59:39.151 448 2150 W android.system.suspend@1.0-service: getWakeLockStats +
01-05 11:59:39.151 448 2150 I android.system.suspend@1.0-service: name: PowerManager.SuspendLockout, isActive: 1, LC: 364579, AC: 1, AT: 343395, TT: 343395
01-05 11:59:39.151 448 2150 I android.system.suspend@1.0-service: name: PowerManagerService.Display, isActive: 1, LC: 364579, AC: 1, AT: 343403, TT: 343403
01-05 11:59:39.151 1128 9614 D NativeCustomFrequencyManager: [NativeCFMS] BpCustomFrequencyManager::BpCustomFrequencyManager()
01-05 11:59:39.152 749 1195 I SurfaceFlinger: id=203 createSurf flag=80004, WindowToken{a5b3ae7 type=2003 android.view.ViewRootImpl$W@476f0a6}#203
01-05 11:59:39.153 1128 1149 D InputTransport: Input channel constructed: 'a74a694', fd=822
01-05 11:59:39.153 1128 1149 D InputTransport: Input channel constructed: 'a74a694', fd=826
01-05 11:59:39.153 1128 1149 D InputTransport: Input channel constructed: 'a74a694', fd=831
01-05 11:59:39.153 749 1195 I SurfaceFlinger: id=204 createSurf flag=80004, a74a694 Waiting For Debugger: org.qtproject.example.camera#204
01-05 11:59:39.154 1955 1955 W SearchLauncherServiceMover: isMoving : false
01-05 11:59:39.154 1128 1149 V WindowManager: Changing focus from null to Window{a74a694 u0 Waiting For Debugger: org.qtproject.example.camera} displayId=0 Callers=com.android.server.wm.RootWindowContainer.updateFocusedWindowLocked:602 com.android.server.wm.WindowManagerService.updateFocusedWindowLocked:6862 com.android.server.wm.WindowManagerService.addWindow:2055 com.android.server.wm.Session.addToDisplayAsUser:223
01-05 11:59:39.154 1128 1149 D MARsPolicyManager: onPackageResumedFG pkgName = android, userId = 0
01-05 11:59:39.154 1128 1149 I WindowManager: Cancelling animation restarting=true, leash=Surface(name=Surface(name=d3cd1a2 StatusBar)/@0xebe1b84 - animation-leash of insets_animation)/@0xfcb3d5b
01-05 11:59:39.154 1128 1149 I WindowManager: Reparenting to original parent: Surface(name=WindowToken{70c13d8 type=2000 android.os.BinderProxy@c1b234a})/@0xf6c1f6d, destroy=false, surface=Surface(name=d3cd1a2 StatusBar)/@0xebe1b84
01-05 11:59:39.154 1128 1149 I WindowManager: Reparenting to leash, surface=Surface(name=d3cd1a2 StatusBar)/@0xebe1b84, leashParent=Surface(name=WindowToken{70c13d8 type=2000 android.os.BinderProxy@c1b234a})/@0xf6c1f6d
01-05 11:59:39.154 448 2150 E android.system.suspend@1.0-service: Error opening event_count for wakeup18: Original kwl [Path]=../../devices/platform/soc/soc:aon/32100000.spi/spi_master/spi4/spi4.0/sc27xx-pd/power_supply/tcpm-source-psy-sc27xx-pd/wakeup18: Permission denied
01-05 11:59:39.155 749 1195 I SurfaceFlinger: id=205 createSurf flag=24000, Surface(name=d3cd1a2 StatusBar)/@0xebe1b84 - animation-leash of insets_animation#205
01-05 11:59:39.155 1128 1149 D WindowManager: makeSurface duration=0 leash=Surface(name=Surface(name=d3cd1a2 StatusBar)/@0xebe1b84 - animation-leash of insets_animation)/@0xc169e83
01-05 11:59:39.155 1128 1149 I WindowManager: Cancelling animation restarting=true, leash=Surface(name=Surface(name=1fe938a Taskbar)/@0x4ba5e56 - animation-leash of insets_animation)/@0x59d09f8
01-05 11:59:39.155 1128 1149 I WindowManager: Reparenting to original parent: Surface(name=WindowToken{f13fb2c type=2024 android.os.BinderProxy@1b722df})/@0x89c8ed7, destroy=false, surface=Surface(name=1fe938a Taskbar)/@0x4ba5e56
01-05 11:59:39.155 1128 1149 I WindowManager: Reparenting to leash, surface=Surface(name=1fe938a Taskbar)/@0x4ba5e56, leashParent=Surface(name=WindowToken{f13fb2c type=2024 android.os.BinderProxy@1b722df})/@0x89c8ed7
01-05 11:59:39.155 749 1195 I SurfaceFlinger: id=206 createSurf flag=24000, Surface(name=1fe938a Taskbar)/@0x4ba5e56 - animation-leash of insets_animation#206
01-05 11:59:39.155 448 2150 E android.system.suspend@1.0-service: Error opening event_count for wakeup2: Original kwl [Path]=../../devices/platform/soc/soc:aon/32100000.spi/spi_master/spi4/spi4.0/sc27xx-typec/power_supply/typec-sc27xx/wakeup2: Permission denied
01-05 11:59:39.155 1128 1149 D WindowManager: makeSurface duration=1 leash=Surface(name=Surface(name=1fe938a Taskbar)/@0x4ba5e56 - animation-leash of insets_animation)/@0x963e839
01-05 11:59:39.156 1128 1149 D WindowManager: updateSystemBarAttributes: displayId=0, win=Window{a74a694 u0 Waiting For Debugger: org.qtproject.example.camera}, navColorWin=Window{8954a1a u0 Splash Screen org.qtproject.example.camera}, focusedCanBeNavColorWin=false, behavior=1, appearance=0, statusBarAppearanceRegions=[AppearanceRegion{ bounds=[0,0][1200,1920]}], requestedVisibilities=, from=com.android.server.wm.DisplayPolicy.focusChangedLw:3396 com.android.server.wm.DisplayContent.updateFocusedWindowLocked:4664 com.android.server.wm.RootWindowContainer.updateFocusedWindowLocked:602
01-05 11:59:39.156 691 748 I gralloc4: register: id=2b200000073, handle:0xb400007ab9298900, vaddr=0x7a159bf000
01-05 11:59:39.156 691 748 I gralloc4: unregister: id=2b200000073, handle:0xb400007ab9298700, vaddr=0x7a180f6000
01-05 11:59:39.156 1128 1149 D StatusBarManagerService: notifyRequestedSystemKey recent=false home=false
01-05 11:59:39.156 691 748 I gralloc4: register: id=2b2000000ab, handle:0xb400007ab9298700, vaddr=0x7a1b2f7000
01-05 11:59:39.157 1128 1149 D InsetsController: onStateChanged: InsetsState: {mDisplayFrame=Rect(0, 0 - 1200, 1920), mDisplayCutout=DisplayCutout{insets=Rect(0, 0 - 0, 0) waterfall=Insets{left=0, top=0, right=0, bottom=0} boundingRect={Bounds=[Rect(0, 0 - 0, 0), Rect(0, 0 - 0, 0), Rect(0, 0 - 0, 0), Rect(0, 0 - 0, 0)]} cutoutPathParserInfo={CutoutPathParserInfo{displayWidth=0 displayHeight=0 physicalDisplayWidth=0 physicalDisplayHeight=0 density={0.0} cutoutSpec={} rotation={0} scale={0.0} physicalPixelDisplaySizeRatio={0.0}}}}, mRoundedCorners=RoundedCorners{[RoundedCorner{position=TopLeft, radius=20, center=Point(20, 20)}, RoundedCorner{position=TopRight, radius=20, center=Point(1180, 20)}, RoundedCorner{position=BottomRight, radius=20, center=Point(1180, 1900)}, RoundedCorner{position=BottomLeft, radius=20, center=Point(20, 1900)}]} mRoundedCornerFrame=Rect(0, 0 - 0, 0), mPrivacyIndicatorBounds=PrivacyIndicatorBounds {static bounds=Rect(1134, 0 - 1200, 36) rotation=0}, mSources= { InsetsSource: {mType=ITYPE_STATUS_BAR, mFrame=[0,0][1200,36], mVisible=true, mInsetsRoundedCornerFrame=false}, InsetsSource: {mType=ITYPE_LEFT_GESTURES, mFrame=[0,0][0,1920], mVisible=true, mInsetsRoundedCornerFrame=false}, InsetsSource: {mType=ITYPE_RIGHT_GESTURES, mFrame=[1200,0][1200,1920], mVisible=true, mInsetsRoundedCornerFrame=false}, InsetsSource: {mType=ITYPE_TOP_MANDATORY_GESTURES, mFrame=[0,0][1200,36], mVisible=true, mInsetsRoundedCornerFrame=false}, InsetsSource: {mType=ITYPE_BOTTOM_MANDATORY_GESTURES, mFrame=[0,1848][1200,1920], mVisible=true, mInsetsRoundedCornerFrame=false}, InsetsSource: {mType=ITYPE_TOP_TAPPABLE_ELEMENT, mFrame=[0,0][1200,36], mVisible=true, mInsetsRoundedCornerFrame=false}, InsetsSource: {mType=ITYPE_BOTTOM_TAPPABLE_ELEMENT, mFrame=[0,1848][1200,1920], mVisible=true, mInsetsRoundedCornerFrame=false}, InsetsSource: {mType=ITYPE_EXTRA_NAVIGATION_BAR, mFrame=[0,1848][1200,1920], mVisible=true, mInsetsRoundedCornerFrame=true} } host=Waiting For Debugger: org.qtproject.example.camera from=android.view.ViewRootImpl.setView:1739
01-05 11:59:39.157 691 748 I gralloc4: unregister: id=2b2000000ab, handle:0xb400007ab9298a00, vaddr=0x7a1a11b000
01-05 11:59:39.157 691 748 I gralloc4: register: id=2b2000000ac, handle:0xb400007ab9298a00, vaddr=0x7a1a11b000
01-05 11:59:39.157 691 748 I gralloc4: unregister: id=2b2000000ac, handle:0xb400007ab9283200, vaddr=0x7a1e4f8000
01-05 11:59:39.157 691 748 I gralloc4: register: id=2b20000006c, handle:0xb400007ab9283200, vaddr=0x7a35e7e000
01-05 11:59:39.157 691 748 I gralloc4: unregister: id=2b20000006c, handle:0xb400007ab9298d00, vaddr=0x7a35f79000
01-05 11:59:39.157 691 748 I gralloc4: register: id=2b20000003d, handle:0xb400007ab9298d00, vaddr=0x7a1e4f8000
01-05 11:59:39.157 691 748 I gralloc4: unregister: id=2b20000003d, handle:0xb400007ab9298e00, vaddr=0x7a1f6d4000
01-05 11:59:39.158 448 2150 E android.system.suspend@1.0-service: Error opening event_count for wakeup16: Original kwl [Path]=../../devices/platform/charger-manager/wakeup/wakeup16: Permission denied
01-05 11:59:39.160 1128 1149 D CoreBackPreview: Window{a74a694 u0 Waiting For Debugger: org.qtproject.example.camera}: Setting back callback OnBackInvokedCallbackInfo{mCallback=android.window.WindowOnBackInvokedDispatcher$OnBackInvokedCallbackWrapper@d9a9fdf, mPriority=0}
01-05 11:59:39.160 1128 1149 I ViewRootImpl@476f0a6[camera]: setView = com.android.internal.policy.DecorView@8b58c04 TM=true
01-05 11:59:39.161 448 2150 E android.system.suspend@1.0-service: Error opening event_count for wakeup9: Original kwl [Path]=../../devices/platform/soc/soc:aon/32100000.spi/spi_master/spi4/spi4.0/sc27xx-fast-chg/power_supply/sc2730_fast_charger/wakeup9: Permission denied
01-05 11:59:39.162 1128 1149 I ViewRootImpl@476f0a6[camera]: performTraversals params={(0,0)(wrapxwrap) gr=BOTTOM CENTER_VERTICAL sim={adjust=pan forwardNavigation} ty=SYSTEM_ALERT fmt=TRANSLUCENT wanim=0x10302f7 surfaceInsets=Rect(4, 4 - 4, 4)
01-05 11:59:39.162 1128 1149 I ViewRootImpl@476f0a6[camera]: fl=1820002
01-05 11:59:39.162 1128 1149 I ViewRootImpl@476f0a6[camera]: pfl=2000000
01-05 11:59:39.162 1128 1149 I ViewRootImpl@476f0a6[camera]: bhv=DEFAULT
01-05 11:59:39.162 1128 1149 I ViewRootImpl@476f0a6[camera]: fitTypes=STATUS_BARS NAVIGATION_BARS CAPTION_BAR
01-05 11:59:39.162 1128 1149 I ViewRootImpl@476f0a6[camera]: fitIgnoreVis
01-05 11:59:39.162 1128 1149 I ViewRootImpl@476f0a6[camera]: dimAmount=0.65 dimDuration=150 naviIconColor=0}
01-05 11:59:39.162 1128 1149 I ViewRootImpl@476f0a6[camera]: performTraversals mFirst=true windowShouldResize=false viewVisibilityChanged=false mForceNextWindowRelayout=false params={(0,0)(wrapxwrap) gr=BOTTOM CENTER_VERTICAL sim={adjust=pan forwardNavigation} ty=SYSTEM_ALERT fmt=TRANSLUCENT wanim=0x10302f7 surfaceInsets=Rect(4, 4 - 4, 4)
01-05 11:59:39.162 1128 1149 I ViewRootImpl@476f0a6[camera]: fl=1820002
01-05 11:59:39.162 1128 1149 I ViewRootImpl@476f0a6[camera]: pfl=2000000
01-05 11:59:39.162 1128 1149 I ViewRootImpl@476f0a6[camera]: bhv=DEFAULT
01-05 11:59:39.162 1128 1149 I ViewRootImpl@476f0a6[camera]: fitTypes=STATUS_BARS NAVIGATION_BARS CAPTION_BAR
01-05 11:59:39.162 1128 1149 I ViewRootImpl@476f0a6[camera]: fitIgnoreVis
01-05 11:59:39.162 1128 1149 I ViewRootImpl@476f0a6[camera]: dimAmount=0.65 dimDuration=150 naviIconColor=0}
01-05 11:59:39.162 1128 1149 V WindowManager: Relayout Window{a74a694 u0 Waiting For Debugger: org.qtproject.example.camera}: viewVisibility=0 req=576x340 d0
01-05 11:59:39.163 1128 1149 D RestrictionPolicy: isScreenCaptureEnabled : ret=true userId=0
01-05 11:59:39.163 749 2267 I SurfaceFlinger: id=207 createSurf flag=40004, Waiting For Debugger: org.qtproject.example.camera#207
01-05 11:59:39.163 1128 1149 D WindowManager: makeSurface duration=1 name=Waiting For Debugger: org.qtproject.example.camera
01-05 11:59:39.164 448 2150 E android.system.suspend@1.0-service: Error opening event_count for wakeup7: Original kwl [Path]=../../devices/platform/soc/soc:ap-apb/70700000.i2c/i2c-4/4-003b/power_supply/sgm4154x_charger/wakeup7: Permission denied
01-05 11:59:39.165 1128 1149 V WindowManager: Relayout hash=a74a694, pid=1128, syncId=-1: mAttrs={(0,0)(wrapxwrap) gr=BOTTOM CENTER_VERTICAL sim={adjust=pan forwardNavigation} ty=SYSTEM_ALERT fmt=TRANSLUCENT wanim=0x10302f7 surfaceInsets=Rect(4, 4 - 4, 4)
01-05 11:59:39.165 1128 1149 V WindowManager: fl=1820002
01-05 11:59:39.165 1128 1149 V WindowManager: pfl=2000000
01-05 11:59:39.165 1128 1149 V WindowManager: bhv=DEFAULT
01-05 11:59:39.165 1128 1149 V WindowManager: fitTypes=STATUS_BARS NAVIGATION_BARS CAPTION_BAR
01-05 11:59:39.165 1128 1149 V WindowManager: fitIgnoreVis
01-05 11:59:39.165 1128 1149 V WindowManager: dimAmount=0.65 dimDuration=150 naviIconColor=0}
01-05 11:59:39.166 1128 1149 I ViewRootImpl@476f0a6[camera]: updateBlastSurfaceIfNeeded mBlastBufferQueue=null isSameSurfaceControl=false
01-05 11:59:39.166 1128 1149 I BLASTBufferQueue: new BLASTBufferQueue, mName= ViewRootImpl@476f0a6[camera] mNativeObject= 0xb40000745635b080 sc.mNativeObject= 0xb40000754d8737e0 caller= android.view.ViewRootImpl.updateBlastSurfaceIfNeeded:2939 android.view.ViewRootImpl.relayoutWindow:9990 android.view.ViewRootImpl.performTraversals:3919 android.view.ViewRootImpl.doTraversal:3151 android.view.ViewRootImpl$TraversalRunnable.run:11068 android.view.Choreographer$CallbackRecord.run:1321 android.view.Choreographer$CallbackRecord.run:1329 android.view.Choreographer.doCallbacks:930 android.view.Choreographer.doFrame:859 android.view.Choreographer$FrameDisplayEventReceiver.run:1303
01-05 11:59:39.166 1128 1149 I BLASTBufferQueue: update, w= 584 h= 348 mName = ViewRootImpl@476f0a6[camera] mNativeObject= 0xb40000745635b080 sc.mNativeObject= 0xb40000754d8737e0 format= -3 caller= android.graphics.BLASTBufferQueue.:84 android.view.ViewRootImpl.updateBlastSurfaceIfNeeded:2939 android.view.ViewRootImpl.relayoutWindow:9990 android.view.ViewRootImpl.performTraversals:3919 android.view.ViewRootImpl.doTraversal:3151 android.view.ViewRootImpl$TraversalRunnable.run:11068
01-05 11:59:39.166 448 2150 E android.system.suspend@1.0-service: Error opening event_count for wakeup5: Original kwl [Path]=../../devices/platform/soc/soc:aon/32100000.spi/spi_master/spi4/spi4.0/sc27xx-fgu/power_supply/sc27xx-fgu/wakeup5: Permission denied
01-05 11:59:39.167 1128 1149 I ViewRootImpl@476f0a6[camera]: Relayout returned: old=(0,36,1200,1848) new=(312,1508,888,1848) req=(576,340)0 dur=4 res=0x3 s={true 0xb4000074555b6800} ch=true seqId=0
01-05 11:59:39.167 1128 9614 D OpenGLRenderer: RenderThread::requireGlContext()
01-05 11:59:39.167 1128 1149 I ViewRootImpl@476f0a6[camera]: mThreadedRenderer.initialize() mSurface={isValid=true 0xb4000074555b6800} hwInitialized=true
01-05 11:59:39.167 1128 1149 I ThreadedRenderer: setup: surfaceInsets changed
01-05 11:59:39.168 1128 1149 D ScrollView: onsize change changed
01-05 11:59:39.168 1128 1149 D ScrollView: onsize change changed
01-05 11:59:39.168 1128 1149 I ViewRootImpl@476f0a6[camera]: reportNextDraw android.view.ViewRootImpl.performTraversals:4473 android.view.ViewRootImpl.doTraversal:3151 android.view.ViewRootImpl$TraversalRunnable.run:11068 android.view.Choreographer$CallbackRecord.run:1321 android.view.Choreographer$CallbackRecord.run:1329
01-05 11:59:39.168 1128 1149 I ViewRootImpl@476f0a6[camera]: Setup new sync id=0
01-05 11:59:39.168 1128 1149 I ViewRootImpl@476f0a6[camera]: Setting syncFrameCallback
01-05 11:59:39.168 1128 1149 I ViewRootImpl@476f0a6[camera]: registerCallbacksForSync syncBuffer=false
01-05 11:59:39.169 448 2150 E android.system.suspend@1.0-service: Error opening event_count for wakeup3: Original kwl [Path]=../../devices/platform/sprd-marlin3/wakeup/wakeup3: Permission denied
01-05 11:59:39.170 1955 1955 W SearchLauncherServiceMover: isMoving : false
01-05 11:59:39.170 1128 9614 D OpenGLRenderer: RenderThread::setGrContext()
01-05 11:59:39.170 749 749 I Layer : id=191 removeFromCurrentState Surface(name=d3cd1a2 StatusBar)/@0xebe1b84 - animation-leash of insets_animation#191 (98)
01-05 11:59:39.170 749 749 I Layer : id=192 removeFromCurrentState Surface(name=1fe938a Taskbar)/@0x4ba5e56 - animation-leash of insets_animation#192 (98)
01-05 11:59:39.171 1128 9614 D OpenGLRenderer: eglCreateWindowSurface
01-05 11:59:39.171 749 749 I SurfaceFlinger: id=191 Removed Surface(name=d3cd1a2 StatusBar)/@0xebe1b84 - animation-leash of insets_animation#191 (98)
01-05 11:59:39.171 448 2150 E android.system.suspend@1.0-service: Error opening event_count for wakeup17: Original kwl [Path]=../../devices/platform/soc/soc:aon/5fff0000.usb/musb-hdrc.0.auto/wakeup/wakeup17: Permission denied
01-05 11:59:39.171 749 749 I SurfaceFlinger: id=192 Removed Surface(name=1fe938a Taskbar)/@0x4ba5e56 - animation-leash of insets_animation#192 (98)
01-05 11:59:39.171 749 749 I Layer : id=191 Destroyed Surface(name=d3cd1a2 StatusBar)/@0xebe1b84 - animation-leash of insets_animation#191
01-05 11:59:39.171 749 749 I Layer : id=192 Destroyed Surface(name=1fe938a Taskbar)/@0x4ba5e56 - animation-leash of insets_animation#192
01-05 11:59:39.172 690 741 I gralloc4: allocate: id=2b2000000af, hal_format=RGBA8888, mali_format=RGBA8888, afbc=SPLIT, usage=GPU_RW|HWC|BACKBUF, size=584x348, stride=592, name=ViewRootImpl@476f0a6[camera]#1(BLAST Consumer)1
01-05 11:59:39.172 1128 9617 I ViewRootImpl@476f0a6[camera]: Received frameDrawingCallback syncResult=0 frameNum=1.
01-05 11:59:39.172 1128 9617 I ViewRootImpl@476f0a6[camera]: Setting up sync and frameCommitCallback
01-05 11:59:39.172 1128 10573 I gralloc4: register: id=2b2000000af, handle:0xb40000754184f200, vaddr=0x752f40c000
01-05 11:59:39.173 691 748 I gralloc4: register: id=2b200000073, handle:0xb400007ab9298e00, vaddr=0x7a180f6000
01-05 11:59:39.173 691 748 I gralloc4: unregister: id=2b200000073, handle:0xb400007ab9298900, vaddr=0x7a159bf000
01-05 11:59:39.173 690 741 I gralloc4: allocate: id=2b2000000b0, hal_format=RGBA8888, mali_format=RGBA8888, afbc=SPLIT, usage=GPU_RW|HWC|BACKBUF, size=584x348, stride=592, name=ViewRootImpl@476f0a6[camera]#1(BLAST Consumer)1
01-05 11:59:39.173 1128 10573 I gralloc4: register: id=2b2000000b0, handle:0xb40000754184f500, vaddr=0x752f33d000
01-05 11:59:39.173 691 748 I gralloc4: register: id=2b2000000ab, handle:0xb400007ab9298900, vaddr=0x7a1f6d4000
01-05 11:59:39.173 691 748 I gralloc4: unregister: id=2b2000000ab, handle:0xb400007ab9298700, vaddr=0x7a1b2f7000
01-05 11:59:39.174 448 2150 E android.system.suspend@1.0-service: Error opening event_count for wakeup8: Original kwl [Path]=../../devices/platform/soc/soc:ap-apb/70700000.i2c/i2c-4/4-003b/wakeup/wakeup8: Permission denied
01-05 11:59:39.174 691 748 I gralloc4: register: id=2b2000000ac, handle:0xb400007ab9298700, vaddr=0x7a1b2f7000
01-05 11:59:39.174 690 741 I gralloc4: allocate: id=2b2000000b1, hal_format=RGBA8888, mali_format=RGBA8888, afbc=SPLIT, usage=GPU_RW|HWC|BACKBUF, size=584x348, stride=592, name=ViewRootImpl@476f0a6[camera]#1(BLAST Consumer)1
01-05 11:59:39.174 691 748 I gralloc4: unregister: id=2b2000000ac, handle:0xb400007ab9298a00, vaddr=0x7a1a11b000
01-05 11:59:39.174 1128 10573 I gralloc4: register: id=2b2000000b1, handle:0xb40000753b75e200, vaddr=0x752f26e000
01-05 11:59:39.174 691 748 I gralloc4: register: id=2b20000006c, handle:0xb400007ab9298a00, vaddr=0x7a35f79000
01-05 11:59:39.174 691 748 I gralloc4: unregister: id=2b20000006c, handle:0xb400007ab9283200, vaddr=0x7a35e7e000
01-05 11:59:39.174 691 748 I gralloc4: register: id=2b20000003e, handle:0xb400007ab9283200, vaddr=0x7a1a11b000
01-05 11:59:39.174 691 748 I gralloc4: unregister: id=2b20000003e, handle:0xb400007ab9298300, vaddr=0x7a1dc0a000
01-05 11:59:39.175 448 2150 E android.system.suspend@1.0-service: Error opening event_count for wakeup6: Original kwl [Path]=../../devices/platform/soc/soc:aon/32100000.spi/spi_master/spi4/spi4.0/sc27xx-fgu/wakeup/wakeup6: Permission denied
01-05 11:59:39.176 448 2150 W android.system.suspend@1.0-service: getWakeLockStats -
01-05 11:59:39.176 1128 1174 D KernelWakelockReader: name=PowerManagerService.WakeLocks isActive=true lastChange=364579 activeCount=21 activeTime=286417 totalTime=330618 version=3 time_delta=324451000
01-05 11:59:39.176 1128 1174 D KernelWakelockReader: name=PowerManagerService.Booting isActive=false lastChange=36702 activeCount=1 activeTime=0 totalTime=15530 version=3 time_delta=0
01-05 11:59:39.176 1128 1174 D KernelWakelockReader: name=PowerManager.SuspendLockout isActive=true lastChange=364579 activeCount=1 activeTime=343395 totalTime=343395 version=3 time_delta=327028000
01-05 11:59:39.176 1128 1174 D KernelWakelockReader: name=PowerManagerService.Display isActive=true lastChange=364579 activeCount=1 activeTime=343403 totalTime=343403 version=3 time_delta=327028000
01-05 11:59:39.176 1128 1174 I BatteryStatsImpl: updateKernelWakelocksLocked:: name=PowerManager.SuspendLockout / totalTime=343395000 / mCount=1 / version=3
01-05 11:59:39.176 1128 1174 I BatteryStatsImpl: updateKernelWakelocksLocked:: name=PowerManagerService.Display / totalTime=343403000 / mCount=1 / version=3
01-05 11:59:39.176 1128 1174 I BatteryStatsImpl: updateKernelWakelocksLocked:: name=PowerManagerService.WakeLocks / totalTime=330618000 / mCount=21 / version=3
01-05 11:59:39.176 1128 1174 I BatteryStatsImpl: updateKernelWakelocksLocked:: name=PowerManagerService.Booting / totalTime=15530000 / mCount=1 / version=3
01-05 11:59:39.176 1128 1174 D BatteryExternalStatsWorker: Update Kernel wakelock & memory state
01-05 11:59:39.176 1128 1174 D BatteryExternalStatsWorker: Update RPM state
01-05 11:59:39.176 1128 1174 D BatteryExternalStatsWorker: Update bluetooth state
01-05 11:59:39.176 1128 1174 D BatteryExternalStatsWorker: mStats lock released
01-05 11:59:39.187 749 749 D SurfaceFlinger: [input] inputWindowCommands.focusRequests size is 1
01-05 11:59:39.187 1955 1955 W SearchLauncherServiceMover: isMoving : false
01-05 11:59:39.187 1128 1387 W SemWifiTransportLayerUtils: getApplicationCategory - IOException org.qtproject.example.camera
01-05 11:59:39.187 1128 1387 W System.err: java.io.FileNotFoundException: https://play.google.com/store/apps/details?id=org.qtproject.example.camera&hl=en
01-05 11:59:39.187 1128 1387 W System.err: at com.android.okhttp.internal.huc.HttpURLConnectionImpl.getInputStream(HttpURLConnectionImpl.java:255)
01-05 11:59:39.187 1128 1387 W System.err: at com.android.okhttp.internal.huc.DelegatingHttpsURLConnection.getInputStream(DelegatingHttpsURLConnection.java:211)
01-05 11:59:39.187 1128 1387 W System.err: at com.android.okhttp.internal.huc.HttpsURLConnectionImpl.getInputStream(HttpsURLConnectionImpl.java:30)
01-05 11:59:39.187 1128 1387 W System.err: at com.samsung.android.server.wifi.tcp.SemWifiTransportLayerUtils.getApplicationCategory(SemWifiTransportLayerUtils.java:104)
01-05 11:59:39.187 1128 1387 W System.err: at com.samsung.android.server.wifi.tcp.SemWifiTransportLayerMonitor$TcpMonitorHandler.handleMessage(SemWifiTransportLayerMonitor.java:244)
01-05 11:59:39.187 1128 1387 W System.err: at android.os.Handler.dispatchMessage(Handler.java:106)
01-05 11:59:39.187 1128 1387 W System.err: at android.os.Looper.loopOnce(Looper.java:226)
01-05 11:59:39.187 1128 1387 W System.err: at android.os.Looper.loop(Looper.java:313)
01-05 11:59:39.187 1128 1387 W System.err: at android.os.HandlerThread.run(HandlerThread.java:67)
01-05 11:59:39.188 749 878 D SurfaceFlinger: [input] setFocusedWindow: a74a694 Waiting For Debugger: org.qtproject.example.camera
01-05 11:59:39.188 1128 1387 D SemWifiTransportLayerMonitor.TcpMonitorHandler: MSG_SAVE_PACKAGE_INFO
01-05 11:59:39.188 1128 1387 D SemWifiTransportLayerFileManager: saveWifiPackageInfoToFile
01-05 11:59:39.188 1128 1387 D SemWifiTransportLayerFileManager: writeWifiPackageInfoList
01-05 11:59:39.188 1128 4094 D InputDispatcher: Focus request (0): a74a694 Waiting For Debugger: org.qtproject.example.camera but waiting because NOT_VISIBLE
01-05 11:59:39.189 691 748 I gralloc4: register: id=2b200000073, handle:0xb400007ab9298300, vaddr=0x7a1d6af000
01-05 11:59:39.189 691 748 I gralloc4: unregister: id=2b200000073, handle:0xb400007ab9298e00, vaddr=0x7a180f6000
01-05 11:59:39.189 691 748 I gralloc4: register: id=2b2000000ab, handle:0xb400007ab9298e00, vaddr=0x7a18651000
01-05 11:59:39.190 691 748 I gralloc4: unregister: id=2b2000000ab, handle:0xb400007ab9298900, vaddr=0x7a1f6d4000
01-05 11:59:39.190 691 748 I gralloc4: register: id=2b2000000ac, handle:0xb400007ab9298900, vaddr=0x7a1f6d4000
01-05 11:59:39.190 691 748 I gralloc4: unregister: id=2b2000000ac, handle:0xb400007ab9298700, vaddr=0x7a1b2f7000
01-05 11:59:39.190 691 748 I gralloc4: register: id=2b20000006c, handle:0xb400007ab9298700, vaddr=0x7a35e7e000
01-05 11:59:39.190 691 748 I gralloc4: unregister: id=2b20000006c, handle:0xb400007ab9298a00, vaddr=0x7a35f79000
01-05 11:59:39.190 691 748 I gralloc4: register: id=2b20000003c, handle:0xb400007ab9298a00, vaddr=0x7a1b2f7000
01-05 11:59:39.190 691 748 I gralloc4: unregister: id=2b20000003c, handle:0xb400007ab9283b00, vaddr=0x7a18f3f000
01-05 11:59:39.190 1128 9614 I BLASTBufferQueue: [ViewRootImpl@476f0a6[camera]#1](f:0,a:0) onFrameAvailable the first frame is available
01-05 11:59:39.191 1128 9614 I ViewRootImpl@476f0a6[camera]: Received frameCommittedCallback lastAttemptedDrawFrameNum=1 didProduceBuffer=true
01-05 11:59:39.191 749 1195 I gralloc4: register: id=2b2000000af, handle:0xb400007b83c22000, vaddr=0x7b82edf000
01-05 11:59:39.191 1128 9614 D OpenGLRenderer: CFMS:: SetUp Pid : 1128 Tid : 9614
01-05 11:59:39.191 1128 9614 W Parcel : Expecting binder but got null!
01-05 11:59:39.191 1128 1149 I ViewRootImpl@476f0a6[camera]: onSyncComplete
01-05 11:59:39.191 1128 1149 I ViewRootImpl@476f0a6[camera]: setupSync seqId=0 mSyncId=0 fn=1 caller=android.view.ViewRootImpl$$ExternalSyntheticLambda11.accept:6 android.window.SurfaceSyncer.lambda$setupSync$1$android-window-SurfaceSyncer:168 android.window.SurfaceSyncer$$ExternalSyntheticLambda1.accept:8 android.window.SurfaceSyncer$SyncSet.checkIfSyncIsComplete:495 android.window.SurfaceSyncer$SyncSet.markSyncReady:454 android.window.SurfaceSyncer.markSyncReady:191 android.view.ViewRootImpl.performTraversals:4538
01-05 11:59:39.192 1128 1149 I ViewRootImpl@476f0a6[camera]: reportDrawFinished seqId=0 mSyncId=-1 fn=1 mSurfaceChangedTransaction=0xb400007456d53900
01-05 11:59:39.192 1128 1149 D WindowManager: finishDrawingWindow: Window{a74a694 u0 Waiting For Debugger: org.qtproject.example.camera} mDrawState=DRAW_PENDING seqId=0
01-05 11:59:39.193 1504 1504 D SamsungLightBarControlHelper: onStatusBarAppearanceChanged() - sbModeChanged:false, statusBarMode:MODE_TRANSPARENT, barState:SHADE, isKeyguardShowing:false, navbarColorManagedByIme:false, stackAppearancesChanged:true, (AppearanceRegion{ bounds=[0,0][1200,1920]}, ), packageName:android
01-05 11:59:39.193 1955 4763 I TouchInteractionService: onSystemBarAttributesChanged, displayId : 0, behavior : 1
01-05 11:59:39.193 1504 1504 D TaskbarDelegate: onSystemBarAttributesChanged() - displayId:0, appearance:0, navbarColorManagedByIme: false, packageName: android
01-05 11:59:39.194 1955 1955 W TouchInteractionService: handleNavigationBarEvent() type=ON_APPEARANCE_CHANGED
01-05 11:59:39.194 1955 1955 I TouchInteractionService: ON_APPEARANCE_CHANGED appearance = 0
01-05 11:59:39.194 1955 4776 I TouchInteractionService: onSystemUiStateChanged, stateFlags : 131072 |allow_gesture|
01-05 11:59:39.194 1128 1152 I WindowManager: Reparenting to leash, surface=Surface(name=a74a694 Waiting For Debugger: org.qtproject.example.camera)/@0x4732e, leashParent=Surface(name=WindowToken{a5b3ae7 type=2003 android.view.ViewRootImpl$W@476f0a6})/@0x913ecf
01-05 11:59:39.194 1504 1504 D SamsungLightBarControlHelper: updateStatus(WHITE icon) NumStacks:1, StatusBarMode:MODE_TRANSPARENT, lightBarBounds:[], StatusBarState:SHADE, packageName:android, isWhiteKeyguardStatusBarBySettings:true
01-05 11:59:39.195 749 1195 I SurfaceFlinger: id=208 createSurf flag=24004, Surface(name=a74a694 Waiting For Debugger: org.qtproject.example.camera)/@0x4732e - animation-leash of window_animation#208
01-05 11:59:39.195 1128 1152 D WindowManager: makeSurface duration=0 leash=Surface(name=Surface(name=a74a694 Waiting For Debugger: org.qtproject.example.camera)/@0x4732e - animation-leash of window_animation)/@0x215005c
01-05 11:59:39.195 1128 1152 V WindowManager: performShowLocked: mDrawState=HAS_DRAWN in Window{a74a694 u0 Waiting For Debugger: org.qtproject.example.camera}
01-05 11:59:39.196 749 2267 I SurfaceFlinger: id=209 createSurf flag=20004, Dim Layer for - WindowedMagnification:0:31#209
01-05 11:59:39.196 1128 1152 I WindowManager: Reparenting to leash, surface=Surface(name=Dim Layer for - WindowedMagnification:0:31)/@0xc355f65, leashParent=Surface(name=WindowedMagnification:0:31)/@0x820e318
01-05 11:59:39.197 749 2267 I SurfaceFlinger: id=210 createSurf flag=24000, Surface(name=Dim Layer for - WindowedMagnification:0:31)/@0xc355f65 - animation-leash of dimmer#210
01-05 11:59:39.197 749 1195 I gralloc4: register: id=2b2000000b1, handle:0xb400007b83c22f00, vaddr=0x7b82e10000
01-05 11:59:39.197 1128 1152 D WindowManager: makeSurface duration=0 leash=Surface(name=Surface(name=Dim Layer for - WindowedMagnification:0:31)/@0xc355f65 - animation-leash of dimmer)/@0x2e8943a
01-05 11:59:39.204 1955 1955 W SearchLauncherServiceMover: isMoving : false
01-05 11:59:39.204 749 749 I Layer : sf layer Visibility: (BufferStateLayer)layer name =Waiting For Debugger: org.qtproject.example.camera#207, isVisible=0 (Hiddenflag = 0, Alpha = 1.000000, [BufferInfo.mBuffer||mSidebandStream] = 0)
01-05 11:59:39.206 1955 1955 I RecentsAnimationDeviceState: setSystemUiFlags, stateFlags : 131072
01-05 11:59:39.206 691 748 I gralloc4: register: id=2b200000073, handle:0xb400007ab9283b00, vaddr=0x7a17808000
01-05 11:59:39.206 1955 1955 I TouchInteractionService: onSystemUiFlagsChanged, lastSysUIFlags : 16777216
01-05 11:59:39.206 1955 1955 I TaskbarActivityContext: updateSysuiStateFlags : 131072
01-05 11:59:39.206 691 748 I gralloc4: unregister: id=2b200000073, handle:0xb400007ab9298300, vaddr=0x7a1d6af000
01-05 11:59:39.206 691 748 I gralloc4: register: id=2b2000000ab, handle:0xb400007ab9298300, vaddr=0x7a1dc0a000
01-05 11:59:39.206 691 748 I gralloc4: unregister: id=2b2000000ab, handle:0xb400007ab9298e00, vaddr=0x7a18651000
01-05 11:59:39.206 691 748 I gralloc4: register: id=2b2000000ac, handle:0xb400007ab9298e00, vaddr=0x7a18f3f000
01-05 11:59:39.206 691 748 I gralloc4: unregister: id=2b2000000ac, handle:0xb400007ab9298900, vaddr=0x7a1f6d4000
01-05 11:59:39.207 691 748 I gralloc4: register: id=2b20000006c, handle:0xb400007ab9298900, vaddr=0x7a35f79000
01-05 11:59:39.207 691 748 I gralloc4: unregister: id=2b20000006c, handle:0xb400007ab9298700, vaddr=0x7a35e7e000
01-05 11:59:39.207 691 748 I gralloc4: register: id=2b20000003d, handle:0xb400007ab9298700, vaddr=0x7a1f6d4000
01-05 11:59:39.207 691 748 I gralloc4: unregister: id=2b20000003d, handle:0xb400007ab9298d00, vaddr=0x7a1e4f8000
01-05 11:59:39.207 1504 1504 I ViewRootImpl@f630b73[NotificationShade]: performTraversals mFirst=false windowShouldResize=false viewVisibilityChanged=false mForceNextWindowRelayout=false params={(0,0)(fillxfill) gr=TOP CENTER_VERTICAL sim={adjust=resize} layoutInDisplayCutoutMode=always ty=NOTIFICATION_SHADE fmt=TRANSLUCENT
01-05 11:59:39.207 1504 1504 I ViewRootImpl@f630b73[NotificationShade]: fl=81840048
01-05 11:59:39.207 1504 1504 I ViewRootImpl@f630b73[NotificationShade]: pfl=1b000000
01-05 11:59:39.207 1504 1504 I ViewRootImpl@f630b73[NotificationShade]: bhv=SHOW_TRANSIENT_BARS_BY_SWIPE naviIconColor=0
01-05 11:59:39.207 1504 1504 I ViewRootImpl@f630b73[NotificationShade]: sfl=40000}
01-05 11:59:39.208 1128 2950 V WindowManager: Relayout Window{a2884bc u0 NotificationShade}: viewVisibility=4 req=1200x1920 d0
01-05 11:59:39.208 1128 1174 D BatteryExternalStatsWorker: Update wifi state
01-05 11:59:39.208 1128 1174 D BatteryExternalStatsWorker: done updateExternalStatsLocked
01-05 11:59:39.210 1128 2950 V WindowManager: Relayout hash=a2884bc, pid=1504, syncId=-1: mAttrs={(0,0)(fillxfill) gr=TOP CENTER_VERTICAL sim={adjust=resize} layoutInDisplayCutoutMode=always ty=NOTIFICATION_SHADE fmt=TRANSLUCENT
01-05 11:59:39.210 1128 2950 V WindowManager: fl=81840048
01-05 11:59:39.210 1128 2950 V WindowManager: pfl=1b000000
01-05 11:59:39.210 1128 2950 V WindowManager: bhv=SHOW_TRANSIENT_BARS_BY_SWIPE naviIconColor=0
01-05 11:59:39.210 1128 2950 V WindowManager: sfl=40000}
01-05 11:59:39.211 1504 1504 D InsetsController: onStateChanged: InsetsState: {mDisplayFrame=Rect(0, 0 - 1200, 1920), mDisplayCutout=DisplayCutout{insets=Rect(0, 0 - 0, 0) waterfall=Insets{left=0, top=0, right=0, bottom=0} boundingRect={Bounds=[Rect(0, 0 - 0, 0), Rect(0, 0 - 0, 0), Rect(0, 0 - 0, 0), Rect(0, 0 - 0, 0)]} cutoutPathParserInfo={CutoutPathParserInfo{displayWidth=0 displayHeight=0 physicalDisplayWidth=0 physicalDisplayHeight=0 density={0.0} cutoutSpec={} rotation={0} scale={0.0} physicalPixelDisplaySizeRatio={0.0}}}}, mRoundedCorners=RoundedCorners{[RoundedCorner{position=TopLeft, radius=20, center=Point(20, 20)}, RoundedCorner{position=TopRight, radius=20, center=Point(1180, 20)}, RoundedCorner{position=BottomRight, radius=20, center=Point(1180, 1900)}, RoundedCorner{position=BottomLeft, radius=20, center=Point(20, 1900)}]} mRoundedCornerFrame=Rect(0, 0 - 0, 0), mPrivacyIndicatorBounds=PrivacyIndicatorBounds {static bounds=Rect(1134, 0 - 1200, 36) rotation=0}, mSources= { InsetsSource: {mType=ITYPE_LEFT_GESTURES, mFrame=[0,0][0,1920], mVisible=true, mInsetsRoundedCornerFrame=false}, InsetsSource: {mType=ITYPE_RIGHT_GESTURES, mFrame=[1200,0][1200,1920], mVisible=true, mInsetsRoundedCornerFrame=false}, InsetsSource: {mType=ITYPE_TOP_MANDATORY_GESTURES, mFrame=[0,0][1200,36], mVisible=true, mInsetsRoundedCornerFrame=false}, InsetsSource: {mType=ITYPE_BOTTOM_MANDATORY_GESTURES, mFrame=[0,1848][1200,1920], mVisible=true, mInsetsRoundedCornerFrame=false}, InsetsSource: {mType=ITYPE_BOTTOM_TAPPABLE_ELEMENT, mFrame=[0,1848][1200,1920], mVisible=true, mInsetsRoundedCornerFrame=false}, InsetsSource: {mType=ITYPE_EXTRA_NAVIGATION_BAR, mFrame=[0,1848][1200,1920], mVisible=true, mInsetsRoundedCornerFrame=true} } host=NotificationShade from=android.view.ViewRootImpl.relayoutWindow:9945
01-05 11:59:39.212 1504 1504 I ViewRootImpl@f630b73[NotificationShade]: Relayout returned: old=(0,0,1200,1920) new=(0,0,1200,1920) req=(1200,1920)4 dur=4 res=0x0 s={false 0x0} ch=false seqId=4
01-05 11:59:39.220 1955 1955 W SearchLauncherServiceMover: isMoving : false
01-05 11:59:39.221 1955 1955 I TaskbarDragLayer: Region update Empty
01-05 11:59:39.222 691 748 I gralloc4: register: id=2b200000073, handle:0xb400007ab9298d00, vaddr=0x7a159bf000
01-05 11:59:39.223 691 748 I gralloc4: unregister: id=2b200000073, handle:0xb400007ab9283b00, vaddr=0x7a17808000
01-05 11:59:39.223 691 748 I gralloc4: register: id=2b2000000ab, handle:0xb400007ab9283b00, vaddr=0x7a1e4f8000
01-05 11:59:39.223 691 748 I gralloc4: unregister: id=2b2000000ab, handle:0xb400007ab9298300, vaddr=0x7a1dc0a000
01-05 11:59:39.223 691 748 I gralloc4: register: id=2b2000000ac, handle:0xb400007ab9298300, vaddr=0x7a1dc0a000
01-05 11:59:39.223 691 748 I gralloc4: unregister: id=2b2000000ac, handle:0xb400007ab9298e00, vaddr=0x7a18f3f000
01-05 11:59:39.223 691 748 I gralloc4: register: id=2b200000038, handle:0xb400007ab9298e00, vaddr=0x7a35e7e000
01-05 11:59:39.223 691 748 I gralloc4: unregister: id=2b200000038, handle:0xb400007ab9298500, vaddr=0x7a35eeb000
01-05 11:59:39.224 691 748 I gralloc4: register: id=2b20000003e, handle:0xb400007ab9298500, vaddr=0x7a18f3f000
01-05 11:59:39.224 691 748 I gralloc4: unregister: id=2b20000003e, handle:0xb400007ab9283200, vaddr=0x7a1a11b000
01-05 11:59:39.237 1955 1955 W SearchLauncherServiceMover: isMoving : false
01-05 11:59:39.237 1955 1955 I TaskbarRecentView: need not updateRecentItemsAfterTaskbarAnimation
01-05 11:59:39.238 1128 2950 D InputDispatcher: Focus entered window (0): a74a694 Waiting For Debugger: org.qtproject.example.camera
01-05 11:59:39.238 1955 1955 I TaskbarView: onAnimationEnd() called - Rect(151, 1 - 625, 73)
01-05 11:59:39.238 1955 1955 I TaskbarLauncherStateController: End animation onStateChangeApplied
01-05 11:59:39.238 1128 1149 I ViewRootImpl@476f0a6[camera]: MSG_WINDOW_FOCUS_CHANGED 1 0
01-05 11:59:39.239 1128 1149 I ViewRootImpl@476f0a6[camera]: mThreadedRenderer.initializeIfNeeded()#2 mSurface={isValid=true 0xb4000074555b6800}
01-05 11:59:39.239 691 748 I gralloc4: register: id=2b200000073, handle:0xb400007ab9283200, vaddr=0x7a180f6000
01-05 11:59:39.239 691 748 I gralloc4: unregister: id=2b200000073, handle:0xb400007ab9298d00, vaddr=0x7a159bf000
01-05 11:59:39.240 691 748 I gralloc4: register: id=2b2000000ab, handle:0xb400007ab9298d00, vaddr=0x7a1a11b000
01-05 11:59:39.240 691 748 I gralloc4: unregister: id=2b2000000ab, handle:0xb400007ab9283b00, vaddr=0x7a1e4f8000
01-05 11:59:39.240 691 748 I gralloc4: register: id=2b2000000ac, handle:0xb400007ab9283b00, vaddr=0x7a1e4f8000
01-05 11:59:39.240 691 748 I gralloc4: unregister: id=2b2000000ac, handle:0xb400007ab9298300, vaddr=0x7a1dc0a000
01-05 11:59:39.240 691 748 I gralloc4: register: id=2b2000000b1, handle:0xb400007ab9298300, vaddr=0x7a2189b000
01-05 11:59:39.240 691 748 I gralloc4: register: id=2b20000003b, handle:0xb400007ab9298c00, vaddr=0x7a35eeb000
01-05 11:59:39.240 691 748 I gralloc4: unregister: id=2b20000003b, handle:0xb400007ab9283e00, vaddr=0x7a35d70000
01-05 11:59:39.240 691 748 I gralloc4: register: id=2b20000003c, handle:0xb400007ab9283e00, vaddr=0x7a1dc0a000
01-05 11:59:39.240 691 748 I gralloc4: unregister: id=2b20000003c, handle:0xb400007ab9298a00, vaddr=0x7a1b2f7000
01-05 11:59:39.242 1955 1955 I TaskbarDragLayer: Region update (0, 0, 1200, 1848)
01-05 11:59:39.245 749 749 D SurfaceFlinger: Display 0 HWC layers:
01-05 11:59:39.245 749 749 D SurfaceFlinger: CLIENT | 0xb400007b816ff400 | 0100 | RGBA_8888 | 360.0 0.0 1560.0 1920.0 | 0 0 1200 1920 | Wallpaper BBQ wrapper#77
01-05 11:59:39.245 749 749 D SurfaceFlinger: CLIENT | 0xb400007ba4602f00 | 0100 | RGBA_8888 | 0.0 0.0 1200.0 1920.0 | 0 0 1200 1920 | com.sec.android.app.launcher/com.sec[...]ctivities.LauncherActivity$_1955#190
01-05 11:59:39.245 749 749 D SurfaceFlinger: CLIENT | 0xb400007ba4602200 | 0100 | RGBA_8888 | 0.0 0.0 1200.0 1920.0 | 13 20 1187 1900 | Splash Screen org.qtproject.example.camera$_1504#199
01-05 11:59:39.245 749 749 D SurfaceFlinger: CLIENT | | 0000 | Unknown | 0.0 0.0 0.0 0.0 | 0 0 1200 1920 | Dim Layer for - WindowedMagnification:0:31#209
01-05 11:59:39.245 749 749 D SurfaceFlinger: CLIENT | 0xb400007b83c22f00 | 0100 | RGBA_8888 | 0.0 0.0 584.0 348.0 | 308 1504 892 1852 | Waiting For Debugger: org.qtproject.example.camera#207
01-05 11:59:39.245 749 749 D SurfaceFlinger: CLIENT | 0xb400007ba466f600 | 0100 | RGBA_8888 | 0.0 0.0 1200.0 36.0 | 0 0 1200 36 | StatusBar$_1504#82
01-05 11:59:39.245 749 749 D SurfaceFlinger: CLIENT | 0xb400007b83c23400 | 0100 | RGBA_8888 | 0.0 0.0 1200.0 1
01-05 11:59:39.245 749 749 D SurfaceFlinger: 920.0 | 0 0 1200 1920 | Taskbar$_1955#126
01-05 11:59:39.245 749 749 D SurfaceFlinger:
01-05 11:59:39.255 691 748 I gralloc4: register: id=2b200000073, handle:0xb400007ab9298a00, vaddr=0x7a159bf000
01-05 11:59:39.255 691 748 I gralloc4: unregister: id=2b200000073, handle:0xb400007ab9283200, vaddr=0x7a180f6000
01-05 11:59:39.256 691 748 I gralloc4: register: id=2b2000000ab, handle:0xb400007ab9283200, vaddr=0x7a1b2f7000
01-05 11:59:39.256 691 748 I gralloc4: unregister: id=2b2000000ab, handle:0xb400007ab9298d00, vaddr=0x7a1a11b000
01-05 11:59:39.256 691 748 I gralloc4: register: id=2b2000000ac, handle:0xb400007ab9298d00, vaddr=0x7a1a11b000
01-05 11:59:39.256 691 748 I gralloc4: unregister: id=2b2000000ac, handle:0xb400007ab9283b00, vaddr=0x7a1e4f8000
01-05 11:59:39.256 691 748 I gralloc4: register: id=2b2000000b1, handle:0xb400007ab9283b00, vaddr=0x7a217cc000
01-05 11:59:39.256 691 748 I gralloc4: unregister: id=2b2000000b1, handle:0xb400007ab9298300, vaddr=0x7a2189b000
01-05 11:59:39.256 691 748 I gralloc4: register: id=2b20000006c, handle:0xb400007ab9298300, vaddr=0x7a35d70000
01-05 11:59:39.256 691 748 I gralloc4: unregister: id=2b20000006c, handle:0xb400007ab9298900, vaddr=0x7a35f79000
01-05 11:59:39.256 691 748 I gralloc4: register: id=2b20000003d, handle:0xb400007ab9298900, vaddr=0x7a1e4f8000
01-05 11:59:39.256 691 748 I gralloc4: unregister: id=2b20000003d, handle:0xb400007ab9298700, vaddr=0x7a1f6d4000
01-05 11:59:39.257 1128 1756 D MdnieScenarioControlService: packageName : org.qtproject.example.camera className : org.qtproject.qt.android.bindings.QtActivity
01-05 11:59:39.257 1128 1756 V MdnieScenarioControlService: setUIMode from UI function(3)
01-05 11:59:39.272 691 748 I gralloc4: register: id=2b200000073, handle:0xb400007ab9298700, vaddr=0x7a180f6000
01-05 11:59:39.272 691 748 I gralloc4: unregister: id=2b200000073, handle:0xb400007ab9298a00, vaddr=0x7a159bf000
01-05 11:59:39.273 691 748 I gralloc4: register: id=2b2000000ab, handle:0xb400007ab9298a00, vaddr=0x7a1f6d4000
01-05 11:59:39.273 691 748 I gralloc4: unregister: id=2b2000000ab, handle:0xb400007ab9283200, vaddr=0x7a1b2f7000
01-05 11:59:39.273 691 748 I gralloc4: register: id=2b2000000ac, handle:0xb400007ab9283200, vaddr=0x7a1b2f7000
01-05 11:59:39.273 691 748 I gralloc4: unregister: id=2b2000000ac, handle:0xb400007ab9298d00, vaddr=0x7a1a11b000
01-05 11:59:39.273 691 748 I gralloc4: register: id=2b2000000b1, handle:0xb400007ab9298d00, vaddr=0x7a2189b000
