01-05 11:59:41.298 742 953 V APM_AudioPolicyManager: listAudioPorts() role 0 type 0 num_ports 8 ports 0xb400007c884a7b00
01-05 11:59:41.298 742 953 V APM_AudioPolicyManager: listAudioPorts() got 7 ports needed 7
01-05 11:59:41.298 742 953 V APM_AudioPolicyManager: listAudioPorts() role 0 type 0 num_ports 0 ports 0xb400007c9f4589c0
01-05 11:59:41.298 742 953 V APM_AudioPolicyManager: listAudioPorts() got 0 ports needed 7
01-05 11:59:41.298 742 6745 V APM_AudioPolicyManager: listAudioPorts() role 0 type 0 num_ports 0 ports 0xb400007c9b3fc080
01-05 11:59:41.298 742 6745 V APM_AudioPolicyManager: listAudioPorts() got 0 ports needed 7
01-05 11:59:41.299 742 6745 V APM_AudioPolicyManager: listAudioPorts() role 0 type 0 num_ports 7 ports 0xb400007c84f54d40
01-05 11:59:41.299 742 6745 V APM_AudioPolicyManager: listAudioPorts() got 7 ports needed 7
01-05 11:59:41.299 742 953 V APM_AudioPolicyManager: listAudioPorts() role 0 type 0 num_ports 7 ports 0xb400007c884a7600
01-05 11:59:41.299 742 953 V APM_AudioPolicyManager: listAudioPorts() got 7 ports needed 7
01-05 11:59:41.300 742 6745 V APM_AudioPolicyManager: listAudioPorts() role 0 type 0 num_ports 0 ports 0xb400007c9b3fc080
01-05 11:59:41.300 742 6745 V APM_AudioPolicyManager: listAudioPorts() got 0 ports needed 7
01-05 11:59:41.300 742 6745 V APM_AudioPolicyManager: listAudioPorts() role 0 type 0 num_ports 0 ports 0xb400007c9b3fc080
01-05 11:59:41.301 742 6745 V APM_AudioPolicyManager: listAudioPorts() got 0 ports needed 7
01-05 11:59:41.301 742 953 V APM_AudioPolicyManager: listAudioPorts() role 0 type 0 num_ports 7 ports 0xb400007c884a7280
01-05 11:59:41.301 742 953 V APM_AudioPolicyManager: listAudioPorts() got 7 ports needed 7
01-05 11:59:41.301 742 6745 V APM_AudioPolicyManager: listAudioPorts() role 0 type 0 num_ports 7 ports 0xb400007c84f542c0
01-05 11:59:41.301 742 6745 V APM_AudioPolicyManager: listAudioPorts() got 7 ports needed 7
01-05 11:59:41.301 742 10442 V APM_AudioPolicyManager: getInputForAttr() source 0, sampling rate 22050, format 0x3, channel mask 0x80000004, session 305, flags 0 attributes={ Content type: AUDIO_CONTENT_TYPE_UNKNOWN Usage: AUDIO_USAGE_UNKNOWN Source: AUDIO_SOURCE_DEFAULT Flags: 0x0 Tags: } requested device ID 0
01-05 11:59:41.302 1128 1145 I EDMNativeHelperService: isMicrophoneEnabled
01-05 11:59:41.302 1128 1145 D RestrictionPolicy: userId: 0, isMicrophoneEnabledAsUser : true
01-05 11:59:41.303 1128 1145 I EDMNativeHelperService: isAudioRecordAllowed
01-05 11:59:41.303 1128 1145 D RestrictionPolicy: userId: 0 isAudioRecordAllowed : true
01-05 11:59:41.303 742 10442 V APM_AudioPolicyManager: getInputForAttr found device type is 0x80000004
01-05 11:59:41.303 742 10442 I MultiRecordManager: openMultiRecordAllowed() skipMultiRecord 1, openMultiRecordAllowed 0, moduleName primary, source 1, flag 0
01-05 11:59:41.304 742 10442 I MultiRecordManager: openInputStream() skipMultiRecord
01-05 11:59:41.304 683 734 I audio_hw_primary: adev_open_input_stream,devices=0x80000004,sample_rate=22050, channel_count=2 flags:0 source:1
01-05 11:59:41.304 683 734 I audio_hw_control: dev_ctl_get_in_pcm_config AUDIO_HW_APP_NORMAL_RECORD
01-05 11:59:41.304 683 734 I audio_hw_primary: audio_add_input type:7 in:0xeeda3500
01-05 11:59:41.304 683 734 I audio_hw_primary: adev_open_input_stream,devices=0x80000004,sample_rate=22050, channel_count=2
01-05 11:59:41.305 683 734 I audio_hw_primary: 0xeeda3500 in_get_buffer_size:640
01-05 11:59:41.305 683 734 I audio_hw_primary: 0xeeda3500 in_get_buffer_size:640
01-05 11:59:41.306 742 10656 I AudioFlinger: AudioFlinger's thread 0xb400007c84f54380 tid=10656 ready to run
01-05 11:59:41.306 683 734 I audio_hw_primary: in_standby:0xeeda3500
01-05 11:59:41.307 742 10442 V APM_AudioPolicyManager: getInputForAttr() returns input 326 type 0 selectedDeviceId 7 for port ID 89
01-05 11:59:41.308 683 734 I audio_hw_primary: in_standby:0xeeda3500
01-05 11:59:41.310 742 953 V APM_AudioPolicyManager: listAudioPorts() role 0 type 0 num_ports 0 ports 0xb400007c9f4589c0
01-05 11:59:41.310 742 953 V APM_AudioPolicyManager: listAudioPorts() got 0 ports needed 8
01-05 11:59:41.310 742 10442 V APM_AudioPolicyManager: listAudioPorts() role 0 type 0 num_ports 0 ports 0xb400007c9b3fc118
01-05 11:59:41.310 742 10442 V APM_AudioPolicyManager: listAudioPorts() got 0 ports needed 8
01-05 11:59:41.310 742 6745 V APM_AudioPolicyManager: releaseInput portId 89
01-05 11:59:41.310 742 6745 V APM_AudioPolicyManager: releaseInput 326
01-05 11:59:41.310 742 6745 V APM_AudioPolicyManager: closeInput(326)
01-05 11:59:41.311 683 734 I audio_hw_primary: in_dump enter
01-05 11:59:41.311 683 734 I audio_hw_primary: in_dump exit
01-05 11:59:41.312 742 6745 I MultiRecordManager: closeInputStream() skipMultiRecord
01-05 11:59:41.313 742 6745 V APM_AudioPolicyManager: releaseInput exit
01-05 11:59:41.314 742 953 V APM_AudioPolicyManager: listAudioPorts() role 0 type 0 num_ports 8 ports 0xb400007c884a7f00
01-05 11:59:41.314 742 953 V APM_AudioPolicyManager: listAudioPorts() got 7 ports needed 7
01-05 11:59:41.314 742 10442 V APM_AudioPolicyManager: listAudioPorts() role 0 type 0 num_ports 8 ports 0xb400007c84ff6e80
01-05 11:59:41.314 742 10442 V APM_AudioPolicyManager: listAudioPorts() got 7 ports needed 7
01-05 11:59:41.314 683 734 I audio_hw_primary: in_standby:0xeeda3500
01-05 11:59:41.315 683 734 I audio_hw_primary: audio_del_input type:7 out:0xeeda3500
01-05 11:59:41.315 683 734 I audio_hw_primary: audio_del_input:0xeeda3500 type:7
01-05 11:59:41.315 683 734 I audio_hw_primary: adev_close_input_stream 5840
01-05 11:59:41.315 742 10442 V APM_AudioPolicyManager: listAudioPorts() role 0 type 0 num_ports 0 ports 0xb400007c9b3fc118
01-05 11:59:41.315 742 10442 V APM_AudioPolicyManager: listAudioPorts() got 0 ports needed 7
01-05 11:59:41.315 742 953 V APM_AudioPolicyManager: listAudioPorts() role 0 type 0 num_ports 0 ports 0xb400007c9f4589c0
01-05 11:59:41.315 742 953 V APM_AudioPolicyManager: listAudioPorts() got 0 ports needed 7
01-05 11:59:41.315 742 10442 V APM_AudioPolicyManager: listAudioPorts() role 0 type 0 num_ports 7 ports 0xb400007c84fa5480
01-05 11:59:41.315 742 10442 V APM_AudioPolicyManager: listAudioPorts() got 7 ports needed 7
01-05 11:59:41.315 742 953 V APM_AudioPolicyManager: listAudioPorts() role 0 type 0 num_ports 7 ports 0xb400007c884a7b40
01-05 11:59:41.315 742 953 V APM_AudioPolicyManager: listAudioPorts() got 7 ports needed 7
01-05 11:59:41.317 742 953 V APM_AudioPolicyManager: listAudioPorts() role 0 type 0 num_ports 0 ports 0xb400007c9f4589c0
01-05 11:59:41.317 742 953 V APM_AudioPolicyManager: listAudioPorts() got 0 ports needed 7
01-05 11:59:41.317 742 953 V APM_AudioPolicyManager: listAudioPorts() role 0 type 0 num_ports 7 ports 0xb400007c884a7740
01-05 11:59:41.317 742 953 V APM_AudioPolicyManager: listAudioPorts() got 7 ports needed 7
01-05 11:59:41.318 742 10442 V APM_AudioPolicyManager: listAudioPorts() role 0 type 0 num_ports 0 ports 0xb400007c9b3fc118
01-05 11:59:41.318 742 10442 V APM_AudioPolicyManager: listAudioPorts() got 0 ports needed 7
01-05 11:59:41.318 742 953 V APM_AudioPolicyManager: listAudioPorts() role 0 type 0 num_ports 7 ports 0xb400007c884a7700
01-05 11:59:41.319 742 953 V APM_AudioPolicyManager: listAudioPorts() got 7 ports needed 7
01-05 11:59:41.319 742 742 V APM_AudioPolicyManager: getInputForAttr() source 0, sampling rate 24000, format 0x3, channel mask 0x80000004, session 313, flags 0x5 attributes={ Content type: AUDIO_CONTENT_TYPE_UNKNOWN Usage: AUDIO_USAGE_UNKNOWN Source: AUDIO_SOURCE_DEFAULT Flags: 0x0 Tags: } requested device ID 0
01-05 11:59:41.320 1128 4094 I EDMNativeHelperService: isMicrophoneEnabled
01-05 11:59:41.320 1128 4094 D RestrictionPolicy: userId: 0, isMicrophoneEnabledAsUser : true
01-05 11:59:41.321 1128 4094 I EDMNativeHelperService: isAudioRecordAllowed
01-05 11:59:41.321 1128 4094 D RestrictionPolicy: userId: 0 isAudioRecordAllowed : true
01-05 11:59:41.321 742 742 V APM_AudioPolicyManager: getInputForAttr found device type is 0x80000004
01-05 11:59:41.322 742 742 I MultiRecordManager: openMultiRecordAllowed() skipMultiRecord 1, openMultiRecordAllowed 0, moduleName primary, source 1, flag 0x1
01-05 11:59:41.322 742 742 I MultiRecordManager: openInputStream() skipMultiRecord
01-05 11:59:41.322 683 734 I audio_hw_primary: adev_open_input_stream,devices=0x80000004,sample_rate=24000, channel_count=2 flags:1 source:1
01-05 11:59:41.322 683 734 I audio_hw_control: dev_ctl_get_in_pcm_config AUDIO_HW_APP_NORMAL_RECORD
01-05 11:59:41.322 683 734 I audio_hw_primary: audio_add_input type:7 in:0xeeda3500
01-05 11:59:41.322 683 734 I audio_hw_primary: adev_open_input_stream,devices=0x80000004,sample_rate=24000, channel_count=2
01-05 11:59:41.323 683 734 I audio_hw_primary: 0xeeda3500 in_get_buffer_size:1920
01-05 11:59:41.324 683 734 I audio_hw_primary: 0xeeda3500 in_get_buffer_size:1920
01-05 11:59:41.324 742 10659 I AudioFlinger: AudioFlinger's thread 0xb400007c885d1480 tid=10659 ready to run
01-05 11:59:41.325 683 734 I audio_hw_primary: in_standby:0xeeda3500
01-05 11:59:41.325 742 742 V APM_AudioPolicyManager: getInputForAttr() returns input 334 type 0 selectedDeviceId 7 for port ID 91
01-05 11:59:41.326 720 745 E CP_CONNECT_CTL: socket_reconnect: socket_reconnect src_sock=10, des_socket=cp_time_sync_server.
01-05 11:59:41.326 683 734 I audio_hw_primary: in_standby:0xeeda3500
01-05 11:59:41.326 720 745 E CP_CONNECT_CTL: process_socket_connect: open cp_time_sync_server failed: Connection refused [111(Connection refused)]
01-05 11:59:41.326 720 745 E CP_CONNECT_CTL: socket_reconnect: socket_reconnect src_sock=10, des_socket=cp_time_sync_server.
01-05 11:59:41.326 720 745 E CP_CONNECT_CTL: process_socket_connect: open cp_time_sync_server failed: Connection refused [111(Connection refused)]
01-05 11:59:41.326 720 745 E CP_CONNECT_CTL: socket_reconnect: socket_reconnect src_sock=10, des_socket=cp_time_sync_server.
01-05 11:59:41.326 720 745 E CP_CONNECT_CTL: process_socket_connect: open cp_time_sync_server failed: Connection refused [111(Connection refused)]
01-05 11:59:41.326 720 745 E CP_CONNECT_CTL: socket_reconnect: socket_reconnect src_sock=10, des_socket=cp_time_sync_server.
01-05 11:59:41.326 720 745 E CP_CONNECT_CTL: process_socket_connect: open cp_time_sync_server failed: Connection refused [111(Connection refused)]
01-05 11:59:41.327 742 742 W AudioFlinger: createRecordTrack_l(): mismatch between requested flags (00000005) and input flags (00000001)
01-05 11:59:41.327 742 10442 V APM_AudioPolicyManager: listAudioPorts() role 0 type 0 num_ports 0 ports 0xb400007c9b3fc118
01-05 11:59:41.327 742 10442 V APM_AudioPolicyManager: listAudioPorts() got 0 ports needed 8
01-05 11:59:41.327 742 742 V APM_AudioPolicyManager: releaseInput portId 91
01-05 11:59:41.327 742 742 V APM_AudioPolicyManager: releaseInput 334
01-05 11:59:41.327 742 742 V APM_AudioPolicyManager: closeInput(334)
01-05 11:59:41.328 683 734 I audio_hw_primary: in_dump enter
01-05 11:59:41.328 683 734 I audio_hw_primary: in_dump exit
01-05 11:59:41.329 742 742 I MultiRecordManager: closeInputStream() skipMultiRecord
01-05 11:59:41.330 683 734 I audio_hw_primary: in_standby:0xeeda3500
01-05 11:59:41.330 683 734 I audio_hw_primary: audio_del_input type:7 out:0xeeda3500
01-05 11:59:41.330 683 734 I audio_hw_primary: audio_del_input:0xeeda3500 type:7
01-05 11:59:41.330 683 734 I audio_hw_primary: adev_close_input_stream 5840
01-05 11:59:41.331 742 742 V APM_AudioPolicyManager: releaseInput exit
01-05 11:59:41.331 742 953 V APM_AudioPolicyManager: listAudioPorts() role 0 type 0 num_ports 8 ports 0xb400007c884a7b40
01-05 11:59:41.331 742 953 V APM_AudioPolicyManager: listAudioPorts() got 7 ports needed 7
01-05 11:59:41.332 742 10442 V APM_AudioPolicyManager: listAudioPorts() role 0 type 0 num_ports 0 ports 0xb400007c9b3fc118
01-05 11:59:41.332 742 10442 V APM_AudioPolicyManager: listAudioPorts() got 0 ports needed 7
01-05 11:59:41.332 742 953 V APM_AudioPolicyManager: listAudioPorts() role 0 type 0 num_ports 0 ports 0xb400007c9f4589c0
01-05 11:59:41.332 742 953 V APM_AudioPolicyManager: listAudioPorts() got 0 ports needed 7
01-05 11:59:41.332 742 10442 V APM_AudioPolicyManager: listAudioPorts() role 0 type 0 num_ports 7 ports 0xb400007c84f54500
01-05 11:59:41.332 742 10442 V APM_AudioPolicyManager: listAudioPorts() got 7 ports needed 7
01-05 11:59:41.332 742 953 V APM_AudioPolicyManager: listAudioPorts() role 0 type 0 num_ports 7 ports 0xb400007c884a7780
01-05 11:59:41.333 742 953 V APM_AudioPolicyManager: listAudioPorts() got 7 ports needed 7
01-05 11:59:41.334 742 953 V APM_AudioPolicyManager: listAudioPorts() role 0 type 0 num_ports 0 ports 0xb400007c9f4589c0
01-05 11:59:41.334 742 953 V APM_AudioPolicyManager: listAudioPorts() got 0 ports needed 7
01-05 11:59:41.334 742 953 V APM_AudioPolicyManager: listAudioPorts() role 0 type 0 num_ports 7 ports 0xb400007c884a7b40
01-05 11:59:41.334 742 953 V APM_AudioPolicyManager: listAudioPorts() got 7 ports needed 7
01-05 11:59:41.335 742 742 V APM_AudioPolicyManager: getInputForAttr() source 0, sampling rate 24000, format 0x3, channel mask 0x80000004, session 313, flags 0 attributes={ Content type: AUDIO_CONTENT_TYPE_UNKNOWN Usage: AUDIO_USAGE_UNKNOWN Source: AUDIO_SOURCE_DEFAULT Flags: 0x0 Tags: } requested device ID 0
01-05 11:59:41.335 1128 1145 I EDMNativeHelperService: isMicrophoneEnabled
01-05 11:59:41.336 1128 1145 D RestrictionPolicy: userId: 0, isMicrophoneEnabledAsUser : true
01-05 11:59:41.336 1128 1145 I EDMNativeHelperService: isAudioRecordAllowed
01-05 11:59:41.337 1128 1145 D RestrictionPolicy: userId: 0 isAudioRecordAllowed : true
01-05 11:59:41.337 742 742 V APM_AudioPolicyManager: getInputForAttr found device type is 0x80000004
01-05 11:59:41.337 742 742 I MultiRecordManager: openMultiRecordAllowed() skipMultiRecord 1, openMultiRecordAllowed 0, moduleName primary, source 1, flag 0
01-05 11:59:41.337 742 742 I MultiRecordManager: openInputStream() skipMultiRecord
01-05 11:59:41.338 683 734 I audio_hw_primary: adev_open_input_stream,devices=0x80000004,sample_rate=24000, channel_count=2 flags:0 source:1
01-05 11:59:41.338 683 734 I audio_hw_control: dev_ctl_get_in_pcm_config AUDIO_HW_APP_NORMAL_RECORD
01-05 11:59:41.338 683 734 I audio_hw_primary: audio_add_input type:7 in:0xeeda3500
01-05 11:59:41.338 683 734 I audio_hw_primary: adev_open_input_stream,devices=0x80000004,sample_rate=24000, channel_count=2
01-05 11:59:41.339 683 734 I audio_hw_primary: 0xeeda3500 in_get_buffer_size:1920
01-05 11:59:41.339 683 734 I audio_hw_primary: 0xeeda3500 in_get_buffer_size:1920
01-05 11:59:41.340 742 10661 I AudioFlinger: AudioFlinger's thread 0xb400007c885d1900 tid=10661 ready to run
01-05 11:59:41.340 683 734 I audio_hw_primary: in_standby:0xeeda3500
01-05 11:59:41.341 742 742 V APM_AudioPolicyManager: getInputForAttr() returns input 342 type 0 selectedDeviceId 7 for port ID 93
01-05 11:59:41.341 683 734 I audio_hw_primary: in_standby:0xeeda3500
01-05 11:59:41.343 742 10442 V APM_AudioPolicyManager: listAudioPorts() role 0 type 0 num_ports 0 ports 0xb400007c9b3fc118
01-05 11:59:41.343 742 10442 V APM_AudioPolicyManager: listAudioPorts() got 0 ports needed 8
01-05 11:59:41.343 742 10442 V APM_AudioPolicyManager: listAudioPorts() role 0 type 0 num_ports 8 ports 0xb400007c84f54b00
01-05 11:59:41.343 742 10442 V APM_AudioPolicyManager: listAudioPorts() got 8 ports needed 8
01-05 11:59:41.344 742 742 V APM_AudioPolicyManager: listAudioPorts() role 0 type 0 num_ports 0 ports 0xb400007c9f4589b8
01-05 11:59:41.344 742 742 V APM_AudioPolicyManager: listAudioPorts() got 0 ports needed 8
01-05 11:59:41.344 742 10442 V APM_AudioPolicyManager: releaseInput portId 93
01-05 11:59:41.344 742 10442 V APM_AudioPolicyManager: releaseInput 342
01-05 11:59:41.344 742 10442 V APM_AudioPolicyManager: closeInput(342)
01-05 11:59:41.344 683 734 I audio_hw_primary: in_dump enter
01-05 11:59:41.344 683 734 I audio_hw_primary: in_dump exit
01-05 11:59:41.346 742 10442 I MultiRecordManager: closeInputStream() skipMultiRecord
01-05 11:59:41.347 742 10442 V APM_AudioPolicyManager: releaseInput exit
01-05 11:59:41.347 742 953 V APM_AudioPolicyManager: listAudioPorts() role 0 type 0 num_ports 8 ports 0xb400007c884a70c0
01-05 11:59:41.348 742 953 V APM_AudioPolicyManager: listAudioPorts() got 7 ports needed 7
01-05 11:59:41.348 683 734 I audio_hw_primary: in_standby:0xeeda3500
01-05 11:59:41.348 683 734 I audio_hw_primary: audio_del_input type:7 out:0xeeda3500
01-05 11:59:41.348 683 734 I audio_hw_primary: audio_del_input:0xeeda3500 type:7
01-05 11:59:41.348 683 734 I audio_hw_primary: adev_close_input_stream 5840
01-05 11:59:41.349 742 742 V APM_AudioPolicyManager: listAudioPorts() role 0 type 0 num_ports 0 ports 0xb400007c9f4589b8
01-05 11:59:41.349 742 742 V APM_AudioPolicyManager: listAudioPorts() got 0 ports needed 7
01-05 11:59:41.349 742 742 V APM_AudioPolicyManager: listAudioPorts() role 0 type 0 num_ports 7 ports 0xb400007c884a7900
01-05 11:59:41.349 742 742 V APM_AudioPolicyManager: listAudioPorts() got 7 ports needed 7
01-05 11:59:41.349 742 953 V APM_AudioPolicyManager: listAudioPorts() role 0 type 0 num_ports 0 ports 0xb400007c9f4589c0
01-05 11:59:41.349 742 953 V APM_AudioPolicyManager: listAudioPorts() got 0 ports needed 7
01-05 11:59:41.350 742 742 V APM_AudioPolicyManager: listAudioPorts() role 0 type 0 num_ports 7 ports 0xb400007c884a79c0
01-05 11:59:41.350 742 742 V APM_AudioPolicyManager: listAudioPorts() got 7 ports needed 7
01-05 11:59:41.351 742 742 V APM_AudioPolicyManager: listAudioPorts() role 0 type 0 num_ports 0 ports 0xb400007c9f4589b8
01-05 11:59:41.351 742 742 V APM_AudioPolicyManager: listAudioPorts() got 0 ports needed 7
01-05 11:59:41.351 742 742 V APM_AudioPolicyManager: listAudioPorts() role 0 type 0 num_ports 7 ports 0xb400007c884a7600
01-05 11:59:41.351 742 742 V APM_AudioPolicyManager: listAudioPorts() got 7 ports needed 7
01-05 11:59:41.352 742 6745 V APM_AudioPolicyManager: getInputForAttr() source 0, sampling rate 32000, format 0x3, channel mask 0x80000004, session 321, flags 0x5 attributes={ Content type: AUDIO_CONTENT_TYPE_UNKNOWN Usage: AUDIO_USAGE_UNKNOWN Source: AUDIO_SOURCE_DEFAULT Flags: 0x0 Tags: } requested device ID 0
01-05 11:59:41.352 1128 1145 I EDMNativeHelperService: isMicrophoneEnabled
01-05 11:59:41.353 1128 1145 D RestrictionPolicy: userId: 0, isMicrophoneEnabledAsUser : true
01-05 11:59:41.353 1128 1145 I EDMNativeHelperService: isAudioRecordAllowed
01-05 11:59:41.354 1128 1145 D RestrictionPolicy: userId: 0 isAudioRecordAllowed : true
01-05 11:59:41.354 742 6745 V APM_AudioPolicyManager: getInputForAttr found device type is 0x80000004
01-05 11:59:41.354 742 6745 I MultiRecordManager: openMultiRecordAllowed() skipMultiRecord 1, openMultiRecordAllowed 0, moduleName primary, source 1, flag 0x1
01-05 11:59:41.354 742 6745 I MultiRecordManager: openInputStream() skipMultiRecord
01-05 11:59:41.355 683 734 I audio_hw_primary: adev_open_input_stream,devices=0x80000004,sample_rate=32000, channel_count=2 flags:1 source:1
01-05 11:59:41.355 683 734 I audio_hw_control: dev_ctl_get_in_pcm_config AUDIO_HW_APP_NORMAL_RECORD
01-05 11:59:41.355 683 734 I audio_hw_primary: audio_add_input type:7 in:0xeeda3500
01-05 11:59:41.355 683 734 I audio_hw_primary: adev_open_input_stream,devices=0x80000004,sample_rate=32000, channel_count=2
01-05 11:59:41.356 683 734 I audio_hw_primary: 0xeeda3500 in_get_buffer_size:1280
01-05 11:59:41.356 683 734 I audio_hw_primary: 0xeeda3500 in_get_buffer_size:1280
01-05 11:59:41.357 742 10666 I AudioFlinger: AudioFlinger's thread 0xb400007c84f544c0 tid=10666 ready to run
01-05 11:59:41.357 683 734 I audio_hw_primary: in_standby:0xeeda3500
01-05 11:59:41.358 742 6745 V APM_AudioPolicyManager: getInputForAttr() returns input 350 type 0 selectedDeviceId 7 for port ID 95
01-05 11:59:41.359 683 734 I audio_hw_primary: in_standby:0xeeda3500
01-05 11:59:41.360 742 6745 W AudioFlinger: createRecordTrack_l(): mismatch between requested flags (00000005) and input flags (00000001)
01-05 11:59:41.360 742 6745 V APM_AudioPolicyManager: releaseInput portId 95
01-05 11:59:41.360 742 6745 V APM_AudioPolicyManager: releaseInput 350
01-05 11:59:41.360 742 6745 V APM_AudioPolicyManager: closeInput(350)
01-05 11:59:41.360 683 734 I audio_hw_primary: in_dump enter
01-05 11:59:41.360 683 734 I audio_hw_primary: in_dump exit
01-05 11:59:41.362 742 6745 I MultiRecordManager: closeInputStream() skipMultiRecord
01-05 11:59:41.362 683 734 I audio_hw_primary: in_standby:0xeeda3500
01-05 11:59:41.362 683 734 I audio_hw_primary: audio_del_input type:7 out:0xeeda3500
01-05 11:59:41.362 683 734 I audio_hw_primary: audio_del_input:0xeeda3500 type:7
01-05 11:59:41.362 683 734 I audio_hw_primary: adev_close_input_stream 5840
01-05 11:59:41.363 742 6745 V APM_AudioPolicyManager: releaseInput exit
01-05 11:59:41.364 742 953 V APM_AudioPolicyManager: listAudioPorts() role 0 type 0 num_ports 0 ports 0xb400007c9f4589c0
01-05 11:59:41.364 742 953 V APM_AudioPolicyManager: listAudioPorts() got 0 ports needed 7
01-05 11:59:41.364 742 953 V APM_AudioPolicyManager: listAudioPorts() role 0 type 0 num_ports 7 ports 0xb400007c884a7400
01-05 11:59:41.364 742 953 V APM_AudioPolicyManager: listAudioPorts() got 7 ports needed 7
01-05 11:59:41.364 742 742 V APM_AudioPolicyManager: listAudioPorts() role 0 type 0 num_ports 0 ports 0xb400007c9f4589b8
01-05 11:59:41.364 742 742 V APM_AudioPolicyManager: listAudioPorts() got 0 ports needed 7
01-05 11:59:41.365 742 742 V APM_AudioPolicyManager: listAudioPorts() role 0 type 0 num_ports 7 ports 0xb400007c884a7940
01-05 11:59:41.366 742 742 V APM_AudioPolicyManager: listAudioPorts() got 7 ports needed 7
01-05 11:59:41.366 742 742 V APM_AudioPolicyManager: listAudioPorts() role 0 type 0 num_ports 0 ports 0xb400007c9f4589b8
01-05 11:59:41.366 742 742 V APM_AudioPolicyManager: listAudioPorts() got 0 ports needed 7
01-05 11:59:41.367 742 742 V APM_AudioPolicyManager: listAudioPorts() role 0 type 0 num_ports 7 ports 0xb400007c884a7d40
01-05 11:59:41.367 742 742 V APM_AudioPolicyManager: listAudioPorts() got 7 ports needed 7
01-05 11:59:41.367 742 6745 V APM_AudioPolicyManager: getInputForAttr() source 0, sampling rate 32000, format 0x3, channel mask 0x80000004, session 321, flags 0 attributes={ Content type: AUDIO_CONTENT_TYPE_UNKNOWN Usage: AUDIO_USAGE_UNKNOWN Source: AUDIO_SOURCE_DEFAULT Flags: 0x0 Tags: } requested device ID 0
01-05 11:59:41.367 1128 4102 I EDMNativeHelperService: isMicrophoneEnabled
01-05 11:59:41.368 1128 4102 D RestrictionPolicy: userId: 0, isMicrophoneEnabledAsUser : true
01-05 11:59:41.368 1128 4102 I EDMNativeHelperService: isAudioRecordAllowed
01-05 11:59:41.369 1128 4102 D RestrictionPolicy: userId: 0 isAudioRecordAllowed : true
01-05 11:59:41.369 742 6745 V APM_AudioPolicyManager: getInputForAttr found device type is 0x80000004
01-05 11:59:41.370 742 6745 I MultiRecordManager: openMultiRecordAllowed() skipMultiRecord 1, openMultiRecordAllowed 0, moduleName primary, source 1, flag 0
01-05 11:59:41.370 742 6745 I MultiRecordManager: openInputStream() skipMultiRecord
01-05 11:59:41.370 683 683 I audio_hw_primary: adev_open_input_stream,devices=0x80000004,sample_rate=32000, channel_count=2 flags:0 source:1
01-05 11:59:41.370 683 683 I audio_hw_control: dev_ctl_get_in_pcm_config AUDIO_HW_APP_NORMAL_RECORD
01-05 11:59:41.370 683 683 I audio_hw_primary: audio_add_input type:7 in:0xeeda3900
01-05 11:59:41.370 683 683 I audio_hw_primary: adev_open_input_stream,devices=0x80000004,sample_rate=32000, channel_count=2
01-05 11:59:41.371 683 683 I audio_hw_primary: 0xeeda3900 in_get_buffer_size:1280
01-05 11:59:41.372 683 683 I audio_hw_primary: 0xeeda3900 in_get_buffer_size:1280
01-05 11:59:41.373 742 10669 I AudioFlinger: AudioFlinger's thread 0xb400007c84f54180 tid=10669 ready to run
01-05 11:59:41.373 683 683 I audio_hw_primary: in_standby:0xeeda3900
01-05 11:59:41.373 742 6745 V APM_AudioPolicyManager: getInputForAttr() returns input 358 type 0 selectedDeviceId 7 for port ID 97
01-05 11:59:41.374 683 683 I audio_hw_primary: in_standby:0xeeda3900
01-05 11:59:41.376 742 953 V APM_AudioPolicyManager: listAudioPorts() role 0 type 0 num_ports 0 ports 0xb400007c9f4589c0
01-05 11:59:41.376 742 953 V APM_AudioPolicyManager: listAudioPorts() got 0 ports needed 8
01-05 11:59:41.376 742 742 V APM_AudioPolicyManager: listAudioPorts() role 0 type 0 num_ports 0 ports 0xb400007c9f4589b8
01-05 11:59:41.376 742 742 V APM_AudioPolicyManager: listAudioPorts() got 0 ports needed 8
01-05 11:59:41.376 742 953 V APM_AudioPolicyManager: listAudioPorts() role 0 type 0 num_ports 8 ports 0xb400007c884a7a80
01-05 11:59:41.377 742 953 V APM_AudioPolicyManager: listAudioPorts() got 8 ports needed 8
01-05 11:59:41.377 742 6745 V APM_AudioPolicyManager: releaseInput portId 97
01-05 11:59:41.377 742 6745 V APM_AudioPolicyManager: releaseInput 358
01-05 11:59:41.377 742 6745 V APM_AudioPolicyManager: closeInput(358)
01-05 11:59:41.377 683 683 I audio_hw_primary: in_dump enter
01-05 11:59:41.377 683 683 I audio_hw_primary: in_dump exit
01-05 11:59:41.379 742 6745 I MultiRecordManager: closeInputStream() skipMultiRecord
01-05 11:59:41.380 742 6745 V APM_AudioPolicyManager: releaseInput exit
01-05 11:59:41.380 742 742 V APM_AudioPolicyManager: listAudioPorts() role 0 type 0 num_ports 8 ports 0xb400007c8856b2c0
01-05 11:59:41.380 742 742 V APM_AudioPolicyManager: listAudioPorts() got 7 ports needed 7
01-05 11:59:41.381 742 953 V APM_AudioPolicyManager: listAudioPorts() role 0 type 0 num_ports 0 ports 0xb400007c9f4589c0
01-05 11:59:41.381 742 953 V APM_AudioPolicyManager: listAudioPorts() got 0 ports needed 7
01-05 11:59:41.381 742 742 V APM_AudioPolicyManager: listAudioPorts() role 0 type 0 num_ports 0 ports 0xb400007c9f4589b8
01-05 11:59:41.381 742 742 V APM_AudioPolicyManager: listAudioPorts() got 0 ports needed 7
01-05 11:59:41.381 742 742 V APM_AudioPolicyManager: listAudioPorts() role 0 type 0 num_ports 7 ports 0xb400007c884a7b40
01-05 11:59:41.381 683 683 I audio_hw_primary: in_standby:0xeeda3900
01-05 11:59:41.381 742 742 V APM_AudioPolicyManager: listAudioPorts() got 7 ports needed 7
01-05 11:59:41.381 683 683 I audio_hw_primary: audio_del_input type:7 out:0xeeda3900
01-05 11:59:41.381 683 683 I audio_hw_primary: audio_del_input:0xeeda3900 type:7
01-05 11:59:41.381 683 683 I audio_hw_primary: adev_close_input_stream 5840
01-05 11:59:41.382 742 953 V APM_AudioPolicyManager: listAudioPorts() role 0 type 0 num_ports 7 ports 0xb400007c884a7000
01-05 11:59:41.382 742 953 V APM_AudioPolicyManager: listAudioPorts() got 7 ports needed 7
01-05 11:59:41.383 742 742 V APM_AudioPolicyManager: listAudioPorts() role 0 type 0 num_ports 0 ports 0xb400007c9f4589b8
01-05 11:59:41.383 742 742 V APM_AudioPolicyManager: listAudioPorts() got 0 ports needed 7
01-05 11:59:41.383 742 10442 V APM_AudioPolicyManager: getInputForAttr() source 0, sampling rate 44100, format 0x3, channel mask 0x80000004, session 329, flags 0x5 attributes={ Content type: AUDIO_CONTENT_TYPE_UNKNOWN Usage: AUDIO_USAGE_UNKNOWN Source: AUDIO_SOURCE_DEFAULT Flags: 0x0 Tags: } requested device ID 0
01-05 11:59:41.384 1128 1145 I EDMNativeHelperService: isMicrophoneEnabled
01-05 11:59:41.384 1128 1145 D RestrictionPolicy: userId: 0, isMicrophoneEnabledAsUser : true
01-05 11:59:41.385 1128 1145 I EDMNativeHelperService: isAudioRecordAllowed
01-05 11:59:41.385 1128 1145 D RestrictionPolicy: userId: 0 isAudioRecordAllowed : true
01-05 11:59:41.386 742 10442 V APM_AudioPolicyManager: getInputForAttr found device type is 0x80000004
01-05 11:59:41.386 742 10442 I MultiRecordManager: openMultiRecordAllowed() skipMultiRecord 1, openMultiRecordAllowed 0, moduleName primary, source 1, flag 0x1
01-05 11:59:41.386 742 10442 I MultiRecordManager: openInputStream() skipMultiRecord
01-05 11:59:41.386 683 683 I audio_hw_primary: adev_open_input_stream,devices=0x80000004,sample_rate=44100, channel_count=2 flags:1 source:1
01-05 11:59:41.386 683 683 I audio_hw_control: dev_ctl_get_in_pcm_config AUDIO_HW_APP_NORMAL_RECORD
01-05 11:59:41.386 683 683 I audio_hw_primary: audio_add_input type:7 in:0xeeda3900
01-05 11:59:41.386 683 683 I audio_hw_primary: adev_open_input_stream,devices=0x80000004,sample_rate=44100, channel_count=2
01-05 11:59:41.388 683 683 I audio_hw_primary: 0xeeda3900 in_get_buffer_size:1280
01-05 11:59:41.388 683 683 I audio_hw_primary: 0xeeda3900 in_get_buffer_size:1280
01-05 11:59:41.389 742 10673 I AudioFlinger: AudioFlinger's thread 0xb400007c84f549c0 tid=10673 ready to run
01-05 11:59:41.389 683 683 I audio_hw_primary: in_standby:0xeeda3900
01-05 11:59:41.390 742 10442 V APM_AudioPolicyManager: getInputForAttr() returns input 366 type 0 selectedDeviceId 7 for port ID 99
01-05 11:59:41.391 683 683 I audio_hw_primary: in_standby:0xeeda3900
01-05 11:59:41.392 742 10442 W AudioFlinger: createRecordTrack_l(): mismatch between requested flags (00000005) and input flags (00000001)
01-05 11:59:41.392 742 742 V APM_AudioPolicyManager: listAudioPorts() role 0 type 0 num_ports 7 ports 0xb400007c884a7080
01-05 11:59:41.392 742 742 V APM_AudioPolicyManager: listAudioPorts() got 7 ports needed 8
01-05 11:59:41.392 742 953 V APM_AudioPolicyManager: listAudioPorts() role 0 type 0 num_ports 0 ports 0xb400007c9f4589c0
01-05 11:59:41.392 742 953 V APM_AudioPolicyManager: listAudioPorts() got 0 ports needed 8
01-05 11:59:41.392 742 10442 V APM_AudioPolicyManager: releaseInput portId 99
01-05 11:59:41.392 742 10442 V APM_AudioPolicyManager: releaseInput 366
01-05 11:59:41.392 742 10442 V APM_AudioPolicyManager: closeInput(366)
01-05 11:59:41.393 683 683 I audio_hw_primary: in_dump enter
01-05 11:59:41.393 683 683 I audio_hw_primary: in_dump exit
01-05 11:59:41.394 742 10442 I MultiRecordManager: closeInputStream() skipMultiRecord
01-05 11:59:41.395 683 683 I audio_hw_primary: in_standby:0xeeda3900
01-05 11:59:41.395 683 683 I audio_hw_primary: audio_del_input type:7 out:0xeeda3900
01-05 11:59:41.395 683 683 I audio_hw_primary: audio_del_input:0xeeda3900 type:7
01-05 11:59:41.395 683 683 I audio_hw_primary: adev_close_input_stream 5840
01-05 11:59:41.396 742 10442 V APM_AudioPolicyManager: releaseInput exit
01-05 11:59:41.396 742 742 V APM_AudioPolicyManager: listAudioPorts() role 0 type 0 num_ports 8 ports 0xb400007c884a7880
01-05 11:59:41.397 742 742 V APM_AudioPolicyManager: listAudioPorts() got 7 ports needed 7
01-05 11:59:41.397 742 953 V APM_AudioPolicyManager: listAudioPorts() role 0 type 0 num_ports 0 ports 0xb400007c9f4589c0
01-05 11:59:41.397 742 953 V APM_AudioPolicyManager: listAudioPorts() got 0 ports needed 7
01-05 11:59:41.397 742 742 V APM_AudioPolicyManager: listAudioPorts() role 0 type 0 num_ports 7 ports 0xb400007c884a7a80
01-05 11:59:41.397 742 742 V APM_AudioPolicyManager: listAudioPorts() got 7 ports needed 7
01-05 11:59:41.397 742 953 V APM_AudioPolicyManager: listAudioPorts() role 0 type 0 num_ports 0 ports 0xb400007c9f4589c0
01-05 11:59:41.397 742 953 V APM_AudioPolicyManager: listAudioPorts() got 0 ports needed 7
01-05 11:59:41.397 742 742 V APM_AudioPolicyManager: listAudioPorts() role 0 type 0 num_ports 7 ports 0xb400007c884a7080
01-05 11:59:41.398 742 742 V APM_AudioPolicyManager: listAudioPorts() got 7 ports needed 7
01-05 11:59:41.399 742 742 V APM_AudioPolicyManager: listAudioPorts() role 0 type 0 num_ports 0 ports 0xb400007c9f4589b8
01-05 11:59:41.399 742 742 V APM_AudioPolicyManager: listAudioPorts() got 0 ports needed 7
01-05 11:59:41.399 742 953 V APM_AudioPolicyManager: listAudioPorts() role 0 type 0 num_ports 0 ports 0xb400007c9f4589c0
01-05 11:59:41.399 742 953 V APM_AudioPolicyManager: listAudioPorts() got 0 ports needed 7
01-05 11:59:41.399 742 953 V APM_AudioPolicyManager: listAudioPorts() role 0 type 0 num_ports 7 ports 0xb400007c884a73c0
01-05 11:59:41.399 742 953 V APM_AudioPolicyManager: listAudioPorts() got 7 ports needed 7
01-05 11:59:41.400 742 742 V APM_AudioPolicyManager: listAudioPorts() role 0 type 0 num_ports 7 ports 0xb400007c8856bb80
01-05 11:59:41.400 742 742 V APM_AudioPolicyManager: listAudioPorts() got 7 ports needed 7
01-05 11:59:41.401 742 10442 V APM_AudioPolicyManager: getInputForAttr() source 0, sampling rate 44100, format 0x3, channel mask 0x80000004, session 329, flags 0 attributes={ Content type: AUDIO_CONTENT_TYPE_UNKNOWN Usage: AUDIO_USAGE_UNKNOWN Source: AUDIO_SOURCE_DEFAULT Flags: 0x0 Tags: } requested device ID 0
01-05 11:59:41.401 1128 4102 I EDMNativeHelperService: isMicrophoneEnabled
01-05 11:59:41.402 1128 4102 D RestrictionPolicy: userId: 0, isMicrophoneEnabledAsUser : true
01-05 11:59:41.402 1128 4102 I EDMNativeHelperService: isAudioRecordAllowed
01-05 11:59:41.403 1128 4102 D RestrictionPolicy: userId: 0 isAudioRecordAllowed : true
01-05 11:59:41.403 742 10442 V APM_AudioPolicyManager: getInputForAttr found device type is 0x80000004
01-05 11:59:41.403 742 10442 I MultiRecordManager: openMultiRecordAllowed() skipMultiRecord 1, openMultiRecordAllowed 0, moduleName primary, source 1, flag 0
01-05 11:59:41.403 742 10442 I MultiRecordManager: openInputStream() skipMultiRecord
01-05 11:59:41.403 683 734 I audio_hw_primary: adev_open_input_stream,devices=0x80000004,sample_rate=44100, channel_count=2 flags:0 source:1
01-05 11:59:41.403 683 734 I audio_hw_control: dev_ctl_get_in_pcm_config AUDIO_HW_APP_NORMAL_RECORD
01-05 11:59:41.403 683 734 I audio_hw_primary: audio_add_input type:7 in:0xeeda3500
01-05 11:59:41.403 683 734 I audio_hw_primary: adev_open_input_stream,devices=0x80000004,sample_rate=44100, channel_count=2
01-05 11:59:41.405 683 734 I audio_hw_primary: 0xeeda3500 in_get_buffer_size:1280
01-05 11:59:41.405 683 734 I audio_hw_primary: 0xeeda3500 in_get_buffer_size:1280
01-05 11:59:41.406 742 10676 I AudioFlinger: AudioFlinger's thread 0xb400007c84f54a80 tid=10676 ready to run
01-05 11:59:41.406 683 734 I audio_hw_primary: in_standby:0xeeda3500
01-05 11:59:41.407 742 10442 V APM_AudioPolicyManager: getInputForAttr() returns input 374 type 0 selectedDeviceId 7 for port ID 101
01-05 11:59:41.408 683 734 I audio_hw_primary: in_standby:0xeeda3500
01-05 11:59:41.409 742 953 V APM_AudioPolicyManager: listAudioPorts() role 0 type 0 num_ports 0 ports 0xb400007c9f4589c0
01-05 11:59:41.409 742 953 V APM_AudioPolicyManager: listAudioPorts() got 0 ports needed 8
01-05 11:59:41.410 742 10442 V APM_AudioPolicyManager: listAudioPorts() role 0 type 0 num_ports 8 ports 0xb400007c84ff6680
01-05 11:59:41.410 742 10442 V APM_AudioPolicyManager: listAudioPorts() got 8 ports needed 8
01-05 11:59:41.411 742 10442 V APM_AudioPolicyManager: listAudioPorts() role 0 type 0 num_ports 0 ports 0xb400007c9b3fc140
01-05 11:59:41.411 742 10442 V APM_AudioPolicyManager: listAudioPorts() got 0 ports needed 8
01-05 11:59:41.411 742 953 V APM_AudioPolicyManager: releaseInput portId 101
01-05 11:59:41.411 742 953 V APM_AudioPolicyManager: releaseInput 374
01-05 11:59:41.411 742 953 V APM_AudioPolicyManager: closeInput(374)
01-05 11:59:41.411 683 734 I audio_hw_primary: in_dump enter
01-05 11:59:41.411 683 734 I audio_hw_primary: in_dump exit
01-05 11:59:41.413 742 953 I MultiRecordManager: closeInputStream() skipMultiRecord
01-05 11:59:41.414 742 953 V APM_AudioPolicyManager: releaseInput exit
01-05 11:59:41.414 742 10442 V APM_AudioPolicyManager: listAudioPorts() role 0 type 0 num_ports 8 ports 0xb400007c84ff63c0
01-05 11:59:41.414 742 10442 V APM_AudioPolicyManager: listAudioPorts() got 7 ports needed 7
01-05 11:59:41.415 742 10442 V APM_AudioPolicyManager: listAudioPorts() role 0 type 0 num_ports 0 ports 0xb400007c9b3fc140
01-05 11:59:41.415 742 10442 V APM_AudioPolicyManager: listAudioPorts() got 0 ports needed 7
01-05 11:59:41.415 742 10442 V APM_AudioPolicyManager: listAudioPorts() role 0 type 0 num_ports 0 ports 0xb400007c9b3fc140
01-05 11:59:41.415 742 10442 V APM_AudioPolicyManager: listAudioPorts() got 0 ports needed 7
01-05 11:59:41.415 742 742 V APM_AudioPolicyManager: listAudioPorts() role 0 type 0 num_ports 7 ports 0xb400007c884a7540
01-05 11:59:41.416 742 742 V APM_AudioPolicyManager: listAudioPorts() got 7 ports needed 7
01-05 11:59:41.416 742 10442 V APM_AudioPolicyManager: listAudioPorts() role 0 type 0 num_ports 7 ports 0xb400007c84ff6400
01-05 11:59:41.416 742 10442 V APM_AudioPolicyManager: listAudioPorts() got 7 ports needed 7
01-05 11:59:41.416 683 734 I audio_hw_primary: in_standby:0xeeda3500
01-05 11:59:41.417 683 734 I audio_hw_primary: audio_del_input type:7 out:0xeeda3500
01-05 11:59:41.417 683 734 I audio_hw_primary: audio_del_input:0xeeda3500 type:7
01-05 11:59:41.417 683 734 I audio_hw_primary: adev_close_input_stream 5840
01-05 11:59:41.417 742 6745 V APM_AudioPolicyManager: getInputForAttr() source 0, sampling rate 48000, format 0x3, channel mask 0x80000004, session 337, flags 0x5 attributes={ Content type: AUDIO_CONTENT_TYPE_UNKNOWN Usage: AUDIO_USAGE_UNKNOWN Source: AUDIO_SOURCE_DEFAULT Flags: 0x0 Tags: } requested device ID 0
01-05 11:59:41.418 1128 4102 I EDMNativeHelperService: isMicrophoneEnabled
01-05 11:59:41.418 1128 4102 D RestrictionPolicy: userId: 0, isMicrophoneEnabledAsUser : true
01-05 11:59:41.419 1128 4102 I EDMNativeHelperService: isAudioRecordAllowed
01-05 11:59:41.419 1128 4102 D RestrictionPolicy: userId: 0 isAudioRecordAllowed : true
01-05 11:59:41.420 742 6745 V APM_AudioPolicyManager: getInputForAttr found device type is 0x80000004
01-05 11:59:41.420 742 6745 I MultiRecordManager: openMultiRecordAllowed() skipMultiRecord 1, openMultiRecordAllowed 0, moduleName primary, source 1, flag 0x1
01-05 11:59:41.420 742 6745 I MultiRecordManager: openInputStream() skipMultiRecord
01-05 11:59:41.420 683 734 I audio_hw_primary: adev_open_input_stream,devices=0x80000004,sample_rate=48000, channel_count=2 flags:1 source:1
01-05 11:59:41.420 683 734 I audio_hw_control: dev_ctl_get_in_pcm_config AUDIO_HW_APP_NORMAL_RECORD
01-05 11:59:41.420 683 734 I audio_hw_primary: audio_add_input type:7 in:0xeeda3500
01-05 11:59:41.420 683 734 I audio_hw_primary: adev_open_input_stream,devices=0x80000004,sample_rate=48000, channel_count=2
01-05 11:59:41.421 683 734 I audio_hw_primary: 0xeeda3500 in_get_buffer_size:1920
01-05 11:59:41.422 683 734 I audio_hw_primary: 0xeeda3500 in_get_buffer_size:1920
01-05 11:59:41.423 742 10680 I AudioFlinger: AudioFlinger's thread 0xb400007c84f54300 tid=10680 ready to run
01-05 11:59:41.423 683 734 I audio_hw_primary: in_standby:0xeeda3500
01-05 11:59:41.424 742 6745 V APM_AudioPolicyManager: getInputForAttr() returns input 382 type 0 selectedDeviceId 7 for port ID 103
01-05 11:59:41.424 683 734 I audio_hw_primary: in_standby:0xeeda3500
01-05 11:59:41.425 742 953 V APM_AudioPolicyManager: listAudioPorts() role 0 type 0 num_ports 0 ports 0xb400007c9f4589c0
01-05 11:59:41.425 742 6745 W AudioFlinger: createRecordTrack_l(): mismatch between requested flags (00000005) and input flags (00000001)
01-05 11:59:41.425 742 953 V APM_AudioPolicyManager: listAudioPorts() got 0 ports needed 8
01-05 11:59:41.425 742 742 V APM_AudioPolicyManager: listAudioPorts() role 0 type 0 num_ports 0 ports 0xb400007c9f4589b8
01-05 11:59:41.425 742 742 V APM_AudioPolicyManager: listAudioPorts() got 0 ports needed 8
01-05 11:59:41.426 742 6745 V APM_AudioPolicyManager: releaseInput portId 103
01-05 11:59:41.426 742 6745 V APM_AudioPolicyManager: releaseInput 382
01-05 11:59:41.426 742 6745 V APM_AudioPolicyManager: closeInput(382)
01-05 11:59:41.426 683 734 I audio_hw_primary: in_dump enter
01-05 11:59:41.426 683 734 I audio_hw_primary: in_dump exit
01-05 11:59:41.427 742 6745 I MultiRecordManager: closeInputStream() skipMultiRecord
01-05 11:59:41.428 683 734 I audio_hw_primary: in_standby:0xeeda3500
01-05 11:59:41.428 683 734 I audio_hw_primary: audio_del_input type:7 out:0xeeda3500
01-05 11:59:41.428 683 734 I audio_hw_primary: audio_del_input:0xeeda3500 type:7
01-05 11:59:41.428 683 734 I audio_hw_primary: adev_close_input_stream 5840
01-05 11:59:41.429 742 6745 V APM_AudioPolicyManager: releaseInput exit
01-05 11:59:41.429 742 742 V APM_AudioPolicyManager: listAudioPorts() role 0 type 0 num_ports 8 ports 0xb400007c884a7ec0
01-05 11:59:41.429 742 742 V APM_AudioPolicyManager: listAudioPorts() got 7 ports needed 7
01-05 11:59:41.430 742 953 V APM_AudioPolicyManager: listAudioPorts() role 0 type 0 num_ports 8 ports 0xb400007c8856bac0
01-05 11:59:41.430 742 953 V APM_AudioPolicyManager: listAudioPorts() got 7 ports needed 7
01-05 11:59:41.430 742 953 V APM_AudioPolicyManager: listAudioPorts() role 0 type 0 num_ports 0 ports 0xb400007c9f4589c0
01-05 11:59:41.430 742 953 V APM_AudioPolicyManager: listAudioPorts() got 0 ports needed 7
01-05 11:59:41.430 742 742 V APM_AudioPolicyManager: listAudioPorts() role 0 type 0 num_ports 7 ports 0xb400007c884a7280
01-05 11:59:41.430 742 742 V APM_AudioPolicyManager: listAudioPorts() got 7 ports needed 7
01-05 11:59:41.431 742 953 V APM_AudioPolicyManager: listAudioPorts() role 0 type 0 num_ports 0 ports 0xb400007c9f4589c0
01-05 11:59:41.431 742 953 V APM_AudioPolicyManager: listAudioPorts() got 0 ports needed 7
01-05 11:59:41.431 742 742 V APM_AudioPolicyManager: listAudioPorts() role 0 type 0 num_ports 7 ports 0xb400007c884a7980
01-05 11:59:41.431 742 742 V APM_AudioPolicyManager: listAudioPorts() got 7 ports needed 7
01-05 11:59:41.432 742 953 V APM_AudioPolicyManager: listAudioPorts() role 0 type 0 num_ports 0 ports 0xb400007c9f4589c0
01-05 11:59:41.432 742 953 V APM_AudioPolicyManager: listAudioPorts() got 0 ports needed 7
01-05 11:59:41.432 742 953 V APM_AudioPolicyManager: listAudioPorts() role 0 type 0 num_ports 7 ports 0xb400007c884a7a40
01-05 11:59:41.432 742 953 V APM_AudioPolicyManager: listAudioPorts() got 7 ports needed 7
01-05 11:59:41.433 742 742 V APM_AudioPolicyManager: listAudioPorts() role 0 type 0 num_ports 0 ports 0xb400007c9f4589b8
01-05 11:59:41.433 742 742 V APM_AudioPolicyManager: listAudioPorts() got 0 ports needed 7
01-05 11:59:41.433 742 953 V APM_AudioPolicyManager: listAudioPorts() role 0 type 0 num_ports 7 ports 0xb400007c884a7bc0
01-05 11:59:41.433 742 953 V APM_AudioPolicyManager: listAudioPorts() got 7 ports needed 7
01-05 11:59:41.434 742 6745 V APM_AudioPolicyManager: getInputForAttr() source 0, sampling rate 48000, format 0x3, channel mask 0x80000004, session 337, flags 0 attributes={ Content type: AUDIO_CONTENT_TYPE_UNKNOWN Usage: AUDIO_USAGE_UNKNOWN Source: AUDIO_SOURCE_DEFAULT Flags: 0x0 Tags: } requested device ID 0
01-05 11:59:41.435 1128 1145 I EDMNativeHelperService: isMicrophoneEnabled
01-05 11:59:41.435 1128 1145 D RestrictionPolicy: userId: 0, isMicrophoneEnabledAsUser : true
01-05 11:59:41.436 1128 1145 I EDMNativeHelperService: isAudioRecordAllowed
01-05 11:59:41.436 1128 1145 D RestrictionPolicy: userId: 0 isAudioRecordAllowed : true
01-05 11:59:41.437 742 6745 V APM_AudioPolicyManager: getInputForAttr found device type is 0x80000004
01-05 11:59:41.437 742 6745 I MultiRecordManager: openMultiRecordAllowed() skipMultiRecord 1, openMultiRecordAllowed 0, moduleName primary, source 1, flag 0
01-05 11:59:41.437 742 6745 I MultiRecordManager: openInputStream() skipMultiRecord
01-05 11:59:41.437 683 683 I audio_hw_primary: adev_open_input_stream,devices=0x80000004,sample_rate=48000, channel_count=2 flags:0 source:1
01-05 11:59:41.437 683 683 I audio_hw_control: dev_ctl_get_in_pcm_config AUDIO_HW_APP_NORMAL_RECORD
01-05 11:59:41.437 683 683 I audio_hw_primary: audio_add_input type:7 in:0xeeda3900
01-05 11:59:41.437 683 683 I audio_hw_primary: adev_open_input_stream,devices=0x80000004,sample_rate=48000, channel_count=2
01-05 11:59:41.438 683 683 I audio_hw_primary: 0xeeda3900 in_get_buffer_size:1920
01-05 11:59:41.439 683 683 I audio_hw_primary: 0xeeda3900 in_get_buffer_size:1920
01-05 11:59:41.440 742 10683 I AudioFlinger: AudioFlinger's thread 0xb400007c84f54480 tid=10683 ready to run
01-05 11:59:41.440 683 683 I audio_hw_primary: in_standby:0xeeda3900
01-05 11:59:41.440 742 6745 V APM_AudioPolicyManager: getInputForAttr() returns input 390 type 0 selectedDeviceId 7 for port ID 105
01-05 11:59:41.441 683 683 I audio_hw_primary: in_standby:0xeeda3900
01-05 11:59:41.442 742 742 V APM_AudioPolicyManager: listAudioPorts() role 0 type 0 num_ports 0 ports 0xb400007c9f4589b8
01-05 11:59:41.442 742 742 V APM_AudioPolicyManager: listAudioPorts() got 0 ports needed 8
01-05 11:59:41.442 742 742 V APM_AudioPolicyManager: listAudioPorts() role 0 type 0 num_ports 8 ports 0xb400007c884a7880
01-05 11:59:41.442 742 742 V APM_AudioPolicyManager: listAudioPorts() got 8 ports needed 8
01-05 11:59:41.443 742 953 V APM_AudioPolicyManager: releaseInput portId 105
01-05 11:59:41.443 742 953 V APM_AudioPolicyManager: releaseInput 390
01-05 11:59:41.443 742 953 V APM_AudioPolicyManager: closeInput(390)
01-05 11:59:41.444 683 683 I audio_hw_primary: in_dump enter
01-05 11:59:41.444 683 683 I audio_hw_primary: in_dump exit
01-05 11:59:41.445 742 953 I MultiRecordManager: closeInputStream() skipMultiRecord
01-05 11:59:41.446 742 953 V APM_AudioPolicyManager: releaseInput exit
01-05 11:59:41.446 742 742 V APM_AudioPolicyManager: listAudioPorts() role 0 type 0 num_ports 0 ports 0xb400007c9f4589b8
01-05 11:59:41.446 742 742 V APM_AudioPolicyManager: listAudioPorts() got 0 ports needed 7
01-05 11:59:41.447 742 742 V APM_AudioPolicyManager: listAudioPorts() role 0 type 0 num_ports 7 ports 0xb400007c884a7f80
01-05 11:59:41.447 742 742 V APM_AudioPolicyManager: listAudioPorts() got 7 ports needed 7
01-05 11:59:41.447 683 683 I audio_hw_primary: in_standby:0xeeda3900
01-05 11:59:41.447 683 683 I audio_hw_primary: audio_del_input type:7 out:0xeeda3900
01-05 11:59:41.447 683 683 I audio_hw_primary: audio_del_input:0xeeda3900 type:7
01-05 11:59:41.447 683 683 I audio_hw_primary: adev_close_input_stream 5840
01-05 11:59:41.448 742 742 V APM_AudioPolicyManager: listAudioPorts() role 0 type 0 num_ports 0 ports 0xb400007c9f4589b8
01-05 11:59:41.448 742 742 V APM_AudioPolicyManager: listAudioPorts() got 0 ports needed 7
01-05 11:59:41.448 742 10442 V APM_AudioPolicyManager: listAudioPorts() role 0 type 0 num_ports 7 ports 0xb400007c84f54140
01-05 11:59:41.449 742 10442 V APM_AudioPolicyManager: listAudioPorts() got 7 ports needed 7
01-05 11:59:41.449 7855 7975 I HQCAM_DepressStickerService: After 280 seconds sleep!!!
01-05 11:59:41.449 742 953 V APM_AudioPolicyManager: listAudioPorts() role 0 type 0 num_ports 0 ports 0xb400007c9f4589c0
01-05 11:59:41.449 742 953 V APM_AudioPolicyManager: listAudioPorts() got 0 ports needed 7
01-05 11:59:41.449 742 953 V APM_AudioPolicyManager: listAudioPorts() role 0 type 0 num_ports 7 ports 0xb400007c884a7600
01-05 11:59:41.449 742 953 V APM_AudioPolicyManager: listAudioPorts() got 7 ports needed 7
01-05 11:59:41.451 742 6745 V APM_AudioPolicyManager: getInputForAttr() source 0, sampling rate 64000, format 0x3, channel mask 0x80000004, session 345, flags 0x5 attributes={ Content type: AUDIO_CONTENT_TYPE_UNKNOWN Usage: AUDIO_USAGE_UNKNOWN Source: AUDIO_SOURCE_DEFAULT Flags: 0x0 Tags: } requested device ID 0
01-05 11:59:41.451 1128 1145 I EDMNativeHelperService: isMicrophoneEnabled
01-05 11:59:41.452 1128 1145 D RestrictionPolicy: userId: 0, isMicrophoneEnabledAsUser : true
01-05 11:59:41.452 1128 1145 I EDMNativeHelperService: isAudioRecordAllowed
01-05 11:59:41.453 1128 1145 D RestrictionPolicy: userId: 0 isAudioRecordAllowed : true
01-05 11:59:41.453 742 6745 V APM_AudioPolicyManager: getInputForAttr found device type is 0x80000004
01-05 11:59:41.454 742 6745 I MultiRecordManager: openMultiRecordAllowed() skipMultiRecord 1, openMultiRecordAllowed 0, moduleName primary, source 1, flag 0x1
01-05 11:59:41.454 742 6745 I MultiRecordManager: openInputStream() skipMultiRecord
01-05 11:59:41.454 683 734 I audio_hw_primary: adev_open_input_stream,devices=0x80000004,sample_rate=48000, channel_count=2 flags:1 source:1
01-05 11:59:41.454 683 734 I audio_hw_control: dev_ctl_get_in_pcm_config AUDIO_HW_APP_NORMAL_RECORD
01-05 11:59:41.454 683 734 I audio_hw_primary: audio_add_input type:7 in:0xeeda3500
01-05 11:59:41.454 683 734 I audio_hw_primary: adev_open_input_stream,devices=0x80000004,sample_rate=48000, channel_count=2
01-05 11:59:41.455 683 734 I audio_hw_primary: 0xeeda3500 in_get_buffer_size:1920
01-05 11:59:41.456 683 734 I audio_hw_primary: 0xeeda3500 in_get_buffer_size:1920
01-05 11:59:41.457 742 10687 I AudioFlinger: AudioFlinger's thread 0xb400007c84f54280 tid=10687 ready to run
01-05 11:59:41.457 683 734 I audio_hw_primary: in_standby:0xeeda3500
01-05 11:59:41.457 742 6745 V APM_AudioPolicyManager: getInputForAttr() returns input 398 type 0 selectedDeviceId 7 for port ID 107
01-05 11:59:41.458 683 734 I audio_hw_primary: in_standby:0xeeda3500
01-05 11:59:41.459 742 6745 W AudioFlinger: createRecordTrack_l(): mismatch between requested flags (00000005) and input flags (00000001)
01-05 11:59:41.459 742 6745 V APM_AudioPolicyManager: releaseInput portId 107
01-05 11:59:41.459 742 6745 V APM_AudioPolicyManager: releaseInput 398
01-05 11:59:41.459 742 6745 V APM_AudioPolicyManager: closeInput(398)
01-05 11:59:41.460 683 734 I audio_hw_primary: in_dump enter
01-05 11:59:41.460 683 734 I audio_hw_primary: in_dump exit
01-05 11:59:41.461 742 6745 I MultiRecordManager: closeInputStream() skipMultiRecord
01-05 11:59:41.462 683 734 I audio_hw_primary: in_standby:0xeeda3500
01-05 11:59:41.462 683 734 I audio_hw_primary: audio_del_input type:7 out:0xeeda3500
01-05 11:59:41.462 683 734 I audio_hw_primary: audio_del_input:0xeeda3500 type:7
01-05 11:59:41.462 683 734 I audio_hw_primary: adev_close_input_stream 5840
01-05 11:59:41.463 742 6745 V APM_AudioPolicyManager: releaseInput exit
01-05 11:59:41.463 742 953 V APM_AudioPolicyManager: listAudioPorts() role 0 type 0 num_ports 0 ports 0xb400007c9f4589c0
01-05 11:59:41.463 742 953 V APM_AudioPolicyManager: listAudioPorts() got 0 ports needed 7
01-05 11:59:41.464 742 10442 V APM_AudioPolicyManager: listAudioPorts() role 0 type 0 num_ports 7 ports 0xb400007c84f54580
01-05 11:59:41.464 742 10442 V APM_AudioPolicyManager: listAudioPorts() got 7 ports needed 7
