01-05 12:00:25.953 685 10974 I awb_adpt: 1698, awb_sprd_ctrl_calculation_v3_2: AWB result : (1304,1024,2109) 3621K , fram_count : 161 , camera_id : 0, wb mode : 0; AWB lib 64x64: (1304,1024,2109) 3621K.
01-05 12:00:26.007 685 10974 E awb_adpt: 1479, awb_sprd_ctrl_calculation_v3_2: check handle success
01-05 12:00:26.007 685 10951 E Libae[FAE]: 1409, face_luma_calc: NO FACE
01-05 12:00:26.007 685 10970 I isp_blk_cmc10: 266, _pm_cmc10_set_param: cmc_result: (1661 15694 52; 16216 1309 16267; 16367 16064 1360).
01-05 12:00:26.008 685 10970 I isp_blk_cmc10: 266, _pm_cmc10_set_param: cmc_result: (1661 15694 52; 16216 1309 16267; 16367 16064 1360).
01-05 12:00:26.008 685 10951 I cmr_oem : 9482, camera_get_af_support: af_support 1
01-05 12:00:26.009 685 10964 V aft_sprd_lib: 3813, aft_proc_log_print: ae:1 ,bv_stdev:0, afm(0,0), img(0,0), g:(1,0), p->tri:can(0,0),afm stable :diff = 0, diff_thr = 0,stab_cnt = 0,stab_num = 0,aem stab diff : (num: r,g,b,cnt) = (0,0,0,0),g_diff : (x,y,z,stab_cnt) = (0.426250,0.237500,0.141250,6), scene_change_flag 0
01-05 12:00:26.009 685 10964 I aft_sprd_lib: 4336, aft_proc_calc: data type 3 is_trigger_caf 1, is_cancel_caf 0
01-05 12:00:26.009 685 10964 I aft_sprd_lib: 3770, aft_proc_reset: move face_base (sx ex sy ey) = (0 0 0 0), rollangle 0; stab face_base (sx ex sy ey) = (0 0 0 0), rollangle 0
01-05 12:00:26.009 685 10964 I af_sprd_adpt_v1: 2377, caf_monitor_trigger: lib trigger af 1
01-05 12:00:26.009 685 10964 I af_sprd_adpt_v1: 955, af_set_default_roi: current af->trigger_mode 1
01-05 12:00:26.009 685 10964 I af_sprd_adpt_v1: 313, afm_set_win: camera_id 0
01-05 12:00:26.012 685 10974 I awb_adpt: 1698, awb_sprd_ctrl_calculation_v3_2: AWB result : (1304,1024,2109) 3621K , fram_count : 162 , camera_id : 0, wb mode : 0; AWB lib 64x64: (1304,1024,2109) 3621K.
01-05 12:00:26.020 1128 1128 D SemWifiBackOff.Sar: event.values[3],=1.0, event.values[4]=0.0
01-05 12:00:26.020 1128 1128 D SemWifiBackOff.Sar: getSensorMode=5, mSensorState=3
01-05 12:00:26.020 1128 1128 I SemWifiBackOff.Sar: SingleBodySarManager : enable powerbackoff1
01-05 12:00:26.020 1128 1128 D SemWifiBackOff.Sar: SingleBodySarManager : checkAndSetBackoff true
01-05 12:00:26.020 1128 1128 I SemWifiBackOff.Sar: setPowerBackoff(head) enable=true
01-05 12:00:26.021 1461 1461 I wpa_supplicant: set dynamic tx far
01-05 12:00:26.021 1461 1461 E wpa_supplicant: sar_cmd : SET_SAR 9
01-05 12:00:26.025 1128 1128 V SemWifiBackOff.Controller: onBackOffStarted iface=wlan0 type=1
01-05 12:00:26.036 720 745 E CP_CONNECT_CTL: socket_reconnect: socket_reconnect src_sock=10, des_socket=cp_time_sync_server.
01-05 12:00:26.036 720 745 E CP_CONNECT_CTL: process_socket_connect: open cp_time_sync_server failed: Connection refused [111(Connection refused)]
01-05 12:00:26.036 720 745 E CP_CONNECT_CTL: socket_reconnect: socket_reconnect src_sock=10, des_socket=cp_time_sync_server.
01-05 12:00:26.037 720 745 E CP_CONNECT_CTL: process_socket_connect: open cp_time_sync_server failed: Connection refused [111(Connection refused)]
01-05 12:00:26.037 720 745 E CP_CONNECT_CTL: socket_reconnect: socket_reconnect src_sock=10, des_socket=cp_time_sync_server.
01-05 12:00:26.037 720 745 E CP_CONNECT_CTL: process_socket_connect: open cp_time_sync_server failed: Connection refused [111(Connection refused)]
01-05 12:00:26.037 720 745 E CP_CONNECT_CTL: socket_reconnect: socket_reconnect src_sock=10, des_socket=cp_time_sync_server.
01-05 12:00:26.037 720 745 E CP_CONNECT_CTL: process_socket_connect: open cp_time_sync_server failed: Connection refused [111(Connection refused)]
01-05 12:00:26.067 685 10951 E Libae[FAE]: 1409, face_luma_calc: NO FACE
01-05 12:00:26.068 685 10974 E awb_adpt: 1479, awb_sprd_ctrl_calculation_v3_2: check handle success
01-05 12:00:26.068 685 10970 I isp_blk_cmc10: 266, _pm_cmc10_set_param: cmc_result: (1661 15694 52; 16216 1309 16267; 16367 16064 1360).
01-05 12:00:26.068 685 10970 I isp_blk_cmc10: 266, _pm_cmc10_set_param: cmc_result: (1661 15694 52; 16216 1309 16267; 16367 16064 1360).
01-05 12:00:26.068 685 10951 I cmr_oem : 9482, camera_get_af_support: af_support 1
01-05 12:00:26.069 685 10965 E android.hardware.camera.provider@2.4-service: [ALSC]: L 561, slsc4_calculation: slsc4, error case, pair_idx=[4,3], pair_ratio=[1.596784,-0.596784], set ratio to 1.0 and 0.0
01-05 12:00:26.069 685 10964 I aft_sprd_lib: 3803, aft_proc_log_print: afm move diff : 30523759,diff_thr :72315927,diff_cnt : 0,g_diff(x,y,z):(0.232500,0.110000,0.028750),aem move diff : (num : r,g,b,cnt) = (0,0,0,0), scene_change_flag 0
01-05 12:00:26.072 685 10974 I awb_adpt: 1698, awb_sprd_ctrl_calculation_v3_2: AWB result : (1304,1024,2109) 3621K , fram_count : 163 , camera_id : 0, wb mode : 0; AWB lib 64x64: (1304,1024,2109) 3621K.
01-05 12:00:26.087 685 10964 I af_sprd_adpt_v1: 1455, if_af_start_notify: notify_start: mode[1], type[1]!!
01-05 12:00:26.087 685 10964 I af_sprd_adpt_v1: 999, notify_start: af roi 9 880 734 2284 1712, state 3, num0
01-05 12:00:26.128 685 10951 E Libae[FAE]: 1409, face_luma_calc: NO FACE
01-05 12:00:26.128 685 10974 E awb_adpt: 1479, awb_sprd_ctrl_calculation_v3_2: check handle success
01-05 12:00:26.128 685 10970 I isp_blk_cmc10: 266, _pm_cmc10_set_param: cmc_result: (1661 15694 52; 16216 1309 16267; 16367 16064 1360).
01-05 12:00:26.129 685 10970 I isp_blk_cmc10: 266, _pm_cmc10_set_param: cmc_result: (1661 15694 52; 16216 1309 16267; 16367 16064 1360).
01-05 12:00:26.129 685 10951 I cmr_oem : 9482, camera_get_af_support: af_support 1
01-05 12:00:26.130 685 10964 I aft_sprd_lib: 1714, ae_stats_move_init_new: ae base_vcm_pos = 303
01-05 12:00:26.130 685 10964 I aft_sprd_lib: 3803, aft_proc_log_print: afm move diff : 30523759,diff_thr :72315927,diff_cnt : 0,g_diff(x,y,z):(0.232500,0.110000,0.028750),aem move diff : (num : r,g,b,cnt) = (0,0,0,0), scene_change_flag 0
01-05 12:00:26.133 685 10974 I awb_adpt: 1698, awb_sprd_ctrl_calculation_v3_2: AWB result : (1304,1024,2109) 3621K , fram_count : 164 , camera_id : 0, wb mode : 0; AWB lib 64x64: (1304,1024,2109) 3621K.
01-05 12:00:26.148 685 10964 I android.hardware.camera.provider@2.4-service: 110, gt9769_drv_set_pos: target_code = 308
01-05 12:00:26.157 1128 1145 I EDMNativeHelperService: isCameraEnabled
01-05 12:00:26.157 1128 1145 D EDMNativeHelper: isCameraEnabled
01-05 12:00:26.158 1128 1145 D EDMNativeHelper: checking for camera in EnterpriseDeviceManagerService
01-05 12:00:26.158 1128 1145 D EnterpriseDeviceManagerService: isCameraEnabledNative
01-05 12:00:26.158 1128 1145 D EnterpriseDeviceManagerService: checking for camera in restriction policy
01-05 12:00:26.158 1128 1145 D RestrictionPolicy: isCameraEnabled ret(true) userId(0) cxtInfo.mCallerUid(10245) cxtInfo.mContainerId(0)
01-05 12:00:26.188 685 10951 E Libae[FAE]: 1409, face_luma_calc: NO FACE
01-05 12:00:26.188 685 10974 E awb_adpt: 1479, awb_sprd_ctrl_calculation_v3_2: check handle success
01-05 12:00:26.188 685 10970 I isp_blk_cmc10: 266, _pm_cmc10_set_param: cmc_result: (1693 15657 57; 16206 1324 16261; 16366 16053 1372).
01-05 12:00:26.188 685 10970 I isp_blk_cmc10: 266, _pm_cmc10_set_param: cmc_result: (1693 15657 57; 16206 1324 16261; 16366 16053 1372).
01-05 12:00:26.189 685 10951 I cmr_oem : 9482, camera_get_af_support: af_support 1
01-05 12:00:26.189 685 10964 I aft_sprd_lib: 3803, aft_proc_log_print: afm move diff : 30523759,diff_thr :72315927,diff_cnt : 0,g_diff(x,y,z):(0.130000,0.007500,0.012500),aem move diff : (num : r,g,b,cnt) = (0,0,0,0), scene_change_flag 0
01-05 12:00:26.193 685 10974 I awb_adpt: 1698, awb_sprd_ctrl_calculation_v3_2: AWB result : (1304,1024,2109) 3621K , fram_count : 165 , camera_id : 0, wb mode : 0; AWB lib 64x64: (1304,1024,2109) 3621K.
01-05 12:00:26.208 685 10964 I android.hardware.camera.provider@2.4-service: 110, gt9769_drv_set_pos: target_code = 313
01-05 12:00:26.211 1128 1271 D InputReader: Btn_touch(8): value=1 when=411.640334
01-05 12:00:26.212 1128 1271 I InputReader: Touch event's action is 0x0 (id=2, t=0) [pCnt=1, s=0.51 ] when=411.640334
01-05 12:00:26.212 1128 1270 I InputDispatcher: Delivering touch to (10554): action: 0x0, f=0x0, d=0, 'cdda8ee', t=1
01-05 12:00:26.212 1128 1270 D PowerManagerService: [api] userActivityFromNative : (event: 2 flags: 0 displayId: 0) eventTime = 411640
01-05 12:00:26.213 1128 1149 I GestureDetector: obtain mCurrentDownEvent. id: 115840369 caller: com.android.server.wm.SystemGesturesPointerEventListener.onPointerEvent:203 com.android.server.wm.PointerEventDispatcher.onInputEvent:53 android.view.InputEventReceiver.dispatchInputEvent:295
01-05 12:00:26.213 1128 1149 I GestureDetector: obtain mCurrentDownEvent. id: 115840369 caller: com.android.server.wm.SystemPerformancePointerEventListener.onPointerEvent:89 com.android.server.wm.PointerEventDispatcher.onInputEvent:53 android.view.InputEventReceiver.dispatchInputEvent:295
01-05 12:00:26.229 1128 1149 I GestureDetector: obtain mCurrentMotionEventRaw. action: 2 id: 905730257
01-05 12:00:26.229 1128 1149 I GestureDetector: obtain mCurrentMotionEventRaw. action: 2 id: 905730257
01-05 12:00:26.236 720 745 E CP_CONNECT_CTL: socket_reconnect: socket_reconnect src_sock=10, des_socket=cp_time_sync_server.
01-05 12:00:26.237 720 745 E CP_CONNECT_CTL: process_socket_connect: open cp_time_sync_server failed: Connection refused [111(Connection refused)]
01-05 12:00:26.237 720 745 E CP_CONNECT_CTL: socket_reconnect: socket_reconnect src_sock=10, des_socket=cp_time_sync_server.
01-05 12:00:26.237 720 745 E CP_CONNECT_CTL: process_socket_connect: open cp_time_sync_server failed: Connection refused [111(Connection refused)]
01-05 12:00:26.237 720 745 E CP_CONNECT_CTL: socket_reconnect: socket_reconnect src_sock=10, des_socket=cp_time_sync_server.
01-05 12:00:26.237 720 745 E CP_CONNECT_CTL: process_socket_connect: open cp_time_sync_server failed: Connection refused [111(Connection refused)]
01-05 12:00:26.237 720 745 E CP_CONNECT_CTL: socket_reconnect: socket_reconnect src_sock=10, des_socket=cp_time_sync_server.
01-05 12:00:26.237 720 745 E CP_CONNECT_CTL: process_socket_connect: open cp_time_sync_server failed: Connection refused [111(Connection refused)]
01-05 12:00:26.247 685 10974 E awb_adpt: 1479, awb_sprd_ctrl_calculation_v3_2: check handle success
01-05 12:00:26.247 685 10951 E Libae[FAE]: 1409, face_luma_calc: NO FACE
01-05 12:00:26.247 685 10970 I isp_blk_cmc10: 266, _pm_cmc10_set_param: cmc_result: (1693 15657 57; 16206 1324 16261; 16366 16053 1372).
01-05 12:00:26.247 685 10970 I isp_blk_cmc10: 266, _pm_cmc10_set_param: cmc_result: (1693 15657 57; 16206 1324 16261; 16366 16053 1372).
01-05 12:00:26.248 685 10951 I cmr_oem : 9482, camera_get_af_support: af_support 1
01-05 12:00:26.248 685 10965 E android.hardware.camera.provider@2.4-service: [ALSC]: L 561, slsc4_calculation: slsc4, error case, pair_idx=[4,3], pair_ratio=[1.550811,-0.550811], set ratio to 1.0 and 0.0
01-05 12:00:26.248 685 10964 I aft_sprd_lib: 3803, aft_proc_log_print: afm move diff : 30523759,diff_thr :72315927,diff_cnt : 0,g_diff(x,y,z):(0.080000,0.042500,0.027500),aem move diff : (num : r,g,b,cnt) = (0,0,0,0), scene_change_flag 0
01-05 12:00:26.252 685 10974 I awb_adpt: 1698, awb_sprd_ctrl_calculation_v3_2: AWB result : (1304,1024,2109) 3621K , fram_count : 166 , camera_id : 0, wb mode : 0; AWB lib 64x64: (1304,1024,2109) 3621K.
01-05 12:00:26.268 685 10964 I android.hardware.camera.provider@2.4-service: 110, gt9769_drv_set_pos: target_code = 308
01-05 12:00:26.307 685 10951 E Libae[FAE]: 1409, face_luma_calc: NO FACE
01-05 12:00:26.307 685 10970 I isp_blk_cmc10: 266, _pm_cmc10_set_param: cmc_result: (1661 15694 52; 16216 1309 16267; 16367 16064 1360).
01-05 12:00:26.307 685 10974 E awb_adpt: 1479, awb_sprd_ctrl_calculation_v3_2: check handle success
01-05 12:00:26.307 685 10970 I isp_blk_cmc10: 266, _pm_cmc10_set_param: cmc_result: (1661 15694 52; 16216 1309 16267; 16367 16064 1360).
01-05 12:00:26.308 685 10951 I cmr_oem : 9482, camera_get_af_support: af_support 1
01-05 12:00:26.308 685 10964 I aft_sprd_lib: 3803, aft_proc_log_print: afm move diff : 30523759,diff_thr :72315927,diff_cnt : 0,g_diff(x,y,z):(0.153750,0.068750,0.002500),aem move diff : (num : r,g,b,cnt) = (0,0,0,0), scene_change_flag 0
01-05 12:00:26.312 685 10974 I awb_adpt: 1698, awb_sprd_ctrl_calculation_v3_2: AWB result : (1304,1024,2109) 3621K , fram_count : 167 , camera_id : 0, wb mode : 0; AWB lib 64x64: (1304,1024,2109) 3621K.
01-05 12:00:26.312 1128 1271 D InputReader: Btn_touch(8): value=0 when=411.740613
01-05 12:00:26.312 1128 1271 I InputReader: Touch event's action is 0x1 (id=2, t=0) [pCnt=1, s=] when=411.740613
01-05 12:00:26.312 1128 1270 I InputDispatcher: Delivering touch to (10554): action: 0x1, f=0x0, d=0, 'cdda8ee', t=1
01-05 12:00:26.314 1128 1128 D SGM:GameManager: identifyGamePackage. org.qtproject.example.camera, mCurrentUserId: 0, callerUserId: 0, callingMethodInfo: com.android.server.ssrm.fgapps.GameAppUtils.isGame(GameAppUtils.java:84)
01-05 12:00:26.314 1128 1128 D SGM:PkgDataHelper: getGamePkgData(). org.qtproject.example.camera
01-05 12:00:26.314 1128 1128 I SemDvfsHyPerManager: acquire hyper - GESTURE_DETECTED/1128@22, type = -999
01-05 12:00:26.314 701 733 I HYPER-HAL: [RequestManager.cpp]acquire(): Acquired ID : 661847 [1128 / 22] HINT : GESTURE_DETECTED list : [TIMEOUT / 461]
01-05 12:00:26.315 1128 1128 D SGM:GameManager: identifyGamePackage. org.qtproject.example.camera, mCurrentUserId: 0, callerUserId: 0, callingMethodInfo: com.android.server.ssrm.fgapps.GameAppUtils.isGame(GameAppUtils.java:84)
01-05 12:00:26.315 1128 1128 D SGM:PkgDataHelper: getGamePkgData(). org.qtproject.example.camera
01-05 12:00:26.315 1128 1128 I SemDvfsHyPerManager: acquire hyper - GESTURE_DETECTED/1128@22, type = -999
01-05 12:00:26.315 701 733 I HYPER-HAL: [RequestManager.cpp]acquire(): Acquired ID : 661847 [1128 / 22] HINT : GESTURE_DETECTED list : [TIMEOUT / 461]
01-05 12:00:26.315 1128 1128 D SemWifiBackOff.Sar: event.values[3],=1.0, event.values[4]=0.0
01-05 12:00:26.315 1128 1128 D SemWifiBackOff.Sar: getSensorMode=5, mSensorState=3
01-05 12:00:26.315 1128 1128 I SemWifiBackOff.Sar: SingleBodySarManager : disable powerbackoff1
01-05 12:00:26.315 1128 1128 D SemWifiBackOff.Sar: SingleBodySarManager : checkAndSetBackoff false
01-05 12:00:26.315 1128 1128 I SemWifiBackOff.Sar: setPowerBackoff(head) enable=false
01-05 12:00:26.316 1461 1461 I wpa_supplicant: set dynamic tx back
01-05 12:00:26.316 1461 1461 E wpa_supplicant: sar_cmd : SET_SAR 127
01-05 12:00:26.318 905 905 E SLOGCP : reopen_dev: open /dev/stty_lte28 error [19(No such device)]
01-05 12:00:26.320 1128 1128 V SemWifiBackOff.Controller: onBackOffStopped iface=wlan0 type=1 stats= [HEAD]:50,67253ms
01-05 12:00:26.320 1128 1128 V SemWifiBackOff.Controller: [24/01/05 11:59:44 setPowerBackoff(1) enable=true
01-05 12:00:26.320 1128 1128 V SemWifiBackOff.Controller: , 24/01/05 11:59:44 setPowerBackoff(1) enable=false
01-05 12:00:26.320 1128 1128 V SemWifiBackOff.Controller: , 24/01/05 11:59:45 setPowerBackoff(1) enable=true
01-05 12:00:26.320 1128 1128 V SemWifiBackOff.Controller: , 24/01/05 11:59:45 setPowerBackoff(1) enable=false
01-05 12:00:26.320 1128 1128 V SemWifiBackOff.Controller: , 24/01/05 11:59:48 setPowerBackoff(1) enable=true
01-05 12:00:26.320 1128 1128 V SemWifiBackOff.Controller: , 24/01/05 11:59:48 setPowerBackoff(1) enable=false
01-05 12:00:26.320 1128 1128 V SemWifiBackOff.Controller: , 24/01/05 11:59:52 setPowerBackoff(1) enable=true
01-05 12:00:26.320 1128 1128 V SemWifiBackOff.Controller: , 24/01/05 11:59:53 setPowerBackoff(1) enable=false
01-05 12:00:26.320 1128 1128 V SemWifiBackOff.Controller: , 24/01/05 11:59:54 setPowerBackoff(1) enable=true
01-05 12:00:26.320 1128 1128 V SemWifiBackOff.Controller: , 24/01/05 11:59:54 setPowerBackoff(1) enable=false
01-05 12:00:26.320 1128 1128 V SemWifiBackOff.Controller: , 24/01/05 12:00:14 setPowerBackoff(1) enable=true
01-05 12:00:26.320 1128 1128 V SemWifiBackOff.Controller: , 24/01/05 12:00:15 setPowerBackoff(1) enable=false
01-05 12:00:26.320 1128 1128 V SemWifiBackOff.Controller: , 24/01/05 12:00:21 setPowerBackoff(1) enable=true
01-05 12:00:26.320 1128 1128 V SemWifiBackOff.Controller: , 24/01/05 12:00:21 setPowerBackoff(1) enable=false
01-05 12:00:26.320 1128 1128 V SemWifiBackOff.Controller: , 24/01/05 12:00:23 setPowerBackoff(1) enable=true
01-05 12:00:26.320 1128 1128 V SemWifiBackOff.Controller: , 24/01/05 12:00:24 setPowerBackoff(1) enable=false
01-05 12:00:26.320 1128 1128 V SemWifiBackOff.Controller: , 24/01/05 12:00:25 setPowerBackoff(1) enable=true
01-05 12:00:26.320 1128 1128 V SemWifiBackOff.Controller: , 24/01/05 12:00:25 setPowerBackoff(1) enable=false
01-05 12:00:26.320 1128 1128 V SemWifiBackOff.Controller: , 24/01/05 12:00:26 setPowerBackoff(1) enable=true
01-05 12:00:26.320 1128 1128 V SemWifiBackOff.Controller: , 24/01/05 12:00:26 setPowerBackoff(1) enable=false
01-05 12:00:26.320 1128 1128 V SemWifiBackOff.Controller: ]
01-05 12:00:26.328 685 10964 I android.hardware.camera.provider@2.4-service: 110, gt9769_drv_set_pos: target_code = 303
01-05 12:00:26.367 685 10951 E Libae[FAE]: 1409, face_luma_calc: NO FACE
01-05 12:00:26.367 685 10974 E awb_adpt: 1479, awb_sprd_ctrl_calculation_v3_2: check handle success
01-05 12:00:26.367 685 10970 I isp_blk_cmc10: 266, _pm_cmc10_set_param: cmc_result: (1661 15694 52; 16216 1309 16267; 16367 16064 1360).
01-05 12:00:26.367 685 10970 I isp_blk_cmc10: 266, _pm_cmc10_set_param: cmc_result: (1661 15694 52; 16216 1309 16267; 16367 16064 1360).
01-05 12:00:26.367 685 10951 I cmr_oem : 9482, camera_get_af_support: af_support 1
01-05 12:00:26.368 685 10964 I aft_sprd_lib: 3803, aft_proc_log_print: afm move diff : 30523759,diff_thr :72315927,diff_cnt : 0,g_diff(x,y,z):(0.015000,0.010000,0.012500),aem move diff : (num : r,g,b,cnt) = (0,0,0,0), scene_change_flag 0
01-05 12:00:26.372 685 10974 I awb_adpt: 1698, awb_sprd_ctrl_calculation_v3_2: AWB result : (1304,1024,2109) 3621K , fram_count : 168 , camera_id : 0, wb mode : 0; AWB lib 64x64: (1304,1024,2109) 3621K.
01-05 12:00:26.388 685 10964 I android.hardware.camera.provider@2.4-service: 110, gt9769_drv_set_pos: target_code = 293
01-05 12:00:26.428 685 10974 E awb_adpt: 1479, awb_sprd_ctrl_calculation_v3_2: check handle success
01-05 12:00:26.428 685 10951 E Libae[FAE]: 1409, face_luma_calc: NO FACE
01-05 12:00:26.428 685 10970 I isp_blk_cmc10: 266, _pm_cmc10_set_param: cmc_result: (1661 15694 52; 16216 1309 16267; 16367 16064 1360).
01-05 12:00:26.428 685 10970 I isp_blk_cmc10: 266, _pm_cmc10_set_param: cmc_result: (1661 15694 52; 16216 1309 16267; 16367 16064 1360).
01-05 12:00:26.428 685 10951 I cmr_oem : 9482, camera_get_af_support: af_support 1
01-05 12:00:26.429 685 10964 I aft_sprd_lib: 2357, af_data_process_new: af base_vcm_pos = 303
01-05 12:00:26.429 685 10965 E android.hardware.camera.provider@2.4-service: [ALSC]: L 561, slsc4_calculation: slsc4, error case, pair_idx=[4,3], pair_ratio=[1.513157,-0.513157], set ratio to 1.0 and 0.0
01-05 12:00:26.429 685 10964 I aft_sprd_lib: 3803, aft_proc_log_print: afm move diff : 30523759,diff_thr :72315927,diff_cnt : 0,g_diff(x,y,z):(0.321250,0.096250,0.118750),aem move diff : (num : r,g,b,cnt) = (0,0,0,0), scene_change_flag 0
01-05 12:00:26.432 685 10974 I awb_adpt: 1698, awb_sprd_ctrl_calculation_v3_2: AWB result : (1304,1024,2109) 3621K , fram_count : 169 , camera_id : 0, wb mode : 0; AWB lib 64x64: (1304,1024,2109) 3621K.
01-05 12:00:26.437 720 745 E CP_CONNECT_CTL: socket_reconnect: socket_reconnect src_sock=10, des_socket=cp_time_sync_server.
01-05 12:00:26.437 720 745 E CP_CONNECT_CTL: process_socket_connect: open cp_time_sync_server failed: Connection refused [111(Connection refused)]
01-05 12:00:26.437 720 745 E CP_CONNECT_CTL: socket_reconnect: socket_reconnect src_sock=10, des_socket=cp_time_sync_server.
01-05 12:00:26.437 720 745 E CP_CONNECT_CTL: process_socket_connect: open cp_time_sync_server failed: Connection refused [111(Connection refused)]
01-05 12:00:26.437 720 745 E CP_CONNECT_CTL: socket_reconnect: socket_reconnect src_sock=10, des_socket=cp_time_sync_server.
01-05 12:00:26.437 720 745 E CP_CONNECT_CTL: process_socket_connect: open cp_time_sync_server failed: Connection refused [111(Connection refused)]
01-05 12:00:26.437 720 745 E CP_CONNECT_CTL: socket_reconnect: socket_reconnect src_sock=10, des_socket=cp_time_sync_server.
01-05 12:00:26.438 720 745 E CP_CONNECT_CTL: process_socket_connect: open cp_time_sync_server failed: Connection refused [111(Connection refused)]
01-05 12:00:26.449 685 10964 I android.hardware.camera.provider@2.4-service: 110, gt9769_drv_set_pos: target_code = 278
01-05 12:00:26.465 7855 7975 I HQCAM_DepressStickerService: After 325 seconds sleep!!!
01-05 12:00:26.488 685 10951 E Libae[FAE]: 1409, face_luma_calc: NO FACE
01-05 12:00:26.488 685 10974 E awb_adpt: 1479, awb_sprd_ctrl_calculation_v3_2: check handle success
01-05 12:00:26.488 685 10970 I isp_blk_cmc10: 266, _pm_cmc10_set_param: cmc_result: (1661 15694 52; 16216 1309 16267; 16367 16064 1360).
01-05 12:00:26.488 685 10970 I isp_blk_cmc10: 266, _pm_cmc10_set_param: cmc_result: (1661 15694 52; 16216 1309 16267; 16367 16064 1360).
01-05 12:00:26.489 685 10951 I cmr_oem : 9482, camera_get_af_support: af_support 1
01-05 12:00:26.490 685 10964 I aft_sprd_lib: 3803, aft_proc_log_print: afm move diff : 32532153,diff_thr :101998520,diff_cnt : 0,g_diff(x,y,z):(0.206250,0.050000,0.031250),aem move diff : (num : r,g,b,cnt) = (0,0,0,0), scene_change_flag 0
01-05 12:00:26.493 685 10974 I awb_adpt: 1698, awb_sprd_ctrl_calculation_v3_2: AWB result : (1304,1024,2109) 3621K , fram_count : 170 , camera_id : 0, wb mode : 0; AWB lib 64x64: (1304,1024,2109) 3621K.
01-05 12:00:26.509 685 10964 I android.hardware.camera.provider@2.4-service: 110, gt9769_drv_set_pos: target_code = 273
01-05 12:00:26.547 685 10951 E Libae[FAE]: 1409, face_luma_calc: NO FACE
01-05 12:00:26.548 685 10970 I isp_blk_cmc10: 266, _pm_cmc10_set_param: cmc_result: (1661 15694 52; 16216 1309 16267; 16367 16064 1360).
01-05 12:00:26.548 685 10974 E awb_adpt: 1479, awb_sprd_ctrl_calculation_v3_2: check handle success
01-05 12:00:26.548 685 10970 I isp_blk_cmc10: 266, _pm_cmc10_set_param: cmc_result: (1661 15694 52; 16216 1309 16267; 16367 16064 1360).
01-05 12:00:26.548 685 10951 I cmr_oem : 9482, camera_get_af_support: af_support 1
01-05 12:00:26.550 685 10964 I aft_sprd_lib: 3803, aft_proc_log_print: afm move diff : 12514999,diff_thr :101998520,diff_cnt : 0,g_diff(x,y,z):(0.166250,0.016250,0.010000),aem move diff : (num : r,g,b,cnt) = (0,0,0,0), scene_change_flag 0
01-05 12:00:26.552 685 10974 I awb_adpt: 1698, awb_sprd_ctrl_calculation_v3_2: AWB result : (1304,1024,2109) 3621K , fram_count : 171 , camera_id : 0, wb mode : 0; AWB lib 64x64: (1304,1024,2109) 3621K.
01-05 12:00:26.570 685 10964 I android.hardware.camera.provider@2.4-service: 110, gt9769_drv_set_pos: target_code = 290
01-05 12:00:26.608 685 10974 E awb_adpt: 1479, awb_sprd_ctrl_calculation_v3_2: check handle success
01-05 12:00:26.608 685 10951 E Libae[FAE]: 1409, face_luma_calc: NO FACE
01-05 12:00:26.608 685 10970 I isp_blk_cmc10: 266, _pm_cmc10_set_param: cmc_result: (1661 15694 52; 16216 1309 16267; 16367 16064 1360).
01-05 12:00:26.608 685 10970 I isp_blk_cmc10: 266, _pm_cmc10_set_param: cmc_result: (1661 15694 52; 16216 1309 16267; 16367 16064 1360).
01-05 12:00:26.608 685 10951 I cmr_oem : 9482, camera_get_af_support: af_support 1
01-05 12:00:26.609 685 10965 E android.hardware.camera.provider@2.4-service: [ALSC]: L 561, slsc4_calculation: slsc4, error case, pair_idx=[4,3], pair_ratio=[1.499656,-0.499656], set ratio to 1.0 and 0.0
01-05 12:00:26.609 685 10964 I aft_sprd_lib: 3803, aft_proc_log_print: afm move diff : 7716574,diff_thr :101998520,diff_cnt : 0,g_diff(x,y,z):(0.163751,0.002500,0.007500),aem move diff : (num : r,g,b,cnt) = (0,0,0,0), scene_change_flag 0
01-05 12:00:26.613 685 10974 I awb_adpt: 1698, awb_sprd_ctrl_calculation_v3_2: AWB result : (1304,1024,2109) 3621K , fram_count : 172 , camera_id : 0, wb mode : 0; AWB lib 64x64: (1304,1024,2109) 3621K.
01-05 12:00:26.638 720 745 E CP_CONNECT_CTL: socket_reconnect: socket_reconnect src_sock=10, des_socket=cp_time_sync_server.
01-05 12:00:26.638 720 745 E CP_CONNECT_CTL: process_socket_connect: open cp_time_sync_server failed: Connection refused [111(Connection refused)]
01-05 12:00:26.638 720 745 E CP_CONNECT_CTL: socket_reconnect: socket_reconnect src_sock=10, des_socket=cp_time_sync_server.
01-05 12:00:26.638 720 745 E CP_CONNECT_CTL: process_socket_connect: open cp_time_sync_server failed: Connection refused [111(Connection refused)]
01-05 12:00:26.638 720 745 E CP_CONNECT_CTL: socket_reconnect: socket_reconnect src_sock=10, des_socket=cp_time_sync_server.
01-05 12:00:26.638 720 745 E CP_CONNECT_CTL: process_socket_connect: open cp_time_sync_server failed: Connection refused [111(Connection refused)]
01-05 12:00:26.638 720 745 E CP_CONNECT_CTL: socket_reconnect: socket_reconnect src_sock=10, des_socket=cp_time_sync_server.
01-05 12:00:26.638 720 745 E CP_CONNECT_CTL: process_socket_connect: open cp_time_sync_server failed: Connection refused [111(Connection refused)]
01-05 12:00:26.668 685 10951 E Libae[FAE]: 1409, face_luma_calc: NO FACE
01-05 12:00:26.668 685 10974 E awb_adpt: 1479, awb_sprd_ctrl_calculation_v3_2: check handle success
01-05 12:00:26.668 685 10970 I isp_blk_cmc10: 266, _pm_cmc10_set_param: cmc_result: (1661 15694 52; 16216 1309 16267; 16367 16064 1360).
01-05 12:00:26.669 685 10970 I isp_blk_cmc10: 266, _pm_cmc10_set_param: cmc_result: (1661 15694 52; 16216 1309 16267; 16367 16064 1360).
01-05 12:00:26.669 685 10951 I cmr_oem : 9482, camera_get_af_support: af_support 1
01-05 12:00:26.670 685 10964 I aft_sprd_lib: 3803, aft_proc_log_print: afm move diff : 22341016,diff_thr :101998520,diff_cnt : 0,g_diff(x,y,z):(0.153750,0.033750,0.031250),aem move diff : (num : r,g,b,cnt) = (0,0,0,0), scene_change_flag 0
01-05 12:00:26.673 685 10974 I awb_adpt: 1698, awb_sprd_ctrl_calculation_v3_2: AWB result : (1304,1024,2109) 3621K , fram_count : 173 , camera_id : 0, wb mode : 0; AWB lib 64x64: (1304,1024,2109) 3621K.
01-05 12:00:26.689 685 10964 I af_sprd_adpt_v1: 1504, if_af_end_notify: notify_stop: mode[1], type[1], result[1]!!!
01-05 12:00:26.689 685 10964 I af_sprd_adpt_v1: 1030, notify_stop: af roi 9 880 734 2284 1712, state 3, num0
01-05 12:00:26.689 685 10964 I af_sprd_adpt_v1: 1036, notify_stop: notify to uplayer : af->focus_state 1
01-05 12:00:26.689 685 10964 I af_sprd_adpt_v1: 2350, af_process_frame: result = 1 mode = 1
01-05 12:00:26.689 685 10964 I aft_sprd_lib: 2052, sprd_caf_trigger_ioctrl: cmd : 1002
01-05 12:00:26.689 685 10964 I aft_sprd_lib: 4408, aft_proc_start: trigger started
01-05 12:00:26.689 685 10964 I aft_sprd_lib: 3770, aft_proc_reset: move face_base (sx ex sy ey) = (0 0 0 0), rollangle 0; stab face_base (sx ex sy ey) = (0 0 0 0), rollangle 0
01-05 12:00:26.728 685 10951 E Libae[FAE]: 1409, face_luma_calc: NO FACE
01-05 12:00:26.728 685 10974 E awb_adpt: 1479, awb_sprd_ctrl_calculation_v3_2: check handle success
01-05 12:00:26.728 685 10970 I isp_blk_cmc10: 266, _pm_cmc10_set_param: cmc_result: (1661 15694 52; 16216 1309 16267; 16367 16064 1360).
01-05 12:00:26.728 685 10970 I isp_blk_cmc10: 266, _pm_cmc10_set_param: cmc_result: (1661 15694 52; 16216 1309 16267; 16367 16064 1360).
01-05 12:00:26.729 685 10951 I cmr_oem : 9482, camera_get_af_support: af_support 1
01-05 12:00:26.729 685 10964 I aft_sprd_lib: 3803, aft_proc_log_print: afm move diff : 22341016,diff_thr :101998520,diff_cnt : 0,g_diff(x,y,z):(0.141251,0.011250,0.008750),aem move diff : (num : r,g,b,cnt) = (0,0,0,0), scene_change_flag 0
01-05 12:00:26.733 685 10974 I awb_adpt: 1698, awb_sprd_ctrl_calculation_v3_2: AWB result : (1304,1024,2109) 3621K , fram_count : 174 , camera_id : 0, wb mode : 0; AWB lib 64x64: (1304,1024,2109) 3621K.
01-05 12:00:26.777 701 11007 I HYPER-HAL: [RequestManager.cpp]releaseLocked(): Released ID : 661847
01-05 12:00:26.788 685 10951 E Libae[FAE]: 1409, face_luma_calc: NO FACE
01-05 12:00:26.788 685 10974 E awb_adpt: 1479, awb_sprd_ctrl_calculation_v3_2: check handle success
01-05 12:00:26.789 685 10970 I isp_blk_cmc10: 266, _pm_cmc10_set_param: cmc_result: (1661 15694 52; 16216 1309 16267; 16367 16064 1360).
01-05 12:00:26.789 685 10970 I isp_blk_cmc10: 266, _pm_cmc10_set_param: cmc_result: (1661 15694 52; 16216 1309 16267; 16367 16064 1360).
01-05 12:00:26.789 685 10951 I cmr_oem : 9482, camera_get_af_support: af_support 1
01-05 12:00:26.790 685 10965 E android.hardware.camera.provider@2.4-service: [ALSC]: L 561, slsc4_calculation: slsc4, error case, pair_idx=[4,3], pair_ratio=[1.448501,-0.448501], set ratio to 1.0 and 0.0
01-05 12:00:26.790 685 10964 I aft_sprd_lib: 1714, ae_stats_move_init_new: ae base_vcm_pos = 290
01-05 12:00:26.790 685 10964 I aft_sprd_lib: 3803, aft_proc_log_print: afm move diff : 22341016,diff_thr :101998520,diff_cnt : 0,g_diff(x,y,z):(0.141251,0.011250,0.008750),aem move diff : (num : r,g,b,cnt) = (0,0,0,0), scene_change_flag 0
01-05 12:00:26.793 685 10974 I awb_adpt: 1698, awb_sprd_ctrl_calculation_v3_2: AWB result : (1304,1024,2109) 3621K , fram_count : 175 , camera_id : 0, wb mode : 0; AWB lib 64x64: (1304,1024,2109) 3621K.
01-05 12:00:26.838 720 745 E CP_CONNECT_CTL: socket_reconnect: socket_reconnect src_sock=10, des_socket=cp_time_sync_server.
01-05 12:00:26.838 720 745 E CP_CONNECT_CTL: process_socket_connect: open cp_time_sync_server failed: Connection refused [111(Connection refused)]
01-05 12:00:26.838 720 745 E CP_CONNECT_CTL: socket_reconnect: socket_reconnect src_sock=10, des_socket=cp_time_sync_server.
01-05 12:00:26.838 720 745 E CP_CONNECT_CTL: process_socket_connect: open cp_time_sync_server failed: Connection refused [111(Connection refused)]
01-05 12:00:26.839 720 745 E CP_CONNECT_CTL: socket_reconnect: socket_reconnect src_sock=10, des_socket=cp_time_sync_server.
01-05 12:00:26.839 720 745 E CP_CONNECT_CTL: process_socket_connect: open cp_time_sync_server failed: Connection refused [111(Connection refused)]
01-05 12:00:26.839 720 745 E CP_CONNECT_CTL: socket_reconnect: socket_reconnect src_sock=10, des_socket=cp_time_sync_server.
01-05 12:00:26.839 720 745 E CP_CONNECT_CTL: process_socket_connect: open cp_time_sync_server failed: Connection refused [111(Connection refused)]
01-05 12:00:26.844 665 665 E YLog : /system_ext/etc/ylogsource.conf load failed... error [2(No such file or directory)] [startlogServcie]
01-05 12:00:26.848 685 10974 E awb_adpt: 1479, awb_sprd_ctrl_calculation_v3_2: check handle success
01-05 12:00:26.848 685 10951 E Libae[FAE]: 1409, face_luma_calc: NO FACE
01-05 12:00:26.849 685 10970 I isp_blk_cmc10: 266, _pm_cmc10_set_param: cmc_result: (1661 15694 52; 16216 1309 16267; 16367 16064 1360).
01-05 12:00:26.849 685 10970 I isp_blk_cmc10: 266, _pm_cmc10_set_param: cmc_result: (1661 15694 52; 16216 1309 16267; 16367 16064 1360).
01-05 12:00:26.849 685 10951 I cmr_oem : 9482, camera_get_af_support: af_support 1
01-05 12:00:26.850 685 10964 I aft_sprd_lib: 3803, aft_proc_log_print: afm move diff : 22341016,diff_thr :101998520,diff_cnt : 0,g_diff(x,y,z):(0.086250,0.017500,0.038750),aem move diff : (num : r,g,b,cnt) = (0,0,0,0), scene_change_flag 0
01-05 12:00:26.853 685 10974 I awb_adpt: 1698, awb_sprd_ctrl_calculation_v3_2: AWB result : (1304,1024,2109) 3621K , fram_count : 176 , camera_id : 0, wb mode : 0; AWB lib 64x64: (1304,1024,2109) 3621K.
01-05 12:00:26.910 685 10974 E awb_adpt: 1479, awb_sprd_ctrl_calculation_v3_2: check handle success
01-05 12:00:26.910 685 10951 E Libae[FAE]: 1409, face_luma_calc: NO FACE
01-05 12:00:26.910 685 10970 I isp_blk_cmc10: 266, _pm_cmc10_set_param: cmc_result: (1661 15694 52; 16216 1309 16267; 16367 16064 1360).
01-05 12:00:26.911 685 10970 I isp_blk_cmc10: 266, _pm_cmc10_set_param: cmc_result: (1661 15694 52; 16216 1309 16267; 16367 16064 1360).
01-05 12:00:26.911 685 10951 I cmr_oem : 9482, camera_get_af_support: af_support 1
01-05 12:00:26.912 685 10964 I aft_sprd_lib: 3803, aft_proc_log_print: afm move diff : 22341016,diff_thr :101998520,diff_cnt : 0,g_diff(x,y,z):(0.052500,0.016250,0.010000),aem move diff : (num : r,g,b,cnt) = (0,0,0,0), scene_change_flag 0
01-05 12:00:26.915 685 10974 I awb_adpt: 1698, awb_sprd_ctrl_calculation_v3_2: AWB result : (1304,1024,2109) 3621K , fram_count : 177 , camera_id : 0, wb mode : 0; AWB lib 64x64: (1304,1024,2109) 3621K.
01-05 12:00:26.969 685 10951 E Libae[FAE]: 1409, face_luma_calc: NO FACE
01-05 12:00:26.969 685 10974 E awb_adpt: 1479, awb_sprd_ctrl_calculation_v3_2: check handle success
01-05 12:00:26.969 685 10970 I isp_blk_cmc10: 266, _pm_cmc10_set_param: cmc_result: (1661 15694 52; 16216 1309 16267; 16367 16064 1360).
01-05 12:00:26.969 685 10970 I isp_blk_cmc10: 266, _pm_cmc10_set_param: cmc_result: (1661 15694 52; 16216 1309 16267; 16367 16064 1360).
01-05 12:00:26.970 685 10951 I cmr_oem : 9482, camera_get_af_support: af_support 1
01-05 12:00:26.970 685 10965 E android.hardware.camera.provider@2.4-service: [ALSC]: L 561, slsc4_calculation: slsc4, error case, pair_idx=[4,3], pair_ratio=[1.396444,-0.396444], set ratio to 1.0 and 0.0
01-05 12:00:26.971 685 10964 I aft_sprd_lib: 3803, aft_proc_log_print: afm move diff : 22341016,diff_thr :101998520,diff_cnt : 0,g_diff(x,y,z):(0.028750,0.010000,0.021250),aem move diff : (num : r,g,b,cnt) = (0,0,0,0), scene_change_flag 0
01-05 12:00:26.974 685 10974 I awb_adpt: 1698, awb_sprd_ctrl_calculation_v3_2: AWB result : (1304,1024,2109) 3621K , fram_count : 178 , camera_id : 0, wb mode : 0; AWB lib 64x64: (1304,1024,2109) 3621K.
01-05 12:00:27.029 685 10974 E awb_adpt: 1479, awb_sprd_ctrl_calculation_v3_2: check handle success
01-05 12:00:27.029 685 10951 E Libae[FAE]: 1409, face_luma_calc: NO FACE
01-05 12:00:27.029 685 10970 I isp_blk_cmc10: 266, _pm_cmc10_set_param: cmc_result: (1661 15694 52; 16216 1309 16267; 16367 16064 1360).
01-05 12:00:27.030 685 10970 I isp_blk_cmc10: 266, _pm_cmc10_set_param: cmc_result: (1661 15694 52; 16216 1309 16267; 16367 16064 1360).
01-05 12:00:27.030 685 10951 I cmr_oem : 9482, camera_get_af_support: af_support 1
01-05 12:00:27.032 685 10964 I aft_sprd_lib: 3803, aft_proc_log_print: afm move diff : 22341016,diff_thr :101998520,diff_cnt : 0,g_diff(x,y,z):(0.005000,0.038750,0.031250),aem move diff : (num : r,g,b,cnt) = (0,0,0,0), scene_change_flag 0
01-05 12:00:27.034 685 10974 I awb_adpt: 1698, awb_sprd_ctrl_calculation_v3_2: AWB result : (1304,1024,2109) 3621K , fram_count : 179 , camera_id : 0, wb mode : 0; AWB lib 64x64: (1304,1024,2109) 3621K.
01-05 12:00:27.038 720 745 E CP_CONNECT_CTL: socket_reconnect: socket_reconnect src_sock=10, des_socket=cp_time_sync_server.
01-05 12:00:27.039 720 745 E CP_CONNECT_CTL: process_socket_connect: open cp_time_sync_server failed: Connection refused [111(Connection refused)]
01-05 12:00:27.039 720 745 E CP_CONNECT_CTL: socket_reconnect: socket_reconnect src_sock=10, des_socket=cp_time_sync_server.
01-05 12:00:27.039 720 745 E CP_CONNECT_CTL: process_socket_connect: open cp_time_sync_server failed: Connection refused [111(Connection refused)]
01-05 12:00:27.039 720 745 E CP_CONNECT_CTL: socket_reconnect: socket_reconnect src_sock=10, des_socket=cp_time_sync_server.
01-05 12:00:27.039 720 745 E CP_CONNECT_CTL: process_socket_connect: open cp_time_sync_server failed: Connection refused [111(Connection refused)]
01-05 12:00:27.039 720 745 E CP_CONNECT_CTL: socket_reconnect: socket_reconnect src_sock=10, des_socket=cp_time_sync_server.
01-05 12:00:27.039 720 745 E CP_CONNECT_CTL: process_socket_connect: open cp_time_sync_server failed: Connection refused [111(Connection refused)]
01-05 12:00:27.089 685 10951 E Libae[FAE]: 1409, face_luma_calc: NO FACE
01-05 12:00:27.089 685 10974 E awb_adpt: 1479, awb_sprd_ctrl_calculation_v3_2: check handle success
01-05 12:00:27.089 685 10970 I isp_blk_cmc10: 266, _pm_cmc10_set_param: cmc_result: (1661 15694 52; 16216 1309 16267; 16367 16064 1360).
01-05 12:00:27.090 685 10970 I isp_blk_cmc10: 266, _pm_cmc10_set_param: cmc_result: (1661 15694 52; 16216 1309 16267; 16367 16064 1360).
01-05 12:00:27.090 685 10951 I cmr_oem : 9482, camera_get_af_support: af_support 1
01-05 12:00:27.090 685 10964 I aft_sprd_lib: 2357, af_data_process_new: af base_vcm_pos = 290
01-05 12:00:27.091 685 10964 I aft_sprd_lib: 3803, aft_proc_log_print: afm move diff : 22341016,diff_thr :101998520,diff_cnt : 0,g_diff(x,y,z):(0.041250,0.038750,0.016250),aem move diff : (num : r,g,b,cnt) = (0,0,0,0), scene_change_flag 0
01-05 12:00:27.094 685 10974 I awb_adpt: 1698, awb_sprd_ctrl_calculation_v3_2: AWB result : (1304,1024,2109) 3621K , fram_count : 180 , camera_id : 0, wb mode : 0; AWB lib 64x64: (1304,1024,2109) 3621K.
01-05 12:00:27.151 685 10951 E Libae[FAE]: 1409, face_luma_calc: NO FACE
01-05 12:00:27.151 685 10974 E awb_adpt: 1479, awb_sprd_ctrl_calculation_v3_2: check handle success
01-05 12:00:27.151 685 10970 I isp_blk_cmc10: 266, _pm_cmc10_set_param: cmc_result: (1661 15694 52; 16216 1309 16267; 16367 16064 1360).
01-05 12:00:27.152 685 10970 I isp_blk_cmc10: 266, _pm_cmc10_set_param: cmc_result: (1661 15694 52; 16216 1309 16267; 16367 16064 1360).
01-05 12:00:27.152 685 10951 I cmr_oem : 9482, camera_get_af_support: af_support 1
01-05 12:00:27.152 685 10965 E android.hardware.camera.provider@2.4-service: [ALSC]: L 561, slsc4_calculation: slsc4, error case, pair_idx=[4,3], pair_ratio=[1.382944,-0.382944], set ratio to 1.0 and 0.0
01-05 12:00:27.153 685 10964 I aft_sprd_lib: 3803, aft_proc_log_print: afm move diff : 1351602,diff_thr :93618539,diff_cnt : 0,g_diff(x,y,z):(0.013750,0.023750,0.033750),aem move diff : (num : r,g,b,cnt) = (0,0,0,0), scene_change_flag 0
01-05 12:00:27.156 685 10974 I awb_adpt: 1698, awb_sprd_ctrl_calculation_v3_2: AWB result : (1304,1024,2109) 3621K , fram_count : 181 , camera_id : 0, wb mode : 0; AWB lib 64x64: (1304,1024,2109) 3621K.
01-05 12:00:27.211 685 10974 E awb_adpt: 1479, awb_sprd_ctrl_calculation_v3_2: check handle success
01-05 12:00:27.212 685 10970 I isp_blk_cmc10: 266, _pm_cmc10_set_param: cmc_result: (1661 15694 52; 16216 1309 16267; 16367 16064 1360).
01-05 12:00:27.212 685 10951 E Libae[FAE]: 1409, face_luma_calc: NO FACE
01-05 12:00:27.212 685 10970 I isp_blk_cmc10: 266, _pm_cmc10_set_param: cmc_result: (1661 15694 52; 16216 1309 16267; 16367 16064 1360).
01-05 12:00:27.212 685 10951 I cmr_oem : 9482, camera_get_af_support: af_support 1
01-05 12:00:27.214 685 10964 I aft_sprd_lib: 3803, aft_proc_log_print: afm move diff : 1936056,diff_thr :93618539,diff_cnt : 0,g_diff(x,y,z):(0.050000,0.010000,0.055000),aem move diff : (num : r,g,b,cnt) = (0,0,0,0), scene_change_flag 0
01-05 12:00:27.216 685 10974 I awb_adpt: 1698, awb_sprd_ctrl_calculation_v3_2: AWB result : (1304,1024,2125) 3621K , fram_count : 182 , camera_id : 0, wb mode : 0; AWB lib 64x64: (1304,1024,2125) 3621K.
01-05 12:00:27.239 720 745 E CP_CONNECT_CTL: socket_reconnect: socket_reconnect src_sock=10, des_socket=cp_time_sync_server.
01-05 12:00:27.239 720 745 E CP_CONNECT_CTL: process_socket_connect: open cp_time_sync_server failed: Connection refused [111(Connection refused)]
01-05 12:00:27.239 720 745 E CP_CONNECT_CTL: socket_reconnect: socket_reconnect src_sock=10, des_socket=cp_time_sync_server.
01-05 12:00:27.239 720 745 E CP_CONNECT_CTL: process_socket_connect: open cp_time_sync_server failed: Connection refused [111(Connection refused)]
01-05 12:00:27.239 720 745 E CP_CONNECT_CTL: socket_reconnect: socket_reconnect src_sock=10, des_socket=cp_time_sync_server.
01-05 12:00:27.239 720 745 E CP_CONNECT_CTL: process_socket_connect: open cp_time_sync_server failed: Connection refused [111(Connection refused)]
01-05 12:00:27.240 720 745 E CP_CONNECT_CTL: socket_reconnect: socket_reconnect src_sock=10, des_socket=cp_time_sync_server.
01-05 12:00:27.240 720 745 E CP_CONNECT_CTL: process_socket_connect: open cp_time_sync_server failed: Connection refused [111(Connection refused)]
01-05 12:00:27.271 685 10951 E Libae[FAE]: 1409, face_luma_calc: NO FACE
01-05 12:00:27.272 685 10974 E awb_adpt: 1479, awb_sprd_ctrl_calculation_v3_2: check handle success
01-05 12:00:27.272 685 10970 I isp_blk_cmc10: 266, _pm_cmc10_set_param: cmc_result: (1661 15694 52; 16216 1309 16267; 16367 16064 1360).
01-05 12:00:27.272 685 10970 I isp_blk_cmc10: 266, _pm_cmc10_set_param: cmc_result: (1661 15694 52; 16216 1309 16267; 16367 16064 1360).
01-05 12:00:27.272 685 10951 I cmr_oem : 9482, camera_get_af_support: af_support 1
01-05 12:00:27.273 685 10964 I aft_sprd_lib: 3803, aft_proc_log_print: afm move diff : 485023,diff_thr :93618539,diff_cnt : 0,g_diff(x,y,z):(0.016250,0.018750,0.021250),aem move diff : (num : r,g,b,cnt) = (0,0,0,0), scene_change_flag 0
01-05 12:00:27.277 685 10974 I awb_adpt: 1698, awb_sprd_ctrl_calculation_v3_2: AWB result : (1304,1024,2109) 3621K , fram_count : 183 , camera_id : 0, wb mode : 0; AWB lib 64x64: (1304,1024,2109) 3621K.
01-05 12:00:27.294 1128 1271 D InputReader: Btn_touch(8): value=1 when=412.723184
01-05 12:00:27.295 1128 1271 I InputReader: Touch event's action is 0x0 (id=2, t=0) [pCnt=1, s=0.52 ] when=412.723184
01-05 12:00:27.295 1128 1270 I InputDispatcher: Delivering touch to (10554): action: 0x0, f=0x0, d=0, 'cdda8ee', t=1
01-05 12:00:27.295 1128 1270 D PowerManagerService: [api] userActivityFromNative : (event: 2 flags: 0 displayId: 0) eventTime = 412723
01-05 12:00:27.296 1128 1149 I GestureDetector: obtain mCurrentDownEvent. id: 819631257 caller: com.android.server.wm.SystemGesturesPointerEventListener.onPointerEvent:203 com.android.server.wm.PointerEventDispatcher.onInputEvent:53 android.view.InputEventReceiver.dispatchInputEvent:295
01-05 12:00:27.296 1128 1149 I GestureDetector: obtain mCurrentDownEvent. id: 819631257 caller: com.android.server.wm.SystemPerformancePointerEventListener.onPointerEvent:89 com.android.server.wm.PointerEventDispatcher.onInputEvent:53 android.view.InputEventReceiver.dispatchInputEvent:295
01-05 12:00:27.303 1128 1149 I GestureDetector: obtain mCurrentMotionEventRaw. action: 2 id: 405213869
01-05 12:00:27.303 1128 1149 I GestureDetector: obtain mCurrentMotionEventRaw. action: 2 id: 405213869
01-05 12:00:27.330 685 10974 E awb_adpt: 1479, awb_sprd_ctrl_calculation_v3_2: check handle success
01-05 12:00:27.330 685 10951 E Libae[FAE]: 1409, face_luma_calc: NO FACE
01-05 12:00:27.330 685 10970 I isp_blk_cmc10: 266, _pm_cmc10_set_param: cmc_result: (1661 15694 52; 16216 1309 16267; 16367 16064 1360).
01-05 12:00:27.330 685 10970 I isp_blk_cmc10: 266, _pm_cmc10_set_param: cmc_result: (1661 15694 52; 16216 1309 16267; 16367 16064 1360).
01-05 12:00:27.331 685 10951 I cmr_oem : 9482, camera_get_af_support: af_support 1
01-05 12:00:27.331 685 10965 E android.hardware.camera.provider@2.4-service: [ALSC]: L 561, slsc4_calculation: slsc4, error case, pair_idx=[4,3], pair_ratio=[1.471020,-0.471020], set ratio to 1.0 and 0.0
01-05 12:00:27.331 685 10964 I aft_sprd_lib: 3803, aft_proc_log_print: afm move diff : 34342928,diff_thr :93618539,diff_cnt : 0,g_diff(x,y,z):(0.021250,0.076250,0.110000),aem move diff : (num : r,g,b,cnt) = (0,0,0,0), scene_change_flag 0
01-05 12:00:27.335 685 10974 I awb_adpt: 1698, awb_sprd_ctrl_calculation_v3_2: AWB result : (1304,1024,2109) 3621K , fram_count : 184 , camera_id : 0, wb mode : 0; AWB lib 64x64: (1304,1024,2109) 3621K.
01-05 12:00:27.391 685 10974 E awb_adpt: 1479, awb_sprd_ctrl_calculation_v3_2: check handle success
01-05 12:00:27.391 685 10951 E Libae[FAE]: 1409, face_luma_calc: NO FACE
01-05 12:00:27.391 685 10970 I isp_blk_cmc10: 266, _pm_cmc10_set_param: cmc_result: (1661 15694 52; 16216 1309 16267; 16367 16064 1360).
01-05 12:00:27.391 685 10970 I isp_blk_cmc10: 266, _pm_cmc10_set_param: cmc_result: (1661 15694 52; 16216 1309 16267; 16367 16064 1360).
01-05 12:00:27.391 685 10951 I cmr_oem : 9482, camera_get_af_support: af_support 1
01-05 12:00:27.393 685 10964 I aft_sprd_lib: 3803, aft_proc_log_print: afm move diff : 37439310,diff_thr :93618539,diff_cnt : 0,g_diff(x,y,z):(0.211250,0.188750,0.076250),aem move diff : (num : r,g,b,cnt) = (0,0,0,0), scene_change_flag 0
01-05 12:00:27.394 1128 1271 D InputReader: Btn_touch(8): value=0 when=412.822613
01-05 12:00:27.394 1128 1271 I InputReader: Touch event's action is 0x1 (id=2, t=0) [pCnt=1, s=] when=412.822613
01-05 12:00:27.394 1128 1270 I InputDispatcher: Delivering touch to (10554): action: 0x1, f=0x0, d=0, 'cdda8ee', t=1
01-05 12:00:27.395 685 10974 I awb_adpt: 1698, awb_sprd_ctrl_calculation_v3_2: AWB result : (1304,1024,2109) 3621K , fram_count : 185 , camera_id : 0, wb mode : 0; AWB lib 64x64: (1304,1024,2109) 3621K.
01-05 12:00:27.395 1128 1128 D SGM:GameManager: identifyGamePackage. org.qtproject.example.camera, mCurrentUserId: 0, callerUserId: 0, callingMethodInfo: com.android.server.ssrm.fgapps.GameAppUtils.isGame(GameAppUtils.java:84)
01-05 12:00:27.396 1128 1128 D SGM:PkgDataHelper: getGamePkgData(). org.qtproject.example.camera
01-05 12:00:27.396 1128 1128 I SemDvfsHyPerManager: acquire hyper - GESTURE_DETECTED/1128@22, type = -999
01-05 12:00:27.396 701 733 I HYPER-HAL: [RequestManager.cpp]acquire(): Acquired ID : 661847 [1128 / 22] HINT : GESTURE_DETECTED list : [TIMEOUT / 264]
01-05 12:00:27.397 1128 1128 D SGM:GameManager: identifyGamePackage. org.qtproject.example.camera, mCurrentUserId: 0, callerUserId: 0, callingMethodInfo: com.android.server.ssrm.fgapps.GameAppUtils.isGame(GameAppUtils.java:84)
01-05 12:00:27.397 1128 1128 D SGM:PkgDataHelper: getGamePkgData(). org.qtproject.example.camera
01-05 12:00:27.397 1128 1128 I SemDvfsHyPerManager: acquire hyper - GESTURE_DETECTED/1128@22, type = -999
01-05 12:00:27.397 701 733 I HYPER-HAL: [RequestManager.cpp]acquire(): Acquired ID : 661847 [1128 / 22] HINT : GESTURE_DETECTED list : [TIMEOUT / 264]
01-05 12:00:27.439 720 745 E CP_CONNECT_CTL: socket_reconnect: socket_reconnect src_sock=10, des_socket=cp_time_sync_server.
01-05 12:00:27.439 720 745 E CP_CONNECT_CTL: process_socket_connect: open cp_time_sync_server failed: Connection refused [111(Connection refused)]
01-05 12:00:27.439 720 745 E CP_CONNECT_CTL: socket_reconnect: socket_reconnect src_sock=10, des_socket=cp_time_sync_server.
01-05 12:00:27.440 720 745 E CP_CONNECT_CTL: process_socket_connect: open cp_time_sync_server failed: Connection refused [111(Connection refused)]
01-05 12:00:27.440 720 745 E CP_CONNECT_CTL: socket_reconnect: socket_reconnect src_sock=10, des_socket=cp_time_sync_server.
01-05 12:00:27.440 720 745 E CP_CONNECT_CTL: process_socket_connect: open cp_time_sync_server failed: Connection refused [111(Connection refused)]
01-05 12:00:27.440 720 745 E CP_CONNECT_CTL: socket_reconnect: socket_reconnect src_sock=10, des_socket=cp_time_sync_server.
01-05 12:00:27.440 720 745 E CP_CONNECT_CTL: process_socket_connect: open cp_time_sync_server failed: Connection refused [111(Connection refused)]
01-05 12:00:27.450 685 10974 E awb_adpt: 1479, awb_sprd_ctrl_calculation_v3_2: check handle success
01-05 12:00:27.450 685 10951 E Libae[FAE]: 1409, face_luma_calc: NO FACE
01-05 12:00:27.451 685 10970 I isp_blk_cmc10: 266, _pm_cmc10_set_param: cmc_result: (1661 15694 52; 16216 1309 16267; 16367 16064 1360).
01-05 12:00:27.451 685 10970 I isp_blk_cmc10: 266, _pm_cmc10_set_param: cmc_result: (1661 15694 52; 16216 1309 16267; 16367 16064 1360).
01-05 12:00:27.451 685 10951 I cmr_oem : 9482, camera_get_af_support: af_support 1
01-05 12:00:27.452 685 10964 I aft_sprd_lib: 3803, aft_proc_log_print: afm move diff : 21113921,diff_thr :93618539,diff_cnt : 0,g_diff(x,y,z):(0.042500,0.007500,0.088750),aem move diff : (num : r,g,b,cnt) = (0,0,0,0), scene_change_flag 0
01-05 12:00:27.455 855 10959 E Camera2-FrameProcessorBase: FrameProcessorBase: Error waiting for new frames: Connection timed out (-110)
01-05 12:00:27.455 685 10974 I awb_adpt: 1698, awb_sprd_ctrl_calculation_v3_2: AWB result : (1304,1024,2093) 3639K , fram_count : 186 , camera_id : 0, wb mode : 0; AWB lib 64x64: (1304,1024,2093) 3639K.
01-05 12:00:27.466 7855 7975 I HQCAM_DepressStickerService: After 326 seconds sleep!!!
01-05 12:00:27.511 685 10951 E Libae[FAE]: 1409, face_luma_calc: NO FACE
01-05 12:00:27.511 685 10974 E awb_adpt: 1479, awb_sprd_ctrl_calculation_v3_2: check handle success
01-05 12:00:27.511 685 10970 I isp_blk_cmc10: 266, _pm_cmc10_set_param: cmc_result: (1665 15689 53; 16214 1311 16266; 16367 16062 1363).
01-05 12:00:27.512 685 10970 I isp_blk_cmc10: 266, _pm_cmc10_set_param: cmc_result: (1665 15689 53; 16214 1311 16266; 16367 16062 1363).
01-05 12:00:27.512 685 10951 I cmr_oem : 9482, camera_get_af_support: af_support 1
01-05 12:00:27.512 685 10965 E android.hardware.camera.provider@2.4-service: [ALSC]: L 561, slsc4_calculation: slsc4, error case, pair_idx=[4,3], pair_ratio=[1.578660,-0.578660], set ratio to 1.0 and 0.0
01-05 12:00:27.513 685 10964 I aft_sprd_lib: 3803, aft_proc_log_print: afm move diff : 36892412,diff_thr :93618539,diff_cnt : 0,g_diff(x,y,z):(0.088750,0.055000,0.036250),aem move diff : (num : r,g,b,cnt) = (0,0,0,0), scene_change_flag 0
01-05 12:00:27.516 685 10974 I awb_adpt: 1698, awb_sprd_ctrl_calculation_v3_2: AWB result : (1304,1024,2093) 3639K , fram_count : 187 , camera_id : 0, wb mode : 0; AWB lib 64x64: (1304,1024,2093) 3639K.
01-05 12:00:27.571 685 10974 E awb_adpt: 1479, awb_sprd_ctrl_calculation_v3_2: check handle success
01-05 12:00:27.571 685 10951 E Libae[FAE]: 1409, face_luma_calc: NO FACE
01-05 12:00:27.571 685 10970 I isp_blk_cmc10: 266, _pm_cmc10_set_param: cmc_result: (1665 15689 53; 16214 1311 16266; 16367 16062 1363).
01-05 12:00:27.571 685 10970 I isp_blk_cmc10: 266, _pm_cmc10_set_param: cmc_result: (1665 15689 53; 16214 1311 16266; 16367 16062 1363).
01-05 12:00:27.572 685 10951 I cmr_oem : 9482, camera_get_af_support: af_support 1
