01-05 11:59:41.636 685 685 I cmr_oem : 13729, camera_local_int: cxt=0xe86c4b00, client_data=0xe8ed3400, master_id=0
01-05 11:59:41.636 685 685 I cmr_sensor: 890, cmr_sns_create_thread: is_inited 0
01-05 11:59:41.637 685 685 I cmr_sensor: 165, cmr_sensor_init: handle 0xe867ac80 created!
01-05 11:59:41.637 685 685 I sns_drv_u: 6038, sensor_set_multi_mode: E
01-05 11:59:41.637 685 685 I sns_drv_u: 6041, sensor_set_multi_mode: sensor_id:0, is_multi_mode:0
01-05 11:59:41.637 685 10722 I cmr_sensor: 922, cmr_sns_thread_proc: evt 524546
01-05 11:59:41.637 685 10722 I sns_drv_u: 1271, sensor_open_common: open_common physical_id 0,slotId 0,autotest 0
01-05 11:59:41.637 685 10722 I sns_drv_u: 990, sensor_create_ctrl_thread: is_inited 0
01-05 11:59:41.638 685 10722 I hw_sensor: 129, hw_sensor_drv_create: sensor_id:0
01-05 11:59:41.638 685 10722 I hw_sensor: 42, _hw_sensor_dev_init: start open sensor device node.
01-05 11:59:41.639 685 10722 I hw_sensor: 46, _hw_sensor_dev_init: fd 0x9
01-05 11:59:41.639 685 10722 I sns_drv_u: 4400, sensor_drv_ic_identify: E
01-05 11:59:41.639 685 10722 I sns_drv_u: 919, sensor_get_module_cfg_info: p1:0xe2b29de0,p2:0xdd0688f0
01-05 11:59:41.639 685 10722 I sns_drv_u: 923, sensor_get_module_cfg_info: tab_size:1,4,112
01-05 11:59:41.639 685 10722 I sns_drv_u: 928, sensor_get_module_cfg_info: mid1:1,mid2:1,index:0
01-05 11:59:41.639 685 10722 I sns_ic_drv: 42, sensor_ic_drv_create: sns_drv_cxt:0xe863b0c0
01-05 11:59:41.639 685 10722 I a801_gc8034_backly: 308, gc8034_drv_init_fps_info: E
01-05 11:59:41.639 685 10722 I a801_gc8034_backly: 341, gc8034_drv_init_fps_info: X
01-05 11:59:41.639 685 10722 I sns_drv_u: 875, sensor_i2c_init: i2c init ok
01-05 11:59:41.639 685 10722 I sns_drv_u: 4423, sensor_drv_ic_identify: [o7codedebug-probe]i2c_addr:0x37,i2c<<1=0x6e,sensorname=
01-05 11:59:41.639 685 10722 I hw_sensor: 580, hw_sensor_i2c_set_clk: clock = 400000
01-05 11:59:41.639 685 10722 I sns_drv_u: 602, sensor_power_on: E:power_on = 1
01-05 11:59:41.639 685 10722 I hw_sensor: 404, hw_sensor_set_mclk: mclk 0, ret 0
01-05 11:59:41.639 685 10722 I hw_sensor: 259, hw_sensor_set_avdd_val: vdd_val is 12, set result is =0
01-05 11:59:41.639 685 10722 I hw_sensor: 270, hw_sensor_set_dvdd_val: vdd_val is 12, set result is =0
01-05 11:59:41.639 685 10722 I hw_sensor: 281, hw_sensor_set_iovdd_val: vdd_val is 12, set result is =0
01-05 11:59:41.641 685 10722 I hw_sensor: 281, hw_sensor_set_iovdd_val: vdd_val is 6, set result is =0
01-05 11:59:41.641 685 10722 I hw_sensor: 270, hw_sensor_set_dvdd_val: vdd_val is 9, set result is =0
01-05 11:59:41.643 685 10722 I hw_sensor: 259, hw_sensor_set_avdd_val: vdd_val is 3, set result is =0
01-05 11:59:41.644 685 10722 I hw_sensor: 404, hw_sensor_set_mclk: mclk 24, ret 0
01-05 11:59:41.647 685 10722 I a801_gc8034_backly: 289, gc8034_drv_power_on: (1:on, 0:off): 1
01-05 11:59:41.647 685 10722 I a801_gc8034_backly: 761, gc8034_drv_identify: mipi raw identify
01-05 11:59:41.647 685 10722 I a801_gc8034_backly: 768, gc8034_drv_identify: Identify: pid_value = 80, ver_value = 44
01-05 11:59:41.647 685 10722 I a801_gc8034_backly: 770, gc8034_drv_identify: this is gc8034 sensor
01-05 11:59:41.649 685 10722 I a801_gc8034_backly: 419, gc8034_read_otp: E!
01-05 11:59:41.650 685 10722 I a801_gc8034_backly: 506, gc8034_read_otp_info: GC8034_OTP_DD : flag_dd = 0x1
01-05 11:59:41.650 685 10722 I a801_gc8034_backly: 514, gc8034_read_otp_info: GC8034_OTP_DD is Valid!!
01-05 11:59:41.650 685 10722 I a801_gc8034_backly: 419, gc8034_read_otp: E!
01-05 11:59:41.652 685 10722 I a801_gc8034_backly: 419, gc8034_read_otp: E!
01-05 11:59:41.658 685 10722 I a801_gc8034_backly: 536, gc8034_read_otp_info: GC8034_OTP : total_number = 6
01-05 11:59:41.658 685 10722 I a801_gc8034_backly: 419, gc8034_read_otp: E!
01-05 11:59:41.659 685 10722 I a801_gc8034_backly: 419, gc8034_read_otp: E!
01-05 11:59:41.661 685 10722 I a801_gc8034_backly: 609, gc8034_gcore_load_data: GC8034_OTP_DD Load start !
01-05 11:59:41.662 685 10722 I a801_gc8034_backly: 658, gc8034_gcore_load_data: GC8034_OTP_GC: val0 = 0x2f, val1 = 0x79, val2 = 0x15
01-05 11:59:41.662 685 10722 I a801_gc8034_backly: 660, gc8034_gcore_load_data: GC8034_OTP_GC: x = 2351, y = 343
01-05 11:59:41.663 685 10722 I a801_gc8034_backly: 658, gc8034_gcore_load_data: GC8034_OTP_GC: val0 = 0x2f, val1 = 0x89, val2 = 0x15
01-05 11:59:41.663 685 10722 I a801_gc8034_backly: 660, gc8034_gcore_load_data: GC8034_OTP_GC: x = 2351, y = 344
01-05 11:59:41.663 685 10722 I a801_gc8034_backly: 658, gc8034_gcore_load_data: GC8034_OTP_GC: val0 = 0x5, val1 = 0x36, val2 = 0x62
01-05 11:59:41.663 685 10722 I a801_gc8034_backly: 660, gc8034_gcore_load_data: GC8034_OTP_GC: x = 1541, y = 1571
01-05 11:59:41.664 685 10722 I a801_gc8034_backly: 658, gc8034_gcore_load_data: GC8034_OTP_GC: val0 = 0x5, val1 = 0x46, val2 = 0x62
01-05 11:59:41.664 685 10722 I a801_gc8034_backly: 660, gc8034_gcore_load_data: GC8034_OTP_GC: x = 1541, y = 1572
01-05 11:59:41.665 685 10722 I a801_gc8034_backly: 658, gc8034_gcore_load_data: GC8034_OTP_GC: val0 = 0xe7, val1 = 0x32, val2 = 0x67
01-05 11:59:41.665 685 10722 I a801_gc8034_backly: 660, gc8034_gcore_load_data: GC8034_OTP_GC: x = 743, y = 1651
01-05 11:59:41.665 685 10722 I a801_gc8034_backly: 658, gc8034_gcore_load_data: GC8034_OTP_GC: val0 = 0xe7, val1 = 0x42, val2 = 0x67
01-05 11:59:41.665 685 10722 I a801_gc8034_backly: 660, gc8034_gcore_load_data: GC8034_OTP_GC: x = 743, y = 1652
01-05 11:59:41.666 685 10722 I a801_gc8034_backly: 671, gc8034_gcore_load_data: GC8034_OTP_GC: product_level = 1
01-05 11:59:41.666 685 10722 I a801_gc8034_backly: 679, gc8034_gcore_load_data: GC8034_OTP_UPDATE_CHIPVERSION: reg_num = 0
01-05 11:59:41.667 685 10722 I a801_gc8034_backly: 774, gc8034_drv_identify: apply dd or gc param success
01-05 11:59:41.667 685 10722 I sns_drv_u: 4470, sensor_drv_ic_identify: [o7codedebug-probe]sensor ic identify ok,MainSupplyFlag=-1,AuxSupplyFlag=-1
01-05 11:59:41.667 685 10722 I sns_drv_u: 2488, sensor_af_init: sensor a801_gc8034_backly is focus enable 1
01-05 11:59:41.667 685 10722 I hw_sensor: 297, hw_sensor_set_monitor_val: vdd_val = 3
01-05 11:59:41.673 685 10722 I android.hardware.camera.provider@2.4-service: 162, _gt9769_drv_power_on: (1:on, 0:off): 1
01-05 11:59:41.673 685 10722 I android.hardware.camera.provider@2.4-service: 177, _gt9769_drv_set_mode: mode = 2 0
01-05 11:59:41.673 685 10722 I sns_drv_u: 2674, sensor_ois_init: sensor a801_gc8034_backly is focus enable 0
01-05 11:59:41.674 685 10722 I sns_drv_u: 2689, sensor_ois_init: ois_drv_entry not configured:module:0xe2b29de0,entry:0x0,ois_ops:0x0
01-05 11:59:41.674 685 10722 I sns_drv_u: 1355, sensor_set_mode_msg: mode = 0.
01-05 11:59:41.674 685 10722 I sns_drv_u: 1375, sensor_set_mode_msg: is_async: no, phyid: 0
01-05 11:59:41.674 685 10723 I sns_drv_u: 1031, sensor_ctrl_thread_proc: evt 526338
01-05 11:59:41.674 685 10723 I sns_drv_u: 1427, sensor_set_mode: mode = 0.
01-05 11:59:41.674 685 10723 I hw_sensor: 404, hw_sensor_set_mclk: mclk 24, ret 0
01-05 11:59:41.674 685 10723 I hw_sensor: 1042, hw_Sensor_SendRegTabToSensor: E:burst_mode 0, sensor_id 0
01-05 11:59:41.697 685 10723 I hw_sensor: 1061, hw_Sensor_SendRegTabToSensor: X:reg_count 182, sensor_id 0
01-05 11:59:41.698 685 10722 I otp_common: 392, sensor_otp_drv_create: X:sensor_id:0, sensor_name:a801_gc8034_backly, eeprom_i2c_address:0xa0, eeprom_size:16384 bytes, eeprom_num:0
01-05 11:59:41.698 685 10722 I otp_common: 432, sensor_otp_get_raw_buffer: raw buffer:0xe8b4e700
01-05 11:59:41.698 685 10722 I otp_common: 473, sensor_otp_get_formatted_buffer: formatted buffer:0xe901e500
01-05 11:59:41.698 685 10722 I otp_common: 510, sensor_otp_get_buffer_state: get buffer flag(0:not in memory,1:in memory):1
01-05 11:59:41.698 685 10722 I general_otp_drv: 155, _general_otp_parse_map_version: otp version is 1.1
01-05 11:59:41.698 685 10722 I otp_common: 510, sensor_otp_get_buffer_state: get buffer flag(0:not in memory,1:in memory):1
01-05 11:59:41.698 685 10722 E sns_drv_u: 2346, sensor_otp_process: [o7codedebug-remosaic-xtalk]E:sensor_cxt->is_multi_mode=0,high_res_value=1,sensor_cxt->slot_id=0
01-05 11:59:41.698 685 10722 E sns_drv_u: 2363, sensor_otp_process: [o7codedebug-remosaic-xtalk]X: todo for sensor=a801_gc8034_backly
01-05 11:59:41.698 685 10722 I sns_drv_u: 2264, sensor_set_otp_data_msg: E
01-05 11:59:41.698 685 10722 I sns_drv_u: 2273, sensor_set_otp_data_msg: is_async: no, phyid: 0
01-05 11:59:41.698 685 10723 I sns_drv_u: 1031, sensor_ctrl_thread_proc: evt 526346
01-05 11:59:41.698 685 10723 I sns_drv_u: 2240, sensor_set_otp_data: E
01-05 11:59:41.698 685 10723 I sns_drv_u: 2252, sensor_set_otp_data: otp_raw_data:0xe8b4e708
01-05 11:59:41.698 685 10723 I a801_gc8034_backly: 721, gc8034_drv_access_val: sensor gc8034: param_ptr->type=19
01-05 11:59:41.698 685 10722 E general_otp_drv: 2873, _general_otp_get_compatible_vendor_id: [o7codedebug-compatible] E
01-05 11:59:41.698 685 10722 E general_otp_drv: 2875, _general_otp_get_compatible_vendor_id: [o7codedebug-compatible] X:compatible_vendorid = 0x57
01-05 11:59:41.698 685 10722 I general_otp_drv: 3470, general_otp_drv_ioctl: out
01-05 11:59:41.698 685 10722 I sns_drv_u: 2187, sensor_set_raw_infor: vendor id 0
01-05 11:59:41.698 685 10722 I a801_gc8034_backly: 721, gc8034_drv_access_val: sensor gc8034: param_ptr->type=16
01-05 11:59:41.698 685 10722 I sns_drv_u: 617, sensor_set_export_Info: E
01-05 11:59:41.698 685 10722 I sns_drv_u: 832, sensor_set_export_Info: X
01-05 11:59:41.698 685 10722 I sns_drv_u: 1675, sensor_stream_off: E
01-05 11:59:41.698 685 10722 I sns_drv_u: 1706, sensor_stream_off: X
01-05 11:59:41.698 685 10722 I sns_drv_u: 4896, sensor_drv_open: open success
01-05 11:59:41.698 685 10722 I cmr_sensor: 922, cmr_sns_thread_proc: evt 524548
01-05 11:59:41.698 685 10722 I cmr_sensor: 1328, cmr_sns_ioctl: cmd = 45, arg = 0xffdb95e8.
01-05 11:59:41.698 685 10722 I a801_gc8034_backly: 721, gc8034_drv_access_val: sensor gc8034: param_ptr->type=10
01-05 11:59:41.698 685 10722 I sns_ic_drv: 281, sensor_ic_print_static_info: a801_gc8034_backly: f_num: 200.000000
01-05 11:59:41.698 685 10722 I sns_ic_drv: 282, sensor_ic_print_static_info: a801_gc8034_backly: max_fps: 30
01-05 11:59:41.698 685 10722 I sns_ic_drv: 283, sensor_ic_print_static_info: a801_gc8034_backly: max_adgain: 16
01-05 11:59:41.698 685 10722 I sns_ic_drv: 284, sensor_ic_print_static_info: a801_gc8034_backly: ois_supported: 0
01-05 11:59:41.698 685 10722 I sns_ic_drv: 285, sensor_ic_print_static_info: a801_gc8034_backly: pdaf_supported: 0
01-05 11:59:41.698 685 10722 I sns_ic_drv: 287, sensor_ic_print_static_info: a801_gc8034_backly: exp_valid_frame_num: 1
01-05 11:59:41.698 685 10722 I sns_ic_drv: 288, sensor_ic_print_static_info: a801_gc8034_backly: clam_level: 64
01-05 11:59:41.698 685 10722 I sns_ic_drv: 290, sensor_ic_print_static_info: a801_gc8034_backly: adgain_valid_frame_num: 1
01-05 11:59:41.698 685 10722 I sns_ic_drv: 291, sensor_ic_print_static_info: a801_gc8034_backly: sensor name is: a801_gc8034_backly
01-05 11:59:41.698 685 10722 I sns_ic_drv: 293, sensor_ic_print_static_info: a801_gc8034_backly: sensor version info is: gc8034_v1
01-05 11:59:41.698 685 10722 I sns_ic_drv: 294, sensor_ic_print_static_info: a801_gc8034_backly: up2hori: 0
01-05 11:59:41.698 685 10722 I sns_ic_drv: 295, sensor_ic_print_static_info: a801_gc8034_backly: hori2down: 0
01-05 11:59:41.699 685 685 I cmr_grab: 116, cmr_grab_init: dcam_fd=0xa
01-05 11:59:41.699 685 685 I cmr_grab: 163, cmr_grab_init: get dcam res w 0 h 0 sn id 0
01-05 11:59:41.709 685 685 I cmr_oem : 7989, camera_res_init: init thread created
01-05 11:59:41.709 685 685 I cmr_oem : 7997, camera_res_init: async msg sent
01-05 11:59:41.709 685 10722 I cmr_sensor: 922, cmr_sns_thread_proc: evt 524548
01-05 11:59:41.709 685 10722 I cmr_sensor: 1328, cmr_sns_ioctl: cmd = 45, arg = 0xffdb9718.
01-05 11:59:41.709 685 10722 I a801_gc8034_backly: 721, gc8034_drv_access_val: sensor gc8034: param_ptr->type=7
01-05 11:59:41.709 685 685 I cmr_oem : 6270, camera_isp_init: multi_mode = 0, isp mode 0
01-05 11:59:41.709 685 10722 I cmr_sensor: 922, cmr_sns_thread_proc: evt 524548
01-05 11:59:41.709 685 10722 I cmr_sensor: 1328, cmr_sns_ioctl: cmd = 45, arg = 0xffdb9718.
01-05 11:59:41.709 685 10722 I a801_gc8034_backly: 721, gc8034_drv_access_val: sensor gc8034: param_ptr->type=1f
01-05 11:59:41.709 685 685 I cmr_oem : 6293, camera_isp_init: multi_mode=0, f_num=200, focal_length=354, max_fps=30, max_adgain=16, ois_supported=0, pdaf_supported=0
01-05 11:59:41.709 685 685 I cmr_oem : 6298, camera_isp_init: exp_valid_frame_num=1, clamp_level=64, adgain_valid_frame_num=1, prev_skip_num=0, cap_skip_num=0, w=1632, h=1224
01-05 11:59:41.709 685 685 I cmr_oem : 6302, camera_isp_init: sensor.image_pattern=0, isp.image_pattern=1, is_4in1_sensor=0, is_faceId_unlock=0, long_expose_supported=0
01-05 11:59:41.709 685 685 I isp_u_dev: 44, isp_dev_open: fd 10 handle 0xe8bbc2c0
01-05 11:59:41.709 685 685 I isp_dev_access: 575, isp_dev_access_init: done 0
01-05 11:59:41.711 685 10730 I cmr_prev: 1107, cmr_preview_init: oem_handle: 0xe86c4b00, sensor_bits: 1, private_data: 0x0
01-05 11:59:41.711 685 10730 I cmr_prev: 2326, prev_create_thread: is_inited 0
01-05 11:59:41.711 685 685 I isp_alg_fw: 8063, isp_alg_fw_init: camera_id = 0, master 1, is_4in1_sensor 0
01-05 11:59:41.711 685 685 I isp_alg_fw: 8094, isp_alg_fw_init: cam0 done, alg enable 1, init status 0
01-05 11:59:41.711 685 685 I isp_mw : 75, isp_init: done 0
01-05 11:59:41.711 685 685 I isp_u_dev: 115, isp_dev_get_video_size: get video size width=9280, height=6944
01-05 11:59:41.711 685 685 I cmr_oem : 5423, camera_jpeg_init_async: init jpeg async
01-05 11:59:41.711 685 685 I cmr_oem : 5433, camera_jpeg_init_async: send message to jpeg async init thread
01-05 11:59:41.711 685 685 I cmr_oem : 1742, camera_front_lcd_enhance_module_init: flash is not lcd type
01-05 11:59:41.711 685 685 I OEMCam : 50, camera_init: camera handle 0xe86c4b00
01-05 11:59:41.711 685 685 I OEMCam : 517, camera_lls_enable: 0
01-05 11:59:41.711 685 685 I OEMCam : 565, camera_set_lls_shot_mode: 0
01-05 11:59:41.711 685 685 I OEMCam : 541, camera_vendor_hdr_enable: 0
01-05 11:59:41.711 685 685 I OEMCam : 468, camera_get_camera_type: done 0 cam_type 0
01-05 11:59:41.711 685 685 I cmr_oem : 14956, camera_get_exif_info: apet 2.000000 focus dist 4294967.500000
01-05 11:59:41.711 685 685 I OEMCam : 439, camera_get_sensor_exif_info: done 0
01-05 11:59:41.711 685 685 I OEMCam : 373, camera_get_sensor_info_for_raw: done 0
01-05 11:59:41.711 685 685 I Cam3OEMIf: 7695, openCamera: sprd_3dcalibration_cap_size w=3264, h=2448
01-05 11:59:41.711 685 685 I Cam3OEMIf: 7707, openCamera: mIommuEnabled=1
01-05 11:59:41.711 685 685 I Cam3OEMIf: 7982, setCamSecurity: multi camera mode = 0
01-05 11:59:41.711 685 685 I OEMCam : 1087, ioctrl_set_cam_security: security mode = 0, work mode = 0
01-05 11:59:41.711 685 10735 I isp_para_update: 2243, isp_pm_raw_para_update_from_file: there is no param file!
01-05 11:59:41.711 685 685 I cmr_grab: 314, cmr_grab_set_security: security mode:0, work_mode =0
01-05 11:59:41.711 685 10737 I cmr_jpeg: 72, cmr_jpeg_init: open lib: libjpeg_hw_sprd.so
01-05 11:59:41.711 685 10730 I cmr_prev: 2384, prev_create_thread: ret 0
01-05 11:59:41.711 685 10730 I cmr_prev: 2433, prev_create_cb_thread: E
01-05 11:59:41.712 685 10737 I jpeg_codec: L 1100, jpeg_init: jpeg_init IN
01-05 11:59:41.712 685 10737 D jpeg_codec: L 1108, jpeg_init: jcontext 0xe89b5e00
01-05 11:59:41.712 685 10737 E jpeg_codec: L 1135, jpeg_init: fw_decode_buf_size 20480 ,fw_decode_buf 0xe85b6280
01-05 11:59:41.712 685 10737 D JPG : L 104, jpg_msg_queue_create: queue_handle 0xe8bb20c0
01-05 11:59:41.712 685 10737 D JPG : L 259, jpg_msg_post: queue_handle 0xe8bb20c0, msg type 0xffffff num 0 cnt 40
01-05 11:59:41.712 685 10737 I JPG : L 292, jpg_msg_post: jpg_msg_post msg_cur 0xe8608000
01-05 11:59:41.712 685 10742 I JPG : L 148, jpg_msg_get: jpg_msg_get msg_cur 0xe8608000
01-05 11:59:41.713 685 10742 D JPG : L 160, jpg_msg_get: queue_handle 0xe8bb20c0, msg type 0xffffff num 0 cnt 40
01-05 11:59:41.713 685 10742 I JPG : L 373, jpg_common_routine: before sem_post msg_cur 0xe8608000
01-05 11:59:41.713 685 10742 I JPG : L 377, jpg_common_routine: sem_post msg_cur->sem 0xe8608018
01-05 11:59:41.713 685 10742 I JPG : L 380, jpg_common_routine: after sem_post msg_cur 0xe8608000
01-05 11:59:41.713 685 10737 I JPG : L 297, jpg_msg_post: sem_wait msg_cur 0xe8608000 msg_cur->sem 0xe8608018
01-05 11:59:41.713 685 10737 D jpeg_codec: L 1146, jpeg_init: jpeg handle 0xe89b5e00
01-05 11:59:41.713 685 10737 I JPG_CODEC: L 295, JPEGCODEC_Open:JPEGENC jpg0_addr 0xe84d5000
01-05 11:59:41.713 685 10737 I JPG_CODEC: L 301, JPEGCODEC_Open:jpeg dev fd 13, reg addr 0x0xe84d5000
01-05 11:59:41.713 685 10737 D JPG : L 491, jpg_sem_init: jpg_sem_init
01-05 11:59:41.713 685 10737 D JPG_OEM : L 251, sprd_jpeg_init: jpeg handle 0xe89b5e00
01-05 11:59:41.713 685 10737 D JPG_OEM : L 266, sprd_jpeg_init: done 0
01-05 11:59:41.713 685 10737 I cmr_oem : 5394, camera_jpeg_init_async_message_handler: jpeg async init ready
01-05 11:59:41.713 685 10735 W isp_pm : 2435, isp_pm_mode_list_init: specified pm searching list. 0x0, 0
01-05 11:59:41.714 685 685 I Cam3OEMIf: 7744, openCamera: :hal3: X
01-05 11:59:41.714 685 685 I Cam3HWI : 482, openCamera: [cam_hal_flow] : CamId = 0, openCamera --
01-05 11:59:41.714 685 685 I Cam3HWI : 394, openCamera: [cam_hal_flow] : mCameraSessionActive : 1 , openCamera -
01-05 11:59:41.714 685 685 I cmr_oem : 9494, camera_set_ultra_wide_mode: is_ultra_wide 0
01-05 11:59:41.714 685 685 I Cam3HWI : 606, initialize: [cam_hal_flow] : CamId = 0, initialize +
01-05 11:59:41.714 685 685 I Cam3HWI : 623, initialize: [cam_hal_flow] : CamId = 0, initialize -
01-05 11:59:41.719 695 695 D SensorHub: SPRD[495]batch::handle[1], flags[0], period_ns[50000000], timeout[0]
01-05 11:59:41.720 685 685 E FMQ : grantorIdx must be less than 3
01-05 11:59:41.720 695 695 D SensorHub: SPRD[423]setEnable::handle[1], enabled[1]
01-05 11:59:41.720 742 742 V APM_AudioPolicyManager: listAudioPorts() role 0 type 0 num_ports 0 ports 0xb400007c9f409128
01-05 11:59:41.720 742 742 V APM_AudioPolicyManager: listAudioPorts() got 0 ports needed 7
01-05 11:59:41.720 685 685 E FMQ : grantorIdx must be less than 3
01-05 11:59:41.721 742 742 V APM_AudioPolicyManager: listAudioPorts() role 0 type 0 num_ports 7 ports 0xb400007c8856b540
01-05 11:59:41.721 742 742 V APM_AudioPolicyManager: listAudioPorts() got 7 ports needed 7
01-05 11:59:41.722 695 695 D SensorHub: SPRD[495]batch::handle[4], flags[0], period_ns[10000000], timeout[0]
01-05 11:59:41.722 685 10735 I isp_pm : 3034, isp_pm_init: done
01-05 11:59:41.722 685 10735 I ispbr : 1090, isp_br_init: camera_id 0, is_master 1, isp_handle 0xdaf11c80
01-05 11:59:41.722 685 10735 I ispbr : 173, user_cnt_inc: init ispbr_context 0xdd4642f8
01-05 11:59:41.722 685 10735 I ispbr : 234, role_add: set 0 as m
01-05 11:59:41.722 695 695 D SensorHub: SPRD[423]setEnable::handle[4], enabled[1]
01-05 11:59:41.723 855 4179 D CameraProviderManager: CameraPerf: openHidlSession X (89ms)
01-05 11:59:41.723 685 10750 W isp_alg_fw: 4909, ispalg_ae_init: warn: get ae sync param ret 0, num 0
01-05 11:59:41.723 685 10750 I isp_alg_fw: 5012, ispalg_ae_init: camera_id 0, is_master 1, is_multi_mode 0, sensor_role 0
01-05 11:59:41.723 685 10756 E isp_alg_fw: 5045, ispalg_awb_init: fail to get ae monitor info
01-05 11:59:41.723 685 10756 I isp_alg_fw: 5070, ispalg_awb_init: awb get ae win 0 0 24 16 64 64
01-05 11:59:41.724 685 10756 I isp_alg_fw: 5092, ispalg_awb_init: AWB VERSION = 30002
01-05 11:59:41.724 685 10735 I isp_alg_fw: 5643, ispalg_bypass_init: ae sw bypass123: 0
01-05 11:59:41.724 685 10735 I isp_alg_fw: 5644, ispalg_bypass_init: af sw bypass: 0
01-05 11:59:41.724 685 10735 I isp_alg_fw: 5645, ispalg_bypass_init: awb sw bypass: 0
01-05 11:59:41.724 685 10735 I isp_alg_fw: 5646, ispalg_bypass_init: lsc sw bypass: 0
01-05 11:59:41.724 685 10735 I isp_alg_fw: 5647, ispalg_bypass_init: afl sw bypass: 0
01-05 11:59:41.724 685 10735 I isp_alg_fw: 5648, ispalg_bypass_init: pdaf sw bypass: 0
01-05 11:59:41.724 685 10755 I isp_alg_fw: 5331, ispalg_af_init: otp_data 0xe8c79000, camera_id 0, is_master 1, is_multi_mode 0, sensor_role 0, pdaf_type 0
01-05 11:59:41.724 685 10735 I isp_alg_fw: 5649, ispalg_bypass_init: smart sw bypass: 0
01-05 11:59:41.724 685 10761 E android.hardware.camera.provider@2.4-service: 25, vl53l0_open_dev: Error open stmvl53l0_ranging device,error num:No such file or directory
01-05 11:59:41.724 685 10761 E android.hardware.camera.provider@2.4-service: 347, tof_ctrl_init: fail to open tof dev
01-05 11:59:41.724 685 10761 I android.hardware.camera.provider@2.4-service: 375, tof_ctrl_init: done 6
01-05 11:59:41.724 685 10761 E isp_alg_fw: 5671, ispalg_tof_init: fail to do tof init
01-05 11:59:41.724 685 10760 I afl_ctrl: 511, afl_ctrl_init: afl version: built data: Oct 15 2021.
01-05 11:59:41.724 685 10760 I afl_ctrl: 512, afl_ctrl_init: afl version: built time: 13:47:21.
01-05 11:59:41.724 685 10760 I afl_ctrl: 513, afl_ctrl_init: afl version: built rev: 4.2.4.1.
01-05 11:59:41.724 685 10760 I deflicker: handle = 0xe7e81604
01-05 11:59:41.724 685 10760 I deflicker: *handle = 0x0
01-05 11:59:41.724 685 10760 I deflicker: 118,antiflcker_sw_init:flicker_detection_library_version:CAM_ALGO_ISP_ANTIFLICKER_4.2.4.1_20210825-1902
01-05 11:59:41.724 685 10760 I deflicker: 121,antiflcker_sw_init:flicker detection library version:LIBVER[4.2.4.1][Oct 15 2021][14:43:05]
01-05 11:59:41.724 685 10757 I isp_alg_fw: 5369, ispalg_pdaf_init: cam0 no pdaf 0 0x0
01-05 11:59:41.724 685 10760 E deflicker: 196, antiflcker_sw_init: afl_get_default_param
01-05 11:59:41.724 685 10760 I deflicker: 209,antiflcker_sw_init:inti 0xe7a2e9c0
01-05 11:59:41.725 685 10750 I ae_ctrl : 680, aectrl_init_adpt: aectrl_init_adpt, major_id:3, minor_id:2
01-05 11:59:41.725 685 10750 I ae_ctrl : 683, aectrl_init_adpt: AE3.X
01-05 11:59:41.725 685 10750 E ae_ctrl : 638, aectrl_init_lib: ae cxt: 0xe863b3c0
01-05 11:59:41.725 1128 1259 I CameraService_worker: DeviceInjector, external present = false
01-05 11:59:41.726 855 4179 D HidlCamera3-Device: CameraPerf: initialize X (92ms)
01-05 11:59:41.726 855 4179 D Camera3-Device: CameraPerf: initializeCommonLocked: E
01-05 11:59:41.726 855 4179 I Camera3-Status: addComponent: Adding new component 0 - InflightRequests
01-05 11:59:41.726 855 4179 I Camera3-Status: addComponent: Adding new component 1 - RequestThread
01-05 11:59:41.726 855 4179 D Camera3-Device: initializeCommonLocked mTimestampOffset = -19ns.
01-05 11:59:41.726 855 4179 D Camera3-Device: CameraPerf: initializeCommonLocked: X (0ms)
01-05 11:59:41.726 855 4179 I Camera2-Parameters: buildFastInfo: previewSizeBound=1920x1920
01-05 11:59:41.726 685 10755 I af_ctrl : 575, afctrl_create_thread: af_ctrl thread rtn 0
01-05 11:59:41.726 685 10760 I afl_ctrl: 483, aflctrl_create_thread: afl_ctrl thread rtn 0
01-05 11:59:41.726 685 10755 I af_ctrl : 630, afctrl_init_adpt: E 0
01-05 11:59:41.726 685 10760 I afl_ctrl: 570, afl_ctrl_init: done 0
01-05 11:59:41.726 685 10755 I af_sprd_adpt_v1: 4192, sprd_afv1_init: Enter
01-05 11:59:41.726 685 10760 I isp_alg_fw: 5172, ispalg_afl_init: done 0
01-05 11:59:41.726 855 4179 D HidlCamera3-Device: CameraPerf: constructDefaultRequestSettings templateId: 1 E
01-05 11:59:41.727 720 745 E CP_CONNECT_CTL: socket_reconnect: socket_reconnect src_sock=10, des_socket=cp_time_sync_server.
01-05 11:59:41.727 720 745 E CP_CONNECT_CTL: process_socket_connect: open cp_time_sync_server failed: Connection refused [111(Connection refused)]
01-05 11:59:41.727 720 745 E CP_CONNECT_CTL: socket_reconnect: socket_reconnect src_sock=10, des_socket=cp_time_sync_server.
01-05 11:59:41.727 720 745 E CP_CONNECT_CTL: process_socket_connect: open cp_time_sync_server failed: Connection refused [111(Connection refused)]
01-05 11:59:41.727 720 745 E CP_CONNECT_CTL: socket_reconnect: socket_reconnect src_sock=10, des_socket=cp_time_sync_server.
01-05 11:59:41.727 720 745 E CP_CONNECT_CTL: process_socket_connect: open cp_time_sync_server failed: Connection refused [111(Connection refused)]
01-05 11:59:41.727 720 745 E CP_CONNECT_CTL: socket_reconnect: socket_reconnect src_sock=10, des_socket=cp_time_sync_server.
01-05 11:59:41.727 720 745 E CP_CONNECT_CTL: process_socket_connect: open cp_time_sync_server failed: Connection refused [111(Connection refused)]
01-05 11:59:41.727 685 10755 E af_sprd_adpt_v1: 4100, pd_otp_info_parser: type1 pdaf module_info is NULL
01-05 11:59:41.727 685 10755 I af_sprd_adpt_v1: 4286, sprd_afv1_init: is_multi_mode 0, cameraid 0, cur_master_id 0,sensor_role 0, pdaf_type 0
01-05 11:59:41.727 685 10755 I af_sprd_adpt_v1: 4287, sprd_afv1_init: width = 1632, height = 1224, win_num = 10
01-05 11:59:41.727 685 10755 I af_sprd_adpt_v1: 1970, af_lib_init: PDAF Tuning NULL!
01-05 11:59:41.728 685 10750 I flash_lib: 1120, flash_init: flashcorrect_debug 0
01-05 11:59:41.728 685 10735 W libc : Access denied finding property " persist.vendor.cam.ai.scence.enable"
01-05 11:59:41.729 685 685 E CamComm1.0-MD: Mismatched tag type when updating entry sharpness (-2147483645) of type int32; got type byte data instead
01-05 11:59:41.729 855 4179 D HidlCamera3-Device: CameraPerf: constructDefaultRequestSettings X (2ms)
01-05 11:59:41.729 855 4179 I Camera2-Parameters: initialize: maxPreviewSize=1920x1920, videoSizeUpperBound=1920x1080
01-05 11:59:41.729 855 4179 I CameraParams2: setPreviewSize: 1920x1080
01-05 11:59:41.729 855 4179 I CameraParams2: setVideoSize: 1920x1080
01-05 11:59:41.730 855 4179 I Camera2-Parameters: initialize: suggestedJpegSize=3264x2448
01-05 11:59:41.730 855 4179 I CameraParams2: setPictureSize: 3264x2448
01-05 11:59:41.730 855 4179 W Camera2-Parameters: initialize: Camera 0: Unknown scene mode value: 100
01-05 11:59:41.730 855 4179 W Camera2-Parameters: initialize: Camera 0: Unknown scene mode value: 101
01-05 11:59:41.730 855 4179 W Camera2-Parameters: initialize: Camera 0: Unknown scene mode value: 102
01-05 11:59:41.730 855 4179 W Camera2-Parameters: initialize: Camera 0: Unknown scene mode value: 103
01-05 11:59:41.730 855 4179 W Camera2-Parameters: initialize: Camera 0: Unknown scene mode value: 104
01-05 11:59:41.730 855 4179 I Camera2-Parameters: Camera 0: Disabling ZSL mode
01-05 11:59:41.730 855 4179 I Camera2-Parameters: initialize: allowZslMode: 0 slowJpegMode 0 isDeviceZslSupported 0
01-05 11:59:41.730 855 4179 D HidlCamera3-Device: CameraPerf: constructDefaultRequestSettings templateId: 2 E
01-05 11:59:41.731 685 10753 I lsc_ctrl: 238, _lscctrl_create_thread: lsc_ctrl thread rtn 0
01-05 11:59:41.731 685 685 E CamComm1.0-MD: Mismatched tag type when updating entry sharpness (-2147483645) of type int32; got type byte data instead
01-05 11:59:41.732 685 10755 E AFv1Lib : 1697, af_init: aflib version 3.2-20210730-fixspotissue-2020111700 mem 317580
01-05 11:59:41.732 685 10755 E AFv1Lib : 1707, af_init: Build_type:user log_level: 4
01-05 11:59:41.732 685 10755 I af_sprd_adpt_v1: 1379, if_get_otp: get otp (infi,macro) = (275,473)
01-05 11:59:41.732 685 10755 E AFv1Lib : 1773, af_init: af otp tuning(275, 477), eeprom(275, 473)
01-05 11:59:41.732 685 10755 E AFv1Lib : 1797, af_init: saf algo 1, caf roi 40, touchpd 0
01-05 11:59:41.732 685 10755 I android.hardware.camera.provider@2.4-service: 110, gt9769_drv_set_pos: target_code = 275
01-05 11:59:41.732 685 10755 E AFv1Lib : 1824, af_init: AF_Algo_new_version: CAM_ALGO_ISP_3A_AF_3.2_H1_20210730_1452
01-05 11:59:41.733 685 10750 I flash_lib: 1217, flash_init: FLASH VERSION: CAM_ALGO_ISP_3A_FLASH_6.0_H0_20210927_1643
01-05 11:59:41.733 685 10750 I Libae[Misc]: 105,ae_get_mod:AE3.4 branch: trunk : CAM_ALGO_ISP_3A_AE_3.X_H38_20211022_1410_2, compile time:15:24:52-Dec 1 2021
01-05 11:59:41.733 855 4179 D HidlCamera3-Device: CameraPerf: constructDefaultRequestSettings X (2ms)
01-05 11:59:41.735 685 10750 E Libae[Core]: 4211, aec_frame_sync_tune_param_parser: AE_sync param is NULL, just use the default param
01-05 11:59:41.735 685 10750 E Libae[Core]:
01-05 11:59:41.735 685 10753 I lsc_sprd_adapt: 1232, lsc_load_lib: lib lsc v_count : 6, version id: 1, liblsc path :libalsc3.2.so
01-05 11:59:41.735 855 4179 E Camera2-FrameProcessorBase: FrameProcessorBase: created
01-05 11:59:41.735 685 10751 E ATM : atm version: CAM_ALGO_ISP_ATM_2.0_H1_20210705-2100
01-05 11:59:41.735 685 10755 I af_sprd_adpt_v1: 2009, trigger_init: aft tuning param ok
01-05 11:59:41.735 685 10751 I smart_ctrl: 1538, smart_ctl_init: done rtn 0
01-05 11:59:41.735 685 10751 I isp_alg_fw: 5223, ispalg_smart_init: done 0
01-05 11:59:41.736 685 10750 I ae_sprd_adpt: 8039, ae_set_ae_init_param: [o7codedebug-remosaic]function switch thread bv_value form down->up 490->500[up open]
01-05 11:59:41.736 685 10750 I android.hardware.camera.provider@2.4-service: 218, s_q_open: valid num: exp: 2, sensor gain: 2, isp gain: 1
01-05 11:59:41.736 685 10755 I aft_sprd_lib: 152, aft_is_mlog: logtype 0x0
01-05 11:59:41.736 685 10755 I aft_sprd_lib: 1929, sprd_caf_trigger_init: aft version id: 0x20210625_modifyscenechange
01-05 11:59:41.736 685 10750 I ae_ctrl : 703, aectrl_init_adpt: done 0
01-05 11:59:41.736 685 10755 E aft_sprd_lib: 1930, sprd_caf_trigger_init: AFT_Algo_new_version: CAM_ALGO_ISP_3A_AFT_3.2_H0_20210625_1032
01-05 11:59:41.736 685 10755 I aft_sprd_lib: 1931, sprd_caf_trigger_init: tuning data len 1828 ptr 0xd9f007e4
01-05 11:59:41.736 685 10755 I aft_sprd_lib: 1933, sprd_caf_trigger_init: malloc size 1872, 100528, sum = 102400
01-05 11:59:41.736 685 10755 I aft_sprd_lib: 816, aft_get_tuning_param: aft_tuning.bin is not exist!
01-05 11:59:41.736 685 10755 I aft_sprd_lib: 288, aft_check_param_size: param size all1828, v0:576, v1:1828
01-05 11:59:41.736 685 10755 I aft_sprd_lib: 818, aft_get_tuning_param: load from tuning param.c
01-05 11:59:41.736 685 10755 I aft_sprd_lib: 890, aft_set_proc_cfg_param: aft tuning_param version :1
01-05 11:59:41.736 685 10755 I aft_sprd_lib: 1129, aft_set_proc_cfg_param: version :1, img_blk :1, abort_af_y :10
01-05 11:59:41.736 685 10755 I aft_sprd_lib: 109, DebugProp_Control: support flag: face 1, pd 0, tof 1, afm 1, cafblk 0, imgblk 1, hist 1, gyro 0, gsensor 1, abort 1, need_print_support 0, sc 0
01-05 11:59:41.736 685 10755 I aft_sprd_lib: 3770, aft_proc_reset: move face_base (sx ex sy ey) = (0 0 0 0), rollangle 0; stab face_base (sx ex sy ey) = (0 0 0 0), rollangle 0
01-05 11:59:41.736 685 10755 I aft_sprd_lib: 4489, aft_proc_init: mlog 0x0
01-05 11:59:41.736 685 10755 I aft_sprd_lib: 4511, aft_proc_init: face_support 1, pd_data_support 0, tof_data_support 1, afm_support 1, caf_blk_support 0, img_blk support 1, hist_support 1
01-05 11:59:41.736 685 10755 I aft_sprd_lib: 4513, aft_proc_init: gyro_support 0, gsensor_support 1, abort_af_support 1, need_rough_support 0, need_print_support 0, scene_change_support 0
01-05 11:59:41.736 685 10755 I aft_sprd_lib: 1951, sprd_caf_trigger_init: aft init done handle : 0xe7c5b800
01-05 11:59:41.736 685 10755 I aft_sprd_lib: 2052, sprd_caf_trigger_ioctrl: cmd : 2002
01-05 11:59:41.736 685 10755 I aft_sprd_lib: 1319, aft_proc_get_ae_skip_info: select_support :1, skip_line :0
01-05 11:59:41.736 685 10755 I af_sprd_adpt_v1: 4337, sprd_afv1_init: otp bIsExist = 1, (inf, macro) = 275,473.
01-05 11:59:41.736 685 10755 I af_sprd_adpt_v1: 4351, sprd_afv1_init: Exit
01-05 11:59:41.736 685 10755 I af_ctrl : 623, afctrl_init_lib: done 0
01-05 11:59:41.736 685 10755 I af_ctrl : 646, afctrl_init_adpt: done 0
01-05 11:59:41.736 685 10755 I af_ctrl : 718, af_ctrl_init: done 0
01-05 11:59:41.737 1128 4102 D CompatibilityChangeReporter: Compat change id reported: 189229956; UID 10245; state: DISABLED
01-05 11:59:41.737 1128 4102 D CompatibilityChangeReporter: Compat change id reported: 191513214; UID 10245; state: DISABLED
01-05 11:59:41.737 1128 4102 V CameraService_proxy: The activity is N or above and claims to support resizeable-activity. Crop-rotate-scale is disabled.
01-05 11:59:41.738 855 4179 I CameraService: connectHelper: overrideCameraMuteMode = false, isCameraPrivacyEnabled = false
01-05 11:59:41.738 855 4179 I CameraService: CameraService::finishConnectLocked E
01-05 11:59:41.738 855 4179 I CameraService: wouldEvictLocked: [incoming client] owner = 10554, priority-score=0, cost=55, returnIncompatibleClients=false
01-05 11:59:41.738 855 4179 I CameraService: wouldEvictLocked: [cost info] current cost=0, adding cost=55, total cost=55, max cost=100
01-05 11:59:41.738 855 4179 I CameraService: wouldEvictLocked: [highestPriority] owner=10554, score=0
01-05 11:59:41.738 685 10753 I android.hardware.camera.provider@2.4-service: [ALSC]: L 746, lsc_init_core: ALSC VERSION: CAM_ALGO_ISP_3A_ALSC_3.2_H6_20210809_2012 !
01-05 11:59:41.738 685 10763 I af_sprd_adpt_v1: 3588, af_sprd_set_zoom_ratio: zoom ratio = 1000
01-05 11:59:41.738 685 10753 D android.hardware.camera.provider@2.4-service: [ALSC]: L 168, alsc_get_eng_cmd: eng_alsc_bypass_otp=0, eng_alsc_bypass=0, eng_alsc_table_index=9
01-05 11:59:41.738 685 10730 I cmr_oem : 7941, camera_init_thread_proc: cb thread inited
01-05 11:59:41.739 685 10753 I lsc_sprd_adapt: 2625, lsc_sprd_init: lsc init success rtn = 0, camera_id = 0
01-05 11:59:41.739 685 10753 I lsc_ctrl: 185, _lscctrl_init_lib: done 0
01-05 11:59:41.739 685 10753 I lsc_ctrl: 222, _lscctrl_init_adpt: done 0
01-05 11:59:41.740 855 4179 I CameraService: addAndEvict: push the client(owner 10554, priorityScore 0, state 2) to mClients
01-05 11:59:41.740 855 4179 I CameraService: CameraService::finishConnectLocked X
01-05 11:59:41.740 855 4179 I Camera2Client: notifyAppPackageName
01-05 11:59:41.740 855 4179 D HidlCamera3-Device: CameraPerf: setParameters E
01-05 11:59:41.740 855 4179 W HidlCamera3-Device: setParameters: Samsung interface is null.
01-05 11:59:41.740 855 4179 D HidlCamera3-Device: CameraPerf: setParameters X (0ms)
01-05 11:59:41.740 855 4179 I CameraService: Notified package name to HAL.
01-05 11:59:41.740 855 4179 I CameraServiceProxyWrapper: updateProxyDeviceState: notifyCameraState for Camera ID 0, newState 0, facing 0, clientName org.qtproject.example.camera, apiLevel 1
01-05 11:59:41.740 855 4179 I CameraService: isNoSALoggingPackage: org.qtproject.example.camera is a third party package.
01-05 11:59:41.740 1504 1749 I CameraManagerGlobal: Camera 0 facing CAMERA_FACING_BACK state now CAMERA_STATE_OPEN for client org.qtproject.example.camera API Level 1 User Id 0
01-05 11:59:41.740 1128 4102 I AudioManager: setParameters keyValuePairs = cameraFacing=back
01-05 11:59:41.740 1791 1812 I CameraManagerGlobal: Camera 0 facing CAMERA_FACING_BACK state now CAMERA_STATE_OPEN for client org.qtproject.example.camera API Level 1 User Id 0
01-05 11:59:41.741 1128 4104 I CameraManagerGlobal: Camera 0 facing CAMERA_FACING_BACK state now CAMERA_STATE_OPEN for client org.qtproject.example.camera API Level 1 User Id 0
01-05 11:59:41.741 2501 8150 I CameraManagerGlobal: Camera 0 facing CAMERA_FACING_BACK state now CAMERA_STATE_OPEN for client org.qtproject.example.camera API Level 1 User Id 0
01-05 11:59:41.741 2501 8150 I CameraManagerGlobal: onCameraDeviceStateChangedLocked: post device state update
01-05 11:59:41.741 1128 4104 I CameraManagerGlobal: onCameraDeviceStateChangedLocked: post device state update
01-05 11:59:41.741 2501 8150 I CameraManagerGlobal: onCameraDeviceStateChangedLocked: post device state update
01-05 11:59:41.741 855 4179 D CameraService: getCameraInfo E: 0
01-05 11:59:41.741 683 734 I audio_hw_primary: adev_set_parameters kvpairs=cameraFacing=back
01-05 11:59:41.741 2745 2777 I CameraManagerGlobal: Camera 0 facing CAMERA_FACING_BACK state now CAMERA_STATE_OPEN for client org.qtproject.example.camera API Level 1 User Id 0
01-05 11:59:41.741 683 734 I audio_hw_ext: ext_control_process:cameraFacing=back
01-05 11:59:41.742 855 4179 D CameraService: getCameraInfo X
01-05 11:59:41.744 2483 2483 W ContextImpl: Calling a method in the system process without a qualified user: android.app.ContextImpl.startService:1926 android.content.ContextWrapper.startService:834 android.content.ContextWrapper.startService:834 com.sec.android.diagmonagent.sa.receiver.CFLogReceiver.a:4 com.sec.android.diagmonagent.sa.receiver.CFLogReceiver.onReceive:4
01-05 11:59:41.745 855 4179 D CameraService: getNumberOfCameras E
01-05 11:59:41.745 855 4179 D CameraService: getNumberOfCameras X: ok
01-05 11:59:41.745 855 4179 D CameraService: getCameraInfo E: 0
01-05 11:59:41.745 855 4179 D CameraService: getCameraInfo X
01-05 11:59:41.750 2483 2483 W ContextImpl: Calling a method in the system process without a qualified user: android.app.ContextImpl.startService:1926 android.content.ContextWrapper.startService:834 android.content.ContextWrapper.startService:834 com.sec.android.diagmonagent.sa.receiver.CFLogReceiver.a:4 com.sec.android.diagmonagent.sa.receiver.CFLogReceiver.onReceive:4
01-05 11:59:41.756 685 10756 I isp_alg_fw: 5129, ispalg_awb_init: is_master 1, sensor_role 0, is_multi_mode 0
01-05 11:59:41.757 685 10756 I awb_ctrl: 311, awbctrl_create_thread: done 0
01-05 11:59:41.757 685 10756 I awb_ctrl: 136, awbctrl_init_adpt: back camera, camera_id = 0
01-05 11:59:41.757 685 10756 I awb_ctrl: 157, awbctrl_init_adpt: no pram file , Get the trunning param from upper layer!
01-05 11:59:41.757 685 10756 I awb_ctrl: 181, awbctrl_init_adpt: lib_param.version_id = 2 (isp3.2)
01-05 11:59:41.757 685 10756 I awb_adpt: 1199, awb_sprd_ctrl_init_v3_2: [awb_3x] start awb_sprd_ctrl_init
01-05 11:59:41.757 685 10756 I awb_adpt: 917, awbsprd_load_lib: awb lib v_count:7, version_id:2, version_name:libawb3.2.so
01-05 11:59:41.757 685 10756 I awb_adpt: 928, awbsprd_load_lib: dlopen awb lib successful
01-05 11:59:41.757 685 10756 E awb_adpt: 1229, awb_sprd_ctrl_init_v3_2: load awb lib success!
01-05 11:59:41.757 685 10756 I awb_adpt: 1256, awb_sprd_ctrl_init_v3_2: is_multi_mode=0 , color_support=1
01-05 11:59:41.757 685 10756 I awb_adpt: 1275, awb_sprd_ctrl_init_v3_2: start parse the awb_otp_info
01-05 11:59:41.757 685 10756 I awb_adpt: 1277, awb_sprd_ctrl_init_v3_2: end parse the awb_otp_info
01-05 11:59:41.758 685 10756 I awb_adpt: 1279, awb_sprd_ctrl_init_v3_2: create the lock thread for awb success!
01-05 11:59:41.758 685 10756 E android.hardware.camera.provider@2.4-service: [AWBLIB][awb_init] [1390]awb version: AWB VERSION: CAM_ALGO_ISP_3A_AWB_3.2_H2_20211022-1330awb log info
01-05 11:59:41.759 685 10756 E awb_adpt: 362, _awb_read_gain: read_gain from:/data/vendor/cameraserver/camera_0_awb.file, camera_id[0]: 1308, 1024, 2126, 3621
01-05 11:59:41.759 685 10756 I awb_adpt: 1373, awb_sprd_ctrl_init_v3_2: done
01-05 11:59:41.759 685 10756 I awb_ctrl: 113, awbctrl_init_lib: done 0
01-05 11:59:41.759 685 10756 I awb_ctrl: 200, awbctrl_init_adpt: done 0
01-05 11:59:41.759 685 10756 I isp_alg_fw: 5136, ispalg_awb_init: done 0
01-05 11:59:41.759 685 10735 I isp_alg_fw: 6339, get_prop_ctrl: is_raw_cap 0, tool_eb 0, dbg_hwsim 0, dump_lsc 0, dump_aem 0
01-05 11:59:41.759 685 10735 I isp_alg_fw: 6439, isp_alg_fw_init_async: cam0 done, alg enable 1, init 1
01-05 11:59:41.763 855 4179 I Camera2Client: setPreviewCallbackFlag: Camera 0: Flag 0x0
01-05 11:59:41.763 855 4179 D Camera3-Device: clearStreamingRequest
01-05 11:59:41.763 855 4179 I Camera3-Device: clearStreamingRequest - Camera 0: Clearing repeating request
01-05 11:59:41.763 855 4179 D Camera3-Device: flush: mInterfaceLock.lock()
01-05 11:59:41.763 855 4179 I Camera3-Device: Creating CameraServiceWatchDog with cycles = 80, cycleLength = 100 ms and Timer = 8000 ms
01-05 11:59:41.763 855 4179 I Camera3-Device: CameraServiceWatchDog::watchThread for mRequestThread->flush() with cycles = 80, cycleLength = 100 ms and Timer = 8000 ms
01-05 11:59:41.763 855 4179 D HidlCamera3-Device: CameraPerf: flush E
01-05 11:59:41.763 685 685 I Cam3HWI : 3527, flush: [cam_hal_flow] : flush +
01-05 11:59:41.763 685 685 I Cam3HWI : 3271, flush: :hal3: E camId=0
01-05 11:59:41.764 705 705 D vendor.unisoc.hardware.power-service: Enter getSceneIdByName: sceneName:camera_high_perf
01-05 11:59:41.764 705 705 D vendor.unisoc.hardware.power-service: Enter getSceneIdByName: sceneName:camera_perf
01-05 11:59:41.764 705 705 D PowerHAL: ###Enter camera_perf scene bgn###
01-05 11:59:41.764 705 705 D PowerHAL: Enter cpufreq_set_for_release_when_close: enable:1, duration: 0, /dev/cluster0_freq_max: 1BC560
01-05 11:59:41.764 705 705 D PowerHAL: Set /dev/cluster0_freq_max: 1BC560
01-05 11:59:41.764 705 705 D PowerHAL: Enter cpufreq_set_for_release_when_close: enable:1, duration: 0, /dev/cluster0_freq_min: 1BC560
01-05 11:59:41.764 705 705 D PowerHAL: Set /dev/cluster0_freq_min: 1BC560
01-05 11:59:41.764 705 705 D PowerHAL: Enter cpufreq_set_for_release_when_close: enable:1, duration: 0, /dev/cluster1_freq_max: 1EF1E0
01-05 11:59:41.764 705 705 D PowerHAL: Set /dev/cluster1_freq_max: 1EF1E0
01-05 11:59:41.764 705 705 D PowerHAL: Enter cpufreq_set_for_release_when_close: enable:1, duration: 0, /dev/cluster1_freq_min: 1EF1E0
01-05 11:59:41.764 705 705 D PowerHAL: Set /dev/cluster1_freq_min: 1e8c50
01-05 11:59:41.764 705 705 D PowerHAL: ###Enter camera_perf scene end###
01-05 11:59:41.774 685 10722 I cmr_sensor: 922, cmr_sns_thread_proc: evt 524548
01-05 11:59:41.774 685 10722 I cmr_sensor: 1328, cmr_sns_ioctl: cmd = 45, arg = 0xffdbada8.
01-05 11:59:41.774 685 10722 I a801_gc8034_backly: 721, gc8034_drv_access_val: sensor gc8034: param_ptr->type=13
01-05 11:59:41.774 685 685 I Cam3HWI : 3304, flush: :hal3: clear all buffers
01-05 11:59:41.776 685 685 I Cam3HWI : 3371, flush: :hal3: X
01-05 11:59:41.776 685 685 I Cam3HWI : 3543, flush: [cam_hal_flow] : flush -
01-05 11:59:41.776 855 4179 D HidlCamera3-Device: CameraPerf: flush X (12ms)
01-05 11:59:41.776 855 4179 D Camera3-Device: waitUntilDrained: mInterfaceLock.unlock()
01-05 11:59:41.781 855 4179 I Camera3-Device: setDeviceInjector
01-05 11:59:41.781 855 4179 I Camera3-Device: disconnectImpl: E
01-05 11:59:41.781 855 4179 I Camera3-Device: CameraServiceWatchDog::watchThread for interface->close() with cycles = 100, cycleLength = 100 ms and Timer = 10000 ms
01-05 11:59:41.781 855 4179 D HidlCamera3-Device: CameraPerf: close E
01-05 11:59:41.782 685 685 I Cam3HWI : 3564, close_camera_device: :hal3: camId=0 camera3->close E
01-05 11:59:41.782 685 685 I Cam3HWI : 503, closeCamera: [cam_hal_flow] : CamId = 0, closeCamera +
01-05 11:59:41.782 685 10722 I cmr_sensor: 922, cmr_sns_thread_proc: evt 524548
01-05 11:59:41.782 685 10722 I cmr_sensor: 1328, cmr_sns_ioctl: cmd = 45, arg = 0xffdbad78.
01-05 11:59:41.782 685 10722 I a801_gc8034_backly: 721, gc8034_drv_access_val: sensor gc8034: param_ptr->type=13
01-05 11:59:41.782 685 685 I Cam3OEMIf: 962, closeCamera: :hal3: E camId=0
01-05 11:59:41.792 1128 1482 D SensorService: Calling activate off 1
01-05 11:59:41.792 695 1031 D SensorHub: SPRD[423]setEnable::handle[1], enabled[0]
01-05 11:59:41.792 1128 1161 D SensorService: Calling activate off 4
01-05 11:59:41.793 695 1031 D SensorHub: SPRD[423]setEnable::handle[4], enabled[0]
01-05 11:59:41.793 685 685 I Cam3OEMIf: 1045, closeCamera: :hal3: deinit camera
01-05 11:59:41.793 685 685 I cmr_oem : 1768, camera_front_lcd_enhance_module_deinit: flash is not lcd type
01-05 11:59:41.793 685 10737 I cmr_oem : 5403, camera_jpeg_init_async_message_handler: exit here
01-05 11:59:41.793 685 685 I cmr_oem : 5476, camera_jpeg_deinit_async: send exit message to jpeg async init thread
01-05 11:59:41.793 685 685 I jpeg_codec: L 1600, jpeg_deinit: jpeg_deinit in
01-05 11:59:41.793 685 685 D JPG : L 502, jpg_sem_wait: jpg_sem_wait 0xe89b5e28
01-05 11:59:41.793 685 685 D JPG : L 259, jpg_msg_post: queue_handle 0xe8bb20c0, msg type 0x200000 num 0 cnt 40
01-05 11:59:41.793 685 685 I JPG : L 292, jpg_msg_post: jpg_msg_post msg_cur 0xe8608020
01-05 11:59:41.793 685 10742 I JPG : L 148, jpg_msg_get: jpg_msg_get msg_cur 0xe8608020
01-05 11:59:41.793 685 10742 D JPG : L 160, jpg_msg_get: queue_handle 0xe8bb20c0, msg type 0x200000 num 0 cnt 40
01-05 11:59:41.793 685 10742 I jpeg_codec: L 955, jpeg_thread_proc: jpeg:JPEG Thread Proc In
01-05 11:59:41.793 685 10742 E jpeg_codec: L 874, _jpeg_stop: jpeg:jpeg is deinited
01-05 11:59:41.793 685 10742 I JPG : L 373, jpg_common_routine: before sem_post msg_cur 0xe8608020
01-05 11:59:41.793 685 10742 I JPG : L 377, jpg_common_routine: sem_post msg_cur->sem 0xe8608038
01-05 11:59:41.793 685 10742 I JPG : L 380, jpg_common_routine: after sem_post msg_cur 0xe8608020
01-05 11:59:41.794 685 685 I JPG : L 297, jpg_msg_post: sem_wait msg_cur 0xe8608020 msg_cur->sem 0xe8608038
01-05 11:59:41.794 685 685 D JPG : L 259, jpg_msg_post: queue_handle 0xe8bb20c0, msg type 0x1ffffff num 0 cnt 40
01-05 11:59:41.794 685 685 I JPG : L 292, jpg_msg_post: jpg_msg_post msg_cur 0xe8608040
01-05 11:59:41.794 685 10742 I JPG : L 148, jpg_msg_get: jpg_msg_get msg_cur 0xe8608040
01-05 11:59:41.794 685 10742 D JPG : L 160, jpg_msg_get: queue_handle 0xe8bb20c0, msg type 0x1ffffff num 0 cnt 40
01-05 11:59:41.794 685 10742 I JPG : L 365, jpg_common_routine: timestamp = 367222.
01-05 11:59:41.794 685 10742 I JPG : L 373, jpg_common_routine: before sem_post msg_cur 0xe8608040
01-05 11:59:41.794 685 10742 I JPG : L 377, jpg_common_routine: sem_post msg_cur->sem 0xe8608058
01-05 11:59:41.794 685 685 I JPG : L 297, jpg_msg_post: sem_wait msg_cur 0xe8608040 msg_cur->sem 0xe8608058
01-05 11:59:41.794 685 10742 I JPG : L 380, jpg_common_routine: after sem_post msg_cur 0xe8608040
01-05 11:59:41.794 685 10742 D JPG : L 391, jpg_common_routine: thread exit 0x0xe8b45230
01-05 11:59:41.794 685 10742 I JPG : L 396, jpg_common_routine: thread exit 0x0xe8b45230
01-05 11:59:41.794 685 685 I JPG : L 464, jpg_thread_destroy: join jpg msg thread successful
01-05 11:59:41.794 685 685 D JPG : L 307, jpg_msg_queue_destroy: queue_handle 0xe8bb20c0
01-05 11:59:41.794 685 685 I JPG : L 318, jpg_msg_queue_destroy: free msg_cxt->msg_head 0xe8608000
01-05 11:59:41.794 685 685 I jpeg_codec: L 1622, jpeg_deinit: free FW BUF
01-05 11:59:41.794 685 685 I JPG_CODEC: L 327, JPEGCODEC_Close:jpeg dev close
01-05 11:59:41.794 685 685 D JPG_OEM : L 347, sprd_jpeg_deinit: done 0
01-05 11:59:41.794 685 685 I cmr_focus: 213, cmr_focus_deinit_notice: E
01-05 11:59:41.794 685 685 I isp_alg_fw: 4742, ispalg_destroy_thread_proc: done 0
01-05 11:59:41.794 685 10763 I af_sprd_adpt_v1: 4368, sprd_afv1_deinit: Enter
01-05 11:59:41.794 685 10763 I aft_sprd_lib: 4535, aft_proc_deinit: deinit
01-05 11:59:41.795 685 10763 I af_sprd_adpt_v1: 4398, sprd_afv1_deinit: Exit
01-05 11:59:41.795 685 10763 I af_ctrl : 498, afctrl_deinit_adpt: af_deinit is OK!
01-05 11:59:41.795 685 10763 I af_ctrl : 500, afctrl_deinit_adpt: done 0
01-05 11:59:41.795 685 685 I af_ctrl : 598, afctrl_destroy_thread: done 0
01-05 11:59:41.795 685 685 I af_ctrl : 768, af_ctrl_deinit: done 0
01-05 11:59:41.796 685 10764 I lsc_sprd_adapt: 2535, lsc_sprd_deinit: done rtn = 0
01-05 11:59:41.796 685 10764 I lsc_ctrl: 60, _lscctrl_deinit_adpt: done 0
01-05 11:59:41.796 685 685 I lsc_ctrl: 83, _lscctrl_destroy_thread: done 0
01-05 11:59:41.796 685 685 I lsc_ctrl: 324, lsc_ctrl_deinit: done 0
01-05 11:59:41.797 685 685 I smart_ctrl: 2441, smart_ctl_deinit: done 0
01-05 11:59:41.798 685 10782 I awb_adpt: 1428, awb_sprd_ctrl_deinit_v3_2: done
01-05 11:59:41.798 685 10782 I awb_ctrl: 83, awbctrl_deinit_adpt: done 0
01-05 11:59:41.798 685 685 I awb_ctrl: 334, awbctrl_destroy_thread: done 0
01-05 11:59:41.798 685 685 I awb_ctrl: 442, awb_ctrl_deinit: done 0
01-05 11:59:41.798 685 685 I afl_ctrl: 713, aflctrl_destroy_thread: done 0
01-05 11:59:41.798 685 685 I deflicker: 225,antiflcker_sw_deinit:deinit 0xe7a2e9c0
01-05 11:59:41.798 685 685 I afl_ctrl: 773, afl_ctrl_deinit: done 0
01-05 11:59:41.798 685 685 I isp_alg_fw: 5713, ispalg_deinit: done
01-05 11:59:41.798 685 685 I ispbr : 1123, isp_br_deinit: camera_id 0
01-05 11:59:41.798 685 685 I ispbr : 275, role_delete: delete m 0
01-05 11:59:41.798 685 685 I ispbr : 197, user_cnt_dec: de-init ispbr_context 0xdd4642f8
01-05 11:59:41.798 685 685 I isp_pm : 3135, isp_pm_deinit: done
01-05 11:59:41.798 685 685 I isp_alg_fw: 8195, isp_alg_fw_deinit: done 0
01-05 11:59:41.798 685 685 I isp_dev_access: 597, isp_dev_access_deinit: done 0
01-05 11:59:41.798 685 685 I isp_mw : 111, isp_deinit: done 0
01-05 11:59:41.800 685 10730 I cmr_prev: 2394, prev_destroy_thread: E is_inited 1
01-05 11:59:41.800 685 10730 I cmr_prev: 2408, prev_destroy_thread: destory prev assist thread
01-05 11:59:41.801 685 10730 I cmr_scale: 563, cmr_scale_close: scale close device enter
01-05 11:59:41.801 685 10730 I cpp_u_dev: 237, cpp_scale_close: scale close device exit
01-05 11:59:41.802 685 10730 I cmr_oem : 7950, camera_init_thread_proc: camera exit
01-05 11:59:41.802 685 10722 I cmr_sensor: 922, cmr_sns_thread_proc: evt 524547
01-05 11:59:41.802 685 10722 I sns_drv_u: 1771, sensor_close_common: E
01-05 11:59:41.802 685 10722 I android.hardware.camera.provider@2.4-service: 103, gt9769_drv_set_pos: dac_target_code = 235
01-05 11:59:41.823 685 10722 I android.hardware.camera.provider@2.4-service: 103, gt9769_drv_set_pos: dac_target_code = 195
01-05 11:59:41.827 665 665 E YLog : /system_ext/etc/ylogsource.conf load failed... error [2(No such file or directory)] [startlogServcie]
01-05 11:59:41.843 685 10722 I android.hardware.camera.provider@2.4-service: 103, gt9769_drv_set_pos: dac_target_code = 155
01-05 11:59:41.863 685 10722 I android.hardware.camera.provider@2.4-service: 103, gt9769_drv_set_pos: dac_target_code = 115
01-05 11:59:41.884 685 10722 I android.hardware.camera.provider@2.4-service: 103, gt9769_drv_set_pos: dac_target_code = 75
01-05 11:59:41.904 685 10722 I android.hardware.camera.provider@2.4-service: 103, gt9769_drv_set_pos: dac_target_code = 35
01-05 11:59:41.925 685 10722 I android.hardware.camera.provider@2.4-service: 110, gt9769_drv_set_pos: target_code = 0
