01-05 11:59:42.086 855 6091 I CameraParams2: setPreviewSize: 1920x1080
01-05 11:59:42.086 855 6091 I CameraParams2: setVideoSize: 1920x1080
01-05 11:59:42.086 855 6091 I Camera2-Parameters: initialize: suggestedJpegSize=2576x1932
01-05 11:59:42.086 855 6091 I CameraParams2: setPictureSize: 2576x1932
01-05 11:59:42.086 855 6091 W Camera2-Parameters: initialize: Camera 1: Unknown scene mode value: 100
01-05 11:59:42.086 855 6091 W Camera2-Parameters: initialize: Camera 1: Unknown scene mode value: 101
01-05 11:59:42.086 855 6091 W Camera2-Parameters: initialize: Camera 1: Unknown scene mode value: 102
01-05 11:59:42.086 855 6091 W Camera2-Parameters: initialize: Camera 1: Unknown scene mode value: 103
01-05 11:59:42.086 855 6091 W Camera2-Parameters: initialize: Camera 1: Unknown scene mode value: 104
01-05 11:59:42.087 855 6091 I Camera2-Parameters: Camera 1: Disabling ZSL mode
01-05 11:59:42.087 855 6091 I Camera2-Parameters: initialize: allowZslMode: 0 slowJpegMode 0 isDeviceZslSupported 0
01-05 11:59:42.087 855 6091 D HidlCamera3-Device: CameraPerf: constructDefaultRequestSettings templateId: 2 E
01-05 11:59:42.088 685 1028 E CamComm1.0-MD: Mismatched tag type when updating entry sharpness (-2147483645) of type int32; got type byte data instead
01-05 11:59:42.088 855 6091 D HidlCamera3-Device: CameraPerf: constructDefaultRequestSettings X (0ms)
01-05 11:59:42.088 855 6091 E Camera2-FrameProcessorBase: FrameProcessorBase: created
01-05 11:59:42.090 1128 4104 V CameraService_proxy: The activity is N or above and claims to support resizeable-activity. Crop-rotate-scale is disabled.
01-05 11:59:42.090 855 6091 I CameraService: connectHelper: overrideCameraMuteMode = false, isCameraPrivacyEnabled = false
01-05 11:59:42.090 855 6091 I CameraService: CameraService::finishConnectLocked E
01-05 11:59:42.090 855 6091 I CameraService: wouldEvictLocked: [incoming client] owner = 10554, priority-score=0, cost=100, returnIncompatibleClients=false
01-05 11:59:42.090 855 6091 I CameraService: wouldEvictLocked: [cost info] current cost=0, adding cost=100, total cost=100, max cost=100
01-05 11:59:42.090 855 6091 I CameraService: wouldEvictLocked: [highestPriority] owner=10554, score=0
01-05 11:59:42.091 855 6091 I CameraService: addAndEvict: push the client(owner 10554, priorityScore 0, state 2) to mClients
01-05 11:59:42.091 855 6091 I CameraService: CameraService::finishConnectLocked X
01-05 11:59:42.091 855 6091 I Camera2Client: notifyAppPackageName
01-05 11:59:42.091 855 6091 D HidlCamera3-Device: CameraPerf: setParameters E
01-05 11:59:42.091 855 6091 W HidlCamera3-Device: setParameters: Samsung interface is null.
01-05 11:59:42.091 855 6091 D HidlCamera3-Device: CameraPerf: setParameters X (0ms)
01-05 11:59:42.091 855 6091 I CameraService: Notified package name to HAL.
01-05 11:59:42.091 855 6091 I CameraServiceProxyWrapper: updateProxyDeviceState: notifyCameraState for Camera ID 1, newState 0, facing 1, clientName org.qtproject.example.camera, apiLevel 1
01-05 11:59:42.091 1128 4104 I AudioManager: setParameters keyValuePairs = cameraFacing=front
01-05 11:59:42.091 855 6091 I CameraService: isNoSALoggingPackage: org.qtproject.example.camera is a third party package.
01-05 11:59:42.091 1504 1749 I CameraManagerGlobal: Camera 1 facing CAMERA_FACING_FRONT state now CAMERA_STATE_OPEN for client org.qtproject.example.camera API Level 1 User Id 0
01-05 11:59:42.091 1128 4102 I CameraManagerGlobal: Camera 1 facing CAMERA_FACING_FRONT state now CAMERA_STATE_OPEN for client org.qtproject.example.camera API Level 1 User Id 0
01-05 11:59:42.091 1128 4102 I CameraManagerGlobal: onCameraDeviceStateChangedLocked: post device state update
01-05 11:59:42.091 1791 1812 I CameraManagerGlobal: Camera 1 facing CAMERA_FACING_FRONT state now CAMERA_STATE_OPEN for client org.qtproject.example.camera API Level 1 User Id 0
01-05 11:59:42.092 855 6091 D CameraService: getCameraInfo E: 1
01-05 11:59:42.092 2501 8150 I CameraManagerGlobal: Camera 1 facing CAMERA_FACING_FRONT state now CAMERA_STATE_OPEN for client org.qtproject.example.camera API Level 1 User Id 0
01-05 11:59:42.092 2501 8150 I CameraManagerGlobal: onCameraDeviceStateChangedLocked: post device state update
01-05 11:59:42.092 2501 8150 I CameraManagerGlobal: onCameraDeviceStateChangedLocked: post device state update
01-05 11:59:42.092 2745 2777 I CameraManagerGlobal: Camera 1 facing CAMERA_FACING_FRONT state now CAMERA_STATE_OPEN for client org.qtproject.example.camera API Level 1 User Id 0
01-05 11:59:42.092 683 734 I audio_hw_primary: adev_set_parameters kvpairs=cameraFacing=front
01-05 11:59:42.092 683 734 I audio_hw_ext: ext_control_process:cameraFacing=front
01-05 11:59:42.092 855 6091 D CameraService: getCameraInfo X
01-05 11:59:42.094 855 6091 D CameraService: getNumberOfCameras E
01-05 11:59:42.094 855 6091 D CameraService: getNumberOfCameras X: ok
01-05 11:59:42.094 855 6091 D CameraService: getCameraInfo E: 1
01-05 11:59:42.095 2483 2483 W ContextImpl: Calling a method in the system process without a qualified user: android.app.ContextImpl.startService:1926 android.content.ContextWrapper.startService:834 android.content.ContextWrapper.startService:834 com.sec.android.diagmonagent.sa.receiver.CFLogReceiver.a:4 com.sec.android.diagmonagent.sa.receiver.CFLogReceiver.onReceive:4
01-05 11:59:42.095 855 6091 D CameraService: getCameraInfo X
01-05 11:59:42.099 2483 2483 W ContextImpl: Calling a method in the system process without a qualified user: android.app.ContextImpl.startService:1926 android.content.ContextWrapper.startService:834 android.content.ContextWrapper.startService:834 com.sec.android.diagmonagent.sa.receiver.CFLogReceiver.a:4 com.sec.android.diagmonagent.sa.receiver.CFLogReceiver.onReceive:4
01-05 11:59:42.107 855 6091 I Camera2Client: setPreviewCallbackFlag: Camera 1: Flag 0x0
01-05 11:59:42.107 855 6091 D Camera3-Device: clearStreamingRequest
01-05 11:59:42.107 855 6091 I Camera3-Device: clearStreamingRequest - Camera 1: Clearing repeating request
01-05 11:59:42.107 855 6091 D Camera3-Device: flush: mInterfaceLock.lock()
01-05 11:59:42.107 855 6091 I Camera3-Device: Creating CameraServiceWatchDog with cycles = 80, cycleLength = 100 ms and Timer = 8000 ms
01-05 11:59:42.107 855 6091 I Camera3-Device: CameraServiceWatchDog::watchThread for mRequestThread->flush() with cycles = 80, cycleLength = 100 ms and Timer = 8000 ms
01-05 11:59:42.107 855 6091 D HidlCamera3-Device: CameraPerf: flush E
01-05 11:59:42.107 685 1028 I Cam3HWI : 3527, flush: [cam_hal_flow] : flush +
01-05 11:59:42.107 685 1028 I Cam3HWI : 3271, flush: :hal3: E camId=1
01-05 11:59:42.108 705 705 D vendor.unisoc.hardware.power-service: Enter getSceneIdByName: sceneName:camera_high_perf
01-05 11:59:42.108 705 705 D vendor.unisoc.hardware.power-service: Enter getSceneIdByName: sceneName:camera_perf
01-05 11:59:42.108 705 705 D PowerHAL: ###Enter camera_perf scene bgn###
01-05 11:59:42.108 705 705 D PowerHAL: Enter cpufreq_set_for_release_when_close: enable:1, duration: 0, /dev/cluster0_freq_max: 1BC560
01-05 11:59:42.108 705 705 D PowerHAL: Set /dev/cluster0_freq_max: 1BC560
01-05 11:59:42.108 705 705 D PowerHAL: Enter cpufreq_set_for_release_when_close: enable:1, duration: 0, /dev/cluster0_freq_min: 1BC560
01-05 11:59:42.108 705 705 D PowerHAL: Set /dev/cluster0_freq_min: 1BC560
01-05 11:59:42.108 705 705 D PowerHAL: Enter cpufreq_set_for_release_when_close: enable:1, duration: 0, /dev/cluster1_freq_max: 1EF1E0
01-05 11:59:42.108 705 705 D PowerHAL: Set /dev/cluster1_freq_max: 1EF1E0
01-05 11:59:42.108 705 705 D PowerHAL: Enter cpufreq_set_for_release_when_close: enable:1, duration: 0, /dev/cluster1_freq_min: 1EF1E0
01-05 11:59:42.108 705 705 D PowerHAL: Set /dev/cluster1_freq_min: 1e8c50
01-05 11:59:42.108 705 705 D PowerHAL: ###Enter camera_perf scene end###
01-05 11:59:42.118 685 10787 I cmr_sensor: 922, cmr_sns_thread_proc: evt 524548
01-05 11:59:42.118 685 10787 I cmr_sensor: 1328, cmr_sns_ioctl: cmd = 45, arg = 0xdbb95cd8.
01-05 11:59:42.118 685 10787 I a8codedebugSenrorDrv_gc5035_frontly: 692, gc5035_drv_access_val: sensor gc5035: param_ptr->type = 13
01-05 11:59:42.118 685 1028 I Cam3HWI : 3304, flush: :hal3: clear all buffers
01-05 11:59:42.119 685 1028 I Cam3HWI : 3371, flush: :hal3: X
01-05 11:59:42.119 685 1028 I Cam3HWI : 3543, flush: [cam_hal_flow] : flush -
01-05 11:59:42.120 855 6091 D HidlCamera3-Device: CameraPerf: flush X (12ms)
01-05 11:59:42.120 855 6091 D Camera3-Device: waitUntilDrained: mInterfaceLock.unlock()
01-05 11:59:42.127 720 745 E CP_CONNECT_CTL: socket_reconnect: socket_reconnect src_sock=10, des_socket=cp_time_sync_server.
01-05 11:59:42.127 720 745 E CP_CONNECT_CTL: process_socket_connect: open cp_time_sync_server failed: Connection refused [111(Connection refused)]
01-05 11:59:42.127 720 745 E CP_CONNECT_CTL: socket_reconnect: socket_reconnect src_sock=10, des_socket=cp_time_sync_server.
01-05 11:59:42.127 720 745 E CP_CONNECT_CTL: process_socket_connect: open cp_time_sync_server failed: Connection refused [111(Connection refused)]
01-05 11:59:42.127 720 745 E CP_CONNECT_CTL: socket_reconnect: socket_reconnect src_sock=10, des_socket=cp_time_sync_server.
01-05 11:59:42.127 720 745 E CP_CONNECT_CTL: process_socket_connect: open cp_time_sync_server failed: Connection refused [111(Connection refused)]
01-05 11:59:42.127 720 745 E CP_CONNECT_CTL: socket_reconnect: socket_reconnect src_sock=10, des_socket=cp_time_sync_server.
01-05 11:59:42.128 720 745 E CP_CONNECT_CTL: process_socket_connect: open cp_time_sync_server failed: Connection refused [111(Connection refused)]
01-05 11:59:42.129 855 6091 I Camera3-Device: setDeviceInjector
01-05 11:59:42.129 855 6091 I Camera3-Device: disconnectImpl: E
01-05 11:59:42.129 855 6091 I Camera3-Device: CameraServiceWatchDog::watchThread for interface->close() with cycles = 100, cycleLength = 100 ms and Timer = 10000 ms
01-05 11:59:42.129 855 6091 D HidlCamera3-Device: CameraPerf: close E
01-05 11:59:42.130 685 1028 I Cam3HWI : 3564, close_camera_device: :hal3: camId=1 camera3->close E
01-05 11:59:42.130 685 1028 I Cam3HWI : 503, closeCamera: [cam_hal_flow] : CamId = 1, closeCamera +
01-05 11:59:42.130 685 10787 I cmr_sensor: 922, cmr_sns_thread_proc: evt 524548
01-05 11:59:42.130 685 10787 I cmr_sensor: 1328, cmr_sns_ioctl: cmd = 45, arg = 0xdbb95ca8.
01-05 11:59:42.130 685 10787 I a8codedebugSenrorDrv_gc5035_frontly: 692, gc5035_drv_access_val: sensor gc5035: param_ptr->type = 13
01-05 11:59:42.130 685 1028 I Cam3OEMIf: 962, closeCamera: :hal3: E camId=1
01-05 11:59:42.133 1128 1161 D SensorService: Calling activate off 1
01-05 11:59:42.133 695 695 D SensorHub: SPRD[423]setEnable::handle[1], enabled[0]
01-05 11:59:42.134 1128 1161 D SensorService: Calling activate off 4
01-05 11:59:42.134 695 695 D SensorHub: SPRD[423]setEnable::handle[4], enabled[0]
01-05 11:59:42.135 685 1028 I Cam3OEMIf: 1045, closeCamera: :hal3: deinit camera
01-05 11:59:42.135 685 1028 I cmr_oem : 1773, camera_front_lcd_enhance_module_deinit: disable_flip 0
01-05 11:59:42.135 685 1028 I enhanceHAL: enhance_device_close: close enhance device
01-05 11:59:42.135 685 10801 I cmr_oem : 5403, camera_jpeg_init_async_message_handler: exit here
01-05 11:59:42.135 685 1028 I cmr_oem : 5476, camera_jpeg_deinit_async: send exit message to jpeg async init thread
01-05 11:59:42.135 685 1028 I jpeg_codec: L 1600, jpeg_deinit: jpeg_deinit in
01-05 11:59:42.135 685 1028 D JPG : L 502, jpg_sem_wait: jpg_sem_wait 0xe8877528
01-05 11:59:42.135 685 1028 D JPG : L 259, jpg_msg_post: queue_handle 0xe8bbd980, msg type 0x200000 num 0 cnt 40
01-05 11:59:42.135 685 1028 I JPG : L 292, jpg_msg_post: jpg_msg_post msg_cur 0xe8d09420
01-05 11:59:42.135 685 10806 I JPG : L 148, jpg_msg_get: jpg_msg_get msg_cur 0xe8d09420
01-05 11:59:42.135 685 10806 D JPG : L 160, jpg_msg_get: queue_handle 0xe8bbd980, msg type 0x200000 num 0 cnt 40
01-05 11:59:42.135 685 10806 I jpeg_codec: L 955, jpeg_thread_proc: jpeg:JPEG Thread Proc In
01-05 11:59:42.135 685 10806 E jpeg_codec: L 874, _jpeg_stop: jpeg:jpeg is deinited
01-05 11:59:42.135 685 10806 I JPG : L 373, jpg_common_routine: before sem_post msg_cur 0xe8d09420
01-05 11:59:42.135 685 10806 I JPG : L 377, jpg_common_routine: sem_post msg_cur->sem 0xe8d09438
01-05 11:59:42.135 685 10806 I JPG : L 380, jpg_common_routine: after sem_post msg_cur 0xe8d09420
01-05 11:59:42.135 685 1028 I JPG : L 297, jpg_msg_post: sem_wait msg_cur 0xe8d09420 msg_cur->sem 0xe8d09438
01-05 11:59:42.135 685 1028 D JPG : L 259, jpg_msg_post: queue_handle 0xe8bbd980, msg type 0x1ffffff num 0 cnt 40
01-05 11:59:42.135 685 1028 I JPG : L 292, jpg_msg_post: jpg_msg_post msg_cur 0xe8d09440
01-05 11:59:42.135 685 10806 I JPG : L 148, jpg_msg_get: jpg_msg_get msg_cur 0xe8d09440
01-05 11:59:42.135 685 10806 D JPG : L 160, jpg_msg_get: queue_handle 0xe8bbd980, msg type 0x1ffffff num 0 cnt 40
01-05 11:59:42.135 685 10806 I JPG : L 365, jpg_common_routine: timestamp = 367564.
01-05 11:59:42.135 685 10806 I JPG : L 373, jpg_common_routine: before sem_post msg_cur 0xe8d09440
01-05 11:59:42.135 685 10806 I JPG : L 377, jpg_common_routine: sem_post msg_cur->sem 0xe8d09458
01-05 11:59:42.135 685 10806 I JPG : L 380, jpg_common_routine: after sem_post msg_cur 0xe8d09440
01-05 11:59:42.135 685 10806 D JPG : L 391, jpg_common_routine: thread exit 0x0xe9032108
01-05 11:59:42.135 685 10806 I JPG : L 396, jpg_common_routine: thread exit 0x0xe9032108
01-05 11:59:42.135 685 1028 I JPG : L 297, jpg_msg_post: sem_wait msg_cur 0xe8d09440 msg_cur->sem 0xe8d09458
01-05 11:59:42.135 685 1028 I JPG : L 464, jpg_thread_destroy: join jpg msg thread successful
01-05 11:59:42.135 685 1028 D JPG : L 307, jpg_msg_queue_destroy: queue_handle 0xe8bbd980
01-05 11:59:42.135 685 1028 I JPG : L 318, jpg_msg_queue_destroy: free msg_cxt->msg_head 0xe8d09400
01-05 11:59:42.135 685 1028 I jpeg_codec: L 1622, jpeg_deinit: free FW BUF
01-05 11:59:42.135 685 1028 I JPG_CODEC: L 327, JPEGCODEC_Close:jpeg dev close
01-05 11:59:42.136 685 1028 D JPG_OEM : L 347, sprd_jpeg_deinit: done 0
01-05 11:59:42.136 685 1028 I cmr_focus: 213, cmr_focus_deinit_notice: E
01-05 11:59:42.136 685 1028 I isp_alg_fw: 4742, ispalg_destroy_thread_proc: done 0
01-05 11:59:42.136 684 2183 E bt_upio : upio_set : /proc/bluetooth/sleep/btwrite(-1) incorrent
01-05 11:59:42.137 685 10827 I lsc_sprd_adapt: 2535, lsc_sprd_deinit: done rtn = 0
01-05 11:59:42.137 685 10827 I lsc_ctrl: 60, _lscctrl_deinit_adpt: done 0
01-05 11:59:42.137 685 1028 I lsc_ctrl: 83, _lscctrl_destroy_thread: done 0
01-05 11:59:42.137 685 1028 I lsc_ctrl: 324, lsc_ctrl_deinit: done 0
01-05 11:59:42.140 685 1028 I smart_ctrl: 2441, smart_ctl_deinit: done 0
01-05 11:59:42.140 685 10835 I awb_adpt: 1428, awb_sprd_ctrl_deinit_v3_2: done
01-05 11:59:42.140 685 10835 I awb_ctrl: 83, awbctrl_deinit_adpt: done 0
01-05 11:59:42.140 685 1028 I awb_ctrl: 334, awbctrl_destroy_thread: done 0
01-05 11:59:42.140 685 1028 I awb_ctrl: 442, awb_ctrl_deinit: done 0
01-05 11:59:42.141 685 1028 I afl_ctrl: 713, aflctrl_destroy_thread: done 0
01-05 11:59:42.141 685 1028 I deflicker: 225,antiflcker_sw_deinit:deinit 0xe79b75c0
01-05 11:59:42.141 685 1028 I afl_ctrl: 773, afl_ctrl_deinit: done 0
01-05 11:59:42.141 685 1028 I isp_alg_fw: 5713, ispalg_deinit: done
01-05 11:59:42.141 685 1028 I ispbr : 1123, isp_br_deinit: camera_id 1
01-05 11:59:42.141 685 1028 I ispbr : 275, role_delete: delete s0 1
01-05 11:59:42.141 685 1028 I ispbr : 197, user_cnt_dec: de-init ispbr_context 0xdd4642f8
01-05 11:59:42.142 685 1028 I isp_pm : 3135, isp_pm_deinit: done
01-05 11:59:42.142 685 1028 I isp_alg_fw: 8195, isp_alg_fw_deinit: done 0
01-05 11:59:42.142 685 1028 I isp_dev_access: 597, isp_dev_access_deinit: done 0
01-05 11:59:42.142 685 1028 I isp_mw : 111, isp_deinit: done 0
01-05 11:59:42.143 685 10795 I cmr_prev: 2394, prev_destroy_thread: E is_inited 1
01-05 11:59:42.143 685 10795 I cmr_prev: 2408, prev_destroy_thread: destory prev assist thread
01-05 11:59:42.144 685 10795 I cmr_scale: 563, cmr_scale_close: scale close device enter
01-05 11:59:42.144 685 10795 I cpp_u_dev: 237, cpp_scale_close: scale close device exit
01-05 11:59:42.144 685 10795 I cmr_oem : 7950, camera_init_thread_proc: camera exit
01-05 11:59:42.144 685 10787 I cmr_sensor: 922, cmr_sns_thread_proc: evt 524547
01-05 11:59:42.144 685 10787 I sns_drv_u: 1771, sensor_close_common: E
01-05 11:59:42.144 685 10787 I sns_drv_u: 2527, sensor_af_deinit: not register af driver, return directly
01-05 11:59:42.144 685 10787 I sns_drv_u: 2552, sensor_ois_deinit: not register ois driver, return directly
01-05 11:59:42.144 685 10787 I sns_drv_u: 1117, sensor_destroy_ctrl_thread: is_inited 1
01-05 11:59:42.144 685 10788 I sns_drv_u: 1031, sensor_ctrl_thread_proc: evt 526337
01-05 11:59:42.144 685 10788 I sns_drv_u: 1099, sensor_ctrl_thread_proc: EXIT DONE!
01-05 11:59:42.144 685 10787 I sns_drv_u: 1675, sensor_stream_off: E
01-05 11:59:42.144 685 10787 I sns_drv_u: 1706, sensor_stream_off: X
01-05 11:59:42.144 685 10787 I hw_sensor: 484, hw_sensor_mipi_deinit: close mipi
01-05 11:59:42.144 685 10787 I sns_drv_u: 898, sensor_i2c_deinit: i2c deinit ok
01-05 11:59:42.144 685 10787 I sns_drv_u: 602, sensor_power_on: E:power_on = 0
01-05 11:59:42.145 685 10787 I hw_sensor: 404, hw_sensor_set_mclk: mclk 0, ret 0
01-05 11:59:42.145 685 10787 I hw_sensor: 259, hw_sensor_set_avdd_val: vdd_val is 12, set result is =0
01-05 11:59:42.146 685 10787 I hw_sensor: 270, hw_sensor_set_dvdd_val: vdd_val is 12, set result is =0
01-05 11:59:42.146 685 10787 I hw_sensor: 281, hw_sensor_set_iovdd_val: vdd_val is 12, set result is =0
01-05 11:59:42.146 685 10787 I a8codedebugSenrorDrv_gc5035_frontly: 293, gc5035_drv_power_on: (1:on, 0:off): 0
01-05 11:59:42.146 685 10787 I hw_sensor: 153, hw_sensor_drv_delete: hw dev delete
01-05 11:59:42.146 685 10787 I sns_drv_u: 1238, sensor_context_deinit: X
01-05 11:59:42.146 685 10787 I sns_drv_u: 1778, sensor_close_common: X
01-05 11:59:42.146 685 10787 I cmr_sensor: 1080, cmr_sns_close: close sensor ok
01-05 11:59:42.146 685 1028 I cmr_sensor: 1024, cmr_sns_destroy_thread: is_inited 1
01-05 11:59:42.146 685 10794 I cmr_grab: 1741, cmr_grab_thread_proc: TX Stopped, exit thread
01-05 11:59:42.146 685 1028 I cmr_grab: 1682, cmr_grab_kill_thread: write OK
01-05 11:59:42.146 685 1028 I cmr_grab: 1684, cmr_grab_kill_thread: wait OK
01-05 11:59:42.146 685 1028 I cmr_grab: 234, cmr_grab_deinit: close fd
01-05 11:59:42.146 685 1028 I cmr_grab: 239, cmr_grab_deinit: SPRD_IMG_IO_PUT_DCAM_RES
01-05 11:59:42.152 685 1028 I cmr_grab: 259, cmr_grab_deinit: p_grab->fd closed
01-05 11:59:42.152 685 1028 I cmr_grab: 261, cmr_grab_deinit: mode_enable = 0
01-05 11:59:42.152 685 1028 I cmr_mm_dvfs: 91, cmr_mm_dvfs_deinit: mm_dvfs_instance 0xe89cc7c0 mm_dvfs_handle 0xe89cc7c0
01-05 11:59:42.152 685 1028 I cmr_mm_dvfs: 98, cmr_mm_dvfs_deinit: X
01-05 11:59:42.152 685 1028 I Cam3OEMIf: 1061, closeCamera: :hal3: X CamId=1 TotalIonSize=3383296 TotalGpuSize=0, total_size 3383296
01-05 11:59:42.152 685 1028 I Cam3OEMIf: 913, ~SprdCamera3OEMIf: :hal3: Destructor E camId=1
01-05 11:59:42.153 685 1028 I Cam3OEMIf: 932, ~SprdCamera3OEMIf: camera low power mode exit
01-05 11:59:42.153 685 1028 I Cam3OEMIf: 3320, freeAllCameraMem: :hal3: E
01-05 11:59:42.153 685 1028 D RefBase : RefBase: Explicit destruction, weak count = 0 (in 0xe8bb26c0)
01-05 11:59:42.153 685 1028 W RefBase : CallStack::getCurrentInternal not linked, returning null
01-05 11:59:42.153 685 1028 W RefBase : CallStack::logStackInternal not linked
01-05 11:59:42.153 685 1028 D RefBase : RefBase: Explicit destruction, weak count = 0 (in 0xe8bb26e0)
01-05 11:59:42.153 685 1028 W RefBase : CallStack::getCurrentInternal not linked, returning null
01-05 11:59:42.153 685 1028 W RefBase : CallStack::logStackInternal not linked
01-05 11:59:42.153 685 1028 D RefBase : RefBase: Explicit destruction, weak count = 0 (in 0xe8bb2700)
01-05 11:59:42.153 685 1028 W RefBase : CallStack::getCurrentInternal not linked, returning null
01-05 11:59:42.153 685 1028 W RefBase : CallStack::logStackInternal not linked
01-05 11:59:42.153 685 1028 D RefBase : RefBase: Explicit destruction, weak count = 0 (in 0xe8bb2720)
01-05 11:59:42.153 685 1028 W RefBase : CallStack::getCurrentInternal not linked, returning null
01-05 11:59:42.153 685 1028 W RefBase : CallStack::logStackInternal not linked
01-05 11:59:42.153 685 1028 D RefBase : RefBase: Explicit destruction, weak count = 0 (in 0xe8bb27c0)
01-05 11:59:42.153 685 1028 W RefBase : CallStack::getCurrentInternal not linked, returning null
01-05 11:59:42.153 685 1028 W RefBase : CallStack::logStackInternal not linked
01-05 11:59:42.153 685 1028 D RefBase : RefBase: Explicit destruction, weak count = 0 (in 0xe8bb27e0)
01-05 11:59:42.153 685 1028 W RefBase : CallStack::getCurrentInternal not linked, returning null
01-05 11:59:42.153 685 1028 W RefBase : CallStack::logStackInternal not linked
01-05 11:59:42.153 685 1028 D RefBase : RefBase: Explicit destruction, weak count = 0 (in 0xe8bb2800)
01-05 11:59:42.153 685 1028 W RefBase : CallStack::getCurrentInternal not linked, returning null
01-05 11:59:42.153 685 1028 W RefBase : CallStack::logStackInternal not linked
01-05 11:59:42.153 685 1028 D RefBase : RefBase: Explicit destruction, weak count = 0 (in 0xe8bb2820)
01-05 11:59:42.153 685 1028 W RefBase : CallStack::getCurrentInternal not linked, returning null
01-05 11:59:42.153 685 1028 W RefBase : CallStack::logStackInternal not linked
01-05 11:59:42.153 685 1028 D RefBase : RefBase: Explicit destruction, weak count = 0 (in 0xe8bb2840)
01-05 11:59:42.153 685 1028 W RefBase : CallStack::getCurrentInternal not linked, returning null
01-05 11:59:42.153 685 1028 W RefBase : CallStack::logStackInternal not linked
01-05 11:59:42.153 685 1028 D RefBase : RefBase: Explicit destruction, weak count = 0 (in 0xe8bb2860)
01-05 11:59:42.153 685 1028 W RefBase : CallStack::getCurrentInternal not linked, returning null
01-05 11:59:42.153 685 1028 W RefBase : CallStack::logStackInternal not linked
01-05 11:59:42.153 685 1028 D RefBase : RefBase: Explicit destruction, weak count = 0 (in 0xe8bb2880)
01-05 11:59:42.153 685 1028 W RefBase : CallStack::getCurrentInternal not linked, returning null
01-05 11:59:42.153 685 1028 W RefBase : CallStack::logStackInternal not linked
01-05 11:59:42.153 685 1028 D RefBase : RefBase: Explicit destruction, weak count = 0 (in 0xe8bb28a0)
01-05 11:59:42.153 685 1028 W RefBase : CallStack::getCurrentInternal not linked, returning null
01-05 11:59:42.153 685 1028 W RefBase : CallStack::logStackInternal not linked
01-05 11:59:42.153 685 1028 D RefBase : RefBase: Explicit destruction, weak count = 0 (in 0xe8bb28c0)
01-05 11:59:42.153 685 1028 W RefBase : CallStack::getCurrentInternal not linked, returning null
01-05 11:59:42.153 685 1028 W RefBase : CallStack::logStackInternal not linked
01-05 11:59:42.153 685 1028 D RefBase : RefBase: Explicit destruction, weak count = 0 (in 0xe8bb28e0)
01-05 11:59:42.153 685 1028 W RefBase : CallStack::getCurrentInternal not linked, returning null
01-05 11:59:42.153 685 1028 W RefBase : CallStack::logStackInternal not linked
01-05 11:59:42.153 685 1028 D RefBase : RefBase: Explicit destruction, weak count = 0 (in 0xe8bb2900)
01-05 11:59:42.153 685 1028 W RefBase : CallStack::getCurrentInternal not linked, returning null
01-05 11:59:42.153 685 1028 W RefBase : CallStack::logStackInternal not linked
01-05 11:59:42.153 685 1028 D RefBase : RefBase: Explicit destruction, weak count = 0 (in 0xe8bb2920)
01-05 11:59:42.153 685 1028 W RefBase : CallStack::getCurrentInternal not linked, returning null
01-05 11:59:42.153 685 1028 W RefBase : CallStack::logStackInternal not linked
01-05 11:59:42.153 685 1028 D RefBase : RefBase: Explicit destruction, weak count = 0 (in 0xe8bb2940)
01-05 11:59:42.153 685 1028 W RefBase : CallStack::getCurrentInternal not linked, returning null
01-05 11:59:42.153 685 1028 W RefBase : CallStack::logStackInternal not linked
01-05 11:59:42.153 685 1028 D RefBase : RefBase: Explicit destruction, weak count = 0 (in 0xe8bb2960)
01-05 11:59:42.153 685 1028 W RefBase : CallStack::getCurrentInternal not linked, returning null
01-05 11:59:42.153 685 1028 W RefBase : CallStack::logStackInternal not linked
01-05 11:59:42.153 685 1028 D RefBase : RefBase: Explicit destruction, weak count = 0 (in 0xe8bb2980)
01-05 11:59:42.153 685 1028 W RefBase : CallStack::getCurrentInternal not linked, returning null
01-05 11:59:42.153 685 1028 W RefBase : CallStack::logStackInternal not linked
01-05 11:59:42.153 685 1028 D RefBase : RefBase: Explicit destruction, weak count = 0 (in 0xe8bb29a0)
01-05 11:59:42.153 685 1028 W RefBase : CallStack::getCurrentInternal not linked, returning null
01-05 11:59:42.153 685 1028 W RefBase : CallStack::logStackInternal not linked
01-05 11:59:42.153 685 1028 I Cam3OEMIf: 3462, freeAllCameraMem: :hal3: X CamId=1 TotalIonSize=0 TotalGpuSize=0, total_size 0
01-05 11:59:42.153 685 1028 I Cam3OEMIf: 951, ~SprdCamera3OEMIf: :hal3: X
01-05 11:59:42.153 685 1028 I Cam3PowerPerf: 71, ~SprdCameraSystemPerformance: E
01-05 11:59:42.164 685 1028 D PowerHALCli: ~PowerHintScene: camera_lowpower
01-05 11:59:42.164 685 1028 D android.hardware.camera.provider@2.4-service: PowerHintScene Enter OnDestroy
01-05 11:59:42.164 685 1028 D PowerHALCli: ~PowerHintScene: camera_perf
01-05 11:59:42.164 685 1028 D PowerHALCli: ~PowerHintScene: camera_lowpower_1
01-05 11:59:42.164 685 1028 D android.hardware.camera.provider@2.4-service: PowerHintScene Enter OnDestroy
01-05 11:59:42.164 685 1028 D PowerHALCli: ~PowerHintScene: camera_high_perf
01-05 11:59:42.164 685 1028 D PowerHALCli: ~PowerHALManager: call E
01-05 11:59:42.164 685 1028 D PowerHALCli: ~PowerHALManager: call X
01-05 11:59:42.164 705 705 D vendor.unisoc.hardware.power-service: Enter getSceneIdByName: sceneName:camera_perf
01-05 11:59:42.164 685 1028 I Cam3PowerPerf: 76, ~SprdCameraSystemPerformance: X
01-05 11:59:42.164 685 1028 D RefBase : RefBase: Explicit destruction, weak count = 0 (in 0xe8ed44ac)
01-05 11:59:42.164 685 1028 W RefBase : CallStack::getCurrentInternal not linked, returning null
01-05 11:59:42.164 685 1028 W RefBase : CallStack::logStackInternal not linked
01-05 11:59:42.164 705 705 D PowerHAL: ###Exit camera_perf scene bgn###
01-05 11:59:42.164 705 705 D PowerHAL: Enter cpufreq_set_for_release_when_close: enable:0, duration: 0, /dev/cluster0_freq_max: 1BC560
01-05 11:59:42.164 685 1028 I Cam3Setting: 2531, initStaticParametersforScalerInfo: id=1 format=35
01-05 11:59:42.164 705 705 D PowerHAL: ALL cluster0_freq_max requests has been handled
01-05 11:59:42.164 685 1028 I Cam3Setting: 1353, getJpegStreamSize: jpeg_stream_size = 7558280
01-05 11:59:42.164 685 1028 I Cam3Setting: 3415, initStaticParameters: cameraId:1, availabe_ai_scene:0, sprd_ai_scene_type_current:0,pdaf_type=0
01-05 11:59:42.164 685 1028 I Cam3HWI : 587, closeCamera: [cam_hal_flow] : CamId = 1, closeCamera -
01-05 11:59:42.164 685 1028 I Cam3HWI : 225, ~SprdCamera3HWI: :hal3: Destructor E camId=1
01-05 11:59:42.164 685 1028 I Cam3HWI : 3586, close_camera_device: fdr set multi mode to single
01-05 11:59:42.164 685 1028 I Cam3HWI : 3590, close_camera_device: :hal3: camera3->close X mCameraSessionActive 0
01-05 11:59:42.164 705 705 D PowerHAL: Enter cpufreq_set_for_release_when_close: enable:0, duration: 0, /dev/cluster0_freq_min: 1BC560
01-05 11:59:42.164 705 705 D PowerHAL: ALL cluster0_freq_min requests has been handled
01-05 11:59:42.164 705 705 D PowerHAL: Enter cpufreq_set_for_release_when_close: enable:0, duration: 0, /dev/cluster1_freq_max: 1EF1E0
01-05 11:59:42.164 705 705 D PowerHAL: ALL cluster1_freq_max requests has been handled
01-05 11:59:42.164 705 705 D PowerHAL: Enter cpufreq_set_for_release_when_close: enable:0, duration: 0, /dev/cluster1_freq_min: 1EF1E0
01-05 11:59:42.164 705 705 D PowerHAL: ALL cluster1_freq_min requests has been handled
01-05 11:59:42.164 705 705 D PowerHAL: ###Exit camera_perf scene end###
01-05 11:59:42.164 855 6091 D HidlCamera3-Device: CameraPerf: close X (34ms)
01-05 11:59:42.164 855 6091 I Camera3-Device: disconnectImpl: X
01-05 11:59:42.164 685 9774 D android.hardware.camera.provider@2.4-service: PowerHintScene Enter OnDestroy
01-05 11:59:42.164 855 6091 D CameraService: BasicClient::disconnect E
01-05 11:59:42.165 855 6091 I CameraService: finishCameraOps: Finish camera ops, package name = org.qtproject.example.camera, client UID = 10245
01-05 11:59:42.166 855 6091 I CameraService: decreaseCamConnRef: ref=0
01-05 11:59:42.166 855 6091 I CameraService: decreaseCamConnRef: service.camera.running set to 0
01-05 11:59:42.166 2501 8150 I CameraManagerGlobal: postSingleUpdate device: camera id 1 status STATUS_PRESENT
01-05 11:59:42.166 1128 4104 I CameraManagerGlobal: postSingleUpdate device: camera id 1 status STATUS_PRESENT
01-05 11:59:42.166 1504 1749 I CameraManagerGlobal: Camera 1 facing CAMERA_FACING_FRONT state now CAMERA_STATE_CLOSED for client org.qtproject.example.camera API Level 1 User Id 0
01-05 11:59:42.166 2501 8150 I CameraManagerGlobal: postSingleUpdate device: camera id 1 status STATUS_PRESENT
01-05 11:59:42.166 2501 8150 I CameraManagerGlobal: Camera 1 facing CAMERA_FACING_FRONT state now CAMERA_STATE_CLOSED for client org.qtproject.example.camera API Level 1 User Id 0
01-05 11:59:42.166 2501 8150 I CameraManagerGlobal: onCameraDeviceStateChangedLocked: post device state update
01-05 11:59:42.166 2501 8150 I CameraManagerGlobal: onCameraDeviceStateChangedLocked: post device state update
01-05 11:59:42.167 2745 2777 I CameraManagerGlobal: Camera 1 facing CAMERA_FACING_FRONT state now CAMERA_STATE_CLOSED for client org.qtproject.example.camera API Level 1 User Id 0
01-05 11:59:42.167 1128 4104 I CameraManagerGlobal: Camera 1 facing CAMERA_FACING_FRONT state now CAMERA_STATE_CLOSED for client org.qtproject.example.camera API Level 1 User Id 0
01-05 11:59:42.167 1791 1812 I CameraManagerGlobal: Camera 1 facing CAMERA_FACING_FRONT state now CAMERA_STATE_CLOSED for client org.qtproject.example.camera API Level 1 User Id 0
01-05 11:59:42.167 1128 4104 I CameraManagerGlobal: onCameraDeviceStateChangedLocked: post device state update
01-05 11:59:42.167 855 6091 I CameraFlashlight: deviceClosed: device 1 is closed
01-05 11:59:42.167 855 6091 I CameraService: disconnect: Disconnected client for camera 1 for PID 10554
01-05 11:59:42.167 855 6091 D CameraService: BasicClient::disconnect X
01-05 11:59:42.167 855 6091 I CameraServiceProxyWrapper: updateProxyDeviceState: notifyCameraState for Camera ID 1, newState 3, facing 1, clientName org.qtproject.example.camera, apiLevel 1
01-05 11:59:42.167 855 6091 I Camera2Client: Camera 1: Closed
01-05 11:59:42.168 855 6091 D Camera2ClientBase: Camera 1: start to disconnect
01-05 11:59:42.168 855 6091 D Camera2ClientBase: Camera 1: serializationLock acquired
01-05 11:59:42.168 855 6091 D Camera2ClientBase: Camera 1: Shutting down
01-05 11:59:42.168 855 6091 I Camera3-Device: disconnectImpl: E
01-05 11:59:42.168 855 6091 D Camera3-Device: disconnectImpl: mInterfaceLock.unlock()
01-05 11:59:42.168 855 6091 I Camera3-Device: setDeviceInjector
01-05 11:59:42.168 855 6091 D CameraService: BasicClient::disconnect E
01-05 11:59:42.168 855 6091 D CameraService: BasicClient::disconnect X - already disconnected
01-05 11:59:42.168 855 6091 I Camera2ClientBase: Closed Camera 1. Client was: org.qtproject.example.camera (PID 10554, UID 10245)
01-05 11:59:42.168 855 6091 I Camera3-Device: disconnectImpl: E
01-05 11:59:42.168 855 6091 D Camera3-Device: disconnectImpl: mInterfaceLock.unlock()
01-05 11:59:42.168 855 6091 D Camera3-RequestInjector: RequestInjector[1] Mapper destroyed
01-05 11:59:42.168 855 6091 I Camera3DeviceInjectionMethods: injectionDisconnectImpl: Injection camera disconnect
01-05 11:59:42.168 855 6091 D CameraService: BasicClient::disconnect E
01-05 11:59:42.168 855 6091 D CameraService: BasicClient::disconnect X - already disconnected
01-05 11:59:42.169 1128 1259 I CameraService_worker: DeviceInjector, external present = false
01-05 11:59:42.170 2483 2483 W ContextImpl: Calling a method in the system process without a qualified user: android.app.ContextImpl.startService:1926 android.content.ContextWrapper.startService:834 android.content.ContextWrapper.startService:834 com.sec.android.diagmonagent.sa.receiver.CFLogReceiver.a:4 com.sec.android.diagmonagent.sa.receiver.CFLogReceiver.onReceive:4
01-05 11:59:42.327 720 745 E CP_CONNECT_CTL: socket_reconnect: socket_reconnect src_sock=10, des_socket=cp_time_sync_server.
01-05 11:59:42.328 720 745 E CP_CONNECT_CTL: process_socket_connect: open cp_time_sync_server failed: Connection refused [111(Connection refused)]
01-05 11:59:42.328 720 745 E CP_CONNECT_CTL: socket_reconnect: socket_reconnect src_sock=10, des_socket=cp_time_sync_server.
01-05 11:59:42.328 720 745 E CP_CONNECT_CTL: process_socket_connect: open cp_time_sync_server failed: Connection refused [111(Connection refused)]
01-05 11:59:42.328 720 745 E CP_CONNECT_CTL: socket_reconnect: socket_reconnect src_sock=10, des_socket=cp_time_sync_server.
01-05 11:59:42.328 720 745 E CP_CONNECT_CTL: process_socket_connect: open cp_time_sync_server failed: Connection refused [111(Connection refused)]
01-05 11:59:42.328 720 745 E CP_CONNECT_CTL: socket_reconnect: socket_reconnect src_sock=10, des_socket=cp_time_sync_server.
01-05 11:59:42.328 720 745 E CP_CONNECT_CTL: process_socket_connect: open cp_time_sync_server failed: Connection refused [111(Connection refused)]
01-05 11:59:42.424 10852 10852 D ip_monitor-899: 192.168.0.1 dev wlan0 lladdr 10:13:31:40:ab:13 REACHABLE
01-05 11:59:42.449 7855 7975 I HQCAM_DepressStickerService: After 281 seconds sleep!!!
01-05 11:59:42.528 720 745 E CP_CONNECT_CTL: socket_reconnect: socket_reconnect src_sock=10, des_socket=cp_time_sync_server.
01-05 11:59:42.528 720 745 E CP_CONNECT_CTL: process_socket_connect: open cp_time_sync_server failed: Connection refused [111(Connection refused)]
01-05 11:59:42.528 720 745 E CP_CONNECT_CTL: socket_reconnect: socket_reconnect src_sock=10, des_socket=cp_time_sync_server.
01-05 11:59:42.528 720 745 E CP_CONNECT_CTL: process_socket_connect: open cp_time_sync_server failed: Connection refused [111(Connection refused)]
01-05 11:59:42.528 720 745 E CP_CONNECT_CTL: socket_reconnect: socket_reconnect src_sock=10, des_socket=cp_time_sync_server.
01-05 11:59:42.528 720 745 E CP_CONNECT_CTL: process_socket_connect: open cp_time_sync_server failed: Connection refused [111(Connection refused)]
01-05 11:59:42.528 720 745 E CP_CONNECT_CTL: socket_reconnect: socket_reconnect src_sock=10, des_socket=cp_time_sync_server.
01-05 11:59:42.528 720 745 E CP_CONNECT_CTL: process_socket_connect: open cp_time_sync_server failed: Connection refused [111(Connection refused)]
01-05 11:59:42.729 720 745 E CP_CONNECT_CTL: socket_reconnect: socket_reconnect src_sock=10, des_socket=cp_time_sync_server.
01-05 11:59:42.729 720 745 E CP_CONNECT_CTL: process_socket_connect: open cp_time_sync_server failed: Connection refused [111(Connection refused)]
01-05 11:59:42.729 720 745 E CP_CONNECT_CTL: socket_reconnect: socket_reconnect src_sock=10, des_socket=cp_time_sync_server.
01-05 11:59:42.729 720 745 E CP_CONNECT_CTL: process_socket_connect: open cp_time_sync_server failed: Connection refused [111(Connection refused)]
01-05 11:59:42.729 720 745 E CP_CONNECT_CTL: socket_reconnect: socket_reconnect src_sock=10, des_socket=cp_time_sync_server.
01-05 11:59:42.729 720 745 E CP_CONNECT_CTL: process_socket_connect: open cp_time_sync_server failed: Connection refused [111(Connection refused)]
01-05 11:59:42.729 720 745 E CP_CONNECT_CTL: socket_reconnect: socket_reconnect src_sock=10, des_socket=cp_time_sync_server.
01-05 11:59:42.729 720 745 E CP_CONNECT_CTL: process_socket_connect: open cp_time_sync_server failed: Connection refused [111(Connection refused)]
01-05 11:59:42.824 1128 1271 D InputReader: Btn_touch(8): value=1 when=368.252175
01-05 11:59:42.824 1128 1271 I InputReader: Touch event's action is 0x0 (id=2, t=0) [pCnt=1, s=0.43 ] when=368.252175
01-05 11:59:42.825 1128 1270 I InputDispatcher: Delivering touch to (10554): action: 0x0, f=0x0, d=0, 'cdda8ee', t=1
01-05 11:59:42.825 1128 1270 D PowerManagerService: [api] userActivityFromNative : (event: 2 flags: 0 displayId: 0) eventTime = 368252
01-05 11:59:42.826 1128 1149 I GestureDetector: obtain mCurrentDownEvent. id: 426171110 caller: com.android.server.wm.SystemGesturesPointerEventListener.onPointerEvent:203 com.android.server.wm.PointerEventDispatcher.onInputEvent:53 android.view.InputEventReceiver.dispatchInputEvent:295
01-05 11:59:42.826 1128 1149 I GestureDetector: obtain mCurrentDownEvent. id: 426171110 caller: com.android.server.wm.SystemPerformancePointerEventListener.onPointerEvent:89 com.android.server.wm.PointerEventDispatcher.onInputEvent:53 android.view.InputEventReceiver.dispatchInputEvent:295
01-05 11:59:42.826 1128 1270 D PowerManagerService: UserActivityStateListenerState: 1
01-05 11:59:42.828 665 665 E YLog : /system_ext/etc/ylogsource.conf load failed... error [2(No such file or directory)] [startlogServcie]
01-05 11:59:42.841 1128 1149 I GestureDetector: obtain mCurrentMotionEventRaw. action: 2 id: 44897028
01-05 11:59:42.841 1128 1149 I GestureDetector: obtain mCurrentMotionEventRaw. action: 2 id: 44897028
01-05 11:59:42.859 443 443 D io_stats: !@ 179,0 r 175371 8807554 w 17279 341376 d 7996 439860 f 7001 2334 iot 69872 65834 th 102400 0 0 pt 0 inp 0 0 368.286
01-05 11:59:42.923 1128 1271 D InputReader: Btn_touch(8): value=0 when=368.352363
01-05 11:59:42.923 1128 1271 I InputReader: Touch event's action is 0x1 (id=2, t=0) [pCnt=1, s=] when=368.352363
01-05 11:59:42.924 1128 1270 I InputDispatcher: Delivering touch to (10554): action: 0x1, f=0x0, d=0, 'cdda8ee', t=1
01-05 11:59:42.926 1128 1128 D SGM:GameManager: identifyGamePackage. org.qtproject.example.camera, mCurrentUserId: 0, callerUserId: 0, callingMethodInfo: com.android.server.ssrm.fgapps.GameAppUtils.isGame(GameAppUtils.java:84)
01-05 11:59:42.926 1128 1128 D SGM:PkgDataHelper: getGamePkgData(). org.qtproject.example.camera
01-05 11:59:42.926 1128 1128 I SemDvfsHyPerManager: acquire hyper - GESTURE_DETECTED/1128@22, type = -999
01-05 11:59:42.926 701 733 I HYPER-HAL: [RequestManager.cpp]acquire(): Acquired ID : 661847 [1128 / 22] HINT : GESTURE_DETECTED list : [TIMEOUT / 686]
01-05 11:59:42.927 1128 1128 D SGM:GameManager: identifyGamePackage. org.qtproject.example.camera, mCurrentUserId: 0, callerUserId: 0, callingMethodInfo: com.android.server.ssrm.fgapps.GameAppUtils.isGame(GameAppUtils.java:84)
01-05 11:59:42.927 1128 1128 D SGM:PkgDataHelper: getGamePkgData(). org.qtproject.example.camera
01-05 11:59:42.927 1128 1128 I SemDvfsHyPerManager: acquire hyper - GESTURE_DETECTED/1128@22, type = -999
01-05 11:59:42.928 701 733 I HYPER-HAL: [RequestManager.cpp]acquire(): Acquired ID : 661847 [1128 / 22] HINT : GESTURE_DETECTED list : [TIMEOUT / 686]
01-05 11:59:42.929 720 745 E CP_CONNECT_CTL: socket_reconnect: socket_reconnect src_sock=10, des_socket=cp_time_sync_server.
01-05 11:59:42.929 720 745 E CP_CONNECT_CTL: process_socket_connect: open cp_time_sync_server failed: Connection refused [111(Connection refused)]
01-05 11:59:42.929 720 745 E CP_CONNECT_CTL: socket_reconnect: socket_reconnect src_sock=10, des_socket=cp_time_sync_server.
01-05 11:59:42.929 720 745 E CP_CONNECT_CTL: process_socket_connect: open cp_time_sync_server failed: Connection refused [111(Connection refused)]
01-05 11:59:42.929 720 745 E CP_CONNECT_CTL: socket_reconnect: socket_reconnect src_sock=10, des_socket=cp_time_sync_server.
01-05 11:59:42.930 720 745 E CP_CONNECT_CTL: process_socket_connect: open cp_time_sync_server failed: Connection refused [111(Connection refused)]
01-05 11:59:42.930 720 745 E CP_CONNECT_CTL: socket_reconnect: socket_reconnect src_sock=10, des_socket=cp_time_sync_server.
01-05 11:59:42.930 720 745 E CP_CONNECT_CTL: process_socket_connect: open cp_time_sync_server failed: Connection refused [111(Connection refused)]
01-05 11:59:43.129 720 745 E CP_CONNECT_CTL: socket_reconnect: socket_reconnect src_sock=10, des_socket=cp_time_sync_server.
01-05 11:59:43.129 720 745 E CP_CONNECT_CTL: process_socket_connect: open cp_time_sync_server failed: Connection refused [111(Connection refused)]
01-05 11:59:43.129 720 745 E CP_CONNECT_CTL: socket_reconnect: socket_reconnect src_sock=10, des_socket=cp_time_sync_server.
01-05 11:59:43.129 720 745 E CP_CONNECT_CTL: process_socket_connect: open cp_time_sync_server failed: Connection refused [111(Connection refused)]
01-05 11:59:43.130 720 745 E CP_CONNECT_CTL: socket_reconnect: socket_reconnect src_sock=10, des_socket=cp_time_sync_server.
01-05 11:59:43.130 720 745 E CP_CONNECT_CTL: process_socket_connect: open cp_time_sync_server failed: Connection refused [111(Connection refused)]
01-05 11:59:43.130 720 745 E CP_CONNECT_CTL: socket_reconnect: socket_reconnect src_sock=10, des_socket=cp_time_sync_server.
01-05 11:59:43.130 720 745 E CP_CONNECT_CTL: process_socket_connect: open cp_time_sync_server failed: Connection refused [111(Connection refused)]
01-05 11:59:43.173 1128 1271 D InputReader: Btn_touch(8): value=1 when=368.601928
01-05 11:59:43.173 1128 1271 I InputReader: Touch event's action is 0x0 (id=2, t=0) [pCnt=1, s=0.44 ] when=368.601928
01-05 11:59:43.174 1128 1270 I InputDispatcher: Delivering touch to (10554): action: 0x0, f=0x0, d=0, 'cdda8ee', t=1
01-05 11:59:43.174 1128 1149 I GestureDetector: obtain mCurrentDownEvent. id: 301936768 caller: com.android.server.wm.SystemGesturesPointerEventListener.onPointerEvent:203 com.android.server.wm.PointerEventDispatcher.onInputEvent:53 android.view.InputEventReceiver.dispatchInputEvent:295
01-05 11:59:43.175 1128 1149 I GestureDetector: obtain mCurrentDownEvent. id: 301936768 caller: com.android.server.wm.SystemPerformancePointerEventListener.onPointerEvent:89 com.android.server.wm.PointerEventDispatcher.onInputEvent:53 android.view.InputEventReceiver.dispatchInputEvent:295
01-05 11:59:43.191 1128 1149 I GestureDetector: obtain mCurrentMotionEventRaw. action: 2 id: 1054251610
01-05 11:59:43.191 1128 1149 I GestureDetector: obtain mCurrentMotionEventRaw. action: 2 id: 1054251610
01-05 11:59:43.240 1128 1271 D InputReader: Btn_touch(8): value=0 when=368.668803
01-05 11:59:43.240 1128 1271 I InputReader: Touch event's action is 0x1 (id=2, t=0) [pCnt=1, s=] when=368.668803
01-05 11:59:43.240 1128 1270 I InputDispatcher: Delivering touch to (10554): action: 0x1, f=0x0, d=0, 'cdda8ee', t=1
01-05 11:59:43.242 1128 1128 D SGM:GameManager: identifyGamePackage. org.qtproject.example.camera, mCurrentUserId: 0, callerUserId: 0, callingMethodInfo: com.android.server.ssrm.fgapps.GameAppUtils.isGame(GameAppUtils.java:84)
01-05 11:59:43.242 1128 1128 D SGM:PkgDataHelper: getGamePkgData(). org.qtproject.example.camera
01-05 11:59:43.242 1128 1128 I SemDvfsHyPerManager: acquire hyper - GESTURE_DETECTED/1128@22, type = -999
01-05 11:59:43.243 701 733 I HYPER-HAL: [RequestManager.cpp]acquire(): Acquired ID : 661847 [1128 / 22] HINT : GESTURE_DETECTED list : [TIMEOUT / 652]
01-05 11:59:43.244 1128 1128 D SGM:GameManager: identifyGamePackage. org.qtproject.example.camera, mCurrentUserId: 0, callerUserId: 0, callingMethodInfo: com.android.server.ssrm.fgapps.GameAppUtils.isGame(GameAppUtils.java:84)
01-05 11:59:43.244 1128 1128 D SGM:PkgDataHelper: getGamePkgData(). org.qtproject.example.camera
01-05 11:59:43.244 1128 1128 I SemDvfsHyPerManager: acquire hyper - GESTURE_DETECTED/1128@22, type = -999
01-05 11:59:43.244 701 733 I HYPER-HAL: [RequestManager.cpp]acquire(): Acquired ID : 661847 [1128 / 22] HINT : GESTURE_DETECTED list : [TIMEOUT / 652]
01-05 11:59:43.329 720 745 E CP_CONNECT_CTL: socket_reconnect: socket_reconnect src_sock=10, des_socket=cp_time_sync_server.
01-05 11:59:43.330 720 745 E CP_CONNECT_CTL: process_socket_connect: open cp_time_sync_server failed: Connection refused [111(Connection refused)]
01-05 11:59:43.330 720 745 E CP_CONNECT_CTL: socket_reconnect: socket_reconnect src_sock=10, des_socket=cp_time_sync_server.
01-05 11:59:43.330 720 745 E CP_CONNECT_CTL: process_socket_connect: open cp_time_sync_server failed: Connection refused [111(Connection refused)]
01-05 11:59:43.330 720 745 E CP_CONNECT_CTL: socket_reconnect: socket_reconnect src_sock=10, des_socket=cp_time_sync_server.
01-05 11:59:43.330 720 745 E CP_CONNECT_CTL: process_socket_connect: open cp_time_sync_server failed: Connection refused [111(Connection refused)]
01-05 11:59:43.330 720 745 E CP_CONNECT_CTL: socket_reconnect: socket_reconnect src_sock=10, des_socket=cp_time_sync_server.
01-05 11:59:43.330 720 745 E CP_CONNECT_CTL: process_socket_connect: open cp_time_sync_server failed: Connection refused [111(Connection refused)]
01-05 11:59:43.351 1128 4556 D SemWifiUsabilityStatsMonitor: onWifiUsabilityStats - seqNum 104, isSameBssidAndFreq true
01-05 11:59:43.352 1128 1377 I SemWifiLinkQualityMonitor: Link Qos query: inf. ms / 0 Mbps
01-05 11:59:43.352 1504 1504 D KeyguardUpdateMonitor: updateCarrierTextInfo
01-05 11:59:43.352 1504 1504 D PanelCarrierLabelWriter: setTextForCommon=CenturyLink0927-5G CarrierLabelInfo(subId=2147483647, slotId=0, validSub=false, networkName=No service, emergencyOnly=false, hasVoWifiNetworkName=false), airplaneMode=false, hasAtLeastOneVoWifiNetworkName=false, rtl=false
01-05 11:59:43.352 1504 1504 D PanelCarrierLabelManager: setTextForCommon(text:CenturyLink0927-5G)
01-05 11:59:43.353 1504 1504 D NetworkController.WifiSignalController: notifyListener: visible=true, connected=true, inetCondition=1, isDefault=true, wifiTestReported=false, receivedInetCondition=-1, hideDuringMobileSwitching=false
01-05 11:59:43.356 1504 1504 D FaceWidgetPagesController: onRefreshCarrierInfo()
01-05 11:59:43.356 1504 1754 D Tile.WifiTile: handleUpdateState isTransient=false transientEnabling =false cb.isTransient=false state.state = 2 mStateBeforeClick.value =false enabled =true
01-05 11:59:43.357 1504 1504 D FaceWidgetClockRoamManager: isNetworkRoamingState id=-1
01-05 11:59:43.357 1504 1504 D FaceWidgetClockRoamManager: isNetworkRoamingState false
01-05 11:59:43.357 1504 1504 D FaceWidgetClockRoamManager: onRefreshCarrierInfo(pre, now): false, false
01-05 11:59:43.357 1504 1504 D FaceWidgetClockPage: onRefreshCarrierInfo : isChanged false mIsRoaming false
01-05 11:59:43.450 7855 7975 I HQCAM_DepressStickerService: After 282 seconds sleep!!!
01-05 11:59:43.506 1128 1271 D InputReader: Btn_touch(8): value=1 when=368.935085
01-05 11:59:43.506 1128 1271 I InputReader: Touch event's action is 0x0 (id=2, t=0) [pCnt=1, s=0.45 ] when=368.935085
01-05 11:59:43.507 1128 1270 I InputDispatcher: Delivering touch to (10554): action: 0x0, f=0x0, d=0, 'cdda8ee', t=1
01-05 11:59:43.508 1128 1149 I GestureDetector: obtain mCurrentDownEvent. id: 317189673 caller: com.android.server.wm.SystemGesturesPointerEventListener.onPointerEvent:203 com.android.server.wm.PointerEventDispatcher.onInputEvent:53 android.view.InputEventReceiver.dispatchInputEvent:295
01-05 11:59:43.508 1128 1149 I GestureDetector: obtain mCurrentDownEvent. id: 317189673 caller: com.android.server.wm.SystemPerformancePointerEventListener.onPointerEvent:89 com.android.server.wm.PointerEventDispatcher.onInputEvent:53 android.view.InputEventReceiver.dispatchInputEvent:295
01-05 11:59:43.516 1128 1128 D SemWifiBackOff.Sar: event.values[3],=1.0, event.values[4]=0.0
01-05 11:59:43.516 1128 1128 D SemWifiBackOff.Sar: getSensorMode=5, mSensorState=3
01-05 11:59:43.516 1128 1128 I SemWifiBackOff.Sar: SingleBodySarManager : enable powerbackoff1
01-05 11:59:43.516 1128 1128 D SemWifiBackOff.Sar: SingleBodySarManager : checkAndSetBackoff true
01-05 11:59:43.516 1128 1128 I SemWifiBackOff.Sar: setPowerBackoff(head) enable=true
01-05 11:59:43.517 1461 1461 I wpa_supplicant: set dynamic tx far
01-05 11:59:43.517 1461 1461 E wpa_supplicant: sar_cmd : SET_SAR 9
01-05 11:59:43.520 1128 1128 V SemWifiBackOff.Controller: onBackOffStarted iface=wlan0 type=1
01-05 11:59:43.524 1128 1149 I GestureDetector: obtain mCurrentMotionEventRaw. action: 2 id: 792303012
01-05 11:59:43.524 1128 1149 I GestureDetector: obtain mCurrentMotionEventRaw. action: 2 id: 792303012
01-05 11:59:43.530 720 745 E CP_CONNECT_CTL: socket_reconnect: socket_reconnect src_sock=10, des_socket=cp_time_sync_server.
01-05 11:59:43.530 720 745 E CP_CONNECT_CTL: process_socket_connect: open cp_time_sync_server failed: Connection refused [111(Connection refused)]
01-05 11:59:43.530 720 745 E CP_CONNECT_CTL: socket_reconnect: socket_reconnect src_sock=10, des_socket=cp_time_sync_server.
01-05 11:59:43.530 720 745 E CP_CONNECT_CTL: process_socket_connect: open cp_time_sync_server failed: Connection refused [111(Connection refused)]
01-05 11:59:43.530 720 745 E CP_CONNECT_CTL: socket_reconnect: socket_reconnect src_sock=10, des_socket=cp_time_sync_server.
01-05 11:59:43.530 720 745 E CP_CONNECT_CTL: process_socket_connect: open cp_time_sync_server failed: Connection refused [111(Connection refused)]
01-05 11:59:43.530 720 745 E CP_CONNECT_CTL: socket_reconnect: socket_reconnect src_sock=10, des_socket=cp_time_sync_server.
01-05 11:59:43.530 720 745 E CP_CONNECT_CTL: process_socket_connect: open cp_time_sync_server failed: Connection refused [111(Connection refused)]
01-05 11:59:43.590 1128 1271 D InputReader: Btn_touch(8): value=0 when=369.018597
01-05 11:59:43.590 1128 1271 I InputReader: Touch event's action is 0x1 (id=2, t=0) [pCnt=1, s=] when=369.018597
01-05 11:59:43.591 1128 1270 I InputDispatcher: Delivering touch to (10554): action: 0x1, f=0x0, d=0, 'cdda8ee', t=1
01-05 11:59:43.593 1128 1128 D SGM:GameManager: identifyGamePackage. org.qtproject.example.camera, mCurrentUserId: 0, callerUserId: 0, callingMethodInfo: com.android.server.ssrm.fgapps.GameAppUtils.isGame(GameAppUtils.java:84)
01-05 11:59:43.593 1128 1128 D SGM:PkgDataHelper: getGamePkgData(). org.qtproject.example.camera
