01-05 12:00:14.711 685 1028 I cmr_oem : 13860, show_snap_param: target 0x45, 0xd3de4000, jpeg 0x45, 0xd4963000, tmyuv 0x45, 0xd54c2000, thmjpeg 0x45, 0xd54e8000
01-05 12:00:14.711 685 1028 I Cam3OEMIf: 3853, startPreviewInternal: X CamId=0 TotalIonSize=101920768 TotalGpuSize=0, total_size 101920768
01-05 12:00:14.712 685 1028 I gralloc4: lockBuffer: id=2b2000000b8, vaddr=0xd6736000
01-05 12:00:14.712 685 1028 I gralloc4: lockBuffer: id=2b2000000ba, vaddr=0xd61f0000
01-05 12:00:14.713 855 10949 D Camera3-Device: CameraPerf: sendRequestsBatch X (107ms)
01-05 12:00:14.714 690 690 I gralloc4: allocate: id=2b2000000bf, hal_format=YCbCr420-888, mali_format=NV21, afbc=false, usage=CPU_R, size=2560x1440, stride=2560, name=Camera2-CallbackConsumer
01-05 12:00:14.714 855 10949 I gralloc4: register: id=2b2000000bf, handle:0xb400007a96ba1b00, vaddr=0x7a7bfb1000
01-05 12:00:14.718 690 690 I gralloc4: allocate: id=2b2000000c0, hal_format=IMPL-DEF, mali_format=NV21, afbc=false, usage=CPU_R|GPU_R|NO_AFBC, size=2560x1440, stride=2560, name=SurfaceTexture-2-10554-0
01-05 12:00:14.718 10554 10909 I gralloc4: register: id=2b2000000c0, handle:0xb4000075a6480b00, vaddr=0x7582f50000
01-05 12:00:14.719 855 10949 I gralloc4: register: id=2b2000000c0, handle:0xb400007a96bbe400, vaddr=0x7a7ba6b000
01-05 12:00:14.721 685 1028 I gralloc4: register: id=2b2000000bf, handle:0xe901ef00, vaddr=0xcdf48000
01-05 12:00:14.721 685 1028 I gralloc4: register: id=2b2000000c0, handle:0xe884a600, vaddr=0xcda02000
01-05 12:00:14.722 685 1028 I OEMCam : 422, camera_get_preview_rot_angle: done 0
01-05 12:00:14.722 685 1028 I Cam3OEMIf: 8919, SetCameraParaTag: after crop ae region mCameraId 0, x, y, w, h, 0 0 0 0
01-05 12:00:14.722 685 1028 I gralloc4: lockBuffer: id=2b2000000bf, vaddr=0xcdf48000
01-05 12:00:14.723 685 1028 I gralloc4: lockBuffer: id=2b2000000c0, vaddr=0xcda02000
01-05 12:00:14.730 690 690 I gralloc4: allocate: id=2b2000000c1, hal_format=YCbCr420-888, mali_format=NV21, afbc=false, usage=CPU_R, size=2560x1440, stride=2560, name=Camera2-CallbackConsumer
01-05 12:00:14.730 855 10949 I gralloc4: register: id=2b2000000c1, handle:0xb400007a96bbe500, vaddr=0x7a7b525000
01-05 12:00:14.749 690 690 I gralloc4: allocate: id=2b2000000c2, hal_format=IMPL-DEF, mali_format=NV21, afbc=false, usage=CPU_R|GPU_R|NO_AFBC, size=2560x1440, stride=2560, name=SurfaceTexture-2-10554-0
01-05 12:00:14.749 10554 10909 I gralloc4: register: id=2b2000000c2, handle:0xb4000075a79adc00, vaddr=0x7579aba000
01-05 12:00:14.750 855 10949 I gralloc4: register: id=2b2000000c2, handle:0xb400007a96bbe800, vaddr=0x7a7afdf000
01-05 12:00:14.752 685 1028 I gralloc4: register: id=2b2000000c1, handle:0xe884af00, vaddr=0xcd4bc000
01-05 12:00:14.752 685 1028 I gralloc4: register: id=2b2000000c2, handle:0xe79f2200, vaddr=0xccf76000
01-05 12:00:14.753 685 1028 I gralloc4: lockBuffer: id=2b2000000c1, vaddr=0xcd4bc000
01-05 12:00:14.753 685 1028 I gralloc4: lockBuffer: id=2b2000000c2, vaddr=0xccf76000
01-05 12:00:14.766 690 690 I gralloc4: allocate: id=2b2000000c3, hal_format=YCbCr420-888, mali_format=NV21, afbc=false, usage=CPU_R, size=2560x1440, stride=2560, name=Camera2-CallbackConsumer
01-05 12:00:14.767 855 10949 I gralloc4: register: id=2b2000000c3, handle:0xb400007a96bbe900, vaddr=0x7a7aa99000
01-05 12:00:14.771 690 690 I gralloc4: allocate: id=2b2000000c4, hal_format=IMPL-DEF, mali_format=NV21, afbc=false, usage=CPU_R|GPU_R|NO_AFBC, size=2560x1440, stride=2560, name=SurfaceTexture-2-10554-0
01-05 12:00:14.771 10554 10909 I gralloc4: register: id=2b2000000c4, handle:0xb4000075a79ade00, vaddr=0x7577adf000
01-05 12:00:14.772 855 10949 I gralloc4: register: id=2b2000000c4, handle:0xb400007a96bbec00, vaddr=0x7a7a553000
01-05 12:00:14.773 685 1028 I gralloc4: register: id=2b2000000c3, handle:0xe79f2400, vaddr=0xcca30000
01-05 12:00:14.773 685 1028 I gralloc4: register: id=2b2000000c4, handle:0xe79f2800, vaddr=0xcc4ea000
01-05 12:00:14.774 685 1028 I gralloc4: lockBuffer: id=2b2000000c3, vaddr=0xcca30000
01-05 12:00:14.774 685 1028 I gralloc4: lockBuffer: id=2b2000000c4, vaddr=0xcc4ea000
01-05 12:00:14.792 685 10970 I isp_alg_fw: 4453, ispalg_aethread_proc: set priority to -10
01-05 12:00:14.809 720 745 E CP_CONNECT_CTL: socket_reconnect: socket_reconnect src_sock=10, des_socket=cp_time_sync_server.
01-05 12:00:14.809 720 745 E CP_CONNECT_CTL: process_socket_connect: open cp_time_sync_server failed: Connection refused [111(Connection refused)]
01-05 12:00:14.810 720 745 E CP_CONNECT_CTL: socket_reconnect: socket_reconnect src_sock=10, des_socket=cp_time_sync_server.
01-05 12:00:14.810 720 745 E CP_CONNECT_CTL: process_socket_connect: open cp_time_sync_server failed: Connection refused [111(Connection refused)]
01-05 12:00:14.810 720 745 E CP_CONNECT_CTL: socket_reconnect: socket_reconnect src_sock=10, des_socket=cp_time_sync_server.
01-05 12:00:14.810 720 745 E CP_CONNECT_CTL: process_socket_connect: open cp_time_sync_server failed: Connection refused [111(Connection refused)]
01-05 12:00:14.810 720 745 E CP_CONNECT_CTL: socket_reconnect: socket_reconnect src_sock=10, des_socket=cp_time_sync_server.
01-05 12:00:14.810 720 745 E CP_CONNECT_CTL: process_socket_connect: open cp_time_sync_server failed: Connection refused [111(Connection refused)]
01-05 12:00:14.814 685 10919 I cmr_sensor: 922, cmr_sns_thread_proc: evt 524548
01-05 12:00:14.814 685 10919 I cmr_sensor: 1328, cmr_sns_ioctl: cmd = 45, arg = 0xd8976990.
01-05 12:00:14.814 685 10919 I a801_gc8034_backly: 721, gc8034_drv_access_val: sensor gc8034: param_ptr->type=21
01-05 12:00:14.815 685 10964 I af_sprd_adpt_v1: 3588, af_sprd_set_zoom_ratio: zoom ratio = 1000
01-05 12:00:14.840 665 665 E YLog : /system_ext/etc/ylogsource.conf load failed... error [2(No such file or directory)] [startlogServcie]
01-05 12:00:14.865 685 10919 I cmr_sensor: 922, cmr_sns_thread_proc: evt 524548
01-05 12:00:14.865 685 10919 I cmr_sensor: 1328, cmr_sns_ioctl: cmd = 45, arg = 0xd8976990.
01-05 12:00:14.865 685 10919 I a801_gc8034_backly: 721, gc8034_drv_access_val: sensor gc8034: param_ptr->type=21
01-05 12:00:14.893 685 10970 I smart_ctrl: 2229, smart_ctl_calculation: lock smart frame = 3
01-05 12:00:14.893 685 10974 E awb_adpt: 1479, awb_sprd_ctrl_calculation_v3_2: check handle success
01-05 12:00:14.893 685 10970 I isp_blk_cmc10: 266, _pm_cmc10_set_param: cmc_result: (1629 15730 48; 16225 1294 16272; 16368 16074 1349).
01-05 12:00:14.893 685 10970 I smart_ctrl: 2229, smart_ctl_calculation: lock smart frame = 2
01-05 12:00:14.893 685 10970 I isp_blk_cmc10: 266, _pm_cmc10_set_param: cmc_result: (1629 15730 48; 16225 1294 16272; 16368 16074 1349).
01-05 12:00:14.894 685 10964 I aft_sprd_lib: 1365, ae_block_num_init: E
01-05 12:00:14.894 685 10964 I aft_sprd_lib: 1394, ae_block_num_init: ae_block_num : 1024, ae_block_use : 196, ae_hist_data_start : 3328
01-05 12:00:14.894 685 10964 I aft_sprd_lib: 3803, aft_proc_log_print: afm move diff : 0,diff_thr :0,diff_cnt : 0,g_diff(x,y,z):(0.000000,0.000000,0.000000),aem move diff : (num : r,g,b,cnt) = (0,0,0,0), scene_change_flag 0
01-05 12:00:14.895 685 10974 I awb_adpt: 1698, awb_sprd_ctrl_calculation_v3_2: AWB result : (1322,1024,2088) 3693K , fram_count : 0 , camera_id : 0, wb mode : 0; AWB lib 64x64: (1322,1024,2088) 3693K.
01-05 12:00:14.896 685 10951 E Libae[FAE]: 1409, face_luma_calc: NO FACE
01-05 12:00:14.896 685 10951 I a801_gc8034_backly: 227, gc8034_drv_calc_gain: isp_gain = 0x3ba,sensor_gain=0x1dd
01-05 12:00:14.896 685 10976 I Cam3OEMIf: 5186, receivePreviewFrame: [cam_hal_flow] Launch Camera Time:517(ms).
01-05 12:00:14.896 685 10919 I cmr_sensor: 922, cmr_sns_thread_proc: evt 524548
01-05 12:00:14.896 685 10919 I cmr_sensor: 1328, cmr_sns_ioctl: cmd = 45, arg = 0xdad0ad90.
01-05 12:00:14.896 685 10919 I a801_gc8034_backly: 721, gc8034_drv_access_val: sensor gc8034: param_ptr->type=21
01-05 12:00:14.897 685 10976 I gralloc4: unlockBuffer: id=2b2000000ba, vaddr=0xd61f0000
01-05 12:00:14.897 685 10976 I Cam3Setting: 8324, getSyncInfo: frame_number:0, frame_number 0
01-05 12:00:14.897 685 10976 E Cam3Channel: 1443, getMetadata: AE or AF callback error, give default metadata 0xe5aae000
01-05 12:00:14.898 855 10075 D Camera3-OutputStream: returnBufferCheckedLocked: First frame for stream 0, width 2560, height 1440, format 34
01-05 12:00:14.900 10554 10899 W .example.camera: [SurfaceTexture-2-10554-0] bindTextureImage: clearing GL error: 0x500
01-05 12:00:14.904 685 10951 I cmr_oem : 9482, camera_get_af_support: af_support 1
01-05 12:00:14.904 685 10919 I cmr_sensor: 922, cmr_sns_thread_proc: evt 524548
01-05 12:00:14.904 685 10919 I cmr_sensor: 1328, cmr_sns_ioctl: cmd = 45, arg = 0xdad0ad90.
01-05 12:00:14.904 685 10919 I a801_gc8034_backly: 721, gc8034_drv_access_val: sensor gc8034: param_ptr->type=21
01-05 12:00:14.905 685 10976 I gralloc4: unlockBuffer: id=2b2000000b8, vaddr=0xd6736000
01-05 12:00:14.905 855 10075 D Camera3-OutputStream: returnBufferCheckedLocked: First frame for stream 2, width 2560, height 1440, format 35
01-05 12:00:14.906 855 10963 I gralloc4: lockBuffer: id=2b2000000b8, vaddr=0x7a7ca3d000
01-05 12:00:14.911 685 10985 I libfacedetect: [FdDetectFace,122]: aeStable:0, brightValue:0, backlightPro:0, zoomRatio:0, handle: 0xe8ee4020, imgaddr: 0xdae68000, imgw: 640, imgh: 360, imgs: 640
01-05 12:00:14.913 690 690 I gralloc4: allocate: id=2b2000000c5, hal_format=YCbCr420-888, mali_format=NV21, afbc=false, usage=CPU_R, size=2560x1440, stride=2560, name=Camera2-CallbackConsumer
01-05 12:00:14.913 855 10949 I gralloc4: register: id=2b2000000c5, handle:0xb400007a96bbed00, vaddr=0x7a78069000
01-05 12:00:14.918 855 10963 I gralloc4: unlockBuffer: id=2b2000000b8, vaddr=0x7a7ca3d000
01-05 12:00:14.921 690 690 I gralloc4: allocate: id=2b2000000c6, hal_format=IMPL-DEF, mali_format=NV21, afbc=false, usage=CPU_R|GPU_R|NO_AFBC, size=2560x1440, stride=2560, name=SurfaceTexture-2-10554-0
01-05 12:00:14.923 10554 10909 I gralloc4: register: id=2b2000000c6, handle:0xb400007588f43200, vaddr=0x75755f5000
01-05 12:00:14.924 855 10949 I gralloc4: register: id=2b2000000c6, handle:0xb400007a9cb91400, vaddr=0x7a77b23000
01-05 12:00:14.927 685 1028 I gralloc4: register: id=2b2000000c5, handle:0xe79f2900, vaddr=0xcf3ca000
01-05 12:00:14.927 685 1028 I gralloc4: register: id=2b2000000c6, handle:0xe79f2a00, vaddr=0xcee84000
01-05 12:00:14.928 685 1028 I gralloc4: lockBuffer: id=2b2000000c5, vaddr=0xcf3ca000
01-05 12:00:14.928 685 1028 I gralloc4: lockBuffer: id=2b2000000c6, vaddr=0xcee84000
01-05 12:00:14.938 685 10919 I cmr_sensor: 922, cmr_sns_thread_proc: evt 524548
01-05 12:00:14.938 685 10919 I cmr_sensor: 1328, cmr_sns_ioctl: cmd = 45, arg = 0xdad0ad90.
01-05 12:00:14.938 685 10919 I a801_gc8034_backly: 721, gc8034_drv_access_val: sensor gc8034: param_ptr->type=21
01-05 12:00:14.938 685 10985 I FDV3 : [find, 698]: src:640x360 detect:320 face_num=0 26.43 ms
01-05 12:00:14.938 685 10976 I gralloc4: unlockBuffer: id=2b2000000c0, vaddr=0xcda02000
01-05 12:00:14.939 685 10976 I Cam3Setting: 8324, getSyncInfo: frame_number:1, frame_number 1
01-05 12:00:14.940 685 10919 I cmr_sensor: 922, cmr_sns_thread_proc: evt 524548
01-05 12:00:14.940 685 10919 I cmr_sensor: 1328, cmr_sns_ioctl: cmd = 45, arg = 0xdad0ad90.
01-05 12:00:14.940 685 10919 I a801_gc8034_backly: 721, gc8034_drv_access_val: sensor gc8034: param_ptr->type=21
01-05 12:00:14.940 685 10976 I gralloc4: unlockBuffer: id=2b2000000bf, vaddr=0xcdf48000
01-05 12:00:14.941 855 10963 I gralloc4: lockBuffer: id=2b2000000bf, vaddr=0x7a7bfb1000
01-05 12:00:14.944 685 10970 I smart_ctrl: 2229, smart_ctl_calculation: lock smart frame = 1
01-05 12:00:14.944 685 10974 E awb_adpt: 1479, awb_sprd_ctrl_calculation_v3_2: check handle success
01-05 12:00:14.944 685 10970 I isp_blk_cmc10: 266, _pm_cmc10_set_param: cmc_result: (1629 15730 48; 16225 1294 16272; 16368 16074 1349).
01-05 12:00:14.944 685 10970 I isp_blk_cmc10: 266, _pm_cmc10_set_param: cmc_result: (1629 15730 48; 16225 1294 16272; 16368 16074 1349).
01-05 12:00:14.945 685 10951 E Libae[FAE]: 1409, face_luma_calc: NO FACE
01-05 12:00:14.945 685 10965 E android.hardware.camera.provider@2.4-service: [ALSC]: L 561, slsc4_calculation: slsc4, error case, pair_idx=[4,3], pair_ratio=[3.610658,-2.610658], set ratio to 1.0 and 0.0
01-05 12:00:14.946 685 10951 I a801_gc8034_backly: 227, gc8034_drv_calc_gain: isp_gain = 0x3b9,sensor_gain=0x1dc
01-05 12:00:14.948 1128 1128 D SemWifiBackOff.Sar: event.values[3],=1.0, event.values[4]=0.0
01-05 12:00:14.948 1128 1128 D SemWifiBackOff.Sar: getSensorMode=5, mSensorState=3
01-05 12:00:14.948 1128 1128 I SemWifiBackOff.Sar: SingleBodySarManager : enable powerbackoff1
01-05 12:00:14.948 1128 1128 D SemWifiBackOff.Sar: SingleBodySarManager : checkAndSetBackoff true
01-05 12:00:14.948 1128 1128 I SemWifiBackOff.Sar: setPowerBackoff(head) enable=true
01-05 12:00:14.948 1461 1461 I wpa_supplicant: set dynamic tx far
01-05 12:00:14.948 1461 1461 E wpa_supplicant: sar_cmd : SET_SAR 9
01-05 12:00:14.949 685 10964 I aft_sprd_lib: 3406, trace_face_by_iou: old_roi (sx ex sy ey) = (0 0 0 0)
01-05 12:00:14.949 685 10964 I aft_sprd_lib: 3421, trace_face_by_iou: face_roi_iou 0.000000
01-05 12:00:14.949 855 10963 I gralloc4: unlockBuffer: id=2b2000000bf, vaddr=0x7a7bfb1000
01-05 12:00:14.949 685 10964 I aft_sprd_lib: 1714, ae_stats_move_init_new: ae base_vcm_pos = 275
01-05 12:00:14.949 685 10964 I aft_sprd_lib: 3803, aft_proc_log_print: afm move diff : 0,diff_thr :0,diff_cnt : 0,g_diff(x,y,z):(0.000000,0.000000,0.000000),aem move diff : (num : r,g,b,cnt) = (0,0,0,0), scene_change_flag 0
01-05 12:00:14.950 685 10951 I cmr_oem : 9482, camera_get_af_support: af_support 1
01-05 12:00:14.951 690 690 I gralloc4: allocate: id=2b2000000c7, hal_format=IMPL-DEF, mali_format=NV21, afbc=false, usage=CPU_R|GPU_R|NO_AFBC, size=2560x1440, stride=2560, name=SurfaceTexture-2-10554-0
01-05 12:00:14.952 855 6091 I Camera2Client: setPreviewCallbackFlag: Camera 0: Flag 0x0
01-05 12:00:14.952 855 6091 D Camera3-Device: getStreamInfo: mInterfaceLock.lock()
01-05 12:00:14.952 855 6091 D Camera3-Device: getStreamInfo: mInterfaceLock.unlock()
01-05 12:00:14.952 855 6091 D Camera3-Device: setStreamTransform: mInterfaceLock.lock()
01-05 12:00:14.952 855 6091 I Camera3-Device: getJpegBufferSize: Camera 0: maximum JPEG size in static metadata is 11985416
01-05 12:00:14.952 855 6091 I Camera3-Device: getJpegBufferSize: final jpeg buffer size for the given resolution(3264 x 2448) is 11985416
01-05 12:00:14.952 855 6091 D Camera3-Device: getStreamInfo: mInterfaceLock.lock()
01-05 12:00:14.952 855 6091 D Camera3-Device: getStreamInfo: mInterfaceLock.unlock()
01-05 12:00:14.952 855 6091 E Camera3-OutputStream: dropBuffers: stream 0 dropping: FALSE.
01-05 12:00:14.952 855 6091 D Camera3-Device: setStreamingRequestList: Enter: calling submitRequestsHelper: repeating = true
01-05 12:00:14.952 855 6091 D Camera3-Device: submitRequestsHelper: mInterfaceLock.lock()
01-05 12:00:14.952 855 6091 D Camera3-Device: setRepeatingRequests: lastFrameNumber 6.
01-05 12:00:14.952 855 6091 D Camera3-Device: submitRequestsHelper: mInterfaceLock.unlock()
01-05 12:00:14.952 10554 10916 I gralloc4: register: id=2b2000000c7, handle:0xb400007588f43800, vaddr=0x75750af000
01-05 12:00:14.952 10554 10899 W .example.camera: [SurfaceTexture-2-10554-0] bindTextureImage: clearing GL error: 0x500
01-05 12:00:14.952 1128 1145 I EDMNativeHelperService: isCameraEnabled
01-05 12:00:14.953 1128 1145 D EDMNativeHelper: isCameraEnabled
01-05 12:00:14.953 855 10949 I gralloc4: register: id=2b2000000c7, handle:0xb400007a9cb91600, vaddr=0x7a775dd000
01-05 12:00:14.955 685 10974 I awb_adpt: 1698, awb_sprd_ctrl_calculation_v3_2: AWB result : (1304,1024,2077) 3639K , fram_count : 1 , camera_id : 0, wb mode : 0; AWB lib 64x64: (1304,1024,2077) 3639K.
01-05 12:00:14.955 685 685 I gralloc4: register: id=2b2000000c7, handle:0xe884a900, vaddr=0xce93e000
01-05 12:00:14.956 685 685 I gralloc4: lockBuffer: id=2b2000000b8, vaddr=0xd6736000
01-05 12:00:14.956 1128 1128 V SemWifiBackOff.Controller: onBackOffStarted iface=wlan0 type=1
01-05 12:00:14.956 685 685 I gralloc4: lockBuffer: id=2b2000000c7, vaddr=0xce93e000
01-05 12:00:14.957 1128 1145 D EDMNativeHelper: checking for camera in EnterpriseDeviceManagerService
01-05 12:00:14.957 1128 1145 D EnterpriseDeviceManagerService: isCameraEnabledNative
01-05 12:00:14.957 1128 1145 D EnterpriseDeviceManagerService: checking for camera in restriction policy
01-05 12:00:14.959 1128 1145 D RestrictionPolicy: isCameraEnabled ret(true) userId(0) cxtInfo.mCallerUid(10245) cxtInfo.mContainerId(0)
01-05 12:00:14.961 855 6091 I Camera2Client: setPreviewCallbackFlag: Camera 0: Flag 0x5
01-05 12:00:14.961 855 6091 D Camera3-Device: getStreamInfo: mInterfaceLock.lock()
01-05 12:00:14.961 855 6091 D Camera3-Device: getStreamInfo: mInterfaceLock.unlock()
01-05 12:00:14.961 855 6091 D Camera3-Device: setStreamTransform: mInterfaceLock.lock()
01-05 12:00:14.961 855 6091 I Camera3-Device: getJpegBufferSize: Camera 0: maximum JPEG size in static metadata is 11985416
01-05 12:00:14.961 855 6091 I Camera3-Device: getJpegBufferSize: final jpeg buffer size for the given resolution(3264 x 2448) is 11985416
01-05 12:00:14.961 855 6091 D Camera3-Device: getStreamInfo: mInterfaceLock.lock()
01-05 12:00:14.961 855 6091 D Camera3-Device: getStreamInfo: mInterfaceLock.unlock()
01-05 12:00:14.961 855 6091 D Camera3-Device: getStreamInfo: mInterfaceLock.lock()
01-05 12:00:14.961 855 6091 D Camera3-Device: getStreamInfo: mInterfaceLock.unlock()
01-05 12:00:14.961 855 6091 E Camera3-OutputStream: dropBuffers: stream 0 dropping: FALSE.
01-05 12:00:14.961 855 6091 D Camera3-Device: setStreamingRequestList: Enter: calling submitRequestsHelper: repeating = true
01-05 12:00:14.961 855 6091 D Camera3-Device: submitRequestsHelper: mInterfaceLock.lock()
01-05 12:00:14.962 855 6091 D Camera3-Device: setRepeatingRequests: lastFrameNumber 6.
01-05 12:00:14.962 855 6091 D Camera3-Device: submitRequestsHelper: mInterfaceLock.unlock()
01-05 12:00:14.963 443 443 D io_stats: !@ 179,0 r 177358 8908722 w 17358 343892 d 8045 440376 f 7044 2348 iot 70632 66504 th 102400 0 0 pt 0 inp 0 0 400.390
01-05 12:00:14.988 685 10919 I cmr_sensor: 922, cmr_sns_thread_proc: evt 524548
01-05 12:00:14.988 685 10919 I cmr_sensor: 1328, cmr_sns_ioctl: cmd = 45, arg = 0xdad0ad90.
01-05 12:00:14.988 685 10919 I a801_gc8034_backly: 721, gc8034_drv_access_val: sensor gc8034: param_ptr->type=21
01-05 12:00:14.988 685 10976 I gralloc4: unlockBuffer: id=2b2000000c2, vaddr=0xccf76000
01-05 12:00:14.989 685 10976 I Cam3Setting: 8324, getSyncInfo: frame_number:2, frame_number 2
01-05 12:00:14.990 685 10919 I cmr_sensor: 922, cmr_sns_thread_proc: evt 524548
01-05 12:00:14.990 685 10919 I cmr_sensor: 1328, cmr_sns_ioctl: cmd = 45, arg = 0xdad0ad90.
01-05 12:00:14.990 685 10919 I a801_gc8034_backly: 721, gc8034_drv_access_val: sensor gc8034: param_ptr->type=21
01-05 12:00:14.990 685 10976 I gralloc4: unlockBuffer: id=2b2000000c1, vaddr=0xcd4bc000
01-05 12:00:14.991 855 10963 I gralloc4: lockBuffer: id=2b2000000c1, vaddr=0x7a7b525000
01-05 12:00:14.994 685 10970 I isp_blk_cmc10: 266, _pm_cmc10_set_param: cmc_result: (1540 15832 34; 16251 1253 16287; 16371 16101 1319).
01-05 12:00:14.994 685 10951 E Libae[FAE]: 1409, face_luma_calc: NO FACE
01-05 12:00:14.994 685 10970 I isp_blk_cmc10: 266, _pm_cmc10_set_param: cmc_result: (1540 15832 34; 16251 1253 16287; 16371 16101 1319).
01-05 12:00:14.995 685 10951 I a801_gc8034_backly: 227, gc8034_drv_calc_gain: isp_gain = 0x3b8,sensor_gain=0x1dc
01-05 12:00:14.995 685 10974 E awb_adpt: 1479, awb_sprd_ctrl_calculation_v3_2: check handle success
01-05 12:00:14.995 685 10965 E android.hardware.camera.provider@2.4-service: [ALSC]: L 561, slsc4_calculation: slsc4, error case, pair_idx=[4,3], pair_ratio=[2.724184,-1.724184], set ratio to 1.0 and 0.0
01-05 12:00:14.996 685 10964 I aft_sprd_lib: 3803, aft_proc_log_print: afm move diff : 0,diff_thr :0,diff_cnt : 0,g_diff(x,y,z):(0.010000,0.008750,0.002500),aem move diff : (num : r,g,b,cnt) = (0,0,0,0), scene_change_flag 0
01-05 12:00:14.997 855 10963 I gralloc4: unlockBuffer: id=2b2000000c1, vaddr=0x7a7b525000
01-05 12:00:14.998 855 6091 I Camera2Client: setPreviewCallbackFlag: Camera 0: Flag 0x0
01-05 12:00:14.998 855 6091 D Camera3-Device: getStreamInfo: mInterfaceLock.lock()
01-05 12:00:14.998 855 6091 D Camera3-Device: getStreamInfo: mInterfaceLock.unlock()
01-05 12:00:14.998 855 6091 D Camera3-Device: setStreamTransform: mInterfaceLock.lock()
01-05 12:00:14.998 855 6091 I Camera3-Device: getJpegBufferSize: Camera 0: maximum JPEG size in static metadata is 11985416
01-05 12:00:14.998 855 6091 I Camera3-Device: getJpegBufferSize: final jpeg buffer size for the given resolution(3264 x 2448) is 11985416
01-05 12:00:14.998 855 6091 D Camera3-Device: getStreamInfo: mInterfaceLock.lock()
01-05 12:00:14.998 855 6091 D Camera3-Device: getStreamInfo: mInterfaceLock.unlock()
01-05 12:00:14.998 855 6091 E Camera3-OutputStream: dropBuffers: stream 0 dropping: FALSE.
01-05 12:00:14.998 855 6091 D Camera3-Device: setStreamingRequestList: Enter: calling submitRequestsHelper: repeating = true
01-05 12:00:14.998 855 6091 D Camera3-Device: submitRequestsHelper: mInterfaceLock.lock()
01-05 12:00:14.998 855 6091 D Camera3-Device: setRepeatingRequests: lastFrameNumber 7.
01-05 12:00:14.998 855 6091 D Camera3-Device: submitRequestsHelper: mInterfaceLock.unlock()
01-05 12:00:14.999 685 10951 I cmr_oem : 9482, camera_get_af_support: af_support 1
01-05 12:00:15.000 685 685 I OEMCam : 422, camera_get_preview_rot_angle: done 0
01-05 12:00:15.000 685 685 I Cam3OEMIf: 8919, SetCameraParaTag: after crop ae region mCameraId 0, x, y, w, h, 0 0 0 0
01-05 12:00:15.001 685 685 I gralloc4: lockBuffer: id=2b2000000bf, vaddr=0xcdf48000
01-05 12:00:15.001 685 685 I gralloc4: lockBuffer: id=2b2000000ba, vaddr=0xd61f0000
01-05 12:00:15.002 1128 1145 I EDMNativeHelperService: isCameraEnabled
01-05 12:00:15.002 1128 1145 D EDMNativeHelper: isCameraEnabled
01-05 12:00:15.002 685 10985 I libfacedetect: [FdDetectFace,122]: aeStable:0, brightValue:403, backlightPro:0, zoomRatio:0, handle: 0xe8ee4020, imgaddr: 0xdae68000, imgw: 640, imgh: 360, imgs: 640
01-05 12:00:15.003 1128 1145 D EDMNativeHelper: checking for camera in EnterpriseDeviceManagerService
01-05 12:00:15.003 1128 1145 D EnterpriseDeviceManagerService: isCameraEnabledNative
01-05 12:00:15.003 1128 1145 D EnterpriseDeviceManagerService: checking for camera in restriction policy
01-05 12:00:15.003 685 10985 I FDV3 : [find, 698]: src:640x360 detect:320 face_num=0 0.58 ms
01-05 12:00:15.003 1128 1145 D RestrictionPolicy: isCameraEnabled ret(true) userId(0) cxtInfo.mCallerUid(10245) cxtInfo.mContainerId(0)
01-05 12:00:15.004 685 10974 I awb_adpt: 1698, awb_sprd_ctrl_calculation_v3_2: AWB result : (1304,1024,2077) 3639K , fram_count : 2 , camera_id : 0, wb mode : 0; AWB lib 64x64: (1304,1024,2077) 3639K.
01-05 12:00:15.005 855 6091 I Camera2Client: setPreviewCallbackFlag: Camera 0: Flag 0x5
01-05 12:00:15.005 855 6091 D Camera3-Device: getStreamInfo: mInterfaceLock.lock()
01-05 12:00:15.005 855 6091 D Camera3-Device: getStreamInfo: mInterfaceLock.unlock()
01-05 12:00:15.005 855 6091 D Camera3-Device: setStreamTransform: mInterfaceLock.lock()
01-05 12:00:15.005 855 6091 I Camera3-Device: getJpegBufferSize: Camera 0: maximum JPEG size in static metadata is 11985416
01-05 12:00:15.005 855 6091 I Camera3-Device: getJpegBufferSize: final jpeg buffer size for the given resolution(3264 x 2448) is 11985416
01-05 12:00:15.005 855 6091 D Camera3-Device: getStreamInfo: mInterfaceLock.lock()
01-05 12:00:15.005 855 6091 D Camera3-Device: getStreamInfo: mInterfaceLock.unlock()
01-05 12:00:15.005 855 6091 D Camera3-Device: getStreamInfo: mInterfaceLock.lock()
01-05 12:00:15.005 855 6091 D Camera3-Device: getStreamInfo: mInterfaceLock.unlock()
01-05 12:00:15.005 855 6091 E Camera3-OutputStream: dropBuffers: stream 0 dropping: FALSE.
01-05 12:00:15.005 855 6091 D Camera3-Device: setStreamingRequestList: Enter: calling submitRequestsHelper: repeating = true
01-05 12:00:15.005 855 6091 D Camera3-Device: submitRequestsHelper: mInterfaceLock.lock()
01-05 12:00:15.006 855 6091 D Camera3-Device: setRepeatingRequests: lastFrameNumber 7.
01-05 12:00:15.006 855 6091 D Camera3-Device: submitRequestsHelper: mInterfaceLock.unlock()
01-05 12:00:15.006 1128 1145 I EDMNativeHelperService: isCameraEnabled
01-05 12:00:15.006 1128 1145 D EDMNativeHelper: isCameraEnabled
01-05 12:00:15.007 1128 1145 D EDMNativeHelper: checking for camera in EnterpriseDeviceManagerService
01-05 12:00:15.007 1128 1145 D EnterpriseDeviceManagerService: isCameraEnabledNative
01-05 12:00:15.007 1128 1145 D EnterpriseDeviceManagerService: checking for camera in restriction policy
01-05 12:00:15.007 1128 1145 D RestrictionPolicy: isCameraEnabled ret(true) userId(0) cxtInfo.mCallerUid(10245) cxtInfo.mContainerId(0)
01-05 12:00:15.010 720 745 E CP_CONNECT_CTL: socket_reconnect: socket_reconnect src_sock=10, des_socket=cp_time_sync_server.
01-05 12:00:15.010 720 745 E CP_CONNECT_CTL: process_socket_connect: open cp_time_sync_server failed: Connection refused [111(Connection refused)]
01-05 12:00:15.010 720 745 E CP_CONNECT_CTL: socket_reconnect: socket_reconnect src_sock=10, des_socket=cp_time_sync_server.
01-05 12:00:15.010 720 745 E CP_CONNECT_CTL: process_socket_connect: open cp_time_sync_server failed: Connection refused [111(Connection refused)]
01-05 12:00:15.010 720 745 E CP_CONNECT_CTL: socket_reconnect: socket_reconnect src_sock=10, des_socket=cp_time_sync_server.
01-05 12:00:15.010 720 745 E CP_CONNECT_CTL: process_socket_connect: open cp_time_sync_server failed: Connection refused [111(Connection refused)]
01-05 12:00:15.010 720 745 E CP_CONNECT_CTL: socket_reconnect: socket_reconnect src_sock=10, des_socket=cp_time_sync_server.
01-05 12:00:15.010 720 745 E CP_CONNECT_CTL: process_socket_connect: open cp_time_sync_server failed: Connection refused [111(Connection refused)]
01-05 12:00:15.039 685 10919 I cmr_sensor: 922, cmr_sns_thread_proc: evt 524548
01-05 12:00:15.039 685 10919 I cmr_sensor: 1328, cmr_sns_ioctl: cmd = 45, arg = 0xdad0ad90.
01-05 12:00:15.039 685 10919 I a801_gc8034_backly: 721, gc8034_drv_access_val: sensor gc8034: param_ptr->type=21
01-05 12:00:15.039 685 10976 I gralloc4: unlockBuffer: id=2b2000000c4, vaddr=0xcc4ea000
01-05 12:00:15.040 685 10976 I Cam3Setting: 8324, getSyncInfo: frame_number:3, frame_number 3
01-05 12:00:15.041 685 10919 I cmr_sensor: 922, cmr_sns_thread_proc: evt 524548
01-05 12:00:15.041 685 10919 I cmr_sensor: 1328, cmr_sns_ioctl: cmd = 45, arg = 0xdad0ad90.
01-05 12:00:15.041 685 10919 I a801_gc8034_backly: 721, gc8034_drv_access_val: sensor gc8034: param_ptr->type=21
01-05 12:00:15.041 685 10976 I gralloc4: unlockBuffer: id=2b2000000c3, vaddr=0xcca30000
01-05 12:00:15.042 855 10963 I gralloc4: lockBuffer: id=2b2000000c3, vaddr=0x7a7aa99000
01-05 12:00:15.044 685 10970 I isp_blk_cmc10: 266, _pm_cmc10_set_param: cmc_result: (1540 15832 34; 16251 1253 16287; 16371 16101 1319).
01-05 12:00:15.045 685 10951 E Libae[FAE]: 1409, face_luma_calc: NO FACE
01-05 12:00:15.045 685 10970 I isp_blk_cmc10: 266, _pm_cmc10_set_param: cmc_result: (1540 15832 34; 16251 1253 16287; 16371 16101 1319).
01-05 12:00:15.045 685 10951 I a801_gc8034_backly: 227, gc8034_drv_calc_gain: isp_gain = 0x3f4,sensor_gain=0x1fa
01-05 12:00:15.046 685 10965 E android.hardware.camera.provider@2.4-service: [ALSC]: L 561, slsc4_calculation: slsc4, error case, pair_idx=[4,3], pair_ratio=[2.952418,-1.952418], set ratio to 1.0 and 0.0
01-05 12:00:15.046 685 10974 E awb_adpt: 1479, awb_sprd_ctrl_calculation_v3_2: check handle success
01-05 12:00:15.048 685 10964 I aft_sprd_lib: 3406, trace_face_by_iou: old_roi (sx ex sy ey) = (0 0 0 0)
01-05 12:00:15.048 685 10964 I aft_sprd_lib: 3421, trace_face_by_iou: face_roi_iou 0.000000
01-05 12:00:15.048 685 10951 I cmr_oem : 9482, camera_get_af_support: af_support 1
01-05 12:00:15.048 685 685 I OEMCam : 422, camera_get_preview_rot_angle: done 0
01-05 12:00:15.048 685 685 I Cam3OEMIf: 8919, SetCameraParaTag: after crop ae region mCameraId 0, x, y, w, h, 0 0 0 0
01-05 12:00:15.048 685 10964 I aft_sprd_lib: 3803, aft_proc_log_print: afm move diff : 0,diff_thr :0,diff_cnt : 0,g_diff(x,y,z):(0.012500,0.000000,0.002500),aem move diff : (num : r,g,b,cnt) = (0,0,0,0), scene_change_flag 0
01-05 12:00:15.048 855 10963 I gralloc4: unlockBuffer: id=2b2000000c3, vaddr=0x7a7aa99000
01-05 12:00:15.049 685 685 I gralloc4: lockBuffer: id=2b2000000c1, vaddr=0xcd4bc000
01-05 12:00:15.049 855 4179 I Camera2Client: setPreviewCallbackFlag: Camera 0: Flag 0x0
01-05 12:00:15.049 855 4179 D Camera3-Device: getStreamInfo: mInterfaceLock.lock()
01-05 12:00:15.049 855 4179 D Camera3-Device: getStreamInfo: mInterfaceLock.unlock()
01-05 12:00:15.050 855 4179 D Camera3-Device: setStreamTransform: mInterfaceLock.lock()
01-05 12:00:15.050 855 4179 I Camera3-Device: getJpegBufferSize: Camera 0: maximum JPEG size in static metadata is 11985416
01-05 12:00:15.050 855 4179 I Camera3-Device: getJpegBufferSize: final jpeg buffer size for the given resolution(3264 x 2448) is 11985416
01-05 12:00:15.050 855 4179 D Camera3-Device: getStreamInfo: mInterfaceLock.lock()
01-05 12:00:15.050 855 4179 D Camera3-Device: getStreamInfo: mInterfaceLock.unlock()
01-05 12:00:15.050 855 4179 E Camera3-OutputStream: dropBuffers: stream 0 dropping: FALSE.
01-05 12:00:15.050 855 4179 D Camera3-Device: setStreamingRequestList: Enter: calling submitRequestsHelper: repeating = true
01-05 12:00:15.050 855 4179 D Camera3-Device: submitRequestsHelper: mInterfaceLock.lock()
01-05 12:00:15.050 855 4179 D Camera3-Device: setRepeatingRequests: lastFrameNumber 8.
01-05 12:00:15.050 855 4179 D Camera3-Device: submitRequestsHelper: mInterfaceLock.unlock()
01-05 12:00:15.050 1128 1145 I EDMNativeHelperService: isCameraEnabled
01-05 12:00:15.050 685 685 I gralloc4: lockBuffer: id=2b2000000c0, vaddr=0xcda02000
01-05 12:00:15.050 1128 1145 D EDMNativeHelper: isCameraEnabled
01-05 12:00:15.051 1128 1145 D EDMNativeHelper: checking for camera in EnterpriseDeviceManagerService
01-05 12:00:15.051 1128 1145 D EnterpriseDeviceManagerService: isCameraEnabledNative
01-05 12:00:15.051 685 10974 I awb_adpt: 1698, awb_sprd_ctrl_calculation_v3_2: AWB result : (1304,1024,2093) 3639K , fram_count : 3 , camera_id : 0, wb mode : 0; AWB lib 64x64: (1304,1024,2093) 3639K.
01-05 12:00:15.051 1128 1145 D EnterpriseDeviceManagerService: checking for camera in restriction policy
01-05 12:00:15.052 1128 1145 D RestrictionPolicy: isCameraEnabled ret(true) userId(0) cxtInfo.mCallerUid(10245) cxtInfo.mContainerId(0)
01-05 12:00:15.052 685 10985 I libfacedetect: [FdDetectFace,122]: aeStable:0, brightValue:403, backlightPro:0, zoomRatio:0, handle: 0xe8ee4020, imgaddr: 0xdae68000, imgw: 640, imgh: 360, imgs: 640
01-05 12:00:15.053 685 10985 I FDV3 : [find, 698]: src:640x360 detect:320 face_num=0 0.87 ms
01-05 12:00:15.054 855 4179 I Camera2Client: setPreviewCallbackFlag: Camera 0: Flag 0x5
01-05 12:00:15.054 855 4179 D Camera3-Device: getStreamInfo: mInterfaceLock.lock()
01-05 12:00:15.054 855 4179 D Camera3-Device: getStreamInfo: mInterfaceLock.unlock()
01-05 12:00:15.054 855 4179 D Camera3-Device: setStreamTransform: mInterfaceLock.lock()
01-05 12:00:15.054 855 4179 I Camera3-Device: getJpegBufferSize: Camera 0: maximum JPEG size in static metadata is 11985416
01-05 12:00:15.054 855 4179 I Camera3-Device: getJpegBufferSize: final jpeg buffer size for the given resolution(3264 x 2448) is 11985416
01-05 12:00:15.054 855 4179 D Camera3-Device: getStreamInfo: mInterfaceLock.lock()
01-05 12:00:15.054 855 4179 D Camera3-Device: getStreamInfo: mInterfaceLock.unlock()
01-05 12:00:15.054 855 4179 D Camera3-Device: getStreamInfo: mInterfaceLock.lock()
01-05 12:00:15.054 855 4179 D Camera3-Device: getStreamInfo: mInterfaceLock.unlock()
01-05 12:00:15.054 855 4179 E Camera3-OutputStream: dropBuffers: stream 0 dropping: FALSE.
01-05 12:00:15.054 855 4179 D Camera3-Device: setStreamingRequestList: Enter: calling submitRequestsHelper: repeating = true
01-05 12:00:15.054 855 4179 D Camera3-Device: submitRequestsHelper: mInterfaceLock.lock()
01-05 12:00:15.054 855 4179 D Camera3-Device: setRepeatingRequests: lastFrameNumber 8.
01-05 12:00:15.054 855 4179 D Camera3-Device: submitRequestsHelper: mInterfaceLock.unlock()
01-05 12:00:15.054 1128 1145 I EDMNativeHelperService: isCameraEnabled
01-05 12:00:15.054 1128 1145 D EDMNativeHelper: isCameraEnabled
01-05 12:00:15.055 1128 1145 D EDMNativeHelper: checking for camera in EnterpriseDeviceManagerService
01-05 12:00:15.055 1128 1145 D EnterpriseDeviceManagerService: isCameraEnabledNative
01-05 12:00:15.055 1128 1145 D EnterpriseDeviceManagerService: checking for camera in restriction policy
01-05 12:00:15.055 1128 1145 D RestrictionPolicy: isCameraEnabled ret(true) userId(0) cxtInfo.mCallerUid(10245) cxtInfo.mContainerId(0)
01-05 12:00:15.088 685 10919 I cmr_sensor: 922, cmr_sns_thread_proc: evt 524548
01-05 12:00:15.089 685 10919 I cmr_sensor: 1328, cmr_sns_ioctl: cmd = 45, arg = 0xdad0ad90.
01-05 12:00:15.089 685 10919 I a801_gc8034_backly: 721, gc8034_drv_access_val: sensor gc8034: param_ptr->type=21
01-05 12:00:15.089 685 10976 I gralloc4: unlockBuffer: id=2b2000000c6, vaddr=0xcee84000
01-05 12:00:15.090 685 10976 I Cam3Setting: 8324, getSyncInfo: frame_number:4, frame_number 4
01-05 12:00:15.090 685 10919 I cmr_sensor: 922, cmr_sns_thread_proc: evt 524548
01-05 12:00:15.090 685 10919 I cmr_sensor: 1328, cmr_sns_ioctl: cmd = 45, arg = 0xdad0ad90.
01-05 12:00:15.090 685 10919 I a801_gc8034_backly: 721, gc8034_drv_access_val: sensor gc8034: param_ptr->type=21
01-05 12:00:15.091 685 10976 I gralloc4: unlockBuffer: id=2b2000000c5, vaddr=0xcf3ca000
01-05 12:00:15.092 855 10963 I gralloc4: lockBuffer: id=2b2000000c5, vaddr=0x7a78069000
01-05 12:00:15.094 685 10970 I isp_blk_cmc10: 266, _pm_cmc10_set_param: cmc_result: (1540 15832 34; 16251 1253 16287; 16371 16101 1319).
01-05 12:00:15.095 685 10951 E Libae[FAE]: 1409, face_luma_calc: NO FACE
01-05 12:00:15.095 685 10970 I isp_blk_cmc10: 266, _pm_cmc10_set_param: cmc_result: (1540 15832 34; 16251 1253 16287; 16371 16101 1319).
01-05 12:00:15.095 685 10974 E awb_adpt: 1479, awb_sprd_ctrl_calculation_v3_2: check handle success
01-05 12:00:15.096 685 10951 I a801_gc8034_backly: 191, gc8034_drv_calc_exposure: fps = 16.608950
01-05 12:00:15.096 685 10951 I a801_gc8034_backly: 196, gc8034_drv_calc_exposure: mode = 2, exposure_line = 4494, dummy_line= 16, frame_interval= 60 ms
01-05 12:00:15.096 685 10951 I a801_gc8034_backly: 200, gc8034_drv_calc_exposure: gc8034_drv_calc_exposure,preview_framelength = 0x119e
01-05 12:00:15.096 685 10965 E android.hardware.camera.provider@2.4-service: [ALSC]: L 561, slsc4_calculation: slsc4, error case, pair_idx=[4,3], pair_ratio=[2.055762,-1.055762], set ratio to 1.0 and 0.0
01-05 12:00:15.096 685 10964 I aft_sprd_lib: 3406, trace_face_by_iou: old_roi (sx ex sy ey) = (0 0 0 0)
01-05 12:00:15.096 685 10964 I aft_sprd_lib: 3421, trace_face_by_iou: face_roi_iou 0.000000
01-05 12:00:15.097 685 10951 I a801_gc8034_backly: 227, gc8034_drv_calc_gain: isp_gain = 0x396,sensor_gain=0x1cb
01-05 12:00:15.097 685 10964 I aft_sprd_lib: 3803, aft_proc_log_print: afm move diff : 0,diff_thr :0,diff_cnt : 0,g_diff(x,y,z):(0.005000,0.008750,0.020000),aem move diff : (num : r,g,b,cnt) = (0,0,0,0), scene_change_flag 0
01-05 12:00:15.098 855 10963 I gralloc4: unlockBuffer: id=2b2000000c5, vaddr=0x7a78069000
01-05 12:00:15.099 685 10951 I cmr_oem : 9482, camera_get_af_support: af_support 1
01-05 12:00:15.099 855 4179 I Camera2Client: setPreviewCallbackFlag: Camera 0: Flag 0x0
01-05 12:00:15.099 855 4179 D Camera3-Device: getStreamInfo: mInterfaceLock.lock()
01-05 12:00:15.099 855 4179 D Camera3-Device: getStreamInfo: mInterfaceLock.unlock()
01-05 12:00:15.099 855 4179 D Camera3-Device: setStreamTransform: mInterfaceLock.lock()
01-05 12:00:15.099 855 4179 I Camera3-Device: getJpegBufferSize: Camera 0: maximum JPEG size in static metadata is 11985416
01-05 12:00:15.099 855 4179 I Camera3-Device: getJpegBufferSize: final jpeg buffer size for the given resolution(3264 x 2448) is 11985416
01-05 12:00:15.099 855 4179 D Camera3-Device: getStreamInfo: mInterfaceLock.lock()
01-05 12:00:15.099 855 4179 D Camera3-Device: getStreamInfo: mInterfaceLock.unlock()
01-05 12:00:15.099 855 4179 E Camera3-OutputStream: dropBuffers: stream 0 dropping: FALSE.
01-05 12:00:15.099 855 4179 D Camera3-Device: setStreamingRequestList: Enter: calling submitRequestsHelper: repeating = true
01-05 12:00:15.099 855 4179 D Camera3-Device: submitRequestsHelper: mInterfaceLock.lock()
01-05 12:00:15.099 855 4179 D Camera3-Device: setRepeatingRequests: lastFrameNumber 9.
01-05 12:00:15.100 855 4179 D Camera3-Device: submitRequestsHelper: mInterfaceLock.unlock()
01-05 12:00:15.100 685 1028 I OEMCam : 422, camera_get_preview_rot_angle: done 0
01-05 12:00:15.100 685 1028 I Cam3OEMIf: 8919, SetCameraParaTag: after crop ae region mCameraId 0, x, y, w, h, 0 0 0 0
01-05 12:00:15.100 685 1028 I gralloc4: lockBuffer: id=2b2000000c3, vaddr=0xcca30000
01-05 12:00:15.100 1128 1145 I EDMNativeHelperService: isCameraEnabled
01-05 12:00:15.100 685 10974 I awb_adpt: 1698, awb_sprd_ctrl_calculation_v3_2: AWB result : (1304,1024,2077) 3639K , fram_count : 4 , camera_id : 0, wb mode : 0; AWB lib 64x64: (1304,1024,2077) 3639K.
01-05 12:00:15.101 1128 1145 D EDMNativeHelper: isCameraEnabled
01-05 12:00:15.101 685 1028 I gralloc4: lockBuffer: id=2b2000000c2, vaddr=0xccf76000
01-05 12:00:15.102 1128 1145 D EDMNativeHelper: checking for camera in EnterpriseDeviceManagerService
01-05 12:00:15.102 1128 1145 D EnterpriseDeviceManagerService: isCameraEnabledNative
01-05 12:00:15.102 1128 1145 D EnterpriseDeviceManagerService: checking for camera in restriction policy
01-05 12:00:15.102 1128 1145 D RestrictionPolicy: isCameraEnabled ret(true) userId(0) cxtInfo.mCallerUid(10245) cxtInfo.mContainerId(0)
01-05 12:00:15.103 685 10985 I libfacedetect: [FdDetectFace,122]: aeStable:0, brightValue:402, backlightPro:0, zoomRatio:0, handle: 0xe8ee4020, imgaddr: 0xdae68000, imgw: 640, imgh: 360, imgs: 640
01-05 12:00:15.104 685 10985 I FDV3 : [find, 698]: src:640x360 detect:320 face_num=0 0.81 ms
01-05 12:00:15.106 855 4179 I Camera2Client: setPreviewCallbackFlag: Camera 0: Flag 0x5
01-05 12:00:15.106 855 4179 D Camera3-Device: getStreamInfo: mInterfaceLock.lock()
01-05 12:00:15.106 855 4179 D Camera3-Device: getStreamInfo: mInterfaceLock.unlock()
01-05 12:00:15.106 855 4179 D Camera3-Device: setStreamTransform: mInterfaceLock.lock()
01-05 12:00:15.107 855 4179 I Camera3-Device: getJpegBufferSize: Camera 0: maximum JPEG size in static metadata is 11985416
01-05 12:00:15.107 855 4179 I Camera3-Device: getJpegBufferSize: final jpeg buffer size for the given resolution(3264 x 2448) is 11985416
01-05 12:00:15.107 855 4179 D Camera3-Device: getStreamInfo: mInterfaceLock.lock()
01-05 12:00:15.107 855 4179 D Camera3-Device: getStreamInfo: mInterfaceLock.unlock()
01-05 12:00:15.107 855 4179 D Camera3-Device: getStreamInfo: mInterfaceLock.lock()
01-05 12:00:15.107 855 4179 D Camera3-Device: getStreamInfo: mInterfaceLock.unlock()
01-05 12:00:15.107 855 4179 E Camera3-OutputStream: dropBuffers: stream 0 dropping: FALSE.
01-05 12:00:15.107 855 4179 D Camera3-Device: setStreamingRequestList: Enter: calling submitRequestsHelper: repeating = true
01-05 12:00:15.107 855 4179 D Camera3-Device: submitRequestsHelper: mInterfaceLock.lock()
01-05 12:00:15.107 855 4179 D Camera3-Device: setRepeatingRequests: lastFrameNumber 9.
01-05 12:00:15.107 855 4179 D Camera3-Device: submitRequestsHelper: mInterfaceLock.unlock()
01-05 12:00:15.107 1128 1145 I EDMNativeHelperService: isCameraEnabled
01-05 12:00:15.108 1128 1145 D EDMNativeHelper: isCameraEnabled
01-05 12:00:15.108 1128 1145 D EDMNativeHelper: checking for camera in EnterpriseDeviceManagerService
01-05 12:00:15.108 1128 1145 D EnterpriseDeviceManagerService: isCameraEnabledNative
01-05 12:00:15.108 1128 1145 D EnterpriseDeviceManagerService: checking for camera in restriction policy
01-05 12:00:15.108 1128 1145 D RestrictionPolicy: isCameraEnabled ret(true) userId(0) cxtInfo.mCallerUid(10245) cxtInfo.mContainerId(0)
01-05 12:00:15.120 1128 1361 I ChimeraConservativePolicyHandler: executePolicy() :TRIGGER_SOURCE_LMKD, killAll : false
01-05 12:00:15.123 1128 1361 I NSLocationMonitor: getGPSUsingApps() called
01-05 12:00:15.123 1128 1361 W NSLocationMonitor: NSMonitorService is not connected, return null
01-05 12:00:15.128 1128 1361 I ChimeraConservativePolicyHandler: Skipped reason: LR, pids: 10554
01-05 12:00:15.128 1128 1361 I ChimeraConservativePolicyHandler: Skipped reason: CA, pids: 9281 4779 9483 9391 2832 7091 9206 9207
01-05 12:00:15.128 1128 1361 I ChimeraConservativePolicyHandler: Skipped reason: PE, pids: 1504 1763 2501 1128 4459 1837 7855 2419 2483 1428 2580 7509 2778 1820 1791 1535
01-05 12:00:15.128 1128 1361 I ChimeraConservativePolicyHandler: Skipped reason: WA, pids: 7693
01-05 12:00:15.128 1128 1361 I ChimeraConservativePolicyHandler: Skipped reason: SE, pids: 2669
01-05 12:00:15.128 1128 1361 I ChimeraConservativePolicyHandler: killTargetList is empty
01-05 12:00:15.139 685 10919 I cmr_sensor: 922, cmr_sns_thread_proc: evt 524548
01-05 12:00:15.139 685 10919 I cmr_sensor: 1328, cmr_sns_ioctl: cmd = 45, arg = 0xdad0ad90.
01-05 12:00:15.139 685 10919 I a801_gc8034_backly: 721, gc8034_drv_access_val: sensor gc8034: param_ptr->type=21
01-05 12:00:15.139 685 10976 I gralloc4: unlockBuffer: id=2b2000000c7, vaddr=0xce93e000
01-05 12:00:15.140 685 10976 I Cam3Setting: 8324, getSyncInfo: frame_number:5, frame_number 5
01-05 12:00:15.142 685 10919 I cmr_sensor: 922, cmr_sns_thread_proc: evt 524548
01-05 12:00:15.142 685 10919 I cmr_sensor: 1328, cmr_sns_ioctl: cmd = 45, arg = 0xdad0ad90.
01-05 12:00:15.142 685 10919 I a801_gc8034_backly: 721, gc8034_drv_access_val: sensor gc8034: param_ptr->type=21
01-05 12:00:15.142 685 10976 I gralloc4: unlockBuffer: id=2b2000000b8, vaddr=0xd6736000
01-05 12:00:15.142 855 10963 I gralloc4: lockBuffer: id=2b2000000b8, vaddr=0x7a7ca3d000
01-05 12:00:15.145 685 10974 E awb_adpt: 1479, awb_sprd_ctrl_calculation_v3_2: check handle success
01-05 12:00:15.145 685 10970 I isp_blk_cmc10: 266, _pm_cmc10_set_param: cmc_result: (1540 15832 34; 16251 1253 16287; 16371 16101 1319).
01-05 12:00:15.145 685 10951 E Libae[FAE]: 1409, face_luma_calc: NO FACE
01-05 12:00:15.145 685 10970 I isp_blk_cmc10: 266, _pm_cmc10_set_param: cmc_result: (1540 15832 34; 16251 1253 16287; 16371 16101 1319).
01-05 12:00:15.146 685 10951 I a801_gc8034_backly: 227, gc8034_drv_calc_gain: isp_gain = 0x3f8,sensor_gain=0x1fc
01-05 12:00:15.146 685 10965 E android.hardware.camera.provider@2.4-service: [ALSC]: L 561, slsc4_calculation: slsc4, error case, pair_idx=[4,3], pair_ratio=[1.752547,-0.752547], set ratio to 1.0 and 0.0
01-05 12:00:15.146 685 10964 I aft_sprd_lib: 3406, trace_face_by_iou: old_roi (sx ex sy ey) = (0 0 0 0)
01-05 12:00:15.146 685 10964 I aft_sprd_lib: 3421, trace_face_by_iou: face_roi_iou 0.000000
01-05 12:00:15.146 685 10964 I aft_sprd_lib: 3803, aft_proc_log_print: afm move diff : 0,diff_thr :0,diff_cnt : 0,g_diff(x,y,z):(0.012500,0.007500,0.012500),aem move diff : (num : r,g,b,cnt) = (0,0,0,0), scene_change_flag 0
01-05 12:00:15.148 685 10974 I awb_adpt: 1698, awb_sprd_ctrl_calculation_v3_2: AWB result : (1304,1024,2093) 3639K , fram_count : 5 , camera_id : 0, wb mode : 0; AWB lib 64x64: (1304,1024,2093) 3639K.
01-05 12:00:15.148 685 10951 I cmr_oem : 9482, camera_get_af_support: af_support 1
01-05 12:00:15.148 685 1028 I OEMCam : 422, camera_get_preview_rot_angle: done 0
01-05 12:00:15.148 685 1028 I Cam3OEMIf: 8919, SetCameraParaTag: after crop ae region mCameraId 0, x, y, w, h, 0 0 0 0
01-05 12:00:15.149 855 10963 I gralloc4: unlockBuffer: id=2b2000000b8, vaddr=0x7a7ca3d000
01-05 12:00:15.149 685 1028 I gralloc4: lockBuffer: id=2b2000000c5, vaddr=0xcf3ca000
01-05 12:00:15.149 685 1028 I gralloc4: lockBuffer: id=2b2000000c4, vaddr=0xcc4ea000
01-05 12:00:15.150 855 4179 I Camera2Client: setPreviewCallbackFlag: Camera 0: Flag 0x0
01-05 12:00:15.150 855 4179 D Camera3-Device: getStreamInfo: mInterfaceLock.lock()
01-05 12:00:15.150 855 4179 D Camera3-Device: getStreamInfo: mInterfaceLock.unlock()
01-05 12:00:15.150 855 4179 D Camera3-Device: setStreamTransform: mInterfaceLock.lock()
01-05 12:00:15.150 855 4179 I Camera3-Device: getJpegBufferSize: Camera 0: maximum JPEG size in static metadata is 11985416
01-05 12:00:15.150 855 4179 I Camera3-Device: getJpegBufferSize: final jpeg buffer size for the given resolution(3264 x 2448) is 11985416
01-05 12:00:15.150 855 4179 D Camera3-Device: getStreamInfo: mInterfaceLock.lock()
01-05 12:00:15.150 855 4179 D Camera3-Device: getStreamInfo: mInterfaceLock.unlock()
01-05 12:00:15.150 855 4179 E Camera3-OutputStream: dropBuffers: stream 0 dropping: FALSE.
01-05 12:00:15.150 855 4179 D Camera3-Device: setStreamingRequestList: Enter: calling submitRequestsHelper: repeating = true
01-05 12:00:15.150 855 4179 D Camera3-Device: submitRequestsHelper: mInterfaceLock.lock()
01-05 12:00:15.150 855 4179 D Camera3-Device: setRepeatingRequests: lastFrameNumber 10.
01-05 12:00:15.150 855 4179 D Camera3-Device: submitRequestsHelper: mInterfaceLock.unlock()
01-05 12:00:15.150 1128 1145 I EDMNativeHelperService: isCameraEnabled
01-05 12:00:15.151 1128 1145 D EDMNativeHelper: isCameraEnabled
01-05 12:00:15.151 1128 1145 D EDMNativeHelper: checking for camera in EnterpriseDeviceManagerService
01-05 12:00:15.152 1128 1145 D EnterpriseDeviceManagerService: isCameraEnabledNative
01-05 12:00:15.152 1128 1145 D EnterpriseDeviceManagerService: checking for camera in restriction policy
01-05 12:00:15.152 1128 1145 D RestrictionPolicy: isCameraEnabled ret(true) userId(0) cxtInfo.mCallerUid(10245) cxtInfo.mContainerId(0)
01-05 12:00:15.153 685 10985 I libfacedetect: [FdDetectFace,122]: aeStable:0, brightValue:403, backlightPro:0, zoomRatio:0, handle: 0xe8ee4020, imgaddr: 0xdae68000, imgw: 640, imgh: 360, imgs: 640
01-05 12:00:15.154 685 10985 I FDV3 : [find, 698]: src:640x360 detect:320 face_num=0 1.18 ms
01-05 12:00:15.155 855 4179 I Camera2Client: setPreviewCallbackFlag: Camera 0: Flag 0x5
01-05 12:00:15.155 855 4179 D Camera3-Device: getStreamInfo: mInterfaceLock.lock()
01-05 12:00:15.155 855 4179 D Camera3-Device: getStreamInfo: mInterfaceLock.unlock()
01-05 12:00:15.155 855 4179 D Camera3-Device: setStreamTransform: mInterfaceLock.lock()
01-05 12:00:15.155 855 4179 I Camera3-Device: getJpegBufferSize: Camera 0: maximum JPEG size in static metadata is 11985416
01-05 12:00:15.155 855 4179 I Camera3-Device: getJpegBufferSize: final jpeg buffer size for the given resolution(3264 x 2448) is 11985416
01-05 12:00:15.155 855 4179 D Camera3-Device: getStreamInfo: mInterfaceLock.lock()
01-05 12:00:15.155 855 4179 D Camera3-Device: getStreamInfo: mInterfaceLock.unlock()
01-05 12:00:15.155 855 4179 D Camera3-Device: getStreamInfo: mInterfaceLock.lock()
01-05 12:00:15.155 855 4179 D Camera3-Device: getStreamInfo: mInterfaceLock.unlock()
01-05 12:00:15.155 855 4179 E Camera3-OutputStream: dropBuffers: stream 0 dropping: FALSE.
01-05 12:00:15.155 855 4179 D Camera3-Device: setStreamingRequestList: Enter: calling submitRequestsHelper: repeating = true
01-05 12:00:15.155 855 4179 D Camera3-Device: submitRequestsHelper: mInterfaceLock.lock()
01-05 12:00:15.155 855 4179 D Camera3-Device: setRepeatingRequests: lastFrameNumber 10.
01-05 12:00:15.155 855 4179 D Camera3-Device: submitRequestsHelper: mInterfaceLock.unlock()
01-05 12:00:15.156 1128 1145 I EDMNativeHelperService: isCameraEnabled
01-05 12:00:15.156 1128 1145 D EDMNativeHelper: isCameraEnabled
01-05 12:00:15.157 1128 1145 D EDMNativeHelper: checking for camera in EnterpriseDeviceManagerService
01-05 12:00:15.157 1128 1145 D EnterpriseDeviceManagerService: isCameraEnabledNative
01-05 12:00:15.157 1128 1145 D EnterpriseDeviceManagerService: checking for camera in restriction policy
01-05 12:00:15.157 1128 1145 D RestrictionPolicy: isCameraEnabled ret(true) userId(0) cxtInfo.mCallerUid(10245) cxtInfo.mContainerId(0)
01-05 12:00:15.189 685 10919 I cmr_sensor: 922, cmr_sns_thread_proc: evt 524548
01-05 12:00:15.189 685 10919 I cmr_sensor: 1328, cmr_sns_ioctl: cmd = 45, arg = 0xdad0ad90.
01-05 12:00:15.189 685 10919 I a801_gc8034_backly: 721, gc8034_drv_access_val: sensor gc8034: param_ptr->type=21
01-05 12:00:15.189 685 10976 I gralloc4: unlockBuffer: id=2b2000000ba, vaddr=0xd61f0000
01-05 12:00:15.190 685 10976 I Cam3Setting: 8324, getSyncInfo: frame_number:6, frame_number 6
01-05 12:00:15.191 685 10919 I cmr_sensor: 922, cmr_sns_thread_proc: evt 524548
01-05 12:00:15.191 685 10919 I cmr_sensor: 1328, cmr_sns_ioctl: cmd = 45, arg = 0xdad0ad90.
01-05 12:00:15.191 685 10919 I a801_gc8034_backly: 721, gc8034_drv_access_val: sensor gc8034: param_ptr->type=21
01-05 12:00:15.191 685 10976 I gralloc4: unlockBuffer: id=2b2000000bf, vaddr=0xcdf48000
01-05 12:00:15.192 855 10963 I gralloc4: lockBuffer: id=2b2000000bf, vaddr=0x7a7bfb1000
01-05 12:00:15.194 685 1028 I OEMCam : 422, camera_get_preview_rot_angle: done 0
01-05 12:00:15.195 685 1028 I Cam3OEMIf: 8919, SetCameraParaTag: after crop ae region mCameraId 0, x, y, w, h, 0 0 0 0
01-05 12:00:15.195 855 10963 I gralloc4: unlockBuffer: id=2b2000000bf, vaddr=0x7a7bfb1000
01-05 12:00:15.195 685 1028 I gralloc4: lockBuffer: id=2b2000000b8, vaddr=0xd6736000
01-05 12:00:15.196 685 1028 I gralloc4: lockBuffer: id=2b2000000c6, vaddr=0xcee84000
01-05 12:00:15.196 855 4179 I Camera2Client: setPreviewCallbackFlag: Camera 0: Flag 0x0
01-05 12:00:15.196 855 4179 D Camera3-Device: getStreamInfo: mInterfaceLock.lock()
01-05 12:00:15.196 855 4179 D Camera3-Device: getStreamInfo: mInterfaceLock.unlock()
01-05 12:00:15.196 855 4179 D Camera3-Device: setStreamTransform: mInterfaceLock.lock()
