01-05 12:00:27.572 685 10964 I aft_sprd_lib: 3803, aft_proc_log_print: afm move diff : 23158153,diff_thr :93618539,diff_cnt : 0,g_diff(x,y,z):(0.182500,0.060000,0.041250),aem move diff : (num : r,g,b,cnt) = (0,0,0,0), scene_change_flag 0
01-05 12:00:27.576 685 10974 I awb_adpt: 1698, awb_sprd_ctrl_calculation_v3_2: AWB result : (1308,1024,2078) 3657K , fram_count : 188 , camera_id : 0, wb mode : 0; AWB lib 64x64: (1308,1024,2078) 3657K.
01-05 12:00:27.631 685 10951 E Libae[FAE]: 1409, face_luma_calc: NO FACE
01-05 12:00:27.631 685 10974 E awb_adpt: 1479, awb_sprd_ctrl_calculation_v3_2: check handle success
01-05 12:00:27.631 685 10970 I isp_blk_cmc10: 266, _pm_cmc10_set_param: cmc_result: (1665 15689 53; 16214 1311 16266; 16367 16062 1363).
01-05 12:00:27.632 685 10970 I isp_blk_cmc10: 266, _pm_cmc10_set_param: cmc_result: (1665 15689 53; 16214 1311 16266; 16367 16062 1363).
01-05 12:00:27.632 685 10951 I cmr_oem : 9482, camera_get_af_support: af_support 1
01-05 12:00:27.632 685 10964 I aft_sprd_lib: 3803, aft_proc_log_print: afm move diff : 7746613,diff_thr :93618539,diff_cnt : 0,g_diff(x,y,z):(0.122500,0.038750,0.021250),aem move diff : (num : r,g,b,cnt) = (0,0,0,0), scene_change_flag 0
01-05 12:00:27.636 685 10974 I awb_adpt: 1698, awb_sprd_ctrl_calculation_v3_2: AWB result : (1304,1024,2093) 3639K , fram_count : 189 , camera_id : 0, wb mode : 0; AWB lib 64x64: (1304,1024,2093) 3639K.
01-05 12:00:27.640 720 745 E CP_CONNECT_CTL: socket_reconnect: socket_reconnect src_sock=10, des_socket=cp_time_sync_server.
01-05 12:00:27.640 720 745 E CP_CONNECT_CTL: process_socket_connect: open cp_time_sync_server failed: Connection refused [111(Connection refused)]
01-05 12:00:27.640 720 745 E CP_CONNECT_CTL: socket_reconnect: socket_reconnect src_sock=10, des_socket=cp_time_sync_server.
01-05 12:00:27.640 720 745 E CP_CONNECT_CTL: process_socket_connect: open cp_time_sync_server failed: Connection refused [111(Connection refused)]
01-05 12:00:27.640 720 745 E CP_CONNECT_CTL: socket_reconnect: socket_reconnect src_sock=10, des_socket=cp_time_sync_server.
01-05 12:00:27.641 720 745 E CP_CONNECT_CTL: process_socket_connect: open cp_time_sync_server failed: Connection refused [111(Connection refused)]
01-05 12:00:27.641 720 745 E CP_CONNECT_CTL: socket_reconnect: socket_reconnect src_sock=10, des_socket=cp_time_sync_server.
01-05 12:00:27.641 720 745 E CP_CONNECT_CTL: process_socket_connect: open cp_time_sync_server failed: Connection refused [111(Connection refused)]
01-05 12:00:27.661 701 11009 I HYPER-HAL: [RequestManager.cpp]releaseLocked(): Released ID : 661847
01-05 12:00:27.692 685 10951 E Libae[FAE]: 1409, face_luma_calc: NO FACE
01-05 12:00:27.692 685 10974 E awb_adpt: 1479, awb_sprd_ctrl_calculation_v3_2: check handle success
01-05 12:00:27.692 685 10970 I isp_blk_cmc10: 266, _pm_cmc10_set_param: cmc_result: (1665 15689 53; 16214 1311 16266; 16367 16062 1363).
01-05 12:00:27.692 685 10970 I isp_blk_cmc10: 266, _pm_cmc10_set_param: cmc_result: (1665 15689 53; 16214 1311 16266; 16367 16062 1363).
01-05 12:00:27.692 685 10951 I cmr_oem : 9482, camera_get_af_support: af_support 1
01-05 12:00:27.693 685 10965 E android.hardware.camera.provider@2.4-service: [ALSC]: L 561, slsc4_calculation: slsc4, error case, pair_idx=[4,3], pair_ratio=[1.686300,-0.686300], set ratio to 1.0 and 0.0
01-05 12:00:27.693 685 10964 I aft_sprd_lib: 3803, aft_proc_log_print: afm move diff : 1055734,diff_thr :93618539,diff_cnt : 0,g_diff(x,y,z):(0.098750,0.013750,0.021250),aem move diff : (num : r,g,b,cnt) = (0,0,0,0), scene_change_flag 0
01-05 12:00:27.696 685 10974 I awb_adpt: 1698, awb_sprd_ctrl_calculation_v3_2: AWB result : (1304,1024,2093) 3639K , fram_count : 190 , camera_id : 0, wb mode : 0; AWB lib 64x64: (1304,1024,2093) 3639K.
01-05 12:00:27.752 685 10951 E Libae[FAE]: 1409, face_luma_calc: NO FACE
01-05 12:00:27.752 685 10974 E awb_adpt: 1479, awb_sprd_ctrl_calculation_v3_2: check handle success
01-05 12:00:27.752 685 10970 I isp_blk_cmc10: 266, _pm_cmc10_set_param: cmc_result: (1665 15689 53; 16214 1311 16266; 16367 16062 1363).
01-05 12:00:27.753 685 10970 I isp_blk_cmc10: 266, _pm_cmc10_set_param: cmc_result: (1665 15689 53; 16214 1311 16266; 16367 16062 1363).
01-05 12:00:27.753 685 10951 I cmr_oem : 9482, camera_get_af_support: af_support 1
01-05 12:00:27.754 685 10964 I aft_sprd_lib: 3803, aft_proc_log_print: afm move diff : 10548013,diff_thr :93618539,diff_cnt : 0,g_diff(x,y,z):(0.041250,0.013750,0.021250),aem move diff : (num : r,g,b,cnt) = (0,0,0,0), scene_change_flag 0
01-05 12:00:27.757 685 10974 I awb_adpt: 1698, awb_sprd_ctrl_calculation_v3_2: AWB result : (1304,1024,2093) 3639K , fram_count : 191 , camera_id : 0, wb mode : 0; AWB lib 64x64: (1304,1024,2093) 3639K.
01-05 12:00:27.812 685 10974 E awb_adpt: 1479, awb_sprd_ctrl_calculation_v3_2: check handle success
01-05 12:00:27.812 685 10951 E Libae[FAE]: 1409, face_luma_calc: NO FACE
01-05 12:00:27.812 685 10970 I isp_blk_cmc10: 266, _pm_cmc10_set_param: cmc_result: (1665 15689 53; 16214 1311 16266; 16367 16062 1363).
01-05 12:00:27.813 685 10970 I isp_blk_cmc10: 266, _pm_cmc10_set_param: cmc_result: (1665 15689 53; 16214 1311 16266; 16367 16062 1363).
01-05 12:00:27.813 685 10951 I cmr_oem : 9482, camera_get_af_support: af_support 1
01-05 12:00:27.814 685 10964 I aft_sprd_lib: 3803, aft_proc_log_print: afm move diff : 23003691,diff_thr :93618539,diff_cnt : 0,g_diff(x,y,z):(0.016250,0.010000,0.036250),aem move diff : (num : r,g,b,cnt) = (0,0,0,0), scene_change_flag 0
01-05 12:00:27.817 685 10974 I awb_adpt: 1698, awb_sprd_ctrl_calculation_v3_2: AWB result : (1304,1024,2093) 3639K , fram_count : 192 , camera_id : 0, wb mode : 0; AWB lib 64x64: (1304,1024,2093) 3639K.
01-05 12:00:27.840 720 745 E CP_CONNECT_CTL: socket_reconnect: socket_reconnect src_sock=10, des_socket=cp_time_sync_server.
01-05 12:00:27.841 720 745 E CP_CONNECT_CTL: process_socket_connect: open cp_time_sync_server failed: Connection refused [111(Connection refused)]
01-05 12:00:27.841 720 745 E CP_CONNECT_CTL: socket_reconnect: socket_reconnect src_sock=10, des_socket=cp_time_sync_server.
01-05 12:00:27.841 720 745 E CP_CONNECT_CTL: process_socket_connect: open cp_time_sync_server failed: Connection refused [111(Connection refused)]
01-05 12:00:27.841 720 745 E CP_CONNECT_CTL: socket_reconnect: socket_reconnect src_sock=10, des_socket=cp_time_sync_server.
01-05 12:00:27.841 720 745 E CP_CONNECT_CTL: process_socket_connect: open cp_time_sync_server failed: Connection refused [111(Connection refused)]
01-05 12:00:27.841 720 745 E CP_CONNECT_CTL: socket_reconnect: socket_reconnect src_sock=10, des_socket=cp_time_sync_server.
01-05 12:00:27.841 720 745 E CP_CONNECT_CTL: process_socket_connect: open cp_time_sync_server failed: Connection refused [111(Connection refused)]
01-05 12:00:27.844 665 665 E YLog : /system_ext/etc/ylogsource.conf load failed... error [2(No such file or directory)] [startlogServcie]
01-05 12:00:27.872 685 10974 E awb_adpt: 1479, awb_sprd_ctrl_calculation_v3_2: check handle success
01-05 12:00:27.872 685 10951 E Libae[FAE]: 1409, face_luma_calc: NO FACE
01-05 12:00:27.872 685 10970 I isp_blk_cmc10: 266, _pm_cmc10_set_param: cmc_result: (1665 15689 53; 16214 1311 16266; 16367 16062 1363).
01-05 12:00:27.872 685 10970 I isp_blk_cmc10: 266, _pm_cmc10_set_param: cmc_result: (1665 15689 53; 16214 1311 16266; 16367 16062 1363).
01-05 12:00:27.873 685 10951 I cmr_oem : 9482, camera_get_af_support: af_support 1
01-05 12:00:27.873 685 10965 E android.hardware.camera.provider@2.4-service: [ALSC]: L 561, slsc4_calculation: slsc4, error case, pair_idx=[4,3], pair_ratio=[1.798620,-0.798620], set ratio to 1.0 and 0.0
01-05 12:00:27.873 685 10964 I aft_sprd_lib: 3803, aft_proc_log_print: afm move diff : 16512759,diff_thr :93618539,diff_cnt : 0,g_diff(x,y,z):(0.125000,0.015000,0.015000),aem move diff : (num : r,g,b,cnt) = (0,0,0,0), scene_change_flag 0
01-05 12:00:27.877 685 10974 I awb_adpt: 1698, awb_sprd_ctrl_calculation_v3_2: AWB result : (1304,1024,2093) 3639K , fram_count : 193 , camera_id : 0, wb mode : 0; AWB lib 64x64: (1304,1024,2093) 3639K.
01-05 12:00:27.932 685 10951 E Libae[FAE]: 1409, face_luma_calc: NO FACE
01-05 12:00:27.932 685 10974 E awb_adpt: 1479, awb_sprd_ctrl_calculation_v3_2: check handle success
01-05 12:00:27.932 685 10970 I isp_blk_cmc10: 266, _pm_cmc10_set_param: cmc_result: (1665 15689 53; 16214 1311 16266; 16367 16062 1363).
01-05 12:00:27.933 685 10970 I isp_blk_cmc10: 266, _pm_cmc10_set_param: cmc_result: (1665 15689 53; 16214 1311 16266; 16367 16062 1363).
01-05 12:00:27.933 685 10951 I cmr_oem : 9482, camera_get_af_support: af_support 1
01-05 12:00:27.934 685 10964 I aft_sprd_lib: 3803, aft_proc_log_print: afm move diff : 2279031,diff_thr :93618539,diff_cnt : 0,g_diff(x,y,z):(0.065000,0.040000,0.045000),aem move diff : (num : r,g,b,cnt) = (0,0,0,0), scene_change_flag 0
01-05 12:00:27.937 685 10974 I awb_adpt: 1698, awb_sprd_ctrl_calculation_v3_2: AWB result : (1304,1024,2093) 3639K , fram_count : 194 , camera_id : 0, wb mode : 0; AWB lib 64x64: (1304,1024,2093) 3639K.
01-05 12:00:27.993 685 10951 E Libae[FAE]: 1409, face_luma_calc: NO FACE
01-05 12:00:27.993 685 10974 E awb_adpt: 1479, awb_sprd_ctrl_calculation_v3_2: check handle success
01-05 12:00:27.993 685 10970 I isp_blk_cmc10: 266, _pm_cmc10_set_param: cmc_result: (1665 15689 53; 16214 1311 16266; 16367 16062 1363).
01-05 12:00:27.993 685 10970 I isp_blk_cmc10: 266, _pm_cmc10_set_param: cmc_result: (1665 15689 53; 16214 1311 16266; 16367 16062 1363).
01-05 12:00:27.994 685 10951 I cmr_oem : 9482, camera_get_af_support: af_support 1
01-05 12:00:27.995 685 10964 I aft_sprd_lib: 3803, aft_proc_log_print: afm move diff : 2571705,diff_thr :93618539,diff_cnt : 0,g_diff(x,y,z):(0.007500,0.021250,0.038750),aem move diff : (num : r,g,b,cnt) = (0,0,0,0), scene_change_flag 0
01-05 12:00:27.998 685 10974 I awb_adpt: 1698, awb_sprd_ctrl_calculation_v3_2: AWB result : (1304,1024,2093) 3639K , fram_count : 195 , camera_id : 0, wb mode : 0; AWB lib 64x64: (1304,1024,2093) 3639K.
01-05 12:00:28.041 720 745 E CP_CONNECT_CTL: socket_reconnect: socket_reconnect src_sock=10, des_socket=cp_time_sync_server.
01-05 12:00:28.041 720 745 E CP_CONNECT_CTL: process_socket_connect: open cp_time_sync_server failed: Connection refused [111(Connection refused)]
01-05 12:00:28.041 720 745 E CP_CONNECT_CTL: socket_reconnect: socket_reconnect src_sock=10, des_socket=cp_time_sync_server.
01-05 12:00:28.041 720 745 E CP_CONNECT_CTL: process_socket_connect: open cp_time_sync_server failed: Connection refused [111(Connection refused)]
01-05 12:00:28.041 720 745 E CP_CONNECT_CTL: socket_reconnect: socket_reconnect src_sock=10, des_socket=cp_time_sync_server.
01-05 12:00:28.041 720 745 E CP_CONNECT_CTL: process_socket_connect: open cp_time_sync_server failed: Connection refused [111(Connection refused)]
01-05 12:00:28.041 720 745 E CP_CONNECT_CTL: socket_reconnect: socket_reconnect src_sock=10, des_socket=cp_time_sync_server.
01-05 12:00:28.042 720 745 E CP_CONNECT_CTL: process_socket_connect: open cp_time_sync_server failed: Connection refused [111(Connection refused)]
01-05 12:00:28.054 685 10951 E Libae[FAE]: 1409, face_luma_calc: NO FACE
01-05 12:00:28.054 685 10974 E awb_adpt: 1479, awb_sprd_ctrl_calculation_v3_2: check handle success
01-05 12:00:28.054 685 10970 I isp_blk_cmc10: 266, _pm_cmc10_set_param: cmc_result: (1665 15689 53; 16214 1311 16266; 16367 16062 1363).
01-05 12:00:28.055 685 10970 I isp_blk_cmc10: 266, _pm_cmc10_set_param: cmc_result: (1665 15689 53; 16214 1311 16266; 16367 16062 1363).
01-05 12:00:28.055 685 10951 I cmr_oem : 9482, camera_get_af_support: af_support 1
01-05 12:00:28.055 685 10965 E android.hardware.camera.provider@2.4-service: [ALSC]: L 561, slsc4_calculation: slsc4, error case, pair_idx=[4,3], pair_ratio=[1.813683,-0.813683], set ratio to 1.0 and 0.0
01-05 12:00:28.056 685 10964 I aft_sprd_lib: 3803, aft_proc_log_print: afm move diff : 8979306,diff_thr :93618539,diff_cnt : 0,g_diff(x,y,z):(0.028750,0.015000,0.028750),aem move diff : (num : r,g,b,cnt) = (0,0,0,0), scene_change_flag 0
01-05 12:00:28.059 685 10974 I awb_adpt: 1698, awb_sprd_ctrl_calculation_v3_2: AWB result : (1304,1024,2093) 3639K , fram_count : 196 , camera_id : 0, wb mode : 0; AWB lib 64x64: (1304,1024,2093) 3639K.
01-05 12:00:28.113 685 10974 E awb_adpt: 1479, awb_sprd_ctrl_calculation_v3_2: check handle success
01-05 12:00:28.113 685 10951 E Libae[FAE]: 1409, face_luma_calc: NO FACE
01-05 12:00:28.114 685 10970 I isp_blk_cmc10: 266, _pm_cmc10_set_param: cmc_result: (1665 15689 53; 16214 1311 16266; 16367 16062 1363).
01-05 12:00:28.114 685 10970 I isp_blk_cmc10: 266, _pm_cmc10_set_param: cmc_result: (1665 15689 53; 16214 1311 16266; 16367 16062 1363).
01-05 12:00:28.114 685 10951 I cmr_oem : 9482, camera_get_af_support: af_support 1
01-05 12:00:28.115 685 10964 I aft_sprd_lib: 3803, aft_proc_log_print: afm move diff : 22306041,diff_thr :93618539,diff_cnt : 0,g_diff(x,y,z):(0.110000,0.028750,0.067500),aem move diff : (num : r,g,b,cnt) = (0,0,0,0), scene_change_flag 0
01-05 12:00:28.118 685 10974 I awb_adpt: 1698, awb_sprd_ctrl_calculation_v3_2: AWB result : (1304,1024,2093) 3639K , fram_count : 197 , camera_id : 0, wb mode : 0; AWB lib 64x64: (1304,1024,2093) 3639K.
01-05 12:00:28.174 685 10974 E awb_adpt: 1479, awb_sprd_ctrl_calculation_v3_2: check handle success
01-05 12:00:28.174 685 10951 E Libae[FAE]: 1409, face_luma_calc: NO FACE
01-05 12:00:28.175 685 10970 I isp_blk_cmc10: 266, _pm_cmc10_set_param: cmc_result: (1665 15689 53; 16214 1311 16266; 16367 16062 1363).
01-05 12:00:28.175 685 10970 I isp_blk_cmc10: 266, _pm_cmc10_set_param: cmc_result: (1665 15689 53; 16214 1311 16266; 16367 16062 1363).
01-05 12:00:28.175 685 10951 I cmr_oem : 9482, camera_get_af_support: af_support 1
01-05 12:00:28.176 685 10964 I aft_sprd_lib: 3803, aft_proc_log_print: afm move diff : 14565751,diff_thr :93618539,diff_cnt : 0,g_diff(x,y,z):(0.062500,0.010000,0.026250),aem move diff : (num : r,g,b,cnt) = (0,0,0,0), scene_change_flag 0
01-05 12:00:28.179 685 10974 I awb_adpt: 1698, awb_sprd_ctrl_calculation_v3_2: AWB result : (1304,1024,2093) 3639K , fram_count : 198 , camera_id : 0, wb mode : 0; AWB lib 64x64: (1304,1024,2093) 3639K.
01-05 12:00:28.233 685 10974 E awb_adpt: 1479, awb_sprd_ctrl_calculation_v3_2: check handle success
01-05 12:00:28.233 685 10951 E Libae[FAE]: 1409, face_luma_calc: NO FACE
01-05 12:00:28.233 685 10970 I isp_blk_cmc10: 266, _pm_cmc10_set_param: cmc_result: (1665 15689 53; 16214 1311 16266; 16367 16062 1363).
01-05 12:00:28.234 685 10970 I isp_blk_cmc10: 266, _pm_cmc10_set_param: cmc_result: (1665 15689 53; 16214 1311 16266; 16367 16062 1363).
01-05 12:00:28.234 685 10951 I cmr_oem : 9482, camera_get_af_support: af_support 1
01-05 12:00:28.234 685 10965 E android.hardware.camera.provider@2.4-service: [ALSC]: L 561, slsc4_calculation: slsc4, error case, pair_idx=[4,3], pair_ratio=[1.725890,-0.725890], set ratio to 1.0 and 0.0
01-05 12:00:28.235 685 10964 I aft_sprd_lib: 3803, aft_proc_log_print: afm move diff : 4592225,diff_thr :93618539,diff_cnt : 0,g_diff(x,y,z):(0.098750,0.013750,0.031250),aem move diff : (num : r,g,b,cnt) = (0,0,0,0), scene_change_flag 0
01-05 12:00:28.238 685 10974 I awb_adpt: 1698, awb_sprd_ctrl_calculation_v3_2: AWB result : (1304,1024,2093) 3639K , fram_count : 199 , camera_id : 0, wb mode : 0; AWB lib 64x64: (1304,1024,2093) 3639K.
01-05 12:00:28.241 720 745 E CP_CONNECT_CTL: socket_reconnect: socket_reconnect src_sock=10, des_socket=cp_time_sync_server.
01-05 12:00:28.241 720 745 E CP_CONNECT_CTL: process_socket_connect: open cp_time_sync_server failed: Connection refused [111(Connection refused)]
01-05 12:00:28.241 720 745 E CP_CONNECT_CTL: socket_reconnect: socket_reconnect src_sock=10, des_socket=cp_time_sync_server.
01-05 12:00:28.242 720 745 E CP_CONNECT_CTL: process_socket_connect: open cp_time_sync_server failed: Connection refused [111(Connection refused)]
01-05 12:00:28.242 720 745 E CP_CONNECT_CTL: socket_reconnect: socket_reconnect src_sock=10, des_socket=cp_time_sync_server.
01-05 12:00:28.242 720 745 E CP_CONNECT_CTL: process_socket_connect: open cp_time_sync_server failed: Connection refused [111(Connection refused)]
01-05 12:00:28.242 720 745 E CP_CONNECT_CTL: socket_reconnect: socket_reconnect src_sock=10, des_socket=cp_time_sync_server.
01-05 12:00:28.242 720 745 E CP_CONNECT_CTL: process_socket_connect: open cp_time_sync_server failed: Connection refused [111(Connection refused)]
01-05 12:00:28.293 685 10951 E Libae[FAE]: 1409, face_luma_calc: NO FACE
01-05 12:00:28.294 685 10974 E awb_adpt: 1479, awb_sprd_ctrl_calculation_v3_2: check handle success
01-05 12:00:28.294 685 10970 I isp_blk_cmc10: 266, _pm_cmc10_set_param: cmc_result: (1665 15689 53; 16214 1311 16266; 16367 16062 1363).
01-05 12:00:28.294 685 10970 I isp_blk_cmc10: 266, _pm_cmc10_set_param: cmc_result: (1665 15689 53; 16214 1311 16266; 16367 16062 1363).
01-05 12:00:28.294 685 10951 I cmr_oem : 9482, camera_get_af_support: af_support 1
01-05 12:00:28.295 685 10964 I aft_sprd_lib: 3803, aft_proc_log_print: afm move diff : 1000985,diff_thr :93618539,diff_cnt : 0,g_diff(x,y,z):(0.062500,0.016250,0.033750),aem move diff : (num : r,g,b,cnt) = (0,0,0,0), scene_change_flag 0
01-05 12:00:28.299 685 10974 I awb_adpt: 1698, awb_sprd_ctrl_calculation_v3_2: AWB result : (1304,1024,2093) 3639K , fram_count : 200 , camera_id : 0, wb mode : 0; AWB lib 64x64: (1304,1024,2093) 3639K.
01-05 12:00:28.354 685 10974 E awb_adpt: 1479, awb_sprd_ctrl_calculation_v3_2: check handle success
01-05 12:00:28.354 685 10951 E Libae[FAE]: 1409, face_luma_calc: NO FACE
01-05 12:00:28.354 685 10970 I isp_blk_cmc10: 266, _pm_cmc10_set_param: cmc_result: (1665 15689 53; 16214 1311 16266; 16367 16062 1363).
01-05 12:00:28.354 685 10970 I isp_blk_cmc10: 266, _pm_cmc10_set_param: cmc_result: (1665 15689 53; 16214 1311 16266; 16367 16062 1363).
01-05 12:00:28.355 685 10951 I cmr_oem : 9482, camera_get_af_support: af_support 1
01-05 12:00:28.356 685 10964 I aft_sprd_lib: 3803, aft_proc_log_print: afm move diff : 525232,diff_thr :93618539,diff_cnt : 0,g_diff(x,y,z):(0.050000,0.000000,0.026250),aem move diff : (num : r,g,b,cnt) = (0,0,0,0), scene_change_flag 0
01-05 12:00:28.359 685 10974 I awb_adpt: 1698, awb_sprd_ctrl_calculation_v3_2: AWB result : (1304,1024,2093) 3639K , fram_count : 201 , camera_id : 0, wb mode : 0; AWB lib 64x64: (1304,1024,2093) 3639K.
01-05 12:00:28.415 685 10951 E Libae[FAE]: 1409, face_luma_calc: NO FACE
01-05 12:00:28.416 685 10974 E awb_adpt: 1479, awb_sprd_ctrl_calculation_v3_2: check handle success
01-05 12:00:28.416 685 10970 I isp_blk_cmc10: 266, _pm_cmc10_set_param: cmc_result: (1665 15689 53; 16214 1311 16266; 16367 16062 1363).
01-05 12:00:28.416 685 10970 I isp_blk_cmc10: 266, _pm_cmc10_set_param: cmc_result: (1665 15689 53; 16214 1311 16266; 16367 16062 1363).
01-05 12:00:28.416 685 10951 I cmr_oem : 9482, camera_get_af_support: af_support 1
01-05 12:00:28.417 685 10965 E android.hardware.camera.provider@2.4-service: [ALSC]: L 561, slsc4_calculation: slsc4, error case, pair_idx=[4,3], pair_ratio=[1.626086,-0.626086], set ratio to 1.0 and 0.0
01-05 12:00:28.417 685 10964 I aft_sprd_lib: 3803, aft_proc_log_print: afm move diff : 2023476,diff_thr :93618539,diff_cnt : 0,g_diff(x,y,z):(0.071250,0.002500,0.028750),aem move diff : (num : r,g,b,cnt) = (0,0,0,0), scene_change_flag 0
01-05 12:00:28.421 685 10974 I awb_adpt: 1698, awb_sprd_ctrl_calculation_v3_2: AWB result : (1304,1024,2093) 3639K , fram_count : 202 , camera_id : 0, wb mode : 0; AWB lib 64x64: (1304,1024,2093) 3639K.
01-05 12:00:28.441 720 745 E CP_CONNECT_CTL: socket_reconnect: socket_reconnect src_sock=10, des_socket=cp_time_sync_server.
01-05 12:00:28.442 720 745 E CP_CONNECT_CTL: process_socket_connect: open cp_time_sync_server failed: Connection refused [111(Connection refused)]
01-05 12:00:28.442 720 745 E CP_CONNECT_CTL: socket_reconnect: socket_reconnect src_sock=10, des_socket=cp_time_sync_server.
01-05 12:00:28.442 720 745 E CP_CONNECT_CTL: process_socket_connect: open cp_time_sync_server failed: Connection refused [111(Connection refused)]
01-05 12:00:28.442 720 745 E CP_CONNECT_CTL: socket_reconnect: socket_reconnect src_sock=10, des_socket=cp_time_sync_server.
01-05 12:00:28.442 720 745 E CP_CONNECT_CTL: process_socket_connect: open cp_time_sync_server failed: Connection refused [111(Connection refused)]
01-05 12:00:28.442 720 745 E CP_CONNECT_CTL: socket_reconnect: socket_reconnect src_sock=10, des_socket=cp_time_sync_server.
01-05 12:00:28.442 720 745 E CP_CONNECT_CTL: process_socket_connect: open cp_time_sync_server failed: Connection refused [111(Connection refused)]
01-05 12:00:28.466 7855 7975 I HQCAM_DepressStickerService: After 327 seconds sleep!!!
01-05 12:00:28.476 685 10951 E Libae[FAE]: 1409, face_luma_calc: NO FACE
01-05 12:00:28.476 685 10974 E awb_adpt: 1479, awb_sprd_ctrl_calculation_v3_2: check handle success
01-05 12:00:28.476 685 10970 I isp_blk_cmc10: 266, _pm_cmc10_set_param: cmc_result: (1665 15689 53; 16214 1311 16266; 16367 16062 1363).
01-05 12:00:28.476 685 10970 I isp_blk_cmc10: 266, _pm_cmc10_set_param: cmc_result: (1665 15689 53; 16214 1311 16266; 16367 16062 1363).
01-05 12:00:28.476 685 10951 I cmr_oem : 9482, camera_get_af_support: af_support 1
01-05 12:00:28.477 685 10964 I aft_sprd_lib: 3803, aft_proc_log_print: afm move diff : 1585010,diff_thr :93618539,diff_cnt : 0,g_diff(x,y,z):(0.010000,0.023750,0.047500),aem move diff : (num : r,g,b,cnt) = (0,0,0,0), scene_change_flag 0
01-05 12:00:28.481 685 10974 I awb_adpt: 1698, awb_sprd_ctrl_calculation_v3_2: AWB result : (1308,1024,2078) 3657K , fram_count : 203 , camera_id : 0, wb mode : 0; AWB lib 64x64: (1308,1024,2078) 3657K.
01-05 12:00:28.536 685 10951 E Libae[FAE]: 1409, face_luma_calc: NO FACE
01-05 12:00:28.536 685 10974 E awb_adpt: 1479, awb_sprd_ctrl_calculation_v3_2: check handle success
01-05 12:00:28.536 685 10970 I isp_blk_cmc10: 266, _pm_cmc10_set_param: cmc_result: (1665 15689 53; 16214 1311 16266; 16367 16062 1363).
01-05 12:00:28.537 685 10970 I isp_blk_cmc10: 266, _pm_cmc10_set_param: cmc_result: (1665 15689 53; 16214 1311 16266; 16367 16062 1363).
01-05 12:00:28.537 685 10951 I cmr_oem : 9482, camera_get_af_support: af_support 1
01-05 12:00:28.538 685 10964 I aft_sprd_lib: 3803, aft_proc_log_print: afm move diff : 1561346,diff_thr :93618539,diff_cnt : 0,g_diff(x,y,z):(0.042500,0.023750,0.041250),aem move diff : (num : r,g,b,cnt) = (0,0,0,0), scene_change_flag 0
01-05 12:00:28.541 685 10974 I awb_adpt: 1698, awb_sprd_ctrl_calculation_v3_2: AWB result : (1304,1024,2093) 3639K , fram_count : 204 , camera_id : 0, wb mode : 0; AWB lib 64x64: (1304,1024,2093) 3639K.
01-05 12:00:28.596 685 10951 E Libae[FAE]: 1409, face_luma_calc: NO FACE
01-05 12:00:28.597 685 10974 E awb_adpt: 1479, awb_sprd_ctrl_calculation_v3_2: check handle success
01-05 12:00:28.597 685 10970 I isp_blk_cmc10: 266, _pm_cmc10_set_param: cmc_result: (1665 15689 53; 16214 1311 16266; 16367 16062 1363).
01-05 12:00:28.597 685 10970 I isp_blk_cmc10: 266, _pm_cmc10_set_param: cmc_result: (1665 15689 53; 16214 1311 16266; 16367 16062 1363).
01-05 12:00:28.597 685 10951 I cmr_oem : 9482, camera_get_af_support: af_support 1
01-05 12:00:28.598 685 10965 E android.hardware.camera.provider@2.4-service: [ALSC]: L 561, slsc4_calculation: slsc4, error case, pair_idx=[4,3], pair_ratio=[1.485050,-0.485050], set ratio to 1.0 and 0.0
01-05 12:00:28.598 685 10964 I aft_sprd_lib: 3803, aft_proc_log_print: afm move diff : 1532477,diff_thr :93618539,diff_cnt : 0,g_diff(x,y,z):(0.002500,0.002500,0.036250),aem move diff : (num : r,g,b,cnt) = (0,0,0,0), scene_change_flag 0
01-05 12:00:28.601 685 10974 I awb_adpt: 1698, awb_sprd_ctrl_calculation_v3_2: AWB result : (1304,1024,2093) 3639K , fram_count : 205 , camera_id : 0, wb mode : 0; AWB lib 64x64: (1304,1024,2093) 3639K.
01-05 12:00:28.634 1128 4556 D SemWifiUsabilityStatsMonitor: onWifiUsabilityStats - seqNum 119, isSameBssidAndFreq true
01-05 12:00:28.637 1128 1377 I SemWifiLinkQualityMonitor: Link Qos query: inf. ms / 0 Mbps
01-05 12:00:28.637 1504 1504 D KeyguardUpdateMonitor: updateCarrierTextInfo
01-05 12:00:28.637 1504 1504 D PanelCarrierLabelWriter: setTextForCommon=CenturyLink0927-5G CarrierLabelInfo(subId=2147483647, slotId=0, validSub=false, networkName=No service, emergencyOnly=false, hasVoWifiNetworkName=false), airplaneMode=false, hasAtLeastOneVoWifiNetworkName=false, rtl=false
01-05 12:00:28.637 1504 1504 D PanelCarrierLabelManager: setTextForCommon(text:CenturyLink0927-5G)
01-05 12:00:28.637 1504 1504 D NetworkController.WifiSignalController: notifyListener: visible=true, connected=true, inetCondition=1, isDefault=true, wifiTestReported=false, receivedInetCondition=-1, hideDuringMobileSwitching=false
01-05 12:00:28.640 1504 1754 D Tile.WifiTile: handleUpdateState isTransient=false transientEnabling =false cb.isTransient=false state.state = 2 mStateBeforeClick.value =false enabled =true
01-05 12:00:28.640 1504 1504 D FaceWidgetPagesController: onRefreshCarrierInfo()
01-05 12:00:28.640 1504 1504 D FaceWidgetClockRoamManager: isNetworkRoamingState id=-1
01-05 12:00:28.640 1504 1504 D FaceWidgetClockRoamManager: isNetworkRoamingState false
01-05 12:00:28.640 1504 1504 D FaceWidgetClockRoamManager: onRefreshCarrierInfo(pre, now): false, false
01-05 12:00:28.640 1504 1504 D FaceWidgetClockPage: onRefreshCarrierInfo : isChanged false mIsRoaming false
01-05 12:00:28.643 720 745 E CP_CONNECT_CTL: socket_reconnect: socket_reconnect src_sock=10, des_socket=cp_time_sync_server.
01-05 12:00:28.643 720 745 E CP_CONNECT_CTL: process_socket_connect: open cp_time_sync_server failed: Connection refused [111(Connection refused)]
01-05 12:00:28.643 720 745 E CP_CONNECT_CTL: socket_reconnect: socket_reconnect src_sock=10, des_socket=cp_time_sync_server.
01-05 12:00:28.643 720 745 E CP_CONNECT_CTL: process_socket_connect: open cp_time_sync_server failed: Connection refused [111(Connection refused)]
01-05 12:00:28.643 720 745 E CP_CONNECT_CTL: socket_reconnect: socket_reconnect src_sock=10, des_socket=cp_time_sync_server.
01-05 12:00:28.643 720 745 E CP_CONNECT_CTL: process_socket_connect: open cp_time_sync_server failed: Connection refused [111(Connection refused)]
01-05 12:00:28.643 720 745 E CP_CONNECT_CTL: socket_reconnect: socket_reconnect src_sock=10, des_socket=cp_time_sync_server.
01-05 12:00:28.644 720 745 E CP_CONNECT_CTL: process_socket_connect: open cp_time_sync_server failed: Connection refused [111(Connection refused)]
01-05 12:00:28.654 685 10974 E awb_adpt: 1479, awb_sprd_ctrl_calculation_v3_2: check handle success
01-05 12:00:28.654 685 10951 E Libae[FAE]: 1409, face_luma_calc: NO FACE
01-05 12:00:28.654 685 10970 I isp_blk_cmc10: 266, _pm_cmc10_set_param: cmc_result: (1665 15689 53; 16214 1311 16266; 16367 16062 1363).
01-05 12:00:28.655 685 10970 I isp_blk_cmc10: 266, _pm_cmc10_set_param: cmc_result: (1665 15689 53; 16214 1311 16266; 16367 16062 1363).
01-05 12:00:28.655 685 10951 I cmr_oem : 9482, camera_get_af_support: af_support 1
01-05 12:00:28.656 685 10964 I aft_sprd_lib: 3803, aft_proc_log_print: afm move diff : 2373979,diff_thr :93618539,diff_cnt : 0,g_diff(x,y,z):(0.000000,0.013750,0.015000),aem move diff : (num : r,g,b,cnt) = (0,0,0,0), scene_change_flag 0
01-05 12:00:28.660 685 10974 I awb_adpt: 1698, awb_sprd_ctrl_calculation_v3_2: AWB result : (1304,1024,2093) 3639K , fram_count : 206 , camera_id : 0, wb mode : 0; AWB lib 64x64: (1304,1024,2093) 3639K.
01-05 12:00:28.716 685 10951 E Libae[FAE]: 1409, face_luma_calc: NO FACE
01-05 12:00:28.717 685 10974 E awb_adpt: 1479, awb_sprd_ctrl_calculation_v3_2: check handle success
01-05 12:00:28.717 685 10970 I isp_blk_cmc10: 266, _pm_cmc10_set_param: cmc_result: (1665 15689 53; 16214 1311 16266; 16367 16062 1363).
01-05 12:00:28.717 685 10970 I isp_blk_cmc10: 266, _pm_cmc10_set_param: cmc_result: (1665 15689 53; 16214 1311 16266; 16367 16062 1363).
01-05 12:00:28.717 685 10951 I cmr_oem : 9482, camera_get_af_support: af_support 1
01-05 12:00:28.719 685 10964 I aft_sprd_lib: 3803, aft_proc_log_print: afm move diff : 2327397,diff_thr :93618539,diff_cnt : 0,g_diff(x,y,z):(0.016250,0.018750,0.038750),aem move diff : (num : r,g,b,cnt) = (0,0,0,0), scene_change_flag 0
01-05 12:00:28.722 685 10974 I awb_adpt: 1698, awb_sprd_ctrl_calculation_v3_2: AWB result : (1304,1024,2093) 3639K , fram_count : 207 , camera_id : 0, wb mode : 0; AWB lib 64x64: (1304,1024,2093) 3639K.
01-05 12:00:28.776 685 10951 E Libae[FAE]: 1409, face_luma_calc: NO FACE
01-05 12:00:28.777 685 10974 E awb_adpt: 1479, awb_sprd_ctrl_calculation_v3_2: check handle success
01-05 12:00:28.777 685 10970 I isp_blk_cmc10: 266, _pm_cmc10_set_param: cmc_result: (1665 15689 53; 16214 1311 16266; 16367 16062 1363).
01-05 12:00:28.777 685 10970 I isp_blk_cmc10: 266, _pm_cmc10_set_param: cmc_result: (1665 15689 53; 16214 1311 16266; 16367 16062 1363).
01-05 12:00:28.777 685 10951 I cmr_oem : 9482, camera_get_af_support: af_support 1
01-05 12:00:28.778 685 10965 E android.hardware.camera.provider@2.4-service: [ALSC]: L 561, slsc4_calculation: slsc4, error case, pair_idx=[4,3], pair_ratio=[1.344012,-0.344012], set ratio to 1.0 and 0.0
01-05 12:00:28.778 685 10964 I aft_sprd_lib: 3803, aft_proc_log_print: afm move diff : 1696668,diff_thr :93618539,diff_cnt : 0,g_diff(x,y,z):(0.002500,0.015000,0.036250),aem move diff : (num : r,g,b,cnt) = (0,0,0,0), scene_change_flag 0
01-05 12:00:28.782 685 10974 I awb_adpt: 1698, awb_sprd_ctrl_calculation_v3_2: AWB result : (1304,1024,2093) 3639K , fram_count : 208 , camera_id : 0, wb mode : 0; AWB lib 64x64: (1304,1024,2093) 3639K.
01-05 12:00:28.837 685 10951 E Libae[FAE]: 1409, face_luma_calc: NO FACE
01-05 12:00:28.837 685 10974 E awb_adpt: 1479, awb_sprd_ctrl_calculation_v3_2: check handle success
01-05 12:00:28.838 685 10970 I isp_blk_cmc10: 266, _pm_cmc10_set_param: cmc_result: (1665 15689 53; 16214 1311 16266; 16367 16062 1363).
01-05 12:00:28.838 685 10970 I isp_blk_cmc10: 266, _pm_cmc10_set_param: cmc_result: (1665 15689 53; 16214 1311 16266; 16367 16062 1363).
01-05 12:00:28.838 685 10951 I cmr_oem : 9482, camera_get_af_support: af_support 1
01-05 12:00:28.839 685 10964 I aft_sprd_lib: 3803, aft_proc_log_print: afm move diff : 2077832,diff_thr :93618539,diff_cnt : 0,g_diff(x,y,z):(0.021250,0.010000,0.033750),aem move diff : (num : r,g,b,cnt) = (0,0,0,0), scene_change_flag 0
01-05 12:00:28.842 685 10974 I awb_adpt: 1698, awb_sprd_ctrl_calculation_v3_2: AWB result : (1304,1024,2093) 3639K , fram_count : 209 , camera_id : 0, wb mode : 0; AWB lib 64x64: (1304,1024,2093) 3639K.
01-05 12:00:28.843 720 745 E CP_CONNECT_CTL: socket_reconnect: socket_reconnect src_sock=10, des_socket=cp_time_sync_server.
01-05 12:00:28.843 720 745 E CP_CONNECT_CTL: process_socket_connect: open cp_time_sync_server failed: Connection refused [111(Connection refused)]
01-05 12:00:28.843 720 745 E CP_CONNECT_CTL: socket_reconnect: socket_reconnect src_sock=10, des_socket=cp_time_sync_server.
01-05 12:00:28.844 720 745 E CP_CONNECT_CTL: process_socket_connect: open cp_time_sync_server failed: Connection refused [111(Connection refused)]
01-05 12:00:28.844 720 745 E CP_CONNECT_CTL: socket_reconnect: socket_reconnect src_sock=10, des_socket=cp_time_sync_server.
01-05 12:00:28.844 720 745 E CP_CONNECT_CTL: process_socket_connect: open cp_time_sync_server failed: Connection refused [111(Connection refused)]
01-05 12:00:28.844 720 745 E CP_CONNECT_CTL: socket_reconnect: socket_reconnect src_sock=10, des_socket=cp_time_sync_server.
01-05 12:00:28.844 720 745 E CP_CONNECT_CTL: process_socket_connect: open cp_time_sync_server failed: Connection refused [111(Connection refused)]
01-05 12:00:28.845 665 665 E YLog : /system_ext/etc/ylogsource.conf load failed... error [2(No such file or directory)] [startlogServcie]
01-05 12:00:28.896 685 10951 E Libae[FAE]: 1409, face_luma_calc: NO FACE
01-05 12:00:28.896 685 10974 E awb_adpt: 1479, awb_sprd_ctrl_calculation_v3_2: check handle success
01-05 12:00:28.896 685 10970 I isp_blk_cmc10: 266, _pm_cmc10_set_param: cmc_result: (1665 15689 53; 16214 1311 16266; 16367 16062 1363).
01-05 12:00:28.896 685 10970 I isp_blk_cmc10: 266, _pm_cmc10_set_param: cmc_result: (1665 15689 53; 16214 1311 16266; 16367 16062 1363).
01-05 12:00:28.896 685 10951 I cmr_oem : 9482, camera_get_af_support: af_support 1
01-05 12:00:28.898 685 10964 I aft_sprd_lib: 3803, aft_proc_log_print: afm move diff : 1650715,diff_thr :93618539,diff_cnt : 0,g_diff(x,y,z):(0.005000,0.002500,0.036250),aem move diff : (num : r,g,b,cnt) = (0,0,0,0), scene_change_flag 0
01-05 12:00:28.900 685 10974 I awb_adpt: 1698, awb_sprd_ctrl_calculation_v3_2: AWB result : (1304,1024,2093) 3639K , fram_count : 210 , camera_id : 0, wb mode : 0; AWB lib 64x64: (1304,1024,2093) 3639K.
01-05 12:00:28.956 685 10951 E Libae[FAE]: 1409, face_luma_calc: NO FACE
01-05 12:00:28.956 685 10974 E awb_adpt: 1479, awb_sprd_ctrl_calculation_v3_2: check handle success
01-05 12:00:28.956 685 10970 I isp_blk_cmc10: 266, _pm_cmc10_set_param: cmc_result: (1665 15689 53; 16214 1311 16266; 16367 16062 1363).
01-05 12:00:28.956 685 10970 I isp_blk_cmc10: 266, _pm_cmc10_set_param: cmc_result: (1665 15689 53; 16214 1311 16266; 16367 16062 1363).
01-05 12:00:28.957 685 10951 I cmr_oem : 9482, camera_get_af_support: af_support 1
01-05 12:00:28.957 685 10965 E android.hardware.camera.provider@2.4-service: [ALSC]: L 561, slsc4_calculation: slsc4, error case, pair_idx=[4,3], pair_ratio=[1.336786,-0.336786], set ratio to 1.0 and 0.0
01-05 12:00:28.958 685 10964 I aft_sprd_lib: 3803, aft_proc_log_print: afm move diff : 2470366,diff_thr :93618539,diff_cnt : 0,g_diff(x,y,z):(0.005000,0.013750,0.036250),aem move diff : (num : r,g,b,cnt) = (0,0,0,0), scene_change_flag 0
01-05 12:00:28.961 685 10974 I awb_adpt: 1698, awb_sprd_ctrl_calculation_v3_2: AWB result : (1304,1024,2093) 3639K , fram_count : 211 , camera_id : 0, wb mode : 0; AWB lib 64x64: (1304,1024,2093) 3639K.
01-05 12:00:28.997 443 443 D io_stats: !@ 179,0 r 177385 8908994 w 17412 344212 d 8060 440500 f 7056 2351 iot 70660 66530 th 102400 0 0 pt 0 inp 0 0 414.421
01-05 12:00:29.017 685 10951 E Libae[FAE]: 1409, face_luma_calc: NO FACE
01-05 12:00:29.018 685 10974 E awb_adpt: 1479, awb_sprd_ctrl_calculation_v3_2: check handle success
01-05 12:00:29.018 685 10970 I isp_blk_cmc10: 266, _pm_cmc10_set_param: cmc_result: (1665 15689 53; 16214 1311 16266; 16367 16062 1363).
01-05 12:00:29.018 685 10970 I isp_blk_cmc10: 266, _pm_cmc10_set_param: cmc_result: (1665 15689 53; 16214 1311 16266; 16367 16062 1363).
01-05 12:00:29.018 685 10951 I cmr_oem : 9482, camera_get_af_support: af_support 1
01-05 12:00:29.019 685 10964 I aft_sprd_lib: 3803, aft_proc_log_print: afm move diff : 1378040,diff_thr :93618539,diff_cnt : 0,g_diff(x,y,z):(0.002500,0.007500,0.038750),aem move diff : (num : r,g,b,cnt) = (0,0,0,0), scene_change_flag 0
01-05 12:00:29.023 685 10974 I awb_adpt: 1698, awb_sprd_ctrl_calculation_v3_2: AWB result : (1304,1024,2093) 3639K , fram_count : 212 , camera_id : 0, wb mode : 0; AWB lib 64x64: (1304,1024,2093) 3639K.
01-05 12:00:29.043 720 745 E CP_CONNECT_CTL: socket_reconnect: socket_reconnect src_sock=10, des_socket=cp_time_sync_server.
01-05 12:00:29.044 720 745 E CP_CONNECT_CTL: process_socket_connect: open cp_time_sync_server failed: Connection refused [111(Connection refused)]
01-05 12:00:29.044 720 745 E CP_CONNECT_CTL: socket_reconnect: socket_reconnect src_sock=10, des_socket=cp_time_sync_server.
01-05 12:00:29.044 720 745 E CP_CONNECT_CTL: process_socket_connect: open cp_time_sync_server failed: Connection refused [111(Connection refused)]
01-05 12:00:29.044 720 745 E CP_CONNECT_CTL: socket_reconnect: socket_reconnect src_sock=10, des_socket=cp_time_sync_server.
01-05 12:00:29.044 720 745 E CP_CONNECT_CTL: process_socket_connect: open cp_time_sync_server failed: Connection refused [111(Connection refused)]
01-05 12:00:29.044 720 745 E CP_CONNECT_CTL: socket_reconnect: socket_reconnect src_sock=10, des_socket=cp_time_sync_server.
01-05 12:00:29.044 720 745 E CP_CONNECT_CTL: process_socket_connect: open cp_time_sync_server failed: Connection refused [111(Connection refused)]
01-05 12:00:29.077 685 10951 E Libae[FAE]: 1409, face_luma_calc: NO FACE
01-05 12:00:29.078 685 10974 E awb_adpt: 1479, awb_sprd_ctrl_calculation_v3_2: check handle success
01-05 12:00:29.078 685 10970 I isp_blk_cmc10: 266, _pm_cmc10_set_param: cmc_result: (1665 15689 53; 16214 1311 16266; 16367 16062 1363).
01-05 12:00:29.078 685 10970 I isp_blk_cmc10: 266, _pm_cmc10_set_param: cmc_result: (1665 15689 53; 16214 1311 16266; 16367 16062 1363).
01-05 12:00:29.078 685 10951 I cmr_oem : 9482, camera_get_af_support: af_support 1
01-05 12:00:29.079 685 10964 I aft_sprd_lib: 3803, aft_proc_log_print: afm move diff : 375089,diff_thr :93618539,diff_cnt : 0,g_diff(x,y,z):(0.023750,0.052500,0.060000),aem move diff : (num : r,g,b,cnt) = (0,0,0,0), scene_change_flag 0
01-05 12:00:29.082 685 10974 I awb_adpt: 1698, awb_sprd_ctrl_calculation_v3_2: AWB result : (1304,1024,2093) 3639K , fram_count : 213 , camera_id : 0, wb mode : 0; AWB lib 64x64: (1304,1024,2093) 3639K.
01-05 12:00:29.136 685 10974 E awb_adpt: 1479, awb_sprd_ctrl_calculation_v3_2: check handle success
01-05 12:00:29.136 685 10951 E Libae[FAE]: 1409, face_luma_calc: NO FACE
01-05 12:00:29.137 685 10970 I isp_blk_cmc10: 266, _pm_cmc10_set_param: cmc_result: (1665 15689 53; 16214 1311 16266; 16367 16062 1363).
01-05 12:00:29.137 685 10970 I isp_blk_cmc10: 266, _pm_cmc10_set_param: cmc_result: (1665 15689 53; 16214 1311 16266; 16367 16062 1363).
01-05 12:00:29.137 685 10951 I cmr_oem : 9482, camera_get_af_support: af_support 1
01-05 12:00:29.137 685 10965 E android.hardware.camera.provider@2.4-service: [ALSC]: L 561, slsc4_calculation: slsc4, error case, pair_idx=[4,3], pair_ratio=[1.332433,-0.332433], set ratio to 1.0 and 0.0
01-05 12:00:29.138 685 10964 I aft_sprd_lib: 3803, aft_proc_log_print: afm move diff : 709237,diff_thr :93618539,diff_cnt : 0,g_diff(x,y,z):(0.026250,0.028750,0.018750),aem move diff : (num : r,g,b,cnt) = (0,0,0,0), scene_change_flag 0
01-05 12:00:29.141 685 10974 I awb_adpt: 1698, awb_sprd_ctrl_calculation_v3_2: AWB result : (1304,1024,2093) 3639K , fram_count : 214 , camera_id : 0, wb mode : 0; AWB lib 64x64: (1304,1024,2093) 3639K.
01-05 12:00:29.161 1128 4104 I EDMNativeHelperService: isCameraEnabled
01-05 12:00:29.161 1128 4104 D EDMNativeHelper: isCameraEnabled
01-05 12:00:29.162 1128 4104 D EDMNativeHelper: checking for camera in EnterpriseDeviceManagerService
01-05 12:00:29.162 1128 4104 D EnterpriseDeviceManagerService: isCameraEnabledNative
01-05 12:00:29.162 1128 4104 D EnterpriseDeviceManagerService: checking for camera in restriction policy
01-05 12:00:29.162 1128 4104 D RestrictionPolicy: isCameraEnabled ret(true) userId(0) cxtInfo.mCallerUid(10245) cxtInfo.mContainerId(0)
01-05 12:00:29.197 685 10974 E awb_adpt: 1479, awb_sprd_ctrl_calculation_v3_2: check handle success
01-05 12:00:29.197 685 10951 E Libae[FAE]: 1409, face_luma_calc: NO FACE
01-05 12:00:29.197 685 10970 I isp_blk_cmc10: 266, _pm_cmc10_set_param: cmc_result: (1665 15689 53; 16214 1311 16266; 16367 16062 1363).
01-05 12:00:29.197 685 10970 I isp_blk_cmc10: 266, _pm_cmc10_set_param: cmc_result: (1665 15689 53; 16214 1311 16266; 16367 16062 1363).
01-05 12:00:29.197 685 10951 I cmr_oem : 9482, camera_get_af_support: af_support 1
01-05 12:00:29.198 685 10964 I aft_sprd_lib: 3803, aft_proc_log_print: afm move diff : 1104826,diff_thr :93618539,diff_cnt : 0,g_diff(x,y,z):(0.018750,0.026250,0.000000),aem move diff : (num : r,g,b,cnt) = (0,0,0,0), scene_change_flag 0
01-05 12:00:29.202 685 10974 I awb_adpt: 1698, awb_sprd_ctrl_calculation_v3_2: AWB result : (1299,1024,2100) 3621K , fram_count : 215 , camera_id : 0, wb mode : 0; AWB lib 64x64: (1299,1024,2100) 3621K.
01-05 12:00:29.244 720 745 E CP_CONNECT_CTL: socket_reconnect: socket_reconnect src_sock=10, des_socket=cp_time_sync_server.
01-05 12:00:29.244 720 745 E CP_CONNECT_CTL: process_socket_connect: open cp_time_sync_server failed: Connection refused [111(Connection refused)]
01-05 12:00:29.244 720 745 E CP_CONNECT_CTL: socket_reconnect: socket_reconnect src_sock=10, des_socket=cp_time_sync_server.
01-05 12:00:29.244 720 745 E CP_CONNECT_CTL: process_socket_connect: open cp_time_sync_server failed: Connection refused [111(Connection refused)]
01-05 12:00:29.244 720 745 E CP_CONNECT_CTL: socket_reconnect: socket_reconnect src_sock=10, des_socket=cp_time_sync_server.
01-05 12:00:29.245 720 745 E CP_CONNECT_CTL: process_socket_connect: open cp_time_sync_server failed: Connection refused [111(Connection refused)]
01-05 12:00:29.245 720 745 E CP_CONNECT_CTL: socket_reconnect: socket_reconnect src_sock=10, des_socket=cp_time_sync_server.
01-05 12:00:29.245 720 745 E CP_CONNECT_CTL: process_socket_connect: open cp_time_sync_server failed: Connection refused [111(Connection refused)]
01-05 12:00:29.259 685 10951 E Libae[FAE]: 1409, face_luma_calc: NO FACE
01-05 12:00:29.259 685 10974 E awb_adpt: 1479, awb_sprd_ctrl_calculation_v3_2: check handle success
01-05 12:00:29.259 685 10970 I isp_blk_cmc10: 266, _pm_cmc10_set_param: cmc_result: (1661 15694 52; 16216 1309 16267; 16367 16064 1360).
01-05 12:00:29.259 685 10970 I isp_blk_cmc10: 266, _pm_cmc10_set_param: cmc_result: (1661 15694 52; 16216 1309 16267; 16367 16064 1360).
01-05 12:00:29.259 685 10951 I cmr_oem : 9482, camera_get_af_support: af_support 1
01-05 12:00:29.261 685 10964 I aft_sprd_lib: 3803, aft_proc_log_print: afm move diff : 339325,diff_thr :93618539,diff_cnt : 0,g_diff(x,y,z):(0.005000,0.012500,0.023750),aem move diff : (num : r,g,b,cnt) = (0,0,0,0), scene_change_flag 0
01-05 12:00:29.264 685 10974 I awb_adpt: 1698, awb_sprd_ctrl_calculation_v3_2: AWB result : (1304,1024,2093) 3639K , fram_count : 216 , camera_id : 0, wb mode : 0; AWB lib 64x64: (1304,1024,2093) 3639K.
01-05 12:00:29.318 685 10951 E Libae[FAE]: 1409, face_luma_calc: NO FACE
01-05 12:00:29.318 685 10974 E awb_adpt: 1479, awb_sprd_ctrl_calculation_v3_2: check handle success
01-05 12:00:29.318 685 10970 I isp_blk_cmc10: 266, _pm_cmc10_set_param: cmc_result: (1665 15689 53; 16214 1311 16266; 16367 16062 1363).
01-05 12:00:29.318 685 10970 I isp_blk_cmc10: 266, _pm_cmc10_set_param: cmc_result: (1665 15689 53; 16214 1311 16266; 16367 16062 1363).
01-05 12:00:29.318 685 10951 I cmr_oem : 9482, camera_get_af_support: af_support 1
01-05 12:00:29.319 685 10965 E android.hardware.camera.provider@2.4-service: [ALSC]: L 561, slsc4_calculation: slsc4, error case, pair_idx=[4,3], pair_ratio=[1.380016,-0.380016], set ratio to 1.0 and 0.0
01-05 12:00:29.319 905 905 E SLOGCP : reopen_dev: open /dev/stty_lte28 error [19(No such device)]
01-05 12:00:29.320 685 10964 I aft_sprd_lib: 3803, aft_proc_log_print: afm move diff : 7188245,diff_thr :93618539,diff_cnt : 0,g_diff(x,y,z):(0.026250,0.016250,0.028750),aem move diff : (num : r,g,b,cnt) = (0,0,0,0), scene_change_flag 0
01-05 12:00:29.323 685 10974 I awb_adpt: 1698, awb_sprd_ctrl_calculation_v3_2: AWB result : (1304,1024,2093) 3639K , fram_count : 217 , camera_id : 0, wb mode : 0; AWB lib 64x64: (1304,1024,2093) 3639K.
01-05 12:00:29.377 685 10974 E awb_adpt: 1479, awb_sprd_ctrl_calculation_v3_2: check handle success
01-05 12:00:29.377 685 10951 E Libae[FAE]: 1409, face_luma_calc: NO FACE
01-05 12:00:29.377 685 10970 I isp_blk_cmc10: 266, _pm_cmc10_set_param: cmc_result: (1665 15689 53; 16214 1311 16266; 16367 16062 1363).
01-05 12:00:29.378 685 10970 I isp_blk_cmc10: 266, _pm_cmc10_set_param: cmc_result: (1665 15689 53; 16214 1311 16266; 16367 16062 1363).
01-05 12:00:29.378 685 10951 I cmr_oem : 9482, camera_get_af_support: af_support 1
01-05 12:00:29.379 685 10964 I aft_sprd_lib: 3803, aft_proc_log_print: afm move diff : 6145814,diff_thr :93618539,diff_cnt : 0,g_diff(x,y,z):(0.117500,0.047500,0.026250),aem move diff : (num : r,g,b,cnt) = (0,0,0,0), scene_change_flag 0
01-05 12:00:29.382 685 10974 I awb_adpt: 1698, awb_sprd_ctrl_calculation_v3_2: AWB result : (1304,1024,2093) 3639K , fram_count : 218 , camera_id : 0, wb mode : 0; AWB lib 64x64: (1304,1024,2093) 3639K.
01-05 12:00:29.438 685 10974 E awb_adpt: 1479, awb_sprd_ctrl_calculation_v3_2: check handle success
01-05 12:00:29.438 685 10970 I isp_blk_cmc10: 266, _pm_cmc10_set_param: cmc_result: (1665 15689 53; 16214 1311 16266; 16367 16062 1363).
01-05 12:00:29.438 685 10951 E Libae[FAE]: 1409, face_luma_calc: NO FACE
01-05 12:00:29.438 685 10970 I isp_blk_cmc10: 266, _pm_cmc10_set_param: cmc_result: (1665 15689 53; 16214 1311 16266; 16367 16062 1363).
01-05 12:00:29.439 685 10951 I cmr_oem : 9482, camera_get_af_support: af_support 1
01-05 12:00:29.440 685 10964 I aft_sprd_lib: 3803, aft_proc_log_print: afm move diff : 2084382,diff_thr :93618539,diff_cnt : 0,g_diff(x,y,z):(0.007500,0.005000,0.023750),aem move diff : (num : r,g,b,cnt) = (0,0,0,0), scene_change_flag 0
01-05 12:00:29.443 685 10974 I awb_adpt: 1698, awb_sprd_ctrl_calculation_v3_2: AWB result : (1304,1024,2093) 3639K , fram_count : 219 , camera_id : 0, wb mode : 0; AWB lib 64x64: (1304,1024,2093) 3639K.
01-05 12:00:29.444 720 745 E CP_CONNECT_CTL: socket_reconnect: socket_reconnect src_sock=10, des_socket=cp_time_sync_server.
01-05 12:00:29.445 720 745 E CP_CONNECT_CTL: process_socket_connect: open cp_time_sync_server failed: Connection refused [111(Connection refused)]
01-05 12:00:29.445 720 745 E CP_CONNECT_CTL: socket_reconnect: socket_reconnect src_sock=10, des_socket=cp_time_sync_server.
01-05 12:00:29.445 720 745 E CP_CONNECT_CTL: process_socket_connect: open cp_time_sync_server failed: Connection refused [111(Connection refused)]
01-05 12:00:29.445 720 745 E CP_CONNECT_CTL: socket_reconnect: socket_reconnect src_sock=10, des_socket=cp_time_sync_server.
01-05 12:00:29.445 720 745 E CP_CONNECT_CTL: process_socket_connect: open cp_time_sync_server failed: Connection refused [111(Connection refused)]
01-05 12:00:29.445 720 745 E CP_CONNECT_CTL: socket_reconnect: socket_reconnect src_sock=10, des_socket=cp_time_sync_server.
01-05 12:00:29.445 720 745 E CP_CONNECT_CTL: process_socket_connect: open cp_time_sync_server failed: Connection refused [111(Connection refused)]
01-05 12:00:29.466 7855 7975 I HQCAM_DepressStickerService: After 328 seconds sleep!!!
01-05 12:00:29.491 855 10959 E Camera2-FrameProcessorBase: FrameProcessorBase: Error waiting for new frames: Connection timed out (-110)
01-05 12:00:29.498 685 10974 E awb_adpt: 1479, awb_sprd_ctrl_calculation_v3_2: check handle success
01-05 12:00:29.498 685 10951 E Libae[FAE]: 1409, face_luma_calc: NO FACE
01-05 12:00:29.498 685 10970 I isp_blk_cmc10: 266, _pm_cmc10_set_param: cmc_result: (1665 15689 53; 16214 1311 16266; 16367 16062 1363).
01-05 12:00:29.498 685 10970 I isp_blk_cmc10: 266, _pm_cmc10_set_param: cmc_result: (1665 15689 53; 16214 1311 16266; 16367 16062 1363).
01-05 12:00:29.498 685 10951 I cmr_oem : 9482, camera_get_af_support: af_support 1
01-05 12:00:29.499 685 10965 E android.hardware.camera.provider@2.4-service: [ALSC]: L 561, slsc4_calculation: slsc4, error case, pair_idx=[4,3], pair_ratio=[1.475747,-0.475747], set ratio to 1.0 and 0.0
01-05 12:00:29.499 685 10964 I aft_sprd_lib: 3803, aft_proc_log_print: afm move diff : 1078571,diff_thr :93618539,diff_cnt : 0,g_diff(x,y,z):(0.038750,0.043750,0.098750),aem move diff : (num : r,g,b,cnt) = (0,0,0,0), scene_change_flag 0
01-05 12:00:29.503 685 10974 I awb_adpt: 1698, awb_sprd_ctrl_calculation_v3_2: AWB result : (1304,1024,2093) 3639K , fram_count : 220 , camera_id : 0, wb mode : 0; AWB lib 64x64: (1304,1024,2093) 3639K.
01-05 12:00:29.559 685 10951 E Libae[FAE]: 1409, face_luma_calc: NO FACE
01-05 12:00:29.560 685 10974 E awb_adpt: 1479, awb_sprd_ctrl_calculation_v3_2: check handle success
01-05 12:00:29.560 685 10970 I isp_blk_cmc10: 266, _pm_cmc10_set_param: cmc_result: (1665 15689 53; 16214 1311 16266; 16367 16062 1363).
01-05 12:00:29.560 685 10970 I isp_blk_cmc10: 266, _pm_cmc10_set_param: cmc_result: (1665 15689 53; 16214 1311 16266; 16367 16062 1363).
01-05 12:00:29.560 685 10951 I cmr_oem : 9482, camera_get_af_support: af_support 1
01-05 12:00:29.561 685 10964 I aft_sprd_lib: 3803, aft_proc_log_print: afm move diff : 1068321,diff_thr :93618539,diff_cnt : 0,g_diff(x,y,z):(0.057500,0.041250,0.000000),aem move diff : (num : r,g,b,cnt) = (0,0,0,0), scene_change_flag 0
01-05 12:00:29.564 685 10974 I awb_adpt: 1698, awb_sprd_ctrl_calculation_v3_2: AWB result : (1304,1024,2093) 3639K , fram_count : 221 , camera_id : 0, wb mode : 0; AWB lib 64x64: (1304,1024,2093) 3639K.
01-05 12:00:29.620 685 10951 E Libae[FAE]: 1409, face_luma_calc: NO FACE
01-05 12:00:29.620 685 10974 E awb_adpt: 1479, awb_sprd_ctrl_calculation_v3_2: check handle success
01-05 12:00:29.620 685 10970 I isp_blk_cmc10: 266, _pm_cmc10_set_param: cmc_result: (1665 15689 53; 16214 1311 16266; 16367 16062 1363).
01-05 12:00:29.621 685 10970 I isp_blk_cmc10: 266, _pm_cmc10_set_param: cmc_result: (1665 15689 53; 16214 1311 16266; 16367 16062 1363).
01-05 12:00:29.621 685 10951 I cmr_oem : 9482, camera_get_af_support: af_support 1
01-05 12:00:29.621 685 10964 I aft_sprd_lib: 3803, aft_proc_log_print: afm move diff : 1713280,diff_thr :93618539,diff_cnt : 0,g_diff(x,y,z):(0.007500,0.031250,0.018750),aem move diff : (num : r,g,b,cnt) = (0,0,0,0), scene_change_flag 0
01-05 12:00:29.625 685 10974 I awb_adpt: 1698, awb_sprd_ctrl_calculation_v3_2: AWB result : (1304,1024,2093) 3639K , fram_count : 222 , camera_id : 0, wb mode : 0; AWB lib 64x64: (1304,1024,2093) 3639K.
01-05 12:00:29.645 720 745 E CP_CONNECT_CTL: socket_reconnect: socket_reconnect src_sock=10, des_socket=cp_time_sync_server.
01-05 12:00:29.646 720 745 E CP_CONNECT_CTL: process_socket_connect: open cp_time_sync_server failed: Connection refused [111(Connection refused)]
