01-05 11:59:48.742 720 745 E CP_CONNECT_CTL: process_socket_connect: open cp_time_sync_server failed: Connection refused [111(Connection refused)]
01-05 11:59:48.742 720 745 E CP_CONNECT_CTL: socket_reconnect: socket_reconnect src_sock=10, des_socket=cp_time_sync_server.
01-05 11:59:48.742 720 745 E CP_CONNECT_CTL: process_socket_connect: open cp_time_sync_server failed: Connection refused [111(Connection refused)]
01-05 11:59:48.742 720 745 E CP_CONNECT_CTL: socket_reconnect: socket_reconnect src_sock=10, des_socket=cp_time_sync_server.
01-05 11:59:48.743 720 745 E CP_CONNECT_CTL: process_socket_connect: open cp_time_sync_server failed: Connection refused [111(Connection refused)]
01-05 11:59:48.743 720 745 E CP_CONNECT_CTL: socket_reconnect: socket_reconnect src_sock=10, des_socket=cp_time_sync_server.
01-05 11:59:48.743 720 745 E CP_CONNECT_CTL: process_socket_connect: open cp_time_sync_server failed: Connection refused [111(Connection refused)]
01-05 11:59:48.830 665 665 E YLog : /system_ext/etc/ylogsource.conf load failed... error [2(No such file or directory)] [startlogServcie]
01-05 11:59:48.875 443 443 D io_stats: !@ 179,0 r 177356 8908710 w 17314 343432 d 8019 440088 f 7025 2341 iot 70600 66465 th 102400 0 0 pt 0 inp 0 0 374.300
01-05 11:59:48.942 720 745 E CP_CONNECT_CTL: socket_reconnect: socket_reconnect src_sock=10, des_socket=cp_time_sync_server.
01-05 11:59:48.943 720 745 E CP_CONNECT_CTL: process_socket_connect: open cp_time_sync_server failed: Connection refused [111(Connection refused)]
01-05 11:59:48.943 720 745 E CP_CONNECT_CTL: socket_reconnect: socket_reconnect src_sock=10, des_socket=cp_time_sync_server.
01-05 11:59:48.943 720 745 E CP_CONNECT_CTL: process_socket_connect: open cp_time_sync_server failed: Connection refused [111(Connection refused)]
01-05 11:59:48.943 720 745 E CP_CONNECT_CTL: socket_reconnect: socket_reconnect src_sock=10, des_socket=cp_time_sync_server.
01-05 11:59:48.943 720 745 E CP_CONNECT_CTL: process_socket_connect: open cp_time_sync_server failed: Connection refused [111(Connection refused)]
01-05 11:59:48.943 720 745 E CP_CONNECT_CTL: socket_reconnect: socket_reconnect src_sock=10, des_socket=cp_time_sync_server.
01-05 11:59:48.943 720 745 E CP_CONNECT_CTL: process_socket_connect: open cp_time_sync_server failed: Connection refused [111(Connection refused)]
01-05 11:59:49.143 720 745 E CP_CONNECT_CTL: socket_reconnect: socket_reconnect src_sock=10, des_socket=cp_time_sync_server.
01-05 11:59:49.143 720 745 E CP_CONNECT_CTL: process_socket_connect: open cp_time_sync_server failed: Connection refused [111(Connection refused)]
01-05 11:59:49.143 720 745 E CP_CONNECT_CTL: socket_reconnect: socket_reconnect src_sock=10, des_socket=cp_time_sync_server.
01-05 11:59:49.143 720 745 E CP_CONNECT_CTL: process_socket_connect: open cp_time_sync_server failed: Connection refused [111(Connection refused)]
01-05 11:59:49.143 720 745 E CP_CONNECT_CTL: socket_reconnect: socket_reconnect src_sock=10, des_socket=cp_time_sync_server.
01-05 11:59:49.143 720 745 E CP_CONNECT_CTL: process_socket_connect: open cp_time_sync_server failed: Connection refused [111(Connection refused)]
01-05 11:59:49.143 720 745 E CP_CONNECT_CTL: socket_reconnect: socket_reconnect src_sock=10, des_socket=cp_time_sync_server.
01-05 11:59:49.144 720 745 E CP_CONNECT_CTL: process_socket_connect: open cp_time_sync_server failed: Connection refused [111(Connection refused)]
01-05 11:59:49.343 720 745 E CP_CONNECT_CTL: socket_reconnect: socket_reconnect src_sock=10, des_socket=cp_time_sync_server.
01-05 11:59:49.343 720 745 E CP_CONNECT_CTL: process_socket_connect: open cp_time_sync_server failed: Connection refused [111(Connection refused)]
01-05 11:59:49.343 720 745 E CP_CONNECT_CTL: socket_reconnect: socket_reconnect src_sock=10, des_socket=cp_time_sync_server.
01-05 11:59:49.344 720 745 E CP_CONNECT_CTL: process_socket_connect: open cp_time_sync_server failed: Connection refused [111(Connection refused)]
01-05 11:59:49.344 720 745 E CP_CONNECT_CTL: socket_reconnect: socket_reconnect src_sock=10, des_socket=cp_time_sync_server.
01-05 11:59:49.344 720 745 E CP_CONNECT_CTL: process_socket_connect: open cp_time_sync_server failed: Connection refused [111(Connection refused)]
01-05 11:59:49.344 720 745 E CP_CONNECT_CTL: socket_reconnect: socket_reconnect src_sock=10, des_socket=cp_time_sync_server.
01-05 11:59:49.344 720 745 E CP_CONNECT_CTL: process_socket_connect: open cp_time_sync_server failed: Connection refused [111(Connection refused)]
01-05 11:59:49.388 1128 4556 D SemWifiUsabilityStatsMonitor: onWifiUsabilityStats - seqNum 106, isSameBssidAndFreq true
01-05 11:59:49.390 1128 1377 I SemWifiLinkQualityMonitor: Link Qos query: inf. ms / 0 Mbps
01-05 11:59:49.452 7855 7975 I HQCAM_DepressStickerService: After 288 seconds sleep!!!
01-05 11:59:49.543 720 745 E CP_CONNECT_CTL: socket_reconnect: socket_reconnect src_sock=10, des_socket=cp_time_sync_server.
01-05 11:59:49.544 720 745 E CP_CONNECT_CTL: process_socket_connect: open cp_time_sync_server failed: Connection refused [111(Connection refused)]
01-05 11:59:49.544 720 745 E CP_CONNECT_CTL: socket_reconnect: socket_reconnect src_sock=10, des_socket=cp_time_sync_server.
01-05 11:59:49.544 720 745 E CP_CONNECT_CTL: process_socket_connect: open cp_time_sync_server failed: Connection refused [111(Connection refused)]
01-05 11:59:49.544 720 745 E CP_CONNECT_CTL: socket_reconnect: socket_reconnect src_sock=10, des_socket=cp_time_sync_server.
01-05 11:59:49.544 720 745 E CP_CONNECT_CTL: process_socket_connect: open cp_time_sync_server failed: Connection refused [111(Connection refused)]
01-05 11:59:49.544 720 745 E CP_CONNECT_CTL: socket_reconnect: socket_reconnect src_sock=10, des_socket=cp_time_sync_server.
01-05 11:59:49.544 720 745 E CP_CONNECT_CTL: process_socket_connect: open cp_time_sync_server failed: Connection refused [111(Connection refused)]
01-05 11:59:49.745 720 745 E CP_CONNECT_CTL: socket_reconnect: socket_reconnect src_sock=10, des_socket=cp_time_sync_server.
01-05 11:59:49.745 720 745 E CP_CONNECT_CTL: process_socket_connect: open cp_time_sync_server failed: Connection refused [111(Connection refused)]
01-05 11:59:49.745 720 745 E CP_CONNECT_CTL: socket_reconnect: socket_reconnect src_sock=10, des_socket=cp_time_sync_server.
01-05 11:59:49.745 720 745 E CP_CONNECT_CTL: process_socket_connect: open cp_time_sync_server failed: Connection refused [111(Connection refused)]
01-05 11:59:49.745 720 745 E CP_CONNECT_CTL: socket_reconnect: socket_reconnect src_sock=10, des_socket=cp_time_sync_server.
01-05 11:59:49.745 720 745 E CP_CONNECT_CTL: process_socket_connect: open cp_time_sync_server failed: Connection refused [111(Connection refused)]
01-05 11:59:49.745 720 745 E CP_CONNECT_CTL: socket_reconnect: socket_reconnect src_sock=10, des_socket=cp_time_sync_server.
01-05 11:59:49.745 720 745 E CP_CONNECT_CTL: process_socket_connect: open cp_time_sync_server failed: Connection refused [111(Connection refused)]
01-05 11:59:49.830 665 665 E YLog : /system_ext/etc/ylogsource.conf load failed... error [2(No such file or directory)] [startlogServcie]
01-05 11:59:49.945 720 745 E CP_CONNECT_CTL: socket_reconnect: socket_reconnect src_sock=10, des_socket=cp_time_sync_server.
01-05 11:59:49.945 720 745 E CP_CONNECT_CTL: process_socket_connect: open cp_time_sync_server failed: Connection refused [111(Connection refused)]
01-05 11:59:49.945 720 745 E CP_CONNECT_CTL: socket_reconnect: socket_reconnect src_sock=10, des_socket=cp_time_sync_server.
01-05 11:59:49.945 720 745 E CP_CONNECT_CTL: process_socket_connect: open cp_time_sync_server failed: Connection refused [111(Connection refused)]
01-05 11:59:49.945 720 745 E CP_CONNECT_CTL: socket_reconnect: socket_reconnect src_sock=10, des_socket=cp_time_sync_server.
01-05 11:59:49.946 720 745 E CP_CONNECT_CTL: process_socket_connect: open cp_time_sync_server failed: Connection refused [111(Connection refused)]
01-05 11:59:49.946 720 745 E CP_CONNECT_CTL: socket_reconnect: socket_reconnect src_sock=10, des_socket=cp_time_sync_server.
01-05 11:59:49.946 720 745 E CP_CONNECT_CTL: process_socket_connect: open cp_time_sync_server failed: Connection refused [111(Connection refused)]
01-05 11:59:50.145 720 745 E CP_CONNECT_CTL: socket_reconnect: socket_reconnect src_sock=10, des_socket=cp_time_sync_server.
01-05 11:59:50.145 720 745 E CP_CONNECT_CTL: process_socket_connect: open cp_time_sync_server failed: Connection refused [111(Connection refused)]
01-05 11:59:50.146 720 745 E CP_CONNECT_CTL: socket_reconnect: socket_reconnect src_sock=10, des_socket=cp_time_sync_server.
01-05 11:59:50.146 720 745 E CP_CONNECT_CTL: process_socket_connect: open cp_time_sync_server failed: Connection refused [111(Connection refused)]
01-05 11:59:50.146 720 745 E CP_CONNECT_CTL: socket_reconnect: socket_reconnect src_sock=10, des_socket=cp_time_sync_server.
01-05 11:59:50.146 720 745 E CP_CONNECT_CTL: process_socket_connect: open cp_time_sync_server failed: Connection refused [111(Connection refused)]
01-05 11:59:50.146 720 745 E CP_CONNECT_CTL: socket_reconnect: socket_reconnect src_sock=10, des_socket=cp_time_sync_server.
01-05 11:59:50.146 720 745 E CP_CONNECT_CTL: process_socket_connect: open cp_time_sync_server failed: Connection refused [111(Connection refused)]
01-05 11:59:50.295 905 905 E SLOGCP : reopen_dev: open /dev/stty_lte28 error [19(No such device)]
01-05 11:59:50.346 720 745 E CP_CONNECT_CTL: socket_reconnect: socket_reconnect src_sock=10, des_socket=cp_time_sync_server.
01-05 11:59:50.346 720 745 E CP_CONNECT_CTL: process_socket_connect: open cp_time_sync_server failed: Connection refused [111(Connection refused)]
01-05 11:59:50.346 720 745 E CP_CONNECT_CTL: socket_reconnect: socket_reconnect src_sock=10, des_socket=cp_time_sync_server.
01-05 11:59:50.346 720 745 E CP_CONNECT_CTL: process_socket_connect: open cp_time_sync_server failed: Connection refused [111(Connection refused)]
01-05 11:59:50.346 720 745 E CP_CONNECT_CTL: socket_reconnect: socket_reconnect src_sock=10, des_socket=cp_time_sync_server.
01-05 11:59:50.346 720 745 E CP_CONNECT_CTL: process_socket_connect: open cp_time_sync_server failed: Connection refused [111(Connection refused)]
01-05 11:59:50.346 720 745 E CP_CONNECT_CTL: socket_reconnect: socket_reconnect src_sock=10, des_socket=cp_time_sync_server.
01-05 11:59:50.346 720 745 E CP_CONNECT_CTL: process_socket_connect: open cp_time_sync_server failed: Connection refused [111(Connection refused)]
01-05 11:59:50.452 7855 7975 I HQCAM_DepressStickerService: After 289 seconds sleep!!!
01-05 11:59:50.546 720 745 E CP_CONNECT_CTL: socket_reconnect: socket_reconnect src_sock=10, des_socket=cp_time_sync_server.
01-05 11:59:50.546 720 745 E CP_CONNECT_CTL: process_socket_connect: open cp_time_sync_server failed: Connection refused [111(Connection refused)]
01-05 11:59:50.546 720 745 E CP_CONNECT_CTL: socket_reconnect: socket_reconnect src_sock=10, des_socket=cp_time_sync_server.
01-05 11:59:50.546 720 745 E CP_CONNECT_CTL: process_socket_connect: open cp_time_sync_server failed: Connection refused [111(Connection refused)]
01-05 11:59:50.546 720 745 E CP_CONNECT_CTL: socket_reconnect: socket_reconnect src_sock=10, des_socket=cp_time_sync_server.
01-05 11:59:50.546 720 745 E CP_CONNECT_CTL: process_socket_connect: open cp_time_sync_server failed: Connection refused [111(Connection refused)]
01-05 11:59:50.547 720 745 E CP_CONNECT_CTL: socket_reconnect: socket_reconnect src_sock=10, des_socket=cp_time_sync_server.
01-05 11:59:50.547 720 745 E CP_CONNECT_CTL: process_socket_connect: open cp_time_sync_server failed: Connection refused [111(Connection refused)]
01-05 11:59:50.747 720 745 E CP_CONNECT_CTL: socket_reconnect: socket_reconnect src_sock=10, des_socket=cp_time_sync_server.
01-05 11:59:50.747 720 745 E CP_CONNECT_CTL: process_socket_connect: open cp_time_sync_server failed: Connection refused [111(Connection refused)]
01-05 11:59:50.747 720 745 E CP_CONNECT_CTL: socket_reconnect: socket_reconnect src_sock=10, des_socket=cp_time_sync_server.
01-05 11:59:50.747 720 745 E CP_CONNECT_CTL: process_socket_connect: open cp_time_sync_server failed: Connection refused [111(Connection refused)]
01-05 11:59:50.747 720 745 E CP_CONNECT_CTL: socket_reconnect: socket_reconnect src_sock=10, des_socket=cp_time_sync_server.
01-05 11:59:50.748 720 745 E CP_CONNECT_CTL: process_socket_connect: open cp_time_sync_server failed: Connection refused [111(Connection refused)]
01-05 11:59:50.748 720 745 E CP_CONNECT_CTL: socket_reconnect: socket_reconnect src_sock=10, des_socket=cp_time_sync_server.
01-05 11:59:50.748 720 745 E CP_CONNECT_CTL: process_socket_connect: open cp_time_sync_server failed: Connection refused [111(Connection refused)]
01-05 11:59:50.830 665 665 E YLog : /system_ext/etc/ylogsource.conf load failed... error [2(No such file or directory)] [startlogServcie]
01-05 11:59:50.883 443 443 D io_stats: !@ 179,0 r 177356 8908710 w 17317 343592 d 8019 440088 f 7026 2342 iot 70604 66469 th 102400 0 0 pt 0 inp 0 0 376.307
01-05 11:59:50.947 720 745 E CP_CONNECT_CTL: socket_reconnect: socket_reconnect src_sock=10, des_socket=cp_time_sync_server.
01-05 11:59:50.948 720 745 E CP_CONNECT_CTL: process_socket_connect: open cp_time_sync_server failed: Connection refused [111(Connection refused)]
01-05 11:59:50.948 720 745 E CP_CONNECT_CTL: socket_reconnect: socket_reconnect src_sock=10, des_socket=cp_time_sync_server.
01-05 11:59:50.948 720 745 E CP_CONNECT_CTL: process_socket_connect: open cp_time_sync_server failed: Connection refused [111(Connection refused)]
01-05 11:59:50.948 720 745 E CP_CONNECT_CTL: socket_reconnect: socket_reconnect src_sock=10, des_socket=cp_time_sync_server.
01-05 11:59:50.948 720 745 E CP_CONNECT_CTL: process_socket_connect: open cp_time_sync_server failed: Connection refused [111(Connection refused)]
01-05 11:59:50.948 720 745 E CP_CONNECT_CTL: socket_reconnect: socket_reconnect src_sock=10, des_socket=cp_time_sync_server.
01-05 11:59:50.948 720 745 E CP_CONNECT_CTL: process_socket_connect: open cp_time_sync_server failed: Connection refused [111(Connection refused)]
01-05 11:59:51.148 720 745 E CP_CONNECT_CTL: socket_reconnect: socket_reconnect src_sock=10, des_socket=cp_time_sync_server.
01-05 11:59:51.148 720 745 E CP_CONNECT_CTL: process_socket_connect: open cp_time_sync_server failed: Connection refused [111(Connection refused)]
01-05 11:59:51.148 720 745 E CP_CONNECT_CTL: socket_reconnect: socket_reconnect src_sock=10, des_socket=cp_time_sync_server.
01-05 11:59:51.148 720 745 E CP_CONNECT_CTL: process_socket_connect: open cp_time_sync_server failed: Connection refused [111(Connection refused)]
01-05 11:59:51.148 720 745 E CP_CONNECT_CTL: socket_reconnect: socket_reconnect src_sock=10, des_socket=cp_time_sync_server.
01-05 11:59:51.148 720 745 E CP_CONNECT_CTL: process_socket_connect: open cp_time_sync_server failed: Connection refused [111(Connection refused)]
01-05 11:59:51.148 720 745 E CP_CONNECT_CTL: socket_reconnect: socket_reconnect src_sock=10, des_socket=cp_time_sync_server.
01-05 11:59:51.149 720 745 E CP_CONNECT_CTL: process_socket_connect: open cp_time_sync_server failed: Connection refused [111(Connection refused)]
01-05 11:59:51.348 720 745 E CP_CONNECT_CTL: socket_reconnect: socket_reconnect src_sock=10, des_socket=cp_time_sync_server.
01-05 11:59:51.348 720 745 E CP_CONNECT_CTL: process_socket_connect: open cp_time_sync_server failed: Connection refused [111(Connection refused)]
01-05 11:59:51.348 720 745 E CP_CONNECT_CTL: socket_reconnect: socket_reconnect src_sock=10, des_socket=cp_time_sync_server.
01-05 11:59:51.348 720 745 E CP_CONNECT_CTL: process_socket_connect: open cp_time_sync_server failed: Connection refused [111(Connection refused)]
01-05 11:59:51.348 720 745 E CP_CONNECT_CTL: socket_reconnect: socket_reconnect src_sock=10, des_socket=cp_time_sync_server.
01-05 11:59:51.349 720 745 E CP_CONNECT_CTL: process_socket_connect: open cp_time_sync_server failed: Connection refused [111(Connection refused)]
01-05 11:59:51.349 720 745 E CP_CONNECT_CTL: socket_reconnect: socket_reconnect src_sock=10, des_socket=cp_time_sync_server.
01-05 11:59:51.349 720 745 E CP_CONNECT_CTL: process_socket_connect: open cp_time_sync_server failed: Connection refused [111(Connection refused)]
01-05 11:59:51.452 7855 7975 I HQCAM_DepressStickerService: After 290 seconds sleep!!!
01-05 11:59:51.548 720 745 E CP_CONNECT_CTL: socket_reconnect: socket_reconnect src_sock=10, des_socket=cp_time_sync_server.
01-05 11:59:51.549 720 745 E CP_CONNECT_CTL: process_socket_connect: open cp_time_sync_server failed: Connection refused [111(Connection refused)]
01-05 11:59:51.549 720 745 E CP_CONNECT_CTL: socket_reconnect: socket_reconnect src_sock=10, des_socket=cp_time_sync_server.
01-05 11:59:51.549 720 745 E CP_CONNECT_CTL: process_socket_connect: open cp_time_sync_server failed: Connection refused [111(Connection refused)]
01-05 11:59:51.549 720 745 E CP_CONNECT_CTL: socket_reconnect: socket_reconnect src_sock=10, des_socket=cp_time_sync_server.
01-05 11:59:51.549 720 745 E CP_CONNECT_CTL: process_socket_connect: open cp_time_sync_server failed: Connection refused [111(Connection refused)]
01-05 11:59:51.549 720 745 E CP_CONNECT_CTL: socket_reconnect: socket_reconnect src_sock=10, des_socket=cp_time_sync_server.
01-05 11:59:51.549 720 745 E CP_CONNECT_CTL: process_socket_connect: open cp_time_sync_server failed: Connection refused [111(Connection refused)]
01-05 11:59:51.749 720 745 E CP_CONNECT_CTL: socket_reconnect: socket_reconnect src_sock=10, des_socket=cp_time_sync_server.
01-05 11:59:51.749 720 745 E CP_CONNECT_CTL: process_socket_connect: open cp_time_sync_server failed: Connection refused [111(Connection refused)]
01-05 11:59:51.750 720 745 E CP_CONNECT_CTL: socket_reconnect: socket_reconnect src_sock=10, des_socket=cp_time_sync_server.
01-05 11:59:51.750 720 745 E CP_CONNECT_CTL: process_socket_connect: open cp_time_sync_server failed: Connection refused [111(Connection refused)]
01-05 11:59:51.750 720 745 E CP_CONNECT_CTL: socket_reconnect: socket_reconnect src_sock=10, des_socket=cp_time_sync_server.
01-05 11:59:51.750 720 745 E CP_CONNECT_CTL: process_socket_connect: open cp_time_sync_server failed: Connection refused [111(Connection refused)]
01-05 11:59:51.750 720 745 E CP_CONNECT_CTL: socket_reconnect: socket_reconnect src_sock=10, des_socket=cp_time_sync_server.
01-05 11:59:51.750 720 745 E CP_CONNECT_CTL: process_socket_connect: open cp_time_sync_server failed: Connection refused [111(Connection refused)]
01-05 11:59:51.831 665 665 E YLog : /system_ext/etc/ylogsource.conf load failed... error [2(No such file or directory)] [startlogServcie]
01-05 11:59:51.950 720 745 E CP_CONNECT_CTL: socket_reconnect: socket_reconnect src_sock=10, des_socket=cp_time_sync_server.
01-05 11:59:51.950 720 745 E CP_CONNECT_CTL: process_socket_connect: open cp_time_sync_server failed: Connection refused [111(Connection refused)]
01-05 11:59:51.950 720 745 E CP_CONNECT_CTL: socket_reconnect: socket_reconnect src_sock=10, des_socket=cp_time_sync_server.
01-05 11:59:51.950 720 745 E CP_CONNECT_CTL: process_socket_connect: open cp_time_sync_server failed: Connection refused [111(Connection refused)]
01-05 11:59:51.950 720 745 E CP_CONNECT_CTL: socket_reconnect: socket_reconnect src_sock=10, des_socket=cp_time_sync_server.
01-05 11:59:51.950 720 745 E CP_CONNECT_CTL: process_socket_connect: open cp_time_sync_server failed: Connection refused [111(Connection refused)]
01-05 11:59:51.950 720 745 E CP_CONNECT_CTL: socket_reconnect: socket_reconnect src_sock=10, des_socket=cp_time_sync_server.
01-05 11:59:51.950 720 745 E CP_CONNECT_CTL: process_socket_connect: open cp_time_sync_server failed: Connection refused [111(Connection refused)]
01-05 11:59:52.069 1128 10875 D TrafficStats: tagSocket(838) with statsTag=0xffffffff, statsUid=-1
01-05 11:59:52.072 1128 10875 D TrafficStats: tagSocket(840) with statsTag=0xffffffff, statsUid=-1
01-05 11:59:52.150 720 745 E CP_CONNECT_CTL: socket_reconnect: socket_reconnect src_sock=10, des_socket=cp_time_sync_server.
01-05 11:59:52.150 720 745 E CP_CONNECT_CTL: process_socket_connect: open cp_time_sync_server failed: Connection refused [111(Connection refused)]
01-05 11:59:52.150 720 745 E CP_CONNECT_CTL: socket_reconnect: socket_reconnect src_sock=10, des_socket=cp_time_sync_server.
01-05 11:59:52.150 720 745 E CP_CONNECT_CTL: process_socket_connect: open cp_time_sync_server failed: Connection refused [111(Connection refused)]
01-05 11:59:52.150 720 745 E CP_CONNECT_CTL: socket_reconnect: socket_reconnect src_sock=10, des_socket=cp_time_sync_server.
01-05 11:59:52.150 720 745 E CP_CONNECT_CTL: process_socket_connect: open cp_time_sync_server failed: Connection refused [111(Connection refused)]
01-05 11:59:52.150 720 745 E CP_CONNECT_CTL: socket_reconnect: socket_reconnect src_sock=10, des_socket=cp_time_sync_server.
01-05 11:59:52.151 720 745 E CP_CONNECT_CTL: process_socket_connect: open cp_time_sync_server failed: Connection refused [111(Connection refused)]
01-05 11:59:52.275 1128 10875 D WifiConnectivityMonitor.DnsThread: [|205] []
01-05 11:59:52.276 1128 1393 D WifiConnectivityMonitor.NetworkStatsAnalyzer: DNS resultType : 0, responseTime : 205
01-05 11:59:52.276 1128 1391 D OpenNetworkQos[4.00]: updateBssidLatestDnsResultType - result: 0
01-05 11:59:52.276 1128 1391 D OpenNetworkQos[4.00]: updateBssidNoInternet: mBssidNoInternet = false
01-05 11:59:52.276 1128 1391 D OpenNetworkQos[4.00]: getOpenNetworkQosNoInternetStatus: false
01-05 11:59:52.276 1128 1391 D OpenNetworkQos[4.00]: getOpenNetworkQosScores: 0 0 0
01-05 11:59:52.277 1128 1391 D SettingsProvider: isChangeAllowed() : name = wifi_wcm_qos_sharing_score_summary
01-05 11:59:52.350 720 745 E CP_CONNECT_CTL: socket_reconnect: socket_reconnect src_sock=10, des_socket=cp_time_sync_server.
01-05 11:59:52.351 720 745 E CP_CONNECT_CTL: process_socket_connect: open cp_time_sync_server failed: Connection refused [111(Connection refused)]
01-05 11:59:52.351 720 745 E CP_CONNECT_CTL: socket_reconnect: socket_reconnect src_sock=10, des_socket=cp_time_sync_server.
01-05 11:59:52.351 720 745 E CP_CONNECT_CTL: process_socket_connect: open cp_time_sync_server failed: Connection refused [111(Connection refused)]
01-05 11:59:52.351 720 745 E CP_CONNECT_CTL: socket_reconnect: socket_reconnect src_sock=10, des_socket=cp_time_sync_server.
01-05 11:59:52.351 720 745 E CP_CONNECT_CTL: process_socket_connect: open cp_time_sync_server failed: Connection refused [111(Connection refused)]
01-05 11:59:52.351 720 745 E CP_CONNECT_CTL: socket_reconnect: socket_reconnect src_sock=10, des_socket=cp_time_sync_server.
01-05 11:59:52.351 720 745 E CP_CONNECT_CTL: process_socket_connect: open cp_time_sync_server failed: Connection refused [111(Connection refused)]
01-05 11:59:52.399 1128 4556 D SemWifiUsabilityStatsMonitor: onWifiUsabilityStats - seqNum 107, isSameBssidAndFreq true
01-05 11:59:52.401 1128 1377 I SemWifiLinkQualityMonitor: Link Qos query: inf. ms / 0 Mbps
01-05 11:59:52.402 1504 1504 D KeyguardUpdateMonitor: updateCarrierTextInfo
01-05 11:59:52.402 1504 1504 D PanelCarrierLabelWriter: setTextForCommon=CenturyLink0927-5G CarrierLabelInfo(subId=2147483647, slotId=0, validSub=false, networkName=No service, emergencyOnly=false, hasVoWifiNetworkName=false), airplaneMode=false, hasAtLeastOneVoWifiNetworkName=false, rtl=false
01-05 11:59:52.402 1504 1504 D PanelCarrierLabelManager: setTextForCommon(text:CenturyLink0927-5G)
01-05 11:59:52.402 1504 1504 D NetworkController.WifiSignalController: notifyListener: visible=true, connected=true, inetCondition=1, isDefault=true, wifiTestReported=false, receivedInetCondition=-1, hideDuringMobileSwitching=false
01-05 11:59:52.403 1504 1754 D Tile.WifiTile: handleUpdateState isTransient=false transientEnabling =false cb.isTransient=false state.state = 2 mStateBeforeClick.value =false enabled =true
01-05 11:59:52.403 1504 1504 D FaceWidgetPagesController: onRefreshCarrierInfo()
01-05 11:59:52.404 1504 1504 D FaceWidgetClockRoamManager: isNetworkRoamingState id=-1
01-05 11:59:52.404 1504 1504 D FaceWidgetClockRoamManager: isNetworkRoamingState false
01-05 11:59:52.404 1504 1504 D FaceWidgetClockRoamManager: onRefreshCarrierInfo(pre, now): false, false
01-05 11:59:52.404 1504 1504 D FaceWidgetClockPage: onRefreshCarrierInfo : isChanged false mIsRoaming false
01-05 11:59:52.453 7855 7975 I HQCAM_DepressStickerService: After 291 seconds sleep!!!
01-05 11:59:52.551 720 745 E CP_CONNECT_CTL: socket_reconnect: socket_reconnect src_sock=10, des_socket=cp_time_sync_server.
01-05 11:59:52.551 720 745 E CP_CONNECT_CTL: process_socket_connect: open cp_time_sync_server failed: Connection refused [111(Connection refused)]
01-05 11:59:52.551 720 745 E CP_CONNECT_CTL: socket_reconnect: socket_reconnect src_sock=10, des_socket=cp_time_sync_server.
01-05 11:59:52.551 720 745 E CP_CONNECT_CTL: process_socket_connect: open cp_time_sync_server failed: Connection refused [111(Connection refused)]
01-05 11:59:52.551 720 745 E CP_CONNECT_CTL: socket_reconnect: socket_reconnect src_sock=10, des_socket=cp_time_sync_server.
01-05 11:59:52.551 720 745 E CP_CONNECT_CTL: process_socket_connect: open cp_time_sync_server failed: Connection refused [111(Connection refused)]
01-05 11:59:52.551 720 745 E CP_CONNECT_CTL: socket_reconnect: socket_reconnect src_sock=10, des_socket=cp_time_sync_server.
01-05 11:59:52.552 720 745 E CP_CONNECT_CTL: process_socket_connect: open cp_time_sync_server failed: Connection refused [111(Connection refused)]
01-05 11:59:52.713 1128 1128 D SemWifiBackOff.Sar: event.values[3],=1.0, event.values[4]=0.0
01-05 11:59:52.714 1128 1128 D SemWifiBackOff.Sar: getSensorMode=5, mSensorState=3
01-05 11:59:52.714 1128 1128 I SemWifiBackOff.Sar: SingleBodySarManager : enable powerbackoff1
01-05 11:59:52.714 1128 1128 D SemWifiBackOff.Sar: SingleBodySarManager : checkAndSetBackoff true
01-05 11:59:52.714 1128 1128 I SemWifiBackOff.Sar: setPowerBackoff(head) enable=true
01-05 11:59:52.714 1461 1461 I wpa_supplicant: set dynamic tx far
01-05 11:59:52.714 1461 1461 E wpa_supplicant: sar_cmd : SET_SAR 9
01-05 11:59:52.718 1128 1128 V SemWifiBackOff.Controller: onBackOffStarted iface=wlan0 type=1
01-05 11:59:52.752 720 745 E CP_CONNECT_CTL: socket_reconnect: socket_reconnect src_sock=10, des_socket=cp_time_sync_server.
01-05 11:59:52.752 720 745 E CP_CONNECT_CTL: process_socket_connect: open cp_time_sync_server failed: Connection refused [111(Connection refused)]
01-05 11:59:52.752 720 745 E CP_CONNECT_CTL: socket_reconnect: socket_reconnect src_sock=10, des_socket=cp_time_sync_server.
01-05 11:59:52.752 720 745 E CP_CONNECT_CTL: process_socket_connect: open cp_time_sync_server failed: Connection refused [111(Connection refused)]
01-05 11:59:52.752 720 745 E CP_CONNECT_CTL: socket_reconnect: socket_reconnect src_sock=10, des_socket=cp_time_sync_server.
01-05 11:59:52.752 720 745 E CP_CONNECT_CTL: process_socket_connect: open cp_time_sync_server failed: Connection refused [111(Connection refused)]
01-05 11:59:52.753 720 745 E CP_CONNECT_CTL: socket_reconnect: socket_reconnect src_sock=10, des_socket=cp_time_sync_server.
01-05 11:59:52.753 720 745 E CP_CONNECT_CTL: process_socket_connect: open cp_time_sync_server failed: Connection refused [111(Connection refused)]
01-05 11:59:52.831 665 665 E YLog : /system_ext/etc/ylogsource.conf load failed... error [2(No such file or directory)] [startlogServcie]
01-05 11:59:52.832 1128 1270 D InputDispatcher: cdda8ee org.qtproject.example.camera/org.qtproject.qt.android.bindings.QtActivity (server) is not responding. Waited 10007ms for MotionEvent
01-05 11:59:52.833 1128 1270 W InputDispatcher: Window cdda8ee org.qtproject.example.camera/org.qtproject.qt.android.bindings.QtActivity (server) is unresponsive: cdda8ee org.qtproject.example.camera/org.qtproject.qt.android.bindings.QtActivity (server) is not responding. Waited 10007ms for MotionEvent
01-05 11:59:52.833 1128 1270 W InputDispatcher: Canceling events for cdda8ee org.qtproject.example.camera/org.qtproject.qt.android.bindings.QtActivity (server) because it is unresponsive
01-05 11:59:52.834 1128 1270 I WindowManager: ANR in Window{cdda8ee u0 org.qtproject.example.camera/org.qtproject.qt.android.bindings.QtActivity}. Reason:cdda8ee org.qtproject.example.camera/org.qtproject.qt.android.bindings.QtActivity (server) is not responding. Waited 10007ms for MotionEvent
01-05 11:59:52.861 1128 1270 D CompatibilityChangeReporter: Compat change id reported: 174042980; UID 10245; state: DISABLED
01-05 11:59:52.861 1128 1270 D CompatibilityChangeReporter: Compat change id reported: 181136395; UID 10245; state: DISABLED
01-05 11:59:52.862 1128 1270 D CompatibilityChangeReporter: Compat change id reported: 174042936; UID 10245; state: DISABLED
01-05 11:59:52.862 1128 1270 D CompatibilityChangeReporter: Compat change id reported: 184838306; UID 10245; state: DISABLED
01-05 11:59:52.862 1128 1270 D CompatibilityChangeReporter: Compat change id reported: 185004937; UID 10245; state: DISABLED
01-05 11:59:52.952 720 745 E CP_CONNECT_CTL: socket_reconnect: socket_reconnect src_sock=10, des_socket=cp_time_sync_server.
01-05 11:59:52.953 720 745 E CP_CONNECT_CTL: process_socket_connect: open cp_time_sync_server failed: Connection refused [111(Connection refused)]
01-05 11:59:52.953 720 745 E CP_CONNECT_CTL: socket_reconnect: socket_reconnect src_sock=10, des_socket=cp_time_sync_server.
01-05 11:59:52.953 720 745 E CP_CONNECT_CTL: process_socket_connect: open cp_time_sync_server failed: Connection refused [111(Connection refused)]
01-05 11:59:52.953 720 745 E CP_CONNECT_CTL: socket_reconnect: socket_reconnect src_sock=10, des_socket=cp_time_sync_server.
01-05 11:59:52.953 720 745 E CP_CONNECT_CTL: process_socket_connect: open cp_time_sync_server failed: Connection refused [111(Connection refused)]
01-05 11:59:52.953 720 745 E CP_CONNECT_CTL: socket_reconnect: socket_reconnect src_sock=10, des_socket=cp_time_sync_server.
01-05 11:59:52.953 720 745 E CP_CONNECT_CTL: process_socket_connect: open cp_time_sync_server failed: Connection refused [111(Connection refused)]
01-05 11:59:53.008 1128 1128 D SemWifiBackOff.Sar: event.values[3],=1.0, event.values[4]=0.0
01-05 11:59:53.008 1128 1128 D SemWifiBackOff.Sar: getSensorMode=5, mSensorState=3
01-05 11:59:53.008 1128 1128 I SemWifiBackOff.Sar: SingleBodySarManager : disable powerbackoff1
01-05 11:59:53.008 1128 1128 D SemWifiBackOff.Sar: SingleBodySarManager : checkAndSetBackoff false
01-05 11:59:53.008 1128 1128 I SemWifiBackOff.Sar: setPowerBackoff(head) enable=false
01-05 11:59:53.009 1461 1461 I wpa_supplicant: set dynamic tx back
01-05 11:59:53.009 1461 1461 E wpa_supplicant: sar_cmd : SET_SAR 127
01-05 11:59:53.013 1128 1128 V SemWifiBackOff.Controller: onBackOffStopped iface=wlan0 type=1 stats= [HEAD]:44,65580ms
01-05 11:59:53.013 1128 1128 V SemWifiBackOff.Controller: [24/01/05 11:58:39 setPowerBackoff(1) enable=true
01-05 11:59:53.013 1128 1128 V SemWifiBackOff.Controller: , 24/01/05 11:58:39 setPowerBackoff(1) enable=false
01-05 11:59:53.013 1128 1128 V SemWifiBackOff.Controller: , 24/01/05 11:58:48 setPowerBackoff(1) enable=true
01-05 11:59:53.013 1128 1128 V SemWifiBackOff.Controller: , 24/01/05 11:58:49 setPowerBackoff(1) enable=false
01-05 11:59:53.013 1128 1128 V SemWifiBackOff.Controller: , 24/01/05 11:58:55 setPowerBackoff(1) enable=true
01-05 11:59:53.013 1128 1128 V SemWifiBackOff.Controller: , 24/01/05 11:58:55 setPowerBackoff(1) enable=false
01-05 11:59:53.013 1128 1128 V SemWifiBackOff.Controller: , 24/01/05 11:59:06 setPowerBackoff(1) enable=true
01-05 11:59:53.013 1128 1128 V SemWifiBackOff.Controller: , 24/01/05 11:59:07 setPowerBackoff(1) enable=false
01-05 11:59:53.013 1128 1128 V SemWifiBackOff.Controller: , 24/01/05 11:59:09 setPowerBackoff(1) enable=true
01-05 11:59:53.013 1128 1128 V SemWifiBackOff.Controller: , 24/01/05 11:59:10 setPowerBackoff(1) enable=false
01-05 11:59:53.013 1128 1128 V SemWifiBackOff.Controller: , 24/01/05 11:59:43 setPowerBackoff(1) enable=true
01-05 11:59:53.013 1128 1128 V SemWifiBackOff.Controller: , 24/01/05 11:59:43 setPowerBackoff(1) enable=false
01-05 11:59:53.013 1128 1128 V SemWifiBackOff.Controller: , 24/01/05 11:59:44 setPowerBackoff(1) enable=true
01-05 11:59:53.013 1128 1128 V SemWifiBackOff.Controller: , 24/01/05 11:59:44 setPowerBackoff(1) enable=false
01-05 11:59:53.013 1128 1128 V SemWifiBackOff.Controller: , 24/01/05 11:59:45 setPowerBackoff(1) enable=true
01-05 11:59:53.013 1128 1128 V SemWifiBackOff.Controller: , 24/01/05 11:59:45 setPowerBackoff(1) enable=false
01-05 11:59:53.013 1128 1128 V SemWifiBackOff.Controller: , 24/01/05 11:59:48 setPowerBackoff(1) enable=true
01-05 11:59:53.013 1128 1128 V SemWifiBackOff.Controller: , 24/01/05 11:59:48 setPowerBackoff(1) enable=false
01-05 11:59:53.013 1128 1128 V SemWifiBackOff.Controller: , 24/01/05 11:59:52 setPowerBackoff(1) enable=true
01-05 11:59:53.013 1128 1128 V SemWifiBackOff.Controller: , 24/01/05 11:59:53 setPowerBackoff(1) enable=false
01-05 11:59:53.013 1128 1128 V SemWifiBackOff.Controller: ]
01-05 11:59:53.153 720 745 E CP_CONNECT_CTL: socket_reconnect: socket_reconnect src_sock=10, des_socket=cp_time_sync_server.
01-05 11:59:53.153 720 745 E CP_CONNECT_CTL: process_socket_connect: open cp_time_sync_server failed: Connection refused [111(Connection refused)]
01-05 11:59:53.153 720 745 E CP_CONNECT_CTL: socket_reconnect: socket_reconnect src_sock=10, des_socket=cp_time_sync_server.
01-05 11:59:53.154 720 745 E CP_CONNECT_CTL: process_socket_connect: open cp_time_sync_server failed: Connection refused [111(Connection refused)]
01-05 11:59:53.154 720 745 E CP_CONNECT_CTL: socket_reconnect: socket_reconnect src_sock=10, des_socket=cp_time_sync_server.
01-05 11:59:53.154 720 745 E CP_CONNECT_CTL: process_socket_connect: open cp_time_sync_server failed: Connection refused [111(Connection refused)]
01-05 11:59:53.154 720 745 E CP_CONNECT_CTL: socket_reconnect: socket_reconnect src_sock=10, des_socket=cp_time_sync_server.
01-05 11:59:53.154 720 745 E CP_CONNECT_CTL: process_socket_connect: open cp_time_sync_server failed: Connection refused [111(Connection refused)]
01-05 11:59:53.295 905 905 E SLOGCP : reopen_dev: open /dev/stty_lte28 error [19(No such device)]
01-05 11:59:53.353 720 745 E CP_CONNECT_CTL: socket_reconnect: socket_reconnect src_sock=10, des_socket=cp_time_sync_server.
01-05 11:59:53.354 720 745 E CP_CONNECT_CTL: process_socket_connect: open cp_time_sync_server failed: Connection refused [111(Connection refused)]
01-05 11:59:53.354 720 745 E CP_CONNECT_CTL: socket_reconnect: socket_reconnect src_sock=10, des_socket=cp_time_sync_server.
01-05 11:59:53.354 720 745 E CP_CONNECT_CTL: process_socket_connect: open cp_time_sync_server failed: Connection refused [111(Connection refused)]
01-05 11:59:53.354 720 745 E CP_CONNECT_CTL: socket_reconnect: socket_reconnect src_sock=10, des_socket=cp_time_sync_server.
01-05 11:59:53.354 720 745 E CP_CONNECT_CTL: process_socket_connect: open cp_time_sync_server failed: Connection refused [111(Connection refused)]
01-05 11:59:53.354 720 745 E CP_CONNECT_CTL: socket_reconnect: socket_reconnect src_sock=10, des_socket=cp_time_sync_server.
01-05 11:59:53.354 720 745 E CP_CONNECT_CTL: process_socket_connect: open cp_time_sync_server failed: Connection refused [111(Connection refused)]
01-05 11:59:53.453 7855 7975 I HQCAM_DepressStickerService: After 292 seconds sleep!!!
01-05 11:59:53.519 2832 2832 D BoundBrokerSvc: onUnbind: Intent { act=com.google.android.gms.feedback.internal.IFeedbackService dat=chimera-action:/... cmp=com.google.android.gms/.chimera.GmsBoundBrokerService }
01-05 11:59:53.531 1128 1244 I UMR : B|Compact com.google.android.gms(2832)
01-05 11:59:53.554 720 745 E CP_CONNECT_CTL: socket_reconnect: socket_reconnect src_sock=10, des_socket=cp_time_sync_server.
01-05 11:59:53.554 720 745 E CP_CONNECT_CTL: process_socket_connect: open cp_time_sync_server failed: Connection refused [111(Connection refused)]
01-05 11:59:53.554 720 745 E CP_CONNECT_CTL: socket_reconnect: socket_reconnect src_sock=10, des_socket=cp_time_sync_server.
01-05 11:59:53.554 720 745 E CP_CONNECT_CTL: process_socket_connect: open cp_time_sync_server failed: Connection refused [111(Connection refused)]
01-05 11:59:53.554 720 745 E CP_CONNECT_CTL: socket_reconnect: socket_reconnect src_sock=10, des_socket=cp_time_sync_server.
01-05 11:59:53.554 720 745 E CP_CONNECT_CTL: process_socket_connect: open cp_time_sync_server failed: Connection refused [111(Connection refused)]
01-05 11:59:53.554 720 745 E CP_CONNECT_CTL: socket_reconnect: socket_reconnect src_sock=10, des_socket=cp_time_sync_server.
01-05 11:59:53.555 720 745 E CP_CONNECT_CTL: process_socket_connect: open cp_time_sync_server failed: Connection refused [111(Connection refused)]
01-05 11:59:53.755 720 745 E CP_CONNECT_CTL: socket_reconnect: socket_reconnect src_sock=10, des_socket=cp_time_sync_server.
01-05 11:59:53.755 720 745 E CP_CONNECT_CTL: process_socket_connect: open cp_time_sync_server failed: Connection refused [111(Connection refused)]
01-05 11:59:53.755 720 745 E CP_CONNECT_CTL: socket_reconnect: socket_reconnect src_sock=10, des_socket=cp_time_sync_server.
01-05 11:59:53.755 720 745 E CP_CONNECT_CTL: process_socket_connect: open cp_time_sync_server failed: Connection refused [111(Connection refused)]
01-05 11:59:53.755 720 745 E CP_CONNECT_CTL: socket_reconnect: socket_reconnect src_sock=10, des_socket=cp_time_sync_server.
01-05 11:59:53.755 720 745 E CP_CONNECT_CTL: process_socket_connect: open cp_time_sync_server failed: Connection refused [111(Connection refused)]
01-05 11:59:53.755 720 745 E CP_CONNECT_CTL: socket_reconnect: socket_reconnect src_sock=10, des_socket=cp_time_sync_server.
01-05 11:59:53.755 720 745 E CP_CONNECT_CTL: process_socket_connect: open cp_time_sync_server failed: Connection refused [111(Connection refused)]
01-05 11:59:53.831 665 665 E YLog : /system_ext/etc/ylogsource.conf load failed... error [2(No such file or directory)] [startlogServcie]
01-05 11:59:53.867 1128 1244 I UMR : E|Compact d_rss=76KB
01-05 11:59:53.955 720 745 E CP_CONNECT_CTL: socket_reconnect: socket_reconnect src_sock=10, des_socket=cp_time_sync_server.
01-05 11:59:53.956 720 745 E CP_CONNECT_CTL: process_socket_connect: open cp_time_sync_server failed: Connection refused [111(Connection refused)]
01-05 11:59:53.956 720 745 E CP_CONNECT_CTL: socket_reconnect: socket_reconnect src_sock=10, des_socket=cp_time_sync_server.
01-05 11:59:53.956 720 745 E CP_CONNECT_CTL: process_socket_connect: open cp_time_sync_server failed: Connection refused [111(Connection refused)]
01-05 11:59:53.956 720 745 E CP_CONNECT_CTL: socket_reconnect: socket_reconnect src_sock=10, des_socket=cp_time_sync_server.
01-05 11:59:53.956 720 745 E CP_CONNECT_CTL: process_socket_connect: open cp_time_sync_server failed: Connection refused [111(Connection refused)]
01-05 11:59:53.956 720 745 E CP_CONNECT_CTL: socket_reconnect: socket_reconnect src_sock=10, des_socket=cp_time_sync_server.
01-05 11:59:53.956 720 745 E CP_CONNECT_CTL: process_socket_connect: open cp_time_sync_server failed: Connection refused [111(Connection refused)]
01-05 11:59:54.156 720 745 E CP_CONNECT_CTL: socket_reconnect: socket_reconnect src_sock=10, des_socket=cp_time_sync_server.
01-05 11:59:54.156 720 745 E CP_CONNECT_CTL: process_socket_connect: open cp_time_sync_server failed: Connection refused [111(Connection refused)]
01-05 11:59:54.156 720 745 E CP_CONNECT_CTL: socket_reconnect: socket_reconnect src_sock=10, des_socket=cp_time_sync_server.
01-05 11:59:54.156 720 745 E CP_CONNECT_CTL: process_socket_connect: open cp_time_sync_server failed: Connection refused [111(Connection refused)]
01-05 11:59:54.156 720 745 E CP_CONNECT_CTL: socket_reconnect: socket_reconnect src_sock=10, des_socket=cp_time_sync_server.
01-05 11:59:54.156 720 745 E CP_CONNECT_CTL: process_socket_connect: open cp_time_sync_server failed: Connection refused [111(Connection refused)]
01-05 11:59:54.156 720 745 E CP_CONNECT_CTL: socket_reconnect: socket_reconnect src_sock=10, des_socket=cp_time_sync_server.
01-05 11:59:54.156 720 745 E CP_CONNECT_CTL: process_socket_connect: open cp_time_sync_server failed: Connection refused [111(Connection refused)]
01-05 11:59:54.356 720 745 E CP_CONNECT_CTL: socket_reconnect: socket_reconnect src_sock=10, des_socket=cp_time_sync_server.
01-05 11:59:54.356 720 745 E CP_CONNECT_CTL: process_socket_connect: open cp_time_sync_server failed: Connection refused [111(Connection refused)]
01-05 11:59:54.356 720 745 E CP_CONNECT_CTL: socket_reconnect: socket_reconnect src_sock=10, des_socket=cp_time_sync_server.
01-05 11:59:54.356 720 745 E CP_CONNECT_CTL: process_socket_connect: open cp_time_sync_server failed: Connection refused [111(Connection refused)]
01-05 11:59:54.356 720 745 E CP_CONNECT_CTL: socket_reconnect: socket_reconnect src_sock=10, des_socket=cp_time_sync_server.
01-05 11:59:54.357 720 745 E CP_CONNECT_CTL: process_socket_connect: open cp_time_sync_server failed: Connection refused [111(Connection refused)]
01-05 11:59:54.357 720 745 E CP_CONNECT_CTL: socket_reconnect: socket_reconnect src_sock=10, des_socket=cp_time_sync_server.
01-05 11:59:54.357 720 745 E CP_CONNECT_CTL: process_socket_connect: open cp_time_sync_server failed: Connection refused [111(Connection refused)]
01-05 11:59:54.454 7855 7975 I HQCAM_DepressStickerService: After 293 seconds sleep!!!
01-05 11:59:54.495 1128 1128 D SemWifiBackOff.Sar: event.values[3],=1.0, event.values[4]=0.0
01-05 11:59:54.495 1128 1128 D SemWifiBackOff.Sar: getSensorMode=5, mSensorState=3
01-05 11:59:54.495 1128 1128 I SemWifiBackOff.Sar: SingleBodySarManager : enable powerbackoff1
01-05 11:59:54.495 1128 1128 D SemWifiBackOff.Sar: SingleBodySarManager : checkAndSetBackoff true
01-05 11:59:54.495 1128 1128 I SemWifiBackOff.Sar: setPowerBackoff(head) enable=true
01-05 11:59:54.496 1461 1461 I wpa_supplicant: set dynamic tx far
01-05 11:59:54.496 1461 1461 E wpa_supplicant: sar_cmd : SET_SAR 9
01-05 11:59:54.501 1128 1128 V SemWifiBackOff.Controller: onBackOffStarted iface=wlan0 type=1
01-05 11:59:54.556 720 745 E CP_CONNECT_CTL: socket_reconnect: socket_reconnect src_sock=10, des_socket=cp_time_sync_server.
01-05 11:59:54.557 720 745 E CP_CONNECT_CTL: process_socket_connect: open cp_time_sync_server failed: Connection refused [111(Connection refused)]
01-05 11:59:54.557 720 745 E CP_CONNECT_CTL: socket_reconnect: socket_reconnect src_sock=10, des_socket=cp_time_sync_server.
01-05 11:59:54.557 720 745 E CP_CONNECT_CTL: process_socket_connect: open cp_time_sync_server failed: Connection refused [111(Connection refused)]
01-05 11:59:54.557 720 745 E CP_CONNECT_CTL: socket_reconnect: socket_reconnect src_sock=10, des_socket=cp_time_sync_server.
01-05 11:59:54.557 720 745 E CP_CONNECT_CTL: process_socket_connect: open cp_time_sync_server failed: Connection refused [111(Connection refused)]
01-05 11:59:54.557 720 745 E CP_CONNECT_CTL: socket_reconnect: socket_reconnect src_sock=10, des_socket=cp_time_sync_server.
01-05 11:59:54.557 720 745 E CP_CONNECT_CTL: process_socket_connect: open cp_time_sync_server failed: Connection refused [111(Connection refused)]
01-05 11:59:54.664 1461 1461 I wpa_supplicant: Heartbeat 34
01-05 11:59:54.757 720 745 E CP_CONNECT_CTL: socket_reconnect: socket_reconnect src_sock=10, des_socket=cp_time_sync_server.
01-05 11:59:54.758 720 745 E CP_CONNECT_CTL: process_socket_connect: open cp_time_sync_server failed: Connection refused [111(Connection refused)]
01-05 11:59:54.758 720 745 E CP_CONNECT_CTL: socket_reconnect: socket_reconnect src_sock=10, des_socket=cp_time_sync_server.
01-05 11:59:54.758 720 745 E CP_CONNECT_CTL: process_socket_connect: open cp_time_sync_server failed: Connection refused [111(Connection refused)]
01-05 11:59:54.758 720 745 E CP_CONNECT_CTL: socket_reconnect: socket_reconnect src_sock=10, des_socket=cp_time_sync_server.
01-05 11:59:54.758 720 745 E CP_CONNECT_CTL: process_socket_connect: open cp_time_sync_server failed: Connection refused [111(Connection refused)]
01-05 11:59:54.758 720 745 E CP_CONNECT_CTL: socket_reconnect: socket_reconnect src_sock=10, des_socket=cp_time_sync_server.
01-05 11:59:54.758 720 745 E CP_CONNECT_CTL: process_socket_connect: open cp_time_sync_server failed: Connection refused [111(Connection refused)]
01-05 11:59:54.789 1128 1128 D SemWifiBackOff.Sar: event.values[3],=1.0, event.values[4]=0.0
01-05 11:59:54.789 1128 1128 D SemWifiBackOff.Sar: getSensorMode=5, mSensorState=3
01-05 11:59:54.789 1128 1128 I SemWifiBackOff.Sar: SingleBodySarManager : disable powerbackoff1
01-05 11:59:54.789 1128 1128 D SemWifiBackOff.Sar: SingleBodySarManager : checkAndSetBackoff false
01-05 11:59:54.789 1128 1128 I SemWifiBackOff.Sar: setPowerBackoff(head) enable=false
01-05 11:59:54.789 1461 1461 I wpa_supplicant: set dynamic tx back
01-05 11:59:54.789 1461 1461 E wpa_supplicant: sar_cmd : SET_SAR 127
01-05 11:59:54.797 1128 1128 V SemWifiBackOff.Controller: onBackOffStopped iface=wlan0 type=1 stats= [HEAD]:45,65876ms
01-05 11:59:54.797 1128 1128 V SemWifiBackOff.Controller: [24/01/05 11:58:48 setPowerBackoff(1) enable=true
01-05 11:59:54.797 1128 1128 V SemWifiBackOff.Controller: , 24/01/05 11:58:49 setPowerBackoff(1) enable=false
01-05 11:59:54.797 1128 1128 V SemWifiBackOff.Controller: , 24/01/05 11:58:55 setPowerBackoff(1) enable=true
01-05 11:59:54.797 1128 1128 V SemWifiBackOff.Controller: , 24/01/05 11:58:55 setPowerBackoff(1) enable=false
01-05 11:59:54.797 1128 1128 V SemWifiBackOff.Controller: , 24/01/05 11:59:06 setPowerBackoff(1) enable=true
01-05 11:59:54.797 1128 1128 V SemWifiBackOff.Controller: , 24/01/05 11:59:07 setPowerBackoff(1) enable=false
01-05 11:59:54.797 1128 1128 V SemWifiBackOff.Controller: , 24/01/05 11:59:09 setPowerBackoff(1) enable=true
01-05 11:59:54.797 1128 1128 V SemWifiBackOff.Controller: , 24/01/05 11:59:10 setPowerBackoff(1) enable=false
01-05 11:59:54.797 1128 1128 V SemWifiBackOff.Controller: , 24/01/05 11:59:43 setPowerBackoff(1) enable=true
01-05 11:59:54.797 1128 1128 V SemWifiBackOff.Controller: , 24/01/05 11:59:43 setPowerBackoff(1) enable=false
01-05 11:59:54.797 1128 1128 V SemWifiBackOff.Controller: , 24/01/05 11:59:44 setPowerBackoff(1) enable=true
01-05 11:59:54.797 1128 1128 V SemWifiBackOff.Controller: , 24/01/05 11:59:44 setPowerBackoff(1) enable=false
01-05 11:59:54.797 1128 1128 V SemWifiBackOff.Controller: , 24/01/05 11:59:45 setPowerBackoff(1) enable=true
01-05 11:59:54.797 1128 1128 V SemWifiBackOff.Controller: , 24/01/05 11:59:45 setPowerBackoff(1) enable=false
01-05 11:59:54.797 1128 1128 V SemWifiBackOff.Controller: , 24/01/05 11:59:48 setPowerBackoff(1) enable=true
01-05 11:59:54.797 1128 1128 V SemWifiBackOff.Controller: , 24/01/05 11:59:48 setPowerBackoff(1) enable=false
01-05 11:59:54.797 1128 1128 V SemWifiBackOff.Controller: , 24/01/05 11:59:52 setPowerBackoff(1) enable=true
01-05 11:59:54.797 1128 1128 V SemWifiBackOff.Controller: , 24/01/05 11:59:53 setPowerBackoff(1) enable=false
01-05 11:59:54.797 1128 1128 V SemWifiBackOff.Controller: , 24/01/05 11:59:54 setPowerBackoff(1) enable=true
01-05 11:59:54.797 1128 1128 V SemWifiBackOff.Controller: , 24/01/05 11:59:54 setPowerBackoff(1) enable=false
01-05 11:59:54.797 1128 1128 V SemWifiBackOff.Controller: ]
01-05 11:59:54.832 665 665 E YLog : /system_ext/etc/ylogsource.conf load failed... error [2(No such file or directory)] [startlogServcie]
01-05 11:59:54.958 720 745 E CP_CONNECT_CTL: socket_reconnect: socket_reconnect src_sock=10, des_socket=cp_time_sync_server.
01-05 11:59:54.958 720 745 E CP_CONNECT_CTL: process_socket_connect: open cp_time_sync_server failed: Connection refused [111(Connection refused)]
01-05 11:59:54.958 720 745 E CP_CONNECT_CTL: socket_reconnect: socket_reconnect src_sock=10, des_socket=cp_time_sync_server.
01-05 11:59:54.958 720 745 E CP_CONNECT_CTL: process_socket_connect: open cp_time_sync_server failed: Connection refused [111(Connection refused)]
01-05 11:59:54.958 720 745 E CP_CONNECT_CTL: socket_reconnect: socket_reconnect src_sock=10, des_socket=cp_time_sync_server.
01-05 11:59:54.958 720 745 E CP_CONNECT_CTL: process_socket_connect: open cp_time_sync_server failed: Connection refused [111(Connection refused)]
01-05 11:59:54.958 720 745 E CP_CONNECT_CTL: socket_reconnect: socket_reconnect src_sock=10, des_socket=cp_time_sync_server.
01-05 11:59:54.959 720 745 E CP_CONNECT_CTL: process_socket_connect: open cp_time_sync_server failed: Connection refused [111(Connection refused)]
01-05 11:59:55.158 720 745 E CP_CONNECT_CTL: socket_reconnect: socket_reconnect src_sock=10, des_socket=cp_time_sync_server.
01-05 11:59:55.158 720 745 E CP_CONNECT_CTL: process_socket_connect: open cp_time_sync_server failed: Connection refused [111(Connection refused)]
01-05 11:59:55.158 720 745 E CP_CONNECT_CTL: socket_reconnect: socket_reconnect src_sock=10, des_socket=cp_time_sync_server.
01-05 11:59:55.159 720 745 E CP_CONNECT_CTL: process_socket_connect: open cp_time_sync_server failed: Connection refused [111(Connection refused)]
01-05 11:59:55.159 720 745 E CP_CONNECT_CTL: socket_reconnect: socket_reconnect src_sock=10, des_socket=cp_time_sync_server.
01-05 11:59:55.159 720 745 E CP_CONNECT_CTL: process_socket_connect: open cp_time_sync_server failed: Connection refused [111(Connection refused)]
01-05 11:59:55.159 720 745 E CP_CONNECT_CTL: socket_reconnect: socket_reconnect src_sock=10, des_socket=cp_time_sync_server.
01-05 11:59:55.159 720 745 E CP_CONNECT_CTL: process_socket_connect: open cp_time_sync_server failed: Connection refused [111(Connection refused)]
01-05 11:59:55.160 1128 1159 E Watchdog: !@Sync: 13 heap: 84 / 101 FD: 932 [2024-01-05 11:59:55.159] softdog disabled
01-05 11:59:55.358 720 745 E CP_CONNECT_CTL: socket_reconnect: socket_reconnect src_sock=10, des_socket=cp_time_sync_server.
