01-05 11:59:38.971 1128 1151 I ActivityManager: Force stopping org.qtproject.example.camera appid=10245 user=-1: set debug app
01-05 11:59:38.973 1128 4104 I ActivityTaskManager: START u0 {flg=0x10000000 cmp=org.qtproject.example.camera/org.qtproject.qt.android.bindings.QtActivity} from uid 2000
01-05 11:59:38.973 9207 9207 I GOS:MainIntentService: onDestroy
01-05 11:59:38.975 9370 9370 W SmApplication: onTrimMemory : 80
01-05 11:59:38.975 9370 9370 I DC.AppIconCache: clear icon cache
01-05 11:59:38.980 1128 4104 D CompatibilityChangeReporter: Compat change id reported: 194480991; UID 10245; state: ENABLED
01-05 11:59:38.981 1128 4104 D ActivityTaskManager: TaskLaunchParamsModifier:task=null activity=ActivityRecord{e3be4c2 u0 org.qtproject.example.camera/org.qtproject.qt.android.bindings.QtActivity} display-id=0 display-windowing-mode=1 suggested-display-area=DefaultTaskDisplayArea@142860268
01-05 11:59:38.981 1128 4104 D [secipm]: mSecIpmManager Preload org.qtproject.example.camera dex files
01-05 11:59:38.982 1128 4104 D ActivityTaskManager: TaskLaunchParamsModifier:task=null activity=ActivityRecord{e3be4c2 u0 org.qtproject.example.camera/org.qtproject.qt.android.bindings.QtActivity} t-1} display-id=0 display-windowing-mode=1 suggested-display-area=DefaultTaskDisplayArea@142860268 non-freeform-display display-area=DefaultTaskDisplayArea@142860268 maximized-bounds
01-05 11:59:38.983 1128 2061 I SemDvfsHyPerManager: acquire hyper - AMS_APP_SWITCH/1128@25, type = -999
01-05 11:59:38.983 701 733 I HYPER-HAL: [RequestManager.cpp]acquire(): Acquired ID : 665306 [1128 / 25] HINT : AMS_ACT_SWITCH list :
01-05 11:59:38.984 1128 2061 D ActivityManagerPerformance: AMP_acquire() APP_SWITCH
01-05 11:59:38.984 749 2267 I SurfaceFlinger: id=196 createSurf flag=24004, Task=703#196
01-05 11:59:38.985 1128 4104 D ActivityTaskManager: TaskLaunchParamsModifier:task=Task{f3fb2d3 #703 type=standard A=10245:org.qtproject.example.camera U=0 visible=false visibleRequested=false mode=fullscreen translucent=true sz=0} activity=ActivityRecord{e3be4c2 u0 org.qtproject.example.camera/org.qtproject.qt.android.bindings.QtActivity} t-1} display-from-task=0 display-id=0 display-windowing-mode=1 suggested-display-area=DefaultTaskDisplayArea@142860268 non-freeform-display display-area=DefaultTaskDisplayArea@142860268 maximized-bounds
01-05 11:59:38.986 749 795 I SurfaceFlinger: id=197 createSurf flag=80004, ActivityRecord{e3be4c2 u0 org.qtproject.example.camera/org.qtproject.qt.android.bindings.QtActivity} t703}#197
01-05 11:59:38.987 1128 4104 D ActivityTaskManager: scheduleTopResumedActivityChanged, onTop=false r=ActivityRecord{5068e57 u0 com.sec.android.app.launcher/.activities.LauncherActivity} t701} caller=com.android.server.wm.ActivityTaskSupervisor.updateTopResumedActivityIfNeeded:2566 com.android.server.wm.TaskDisplayArea.positionChildTaskAt:618 com.android.server.wm.TaskDisplayArea.positionChildAt:541 com.android.server.wm.Task.moveToFrontInner:6275 com.android.server.wm.Task.moveToFront:6241 com.android.server.wm.ActivityStarter.startActivityInner:3037
01-05 11:59:38.988 705 705 D PowerHAL: ###Enter launch scene bgn###
01-05 11:59:38.988 705 705 D PowerHAL: Enter cpufreq_set_for_release_when_close: enable:1, duration: 0, /dev/cluster0_freq_max: 1BC560
01-05 11:59:38.988 705 705 D PowerHAL: Set /dev/cluster0_freq_max: 1BC560
01-05 11:59:38.988 705 705 D PowerHAL: Enter cpufreq_set_for_release_when_close: enable:1, duration: 0, /dev/cluster0_freq_min: 1BC560
01-05 11:59:38.988 705 705 D PowerHAL: Set /dev/cluster0_freq_min: 1BC560
01-05 11:59:38.988 705 705 D PowerHAL: Enter cpufreq_set_for_release_when_close: enable:1, duration: 0, /dev/cluster1_freq_max: 1EF1E0
01-05 11:59:38.988 705 705 D PowerHAL: Set /dev/cluster1_freq_max: 1EF1E0
01-05 11:59:38.988 705 705 D PowerHAL: Enter cpufreq_set_for_release_when_close: enable:1, duration: 0, /dev/cluster1_freq_min: 1EF1E0
01-05 11:59:38.988 705 705 D PowerHAL: Set /dev/cluster1_freq_min: 1e8c50
01-05 11:59:38.988 705 705 D PowerHAL: Enter devfreq_ddr_set: enable:1, duration: 0, /sys/class/devfreq/scene-frequency/sprd-governor/scene_boost_dfs: max
01-05 11:59:38.988 1128 4104 W WindowManager: Prepare app transition: mNextAppTransitionRequests=[TRANSIT_OPEN], mNextAppTransitionFlags=, displayId: 0 Callers=com.android.server.wm.DisplayContent.prepareAppTransition:6543 com.android.server.wm.DisplayContent.prepareAppTransition:6534 com.android.server.wm.Task.startActivityLocked:6849 com.android.server.wm.ActivityStarter.startActivityInner:3099 com.android.server.wm.ActivityStarter.startActivityUnchecked:2518
01-05 11:59:38.988 1128 4104 V WindowManager: Checking theme of starting window: 0x0
01-05 11:59:38.989 1128 4104 D CompatibilityChangeReporter: Compat change id reported: 205907456; UID 10245; state: DISABLED
01-05 11:59:38.989 1128 4104 V WindowManager: Creating SplashScreenStartingData
01-05 11:59:38.989 1128 4104 D ActivityTaskManager: Add starting com.android.server.wm.ActivityRecord$AddStartingWindow@6155d09: typeParam=11
01-05 11:59:38.989 705 705 D PowerHAL: ###Enter launch scene end###
01-05 11:59:38.989 1128 4104 V WindowManager: Add starting com.android.server.wm.ActivityRecord$AddStartingWindow@6155d09: startingData=com.android.server.wm.SplashScreenStartingData@7678b0e
01-05 11:59:38.989 1128 4104 V WindowManager: Added starting ActivityRecord{e3be4c2 u0 org.qtproject.example.camera/org.qtproject.qt.android.bindings.QtActivity} t703}: startingWindow=null startingView=com.android.server.wm.StartingSurfaceController$StartingSurface@e48a92f
01-05 11:59:38.992 1128 4104 I Pageboost: stop alp
01-05 11:59:38.992 1128 4104 I SemDvfsHyPerManager: acquire hyper - AMS_APP_LAUNCH/1128@14, type = -999
01-05 11:59:38.992 2302 2302 E pageboostd: Received HALT command code 2
01-05 11:59:38.992 701 733 I HYPER-HAL: [RequestManager.cpp]acquire(): Acquired ID : 652667 [1128 / 14] HINT : AMS_APP_LAUNCH list :
01-05 11:59:38.994 1955 1955 I BaseActivity: removeActivityFlags, flags : 16
01-05 11:59:38.994 1955 1955 I BaseActivity: removeActivityFlags, flags : 6
01-05 11:59:38.995 1955 1955 I DragController: endDrag
01-05 11:59:38.995 1504 1691 I SurfaceSyncer@a27c468: new SurfaceSyncer() = android.view.ViewRootImpl.:1168 android.view.ViewRootImpl.:1304 android.view.WindowManagerGlobal.addView:530 com.android.wm.shell.startingsurface.StartingSurfaceDrawer.addWindow:614 com.android.wm.shell.startingsurface.StartingSurfaceDrawer.addSplashScreenStartingWindow:386
01-05 11:59:38.995 1955 1955 W LauncherAppWidgetHost: setShouldListenFlag, mFlags:15 flag:resume on:false isFront:false
01-05 11:59:38.995 1955 1955 I SPayUpdater: updateSpayHandler launcher activity is paused false
01-05 11:59:38.996 1504 1704 D NativeCustomFrequencyManager: [NativeCFMS] BpCustomFrequencyManager::BpCustomFrequencyManager()
01-05 11:59:38.996 1128 2950 D MARsPolicyManager: onPackageResumedFG pkgName = org.qtproject.example.camera, userId = 0
01-05 11:59:38.998 1128 2950 W WindowManager: Prepare app transition: mNextAppTransitionRequests=[TRANSIT_OPEN, TRANSIT_OPEN], mNextAppTransitionFlags=, displayId: 0 Callers=com.android.server.wm.DisplayContent.prepareAppTransition:6543 com.android.server.wm.TaskFragment.resumeTopActivity:1628 com.android.server.wm.TaskFragment.resumeTopActivity:1354 com.android.server.wm.Task.resumeTopActivityInnerLocked:6683 com.android.server.wm.Task.resumeTopActivityUncheckedLocked:6574
01-05 11:59:38.999 1128 2950 D WindowManagerServiceExt: notifyOccludeChangeNotice: cn=ComponentInfo{org.qtproject.example.camera/org.qtproject.qt.android.bindings.QtActivity} occludesParent=true inMultiWindow=false styleFloating=false caller=com.android.server.wm.WindowManagerServiceExt.updateOccludeTargetIfNeeded:1423 com.android.server.wm.DisplayContent.ensureActivitiesVisible:7598 com.android.server.wm.RootWindowContainer.ensureActivitiesVisible:2270 com.android.server.wm.RootWindowContainer.ensureActivitiesVisible:2251 com.android.server.wm.TaskFragment.completePause:2146
01-05 11:59:39.001 1955 1955 I TopTaskTracker: onTaskMovedToFront : taskId = 703
01-05 11:59:39.001 1128 4094 D InputTransport: Input channel constructed: '8954a1a', fd=806
01-05 11:59:39.001 1128 4094 D InputTransport: Input channel constructed: '8954a1a', fd=812
01-05 11:59:39.001 1128 4094 D InputTransport: Input channel constructed: '8954a1a', fd=814
01-05 11:59:39.001 749 2267 I SurfaceFlinger: id=198 createSurf flag=80004, 8954a1a Splash Screen org.qtproject.example.camera#198
01-05 11:59:39.002 1128 4094 V WindowManager: addWindow: ActivityRecord{e3be4c2 u0 org.qtproject.example.camera/org.qtproject.qt.android.bindings.QtActivity} t703} startingWindow=Window{8954a1a u0 Splash Screen org.qtproject.example.camera}
01-05 11:59:39.003 1128 4094 V WindowManager: rotationForOrientation(orient=SCREEN_ORIENTATION_PORTRAIT (1), last=ROTATION_0 (0)); user=ROTATION_0 (0)
01-05 11:59:39.003 1128 4094 D WindowManager: rotationForOrientation, orientationSource=ActivityRecord{e3be4c2 u0 org.qtproject.example.camera/org.qtproject.qt.android.bindings.QtActivity} t703}
01-05 11:59:39.003 1128 4094 V WindowManager: Computed rotation=ROTATION_0 (0) for display id=0 based on lastOrientation=SCREEN_ORIENTATION_PORTRAIT (1) and oldRotation=ROTATION_0 (0), caller=com.android.server.wm.DisplayRotation.updateOrientation:432 com.android.server.wm.DisplayContent.updateOrientation:2003 com.android.server.wm.DisplayContent.updateOrientation:1884 com.android.server.wm.WindowManagerService.addWindow:2103 com.android.server.wm.Session.addToDisplayAsUser:223 android.view.IWindowSession$Stub.onTransact:720
01-05 11:59:39.003 1128 4094 D InputTransport: Input channel destroyed: '8954a1a', fd=814
01-05 11:59:39.005 1504 1691 D InsetsController: onStateChanged: InsetsState: {mDisplayFrame=Rect(0, 0 - 1200, 1920), mDisplayCutout=DisplayCutout{insets=Rect(0, 0 - 0, 0) waterfall=Insets{left=0, top=0, right=0, bottom=0} boundingRect={Bounds=[Rect(0, 0 - 0, 0), Rect(0, 0 - 0, 0), Rect(0, 0 - 0, 0), Rect(0, 0 - 0, 0)]} cutoutPathParserInfo={CutoutPathParserInfo{displayWidth=0 displayHeight=0 physicalDisplayWidth=0 physicalDisplayHeight=0 density={0.0} cutoutSpec={} rotation={0} scale={0.0} physicalPixelDisplaySizeRatio={0.0}}}}, mRoundedCorners=RoundedCorners{[RoundedCorner{position=TopLeft, radius=20, center=Point(20, 20)}, RoundedCorner{position=TopRight, radius=20, center=Point(1180, 20)}, RoundedCorner{position=BottomRight, radius=20, center=Point(1180, 1900)}, RoundedCorner{position=BottomLeft, radius=20, center=Point(20, 1900)}]} mRoundedCornerFrame=Rect(0, 0 - 1200, 1920), mPrivacyIndicatorBounds=PrivacyIndicatorBounds {static bounds=Rect(1134, 0 - 1200, 36) rotation=0}, mSources= { InsetsSource: {mType=ITYPE_STATUS_BAR, mFrame=[0,0][1200,36], mVisible=true, mInsetsRoundedCornerFrame=false}, InsetsSource: {mType=ITYPE_LEFT_GESTURES, mFrame=[0,0][0,1920], mVisible=true, mInsetsRoundedCornerFrame=false}, InsetsSource: {mType=ITYPE_RIGHT_GESTURES, mFrame=[1200,0][1200,1920], mVisible=true, mInsetsRoundedCornerFrame=false}, InsetsSource: {mType=ITYPE_TOP_MANDATORY_GESTURES, mFrame=[0,0][1200,36], mVisible=true, mInsetsRoundedCornerFrame=false}, InsetsSource: {mType=ITYPE_BOTTOM_MANDATORY_GESTURES, mFrame=[0,1848][1200,1920], mVisible=true, mInsetsRoundedCornerFrame=false}, InsetsSource: {mType=ITYPE_TOP_TAPPABLE_ELEMENT, mFrame=[0,0][1200,36], mVisible=true, mInsetsRoundedCornerFrame=false}, InsetsSource: {mType=ITYPE_BOTTOM_TAPPABLE_ELEMENT, mFrame=[0,1848][1200,1920], mVisible=true, mInsetsRoundedCornerFrame=false}, InsetsSource: {mType=ITYPE_IME, mFrame=[0,0][0,0], mVisible=false, mInsetsRoundedCornerFrame=false}, InsetsSource: {mType=ITYPE_EXTRA_NAVIGATION_BAR, mFrame=[0,1848][1200,1920], mVisible=true, mInsetsRoundedCornerFrame=false} } host=Splash Screen org.qtproject.example.camera from=android.view.ViewRootImpl.setView:1739
01-05 11:59:39.005 1504 1691 I ViewRootImpl@4223526[camera]: setView = android.widget.FrameLayout@da0c2fe TM=true
01-05 11:59:39.005 1128 4094 D CoreBackPreview: Window{8954a1a u0 Splash Screen org.qtproject.example.camera}: Setting back callback OnBackInvokedCallbackInfo{mCallback=android.window.IOnBackInvokedCallback$Stub$Proxy@9aea441, mPriority=0}
01-05 11:59:39.006 1128 1151 D CompatibilityChangeReporter: Compat change id reported: 135634846; UID 10245; state: DISABLED
01-05 11:59:39.006 1128 1151 D CompatibilityChangeReporter: Compat change id reported: 177438394; UID 10245; state: DISABLED
01-05 11:59:39.006 1128 1151 D CompatibilityChangeReporter: Compat change id reported: 135772972; UID 10245; state: DISABLED
01-05 11:59:39.006 1128 1151 D CompatibilityChangeReporter: Compat change id reported: 135754954; UID 10245; state: ENABLED
01-05 11:59:39.007 1128 1165 D CompatibilityChangeReporter: Compat change id reported: 143937733; UID 10245; state: ENABLED
01-05 11:59:39.007 1128 4104 I AppOps : updateUidProcState uid: 10048 procState: 1 capability:15
01-05 11:59:39.007 1504 1691 I ViewRootImpl@4223526[camera]: performTraversals params={(0,0)(fillxfill) sim={adjust=pan} ty=APPLICATION_STARTING fmt=TRANSLUCENT wanim=0x10302f4
01-05 11:59:39.007 1504 1691 I ViewRootImpl@4223526[camera]: fl=81030118
01-05 11:59:39.007 1504 1691 I ViewRootImpl@4223526[camera]: pfl=16000010
01-05 11:59:39.007 1504 1691 I ViewRootImpl@4223526[camera]: bhv=DEFAULT
01-05 11:59:39.007 1504 1691 I ViewRootImpl@4223526[camera]: fitSides= naviIconColor=0}
01-05 11:59:39.008 1504 1691 I ViewRootImpl@4223526[camera]: performTraversals mFirst=true windowShouldResize=true viewVisibilityChanged=false mForceNextWindowRelayout=false params={(0,0)(fillxfill) sim={adjust=pan} ty=APPLICATION_STARTING fmt=TRANSLUCENT wanim=0x10302f4
01-05 11:59:39.008 1504 1691 I ViewRootImpl@4223526[camera]: fl=81030118
01-05 11:59:39.008 1504 1691 I ViewRootImpl@4223526[camera]: pfl=16000010
01-05 11:59:39.008 1504 1691 I ViewRootImpl@4223526[camera]: bhv=DEFAULT
01-05 11:59:39.008 1504 1691 I ViewRootImpl@4223526[camera]: fitSides= naviIconColor=0}
01-05 11:59:39.008 855 5540 I CameraService: onUidStateChanged: uid=10048, procState is changed. (0 -> 1)
01-05 11:59:39.008 1128 4094 V WindowManager: Relayout Window{8954a1a u0 Splash Screen org.qtproject.example.camera}: viewVisibility=0 req=1200x1920 d0
01-05 11:59:39.008 1128 4094 D RestrictionPolicy: isScreenCaptureEnabled : ret=true userId=0
01-05 11:59:39.009 749 2267 I SurfaceFlinger: id=199 createSurf flag=40004, Splash Screen org.qtproject.example.camera$_1504#199
01-05 11:59:39.009 1128 4094 D WindowManager: makeSurface duration=0 name=Splash Screen org.qtproject.example.camera$_1504
01-05 11:59:39.009 1128 1151 D SGM:FgCheckThread: notePauseComponent(), received pkgName: com.sec.android.app.launcher, userId: 0
01-05 11:59:39.009 1128 1356 I CocktailBarManagerServiceContainer: handleMessage: entry what = 6
01-05 11:59:39.009 1128 1356 I CocktailBarManagerServiceImpl: notePauseComponent : no active host
01-05 11:59:39.011 1128 4094 V WindowManager: Changing focus from Window{1bc372e u0 com.sec.android.app.launcher/com.sec.android.app.launcher.activities.LauncherActivity} to null displayId=0 Callers=com.android.server.wm.RootWindowContainer.updateFocusedWindowLocked:602 com.android.server.wm.WindowManagerService.updateFocusedWindowLocked:6862 com.android.server.wm.WindowManagerService.relayoutWindow:2832 com.android.server.wm.Session.relayout:275
01-05 11:59:39.011 1128 4094 D MARsPolicyManager: onPackageResumedFG pkgName = com.sec.android.app.launcher, userId = 0
01-05 11:59:39.012 1128 4094 D StatusBarManagerService: notifyRequestedSystemKey recent=false home=false
01-05 11:59:39.013 1128 4094 V WindowManager: Relayout hash=8954a1a, pid=1504, syncId=-1: mAttrs={(0,0)(fillxfill) sim={adjust=pan} ty=APPLICATION_STARTING fmt=TRANSLUCENT wanim=0x10302f4
01-05 11:59:39.013 1128 4094 V WindowManager: fl=81030118
01-05 11:59:39.013 1128 4094 V WindowManager: pfl=16000010
01-05 11:59:39.013 1128 4094 V WindowManager: bhv=DEFAULT
01-05 11:59:39.013 1128 4094 V WindowManager: fitSides= naviIconColor=0}
01-05 11:59:39.013 1128 1387 D TrafficStats: tagSocket(814) with statsTag=0xffffffff, statsUid=-1
01-05 11:59:39.013 1955 1955 I Launcher: onOccludeChangeNotice: cn = ComponentInfo{org.qtproject.example.camera/org.qtproject.qt.android.bindings.QtActivity}, fullscreen: true
01-05 11:59:39.014 1955 1955 I BaseActivity: removeActivityFlags, flags : 1024
01-05 11:59:39.014 1955 1955 I TaskbarUIController: onLauncherResumedOrPaused() called with: isResumed = [false], fromInit = [false], animationDuration = [200]
01-05 11:59:39.014 1955 1955 I TaskbarLauncherStateController: applyState - mPrevState : 1 mState : 0
01-05 11:59:39.014 1504 1691 I ViewRootImpl@4223526[camera]: updateBlastSurfaceIfNeeded mBlastBufferQueue=null isSameSurfaceControl=false
01-05 11:59:39.014 1955 1955 I TaskbarLauncherStateController: animatorSet start.
01-05 11:59:39.014 1504 1691 I BLASTBufferQueue: new BLASTBufferQueue, mName= ViewRootImpl@4223526[camera] mNativeObject= 0xb40000756da0db80 sc.mNativeObject= 0xb400007602af3260 caller= android.view.ViewRootImpl.updateBlastSurfaceIfNeeded:2939 android.view.ViewRootImpl.relayoutWindow:9990 android.view.ViewRootImpl.performTraversals:3919 android.view.ViewRootImpl.doTraversal:3151 android.view.ViewRootImpl$TraversalRunnable.run:11068 android.view.Choreographer$CallbackRecord.run:1321 android.view.Choreographer$CallbackRecord.run:1329 android.view.Choreographer.doCallbacks:930 android.view.Choreographer.doFrame:859 android.view.Choreographer$FrameDisplayEventReceiver.run:1303
01-05 11:59:39.014 677 677 D Zygote : Forked child process 10554
01-05 11:59:39.015 1504 1691 I BLASTBufferQueue: update, w= 1200 h= 1920 mName = ViewRootImpl@4223526[camera] mNativeObject= 0xb40000756da0db80 sc.mNativeObject= 0xb400007602af3260 format= -3 caller= android.graphics.BLASTBufferQueue.:84 android.view.ViewRootImpl.updateBlastSurfaceIfNeeded:2939 android.view.ViewRootImpl.relayoutWindow:9990 android.view.ViewRootImpl.performTraversals:3919 android.view.ViewRootImpl.doTraversal:3151 android.view.ViewRootImpl$TraversalRunnable.run:11068
01-05 11:59:39.015 1955 1955 I TaskbarLauncherStateController: Start animation onStateChangeApplied
01-05 11:59:39.015 1504 1691 I ViewRootImpl@4223526[camera]: Relayout returned: old=(0,0,1200,1920) new=(0,0,1200,1920) req=(1200,1920)0 dur=6 res=0x3 s={true 0xb400007563425000} ch=true seqId=0
01-05 11:59:39.016 1955 1955 I TaskbarUIController: Already Taskbar Tips is shown.
01-05 11:59:39.016 1955 1955 I NavbarButtonsViewController: marqueeNavigationBarIcon shift : 1
01-05 11:59:39.016 1504 1691 I ViewRootImpl@4223526[camera]: mThreadedRenderer.initialize() mSurface={isValid=true 0xb400007563425000} hwInitialized=true
01-05 11:59:39.016 1504 1704 D OpenGLRenderer: eglCreateWindowSurface
01-05 11:59:39.017 1128 1165 I ActivityManager: Start proc 10554:org.qtproject.example.camera/u0a245 for next-top-activity {org.qtproject.example.camera/org.qtproject.qt.android.bindings.QtActivity}
01-05 11:59:39.017 1504 1691 I ViewRootImpl@4223526[camera]: reportNextDraw android.view.ViewRootImpl.performTraversals:4473 android.view.ViewRootImpl.doTraversal:3151 android.view.ViewRootImpl$TraversalRunnable.run:11068 android.view.Choreographer$CallbackRecord.run:1321 android.view.Choreographer$CallbackRecord.run:1329
01-05 11:59:39.017 1504 1691 I ViewRootImpl@4223526[camera]: Setup new sync id=0
01-05 11:59:39.017 1504 1691 I ViewRootImpl@4223526[camera]: Setting syncFrameCallback
01-05 11:59:39.017 1504 1691 I ViewRootImpl@4223526[camera]: registerCallbacksForSync syncBuffer=false
01-05 11:59:39.017 690 741 I gralloc4: allocate: id=2b2000000ac, hal_format=RGBA8888, mali_format=RGBA8888, afbc=SPLIT, usage=GPU_RW|HWC|BACKBUF, size=1200x1920, stride=1200, name=ViewRootImpl@4223526[camera]#9(BLAST Consumer)9
01-05 11:59:39.018 1504 10555 I gralloc4: register: id=2b2000000ac, handle:0xb40000761363cc00, vaddr=0x7610413000
01-05 11:59:39.019 690 741 I gralloc4: allocate: id=2b2000000ad, hal_format=RGBA8888, mali_format=RGBA8888, afbc=SPLIT, usage=GPU_RW|HWC|BACKBUF, size=1200x1920, stride=1200, name=ViewRootImpl@4223526[camera]#9(BLAST Consumer)9
01-05 11:59:39.019 1504 10555 I gralloc4: register: id=2b2000000ad, handle:0xb4000076136e8200, vaddr=0x757ebb0000
01-05 11:59:39.019 1504 1750 I ViewRootImpl@4223526[camera]: Received frameDrawingCallback syncResult=0 frameNum=1.
01-05 11:59:39.019 1504 1750 I ViewRootImpl@4223526[camera]: Setting up sync and frameCommitCallback
01-05 11:59:39.021 690 741 I gralloc4: allocate: id=2b2000000ae, hal_format=RGBA8888, mali_format=RGBA8888, afbc=SPLIT, usage=GPU_RW|HWC|BACKBUF, size=1200x1920, stride=1200, name=ViewRootImpl@4223526[camera]#9(BLAST Consumer)9
01-05 11:59:39.022 1128 4104 D InputDispatcher: Focus left window (0): 1bc372e com.sec.android.app.launcher/com.sec.android.app.launcher.activities.LauncherActivity
01-05 11:59:39.022 1504 1704 I BLASTBufferQueue: [ViewRootImpl@4223526[camera]#9](f:0,a:0) onFrameAvailable the first frame is available
01-05 11:59:39.023 749 2267 I gralloc4: register: id=2b2000000ac, handle:0xb400007ba4602200, vaddr=0x7b7d288000
01-05 11:59:39.023 1504 1704 I ViewRootImpl@4223526[camera]: Received frameCommittedCallback lastAttemptedDrawFrameNum=1 didProduceBuffer=true
01-05 11:59:39.024 1504 1704 D OpenGLRenderer: CFMS:: SetUp Pid : 1504 Tid : 1704
01-05 11:59:39.024 1504 1704 W Parcel : Expecting binder but got null!
01-05 11:59:39.024 1955 1955 I ViewRootImpl@69a9bf6[Taskbar]: performTraversals params={(0,0)(fillx1920) gr=BOTTOM CENTER_VERTICAL sim={adjust=nothing} layoutInDisplayCutoutMode=always ty=NAVIGATION_BAR_PANEL fmt=TRANSLUCENT receive insets ignoring z-order
01-05 11:59:39.024 1955 1955 I ViewRootImpl@69a9bf6[Taskbar]: fl=21800008
01-05 11:59:39.024 1955 1955 I ViewRootImpl@69a9bf6[Taskbar]: pfl=2200000
01-05 11:59:39.024 1955 1955 I ViewRootImpl@69a9bf6[Taskbar]: bhv=DEFAULT
01-05 11:59:39.024 1955 1955 I ViewRootImpl@69a9bf6[Taskbar]: insetsTypes=ITYPE_EXTRA_NAVIGATION_BAR ITYPE_BOTTOM_TAPPABLE_ELEMENT
01-05 11:59:39.024 1955 1955 I ViewRootImpl@69a9bf6[Taskbar]: providedInternalInsets=null null null null null null null null null null null null null null null null null null Insets{left=0, top=1848, right=0, bottom=0} null null Insets{left=0, top=1848, right=0, bottom=0} null null
01-05 11:59:39.024 1955 1955 I ViewRootImpl@69a9bf6[Taskbar]: providedInternalImeInsets=null null null null null null null null null null null null null null null null null null Insets{left=0, top=1848, right=0, bottom=0} null null Insets{left=0, top=1848, right=0, bottom=0} null null insetsRoundedCornerFrame=true naviIconColor=0}
01-05 11:59:39.024 1504 1691 I ViewRootImpl@4223526[camera]: onSyncComplete
01-05 11:59:39.025 1504 1691 I ViewRootImpl@4223526[camera]: setupSync seqId=0 mSyncId=0 fn=1 caller=android.view.ViewRootImpl$$ExternalSyntheticLambda11.accept:6 android.window.SurfaceSyncer.lambda$setupSync$1$android-window-SurfaceSyncer:168 android.window.SurfaceSyncer$$ExternalSyntheticLambda1.accept:8 android.window.SurfaceSyncer$SyncSet.checkIfSyncIsComplete:495 android.window.SurfaceSyncer$SyncSet.markSyncReady:454 android.window.SurfaceSyncer.markSyncReady:191 android.view.ViewRootImpl.performTraversals:4538
01-05 11:59:39.025 1504 1691 I ViewRootImpl@4223526[camera]: reportDrawFinished seqId=0 mSyncId=-1 fn=1 mSurfaceChangedTransaction=0xb400007613619500
01-05 11:59:39.025 1955 1955 I ViewRootImpl@69a9bf6[Taskbar]: performTraversals mFirst=false windowShouldResize=false viewVisibilityChanged=false mForceNextWindowRelayout=false params={(0,0)(fillx1920) gr=BOTTOM CENTER_VERTICAL sim={adjust=nothing} layoutInDisplayCutoutMode=always ty=NAVIGATION_BAR_PANEL fmt=TRANSLUCENT receive insets ignoring z-order
01-05 11:59:39.025 1955 1955 I ViewRootImpl@69a9bf6[Taskbar]: fl=21800008
01-05 11:59:39.025 1955 1955 I ViewRootImpl@69a9bf6[Taskbar]: pfl=2200000
01-05 11:59:39.025 1955 1955 I ViewRootImpl@69a9bf6[Taskbar]: bhv=DEFAULT
01-05 11:59:39.025 1955 1955 I ViewRootImpl@69a9bf6[Taskbar]: insetsTypes=ITYPE_EXTRA_NAVIGATION_BAR ITYPE_BOTTOM_TAPPABLE_ELEMENT
01-05 11:59:39.025 1955 1955 I ViewRootImpl@69a9bf6[Taskbar]: providedInternalInsets=null null null null null null null null null null null null null null null null null null Insets{left=0, top=1848, right=0, bottom=0} null null Insets{left=0, top=1848, right=0, bottom=0} null null
01-05 11:59:39.025 1955 1955 I ViewRootImpl@69a9bf6[Taskbar]: providedInternalImeInsets=null null null null null null null null null null null null null null null null null null Insets{left=0, top=1848, right=0, bottom=0} null null Insets{left=0, top=1848, right=0, bottom=0} null null insetsRoundedCornerFrame=true naviIconColor=0}
01-05 11:59:39.025 1128 4104 D WindowManager: finishDrawingWindow: Window{8954a1a u0 Splash Screen org.qtproject.example.camera} mDrawState=DRAW_PENDING seqId=0
01-05 11:59:39.026 1128 4104 V WindowManager: Finishing drawing window Window{8954a1a u0 Splash Screen org.qtproject.example.camera}: mDrawState=DRAW_PENDING
01-05 11:59:39.026 1128 4104 V WindowManager: Draw state now committed in Window{8954a1a u0 Splash Screen org.qtproject.example.camera}
01-05 11:59:39.026 10554 10554 I .example.camera: Late-enabling -Xcheck:jni
01-05 11:59:39.027 1504 10555 I gralloc4: register: id=2b2000000ae, handle:0xb40000761eeef300, vaddr=0x756014c000
01-05 11:59:39.027 1128 1152 W WindowManager: Execute app transition: mNextAppTransitionRequests=[TRANSIT_OPEN, TRANSIT_OPEN], mNextAppTransitionFlags=, displayId: 0 Callers=com.android.server.wm.ActivityRecord.onStartingWindowDrawn:7751 com.android.server.wm.WindowState.performShowLocked:5713 com.android.server.wm.WindowStateAnimator.commitFinishDrawingLocked:352 com.android.server.wm.DisplayContent.lambda$new$8:1199 com.android.server.wm.DisplayContent.$r8$lambda$OtLCIQFjCt9o-SYztyeDUcWUwGs:0
01-05 11:59:39.027 1128 1152 D WindowManager: performShow logReadyForDisplay win=Window{8954a1a u0 Splash Screen org.qtproject.example.camera} mToken.waitingToShow:true isTransitionSet:true
01-05 11:59:39.029 1128 1152 D WindowManager: Loading animation for app transition. transit=TRANSIT_OLD_WALLPAPER_CLOSE enter=false frame=Rect(0, 0 - 1200, 1848) insets=Rect(0, 0 - 0, 0) surfaceInsets=Rect(0, 0 - 0, 0)
01-05 11:59:39.030 1128 1152 I WindowManager: Reparenting to leash, surface=Surface(name=Task=1)/@0x90b218d, leashParent=Surface(name=DefaultTaskDisplayArea)/@0xe046f42
01-05 11:59:39.030 749 2267 I SurfaceFlinger: id=200 createSurf flag=24000, Surface(name=Task=1)/@0x90b218d - animation-leash of app_transition#200
01-05 11:59:39.031 1128 1152 D WindowManager: makeSurface duration=0 leash=Surface(name=Surface(name=Task=1)/@0x90b218d - animation-leash of app_transition)/@0x600437d
01-05 11:59:39.031 1128 1152 D WindowManager: Loading animation for app transition. transit=TRANSIT_OLD_WALLPAPER_CLOSE enter=true frame=Rect(0, 0 - 1200, 1920) insets=Rect(0, 36 - 0, 72) surfaceInsets=Rect(0, 0 - 0, 0)
01-05 11:59:39.034 1128 1152 I WindowManager: Reparenting to leash, surface=Surface(name=Task=703)/@0x8d29a79, leashParent=Surface(name=DefaultTaskDisplayArea)/@0xe046f42
01-05 11:59:39.035 749 2267 I SurfaceFlinger: id=201 createSurf flag=24004, Surface(name=Task=703)/@0x8d29a79 - animation-leash of app_transition#201
01-05 11:59:39.035 1128 1152 D WindowManager: makeSurface duration=1 leash=Surface(name=Surface(name=Task=703)/@0x8d29a79 - animation-leash of app_transition)/@0xf52d3be
01-05 11:59:39.036 1128 1152 V WindowManager: performShowLocked: mDrawState=HAS_DRAWN in Window{8954a1a u0 Splash Screen org.qtproject.example.camera}
01-05 11:59:39.038 749 2267 I SurfaceFlinger: id=202 createSurf flag=80000, 148fd0d ActivityRecordInputSink org.qtproject.example.camera/org.qtproject.qt.android.bindings.QtActivity#202
01-05 11:59:39.040 1128 4094 V WindowManager: Relayout Window{1fe938a u0 Taskbar}: viewVisibility=0 req=1200x1920 d0
01-05 11:59:39.043 1504 1749 I ViewRootImpl@4223526[camera]: Resizing android.view.ViewRootImpl@7509a5f: frame = [0,0][1200,1920] reportDraw = false forceLayout = false syncSeqId = 0
01-05 11:59:39.043 1504 2356 I ViewRootImpl@8a3d1e1[StatusBar]: Resizing android.view.ViewRootImpl@7aaab1d: frame = [0,0][1200,36] reportDraw = false forceLayout = false syncSeqId = 2
01-05 11:59:39.043 1955 4763 I ViewRootImpl@69a9bf6[Taskbar]: Resizing android.view.ViewRootImpl@5cc8182: frame = [0,0][1200,1920] reportDraw = false forceLayout = false syncSeqId = 0
01-05 11:59:39.043 1504 1691 D InsetsController: onStateChanged: InsetsState: {mDisplayFrame=Rect(0, 0 - 1200, 1920), mDisplayCutout=DisplayCutout{insets=Rect(0, 0 - 0, 0) waterfall=Insets{left=0, top=0, right=0, bottom=0} boundingRect={Bounds=[Rect(0, 0 - 0, 0), Rect(0, 0 - 0, 0), Rect(0, 0 - 0, 0), Rect(0, 0 - 0, 0)]} cutoutPathParserInfo={CutoutPathParserInfo{displayWidth=0 displayHeight=0 physicalDisplayWidth=0 physicalDisplayHeight=0 density={0.0} cutoutSpec={} rotation={0} scale={0.0} physicalPixelDisplaySizeRatio={0.0}}}}, mRoundedCorners=RoundedCorners{[RoundedCorner{position=TopLeft, radius=20, center=Point(20, 20)}, RoundedCorner{position=TopRight, radius=20, center=Point(1180, 20)}, RoundedCorner{position=BottomRight, radius=20, center=Point(1180, 1900)}, RoundedCorner{position=BottomLeft, radius=20, center=Point(20, 1900)}]} mRoundedCornerFrame=Rect(0, 0 - 1200, 1920), mPrivacyIndicatorBounds=PrivacyIndicatorBounds {static bounds=Rect(1134, 0 - 1200, 36) rotation=0}, mSources= { InsetsSource: {mType=ITYPE_STATUS_BAR, mFrame=[0,0][1200,36], mVisible=true, mInsetsRoundedCornerFrame=false}, InsetsSource: {mType=ITYPE_LEFT_GESTURES, mFrame=[0,0][0,1920], mVisible=true, mInsetsRoundedCornerFrame=false}, InsetsSource: {mType=ITYPE_RIGHT_GESTURES, mFrame=[1200,0][1200,1920], mVisible=true, mInsetsRoundedCornerFrame=false}, InsetsSource: {mType=ITYPE_TOP_MANDATORY_GESTURES, mFrame=[0,0][1200,36], mVisible=true, mInsetsRoundedCornerFrame=false}, InsetsSource: {mType=ITYPE_BOTTOM_MANDATORY_GESTURES, mFrame=[0,1848][1200,1920], mVisible=true, mInsetsRoundedCornerFrame=false}, InsetsSource: {mType=ITYPE_TOP_TAPPABLE_ELEMENT, mFrame=[0,0][1200,36], mVisible=true, mInsetsRoundedCornerFrame=false}, InsetsSource: {mType=ITYPE_BOTTOM_TAPPABLE_ELEMENT, mFrame=[0,1848][1200,1920], mVisible=true, mInsetsRoundedCornerFrame=false}, InsetsSource: {mType=ITYPE_IME, mFrame=[0,0][0,0], mVisible=false, mInsetsRoundedCornerFrame=false}, InsetsSource: {mType=ITYPE_EXTRA_NAVIGATION_BAR, mFrame=[0,1848][1200,1920], mVisible=true, mInsetsRoundedCornerFrame=true} } host=Splash Screen org.qtproject.example.camera from=android.view.ViewRootImpl$ViewRootHandler.handleMessageImpl:6805
01-05 11:59:39.043 1504 1504 D InsetsController: onStateChanged: InsetsState: {mDisplayFrame=Rect(0, 0 - 1200, 1920), mDisplayCutout=DisplayCutout{insets=Rect(0, 0 - 0, 0) waterfall=Insets{left=0, top=0, right=0, bottom=0} boundingRect={Bounds=[Rect(0, 0 - 0, 0), Rect(0, 0 - 0, 0), Rect(0, 0 - 0, 0), Rect(0, 0 - 0, 0)]} cutoutPathParserInfo={CutoutPathParserInfo{displayWidth=0 displayHeight=0 physicalDisplayWidth=0 physicalDisplayHeight=0 density={0.0} cutoutSpec={} rotation={0} scale={0.0} physicalPixelDisplaySizeRatio={0.0}}}}, mRoundedCorners=RoundedCorners{[RoundedCorner{position=TopLeft, radius=20, center=Point(20, 20)}, RoundedCorner{position=TopRight, radius=20, center=Point(1180, 20)}, RoundedCorner{position=BottomRight, radius=20, center=Point(1180, 1900)}, RoundedCorner{position=BottomLeft, radius=20, center=Point(20, 1900)}]} mRoundedCornerFrame=Rect(0, 0 - 0, 0), mPrivacyIndicatorBounds=PrivacyIndicatorBounds {static bounds=Rect(1134, 0 - 1200, 36) rotation=0}, mSources= { InsetsSource: {mType=ITYPE_LEFT_GESTURES, mFrame=[0,0][0,1920], mVisible=true, mInsetsRoundedCornerFrame=false}, InsetsSource: {mType=ITYPE_RIGHT_GESTURES, mFrame=[1200,0][1200,1920], mVisible=true, mInsetsRoundedCornerFrame=false}, InsetsSource: {mType=ITYPE_TOP_MANDATORY_GESTURES, mFrame=[0,0][1200,36], mVisible=true, mInsetsRoundedCornerFrame=false}, InsetsSource: {mType=ITYPE_BOTTOM_MANDATORY_GESTURES, mFrame=[0,1848][1200,1920], mVisible=true, mInsetsRoundedCornerFrame=false}, InsetsSource: {mType=ITYPE_BOTTOM_TAPPABLE_ELEMENT, mFrame=[0,1848][1200,1920], mVisible=true, mInsetsRoundedCornerFrame=false}, InsetsSource: {mType=ITYPE_EXTRA_NAVIGATION_BAR, mFrame=[0,1848][1200,1920], mVisible=true, mInsetsRoundedCornerFrame=true} } host=StatusBar from=android.view.ViewRootImpl$ViewRootHandler.handleMessageImpl:6805
01-05 11:59:39.044 1504 1691 I ViewRootImpl@4223526[camera]: handleResized, msg = 4 frames=ClientWindowFrames{frame=[0,0][1200,1920] display=[0,0][1200,1920] parentFrame=[0,0][0,0] parentClippedByDisplayCutout=false} forceNextWindowRelayout=false displayId=0 resizeMode=-1 frameChanged=false displayFrameChanged=false configChanged=false displayChanged=false
01-05 11:59:39.044 1504 1504 I ViewRootImpl@8a3d1e1[StatusBar]: handleResized, msg = 4 frames=ClientWindowFrames{frame=[0,0][1200,36] display=[0,0][1200,1920] parentFrame=[0,0][0,0] parentClippedByDisplayCutout=false} forceNextWindowRelayout=false displayId=0 resizeMode=-1 frameChanged=false displayFrameChanged=false configChanged=false displayChanged=false
01-05 11:59:39.045 1128 4094 V WindowManager: Relayout hash=1fe938a, pid=1955, syncId=-1: mAttrs={(0,0)(fillx1920) gr=BOTTOM CENTER_VERTICAL sim={adjust=nothing} layoutInDisplayCutoutMode=always ty=NAVIGATION_BAR_PANEL fmt=TRANSLUCENT receive insets ignoring z-order
01-05 11:59:39.045 1128 4094 V WindowManager: fl=21800008
01-05 11:59:39.045 1128 4094 V WindowManager: pfl=2200000
01-05 11:59:39.045 1128 4094 V WindowManager: bhv=DEFAULT
01-05 11:59:39.045 1128 4094 V WindowManager: insetsTypes=ITYPE_EXTRA_NAVIGATION_BAR ITYPE_BOTTOM_TAPPABLE_ELEMENT
01-05 11:59:39.045 1128 4094 V WindowManager: providedInternalInsets=null null null null null null null null null null null null null null null null null null Insets{left=0, top=1848, right=0, bottom=0} null null Insets{left=0, top=1848, right=0, bottom=0} null null
01-05 11:59:39.045 1128 4094 V WindowManager: providedInternalImeInsets=null null null null null null null null null null null null null null null null null null Insets{left=0, top=1848, right=0, bottom=0} null null Insets{left=0, top=1848, right=0, bottom=0} null null insetsRoundedCornerFrame=true naviIconColor=0}
01-05 11:59:39.046 1955 1955 I ViewRootImpl@69a9bf6[Taskbar]: updateBlastSurfaceIfNeeded mBlastBufferQueue=0xb4000076026f3e80 isSameSurfaceControl=true
01-05 11:59:39.046 1955 1955 I BLASTBufferQueue: update, w= 1200 h= 1920 mName = ViewRootImpl@69a9bf6[Taskbar] mNativeObject= 0xb4000076026f3e80 sc.mNativeObject= 0xb40000758e7d99c0 format= -3 caller= android.view.ViewRootImpl.updateBlastSurfaceIfNeeded:2928 android.view.ViewRootImpl.relayoutWindow:9990 android.view.ViewRootImpl.performTraversals:3919 android.view.ViewRootImpl.doTraversal:3151 android.view.ViewRootImpl$TraversalRunnable.run:11068 android.view.Choreographer$CallbackRecord.run:1321
01-05 11:59:39.046 1955 1955 I ViewRootImpl@69a9bf6[Taskbar]: Relayout returned: old=(0,0,1200,1920) new=(0,0,1200,1920) req=(1200,1920)0 dur=21 res=0x0 s={true 0xb40000758e665800} ch=false seqId=0
01-05 11:59:39.047 1955 1955 I TaskbarView: hsOnLayout() called - left : 0 top : 1848 right : 1200 bottom : 1920 count : 6 allAppsNeeded : 112 navSpaceNeeded : 394 iconSize : 51 iconPadding : Rect(14, 10 - 14, 10) recentViewNeeded : 183 recentIconCount : 2
01-05 11:59:39.048 1955 1955 I TaskbarDragLayer: Region update Empty
01-05 11:59:39.050 1955 1955 W SearchLauncherServiceMover: isMoving : false
01-05 11:59:39.051 1955 1955 I TaskbarViewController: Add recent animation.
01-05 11:59:39.052 1955 2204 I LiveIconViewUpdater: onUpdateLiveIcon - id : 27, itemType : 0
01-05 11:59:39.052 1955 1955 I TaskbarLauncherStateController: update taskbar visibility to 0
01-05 11:59:39.054 749 749 I Layer : sf layer Visibility: (BufferStateLayer)layer name =Splash Screen org.qtproject.example.camera$_1504#199, isVisible=0 (Hiddenflag = 1, Alpha = 1.000000, [BufferInfo.mBuffer||mSidebandStream] = 2)
01-05 11:59:39.054 749 749 I Layer : sf layer not visible reason: parentlayer(8954a1a Splash Screen org.qtproject.example.camera#198) Hiddenflag = 1
01-05 11:59:39.059 1955 1955 I ViewRootImpl@69a9bf6[Taskbar]: handleResized, msg = 4 frames=ClientWindowFrames{frame=[0,0][1200,1920] display=[0,0][1200,1920] parentFrame=[0,0][0,0] parentClippedByDisplayCutout=false} forceNextWindowRelayout=false displayId=0 resizeMode=-1 frameChanged=false displayFrameChanged=false configChanged=false displayChanged=false
01-05 11:59:39.059 10554 10554 I .example.camera: Using CollectorTypeCC GC.
01-05 11:59:39.059 1955 1955 I ViewRootImpl@8d24ff1[LauncherActivity]: MSG_WINDOW_FOCUS_CHANGED 0 0
01-05 11:59:39.060 1955 1955 I BaseActivity: removeActivityFlags, flags : 8
01-05 11:59:39.062 1955 1955 W SearchLauncherServiceMover: isMoving : false
01-05 11:59:39.063 1955 1955 I ViewRootImpl@69a9bf6[Taskbar]: performTraversals params={(0,0)(fillx1920) gr=BOTTOM CENTER_VERTICAL sim={adjust=nothing} layoutInDisplayCutoutMode=always ty=NAVIGATION_BAR_PANEL fmt=TRANSLUCENT receive insets ignoring z-order
01-05 11:59:39.063 1955 1955 I ViewRootImpl@69a9bf6[Taskbar]: fl=21800008
01-05 11:59:39.063 1955 1955 I ViewRootImpl@69a9bf6[Taskbar]: pfl=2200000
01-05 11:59:39.063 1955 1955 I ViewRootImpl@69a9bf6[Taskbar]: bhv=DEFAULT
01-05 11:59:39.063 1955 1955 I ViewRootImpl@69a9bf6[Taskbar]: insetsTypes=ITYPE_EXTRA_NAVIGATION_BAR ITYPE_BOTTOM_TAPPABLE_ELEMENT
01-05 11:59:39.063 1955 1955 I ViewRootImpl@69a9bf6[Taskbar]: providedInternalInsets=null null null null null null null null null null null null null null null null null null Insets{left=0, top=1848, right=0, bottom=0} null null Insets{left=0, top=1848, right=0, bottom=0} null null
01-05 11:59:39.063 1955 1955 I ViewRootImpl@69a9bf6[Taskbar]: providedInternalImeInsets=null null null null null null null null null null null null null null null null null null Insets{left=0, top=1848, right=0, bottom=0} null null Insets{left=0, top=1848, right=0, bottom=0} null null insetsRoundedCornerFrame=true naviIconColor=0}
01-05 11:59:39.064 1955 1955 I ViewRootImpl@69a9bf6[Taskbar]: performTraversals mFirst=false windowShouldResize=false viewVisibilityChanged=false mForceNextWindowRelayout=false params={(0,0)(fillx1920) gr=BOTTOM CENTER_VERTICAL sim={adjust=nothing} layoutInDisplayCutoutMode=always ty=NAVIGATION_BAR_PANEL fmt=TRANSLUCENT receive insets ignoring z-order
01-05 11:59:39.064 1955 1955 I ViewRootImpl@69a9bf6[Taskbar]: fl=21800008
01-05 11:59:39.064 1955 1955 I ViewRootImpl@69a9bf6[Taskbar]: pfl=2200000
01-05 11:59:39.064 1955 1955 I ViewRootImpl@69a9bf6[Taskbar]: bhv=DEFAULT
01-05 11:59:39.064 1955 1955 I ViewRootImpl@69a9bf6[Taskbar]: insetsTypes=ITYPE_EXTRA_NAVIGATION_BAR ITYPE_BOTTOM_TAPPABLE_ELEMENT
01-05 11:59:39.064 1955 1955 I ViewRootImpl@69a9bf6[Taskbar]: providedInternalInsets=null null null null null null null null null null null null null null null null null null Insets{left=0, top=1848, right=0, bottom=0} null null Insets{left=0, top=1848, right=0, bottom=0} null null
01-05 11:59:39.064 1955 1955 I ViewRootImpl@69a9bf6[Taskbar]: providedInternalImeInsets=null null null null null null null null null null null null null null null null null null Insets{left=0, top=1848, right=0, bottom=0} null null Insets{left=0, top=1848, right=0, bottom=0} null null insetsRoundedCornerFrame=true naviIconColor=0}
01-05 11:59:39.065 1128 4104 V WindowManager: Relayout Window{1fe938a u0 Taskbar}: viewVisibility=0 req=1200x1920 d0
01-05 11:59:39.067 1128 4104 V WindowManager: Relayout hash=1fe938a, pid=1955, syncId=-1: mAttrs={(0,0)(fillx1920) gr=BOTTOM CENTER_VERTICAL sim={adjust=nothing} layoutInDisplayCutoutMode=always ty=NAVIGATION_BAR_PANEL fmt=TRANSLUCENT receive insets ignoring z-order
01-05 11:59:39.067 1128 4104 V WindowManager: fl=21800008
01-05 11:59:39.067 1128 4104 V WindowManager: pfl=2200000
01-05 11:59:39.067 1128 4104 V WindowManager: bhv=DEFAULT
01-05 11:59:39.067 1128 4104 V WindowManager: insetsTypes=ITYPE_EXTRA_NAVIGATION_BAR ITYPE_BOTTOM_TAPPABLE_ELEMENT
01-05 11:59:39.067 1128 4104 V WindowManager: providedInternalInsets=null null null null null null null null null null null null null null null null null null Insets{left=0, top=1848, right=0, bottom=0} null null Insets{left=0, top=1848, right=0, bottom=0} null null
01-05 11:59:39.067 1128 4104 V WindowManager: providedInternalImeInsets=null null null null null null null null null null null null null null null null null null Insets{left=0, top=1848, right=0, bottom=0} null null Insets{left=0, top=1848, right=0, bottom=0} null null insetsRoundedCornerFrame=true naviIconColor=0}
01-05 11:59:39.068 1955 1955 I ViewRootImpl@69a9bf6[Taskbar]: updateBlastSurfaceIfNeeded mBlastBufferQueue=0xb4000076026f3e80 isSameSurfaceControl=true
01-05 11:59:39.068 1955 1955 I BLASTBufferQueue: update, w= 1200 h= 1920 mName = ViewRootImpl@69a9bf6[Taskbar] mNativeObject= 0xb4000076026f3e80 sc.mNativeObject= 0xb40000758e7d8ca0 format= -3 caller= android.view.ViewRootImpl.updateBlastSurfaceIfNeeded:2928 android.view.ViewRootImpl.relayoutWindow:9990 android.view.ViewRootImpl.performTraversals:3919 android.view.ViewRootImpl.doTraversal:3151 android.view.ViewRootImpl$TraversalRunnable.run:11068 android.view.Choreographer$CallbackRecord.run:1321
01-05 11:59:39.068 1955 1955 I ViewRootImpl@69a9bf6[Taskbar]: Relayout returned: old=(0,0,1200,1920) new=(0,0,1200,1920) req=(1200,1920)0 dur=3 res=0x0 s={true 0xb40000758e665800} ch=false seqId=0
01-05 11:59:39.068 1955 1955 I TaskbarDragLayer: Region update Empty
01-05 11:59:39.072 691 748 I gralloc4: register: id=2b2000000ac, handle:0xb400007ab9298e00, vaddr=0x7a1b2f7000
01-05 11:59:39.074 1955 1955 W SearchLauncherServiceMover: isMoving : false
01-05 11:59:39.077 749 749 D SurfaceFlinger: Display 0 HWC layers:
01-05 11:59:39.077 749 749 D SurfaceFlinger: CLIENT | 0xb400007b816ff400 | 0100 | RGBA_8888 | 360.0 0.0 1560.0 1920.0 | 0 0 1200 1920 | Wallpaper BBQ wrapper#77
01-05 11:59:39.077 749 749 D SurfaceFlinger: CLIENT | 0xb400007b83c23600 | 0100 | RGBA_8888 | 0.0 0.0 1200.0 1920.0 | 0 0 1200 1920 | com.sec.android.app.launcher/com.sec[...]ctivities.LauncherActivity$_1955#190
01-05 11:59:39.077 749 749 D SurfaceFlinger: CLIENT | 0xb400007ba4602200 | 0100 | RGBA_8888 | 0.0 0.0 1200.0 1920.0 | 84 134 1116 1786 | Splash Screen org.qtproject.example.camera$_1504#199
01-05 11:59:39.077 749 749 D SurfaceFlinger: CLIENT | 0xb400007ba466f800 | 0100 | RGBA_8888 | 0.0 0.0 1200.0 36.0 | 0 0 1200 36 | StatusBar$_1504#82
01-05 11:59:39.077 749 749 D SurfaceFlinger: CLIENT | 0xb400007b83c23200 | 0100 | RGBA_8888 | 0.0 0.0 1200.0 1920.0 | 0 0 1200 1920 | Taskbar$_1955#126
01-05 11:59:39.077 749 749 D SurfaceFlinger:
01-05 11:59:39.084 2336 2342 I adbd : jdwp connection from 10554
01-05 11:59:39.087 1955 1955 W SearchLauncherServiceMover: isMoving : false
01-05 11:59:39.089 691 748 I gralloc4: register: id=2b200000073, handle:0xb400007ab9298d00, vaddr=0x7a17808000
01-05 11:59:39.089 691 748 I gralloc4: unregister: id=2b200000073, handle:0xb400007ab9283b00, vaddr=0x7a1d6af000
01-05 11:59:39.089 691 748 I gralloc4: register: id=2b2000000ab, handle:0xb400007ab9283b00, vaddr=0x7a1dc0a000
01-05 11:59:39.089 691 748 I gralloc4: unregister: id=2b2000000ab, handle:0xb400007ab9298300, vaddr=0x7a1f6d4000
01-05 11:59:39.089 691 748 I gralloc4: register: id=2b2000000ac, handle:0xb400007ab9298300, vaddr=0x7a1f6d4000
01-05 11:59:39.089 691 748 I gralloc4: unregister: id=2b2000000ac, handle:0xb400007ab9298e00, vaddr=0x7a1b2f7000
01-05 11:59:39.090 691 748 I gralloc4: register: id=2b20000006c, handle:0xb400007ab9298e00, vaddr=0x7a35e7e000
01-05 11:59:39.090 691 748 I gralloc4: unregister: id=2b20000006c, handle:0xb400007ab9298900, vaddr=0x7a35f79000
01-05 11:59:39.090 691 748 I gralloc4: register: id=2b20000003c, handle:0xb400007ab9298900, vaddr=0x7a1b2f7000
01-05 11:59:39.090 691 748 I gralloc4: unregister: id=2b20000003c, handle:0xb400007ab9283200, vaddr=0x7a18651000
01-05 11:59:39.097 10554 10554 D ActivityThread: setConscryptValidator
01-05 11:59:39.097 10554 10554 D ActivityThread: setConscryptValidator - put
01-05 11:59:39.100 2501 2554 I SDHMS:l : onTaskStackChanged
01-05 11:59:39.100 1955 4763 I RecentModel: onTaskStackChangedBackground
01-05 11:59:39.103 1128 4104 V WindowManager: rotationForOrientation(orient=SCREEN_ORIENTATION_PORTRAIT (1), last=ROTATION_0 (0)); user=ROTATION_0 (0)
01-05 11:59:39.103 1128 4104 D WindowManager: rotationForOrientation, orientationSource=ActivityRecord{e3be4c2 u0 org.qtproject.example.camera/org.qtproject.qt.android.bindings.QtActivity} t703}
01-05 11:59:39.104 1955 1955 W SearchLauncherServiceMover: isMoving : false
01-05 11:59:39.105 1955 2202 I RecentTasksList: loadTasksInBackground : groupTask = GroupTask{task1=[id=629 windowingMode=0 user=0 lastActiveTime=38641] null, task2=null, task3=null, mStagedSplitBounds=null}
01-05 11:59:39.105 691 748 I gralloc4: register: id=2b200000073, handle:0xb400007ab9283200, vaddr=0x7a189e4000
01-05 11:59:39.105 1955 2202 I RecentTasksList: loadTasksInBackground : groupTask = GroupTask{task1=[id=664 windowingMode=0 user=0 lastActiveTime=38664] null, task2=null, task3=null, mStagedSplitBounds=null}
01-05 11:59:39.105 691 748 I gralloc4: unregister: id=2b200000073, handle:0xb400007ab9298d00, vaddr=0x7a17808000
01-05 11:59:39.105 1955 2202 I RecentTasksList: loadTasksInBackground : groupTask = GroupTask{task1=[id=678 windowingMode=0 user=0 lastActiveTime=38656] null, task2=null, task3=null, mStagedSplitBounds=null}
01-05 11:59:39.105 1955 2202 I RecentTasksList: loadTasksInBackground : groupTask = GroupTask{task1=[id=696 windowingMode=0 user=0 lastActiveTime=38644] null, task2=null, task3=null, mStagedSplitBounds=null}
01-05 11:59:39.105 1955 2202 I RecentTasksList: loadTasksInBackground : groupTask = GroupTask{task1=[id=700 windowingMode=0 user=0 lastActiveTime=38660] null, task2=null, task3=null, mStagedSplitBounds=null}
01-05 11:59:39.105 1955 2202 I RecentTasksList: loadTasksInBackground : groupTask = GroupTask{task1=[id=703 windowingMode=1 user=0 lastActiveTime=364527] null, task2=null, task3=null, mStagedSplitBounds=null}
01-05 11:59:39.106 691 748 I gralloc4: register: id=2b2000000ab, handle:0xb400007ab9298d00, vaddr=0x7a180f6000
01-05 11:59:39.106 691 748 I gralloc4: unregister: id=2b2000000ab, handle:0xb400007ab9283b00, vaddr=0x7a1dc0a000
01-05 11:59:39.106 691 748 I gralloc4: register: id=2b2000000ac, handle:0xb400007ab9283b00, vaddr=0x7a1dc0a000
01-05 11:59:39.106 691 748 I gralloc4: unregister: id=2b2000000ac, handle:0xb400007ab9298300, vaddr=0x7a1f6d4000
01-05 11:59:39.106 691 748 I gralloc4: register: id=2b20000006c, handle:0xb400007ab9298300, vaddr=0x7a35f79000
01-05 11:59:39.106 691 748 I gralloc4: unregister: id=2b20000006c, handle:0xb400007ab9298e00, vaddr=0x7a35e7e000
01-05 11:59:39.106 691 748 I gralloc4: register: id=2b20000003d, handle:0xb400007ab9298e00, vaddr=0x7a1f6d4000
01-05 11:59:39.107 691 748 I gralloc4: unregister: id=2b20000003d, handle:0xb400007ab9298a00, vaddr=0x7a1e4f8000
01-05 11:59:39.109 1128 4104 V WindowManager: Computed rotation=ROTATION_0 (0) for display id=0 based on lastOrientation=SCREEN_ORIENTATION_PORTRAIT (1) and oldRotation=ROTATION_0 (0), caller=com.android.server.wm.DisplayRotation.updateOrientation:432 com.android.server.wm.DisplayContent.updateOrientation:2003 com.android.server.wm.DisplayContent.updateOrientation:1903 com.android.server.wm.RootWindowContainer.ensureVisibilityAndConfig:2161 com.android.server.wm.ActivityTaskSupervisor.realStartActivityLocked:919 com.android.server.wm.RootWindowContainer$AttachApplicationHelper.test:4415
01-05 11:59:39.111 1128 4104 D TspStateManager: updateCustomValue customSetting=
01-05 11:59:39.112 1128 4104 D TspStateManager: updateCustomValue customSetting=
01-05 11:59:39.113 1128 4104 D SGM:PkgDataHelper: notifyAppCreate(), pkgName: org.qtproject.example.camera, userId: 0, sendRet: true
01-05 11:59:39.114 1128 4104 D MARsPolicyManager: onPackageResumedFG pkgName = org.qtproject.example.camera, userId = 0
01-05 11:59:39.114 1128 1283 D SGM:FgCheckThread: onLooperPrepared(), msg: MSG_APP_CREATE, pkgName: org.qtproject.example.camera, userId: 0
01-05 11:59:39.114 1128 4104 D ActivityTaskManager: scheduleTopResumedActivityChanged, onTop=true r=ActivityRecord{e3be4c2 u0 org.qtproject.example.camera/org.qtproject.qt.android.bindings.QtActivity} t703} caller=com.android.server.wm.ActivityTaskSupervisor.scheduleTopResumedActivityStateIfNeeded:2591 com.android.server.wm.ActivityTaskSupervisor.updateTopResumedActivityIfNeeded:2583 com.android.server.wm.TaskFragment.setResumedActivity:508 com.android.server.wm.TaskFragment.onActivityStateChanged:820 com.android.server.wm.ActivityRecord.setState:6643 com.android.server.wm.Task.minimalResumeActivityLocked:6377
01-05 11:59:39.115 1128 4104 D InputDispatcher: Focused application(0): ActivityRecord{e3be4c2 u0 org.qtproject.example.camera/org.qtproject.qt.android.bindings.QtActivity} t703}
01-05 11:59:39.115 1128 4104 D SGM:FgCheckThread: TaskStackListener.onTaskFocusChanged(), taskId=701, focused=false
01-05 11:59:39.115 1128 4104 D SGM:FgCheckThread: TaskStackListener.onTaskFocusChanged(), taskId=703, focused=true
01-05 11:59:39.115 1128 4104 D SGM:FgCheckThread: sendRunningComponentFocus(), pkgName: org.qtproject.example.camera, userId: 0
01-05 11:59:39.115 1955 1955 I TaskbarRecentView: Block stack change
01-05 11:59:39.115 1128 1283 D SGM:FgCheckThread: onLooperPrepared(), msg: MSG_TASK_FOCUSED, pkgName: org.qtproject.example.camera, userId: 0
01-05 11:59:39.115 1128 1283 D SGM:FgCheckThread: handleTaskFocused().
01-05 11:59:39.115 1128 1283 D SGM:FgCheckThread: handleTaskFocused(), pkgName: org.qtproject.example.camera, userID:0
01-05 11:59:39.115 1128 1283 D SGM:FgCheckThread: handleResume().
