01-05 12:00:14.589 10554 10554 I SurfaceView@f62b756: surfaceRedrawNeeded
01-05 12:00:14.590 685 685 I Cam3HWI : 1362, configureStreams: [cam_hal_flow] configureStreams: camId=0, prev: w=2560, h=1440, video: w=0, h=0, callback: w=2560, h=1440, yuv2: w=0, h=0, cap: w=3264, h=2448, debuginfo: w=0, h=0
01-05 12:00:14.590 685 685 I Cam3HWI : 1479, configureStreams: [cam_hal_flow] : configureStreams -
01-05 12:00:14.590 855 6091 D HidlCamera3-Device: configureStreams : stream[0] : format = 0x22(IMPL_DEF), data_space = 0, usage flag = 0x20000103 max_buffers = 4, physical_camera_id =
01-05 12:00:14.590 855 6091 D HidlCamera3-Device: configureStreams : stream[1] : format = 0x21(JPEG), data_space = 146931712, usage flag = 0x3 max_buffers = 1, physical_camera_id =
01-05 12:00:14.590 855 6091 D HidlCamera3-Device: configureStreams : stream[2] : format = 0x23(YUV_420_888), data_space = 146931712, usage flag = 0x3 max_buffers = 4, physical_camera_id =
01-05 12:00:14.590 855 6091 D Camera3-Device: CameraPerf: Connect Streams E
01-05 12:00:14.590 855 6091 I Camera3-Status: addComponent: Adding new component 2 - streamId = 0, format = 0x22(IMPL_DEF), width = 2560, height = 1440, option = 0x0, type = OUTPUT
01-05 12:00:14.591 10554 10554 V SurfaceView@f62b756: Layout: x=0 y=120 w=1200 h=1728, frame=Rect(0, 0 - 1200, 1728)
01-05 12:00:14.591 1128 4104 I EDMNativeHelperService: isCameraEnabled
01-05 12:00:14.591 855 6091 D Camera3-OutputStream: configureConsumerQueueLocked: Consumer wants 2 buffers, HAL wants 4
01-05 12:00:14.591 1128 4104 D EDMNativeHelper: isCameraEnabled
01-05 12:00:14.592 1128 4104 D EDMNativeHelper: checking for camera in EnterpriseDeviceManagerService
01-05 12:00:14.592 1128 4104 D EnterpriseDeviceManagerService: isCameraEnabledNative
01-05 12:00:14.592 1128 4104 D EnterpriseDeviceManagerService: checking for camera in restriction policy
01-05 12:00:14.592 1128 4104 D RestrictionPolicy: isCameraEnabled ret(true) userId(0) cxtInfo.mCallerUid(10245) cxtInfo.mContainerId(0)
01-05 12:00:14.593 10554 10554 I SurfaceView@f62b756: finishedDrawing
01-05 12:00:14.593 749 796 I gralloc4: register: id=2b2000000b7, handle:0xb400007b816ffd00, vaddr=0x7b7cb94000
01-05 12:00:14.595 10554 10622 D SurfaceView@f62b756: updateSurfacePosition RenderWorker, frameNr = 9, position = [0, 120, 1200, 1848] surfaceSize = 1200x1728
01-05 12:00:14.596 10554 10622 I SurfaceView@f62b756: uSP: rtp = Rect(0, 120 - 1200, 1848) rtsw = 1200 rtsh = 1728
01-05 12:00:14.596 10554 10622 I SurfaceView@f62b756: onSSPAndSRT: pl = 0 pt = 120 sx = 1.0 sy = 1.0
01-05 12:00:14.597 10554 10622 I SurfaceView@f62b756: aOrMT: ViewRootImpl@e17d4b8[QtActivity] t = android.view.SurfaceControl$Transaction@eb214e1 fN = 9 android.view.SurfaceView.-$$Nest$mapplyOrMergeTransaction:0 android.view.SurfaceView$SurfaceViewPositionUpdateListener.positionChanged:1548 android.graphics.RenderNode$CompositePositionUpdateListener.positionChanged:373
01-05 12:00:14.598 855 6091 I Camera3-Status: addComponent: Adding new component 3 - streamId = 1, format = 0x21(JPEG), width = 3264, height = 2448, option = 0x0, type = OUTPUT
01-05 12:00:14.599 855 6091 D Camera3-OutputStream: configureConsumerQueueLocked: Consumer wants 1 buffers, HAL wants 1
01-05 12:00:14.599 855 6091 I Camera3-Status: addComponent: Adding new component 4 - streamId = 2, format = 0x23(YUV_420_888), width = 2560, height = 1440, option = 0x0, type = OUTPUT
01-05 12:00:14.599 855 6091 D Camera3-OutputStream: configureConsumerQueueLocked: Consumer wants 6 buffers, HAL wants 4
01-05 12:00:14.599 855 6091 D Camera3-Device: CameraPerf: Connect Streams X (8ms)
01-05 12:00:14.600 855 6091 D Camera3-Device: Set real time priority for request queue thread (tid 10949)
01-05 12:00:14.600 855 6091 D Camera3-Device: CameraPerf: configureStreamsLocked: Camera 0: Stream configuration X (11ms)
01-05 12:00:14.600 855 6091 D Camera3-Device: setRepeatingRequests: lastFrameNumber 0.
01-05 12:00:14.600 855 6091 I Camera3-Status: markComponent: Component 1 is now active - RequestThread
01-05 12:00:14.601 855 6091 D Camera3-Device: submitRequestsHelper: mInterfaceLock.unlock()
01-05 12:00:14.601 855 10947 I CameraService: startCameraStreamingOps: Start camera streaming ops, package name = org.qtproject.example.camera, client UID = 10245
01-05 12:00:14.601 855 10949 D Camera3-Device: CameraPerf: PrepareHALRequests E
01-05 12:00:14.601 690 741 I gralloc4: allocate: id=2b2000000b8, hal_format=YCbCr420-888, mali_format=NV21, afbc=false, usage=CPU_R, size=2560x1440, stride=2560, name=Camera2-CallbackConsumer
01-05 12:00:14.602 855 10949 I gralloc4: register: id=2b2000000b8, handle:0xb400007a96b52f00, vaddr=0x7a7ca3d000
01-05 12:00:14.602 691 748 I gralloc4: register: id=2b2000000b7, handle:0xb400007ab9283c00, vaddr=0x7a1b4f1000
01-05 12:00:14.602 855 10949 I Camera3-Status: markComponent: Component 4 is now active - streamId = 2, format = 0x23(YUV_420_888), width = 2560, height = 1440, option = 0x0, type = OUTPUT
01-05 12:00:14.603 690 741 I gralloc4: allocate: id=2b2000000b9, hal_format=RGBA8888, mali_format=RGBA8888, afbc=false, usage=CPU_RW|GPU_R|HWC, size=1200x1728, stride=1200, name=SurfaceView[org.qtproject.example.camera/org.qtproject.qt.android.bindings.QtActivity]@0#1(BLAST Consumer)1
01-05 12:00:14.604 690 690 I gralloc4: allocate: id=2b2000000ba, hal_format=IMPL-DEF, mali_format=NV21, afbc=false, usage=CPU_R|GPU_R|NO_AFBC, size=2560x1440, stride=2560, name=SurfaceTexture-2-10554-0
01-05 12:00:14.604 855 10947 I CameraServiceProxyWrapper: updateProxyDeviceState: notifyCameraState for Camera ID 0, newState 1, facing 0, clientName org.qtproject.example.camera, apiLevel 1
01-05 12:00:14.604 10554 10620 I gralloc4: register: id=2b2000000b9, handle:0xb40000757bb1ad00, vaddr=0x758485c000
01-05 12:00:14.604 1504 1749 I CameraManagerGlobal: Camera 0 facing CAMERA_FACING_BACK state now CAMERA_STATE_ACTIVE for client org.qtproject.example.camera API Level 1 User Id 0
01-05 12:00:14.604 1128 4094 I CameraManagerGlobal: Camera 0 facing CAMERA_FACING_BACK state now CAMERA_STATE_ACTIVE for client org.qtproject.example.camera API Level 1 User Id 0
01-05 12:00:14.604 1128 4094 I CameraManagerGlobal: onCameraDeviceStateChangedLocked: post device state update
01-05 12:00:14.604 1791 1812 I CameraManagerGlobal: Camera 0 facing CAMERA_FACING_BACK state now CAMERA_STATE_ACTIVE for client org.qtproject.example.camera API Level 1 User Id 0
01-05 12:00:14.605 10554 10909 I gralloc4: register: id=2b2000000ba, handle:0xb400007588f33b00, vaddr=0x7584316000
01-05 12:00:14.605 2501 8150 I CameraManagerGlobal: Camera 0 facing CAMERA_FACING_BACK state now CAMERA_STATE_ACTIVE for client org.qtproject.example.camera API Level 1 User Id 0
01-05 12:00:14.605 2501 8150 I CameraManagerGlobal: onCameraDeviceStateChangedLocked: post device state update
01-05 12:00:14.605 2501 8150 I CameraManagerGlobal: onCameraDeviceStateChangedLocked: post device state update
01-05 12:00:14.605 2745 2777 I CameraManagerGlobal: Camera 0 facing CAMERA_FACING_BACK state now CAMERA_STATE_ACTIVE for client org.qtproject.example.camera API Level 1 User Id 0
01-05 12:00:14.605 10554 10620 I gralloc4: lockBuffer: id=2b2000000b9, vaddr=0x758485c000
01-05 12:00:14.605 1128 4104 I CameraService_proxy: wmi.addRefreshRateRangeForPackage minFPS = 30.001415, maxFPS = 60.0, clientName = org.qtproject.example.camera
01-05 12:00:14.605 1128 2316 D AutoRotationHandler: not support this mode
01-05 12:00:14.605 855 10949 I gralloc4: register: id=2b2000000ba, handle:0xb400007a96ba1900, vaddr=0x7a7c4f7000
01-05 12:00:14.606 855 10949 I Camera3-Status: markComponent: Component 2 is now active - streamId = 0, format = 0x22(IMPL_DEF), width = 2560, height = 1440, option = 0x0, type = OUTPUT
01-05 12:00:14.606 855 10949 I Camera3-Status: markComponent: Component 0 is now active - InflightRequests
01-05 12:00:14.606 855 10949 D Camera3-Device: CameraPerf: PrepareHALRequests X (5ms)
01-05 12:00:14.606 855 10949 D Camera3-Device: CameraPerf: sendRequestsBatch E
01-05 12:00:14.607 685 1028 I gralloc4: register: id=2b2000000b8, handle:0xe901ed00, vaddr=0xd6736000
01-05 12:00:14.607 685 1028 I gralloc4: register: id=2b2000000ba, handle:0xe901ee00, vaddr=0xd61f0000
01-05 12:00:14.608 685 1028 I Cam3HWI : 2388, processCaptureRequest: [cam_hal_flow] processCaptureRequest : first req
01-05 12:00:14.609 720 745 E CP_CONNECT_CTL: socket_reconnect: socket_reconnect src_sock=10, des_socket=cp_time_sync_server.
01-05 12:00:14.609 685 1028 I cmr_grab: 2058, cmr_grab_flash_cb: flash_mode = 0,led0_ctrl = 1, led1_ctrl = 1
01-05 12:00:14.609 720 745 E CP_CONNECT_CTL: process_socket_connect: open cp_time_sync_server failed: Connection refused [111(Connection refused)]
01-05 12:00:14.609 720 745 E CP_CONNECT_CTL: socket_reconnect: socket_reconnect src_sock=10, des_socket=cp_time_sync_server.
01-05 12:00:14.609 720 745 E CP_CONNECT_CTL: process_socket_connect: open cp_time_sync_server failed: Connection refused [111(Connection refused)]
01-05 12:00:14.609 720 745 E CP_CONNECT_CTL: socket_reconnect: socket_reconnect src_sock=10, des_socket=cp_time_sync_server.
01-05 12:00:14.609 720 745 E CP_CONNECT_CTL: process_socket_connect: open cp_time_sync_server failed: Connection refused [111(Connection refused)]
01-05 12:00:14.609 720 745 E CP_CONNECT_CTL: socket_reconnect: socket_reconnect src_sock=10, des_socket=cp_time_sync_server.
01-05 12:00:14.609 720 745 E CP_CONNECT_CTL: process_socket_connect: open cp_time_sync_server failed: Connection refused [111(Connection refused)]
01-05 12:00:14.611 685 1028 W cmr_focus: 807, af_mode_to_isp: af_mode 5 isp_af_mode 8
01-05 12:00:14.612 10554 10620 I gralloc4: unlockBuffer: id=2b2000000b9, vaddr=0x758485c000
01-05 12:00:14.612 749 1195 D SurfaceFlinger: input display mode 0 for VRR, Current active mode 0
01-05 12:00:14.612 685 10964 I af_sprd_adpt_v1: 2793, af_sprd_set_af_mode: af state = caf, focus state = af idle, set af_mode = 3
01-05 12:00:14.613 749 1195 W SurfaceFlinger: input mode id is the same as current mode id, nothing to do
01-05 12:00:14.613 685 10964 I af_sprd_adpt_v1: 955, af_set_default_roi: current af->trigger_mode 1
01-05 12:00:14.613 685 10964 I af_sprd_adpt_v1: 313, afm_set_win: camera_id 0
01-05 12:00:14.613 685 10964 I aft_sprd_lib: 2052, sprd_caf_trigger_ioctrl: cmd : 1001
01-05 12:00:14.613 749 1196 I gralloc4: register: id=2b2000000b9, handle:0xb400007b8577d200, vaddr=0x7b78def000
01-05 12:00:14.613 685 10964 I aft_sprd_lib: 1803, aft_set_mode: version : 1
01-05 12:00:14.613 685 10964 I aft_sprd_lib: 1808, aft_set_mode: af_mode :3
01-05 12:00:14.613 685 10964 I aft_sprd_lib: 1777, aft_get_diverse_data: get mode 2 aft param
01-05 12:00:14.613 685 10964 I aft_sprd_lib: 109, DebugProp_Control: support flag: face 1, pd 0, tof 0, afm 1, cafblk 0, imgblk 1, hist 1, gyro 0, gsensor 1, abort 1, need_print_support 0, sc 0
01-05 12:00:14.613 685 10964 I aft_sprd_lib: 2052, sprd_caf_trigger_ioctrl: cmd : 1002
01-05 12:00:14.613 685 10964 I aft_sprd_lib: 4408, aft_proc_start: trigger started
01-05 12:00:14.613 685 10964 I aft_sprd_lib: 3770, aft_proc_reset: move face_base (sx ex sy ey) = (0 0 0 0), rollangle 0; stab face_base (sx ex sy ey) = (0 0 0 0), rollangle 0
01-05 12:00:14.613 685 1028 I OEMCam : 160, camera_cancel_autofocus: done
01-05 12:00:14.613 685 10964 I af_sprd_adpt_v1: 3001, af_sprd_set_af_cancel: cancel af state = record caf
01-05 12:00:14.614 685 1028 I Cam3OEMIf: 3573, startPreviewInternal: E camera id 0
01-05 12:00:14.614 685 1028 I cmr_oem : 9447, camera_set_3dnr_video: is_3dnr_video 0
01-05 12:00:14.614 685 1028 I cmr_oem : 9482, camera_get_af_support: af_support 1
01-05 12:00:14.614 685 1028 I Cam3OEMIf: 3686, startPreviewInternal: mTopAppId is 0, mWhitelists is 509
01-05 12:00:14.616 685 10927 I cmr_oem : 7945, camera_init_thread_proc: wait here
01-05 12:00:14.616 685 10919 I cmr_sensor: 922, cmr_sns_thread_proc: evt 524548
01-05 12:00:14.616 685 10919 I cmr_sensor: 1328, cmr_sns_ioctl: cmd = 45, arg = 0xdbb92958.
01-05 12:00:14.616 685 10919 I a801_gc8034_backly: 721, gc8034_drv_access_val: sensor gc8034: param_ptr->type=1f
01-05 12:00:14.616 685 1028 I cmr_oem : 12656, camera_get_preview_param: video_snapshot_type=0
01-05 12:00:14.617 685 10919 I cmr_sensor: 922, cmr_sns_thread_proc: evt 524548
01-05 12:00:14.617 685 10919 I cmr_sensor: 1328, cmr_sns_ioctl: cmd = 45, arg = 0xda481ea0.
01-05 12:00:14.617 685 10919 I a801_gc8034_backly: 721, gc8034_drv_access_val: sensor gc8034: param_ptr->type=11
01-05 12:00:14.617 685 10919 I a801_gc8034_backly: 406, gc8034_drv_get_fps_info: mode 2, max_fps: 30
01-05 12:00:14.617 685 10919 I a801_gc8034_backly: 407, gc8034_drv_get_fps_info: min_fps: 1
01-05 12:00:14.617 685 10919 I a801_gc8034_backly: 408, gc8034_drv_get_fps_info: is_high_fps: 0
01-05 12:00:14.617 685 10919 I a801_gc8034_backly: 409, gc8034_drv_get_fps_info: high_fps_skip_num: 0
01-05 12:00:14.617 685 10919 I cmr_sensor: 922, cmr_sns_thread_proc: evt 524548
01-05 12:00:14.617 685 10919 I cmr_sensor: 1328, cmr_sns_ioctl: cmd = 45, arg = 0xda481ea0.
01-05 12:00:14.617 685 10919 I a801_gc8034_backly: 721, gc8034_drv_access_val: sensor gc8034: param_ptr->type=11
01-05 12:00:14.617 685 10919 I a801_gc8034_backly: 406, gc8034_drv_get_fps_info: mode 2, max_fps: 30
01-05 12:00:14.617 685 10919 I a801_gc8034_backly: 407, gc8034_drv_get_fps_info: min_fps: 1
01-05 12:00:14.617 685 10919 I a801_gc8034_backly: 408, gc8034_drv_get_fps_info: is_high_fps: 0
01-05 12:00:14.617 685 10919 I a801_gc8034_backly: 409, gc8034_drv_get_fps_info: high_fps_skip_num: 0
01-05 12:00:14.617 685 10919 I cmr_sensor: 922, cmr_sns_thread_proc: evt 524548
01-05 12:00:14.617 685 10919 I cmr_sensor: 1328, cmr_sns_ioctl: cmd = 45, arg = 0xda481e88.
01-05 12:00:14.617 685 10919 I a801_gc8034_backly: 721, gc8034_drv_access_val: sensor gc8034: param_ptr->type=11
01-05 12:00:14.617 685 10919 I a801_gc8034_backly: 406, gc8034_drv_get_fps_info: mode 2, max_fps: 30
01-05 12:00:14.617 685 10919 I a801_gc8034_backly: 407, gc8034_drv_get_fps_info: min_fps: 1
01-05 12:00:14.617 685 10919 I a801_gc8034_backly: 408, gc8034_drv_get_fps_info: is_high_fps: 0
01-05 12:00:14.617 685 10919 I a801_gc8034_backly: 409, gc8034_drv_get_fps_info: high_fps_skip_num: 0
01-05 12:00:14.617 685 10937 I cmr_grab: 1531, cmr_grab_scale_capability: width 4672, sc_factor 10, sc_threshold 4672
01-05 12:00:14.617 685 10937 I cmr_mm_dvfs: 171, set_dcam_dvfs_policy: set dvfs-> dcam-if done, freq is 192000000
01-05 12:00:14.617 685 10937 I cmr_mm_dvfs: 280, set_isp_dvfs_policy: set dvfs-> isp done, freq is max
01-05 12:00:14.617 685 10937 I cmr_oem : 9175, camera_preview_pre_proc: camera id 0
01-05 12:00:14.617 685 10937 I cmr_oem : 9180, camera_preview_pre_proc: sensor work mode 2
01-05 12:00:14.617 685 10919 I cmr_sensor: 922, cmr_sns_thread_proc: evt 524549
01-05 12:00:14.617 685 10919 I sns_drv_u: 1355, sensor_set_mode_msg: mode = 2.
01-05 12:00:14.617 685 10919 I sns_drv_u: 1375, sensor_set_mode_msg: is_async: no, phyid: 0
01-05 12:00:14.618 685 10920 I sns_drv_u: 1031, sensor_ctrl_thread_proc: evt 526338
01-05 12:00:14.618 685 10920 I sns_drv_u: 1427, sensor_set_mode: mode = 2.
01-05 12:00:14.618 685 10920 I hw_sensor: 404, hw_sensor_set_mclk: mclk 24, ret 0
01-05 12:00:14.618 685 10920 I hw_sensor: 1042, hw_Sensor_SendRegTabToSensor: E:burst_mode 0, sensor_id 0
01-05 12:00:14.618 691 748 I gralloc4: register: id=2b2000000b9, handle:0xb400007ab9298500, vaddr=0x7a18756000
01-05 12:00:14.618 1504 1504 D SystemEventChipAnimationController: Try to remove existing animationView=com.android.systemui.privacy.OngoingPrivacyChip{9fd7657 VFE...... ......ID 1146,3-1177,33 #7f0b0735 app:id/privacy_chip}
01-05 12:00:14.620 10554 10554 I SurfaceView@3d9d9a9: Changes: creating=false format=false size=true visible=false alpha=false hint=false mUseAlpha=false visible=false left=false top=false
01-05 12:00:14.620 10554 10554 I SurfaceView@3d9d9a9: 64608681 Cur surface: Surface(name=null)/@0x5c95b2e
01-05 12:00:14.620 690 690 I gralloc4: allocate: id=2b2000000bb, hal_format=RGBA8888, mali_format=RGBA8888, afbc=false, usage=CPU_RW|GPU_R|HWC, size=1200x1728, stride=1200, name=SurfaceView[org.qtproject.example.camera/org.qtproject.qt.android.bindings.QtActivity]@0#1(BLAST Consumer)1
01-05 12:00:14.621 10554 10554 I BLASTBufferQueue: update, w= 1158 h= 1443 mName = null mNativeObject= 0xb400007588cd0f00 sc.mNativeObject= 0xb400007588f3a0a0 format= 1 caller= android.view.SurfaceView.setBufferSize:1315 android.view.SurfaceView.performSurfaceTransaction:929 android.view.SurfaceView.updateSurface:1116 android.view.SurfaceView.setFrame:536 android.view.View.layout:25084 org.qtproject.qt.android.QtLayout.onLayout:196
01-05 12:00:14.621 10554 10620 I gralloc4: register: id=2b2000000bb, handle:0xb40000757bb1ae00, vaddr=0x7583b2d000
01-05 12:00:14.621 10554 10554 I SurfaceView@3d9d9a9: pST: sr = Rect(24, 138 - 1182, 1581) sw = 1158 sh = 1443
01-05 12:00:14.621 10554 10620 I gralloc4: lockBuffer: id=2b2000000bb, vaddr=0x7583b2d000
01-05 12:00:14.622 10554 10554 D SurfaceView@3d9d9a9: performSurfaceTransaction RenderWorker position = [24, 138, 1182, 1581] surfaceSize = 1158x1443
01-05 12:00:14.623 10554 10554 I SurfaceView@3d9d9a9: applyTransactionOnVriDraw: vri = ViewRootImpl@e17d4b8[QtActivity] fRS = false t = 0xb400007588f33d00 android.view.SurfaceView.performSurfaceTransaction:970 android.view.SurfaceView.updateSurface:1116 android.view.SurfaceView.setFrame:536
01-05 12:00:14.623 10554 10554 I ViewRootImpl@e17d4b8[QtActivity]: applyTransactionOnDraw: mRemoved = false isHardwareEnabled = true t = 0xb400007588f33d00android.view.SurfaceView.applyTransactionOnVriDraw:2059 android.view.SurfaceView.performSurfaceTransaction:970 android.view.SurfaceView.updateSurface:1116 android.view.SurfaceView.setFrame:536 android.view.View.layout:25084
01-05 12:00:14.623 10554 10554 I SurfaceView@3d9d9a9: updateSurface: mVisible = true mSurface.isValid() = true
01-05 12:00:14.623 10554 10554 I SurfaceView@3d9d9a9: updateSurface: mSurfaceCreated = true surfaceChanged = false visibleChanged = false
01-05 12:00:14.623 10554 10554 I SurfaceView@3d9d9a9: surfaceChanged -- format=1 w=1158 h=1443
01-05 12:00:14.624 10554 10554 I SurfaceView@3d9d9a9: surfaceChanged (1158,1443) 1 #5 org.qtproject.qt.android.QtSurface{3d9d9a9 V.E...... ......ID 24,18-1182,1461 #2}
01-05 12:00:14.624 10554 10554 I SurfaceView@3d9d9a9: surfaceRedrawNeeded
01-05 12:00:14.625 10554 10554 V SurfaceView@3d9d9a9: Layout: x=24 y=138 w=1158 h=1443, frame=Rect(0, 0 - 1158, 1443)
01-05 12:00:14.627 10554 10554 I SurfaceView@3d9d9a9: finishedDrawing
01-05 12:00:14.628 685 10920 I hw_sensor: 1061, hw_Sensor_SendRegTabToSensor: X:reg_count 52, sensor_id 0
01-05 12:00:14.628 685 10937 I cmr_oem : 17808, camera_get_remosaic_type: remosaic_type=0
01-05 12:00:14.628 685 10919 I cmr_sensor: 922, cmr_sns_thread_proc: evt 524548
01-05 12:00:14.628 685 10919 I cmr_sensor: 1328, cmr_sns_ioctl: cmd = 45, arg = 0xda481990.
01-05 12:00:14.628 685 10919 I a801_gc8034_backly: 721, gc8034_drv_access_val: sensor gc8034: param_ptr->type=11
01-05 12:00:14.628 685 10919 I a801_gc8034_backly: 406, gc8034_drv_get_fps_info: mode 2, max_fps: 30
01-05 12:00:14.628 685 10919 I a801_gc8034_backly: 407, gc8034_drv_get_fps_info: min_fps: 1
01-05 12:00:14.628 685 10919 I a801_gc8034_backly: 408, gc8034_drv_get_fps_info: is_high_fps: 0
01-05 12:00:14.628 685 10919 I a801_gc8034_backly: 409, gc8034_drv_get_fps_info: high_fps_skip_num: 0
01-05 12:00:14.628 685 10937 I cmr_grab: 476, cmr_grab_if_cfg: not support power opt
01-05 12:00:14.628 685 10937 I cmr_grab: 485, cmr_grab_if_cfg: ret 0, if type 1, mode 3, deci 0, status 0
01-05 12:00:14.628 685 10937 I cmr_grab: 544, cmr_grab_sn_cfg: sn_trim x y w h 0, 0, 3264, 2448
01-05 12:00:14.628 685 10937 I cmr_grab: 558, cmr_grab_sn_cfg: sensor_max_size: w=3264, h=2448
01-05 12:00:14.628 685 10937 I cmr_oem : 17808, camera_get_remosaic_type: remosaic_type=0
01-05 12:00:14.628 685 10937 I cmr_grab: 753, cmr_grab_cap_cfg: frm_num -1, dst width 2560, dst height 1440,slowmotion 0,is_high_fps:0, high_fps_skip_num:0, src_img_fmt 48,dst_img_fmt 16, 4in1 0.
01-05 12:00:14.628 685 10937 I cmr_grab: 600, cmr_grab_cap_cfg_common: chn_id=1, regu_mode=0, pdaf_ctrl=0 0, deci_factor=0, cfg_isp=0, chn_skip_num=0
01-05 12:00:14.628 685 10937 I cmr_grab: 665, cmr_grab_cap_cfg_common: crop_rect in hex:0,132,cc0,72c, crop_rect in dec:0,306,3264,1836
01-05 12:00:14.628 685 10937 I cmr_grab: 696, cmr_grab_cap_cfg_common: SPRD_IMG_IO_CHECK_FMT fmt 1 2560 1440 0x3132564e 1 flip:0
01-05 12:00:14.629 685 10937 I cmr_grab: 1993, cmr_grab_get_data_endian: y uv endian 0 2 0 0
01-05 12:00:14.629 10554 10622 D SurfaceView@3d9d9a9: updateSurfacePosition RenderWorker, frameNr = 11, position = [24, 138, 1182, 1581] surfaceSize = 1158x1443
01-05 12:00:14.629 685 10919 I cmr_sensor: 922, cmr_sns_thread_proc: evt 524548
01-05 12:00:14.629 685 10919 I cmr_sensor: 1328, cmr_sns_ioctl: cmd = 45, arg = 0xda480498.
01-05 12:00:14.629 685 10919 I a801_gc8034_backly: 721, gc8034_drv_access_val: sensor gc8034: param_ptr->type=11
01-05 12:00:14.629 685 10919 I a801_gc8034_backly: 406, gc8034_drv_get_fps_info: mode 2, max_fps: 30
01-05 12:00:14.629 685 10919 I a801_gc8034_backly: 407, gc8034_drv_get_fps_info: min_fps: 1
01-05 12:00:14.629 685 10919 I a801_gc8034_backly: 408, gc8034_drv_get_fps_info: is_high_fps: 0
01-05 12:00:14.629 685 10919 I a801_gc8034_backly: 409, gc8034_drv_get_fps_info: high_fps_skip_num: 0
01-05 12:00:14.629 685 10937 I cmr_grab: 476, cmr_grab_if_cfg: not support power opt
01-05 12:00:14.629 685 10937 I cmr_grab: 485, cmr_grab_if_cfg: ret 0, if type 1, mode 3, deci 0, status 0
01-05 12:00:14.629 685 10937 I cmr_grab: 544, cmr_grab_sn_cfg: sn_trim x y w h 0, 0, 3264, 2448
01-05 12:00:14.629 685 10937 I cmr_grab: 558, cmr_grab_sn_cfg: sensor_max_size: w=3264, h=2448
01-05 12:00:14.629 685 10937 I cmr_oem : 17808, camera_get_remosaic_type: remosaic_type=0
01-05 12:00:14.629 685 10937 I cmr_grab: 753, cmr_grab_cap_cfg: frm_num -1, dst width 2560, dst height 1440,slowmotion 0,is_high_fps:0, high_fps_skip_num:0, src_img_fmt 48,dst_img_fmt 16, 4in1 0.
01-05 12:00:14.629 685 10937 I cmr_grab: 600, cmr_grab_cap_cfg_common: chn_id=2, regu_mode=0, pdaf_ctrl=0 0, deci_factor=0, cfg_isp=0, chn_skip_num=0
01-05 12:00:14.629 685 10937 I cmr_grab: 665, cmr_grab_cap_cfg_common: crop_rect in hex:0,132,cc0,72c, crop_rect in dec:0,306,3264,1836
01-05 12:00:14.629 685 10937 I cmr_grab: 696, cmr_grab_cap_cfg_common: SPRD_IMG_IO_CHECK_FMT fmt 2 2560 1440 0x3132564e 1 flip:0
01-05 12:00:14.629 685 10937 I cmr_grab: 1993, cmr_grab_get_data_endian: y uv endian 0 2 0 0
01-05 12:00:14.630 10554 10622 I SurfaceView@3d9d9a9: uSP: rtp = Rect(24, 138 - 1182, 1581) rtsw = 1158 rtsh = 1443
01-05 12:00:14.630 685 10937 I cmr_prev: 13449, prev_set_cap_param: preview_eb 1 , snapshot_eb 1, frame_ctrl 1, frame_count -1, is_restart 0, is super 0
01-05 12:00:14.630 685 10937 I cmr_grab: 1531, cmr_grab_scale_capability: width 4672, sc_factor 10, sc_threshold 4672
01-05 12:00:14.630 10554 10622 I SurfaceView@3d9d9a9: onSSPAndSRT: pl = 24 pt = 138 sx = 1.0 sy = 1.0
01-05 12:00:14.631 10554 10622 I SurfaceView@3d9d9a9: aOrMT: ViewRootImpl@e17d4b8[QtActivity] t = android.view.SurfaceControl$Transaction@41f26f4 fN = 11 android.view.SurfaceView.-$$Nest$mapplyOrMergeTransaction:0 android.view.SurfaceView$SurfaceViewPositionUpdateListener.positionChanged:1548 android.graphics.RenderNode$CompositePositionUpdateListener.positionChanged:373
01-05 12:00:14.634 10554 10620 I gralloc4: unlockBuffer: id=2b2000000bb, vaddr=0x7583b2d000
01-05 12:00:14.635 749 796 I gralloc4: register: id=2b2000000bb, handle:0xb400007b8577d500, vaddr=0x7b78606000
01-05 12:00:14.645 1504 1504 V QsExpandAnimator: setQsExpansionPosition 0.0
01-05 12:00:14.652 691 748 I gralloc4: register: id=2b2000000bb, handle:0xb400007ab9298100, vaddr=0x7a17f6d000
01-05 12:00:14.652 10554 10620 E Surface : freeAllBuffers: 1 buffers were freed while being dequeued!
01-05 12:00:14.652 10554 10620 I gralloc4: unregister: id=2b2000000b7, handle:0xb40000757bb1a900, vaddr=0x7585045000
01-05 12:00:14.655 690 690 I gralloc4: allocate: id=2b2000000bc, hal_format=RGBA8888, mali_format=RGBA8888, afbc=SPLIT, usage=GPU_RW|HWC|BACKBUF, size=1158x1443, stride=1168, name=SurfaceView[org.qtproject.example.camera/org.qtproject.qt.android.bindings.QtActivity]@0#2(BLAST Consumer)2
01-05 12:00:14.656 10554 10620 I gralloc4: register: id=2b2000000bc, handle:0xb40000757bb1a900, vaddr=0x75850a2000
01-05 12:00:14.656 685 10919 I cmr_sensor: 922, cmr_sns_thread_proc: evt 524548
01-05 12:00:14.656 685 10919 I cmr_sensor: 1328, cmr_sns_ioctl: cmd = 45, arg = 0xda47fc70.
01-05 12:00:14.657 685 10919 I a801_gc8034_backly: 721, gc8034_drv_access_val: sensor gc8034: param_ptr->type=11
01-05 12:00:14.657 685 10919 I a801_gc8034_backly: 406, gc8034_drv_get_fps_info: mode 2, max_fps: 30
01-05 12:00:14.657 685 10919 I a801_gc8034_backly: 407, gc8034_drv_get_fps_info: min_fps: 1
01-05 12:00:14.657 685 10919 I a801_gc8034_backly: 408, gc8034_drv_get_fps_info: is_high_fps: 0
01-05 12:00:14.657 685 10919 I a801_gc8034_backly: 409, gc8034_drv_get_fps_info: high_fps_skip_num: 0
01-05 12:00:14.657 685 10937 I cmr_grab: 476, cmr_grab_if_cfg: not support power opt
01-05 12:00:14.657 685 10937 I cmr_grab: 485, cmr_grab_if_cfg: ret 0, if type 1, mode 3, deci 0, status 0
01-05 12:00:14.657 685 10937 I cmr_grab: 544, cmr_grab_sn_cfg: sn_trim x y w h 0, 0, 3264, 2448
01-05 12:00:14.657 685 10937 I cmr_grab: 558, cmr_grab_sn_cfg: sensor_max_size: w=3264, h=2448
01-05 12:00:14.657 685 10937 I cmr_oem : 17808, camera_get_remosaic_type: remosaic_type=0
01-05 12:00:14.657 685 10937 I cmr_grab: 753, cmr_grab_cap_cfg: frm_num -1, dst width 3264, dst height 2448,slowmotion 0,is_high_fps:0, high_fps_skip_num:0, src_img_fmt 48,dst_img_fmt 16, 4in1 0.
01-05 12:00:14.657 685 10937 I cmr_grab: 600, cmr_grab_cap_cfg_common: chn_id=3, regu_mode=0, pdaf_ctrl=0 0, deci_factor=0, cfg_isp=0, chn_skip_num=1
01-05 12:00:14.657 685 10937 I cmr_grab: 665, cmr_grab_cap_cfg_common: crop_rect in hex:0,0,cc0,990, crop_rect in dec:0,0,3264,2448
01-05 12:00:14.657 685 10937 I cmr_grab: 696, cmr_grab_cap_cfg_common: SPRD_IMG_IO_CHECK_FMT fmt 3 3264 2448 0x3132564e 1 flip:0
01-05 12:00:14.657 685 10937 I cmr_grab: 1993, cmr_grab_get_data_endian: y uv endian 0 2 0 0
01-05 12:00:14.657 749 1196 I gralloc4: register: id=2b2000000bc, handle:0xb400007b8577d400, vaddr=0x7b77f6f000
01-05 12:00:14.657 685 10937 I cmr_prev: 13682, prev_set_cap_param: chn_id 0x3, cap_mode 2, encode_angle 0
01-05 12:00:14.658 685 1028 I cmr_oem : 12820, camera_set_preview_param: prev mode 2 chn id 1 snp mode 2 snp_chn_id 3
01-05 12:00:14.658 685 1028 I cmr_oem : 12821, camera_set_preview_param: rot angle 0
01-05 12:00:14.658 685 1028 E cmr_oem : 13943, camera_local_start_preview: cmr_preview_start -- before
01-05 12:00:14.658 685 10937 I cmr_oem : 17808, camera_get_remosaic_type: remosaic_type=0
01-05 12:00:14.659 685 10919 I cmr_sensor: 922, cmr_sns_thread_proc: evt 524548
01-05 12:00:14.659 685 10919 I cmr_sensor: 1328, cmr_sns_ioctl: cmd = 45, arg = 0xda4824f0.
01-05 12:00:14.659 685 10919 I a801_gc8034_backly: 721, gc8034_drv_access_val: sensor gc8034: param_ptr->type=11
01-05 12:00:14.659 685 10919 I a801_gc8034_backly: 406, gc8034_drv_get_fps_info: mode 2, max_fps: 30
01-05 12:00:14.659 685 10919 I a801_gc8034_backly: 407, gc8034_drv_get_fps_info: min_fps: 1
01-05 12:00:14.659 685 10919 I a801_gc8034_backly: 408, gc8034_drv_get_fps_info: is_high_fps: 0
01-05 12:00:14.659 685 10919 I a801_gc8034_backly: 409, gc8034_drv_get_fps_info: high_fps_skip_num: 0
01-05 12:00:14.659 685 10937 I cmr_oem : 9988, camera_isp_start_video: sn_max_size: (3264 2448), sn_output_size: (3264 2448), crop: (0 0 3264 2448)
01-05 12:00:14.659 685 10937 I cmr_oem : 9992, camera_isp_start_video: sn_mode=2 max_gain=16 is_high_fps=0 high_fps_skip_num=0 max_fps=30 min_fps=1
01-05 12:00:14.659 685 10937 I cmr_oem : 9995, camera_isp_start_video: isp.size:(3264 2448), work_mode=0, dv_mode=0, capture_mode=0, is_snapshot=0
01-05 12:00:14.659 685 10937 I cmr_oem : 17808, camera_get_remosaic_type: remosaic_type=0
01-05 12:00:14.659 685 10937 I isp_alg_fw: 7100, isp_alg_fw_start: cam0 init status 1
01-05 12:00:14.659 685 10937 E isp_pm : 1422, isp_pm_get_all_blocks_compatible: should not be here. mode 19 is NULL
01-05 12:00:14.659 685 10937 E isp_pm : 1422, isp_pm_get_all_blocks_compatible: should not be here. mode 19 is NULL
01-05 12:00:14.659 685 10937 E isp_pm : 1422, isp_pm_get_all_blocks_compatible: should not be here. mode 19 is NULL
01-05 12:00:14.659 685 10937 E isp_pm : 1422, isp_pm_get_all_blocks_compatible: should not be here. mode 19 is NULL
01-05 12:00:14.659 685 10937 E isp_pm : 1422, isp_pm_get_all_blocks_compatible: should not be here. mode 19 is NULL
01-05 12:00:14.659 685 10937 E isp_pm : 1422, isp_pm_get_all_blocks_compatible: should not be here. mode 19 is NULL
01-05 12:00:14.659 685 10937 E isp_pm : 1422, isp_pm_get_all_blocks_compatible: should not be here. mode 19 is NULL
01-05 12:00:14.659 685 10937 E isp_pm : 1422, isp_pm_get_all_blocks_compatible: should not be here. mode 19 is NULL
01-05 12:00:14.659 685 10937 E isp_pm : 1422, isp_pm_get_all_blocks_compatible: should not be here. mode 19 is NULL
01-05 12:00:14.659 685 10937 E isp_pm : 1422, isp_pm_get_all_blocks_compatible: should not be here. mode 19 is NULL
01-05 12:00:14.659 685 10937 E isp_pm : 1422, isp_pm_get_all_blocks_compatible: should not be here. mode 19 is NULL
01-05 12:00:14.659 685 10937 E isp_pm : 1422, isp_pm_get_all_blocks_compatible: should not be here. mode 19 is NULL
01-05 12:00:14.659 685 10937 E isp_pm : 1422, isp_pm_get_all_blocks_compatible: should not be here. mode 19 is NULL
01-05 12:00:14.659 685 10937 E isp_pm : 1422, isp_pm_get_all_blocks_compatible: should not be here. mode 19 is NULL
01-05 12:00:14.659 685 10937 E isp_pm : 1422, isp_pm_get_all_blocks_compatible: should not be here. mode 19 is NULL
01-05 12:00:14.659 685 10937 E isp_pm : 1422, isp_pm_get_all_blocks_compatible: should not be here. mode 19 is NULL
01-05 12:00:14.659 685 10937 E isp_pm : 1422, isp_pm_get_all_blocks_compatible: should not be here. mode 19 is NULL
01-05 12:00:14.659 685 10937 E isp_pm : 1422, isp_pm_get_all_blocks_compatible: should not be here. mode 19 is NULL
01-05 12:00:14.659 685 10937 E isp_pm : 1422, isp_pm_get_all_blocks_compatible: should not be here. mode 19 is NULL
01-05 12:00:14.659 685 10937 E isp_pm : 1422, isp_pm_get_all_blocks_compatible: should not be here. mode 19 is NULL
01-05 12:00:14.659 685 10937 E isp_pm : 1422, isp_pm_get_all_blocks_compatible: should not be here. mode 19 is NULL
01-05 12:00:14.659 685 10937 E isp_pm : 1422, isp_pm_get_all_blocks_compatible: should not be here. mode 19 is NULL
01-05 12:00:14.659 685 10937 E isp_pm : 1422, isp_pm_get_all_blocks_compatible: should not be here. mode 19 is NULL
01-05 12:00:14.659 685 10937 E isp_pm : 1422, isp_pm_get_all_blocks_compatible: should not be here. mode 19 is NULL
01-05 12:00:14.659 685 10937 E isp_pm : 1422, isp_pm_get_all_blocks_compatible: should not be here. mode 19 is NULL
01-05 12:00:14.659 685 10937 E isp_pm : 1422, isp_pm_get_all_blocks_compatible: should not be here. mode 19 is NULL
01-05 12:00:14.659 685 10937 E isp_pm : 1422, isp_pm_get_all_blocks_compatible: should not be here. mode 19 is NULL
01-05 12:00:14.659 685 10937 E isp_pm : 1422, isp_pm_get_all_blocks_compatible: should not be here. mode 19 is NULL
01-05 12:00:14.659 685 10937 E isp_pm : 1422, isp_pm_get_all_blocks_compatible: should not be here. mode 19 is NULL
01-05 12:00:14.659 685 10937 E isp_pm : 1422, isp_pm_get_all_blocks_compatible: should not be here. mode 19 is NULL
01-05 12:00:14.659 685 10937 E isp_pm : 1422, isp_pm_get_all_blocks_compatible: should not be here. mode 19 is NULL
01-05 12:00:14.659 685 10937 E isp_pm : 1422, isp_pm_get_all_blocks_compatible: should not be here. mode 19 is NULL
01-05 12:00:14.659 685 10937 E isp_pm : 1422, isp_pm_get_all_blocks_compatible: should not be here. mode 19 is NULL
01-05 12:00:14.659 685 10937 E isp_pm : 1422, isp_pm_get_all_blocks_compatible: should not be here. mode 19 is NULL
01-05 12:00:14.659 685 10937 E isp_pm : 1422, isp_pm_get_all_blocks_compatible: should not be here. mode 19 is NULL
01-05 12:00:14.659 685 10937 E isp_pm : 1422, isp_pm_get_all_blocks_compatible: should not be here. mode 19 is NULL
01-05 12:00:14.659 685 10937 E isp_pm : 1422, isp_pm_get_all_blocks_compatible: should not be here. mode 19 is NULL
01-05 12:00:14.659 685 10937 E isp_pm : 1422, isp_pm_get_all_blocks_compatible: should not be here. mode 19 is NULL
01-05 12:00:14.659 685 10937 E isp_pm : 1422, isp_pm_get_all_blocks_compatible: should not be here. mode 19 is NULL
01-05 12:00:14.659 685 10937 E isp_pm : 1422, isp_pm_get_all_blocks_compatible: should not be here. mode 19 is NULL
01-05 12:00:14.659 685 10937 E isp_pm : 1422, isp_pm_get_all_blocks_compatible: should not be here. mode 19 is NULL
01-05 12:00:14.659 685 10937 E isp_pm : 1422, isp_pm_get_all_blocks_compatible: should not be here. mode 19 is NULL
01-05 12:00:14.659 685 10937 E isp_pm : 1422, isp_pm_get_all_blocks_compatible: should not be here. mode 19 is NULL
01-05 12:00:14.659 685 10937 E isp_pm : 1422, isp_pm_get_all_blocks_compatible: should not be here. mode 19 is NULL
01-05 12:00:14.659 685 10937 E isp_pm : 1422, isp_pm_get_all_blocks_compatible: should not be here. mode 19 is NULL
01-05 12:00:14.659 685 10937 E isp_pm : 1422, isp_pm_get_all_blocks_compatible: should not be here. mode 19 is NULL
01-05 12:00:14.659 685 10937 E isp_pm : 1422, isp_pm_get_all_blocks_compatible: should not be here. mode 19 is NULL
01-05 12:00:14.659 685 10937 E isp_pm : 1422, isp_pm_get_all_blocks_compatible: should not be here. mode 19 is NULL
01-05 12:00:14.659 685 10937 E isp_pm : 1422, isp_pm_get_all_blocks_compatible: should not be here. mode 19 is NULL
01-05 12:00:14.659 685 10937 E isp_pm : 1422, isp_pm_get_all_blocks_compatible: should not be here. mode 19 is NULL
01-05 12:00:14.660 685 10937 E isp_pm : 1422, isp_pm_get_all_blocks_compatible: should not be here. mode 19 is NULL
01-05 12:00:14.660 685 10937 E isp_pm : 1422, isp_pm_get_all_blocks_compatible: should not be here. mode 19 is NULL
01-05 12:00:14.660 685 10937 E isp_pm : 1422, isp_pm_get_all_blocks_compatible: should not be here. mode 19 is NULL
01-05 12:00:14.660 685 10937 E isp_pm : 1422, isp_pm_get_all_blocks_compatible: should not be here. mode 19 is NULL
01-05 12:00:14.660 685 10937 E isp_pm : 1422, isp_pm_get_all_blocks_compatible: should not be here. mode 19 is NULL
01-05 12:00:14.660 685 10937 E isp_pm : 1422, isp_pm_get_all_blocks_compatible: should not be here. mode 19 is NULL
01-05 12:00:14.660 685 10937 E isp_pm : 1422, isp_pm_get_all_blocks_compatible: should not be here. mode 19 is NULL
01-05 12:00:14.660 685 10937 E isp_pm : 1422, isp_pm_get_all_blocks_compatible: should not be here. mode 19 is NULL
01-05 12:00:14.660 685 10937 E isp_pm : 1422, isp_pm_get_all_blocks_compatible: should not be here. mode 19 is NULL
01-05 12:00:14.660 685 10937 E isp_pm : 1422, isp_pm_get_all_blocks_compatible: should not be here. mode 19 is NULL
01-05 12:00:14.660 685 10937 E isp_pm : 1422, isp_pm_get_all_blocks_compatible: should not be here. mode 19 is NULL
01-05 12:00:14.660 685 10937 E isp_pm : 1422, isp_pm_get_all_blocks_compatible: should not be here. mode 19 is NULL
01-05 12:00:14.660 685 10937 E isp_pm : 1422, isp_pm_get_all_blocks_compatible: should not be here. mode 19 is NULL
01-05 12:00:14.660 685 10937 E isp_pm : 1422, isp_pm_get_all_blocks_compatible: should not be here. mode 19 is NULL
01-05 12:00:14.660 685 10937 E isp_pm : 1422, isp_pm_get_all_blocks_compatible: should not be here. mode 19 is NULL
01-05 12:00:14.660 685 10937 E awb_adpt: 362, _awb_read_gain: read_gain from:/data/vendor/cameraserver/camera_0_awb.file, camera_id[0]: 1308, 1024, 2126, 0
01-05 12:00:14.660 685 10937 I smart_ctrl: 2229, smart_ctl_calculation: lock smart frame = 5
01-05 12:00:14.660 685 10937 I isp_blk_cmc10: 266, _pm_cmc10_set_param: cmc_result: (1629 15730 48; 16225 1294 16272; 16368 16074 1349).
01-05 12:00:14.661 685 10937 I smart_ctrl: 2229, smart_ctl_calculation: lock smart frame = 4
01-05 12:00:14.661 685 10937 I isp_blk_cmc10: 266, _pm_cmc10_set_param: cmc_result: (1629 15730 48; 16225 1294 16272; 16368 16074 1349).
01-05 12:00:14.661 685 10937 I isp_alg_fw: 7224, isp_alg_fw_start: pdaf_support = 0, pdaf_enable = 0, is_multi_mode = 0
01-05 12:00:14.661 685 10937 I isp_alg_fw: 6871, ispalg_update_alsc_result: [ALSC] lsc_pm_normalization, new_image_size[3264,2448], full_image_size[3264,2448]
01-05 12:00:14.661 685 10937 I isp_alg_fw: 6874, ispalg_update_alsc_result: [ALSC] lsc_pm_normalization case1, n binning
01-05 12:00:14.661 685 10937 I isp_alg_fw: 6871, ispalg_update_alsc_result: [ALSC] lsc_pm_normalization, new_image_size[3264,2448], full_image_size[3264,2448]
01-05 12:00:14.661 685 10937 I isp_alg_fw: 6874, ispalg_update_alsc_result: [ALSC] lsc_pm_normalization case1, n binning
01-05 12:00:14.661 685 10965 I lsc_ctrl: 369, lsc_set_monitor: in_param win_size[102,76] win_num[32,32]
01-05 12:00:14.662 685 10985 I FaceAlign: [FaCreateAlignHandle,45]: FaceAlign Create.In
01-05 12:00:14.662 685 10985 I FaceAlign: [FaCreateAlignHandle,46]: CAM_ALGO_CV_FA_LIBVER[2.2.0.1.".1557339".1557339][Aug 24 2021][20:58:01]
01-05 12:00:14.662 685 10985 I FaceAlign: [initLogLevel,23]: g_log_level value: 3
01-05 12:00:14.662 685 10985 I FAPTS7 : [FaPts7CreateAlignHandle,49]: FaPts7 Create.In
01-05 12:00:14.662 685 10985 I FAPTS7 : [FaPts7CreateAlignHandle,50]: CAM_ALGO_CV_FAPTS7_LIBVER[2.0.0.0.1557339][Aug 24 2021][20:57:58]
01-05 12:00:14.662 685 10985 I FAPTS7 : [initLogLevel,26]: g_log_level value: 3
01-05 12:00:14.662 685 10985 I FAPTS7 : [initLogLevel,29]: g_dump_flag value: 0
01-05 12:00:14.662 685 10985 I FAPTS7 : [initLogLevel,46]: Dump path: /data/vendor/cameraserver/
01-05 12:00:14.662 685 10965 I lsc_sprd_adapt: 2026, lsc_preprocess_fwstart_info: FW_START parameter normalization, case1 n binning, gridx=96, gridy=96, lsc_id=1
01-05 12:00:14.662 685 10985 D UMNN : LIBVER[0.9.6.0][Feb 5 2021][14:33:39]
01-05 12:00:14.662 685 10985 I FAPTS7 : [CreateCNNHandle,34]: USE UMNN_MNN
01-05 12:00:14.663 685 10937 I afl_ctrl: 617, aflnew_ctrl_cfg: AFL TUNE PARAM start 6 ed 0 regin_strat 512 ed 3
01-05 12:00:14.663 685 10937 E afl_ctrl: 646, aflnew_ctrl_cfg: ERROR REG PARAM
01-05 12:00:14.663 685 10937 E afl_ctrl: 672, aflnew_ctrl_cfg: ERROR REG PARAM
01-05 12:00:14.663 685 10937 I afl_ctrl: 690, aflnew_ctrl_cfg: done:stepx: 0x519999, y: 0x519999, x_start 0x0, x_end 0xcc0, x_region 519999, y 0x519999, x_start_region 0x0, x_end 0xcc0
01-05 12:00:14.663 685 10937 W isp_pm : 2147, isp_pm_get_param: fail to do isp_pm_get_single_block_param, 0 96
01-05 12:00:14.663 690 690 I gralloc4: allocate: id=2b2000000bd, hal_format=RGBA8888, mali_format=RGBA8888, afbc=false, usage=CPU_RW|GPU_R|HWC, size=1200x1728, stride=1200, name=SurfaceView[org.qtproject.example.camera/org.qtproject.qt.android.bindings.QtActivity]@0#1(BLAST Consumer)1
01-05 12:00:14.664 685 10951 I ae_sprd_adpt: 4443, ae_set_video_start: setpriority = 0
01-05 12:00:14.664 685 10951 I ae_sprd_adpt: 1932, ae_cfg_monitor_block: rtn=0 win_num(64x64), win_size(50x38) skip=0 mode=1
01-05 12:00:14.665 685 10951 I a801_gc8034_backly: 191, gc8034_drv_calc_exposure: fps = 19.916609
01-05 12:00:14.665 685 10951 I a801_gc8034_backly: 196, gc8034_drv_calc_exposure: mode = 2, exposure_line = 3745, dummy_line= 16, frame_interval= 50 ms
01-05 12:00:14.665 685 10951 I a801_gc8034_backly: 200, gc8034_drv_calc_exposure: gc8034_drv_calc_exposure,preview_framelength = 0xeb1
01-05 12:00:14.665 10554 10620 I gralloc4: register: id=2b2000000bd, handle:0xb400007613d3d100, vaddr=0x7578025000
01-05 12:00:14.665 10554 10620 I gralloc4: lockBuffer: id=2b2000000bb, vaddr=0x7583b2d000
01-05 12:00:14.665 685 10951 I a801_gc8034_backly: 227, gc8034_drv_calc_gain: isp_gain = 0x32a,sensor_gain=0x195
01-05 12:00:14.666 10554 10620 I gralloc4: lockBuffer: id=2b2000000bd, vaddr=0x7578025000
01-05 12:00:14.668 685 10951 I ae_sprd_adpt: 4900, ae_set_video_start: yhx AE_VIDEO_START cam-id 0 BV 421 lt 13350 W 3264 H 2448 , exp: 3745, gain:810 flash: 0 CAP 0, enable: 0, large_pix_num 0
01-05 12:00:14.668 685 10985 I FAPTS7 : [FaPts7CreateAlignHandle,63]: FaPts7 Create.Out
01-05 12:00:14.668 685 10985 I FaceAlign: [FaCreateAlignHandle,60]: FaceAlign Create.Out
01-05 12:00:14.668 685 10985 I cmr_fd_sprd: 1304, fd_create_detector: SPRD FD version: "2.0.1.62", platform: 0x0401 0 65537
01-05 12:00:14.668 685 10985 I libfacedetect: [FdCreateDetector,74]: FD Top Create.In
01-05 12:00:14.668 685 10985 I libfacedetect: [FdCreateDetector,75]: CAM_ALGO_CV_FD_LIBVER[2.0.1.62.1539125][Oct 14 2021][20:17:35]
01-05 12:00:14.668 685 10964 I af_sprd_adpt_v1: 3035, af_sprd_set_af_bypass: param = 0
01-05 12:00:14.668 685 10985 I FDV3 : [libFDV3_create, 63]: Create.In
01-05 12:00:14.668 685 10985 I FDV3 : [libFDV3_create, 64]: CAM_ALGO_CV_FDV3_LIBVER[1.0.1.4][Oct 22 2021][09:34:59]
01-05 12:00:14.668 685 10964 I af_sprd_adpt_v1: 3097, af_sprd_set_video_start: af state = record caf, focus state = af idle; image width = 3264, height = 2448
01-05 12:00:14.668 685 10964 I af_sprd_adpt_v1: 3107, af_sprd_set_video_start: afm_skip_num 0, camera_id = 0
01-05 12:00:14.668 685 10964 I af_sprd_adpt_v1: 955, af_set_default_roi: current af->trigger_mode 1
01-05 12:00:14.669 685 10964 I af_sprd_adpt_v1: 313, afm_set_win: camera_id 0
01-05 12:00:14.669 685 10986 I FAPTS7 : [FaPts7CreateAlignHandle,49]: FaPts7 Create.In
01-05 12:00:14.669 685 10986 I FAPTS7 : [FaPts7CreateAlignHandle,50]: CAM_ALGO_CV_FAPTS7_LIBVER[2.0.0.0.1557339][Jun 9 2021][21:18:43]
01-05 12:00:14.669 685 10986 I FAPTS7 : [initLogLevel,26]: g_log_level value: 3
01-05 12:00:14.669 685 10986 I FAPTS7 : [initLogLevel,29]: g_dump_flag value: 0
01-05 12:00:14.669 685 10964 I aft_sprd_lib: 2052, sprd_caf_trigger_ioctrl: cmd : 1002
01-05 12:00:14.669 685 10986 I FAPTS7 : [initLogLevel,46]: Dump path: /data/vendor/cameraserver/
01-05 12:00:14.669 685 10964 I aft_sprd_lib: 4408, aft_proc_start: trigger started
01-05 12:00:14.669 685 10964 I aft_sprd_lib: 3770, aft_proc_reset: move face_base (sx ex sy ey) = (0 0 0 0), rollangle 0; stab face_base (sx ex sy ey) = (0 0 0 0), rollangle 0
01-05 12:00:14.669 685 10985 I FDV3 : [init, 109]: model[0] vdsp[0]
01-05 12:00:14.669 685 10985 D UMNN : LIBVER[0.9.6.0][Feb 5 2021][14:33:39]
01-05 12:00:14.669 685 10987 I FaceChecker: [libFaceRect_create, 37]: Create.In
01-05 12:00:14.669 685 10987 I FaceChecker: [libFaceRect_create, 38]: CAM_ALGO_CV_FACERECT_LIBVER[1.0.0.0][Sep 7 2021][15:59:22]
01-05 12:00:14.669 685 10987 D UMNN : LIBVER[0.9.6.0][Feb 5 2021][14:33:39]
01-05 12:00:14.669 685 10986 D UMNN : LIBVER[0.9.6.0][Feb 5 2021][14:33:39]
01-05 12:00:14.669 685 10986 I FAPTS7 : [CreateCNNHandle,34]: USE UMNN_MNN
01-05 12:00:14.670 685 10937 I cmr_oem : 10499, camera_channel_start: skip num 0 14
01-05 12:00:14.672 10554 10620 I gralloc4: unlockBuffer: id=2b2000000bb, vaddr=0x7583b2d000
01-05 12:00:14.673 10554 10620 I gralloc4: unlockBuffer: id=2b2000000bd, vaddr=0x7578025000
01-05 12:00:14.673 10554 10620 I gralloc4: lockBuffer: id=2b2000000bd, vaddr=0x7578025000
01-05 12:00:14.675 10554 10620 I gralloc4: unlockBuffer: id=2b2000000bd, vaddr=0x7578025000
01-05 12:00:14.676 10554 10620 I gralloc4: unregister: id=2b2000000b5, handle:0xb400007613619700, vaddr=0x7582d71000
01-05 12:00:14.677 749 1196 I gralloc4: register: id=2b2000000bd, handle:0xb400007b8577db00, vaddr=0x7b77786000
01-05 12:00:14.679 1461 1461 I wpa_supplicant: Heartbeat 36
01-05 12:00:14.683 690 690 I gralloc4: allocate: id=2b2000000be, hal_format=RGBA8888, mali_format=RGBA8888, afbc=SPLIT, usage=GPU_RW|HWC|BACKBUF, size=1158x1443, stride=1168, name=SurfaceView[org.qtproject.example.camera/org.qtproject.qt.android.bindings.QtActivity]@0#2(BLAST Consumer)2
01-05 12:00:14.684 749 801 I gralloc4: unregister: id=2b2000000b7, handle:0xb400007b816ffd00, vaddr=0x7b7cb94000
01-05 12:00:14.684 10554 10620 I gralloc4: register: id=2b2000000be, handle:0xb400007613619700, vaddr=0x7583496000
01-05 12:00:14.685 749 801 I gralloc4: unregister: id=2b2000000b5, handle:0xb400007b816ffa00, vaddr=0x7b7e464000
01-05 12:00:14.686 691 748 I gralloc4: register: id=2b2000000bc, handle:0xb400007ab9298800, vaddr=0x7a178d6000
01-05 12:00:14.686 691 748 I gralloc4: unregister: id=2b2000000b7, handle:0xb400007ab9283c00, vaddr=0x7a1b4f1000
01-05 12:00:14.686 749 1196 I gralloc4: register: id=2b2000000be, handle:0xb400007b8577df00, vaddr=0x7b7e697000
01-05 12:00:14.686 691 748 I gralloc4: register: id=2b2000000bd, handle:0xb400007ab9283c00, vaddr=0x7a1b3fc000
01-05 12:00:14.686 691 748 I gralloc4: unregister: id=2b2000000b5, handle:0xb400007ab9298300, vaddr=0x7a1ca52000
01-05 12:00:14.691 10554 10909 I gralloc4: unregister: id=2b2000000b6, handle:0xb4000075a6480b00, vaddr=0x757990c000
01-05 12:00:14.692 685 10987 I FaceChecker: [Open, 63]: model[0] outputs[1]
01-05 12:00:14.692 685 10987 D UMNN : Tensor cls_fc/Softmax: cfg->dimType = 2, output_user->dim_type = 0
01-05 12:00:14.692 685 10987 I FaceChecker: [Open, 73]: cls_fc/Softmax
01-05 12:00:14.692 685 10987 I FaceChecker: [libFaceRect_create, 45]: Create.Out
01-05 12:00:14.692 685 10986 I FAPTS7 : [FaPts7CreateAlignHandle,63]: FaPts7 Create.Out
01-05 12:00:14.692 685 10986 I libfacedetect: [FaInit,51]: FA Version: CAM_ALGO_CV_FAPTS7_LIBVER[2.0.0.0.1557339][Jun 9 2021][21:18:43]
01-05 12:00:14.695 685 10985 D UMNN : Tensor Neck/pred_class/Sigmoid: cfg->dimType = 2, output_user->dim_type = 1
01-05 12:00:14.696 685 10985 D UMNN : Tensor name: Neck/pred_class/Sigmoid erased
01-05 12:00:14.696 685 10985 D UMNN : Tensor Neck/pred_landmark/BiasAdd: cfg->dimType = 2, output_user->dim_type = 1
01-05 12:00:14.696 685 10985 D UMNN : Tensor name: Neck/pred_landmark/BiasAdd erased
01-05 12:00:14.696 685 10985 D UMNN : Tensor Neck/pred_offset/BiasAdd: cfg->dimType = 2, output_user->dim_type = 1
01-05 12:00:14.696 685 10985 D UMNN : Tensor name: Neck/pred_offset/BiasAdd erased
01-05 12:00:14.696 685 10985 D UMNN : Tensor Neck/pred_scale/BiasAdd: cfg->dimType = 2, output_user->dim_type = 1
01-05 12:00:14.696 685 10985 D UMNN : Tensor name: Neck/pred_scale/BiasAdd erased
01-05 12:00:14.696 685 10985 I FDV3 : [libFDV3_create, 80]: Create.Out
01-05 12:00:14.696 685 10985 I libfacedetect: [FdCreateDetector,92]: FD Top Create.Out
01-05 12:00:14.701 691 748 I gralloc4: register: id=2b2000000be, handle:0xb400007ab9298300, vaddr=0x7a1cc85000
01-05 12:00:14.702 691 748 I gralloc4: unregister: id=2b2000000b6, handle:0xb400007ab9283e00, vaddr=0x7a21276000
01-05 12:00:14.709 685 10919 I cmr_sensor: 922, cmr_sns_thread_proc: evt 524550
01-05 12:00:14.709 685 10920 I sns_drv_u: 1031, sensor_ctrl_thread_proc: evt 526339
01-05 12:00:14.709 685 10920 I sns_drv_u: 1056, sensor_ctrl_thread_proc: All previous async I2C ops finished!!!
01-05 12:00:14.709 685 10919 I cmr_sensor: 979, cmr_sns_thread_proc: CMR_SENSOR_EVT_I2C_IS_FREE free
01-05 12:00:14.709 685 10937 I cmr_oem : 2476, camera_get_i2c_ops_status: X,ret=0
01-05 12:00:14.709 685 10919 I cmr_sensor: 922, cmr_sns_thread_proc: evt 524552
01-05 12:00:14.709 685 10919 I sns_drv_u: 1580, sensor_stream_ctrl_common: is_async: no, phyid: 0
01-05 12:00:14.709 685 10920 I sns_drv_u: 1031, sensor_ctrl_thread_proc: evt 526340
01-05 12:00:14.709 685 10920 I sns_drv_u: 1605, sensor_stream_ctrl: on_off 1
01-05 12:00:14.709 685 10920 I sns_drv_u: 1623, sensor_stream_ctrl: is_cphy 0 0000000000000123
01-05 12:00:14.709 685 10920 I hw_sensor: 431, hw_sensor_mipi_init: Lane num 4, bps 672, is_cphy 0
01-05 12:00:14.709 685 10920 I sns_drv_u: 1628, sensor_stream_ctrl: mipi initial ok
01-05 12:00:14.709 685 10920 I sns_drv_u: 1509, sensor_stream_on: E
01-05 12:00:14.709 685 10920 I a801_gc8034_backly: 955, gc8034_drv_stream_on: E
01-05 12:00:14.710 685 10920 I sns_drv_u: 1568, sensor_stream_on: X 0
01-05 12:00:14.710 685 10937 I cmr_oem : 2504, camera_sensor_streamctrl: X,ret=0
01-05 12:00:14.710 685 1028 E cmr_oem : 13948, camera_local_start_preview: cmr_preview_start -- after
01-05 12:00:14.710 685 1028 I cmr_oem : 13960, camera_local_start_preview: camera mode 1
01-05 12:00:14.711 685 10919 I cmr_sensor: 922, cmr_sns_thread_proc: evt 524551
01-05 12:00:14.711 685 10919 I cmr_sensor: 994, cmr_sns_thread_proc: SENSOR_EVT_AF_INIT
01-05 12:00:14.711 685 10919 I cmr_sensor: 1328, cmr_sns_ioctl: cmd = 36, arg = 0xdb6940e8.
01-05 12:00:14.711 685 10919 I cmr_sensor: 1391, cmr_sns_af_init: OK to init auto focus
01-05 12:00:14.711 685 10919 I cmr_sensor: 996, cmr_sns_thread_proc: SENSOR_EVT_AF_INIT, Done
01-05 12:00:14.711 685 1028 I cmr_oem : 13785, show_snap_param: cam 0, req id 0, filter 0 mode 1 hdr 0 fdr 0, 3dnr 0, vid 0 zsl 1 tot_num 1
01-05 12:00:14.711 685 1028 I cmr_oem : 13794, show_snap_param: rot ang 0 an_zsl 0, rot_cap 0 ch_id 3 sn_mod 0 hdrn 0 3dnr_n 0
01-05 12:00:14.711 685 1028 I cmr_oem : 13804, show_snap_param: 0 0 0 0 yuv_cb 0, sup 0 nr 0 ee 0 dre 0
01-05 12:00:14.711 685 1028 I cmr_oem : 13812, show_snap_param: req size 3264 2448, mfsr 0, zoom info 0 0. 0.000000 0.000000 0.000000 0.000000
01-05 12:00:14.711 685 1028 I cmr_oem : 13825, show_snap_param: pix 0 0, crop 0 0 0 0, jpegq 0 0, rot 0, angle 0, flip 0, padding 0, thm size 320 240
01-05 12:00:14.711 685 1028 I cmr_oem : 13831, show_snap_param: setting 0 0, scale 0, de align actual (3264 2448), cap_org (3264 2448)
01-05 12:00:14.711 685 1028 I cmr_oem : 13842, show_snap_param: actual(3264 2448), snp (3264 2448), max(3264 2448), thm(320 240), rect (0 0 0 0)
01-05 12:00:14.711 685 1028 I cmr_oem : 13850, show_snap_param: out 0x45, 0xd3de4000. cap raw 0x0, 0x00000000, cap yuv 0x45, 0xd4953000
