01-05 12:00:35.462 685 10964 I aft_sprd_lib: 3803, aft_proc_log_print: afm move diff : 1808279,diff_thr :93618539,diff_cnt : 0,g_diff(x,y,z):(0.000000,0.005000,0.031250),aem move diff : (num : r,g,b,cnt) = (0,0,0,0), scene_change_flag 0
01-05 12:00:35.465 685 10974 I awb_adpt: 1698, awb_sprd_ctrl_calculation_v3_2: AWB result : (1304,1024,2093) 3639K , fram_count : 319 , camera_id : 0, wb mode : 0; AWB lib 64x64: (1304,1024,2093) 3639K.
01-05 12:00:35.469 7855 7975 I HQCAM_DepressStickerService: After 334 seconds sleep!!!
01-05 12:00:35.520 685 10974 E awb_adpt: 1479, awb_sprd_ctrl_calculation_v3_2: check handle success
01-05 12:00:35.520 685 10951 E Libae[FAE]: 1409, face_luma_calc: NO FACE
01-05 12:00:35.520 685 10970 I isp_blk_cmc10: 266, _pm_cmc10_set_param: cmc_result: (1665 15689 53; 16214 1311 16266; 16367 16062 1363).
01-05 12:00:35.520 685 10970 I isp_blk_cmc10: 266, _pm_cmc10_set_param: cmc_result: (1665 15689 53; 16214 1311 16266; 16367 16062 1363).
01-05 12:00:35.521 685 10951 I cmr_oem : 9482, camera_get_af_support: af_support 1
01-05 12:00:35.522 685 10964 I aft_sprd_lib: 3803, aft_proc_log_print: afm move diff : 1960508,diff_thr :93618539,diff_cnt : 0,g_diff(x,y,z):(0.002500,0.023750,0.036250),aem move diff : (num : r,g,b,cnt) = (0,0,0,0), scene_change_flag 0
01-05 12:00:35.525 685 10974 I awb_adpt: 1698, awb_sprd_ctrl_calculation_v3_2: AWB result : (1304,1024,2093) 3639K , fram_count : 320 , camera_id : 0, wb mode : 0; AWB lib 64x64: (1304,1024,2093) 3639K.
01-05 12:00:35.580 685 10974 E awb_adpt: 1479, awb_sprd_ctrl_calculation_v3_2: check handle success
01-05 12:00:35.581 685 10951 E Libae[FAE]: 1409, face_luma_calc: NO FACE
01-05 12:00:35.581 685 10970 I isp_blk_cmc10: 266, _pm_cmc10_set_param: cmc_result: (1665 15689 53; 16214 1311 16266; 16367 16062 1363).
01-05 12:00:35.581 685 10970 I isp_blk_cmc10: 266, _pm_cmc10_set_param: cmc_result: (1665 15689 53; 16214 1311 16266; 16367 16062 1363).
01-05 12:00:35.581 685 10951 I cmr_oem : 9482, camera_get_af_support: af_support 1
01-05 12:00:35.582 685 10964 I aft_sprd_lib: 3803, aft_proc_log_print: afm move diff : 1991827,diff_thr :93618539,diff_cnt : 0,g_diff(x,y,z):(0.023750,0.005000,0.031250),aem move diff : (num : r,g,b,cnt) = (0,0,0,0), scene_change_flag 0
01-05 12:00:35.586 685 10974 I awb_adpt: 1698, awb_sprd_ctrl_calculation_v3_2: AWB result : (1304,1024,2093) 3639K , fram_count : 321 , camera_id : 0, wb mode : 0; AWB lib 64x64: (1304,1024,2093) 3639K.
01-05 12:00:35.601 855 10959 E Camera2-FrameProcessorBase: FrameProcessorBase: Error waiting for new frames: Connection timed out (-110)
01-05 12:00:35.640 685 10951 E Libae[FAE]: 1409, face_luma_calc: NO FACE
01-05 12:00:35.640 685 10974 E awb_adpt: 1479, awb_sprd_ctrl_calculation_v3_2: check handle success
01-05 12:00:35.641 685 10970 I isp_blk_cmc10: 266, _pm_cmc10_set_param: cmc_result: (1665 15689 53; 16214 1311 16266; 16367 16062 1363).
01-05 12:00:35.641 685 10970 I isp_blk_cmc10: 266, _pm_cmc10_set_param: cmc_result: (1665 15689 53; 16214 1311 16266; 16367 16062 1363).
01-05 12:00:35.641 685 10951 I cmr_oem : 9482, camera_get_af_support: af_support 1
01-05 12:00:35.642 685 10965 E android.hardware.camera.provider@2.4-service: [ALSC]: L 561, slsc4_calculation: slsc4, error case, pair_idx=[4,3], pair_ratio=[2.017333,-1.017333], set ratio to 1.0 and 0.0
01-05 12:00:35.642 685 10964 I aft_sprd_lib: 3803, aft_proc_log_print: afm move diff : 1770166,diff_thr :93618539,diff_cnt : 0,g_diff(x,y,z):(0.002500,0.005000,0.031250),aem move diff : (num : r,g,b,cnt) = (0,0,0,0), scene_change_flag 0
01-05 12:00:35.646 685 10974 I awb_adpt: 1698, awb_sprd_ctrl_calculation_v3_2: AWB result : (1304,1024,2093) 3639K , fram_count : 322 , camera_id : 0, wb mode : 0; AWB lib 64x64: (1304,1024,2093) 3639K.
01-05 12:00:35.661 720 745 E CP_CONNECT_CTL: socket_reconnect: socket_reconnect src_sock=10, des_socket=cp_time_sync_server.
01-05 12:00:35.661 720 745 E CP_CONNECT_CTL: process_socket_connect: open cp_time_sync_server failed: Connection refused [111(Connection refused)]
01-05 12:00:35.661 720 745 E CP_CONNECT_CTL: socket_reconnect: socket_reconnect src_sock=10, des_socket=cp_time_sync_server.
01-05 12:00:35.661 720 745 E CP_CONNECT_CTL: process_socket_connect: open cp_time_sync_server failed: Connection refused [111(Connection refused)]
01-05 12:00:35.661 720 745 E CP_CONNECT_CTL: socket_reconnect: socket_reconnect src_sock=10, des_socket=cp_time_sync_server.
01-05 12:00:35.661 720 745 E CP_CONNECT_CTL: process_socket_connect: open cp_time_sync_server failed: Connection refused [111(Connection refused)]
01-05 12:00:35.661 720 745 E CP_CONNECT_CTL: socket_reconnect: socket_reconnect src_sock=10, des_socket=cp_time_sync_server.
01-05 12:00:35.661 720 745 E CP_CONNECT_CTL: process_socket_connect: open cp_time_sync_server failed: Connection refused [111(Connection refused)]
01-05 12:00:35.701 685 10951 E Libae[FAE]: 1409, face_luma_calc: NO FACE
01-05 12:00:35.701 685 10974 E awb_adpt: 1479, awb_sprd_ctrl_calculation_v3_2: check handle success
01-05 12:00:35.701 685 10970 I isp_blk_cmc10: 266, _pm_cmc10_set_param: cmc_result: (1665 15689 53; 16214 1311 16266; 16367 16062 1363).
01-05 12:00:35.701 685 10970 I isp_blk_cmc10: 266, _pm_cmc10_set_param: cmc_result: (1665 15689 53; 16214 1311 16266; 16367 16062 1363).
01-05 12:00:35.701 685 10951 I cmr_oem : 9482, camera_get_af_support: af_support 1
01-05 12:00:35.702 685 10964 I aft_sprd_lib: 3803, aft_proc_log_print: afm move diff : 1184546,diff_thr :93618539,diff_cnt : 0,g_diff(x,y,z):(0.002500,0.002500,0.036250),aem move diff : (num : r,g,b,cnt) = (0,0,0,0), scene_change_flag 0
01-05 12:00:35.706 685 10974 I awb_adpt: 1698, awb_sprd_ctrl_calculation_v3_2: AWB result : (1304,1024,2093) 3639K , fram_count : 323 , camera_id : 0, wb mode : 0; AWB lib 64x64: (1304,1024,2093) 3639K.
01-05 12:00:35.761 685 10951 E Libae[FAE]: 1409, face_luma_calc: NO FACE
01-05 12:00:35.761 685 10974 E awb_adpt: 1479, awb_sprd_ctrl_calculation_v3_2: check handle success
01-05 12:00:35.761 685 10970 I isp_blk_cmc10: 266, _pm_cmc10_set_param: cmc_result: (1665 15689 53; 16214 1311 16266; 16367 16062 1363).
01-05 12:00:35.762 685 10970 I isp_blk_cmc10: 266, _pm_cmc10_set_param: cmc_result: (1665 15689 53; 16214 1311 16266; 16367 16062 1363).
01-05 12:00:35.762 685 10951 I cmr_oem : 9482, camera_get_af_support: af_support 1
01-05 12:00:35.763 685 10964 I aft_sprd_lib: 3803, aft_proc_log_print: afm move diff : 950789,diff_thr :93618539,diff_cnt : 0,g_diff(x,y,z):(0.000000,0.000000,0.026250),aem move diff : (num : r,g,b,cnt) = (0,0,0,0), scene_change_flag 0
01-05 12:00:35.766 685 10974 I awb_adpt: 1698, awb_sprd_ctrl_calculation_v3_2: AWB result : (1304,1024,2093) 3639K , fram_count : 324 , camera_id : 0, wb mode : 0; AWB lib 64x64: (1304,1024,2093) 3639K.
01-05 12:00:35.821 685 10951 E Libae[FAE]: 1409, face_luma_calc: NO FACE
01-05 12:00:35.821 685 10974 E awb_adpt: 1479, awb_sprd_ctrl_calculation_v3_2: check handle success
01-05 12:00:35.821 685 10970 I isp_blk_cmc10: 266, _pm_cmc10_set_param: cmc_result: (1665 15689 53; 16214 1311 16266; 16367 16062 1363).
01-05 12:00:35.822 685 10970 I isp_blk_cmc10: 266, _pm_cmc10_set_param: cmc_result: (1665 15689 53; 16214 1311 16266; 16367 16062 1363).
01-05 12:00:35.822 685 10951 I cmr_oem : 9482, camera_get_af_support: af_support 1
01-05 12:00:35.822 685 10965 E android.hardware.camera.provider@2.4-service: [ALSC]: L 561, slsc4_calculation: slsc4, error case, pair_idx=[4,3], pair_ratio=[2.001395,-1.001395], set ratio to 1.0 and 0.0
01-05 12:00:35.823 685 10964 I aft_sprd_lib: 3803, aft_proc_log_print: afm move diff : 815057,diff_thr :93618539,diff_cnt : 0,g_diff(x,y,z):(0.002500,0.017500,0.026250),aem move diff : (num : r,g,b,cnt) = (0,0,0,0), scene_change_flag 0
01-05 12:00:35.826 685 10974 I awb_adpt: 1698, awb_sprd_ctrl_calculation_v3_2: AWB result : (1304,1024,2093) 3639K , fram_count : 325 , camera_id : 0, wb mode : 0; AWB lib 64x64: (1304,1024,2093) 3639K.
01-05 12:00:35.847 665 665 E YLog : /system_ext/etc/ylogsource.conf load failed... error [2(No such file or directory)] [startlogServcie]
01-05 12:00:35.861 720 745 E CP_CONNECT_CTL: socket_reconnect: socket_reconnect src_sock=10, des_socket=cp_time_sync_server.
01-05 12:00:35.861 720 745 E CP_CONNECT_CTL: process_socket_connect: open cp_time_sync_server failed: Connection refused [111(Connection refused)]
01-05 12:00:35.861 720 745 E CP_CONNECT_CTL: socket_reconnect: socket_reconnect src_sock=10, des_socket=cp_time_sync_server.
01-05 12:00:35.862 720 745 E CP_CONNECT_CTL: process_socket_connect: open cp_time_sync_server failed: Connection refused [111(Connection refused)]
01-05 12:00:35.862 720 745 E CP_CONNECT_CTL: socket_reconnect: socket_reconnect src_sock=10, des_socket=cp_time_sync_server.
01-05 12:00:35.862 720 745 E CP_CONNECT_CTL: process_socket_connect: open cp_time_sync_server failed: Connection refused [111(Connection refused)]
01-05 12:00:35.862 720 745 E CP_CONNECT_CTL: socket_reconnect: socket_reconnect src_sock=10, des_socket=cp_time_sync_server.
01-05 12:00:35.862 720 745 E CP_CONNECT_CTL: process_socket_connect: open cp_time_sync_server failed: Connection refused [111(Connection refused)]
01-05 12:00:35.882 685 10951 E Libae[FAE]: 1409, face_luma_calc: NO FACE
01-05 12:00:35.882 685 10974 E awb_adpt: 1479, awb_sprd_ctrl_calculation_v3_2: check handle success
01-05 12:00:35.882 685 10970 I isp_blk_cmc10: 266, _pm_cmc10_set_param: cmc_result: (1665 15689 53; 16214 1311 16266; 16367 16062 1363).
01-05 12:00:35.882 685 10970 I isp_blk_cmc10: 266, _pm_cmc10_set_param: cmc_result: (1665 15689 53; 16214 1311 16266; 16367 16062 1363).
01-05 12:00:35.882 685 10951 I cmr_oem : 9482, camera_get_af_support: af_support 1
01-05 12:00:35.883 685 10964 I aft_sprd_lib: 3803, aft_proc_log_print: afm move diff : 1534914,diff_thr :93618539,diff_cnt : 0,g_diff(x,y,z):(0.018750,0.023750,0.031250),aem move diff : (num : r,g,b,cnt) = (0,0,0,0), scene_change_flag 0
01-05 12:00:35.886 685 10974 I awb_adpt: 1698, awb_sprd_ctrl_calculation_v3_2: AWB result : (1308,1024,2094) 3639K , fram_count : 326 , camera_id : 0, wb mode : 0; AWB lib 64x64: (1308,1024,2094) 3639K.
01-05 12:00:35.942 685 10951 E Libae[FAE]: 1409, face_luma_calc: NO FACE
01-05 12:00:35.942 685 10974 E awb_adpt: 1479, awb_sprd_ctrl_calculation_v3_2: check handle success
01-05 12:00:35.942 685 10970 I isp_blk_cmc10: 266, _pm_cmc10_set_param: cmc_result: (1665 15689 53; 16214 1311 16266; 16367 16062 1363).
01-05 12:00:35.942 685 10970 I isp_blk_cmc10: 266, _pm_cmc10_set_param: cmc_result: (1665 15689 53; 16214 1311 16266; 16367 16062 1363).
01-05 12:00:35.943 685 10951 I cmr_oem : 9482, camera_get_af_support: af_support 1
01-05 12:00:35.944 685 10964 I aft_sprd_lib: 3803, aft_proc_log_print: afm move diff : 1597834,diff_thr :93618539,diff_cnt : 0,g_diff(x,y,z):(0.016250,0.010000,0.038750),aem move diff : (num : r,g,b,cnt) = (0,0,0,0), scene_change_flag 0
01-05 12:00:35.947 685 10974 I awb_adpt: 1698, awb_sprd_ctrl_calculation_v3_2: AWB result : (1304,1024,2093) 3639K , fram_count : 327 , camera_id : 0, wb mode : 0; AWB lib 64x64: (1304,1024,2093) 3639K.
01-05 12:00:36.001 685 10951 E Libae[FAE]: 1409, face_luma_calc: NO FACE
01-05 12:00:36.002 685 10974 E awb_adpt: 1479, awb_sprd_ctrl_calculation_v3_2: check handle success
01-05 12:00:36.002 685 10970 I isp_blk_cmc10: 266, _pm_cmc10_set_param: cmc_result: (1665 15689 53; 16214 1311 16266; 16367 16062 1363).
01-05 12:00:36.002 685 10970 I isp_blk_cmc10: 266, _pm_cmc10_set_param: cmc_result: (1665 15689 53; 16214 1311 16266; 16367 16062 1363).
01-05 12:00:36.002 685 10951 I cmr_oem : 9482, camera_get_af_support: af_support 1
01-05 12:00:36.003 685 10965 E android.hardware.camera.provider@2.4-service: [ALSC]: L 561, slsc4_calculation: slsc4, error case, pair_idx=[4,3], pair_ratio=[1.980930,-0.980930], set ratio to 1.0 and 0.0
01-05 12:00:36.003 685 10964 I aft_sprd_lib: 3803, aft_proc_log_print: afm move diff : 1416230,diff_thr :93618539,diff_cnt : 0,g_diff(x,y,z):(0.013750,0.010000,0.036250),aem move diff : (num : r,g,b,cnt) = (0,0,0,0), scene_change_flag 0
01-05 12:00:36.007 685 10974 I awb_adpt: 1698, awb_sprd_ctrl_calculation_v3_2: AWB result : (1299,1024,2100) 3621K , fram_count : 328 , camera_id : 0, wb mode : 0; AWB lib 64x64: (1299,1024,2100) 3621K.
01-05 12:00:36.062 720 745 E CP_CONNECT_CTL: socket_reconnect: socket_reconnect src_sock=10, des_socket=cp_time_sync_server.
01-05 12:00:36.062 720 745 E CP_CONNECT_CTL: process_socket_connect: open cp_time_sync_server failed: Connection refused [111(Connection refused)]
01-05 12:00:36.062 720 745 E CP_CONNECT_CTL: socket_reconnect: socket_reconnect src_sock=10, des_socket=cp_time_sync_server.
01-05 12:00:36.062 720 745 E CP_CONNECT_CTL: process_socket_connect: open cp_time_sync_server failed: Connection refused [111(Connection refused)]
01-05 12:00:36.062 685 10951 E Libae[FAE]: 1409, face_luma_calc: NO FACE
01-05 12:00:36.062 720 745 E CP_CONNECT_CTL: socket_reconnect: socket_reconnect src_sock=10, des_socket=cp_time_sync_server.
01-05 12:00:36.062 720 745 E CP_CONNECT_CTL: process_socket_connect: open cp_time_sync_server failed: Connection refused [111(Connection refused)]
01-05 12:00:36.062 720 745 E CP_CONNECT_CTL: socket_reconnect: socket_reconnect src_sock=10, des_socket=cp_time_sync_server.
01-05 12:00:36.062 685 10974 E awb_adpt: 1479, awb_sprd_ctrl_calculation_v3_2: check handle success
01-05 12:00:36.062 720 745 E CP_CONNECT_CTL: process_socket_connect: open cp_time_sync_server failed: Connection refused [111(Connection refused)]
01-05 12:00:36.063 685 10970 I isp_blk_cmc10: 266, _pm_cmc10_set_param: cmc_result: (1661 15694 52; 16216 1309 16267; 16367 16064 1360).
01-05 12:00:36.063 685 10970 I isp_blk_cmc10: 266, _pm_cmc10_set_param: cmc_result: (1661 15694 52; 16216 1309 16267; 16367 16064 1360).
01-05 12:00:36.063 685 10951 I cmr_oem : 9482, camera_get_af_support: af_support 1
01-05 12:00:36.064 685 10964 I aft_sprd_lib: 3803, aft_proc_log_print: afm move diff : 1726408,diff_thr :93618539,diff_cnt : 0,g_diff(x,y,z):(0.016250,0.005000,0.026250),aem move diff : (num : r,g,b,cnt) = (0,0,0,0), scene_change_flag 0
01-05 12:00:36.067 685 10974 I awb_adpt: 1698, awb_sprd_ctrl_calculation_v3_2: AWB result : (1299,1024,2100) 3621K , fram_count : 329 , camera_id : 0, wb mode : 0; AWB lib 64x64: (1299,1024,2100) 3621K.
01-05 12:00:36.093 1128 1229 W SensorService: Dropping 1 cached events (100/100) to save 1/1 new events. 49 events previously dropped
01-05 12:00:36.122 685 10974 E awb_adpt: 1479, awb_sprd_ctrl_calculation_v3_2: check handle success
01-05 12:00:36.122 685 10951 E Libae[FAE]: 1409, face_luma_calc: NO FACE
01-05 12:00:36.122 685 10970 I isp_blk_cmc10: 266, _pm_cmc10_set_param: cmc_result: (1661 15694 52; 16216 1309 16267; 16367 16064 1360).
01-05 12:00:36.122 685 10970 I isp_blk_cmc10: 266, _pm_cmc10_set_param: cmc_result: (1661 15694 52; 16216 1309 16267; 16367 16064 1360).
01-05 12:00:36.123 685 10951 I cmr_oem : 9482, camera_get_af_support: af_support 1
01-05 12:00:36.124 685 10964 I aft_sprd_lib: 3803, aft_proc_log_print: afm move diff : 1360682,diff_thr :93618539,diff_cnt : 0,g_diff(x,y,z):(0.013750,0.002500,0.012500),aem move diff : (num : r,g,b,cnt) = (0,0,0,0), scene_change_flag 0
01-05 12:00:36.127 685 10974 I awb_adpt: 1698, awb_sprd_ctrl_calculation_v3_2: AWB result : (1299,1024,2100) 3621K , fram_count : 330 , camera_id : 0, wb mode : 0; AWB lib 64x64: (1299,1024,2100) 3621K.
01-05 12:00:36.181 685 10974 E awb_adpt: 1479, awb_sprd_ctrl_calculation_v3_2: check handle success
01-05 12:00:36.181 685 10951 E Libae[FAE]: 1409, face_luma_calc: NO FACE
01-05 12:00:36.181 685 10970 I isp_blk_cmc10: 266, _pm_cmc10_set_param: cmc_result: (1661 15694 52; 16216 1309 16267; 16367 16064 1360).
01-05 12:00:36.181 685 10970 I isp_blk_cmc10: 266, _pm_cmc10_set_param: cmc_result: (1661 15694 52; 16216 1309 16267; 16367 16064 1360).
01-05 12:00:36.182 685 10951 I cmr_oem : 9482, camera_get_af_support: af_support 1
01-05 12:00:36.182 685 10965 E android.hardware.camera.provider@2.4-service: [ALSC]: L 561, slsc4_calculation: slsc4, error case, pair_idx=[4,3], pair_ratio=[1.929608,-0.929608], set ratio to 1.0 and 0.0
01-05 12:00:36.182 685 10964 I aft_sprd_lib: 3803, aft_proc_log_print: afm move diff : 439623,diff_thr :93618539,diff_cnt : 0,g_diff(x,y,z):(0.028750,0.005000,0.018750),aem move diff : (num : r,g,b,cnt) = (0,0,0,0), scene_change_flag 0
01-05 12:00:36.186 685 10974 I awb_adpt: 1698, awb_sprd_ctrl_calculation_v3_2: AWB result : (1304,1024,2093) 3639K , fram_count : 331 , camera_id : 0, wb mode : 0; AWB lib 64x64: (1304,1024,2093) 3639K.
01-05 12:00:36.241 685 10974 E awb_adpt: 1479, awb_sprd_ctrl_calculation_v3_2: check handle success
01-05 12:00:36.241 685 10951 E Libae[FAE]: 1409, face_luma_calc: NO FACE
01-05 12:00:36.241 685 10970 I isp_blk_cmc10: 266, _pm_cmc10_set_param: cmc_result: (1665 15689 53; 16214 1311 16266; 16367 16062 1363).
01-05 12:00:36.241 685 10970 I isp_blk_cmc10: 266, _pm_cmc10_set_param: cmc_result: (1665 15689 53; 16214 1311 16266; 16367 16062 1363).
01-05 12:00:36.242 685 10951 I cmr_oem : 9482, camera_get_af_support: af_support 1
01-05 12:00:36.242 685 10964 I aft_sprd_lib: 3803, aft_proc_log_print: afm move diff : 1365769,diff_thr :93618539,diff_cnt : 0,g_diff(x,y,z):(0.000000,0.005000,0.033750),aem move diff : (num : r,g,b,cnt) = (0,0,0,0), scene_change_flag 0
01-05 12:00:36.246 685 10974 I awb_adpt: 1698, awb_sprd_ctrl_calculation_v3_2: AWB result : (1304,1024,2093) 3639K , fram_count : 332 , camera_id : 0, wb mode : 0; AWB lib 64x64: (1304,1024,2093) 3639K.
01-05 12:00:36.262 720 745 E CP_CONNECT_CTL: socket_reconnect: socket_reconnect src_sock=10, des_socket=cp_time_sync_server.
01-05 12:00:36.262 720 745 E CP_CONNECT_CTL: process_socket_connect: open cp_time_sync_server failed: Connection refused [111(Connection refused)]
01-05 12:00:36.262 720 745 E CP_CONNECT_CTL: socket_reconnect: socket_reconnect src_sock=10, des_socket=cp_time_sync_server.
01-05 12:00:36.262 720 745 E CP_CONNECT_CTL: process_socket_connect: open cp_time_sync_server failed: Connection refused [111(Connection refused)]
01-05 12:00:36.262 720 745 E CP_CONNECT_CTL: socket_reconnect: socket_reconnect src_sock=10, des_socket=cp_time_sync_server.
01-05 12:00:36.263 720 745 E CP_CONNECT_CTL: process_socket_connect: open cp_time_sync_server failed: Connection refused [111(Connection refused)]
01-05 12:00:36.263 720 745 E CP_CONNECT_CTL: socket_reconnect: socket_reconnect src_sock=10, des_socket=cp_time_sync_server.
01-05 12:00:36.263 720 745 E CP_CONNECT_CTL: process_socket_connect: open cp_time_sync_server failed: Connection refused [111(Connection refused)]
01-05 12:00:36.301 685 10951 E Libae[FAE]: 1409, face_luma_calc: NO FACE
01-05 12:00:36.301 685 10974 E awb_adpt: 1479, awb_sprd_ctrl_calculation_v3_2: check handle success
01-05 12:00:36.301 685 10970 I isp_blk_cmc10: 266, _pm_cmc10_set_param: cmc_result: (1665 15689 53; 16214 1311 16266; 16367 16062 1363).
01-05 12:00:36.302 685 10970 I isp_blk_cmc10: 266, _pm_cmc10_set_param: cmc_result: (1665 15689 53; 16214 1311 16266; 16367 16062 1363).
01-05 12:00:36.302 685 10951 I cmr_oem : 9482, camera_get_af_support: af_support 1
01-05 12:00:36.303 685 10964 I aft_sprd_lib: 3803, aft_proc_log_print: afm move diff : 135564,diff_thr :93618539,diff_cnt : 0,g_diff(x,y,z):(0.007500,0.007500,0.023750),aem move diff : (num : r,g,b,cnt) = (0,0,0,0), scene_change_flag 0
01-05 12:00:36.306 685 10974 I awb_adpt: 1698, awb_sprd_ctrl_calculation_v3_2: AWB result : (1304,1024,2093) 3639K , fram_count : 333 , camera_id : 0, wb mode : 0; AWB lib 64x64: (1304,1024,2093) 3639K.
01-05 12:00:36.363 685 10974 E awb_adpt: 1479, awb_sprd_ctrl_calculation_v3_2: check handle success
01-05 12:00:36.363 685 10951 E Libae[FAE]: 1409, face_luma_calc: NO FACE
01-05 12:00:36.363 685 10970 I isp_blk_cmc10: 266, _pm_cmc10_set_param: cmc_result: (1665 15689 53; 16214 1311 16266; 16367 16062 1363).
01-05 12:00:36.364 685 10970 I isp_blk_cmc10: 266, _pm_cmc10_set_param: cmc_result: (1665 15689 53; 16214 1311 16266; 16367 16062 1363).
01-05 12:00:36.364 685 10951 I cmr_oem : 9482, camera_get_af_support: af_support 1
01-05 12:00:36.364 685 10965 E android.hardware.camera.provider@2.4-service: [ALSC]: L 561, slsc4_calculation: slsc4, error case, pair_idx=[4,3], pair_ratio=[1.803655,-0.803655], set ratio to 1.0 and 0.0
01-05 12:00:36.365 685 10964 I aft_sprd_lib: 3803, aft_proc_log_print: afm move diff : 1733963,diff_thr :93618539,diff_cnt : 0,g_diff(x,y,z):(0.026250,0.018750,0.026250),aem move diff : (num : r,g,b,cnt) = (0,0,0,0), scene_change_flag 0
01-05 12:00:36.368 685 10974 I awb_adpt: 1698, awb_sprd_ctrl_calculation_v3_2: AWB result : (1304,1024,2093) 3639K , fram_count : 334 , camera_id : 0, wb mode : 0; AWB lib 64x64: (1304,1024,2093) 3639K.
01-05 12:00:36.423 685 10974 E awb_adpt: 1479, awb_sprd_ctrl_calculation_v3_2: check handle success
01-05 12:00:36.423 685 10951 E Libae[FAE]: 1409, face_luma_calc: NO FACE
01-05 12:00:36.423 685 10970 I isp_blk_cmc10: 266, _pm_cmc10_set_param: cmc_result: (1665 15689 53; 16214 1311 16266; 16367 16062 1363).
01-05 12:00:36.424 685 10970 I isp_blk_cmc10: 266, _pm_cmc10_set_param: cmc_result: (1665 15689 53; 16214 1311 16266; 16367 16062 1363).
01-05 12:00:36.424 685 10951 I cmr_oem : 9482, camera_get_af_support: af_support 1
01-05 12:00:36.425 685 10964 I aft_sprd_lib: 3803, aft_proc_log_print: afm move diff : 1492579,diff_thr :93618539,diff_cnt : 0,g_diff(x,y,z):(0.005000,0.002500,0.038750),aem move diff : (num : r,g,b,cnt) = (0,0,0,0), scene_change_flag 0
01-05 12:00:36.428 685 10974 I awb_adpt: 1698, awb_sprd_ctrl_calculation_v3_2: AWB result : (1304,1024,2093) 3639K , fram_count : 335 , camera_id : 0, wb mode : 0; AWB lib 64x64: (1304,1024,2093) 3639K.
01-05 12:00:36.462 720 745 E CP_CONNECT_CTL: socket_reconnect: socket_reconnect src_sock=10, des_socket=cp_time_sync_server.
01-05 12:00:36.462 720 745 E CP_CONNECT_CTL: process_socket_connect: open cp_time_sync_server failed: Connection refused [111(Connection refused)]
01-05 12:00:36.463 720 745 E CP_CONNECT_CTL: socket_reconnect: socket_reconnect src_sock=10, des_socket=cp_time_sync_server.
01-05 12:00:36.463 720 745 E CP_CONNECT_CTL: process_socket_connect: open cp_time_sync_server failed: Connection refused [111(Connection refused)]
01-05 12:00:36.463 720 745 E CP_CONNECT_CTL: socket_reconnect: socket_reconnect src_sock=10, des_socket=cp_time_sync_server.
01-05 12:00:36.463 720 745 E CP_CONNECT_CTL: process_socket_connect: open cp_time_sync_server failed: Connection refused [111(Connection refused)]
01-05 12:00:36.463 720 745 E CP_CONNECT_CTL: socket_reconnect: socket_reconnect src_sock=10, des_socket=cp_time_sync_server.
01-05 12:00:36.463 720 745 E CP_CONNECT_CTL: process_socket_connect: open cp_time_sync_server failed: Connection refused [111(Connection refused)]
01-05 12:00:36.469 7855 7975 I HQCAM_DepressStickerService: After 335 seconds sleep!!!
01-05 12:00:36.483 685 10974 E awb_adpt: 1479, awb_sprd_ctrl_calculation_v3_2: check handle success
01-05 12:00:36.483 685 10951 E Libae[FAE]: 1409, face_luma_calc: NO FACE
01-05 12:00:36.483 685 10970 I isp_blk_cmc10: 266, _pm_cmc10_set_param: cmc_result: (1665 15689 53; 16214 1311 16266; 16367 16062 1363).
01-05 12:00:36.484 685 10970 I isp_blk_cmc10: 266, _pm_cmc10_set_param: cmc_result: (1665 15689 53; 16214 1311 16266; 16367 16062 1363).
01-05 12:00:36.484 685 10951 I cmr_oem : 9482, camera_get_af_support: af_support 1
01-05 12:00:36.485 685 10964 I aft_sprd_lib: 3803, aft_proc_log_print: afm move diff : 2077220,diff_thr :93618539,diff_cnt : 0,g_diff(x,y,z):(0.023750,0.005000,0.026250),aem move diff : (num : r,g,b,cnt) = (0,0,0,0), scene_change_flag 0
01-05 12:00:36.488 685 10974 I awb_adpt: 1698, awb_sprd_ctrl_calculation_v3_2: AWB result : (1304,1024,2093) 3639K , fram_count : 336 , camera_id : 0, wb mode : 0; AWB lib 64x64: (1304,1024,2093) 3639K.
01-05 12:00:36.544 685 10951 E Libae[FAE]: 1409, face_luma_calc: NO FACE
01-05 12:00:36.544 685 10974 E awb_adpt: 1479, awb_sprd_ctrl_calculation_v3_2: check handle success
01-05 12:00:36.544 685 10970 I isp_blk_cmc10: 266, _pm_cmc10_set_param: cmc_result: (1665 15689 53; 16214 1311 16266; 16367 16062 1363).
01-05 12:00:36.544 685 10970 I isp_blk_cmc10: 266, _pm_cmc10_set_param: cmc_result: (1665 15689 53; 16214 1311 16266; 16367 16062 1363).
01-05 12:00:36.544 685 10951 I cmr_oem : 9482, camera_get_af_support: af_support 1
01-05 12:00:36.545 685 10965 E android.hardware.camera.provider@2.4-service: [ALSC]: L 561, slsc4_calculation: slsc4, error case, pair_idx=[4,3], pair_ratio=[1.722854,-0.722854], set ratio to 1.0 and 0.0
01-05 12:00:36.545 685 10964 I aft_sprd_lib: 3803, aft_proc_log_print: afm move diff : 1114206,diff_thr :93618539,diff_cnt : 0,g_diff(x,y,z):(0.010000,0.013750,0.026250),aem move diff : (num : r,g,b,cnt) = (0,0,0,0), scene_change_flag 0
01-05 12:00:36.549 685 10974 I awb_adpt: 1698, awb_sprd_ctrl_calculation_v3_2: AWB result : (1304,1024,2093) 3639K , fram_count : 337 , camera_id : 0, wb mode : 0; AWB lib 64x64: (1304,1024,2093) 3639K.
01-05 12:00:36.604 685 10974 E awb_adpt: 1479, awb_sprd_ctrl_calculation_v3_2: check handle success
01-05 12:00:36.604 685 10951 E Libae[FAE]: 1409, face_luma_calc: NO FACE
01-05 12:00:36.604 685 10970 I isp_blk_cmc10: 266, _pm_cmc10_set_param: cmc_result: (1665 15689 53; 16214 1311 16266; 16367 16062 1363).
01-05 12:00:36.605 685 10970 I isp_blk_cmc10: 266, _pm_cmc10_set_param: cmc_result: (1665 15689 53; 16214 1311 16266; 16367 16062 1363).
01-05 12:00:36.605 685 10951 I cmr_oem : 9482, camera_get_af_support: af_support 1
01-05 12:00:36.606 685 10964 I aft_sprd_lib: 3803, aft_proc_log_print: afm move diff : 1879145,diff_thr :93618539,diff_cnt : 0,g_diff(x,y,z):(0.012500,0.002500,0.041250),aem move diff : (num : r,g,b,cnt) = (0,0,0,0), scene_change_flag 0
01-05 12:00:36.609 685 10974 I awb_adpt: 1698, awb_sprd_ctrl_calculation_v3_2: AWB result : (1304,1024,2093) 3639K , fram_count : 338 , camera_id : 0, wb mode : 0; AWB lib 64x64: (1304,1024,2093) 3639K.
01-05 12:00:36.663 720 745 E CP_CONNECT_CTL: socket_reconnect: socket_reconnect src_sock=10, des_socket=cp_time_sync_server.
01-05 12:00:36.664 720 745 E CP_CONNECT_CTL: process_socket_connect: open cp_time_sync_server failed: Connection refused [111(Connection refused)]
01-05 12:00:36.664 720 745 E CP_CONNECT_CTL: socket_reconnect: socket_reconnect src_sock=10, des_socket=cp_time_sync_server.
01-05 12:00:36.664 720 745 E CP_CONNECT_CTL: process_socket_connect: open cp_time_sync_server failed: Connection refused [111(Connection refused)]
01-05 12:00:36.664 720 745 E CP_CONNECT_CTL: socket_reconnect: socket_reconnect src_sock=10, des_socket=cp_time_sync_server.
01-05 12:00:36.664 720 745 E CP_CONNECT_CTL: process_socket_connect: open cp_time_sync_server failed: Connection refused [111(Connection refused)]
01-05 12:00:36.664 720 745 E CP_CONNECT_CTL: socket_reconnect: socket_reconnect src_sock=10, des_socket=cp_time_sync_server.
01-05 12:00:36.664 685 10951 E Libae[FAE]: 1409, face_luma_calc: NO FACE
01-05 12:00:36.664 720 745 E CP_CONNECT_CTL: process_socket_connect: open cp_time_sync_server failed: Connection refused [111(Connection refused)]
01-05 12:00:36.664 685 10970 I isp_blk_cmc10: 266, _pm_cmc10_set_param: cmc_result: (1665 15689 53; 16214 1311 16266; 16367 16062 1363).
01-05 12:00:36.664 685 10974 E awb_adpt: 1479, awb_sprd_ctrl_calculation_v3_2: check handle success
01-05 12:00:36.665 685 10970 I isp_blk_cmc10: 266, _pm_cmc10_set_param: cmc_result: (1665 15689 53; 16214 1311 16266; 16367 16062 1363).
01-05 12:00:36.665 685 10951 I cmr_oem : 9482, camera_get_af_support: af_support 1
01-05 12:00:36.666 685 10964 I aft_sprd_lib: 3803, aft_proc_log_print: afm move diff : 1624156,diff_thr :93618539,diff_cnt : 0,g_diff(x,y,z):(0.002500,0.012500,0.026250),aem move diff : (num : r,g,b,cnt) = (0,0,0,0), scene_change_flag 0
01-05 12:00:36.669 685 10974 I awb_adpt: 1698, awb_sprd_ctrl_calculation_v3_2: AWB result : (1304,1024,2093) 3639K , fram_count : 339 , camera_id : 0, wb mode : 0; AWB lib 64x64: (1304,1024,2093) 3639K.
01-05 12:00:36.724 685 10951 E Libae[FAE]: 1409, face_luma_calc: NO FACE
01-05 12:00:36.725 685 10974 E awb_adpt: 1479, awb_sprd_ctrl_calculation_v3_2: check handle success
01-05 12:00:36.725 685 10970 I isp_blk_cmc10: 266, _pm_cmc10_set_param: cmc_result: (1665 15689 53; 16214 1311 16266; 16367 16062 1363).
01-05 12:00:36.725 685 10970 I isp_blk_cmc10: 266, _pm_cmc10_set_param: cmc_result: (1665 15689 53; 16214 1311 16266; 16367 16062 1363).
01-05 12:00:36.725 685 10951 I cmr_oem : 9482, camera_get_af_support: af_support 1
01-05 12:00:36.726 685 10965 E android.hardware.camera.provider@2.4-service: [ALSC]: L 561, slsc4_calculation: slsc4, error case, pair_idx=[4,3], pair_ratio=[1.716683,-0.716683], set ratio to 1.0 and 0.0
01-05 12:00:36.726 685 10964 I aft_sprd_lib: 3803, aft_proc_log_print: afm move diff : 584663,diff_thr :93618539,diff_cnt : 0,g_diff(x,y,z):(0.007500,0.002500,0.038750),aem move diff : (num : r,g,b,cnt) = (0,0,0,0), scene_change_flag 0
01-05 12:00:36.729 685 10974 I awb_adpt: 1698, awb_sprd_ctrl_calculation_v3_2: AWB result : (1304,1024,2093) 3639K , fram_count : 340 , camera_id : 0, wb mode : 0; AWB lib 64x64: (1304,1024,2093) 3639K.
01-05 12:00:36.785 685 10951 E Libae[FAE]: 1409, face_luma_calc: NO FACE
01-05 12:00:36.785 685 10974 E awb_adpt: 1479, awb_sprd_ctrl_calculation_v3_2: check handle success
01-05 12:00:36.785 685 10970 I isp_blk_cmc10: 266, _pm_cmc10_set_param: cmc_result: (1665 15689 53; 16214 1311 16266; 16367 16062 1363).
01-05 12:00:36.785 685 10970 I isp_blk_cmc10: 266, _pm_cmc10_set_param: cmc_result: (1665 15689 53; 16214 1311 16266; 16367 16062 1363).
01-05 12:00:36.786 685 10951 I cmr_oem : 9482, camera_get_af_support: af_support 1
01-05 12:00:36.786 685 10964 I aft_sprd_lib: 3803, aft_proc_log_print: afm move diff : 1922779,diff_thr :93618539,diff_cnt : 0,g_diff(x,y,z):(0.005000,0.000000,0.038750),aem move diff : (num : r,g,b,cnt) = (0,0,0,0), scene_change_flag 0
01-05 12:00:36.790 685 10974 I awb_adpt: 1698, awb_sprd_ctrl_calculation_v3_2: AWB result : (1304,1024,2093) 3639K , fram_count : 341 , camera_id : 0, wb mode : 0; AWB lib 64x64: (1304,1024,2093) 3639K.
01-05 12:00:36.845 685 10951 E Libae[FAE]: 1409, face_luma_calc: NO FACE
01-05 12:00:36.845 685 10974 E awb_adpt: 1479, awb_sprd_ctrl_calculation_v3_2: check handle success
01-05 12:00:36.845 685 10970 I isp_blk_cmc10: 266, _pm_cmc10_set_param: cmc_result: (1665 15689 53; 16214 1311 16266; 16367 16062 1363).
01-05 12:00:36.845 685 10970 I isp_blk_cmc10: 266, _pm_cmc10_set_param: cmc_result: (1665 15689 53; 16214 1311 16266; 16367 16062 1363).
01-05 12:00:36.845 685 10951 I cmr_oem : 9482, camera_get_af_support: af_support 1
01-05 12:00:36.847 685 10964 I aft_sprd_lib: 3803, aft_proc_log_print: afm move diff : 866202,diff_thr :93618539,diff_cnt : 0,g_diff(x,y,z):(0.012500,0.005000,0.028750),aem move diff : (num : r,g,b,cnt) = (0,0,0,0), scene_change_flag 0
01-05 12:00:36.848 665 665 E YLog : /system_ext/etc/ylogsource.conf load failed... error [2(No such file or directory)] [startlogServcie]
01-05 12:00:36.850 685 10974 I awb_adpt: 1698, awb_sprd_ctrl_calculation_v3_2: AWB result : (1304,1024,2093) 3639K , fram_count : 342 , camera_id : 0, wb mode : 0; AWB lib 64x64: (1304,1024,2093) 3639K.
01-05 12:00:36.864 720 745 E CP_CONNECT_CTL: socket_reconnect: socket_reconnect src_sock=10, des_socket=cp_time_sync_server.
01-05 12:00:36.864 720 745 E CP_CONNECT_CTL: process_socket_connect: open cp_time_sync_server failed: Connection refused [111(Connection refused)]
01-05 12:00:36.864 720 745 E CP_CONNECT_CTL: socket_reconnect: socket_reconnect src_sock=10, des_socket=cp_time_sync_server.
01-05 12:00:36.864 720 745 E CP_CONNECT_CTL: process_socket_connect: open cp_time_sync_server failed: Connection refused [111(Connection refused)]
01-05 12:00:36.864 720 745 E CP_CONNECT_CTL: socket_reconnect: socket_reconnect src_sock=10, des_socket=cp_time_sync_server.
01-05 12:00:36.864 720 745 E CP_CONNECT_CTL: process_socket_connect: open cp_time_sync_server failed: Connection refused [111(Connection refused)]
01-05 12:00:36.864 720 745 E CP_CONNECT_CTL: socket_reconnect: socket_reconnect src_sock=10, des_socket=cp_time_sync_server.
01-05 12:00:36.864 720 745 E CP_CONNECT_CTL: process_socket_connect: open cp_time_sync_server failed: Connection refused [111(Connection refused)]
01-05 12:00:36.905 685 10951 E Libae[FAE]: 1409, face_luma_calc: NO FACE
01-05 12:00:36.905 685 10970 I isp_blk_cmc10: 266, _pm_cmc10_set_param: cmc_result: (1665 15689 53; 16214 1311 16266; 16367 16062 1363).
01-05 12:00:36.906 685 10974 E awb_adpt: 1479, awb_sprd_ctrl_calculation_v3_2: check handle success
01-05 12:00:36.906 685 10970 I isp_blk_cmc10: 266, _pm_cmc10_set_param: cmc_result: (1665 15689 53; 16214 1311 16266; 16367 16062 1363).
01-05 12:00:36.906 685 10951 I cmr_oem : 9482, camera_get_af_support: af_support 1
01-05 12:00:36.906 685 10965 E android.hardware.camera.provider@2.4-service: [ALSC]: L 561, slsc4_calculation: slsc4, error case, pair_idx=[4,3], pair_ratio=[1.714200,-0.714200], set ratio to 1.0 and 0.0
01-05 12:00:36.907 685 10964 I aft_sprd_lib: 3803, aft_proc_log_print: afm move diff : 1103056,diff_thr :93618539,diff_cnt : 0,g_diff(x,y,z):(0.000000,0.002500,0.026250),aem move diff : (num : r,g,b,cnt) = (0,0,0,0), scene_change_flag 0
01-05 12:00:36.910 685 10974 I awb_adpt: 1698, awb_sprd_ctrl_calculation_v3_2: AWB result : (1308,1024,2094) 3639K , fram_count : 343 , camera_id : 0, wb mode : 0; AWB lib 64x64: (1308,1024,2094) 3639K.
01-05 12:00:36.963 685 10951 E Libae[FAE]: 1409, face_luma_calc: NO FACE
01-05 12:00:36.964 685 10974 E awb_adpt: 1479, awb_sprd_ctrl_calculation_v3_2: check handle success
01-05 12:00:36.964 685 10970 I isp_blk_cmc10: 266, _pm_cmc10_set_param: cmc_result: (1665 15689 53; 16214 1311 16266; 16367 16062 1363).
01-05 12:00:36.964 685 10970 I isp_blk_cmc10: 266, _pm_cmc10_set_param: cmc_result: (1665 15689 53; 16214 1311 16266; 16367 16062 1363).
01-05 12:00:36.964 685 10951 I cmr_oem : 9482, camera_get_af_support: af_support 1
01-05 12:00:36.965 685 10964 I aft_sprd_lib: 3803, aft_proc_log_print: afm move diff : 798660,diff_thr :93618539,diff_cnt : 0,g_diff(x,y,z):(0.007500,0.015000,0.041250),aem move diff : (num : r,g,b,cnt) = (0,0,0,0), scene_change_flag 0
01-05 12:00:36.968 685 10974 I awb_adpt: 1698, awb_sprd_ctrl_calculation_v3_2: AWB result : (1304,1024,2093) 3639K , fram_count : 344 , camera_id : 0, wb mode : 0; AWB lib 64x64: (1304,1024,2093) 3639K.
01-05 12:00:37.024 685 10951 E Libae[FAE]: 1409, face_luma_calc: NO FACE
01-05 12:00:37.024 685 10974 E awb_adpt: 1479, awb_sprd_ctrl_calculation_v3_2: check handle success
01-05 12:00:37.024 685 10970 I isp_blk_cmc10: 266, _pm_cmc10_set_param: cmc_result: (1665 15689 53; 16214 1311 16266; 16367 16062 1363).
01-05 12:00:37.024 685 10970 I isp_blk_cmc10: 266, _pm_cmc10_set_param: cmc_result: (1665 15689 53; 16214 1311 16266; 16367 16062 1363).
01-05 12:00:37.024 685 10951 I cmr_oem : 9482, camera_get_af_support: af_support 1
01-05 12:00:37.025 685 10964 I aft_sprd_lib: 3803, aft_proc_log_print: afm move diff : 815968,diff_thr :93618539,diff_cnt : 0,g_diff(x,y,z):(0.005000,0.012500,0.026250),aem move diff : (num : r,g,b,cnt) = (0,0,0,0), scene_change_flag 0
01-05 12:00:37.028 685 10974 I awb_adpt: 1698, awb_sprd_ctrl_calculation_v3_2: AWB result : (1304,1024,2093) 3639K , fram_count : 345 , camera_id : 0, wb mode : 0; AWB lib 64x64: (1304,1024,2093) 3639K.
01-05 12:00:37.064 720 745 E CP_CONNECT_CTL: socket_reconnect: socket_reconnect src_sock=10, des_socket=cp_time_sync_server.
01-05 12:00:37.064 720 745 E CP_CONNECT_CTL: process_socket_connect: open cp_time_sync_server failed: Connection refused [111(Connection refused)]
01-05 12:00:37.064 720 745 E CP_CONNECT_CTL: socket_reconnect: socket_reconnect src_sock=10, des_socket=cp_time_sync_server.
01-05 12:00:37.065 720 745 E CP_CONNECT_CTL: process_socket_connect: open cp_time_sync_server failed: Connection refused [111(Connection refused)]
01-05 12:00:37.065 720 745 E CP_CONNECT_CTL: socket_reconnect: socket_reconnect src_sock=10, des_socket=cp_time_sync_server.
01-05 12:00:37.065 720 745 E CP_CONNECT_CTL: process_socket_connect: open cp_time_sync_server failed: Connection refused [111(Connection refused)]
01-05 12:00:37.065 720 745 E CP_CONNECT_CTL: socket_reconnect: socket_reconnect src_sock=10, des_socket=cp_time_sync_server.
01-05 12:00:37.065 720 745 E CP_CONNECT_CTL: process_socket_connect: open cp_time_sync_server failed: Connection refused [111(Connection refused)]
01-05 12:00:37.084 685 10974 E awb_adpt: 1479, awb_sprd_ctrl_calculation_v3_2: check handle success
01-05 12:00:37.084 685 10951 E Libae[FAE]: 1409, face_luma_calc: NO FACE
01-05 12:00:37.085 685 10970 I isp_blk_cmc10: 266, _pm_cmc10_set_param: cmc_result: (1665 15689 53; 16214 1311 16266; 16367 16062 1363).
01-05 12:00:37.085 685 10970 I isp_blk_cmc10: 266, _pm_cmc10_set_param: cmc_result: (1665 15689 53; 16214 1311 16266; 16367 16062 1363).
01-05 12:00:37.085 685 10951 I cmr_oem : 9482, camera_get_af_support: af_support 1
01-05 12:00:37.085 685 10965 E android.hardware.camera.provider@2.4-service: [ALSC]: L 561, slsc4_calculation: slsc4, error case, pair_idx=[4,3], pair_ratio=[1.758513,-0.758513], set ratio to 1.0 and 0.0
01-05 12:00:37.086 685 10964 I aft_sprd_lib: 3803, aft_proc_log_print: afm move diff : 1281370,diff_thr :93618539,diff_cnt : 0,g_diff(x,y,z):(0.005000,0.010000,0.028750),aem move diff : (num : r,g,b,cnt) = (0,0,0,0), scene_change_flag 0
01-05 12:00:37.089 685 10974 I awb_adpt: 1698, awb_sprd_ctrl_calculation_v3_2: AWB result : (1308,1024,2094) 3639K , fram_count : 346 , camera_id : 0, wb mode : 0; AWB lib 64x64: (1308,1024,2094) 3639K.
01-05 12:00:37.146 685 10951 E Libae[FAE]: 1409, face_luma_calc: NO FACE
01-05 12:00:37.146 685 10974 E awb_adpt: 1479, awb_sprd_ctrl_calculation_v3_2: check handle success
01-05 12:00:37.147 685 10970 I isp_blk_cmc10: 266, _pm_cmc10_set_param: cmc_result: (1665 15689 53; 16214 1311 16266; 16367 16062 1363).
01-05 12:00:37.147 685 10970 I isp_blk_cmc10: 266, _pm_cmc10_set_param: cmc_result: (1665 15689 53; 16214 1311 16266; 16367 16062 1363).
01-05 12:00:37.147 685 10951 I cmr_oem : 9482, camera_get_af_support: af_support 1
01-05 12:00:37.148 685 10964 I aft_sprd_lib: 3803, aft_proc_log_print: afm move diff : 1367704,diff_thr :93618539,diff_cnt : 0,g_diff(x,y,z):(0.012500,0.010000,0.015000),aem move diff : (num : r,g,b,cnt) = (0,0,0,0), scene_change_flag 0
01-05 12:00:37.151 685 10974 I awb_adpt: 1698, awb_sprd_ctrl_calculation_v3_2: AWB result : (1299,1024,2100) 3621K , fram_count : 347 , camera_id : 0, wb mode : 0; AWB lib 64x64: (1299,1024,2100) 3621K.
01-05 12:00:37.204 685 10951 E Libae[FAE]: 1409, face_luma_calc: NO FACE
01-05 12:00:37.204 685 10974 E awb_adpt: 1479, awb_sprd_ctrl_calculation_v3_2: check handle success
01-05 12:00:37.205 685 10970 I isp_blk_cmc10: 266, _pm_cmc10_set_param: cmc_result: (1661 15694 52; 16216 1309 16267; 16367 16064 1360).
01-05 12:00:37.205 685 10970 I isp_blk_cmc10: 266, _pm_cmc10_set_param: cmc_result: (1661 15694 52; 16216 1309 16267; 16367 16064 1360).
01-05 12:00:37.205 685 10951 I cmr_oem : 9482, camera_get_af_support: af_support 1
01-05 12:00:37.206 685 10964 I aft_sprd_lib: 3803, aft_proc_log_print: afm move diff : 735210,diff_thr :93618539,diff_cnt : 0,g_diff(x,y,z):(0.007500,0.010000,0.036250),aem move diff : (num : r,g,b,cnt) = (0,0,0,0), scene_change_flag 0
01-05 12:00:37.209 685 10974 I awb_adpt: 1698, awb_sprd_ctrl_calculation_v3_2: AWB result : (1304,1024,2093) 3639K , fram_count : 348 , camera_id : 0, wb mode : 0; AWB lib 64x64: (1304,1024,2093) 3639K.
01-05 12:00:37.264 720 745 E CP_CONNECT_CTL: socket_reconnect: socket_reconnect src_sock=10, des_socket=cp_time_sync_server.
01-05 12:00:37.265 720 745 E CP_CONNECT_CTL: process_socket_connect: open cp_time_sync_server failed: Connection refused [111(Connection refused)]
01-05 12:00:37.265 720 745 E CP_CONNECT_CTL: socket_reconnect: socket_reconnect src_sock=10, des_socket=cp_time_sync_server.
01-05 12:00:37.265 720 745 E CP_CONNECT_CTL: process_socket_connect: open cp_time_sync_server failed: Connection refused [111(Connection refused)]
01-05 12:00:37.265 720 745 E CP_CONNECT_CTL: socket_reconnect: socket_reconnect src_sock=10, des_socket=cp_time_sync_server.
01-05 12:00:37.265 720 745 E CP_CONNECT_CTL: process_socket_connect: open cp_time_sync_server failed: Connection refused [111(Connection refused)]
01-05 12:00:37.265 720 745 E CP_CONNECT_CTL: socket_reconnect: socket_reconnect src_sock=10, des_socket=cp_time_sync_server.
01-05 12:00:37.265 720 745 E CP_CONNECT_CTL: process_socket_connect: open cp_time_sync_server failed: Connection refused [111(Connection refused)]
01-05 12:00:37.266 685 10951 E Libae[FAE]: 1409, face_luma_calc: NO FACE
01-05 12:00:37.266 685 10974 E awb_adpt: 1479, awb_sprd_ctrl_calculation_v3_2: check handle success
01-05 12:00:37.266 685 10970 I isp_blk_cmc10: 266, _pm_cmc10_set_param: cmc_result: (1665 15689 53; 16214 1311 16266; 16367 16062 1363).
01-05 12:00:37.266 685 10970 I isp_blk_cmc10: 266, _pm_cmc10_set_param: cmc_result: (1665 15689 53; 16214 1311 16266; 16367 16062 1363).
01-05 12:00:37.267 685 10951 I cmr_oem : 9482, camera_get_af_support: af_support 1
01-05 12:00:37.267 685 10965 E android.hardware.camera.provider@2.4-service: [ALSC]: L 561, slsc4_calculation: slsc4, error case, pair_idx=[4,3], pair_ratio=[1.790488,-0.790488], set ratio to 1.0 and 0.0
01-05 12:00:37.268 685 10964 I aft_sprd_lib: 3803, aft_proc_log_print: afm move diff : 605690,diff_thr :93618539,diff_cnt : 0,g_diff(x,y,z):(0.007500,0.000000,0.031250),aem move diff : (num : r,g,b,cnt) = (0,0,0,0), scene_change_flag 0
01-05 12:00:37.271 685 10974 I awb_adpt: 1698, awb_sprd_ctrl_calculation_v3_2: AWB result : (1304,1024,2109) 3621K , fram_count : 349 , camera_id : 0, wb mode : 0; AWB lib 64x64: (1304,1024,2109) 3621K.
01-05 12:00:37.326 685 10951 E Libae[FAE]: 1409, face_luma_calc: NO FACE
01-05 12:00:37.326 685 10974 E awb_adpt: 1479, awb_sprd_ctrl_calculation_v3_2: check handle success
01-05 12:00:37.326 685 10970 I isp_blk_cmc10: 266, _pm_cmc10_set_param: cmc_result: (1661 15694 52; 16216 1309 16267; 16367 16064 1360).
01-05 12:00:37.327 685 10970 I isp_blk_cmc10: 266, _pm_cmc10_set_param: cmc_result: (1661 15694 52; 16216 1309 16267; 16367 16064 1360).
01-05 12:00:37.327 685 10951 I cmr_oem : 9482, camera_get_af_support: af_support 1
01-05 12:00:37.328 685 10964 I aft_sprd_lib: 3803, aft_proc_log_print: afm move diff : 1063682,diff_thr :93618539,diff_cnt : 0,g_diff(x,y,z):(0.005000,0.005000,0.026250),aem move diff : (num : r,g,b,cnt) = (0,0,0,0), scene_change_flag 0
01-05 12:00:37.331 685 10974 I awb_adpt: 1698, awb_sprd_ctrl_calculation_v3_2: AWB result : (1304,1024,2109) 3621K , fram_count : 350 , camera_id : 0, wb mode : 0; AWB lib 64x64: (1304,1024,2109) 3621K.
01-05 12:00:37.387 685 10951 E Libae[FAE]: 1409, face_luma_calc: NO FACE
01-05 12:00:37.387 685 10974 E awb_adpt: 1479, awb_sprd_ctrl_calculation_v3_2: check handle success
01-05 12:00:37.387 685 10970 I isp_blk_cmc10: 266, _pm_cmc10_set_param: cmc_result: (1661 15694 52; 16216 1309 16267; 16367 16064 1360).
01-05 12:00:37.387 685 10970 I isp_blk_cmc10: 266, _pm_cmc10_set_param: cmc_result: (1661 15694 52; 16216 1309 16267; 16367 16064 1360).
01-05 12:00:37.387 685 10951 I cmr_oem : 9482, camera_get_af_support: af_support 1
01-05 12:00:37.388 685 10964 I aft_sprd_lib: 3803, aft_proc_log_print: afm move diff : 462913,diff_thr :93618539,diff_cnt : 0,g_diff(x,y,z):(0.007500,0.007500,0.045000),aem move diff : (num : r,g,b,cnt) = (0,0,0,0), scene_change_flag 0
01-05 12:00:37.392 685 10974 I awb_adpt: 1698, awb_sprd_ctrl_calculation_v3_2: AWB result : (1304,1024,2109) 3621K , fram_count : 351 , camera_id : 0, wb mode : 0; AWB lib 64x64: (1304,1024,2109) 3621K.
01-05 12:00:37.445 685 10974 E awb_adpt: 1479, awb_sprd_ctrl_calculation_v3_2: check handle success
01-05 12:00:37.445 685 10951 E Libae[FAE]: 1409, face_luma_calc: NO FACE
01-05 12:00:37.445 685 10970 I isp_blk_cmc10: 266, _pm_cmc10_set_param: cmc_result: (1661 15694 52; 16216 1309 16267; 16367 16064 1360).
01-05 12:00:37.445 685 10970 I isp_blk_cmc10: 266, _pm_cmc10_set_param: cmc_result: (1661 15694 52; 16216 1309 16267; 16367 16064 1360).
01-05 12:00:37.446 685 10951 I cmr_oem : 9482, camera_get_af_support: af_support 1
01-05 12:00:37.446 685 10965 E android.hardware.camera.provider@2.4-service: [ALSC]: L 561, slsc4_calculation: slsc4, error case, pair_idx=[4,3], pair_ratio=[1.777312,-0.777312], set ratio to 1.0 and 0.0
01-05 12:00:37.446 685 10964 I aft_sprd_lib: 3803, aft_proc_log_print: afm move diff : 2022827,diff_thr :93618539,diff_cnt : 0,g_diff(x,y,z):(0.013750,0.000000,0.018750),aem move diff : (num : r,g,b,cnt) = (0,0,0,0), scene_change_flag 0
01-05 12:00:37.450 685 10974 I awb_adpt: 1698, awb_sprd_ctrl_calculation_v3_2: AWB result : (1304,1024,2093) 3639K , fram_count : 352 , camera_id : 0, wb mode : 0; AWB lib 64x64: (1304,1024,2093) 3639K.
01-05 12:00:37.465 720 745 E CP_CONNECT_CTL: socket_reconnect: socket_reconnect src_sock=10, des_socket=cp_time_sync_server.
01-05 12:00:37.465 720 745 E CP_CONNECT_CTL: process_socket_connect: open cp_time_sync_server failed: Connection refused [111(Connection refused)]
01-05 12:00:37.465 720 745 E CP_CONNECT_CTL: socket_reconnect: socket_reconnect src_sock=10, des_socket=cp_time_sync_server.
01-05 12:00:37.465 720 745 E CP_CONNECT_CTL: process_socket_connect: open cp_time_sync_server failed: Connection refused [111(Connection refused)]
01-05 12:00:37.465 720 745 E CP_CONNECT_CTL: socket_reconnect: socket_reconnect src_sock=10, des_socket=cp_time_sync_server.
01-05 12:00:37.465 720 745 E CP_CONNECT_CTL: process_socket_connect: open cp_time_sync_server failed: Connection refused [111(Connection refused)]
01-05 12:00:37.465 720 745 E CP_CONNECT_CTL: socket_reconnect: socket_reconnect src_sock=10, des_socket=cp_time_sync_server.
01-05 12:00:37.466 720 745 E CP_CONNECT_CTL: process_socket_connect: open cp_time_sync_server failed: Connection refused [111(Connection refused)]
01-05 12:00:37.469 7855 7975 I HQCAM_DepressStickerService: After 336 seconds sleep!!!
01-05 12:00:37.506 685 10974 E awb_adpt: 1479, awb_sprd_ctrl_calculation_v3_2: check handle success
01-05 12:00:37.506 685 10951 E Libae[FAE]: 1409, face_luma_calc: NO FACE
01-05 12:00:37.506 685 10970 I isp_blk_cmc10: 266, _pm_cmc10_set_param: cmc_result: (1665 15689 53; 16214 1311 16266; 16367 16062 1363).
01-05 12:00:37.506 685 10970 I isp_blk_cmc10: 266, _pm_cmc10_set_param: cmc_result: (1665 15689 53; 16214 1311 16266; 16367 16062 1363).
01-05 12:00:37.506 685 10951 I cmr_oem : 9482, camera_get_af_support: af_support 1
01-05 12:00:37.507 685 10964 I aft_sprd_lib: 3803, aft_proc_log_print: afm move diff : 2629391,diff_thr :93618539,diff_cnt : 0,g_diff(x,y,z):(0.002500,0.015000,0.026250),aem move diff : (num : r,g,b,cnt) = (0,0,0,0), scene_change_flag 0
01-05 12:00:37.511 685 10974 I awb_adpt: 1698, awb_sprd_ctrl_calculation_v3_2: AWB result : (1308,1024,2094) 3639K , fram_count : 353 , camera_id : 0, wb mode : 0; AWB lib 64x64: (1308,1024,2094) 3639K.
01-05 12:00:37.566 685 10974 E awb_adpt: 1479, awb_sprd_ctrl_calculation_v3_2: check handle success
01-05 12:00:37.566 685 10951 E Libae[FAE]: 1409, face_luma_calc: NO FACE
01-05 12:00:37.566 685 10970 I isp_blk_cmc10: 266, _pm_cmc10_set_param: cmc_result: (1665 15689 53; 16214 1311 16266; 16367 16062 1363).
01-05 12:00:37.566 685 10970 I isp_blk_cmc10: 266, _pm_cmc10_set_param: cmc_result: (1665 15689 53; 16214 1311 16266; 16367 16062 1363).
01-05 12:00:37.566 685 10951 I cmr_oem : 9482, camera_get_af_support: af_support 1
01-05 12:00:37.567 685 10964 I aft_sprd_lib: 3803, aft_proc_log_print: afm move diff : 1573437,diff_thr :93618539,diff_cnt : 0,g_diff(x,y,z):(0.012500,0.011250,0.026250),aem move diff : (num : r,g,b,cnt) = (0,0,0,0), scene_change_flag 0
01-05 12:00:37.570 685 10974 I awb_adpt: 1698, awb_sprd_ctrl_calculation_v3_2: AWB result : (1299,1024,2100) 3621K , fram_count : 354 , camera_id : 0, wb mode : 0; AWB lib 64x64: (1299,1024,2100) 3621K.
01-05 12:00:37.627 685 10951 E Libae[FAE]: 1409, face_luma_calc: NO FACE
01-05 12:00:37.627 685 10974 E awb_adpt: 1479, awb_sprd_ctrl_calculation_v3_2: check handle success
01-05 12:00:37.628 685 10970 I isp_blk_cmc10: 266, _pm_cmc10_set_param: cmc_result: (1661 15694 52; 16216 1309 16267; 16367 16064 1360).
01-05 12:00:37.628 685 10970 I isp_blk_cmc10: 266, _pm_cmc10_set_param: cmc_result: (1661 15694 52; 16216 1309 16267; 16367 16064 1360).
01-05 12:00:37.628 685 10951 I cmr_oem : 9482, camera_get_af_support: af_support 1
01-05 12:00:37.628 685 10965 E android.hardware.camera.provider@2.4-service: [ALSC]: L 561, slsc4_calculation: slsc4, error case, pair_idx=[4,3], pair_ratio=[1.742472,-0.742472], set ratio to 1.0 and 0.0
01-05 12:00:37.629 685 10964 I aft_sprd_lib: 3803, aft_proc_log_print: afm move diff : 967096,diff_thr :93618539,diff_cnt : 0,g_diff(x,y,z):(0.013750,0.002500,0.047500),aem move diff : (num : r,g,b,cnt) = (0,0,0,0), scene_change_flag 0
01-05 12:00:37.632 685 10974 I awb_adpt: 1698, awb_sprd_ctrl_calculation_v3_2: AWB result : (1299,1024,2100) 3621K , fram_count : 355 , camera_id : 0, wb mode : 0; AWB lib 64x64: (1299,1024,2100) 3621K.
01-05 12:00:37.639 855 10959 E Camera2-FrameProcessorBase: FrameProcessorBase: Error waiting for new frames: Connection timed out (-110)
01-05 12:00:37.666 720 745 E CP_CONNECT_CTL: socket_reconnect: socket_reconnect src_sock=10, des_socket=cp_time_sync_server.
01-05 12:00:37.666 720 745 E CP_CONNECT_CTL: process_socket_connect: open cp_time_sync_server failed: Connection refused [111(Connection refused)]
