01-05 12:00:14.363 10554 10570 I OpenGLRenderer: Davey! duration=2413ms; Flags=0, FrameTimelineVsyncId=13265, IntendedVsync=397348052334, Vsync=398498052357, InputEventId=0, HandleInputStart=398507034252, AnimationStart=398507050329, PerformTraversalsStart=398507055329, DrawStart=398508128252, FrameDeadline=397381385668, FrameInterval=398506681137, FrameStartTime=16666667, SyncQueued=398508395445, SyncStart=398515687829, IssueDrawCommandsStart=398515809560, SwapBuffers=399764165790, FrameCompleted=399768399175, DequeueBufferDuration=32193, QueueBufferDuration=360500, GpuCompleted=399768399175, SwapBuffersCompleted=399767331751, DisplayPresentTime=0, CommandSubmissionCompleted=399764165790,
01-05 12:00:14.363 855 6091 I CameraService: increaseCamConnRef: service.camera.running set to 1
01-05 12:00:14.364 1128 4104 I CameraManagerGlobal: postSingleUpdate device: camera id 0 status STATUS_NOT_AVAILABLE
01-05 12:00:14.364 855 6091 D Camera3-RequestInjector: RequestInjector[0] Mapper created
01-05 12:00:14.364 2501 8150 I CameraManagerGlobal: postSingleUpdate device: camera id 0 status STATUS_NOT_AVAILABLE
01-05 12:00:14.364 2501 8150 I CameraManagerGlobal: postSingleUpdate device: camera id 0 status STATUS_NOT_AVAILABLE
01-05 12:00:14.364 855 6091 D HidlCamera3-Device: CameraPerf: initialize E
01-05 12:00:14.364 855 6091 D HidlCamera3-Device: initialize: mInterfaceLock.lock()
01-05 12:00:14.367 855 6091 D CameraProviderManager: CameraPerf: openHidlSession E
01-05 12:00:14.375 685 685 I Cam3Factory: overrideCameraIdIfNeeded, [o7codedebug-cameraidmap]mapbackcameraid from 0->0
01-05 12:00:14.375 685 685 I Cam3Factory: 530, open_: open camera 0
01-05 12:00:14.375 685 685 I sns_drv_u: 5956, sensor_set_HD_mode: is_HD_mode:0
01-05 12:00:14.375 685 685 I Cam3Factory: 416, is_single_expose: is_single_expose cameraId=0, physensornum=2
01-05 12:00:14.375 685 685 I Cam3HWI : 133, SprdCamera3HWI: :hal3: Constructor E camId=0
01-05 12:00:14.375 685 685 I Cam3HWI : 1684, getHighResZslSetting: [o7codedebug-remosaic] force remosaic=0[1:never_remosaic-2:remosaic_always]
01-05 12:00:14.375 685 685 I Cam3HWI : 181, SprdCamera3HWI: init arcsoft tag
01-05 12:00:14.375 685 685 I Cam3HWI : 212, SprdCamera3HWI: :hal3: Constructor X
01-05 12:00:14.375 685 685 I Cam3HWI : 348, openCamera: [cam_hal_flow] : openCamera +
01-05 12:00:14.375 685 685 I Cam3HWI : 410, openCamera: [cam_hal_flow] : CamId = 0, openCamera ++
01-05 12:00:14.375 685 685 I Cam3OEMIf: 687, SprdCamera3OEMIf: :hal3: Constructor E camId=0
01-05 12:00:14.376 685 685 I Cam3PowerPerf: 52, SprdCameraSystemPerformance: E
01-05 12:00:14.376 685 9774 D android.hardware.camera.provider@2.4-service: PowerHintScene Enter OnDestroy
01-05 12:00:14.377 685 685 D PowerHALCli: setup: call mSetupDone:1
01-05 12:00:14.377 685 685 D android.hardware.camera.provider@2.4-service: PowerHintScene Enter OnCreate
01-05 12:00:14.377 685 685 D PowerHALCli: PowerHintScene: camera_lowpower
01-05 12:00:14.377 685 685 D android.hardware.camera.provider@2.4-service: PowerHintScene Enter OnCreate
01-05 12:00:14.377 685 685 D PowerHALCli: PowerHintScene: camera_high_perf
01-05 12:00:14.377 685 685 D android.hardware.camera.provider@2.4-service: PowerHintScene Enter OnCreate
01-05 12:00:14.377 685 685 D PowerHALCli: PowerHintScene: camera_perf
01-05 12:00:14.377 685 685 D android.hardware.camera.provider@2.4-service: PowerHintScene Enter OnCreate
01-05 12:00:14.377 685 685 D PowerHALCli: PowerHintScene: camera_lowpower_1
01-05 12:00:14.377 685 685 I Cam3PowerPerf: 67, SprdCameraSystemPerformance: X
01-05 12:00:14.378 705 705 D vendor.unisoc.hardware.power-service: Enter getSceneIdByName: sceneName:camera_high_perf
01-05 12:00:14.379 685 685 I Cam3OEMIf: 756, SprdCamera3OEMIf: loaded libcamoem.so mHalOem->dso = 0xd80af6ed
01-05 12:00:14.379 685 685 I Cam3OEMIf: 907, SprdCamera3OEMIf: :hal3: Constructor X
01-05 12:00:14.379 685 685 I cmr_oem : 9500, camera_set_dual_video_mode: is_dual_video 0
01-05 12:00:14.379 685 685 I Cam3OEMIf: 7313, openCamera: :hal3: E camId=0
01-05 12:00:14.379 685 685 I Cam3OEMIf: 7398, openCamera: :hal3: camera_init
01-05 12:00:14.379 685 685 I OEMCam : 43, camera_init: camera id 0 autotest 0
01-05 12:00:14.379 685 685 I cmr_oem : 13729, camera_local_int: cxt=0xe8d0eac0, client_data=0xe8ed5c00, master_id=0
01-05 12:00:14.379 685 685 I cmr_sensor: 890, cmr_sns_create_thread: is_inited 0
01-05 12:00:14.379 685 10918 I Cam3OEMIf: 13472, log_monitor_thread_proc: E, 2
01-05 12:00:14.380 685 685 I cmr_sensor: 165, cmr_sensor_init: handle 0xe85b6280 created!
01-05 12:00:14.380 685 685 I sns_drv_u: 6038, sensor_set_multi_mode: E
01-05 12:00:14.380 685 685 I sns_drv_u: 6041, sensor_set_multi_mode: sensor_id:0, is_multi_mode:0
01-05 12:00:14.380 685 10919 I cmr_sensor: 922, cmr_sns_thread_proc: evt 524546
01-05 12:00:14.380 685 10919 I sns_drv_u: 1271, sensor_open_common: open_common physical_id 0,slotId 0,autotest 0
01-05 12:00:14.380 685 10919 I sns_drv_u: 990, sensor_create_ctrl_thread: is_inited 0
01-05 12:00:14.380 685 10919 I hw_sensor: 129, hw_sensor_drv_create: sensor_id:0
01-05 12:00:14.380 685 10919 I hw_sensor: 42, _hw_sensor_dev_init: start open sensor device node.
01-05 12:00:14.382 685 10919 I hw_sensor: 46, _hw_sensor_dev_init: fd 0x9
01-05 12:00:14.382 685 10919 I sns_drv_u: 4400, sensor_drv_ic_identify: E
01-05 12:00:14.382 685 10919 I sns_drv_u: 919, sensor_get_module_cfg_info: p1:0xe2b29de0,p2:0xdd0688f0
01-05 12:00:14.382 685 10919 I sns_drv_u: 923, sensor_get_module_cfg_info: tab_size:1,4,112
01-05 12:00:14.382 685 10919 I sns_drv_u: 928, sensor_get_module_cfg_info: mid1:1,mid2:1,index:0
01-05 12:00:14.382 685 10919 I sns_ic_drv: 42, sensor_ic_drv_create: sns_drv_cxt:0xe863b0c0
01-05 12:00:14.382 685 10919 I a801_gc8034_backly: 308, gc8034_drv_init_fps_info: E
01-05 12:00:14.382 685 10919 I a801_gc8034_backly: 341, gc8034_drv_init_fps_info: X
01-05 12:00:14.382 685 10919 I sns_drv_u: 875, sensor_i2c_init: i2c init ok
01-05 12:00:14.382 685 10919 I sns_drv_u: 4423, sensor_drv_ic_identify: [o7codedebug-probe]i2c_addr:0x37,i2c<<1=0x6e,sensorname=
01-05 12:00:14.382 685 10919 I hw_sensor: 580, hw_sensor_i2c_set_clk: clock = 400000
01-05 12:00:14.382 685 10919 I sns_drv_u: 602, sensor_power_on: E:power_on = 1
01-05 12:00:14.382 685 10919 I hw_sensor: 404, hw_sensor_set_mclk: mclk 0, ret 0
01-05 12:00:14.382 685 10919 I hw_sensor: 259, hw_sensor_set_avdd_val: vdd_val is 12, set result is =0
01-05 12:00:14.382 685 10919 I hw_sensor: 270, hw_sensor_set_dvdd_val: vdd_val is 12, set result is =0
01-05 12:00:14.382 685 10919 I hw_sensor: 281, hw_sensor_set_iovdd_val: vdd_val is 12, set result is =0
01-05 12:00:14.390 685 10919 I hw_sensor: 281, hw_sensor_set_iovdd_val: vdd_val is 6, set result is =0
01-05 12:00:14.390 685 10919 I hw_sensor: 270, hw_sensor_set_dvdd_val: vdd_val is 9, set result is =0
01-05 12:00:14.399 685 10919 I hw_sensor: 259, hw_sensor_set_avdd_val: vdd_val is 3, set result is =0
01-05 12:00:14.400 685 10919 I hw_sensor: 404, hw_sensor_set_mclk: mclk 24, ret 0
01-05 12:00:14.403 685 10919 I a801_gc8034_backly: 289, gc8034_drv_power_on: (1:on, 0:off): 1
01-05 12:00:14.403 685 10919 I a801_gc8034_backly: 761, gc8034_drv_identify: mipi raw identify
01-05 12:00:14.404 685 10919 I a801_gc8034_backly: 768, gc8034_drv_identify: Identify: pid_value = 80, ver_value = 44
01-05 12:00:14.404 685 10919 I a801_gc8034_backly: 770, gc8034_drv_identify: this is gc8034 sensor
01-05 12:00:14.406 685 10919 I a801_gc8034_backly: 419, gc8034_read_otp: E!
01-05 12:00:14.407 685 10919 I a801_gc8034_backly: 506, gc8034_read_otp_info: GC8034_OTP_DD : flag_dd = 0x1
01-05 12:00:14.407 685 10919 I a801_gc8034_backly: 514, gc8034_read_otp_info: GC8034_OTP_DD is Valid!!
01-05 12:00:14.407 685 10919 I a801_gc8034_backly: 419, gc8034_read_otp: E!
01-05 12:00:14.408 720 745 E CP_CONNECT_CTL: socket_reconnect: socket_reconnect src_sock=10, des_socket=cp_time_sync_server.
01-05 12:00:14.408 720 745 E CP_CONNECT_CTL: process_socket_connect: open cp_time_sync_server failed: Connection refused [111(Connection refused)]
01-05 12:00:14.408 720 745 E CP_CONNECT_CTL: socket_reconnect: socket_reconnect src_sock=10, des_socket=cp_time_sync_server.
01-05 12:00:14.408 720 745 E CP_CONNECT_CTL: process_socket_connect: open cp_time_sync_server failed: Connection refused [111(Connection refused)]
01-05 12:00:14.408 720 745 E CP_CONNECT_CTL: socket_reconnect: socket_reconnect src_sock=10, des_socket=cp_time_sync_server.
01-05 12:00:14.408 720 745 E CP_CONNECT_CTL: process_socket_connect: open cp_time_sync_server failed: Connection refused [111(Connection refused)]
01-05 12:00:14.408 720 745 E CP_CONNECT_CTL: socket_reconnect: socket_reconnect src_sock=10, des_socket=cp_time_sync_server.
01-05 12:00:14.409 720 745 E CP_CONNECT_CTL: process_socket_connect: open cp_time_sync_server failed: Connection refused [111(Connection refused)]
01-05 12:00:14.409 685 10919 I a801_gc8034_backly: 419, gc8034_read_otp: E!
01-05 12:00:14.416 685 10919 I a801_gc8034_backly: 536, gc8034_read_otp_info: GC8034_OTP : total_number = 6
01-05 12:00:14.416 685 10919 I a801_gc8034_backly: 419, gc8034_read_otp: E!
01-05 12:00:14.418 685 10919 I a801_gc8034_backly: 419, gc8034_read_otp: E!
01-05 12:00:14.420 685 10919 I a801_gc8034_backly: 609, gc8034_gcore_load_data: GC8034_OTP_DD Load start !
01-05 12:00:14.421 685 10919 I a801_gc8034_backly: 658, gc8034_gcore_load_data: GC8034_OTP_GC: val0 = 0x2f, val1 = 0x79, val2 = 0x15
01-05 12:00:14.421 685 10919 I a801_gc8034_backly: 660, gc8034_gcore_load_data: GC8034_OTP_GC: x = 2351, y = 343
01-05 12:00:14.422 685 10919 I a801_gc8034_backly: 658, gc8034_gcore_load_data: GC8034_OTP_GC: val0 = 0x2f, val1 = 0x89, val2 = 0x15
01-05 12:00:14.422 685 10919 I a801_gc8034_backly: 660, gc8034_gcore_load_data: GC8034_OTP_GC: x = 2351, y = 344
01-05 12:00:14.423 685 10919 I a801_gc8034_backly: 658, gc8034_gcore_load_data: GC8034_OTP_GC: val0 = 0x5, val1 = 0x36, val2 = 0x62
01-05 12:00:14.423 685 10919 I a801_gc8034_backly: 660, gc8034_gcore_load_data: GC8034_OTP_GC: x = 1541, y = 1571
01-05 12:00:14.424 685 10919 I a801_gc8034_backly: 658, gc8034_gcore_load_data: GC8034_OTP_GC: val0 = 0x5, val1 = 0x46, val2 = 0x62
01-05 12:00:14.424 685 10919 I a801_gc8034_backly: 660, gc8034_gcore_load_data: GC8034_OTP_GC: x = 1541, y = 1572
01-05 12:00:14.425 685 10919 I a801_gc8034_backly: 658, gc8034_gcore_load_data: GC8034_OTP_GC: val0 = 0xe7, val1 = 0x32, val2 = 0x67
01-05 12:00:14.425 685 10919 I a801_gc8034_backly: 660, gc8034_gcore_load_data: GC8034_OTP_GC: x = 743, y = 1651
01-05 12:00:14.426 685 10919 I a801_gc8034_backly: 658, gc8034_gcore_load_data: GC8034_OTP_GC: val0 = 0xe7, val1 = 0x42, val2 = 0x67
01-05 12:00:14.426 685 10919 I a801_gc8034_backly: 660, gc8034_gcore_load_data: GC8034_OTP_GC: x = 743, y = 1652
01-05 12:00:14.426 685 10919 I a801_gc8034_backly: 671, gc8034_gcore_load_data: GC8034_OTP_GC: product_level = 1
01-05 12:00:14.426 685 10919 I a801_gc8034_backly: 679, gc8034_gcore_load_data: GC8034_OTP_UPDATE_CHIPVERSION: reg_num = 0
01-05 12:00:14.428 685 10919 I a801_gc8034_backly: 774, gc8034_drv_identify: apply dd or gc param success
01-05 12:00:14.428 685 10919 I sns_drv_u: 4470, sensor_drv_ic_identify: [o7codedebug-probe]sensor ic identify ok,MainSupplyFlag=-1,AuxSupplyFlag=-1
01-05 12:00:14.428 685 10919 I sns_drv_u: 2488, sensor_af_init: sensor a801_gc8034_backly is focus enable 1
01-05 12:00:14.428 685 10919 I hw_sensor: 297, hw_sensor_set_monitor_val: vdd_val = 3
01-05 12:00:14.433 685 10919 I android.hardware.camera.provider@2.4-service: 162, _gt9769_drv_power_on: (1:on, 0:off): 1
01-05 12:00:14.434 685 10919 I android.hardware.camera.provider@2.4-service: 177, _gt9769_drv_set_mode: mode = 2 0
01-05 12:00:14.435 685 10919 I sns_drv_u: 2674, sensor_ois_init: sensor a801_gc8034_backly is focus enable 0
01-05 12:00:14.435 685 10919 I sns_drv_u: 2689, sensor_ois_init: ois_drv_entry not configured:module:0xe2b29de0,entry:0x0,ois_ops:0x0
01-05 12:00:14.435 685 10919 I sns_drv_u: 1355, sensor_set_mode_msg: mode = 0.
01-05 12:00:14.435 685 10919 I sns_drv_u: 1375, sensor_set_mode_msg: is_async: no, phyid: 0
01-05 12:00:14.435 685 10920 I sns_drv_u: 1031, sensor_ctrl_thread_proc: evt 526338
01-05 12:00:14.435 685 10920 I sns_drv_u: 1427, sensor_set_mode: mode = 0.
01-05 12:00:14.435 685 10920 I hw_sensor: 404, hw_sensor_set_mclk: mclk 24, ret 0
01-05 12:00:14.435 685 10920 I hw_sensor: 1042, hw_Sensor_SendRegTabToSensor: E:burst_mode 0, sensor_id 0
01-05 12:00:14.458 685 10920 I hw_sensor: 1061, hw_Sensor_SendRegTabToSensor: X:reg_count 182, sensor_id 0
01-05 12:00:14.458 685 10919 I otp_common: 392, sensor_otp_drv_create: X:sensor_id:0, sensor_name:a801_gc8034_backly, eeprom_i2c_address:0xa0, eeprom_size:16384 bytes, eeprom_num:0
01-05 12:00:14.458 685 10919 I otp_common: 432, sensor_otp_get_raw_buffer: raw buffer:0xe8b4e700
01-05 12:00:14.458 685 10919 I otp_common: 473, sensor_otp_get_formatted_buffer: formatted buffer:0xe901e500
01-05 12:00:14.458 685 10919 I otp_common: 510, sensor_otp_get_buffer_state: get buffer flag(0:not in memory,1:in memory):1
01-05 12:00:14.458 685 10919 I general_otp_drv: 155, _general_otp_parse_map_version: otp version is 1.1
01-05 12:00:14.459 685 10919 I otp_common: 510, sensor_otp_get_buffer_state: get buffer flag(0:not in memory,1:in memory):1
01-05 12:00:14.459 685 10919 E sns_drv_u: 2346, sensor_otp_process: [o7codedebug-remosaic-xtalk]E:sensor_cxt->is_multi_mode=0,high_res_value=1,sensor_cxt->slot_id=0
01-05 12:00:14.459 685 10919 E sns_drv_u: 2363, sensor_otp_process: [o7codedebug-remosaic-xtalk]X: todo for sensor=a801_gc8034_backly
01-05 12:00:14.459 685 10919 I sns_drv_u: 2264, sensor_set_otp_data_msg: E
01-05 12:00:14.459 685 10919 I sns_drv_u: 2273, sensor_set_otp_data_msg: is_async: no, phyid: 0
01-05 12:00:14.459 685 10920 I sns_drv_u: 1031, sensor_ctrl_thread_proc: evt 526346
01-05 12:00:14.459 685 10920 I sns_drv_u: 2240, sensor_set_otp_data: E
01-05 12:00:14.459 685 10920 I sns_drv_u: 2252, sensor_set_otp_data: otp_raw_data:0xe8b4e708
01-05 12:00:14.459 685 10920 I a801_gc8034_backly: 721, gc8034_drv_access_val: sensor gc8034: param_ptr->type=19
01-05 12:00:14.459 685 10919 E general_otp_drv: 2873, _general_otp_get_compatible_vendor_id: [o7codedebug-compatible] E
01-05 12:00:14.459 685 10919 E general_otp_drv: 2875, _general_otp_get_compatible_vendor_id: [o7codedebug-compatible] X:compatible_vendorid = 0x57
01-05 12:00:14.459 685 10919 I general_otp_drv: 3470, general_otp_drv_ioctl: out
01-05 12:00:14.459 685 10919 I sns_drv_u: 2187, sensor_set_raw_infor: vendor id 0
01-05 12:00:14.459 685 10919 I a801_gc8034_backly: 721, gc8034_drv_access_val: sensor gc8034: param_ptr->type=16
01-05 12:00:14.459 685 10919 I sns_drv_u: 617, sensor_set_export_Info: E
01-05 12:00:14.459 685 10919 I sns_drv_u: 832, sensor_set_export_Info: X
01-05 12:00:14.459 685 10919 I sns_drv_u: 1675, sensor_stream_off: E
01-05 12:00:14.459 685 10919 I sns_drv_u: 1706, sensor_stream_off: X
01-05 12:00:14.459 685 10919 I sns_drv_u: 4896, sensor_drv_open: open success
01-05 12:00:14.459 685 10919 I cmr_sensor: 922, cmr_sns_thread_proc: evt 524548
01-05 12:00:14.459 685 10919 I cmr_sensor: 1328, cmr_sns_ioctl: cmd = 45, arg = 0xffdb95e8.
01-05 12:00:14.459 685 10919 I a801_gc8034_backly: 721, gc8034_drv_access_val: sensor gc8034: param_ptr->type=10
01-05 12:00:14.459 685 10919 I sns_ic_drv: 281, sensor_ic_print_static_info: a801_gc8034_backly: f_num: 200.000000
01-05 12:00:14.459 685 10919 I sns_ic_drv: 282, sensor_ic_print_static_info: a801_gc8034_backly: max_fps: 30
01-05 12:00:14.459 685 10919 I sns_ic_drv: 283, sensor_ic_print_static_info: a801_gc8034_backly: max_adgain: 16
01-05 12:00:14.459 685 10919 I sns_ic_drv: 284, sensor_ic_print_static_info: a801_gc8034_backly: ois_supported: 0
01-05 12:00:14.459 685 10919 I sns_ic_drv: 285, sensor_ic_print_static_info: a801_gc8034_backly: pdaf_supported: 0
01-05 12:00:14.459 685 10919 I sns_ic_drv: 287, sensor_ic_print_static_info: a801_gc8034_backly: exp_valid_frame_num: 1
01-05 12:00:14.459 685 10919 I sns_ic_drv: 288, sensor_ic_print_static_info: a801_gc8034_backly: clam_level: 64
01-05 12:00:14.459 685 10919 I sns_ic_drv: 290, sensor_ic_print_static_info: a801_gc8034_backly: adgain_valid_frame_num: 1
01-05 12:00:14.459 685 10919 I sns_ic_drv: 291, sensor_ic_print_static_info: a801_gc8034_backly: sensor name is: a801_gc8034_backly
01-05 12:00:14.459 685 10919 I sns_ic_drv: 293, sensor_ic_print_static_info: a801_gc8034_backly: sensor version info is: gc8034_v1
01-05 12:00:14.459 685 10919 I sns_ic_drv: 294, sensor_ic_print_static_info: a801_gc8034_backly: up2hori: 0
01-05 12:00:14.459 685 10919 I sns_ic_drv: 295, sensor_ic_print_static_info: a801_gc8034_backly: hori2down: 0
01-05 12:00:14.461 685 685 I cmr_grab: 116, cmr_grab_init: dcam_fd=0xa
01-05 12:00:14.461 685 685 I cmr_grab: 163, cmr_grab_init: get dcam res w 0 h 0 sn id 0
01-05 12:00:14.461 7855 7975 I HQCAM_DepressStickerService: After 313 seconds sleep!!!
01-05 12:00:14.471 685 685 I cmr_oem : 7989, camera_res_init: init thread created
01-05 12:00:14.471 685 685 I cmr_oem : 7997, camera_res_init: async msg sent
01-05 12:00:14.472 685 10919 I cmr_sensor: 922, cmr_sns_thread_proc: evt 524548
01-05 12:00:14.472 685 10919 I cmr_sensor: 1328, cmr_sns_ioctl: cmd = 45, arg = 0xffdb9718.
01-05 12:00:14.472 685 10919 I a801_gc8034_backly: 721, gc8034_drv_access_val: sensor gc8034: param_ptr->type=7
01-05 12:00:14.472 685 685 I cmr_oem : 6270, camera_isp_init: multi_mode = 0, isp mode 0
01-05 12:00:14.472 685 10919 I cmr_sensor: 922, cmr_sns_thread_proc: evt 524548
01-05 12:00:14.472 685 10919 I cmr_sensor: 1328, cmr_sns_ioctl: cmd = 45, arg = 0xffdb9718.
01-05 12:00:14.472 685 10919 I a801_gc8034_backly: 721, gc8034_drv_access_val: sensor gc8034: param_ptr->type=1f
01-05 12:00:14.472 685 685 I cmr_oem : 6293, camera_isp_init: multi_mode=0, f_num=200, focal_length=354, max_fps=30, max_adgain=16, ois_supported=0, pdaf_supported=0
01-05 12:00:14.472 685 685 I cmr_oem : 6298, camera_isp_init: exp_valid_frame_num=1, clamp_level=64, adgain_valid_frame_num=1, prev_skip_num=0, cap_skip_num=0, w=1632, h=1224
01-05 12:00:14.472 685 685 I cmr_oem : 6302, camera_isp_init: sensor.image_pattern=0, isp.image_pattern=1, is_4in1_sensor=0, is_faceId_unlock=0, long_expose_supported=0
01-05 12:00:14.472 685 685 I isp_u_dev: 44, isp_dev_open: fd 10 handle 0xe8bbc810
01-05 12:00:14.472 685 685 I isp_dev_access: 575, isp_dev_access_init: done 0
01-05 12:00:14.473 685 685 I isp_alg_fw: 8063, isp_alg_fw_init: camera_id = 0, master 1, is_4in1_sensor 0
01-05 12:00:14.473 685 685 I isp_alg_fw: 8094, isp_alg_fw_init: cam0 done, alg enable 1, init status 0
01-05 12:00:14.473 685 685 I isp_mw : 75, isp_init: done 0
01-05 12:00:14.473 685 685 I isp_u_dev: 115, isp_dev_get_video_size: get video size width=9280, height=6944
01-05 12:00:14.473 685 685 I cmr_oem : 5423, camera_jpeg_init_async: init jpeg async
01-05 12:00:14.473 685 10930 I isp_para_update: 2243, isp_pm_raw_para_update_from_file: there is no param file!
01-05 12:00:14.474 685 685 I cmr_oem : 5433, camera_jpeg_init_async: send message to jpeg async init thread
01-05 12:00:14.474 685 685 I cmr_oem : 1742, camera_front_lcd_enhance_module_init: flash is not lcd type
01-05 12:00:14.474 685 10933 I cmr_jpeg: 72, cmr_jpeg_init: open lib: libjpeg_hw_sprd.so
01-05 12:00:14.474 685 685 I OEMCam : 50, camera_init: camera handle 0xe8d0eac0
01-05 12:00:14.474 685 685 I OEMCam : 517, camera_lls_enable: 0
01-05 12:00:14.474 685 685 I OEMCam : 565, camera_set_lls_shot_mode: 0
01-05 12:00:14.474 685 685 I OEMCam : 541, camera_vendor_hdr_enable: 0
01-05 12:00:14.474 685 685 I OEMCam : 468, camera_get_camera_type: done 0 cam_type 0
01-05 12:00:14.474 685 10933 I jpeg_codec: L 1100, jpeg_init: jpeg_init IN
01-05 12:00:14.474 685 10933 D jpeg_codec: L 1108, jpeg_init: jcontext 0xe89b6180
01-05 12:00:14.474 685 685 I cmr_oem : 14956, camera_get_exif_info: apet 2.000000 focus dist 4294967.500000
01-05 12:00:14.474 685 10933 E jpeg_codec: L 1135, jpeg_init: fw_decode_buf_size 20480 ,fw_decode_buf 0xe866f680
01-05 12:00:14.474 685 685 I OEMCam : 439, camera_get_sensor_exif_info: done 0
01-05 12:00:14.474 685 10933 D JPG : L 104, jpg_msg_queue_create: queue_handle 0xe8bb2080
01-05 12:00:14.474 685 685 I OEMCam : 373, camera_get_sensor_info_for_raw: done 0
01-05 12:00:14.474 685 685 I Cam3OEMIf: 7695, openCamera: sprd_3dcalibration_cap_size w=3264, h=2448
01-05 12:00:14.474 685 10927 I cmr_prev: 1107, cmr_preview_init: oem_handle: 0xe8d0eac0, sensor_bits: 1, private_data: 0x0
01-05 12:00:14.474 685 10927 I cmr_prev: 2326, prev_create_thread: is_inited 0
01-05 12:00:14.474 685 10933 D JPG : L 259, jpg_msg_post: queue_handle 0xe8bb2080, msg type 0xffffff num 0 cnt 40
01-05 12:00:14.474 685 10933 I JPG : L 292, jpg_msg_post: jpg_msg_post msg_cur 0xe8608500
01-05 12:00:14.474 685 685 I Cam3OEMIf: 7707, openCamera: mIommuEnabled=1
01-05 12:00:14.474 685 685 I Cam3OEMIf: 7982, setCamSecurity: multi camera mode = 0
01-05 12:00:14.474 685 685 I OEMCam : 1087, ioctrl_set_cam_security: security mode = 0, work mode = 0
01-05 12:00:14.474 685 685 I cmr_grab: 314, cmr_grab_set_security: security mode:0, work_mode =0
01-05 12:00:14.474 685 10934 I JPG : L 148, jpg_msg_get: jpg_msg_get msg_cur 0xe8608500
01-05 12:00:14.474 685 10934 D JPG : L 160, jpg_msg_get: queue_handle 0xe8bb2080, msg type 0xffffff num 0 cnt 40
01-05 12:00:14.474 685 10934 I JPG : L 373, jpg_common_routine: before sem_post msg_cur 0xe8608500
01-05 12:00:14.474 685 10934 I JPG : L 377, jpg_common_routine: sem_post msg_cur->sem 0xe8608518
01-05 12:00:14.474 685 10933 I JPG : L 297, jpg_msg_post: sem_wait msg_cur 0xe8608500 msg_cur->sem 0xe8608518
01-05 12:00:14.474 685 10934 I JPG : L 380, jpg_common_routine: after sem_post msg_cur 0xe8608500
01-05 12:00:14.474 685 10933 D jpeg_codec: L 1146, jpeg_init: jpeg handle 0xe89b6180
01-05 12:00:14.474 685 10933 I JPG_CODEC: L 295, JPEGCODEC_Open:JPEGENC jpg0_addr 0xe84d5000
01-05 12:00:14.474 685 10933 I JPG_CODEC: L 301, JPEGCODEC_Open:jpeg dev fd 13, reg addr 0x0xe84d5000
01-05 12:00:14.474 685 10933 D JPG : L 491, jpg_sem_init: jpg_sem_init
01-05 12:00:14.474 685 10933 D JPG_OEM : L 251, sprd_jpeg_init: jpeg handle 0xe89b6180
01-05 12:00:14.474 685 10933 D JPG_OEM : L 266, sprd_jpeg_init: done 0
01-05 12:00:14.474 685 10933 I cmr_oem : 5394, camera_jpeg_init_async_message_handler: jpeg async init ready
01-05 12:00:14.475 685 10927 I cmr_prev: 2384, prev_create_thread: ret 0
01-05 12:00:14.475 685 10927 I cmr_prev: 2433, prev_create_cb_thread: E
01-05 12:00:14.475 685 685 I Cam3OEMIf: 7744, openCamera: :hal3: X
01-05 12:00:14.475 685 685 I Cam3HWI : 482, openCamera: [cam_hal_flow] : CamId = 0, openCamera --
01-05 12:00:14.475 685 685 I Cam3HWI : 394, openCamera: [cam_hal_flow] : mCameraSessionActive : 1 , openCamera -
01-05 12:00:14.475 685 685 I cmr_oem : 9494, camera_set_ultra_wide_mode: is_ultra_wide 0
01-05 12:00:14.475 685 685 I Cam3HWI : 606, initialize: [cam_hal_flow] : CamId = 0, initialize +
01-05 12:00:14.475 685 685 I Cam3HWI : 623, initialize: [cam_hal_flow] : CamId = 0, initialize -
01-05 12:00:14.476 685 10930 W isp_pm : 2435, isp_pm_mode_list_init: specified pm searching list. 0x0, 0
01-05 12:00:14.478 695 1031 D SensorHub: SPRD[495]batch::handle[1], flags[0], period_ns[50000000], timeout[0]
01-05 12:00:14.479 695 1031 D SensorHub: SPRD[423]setEnable::handle[1], enabled[1]
01-05 12:00:14.479 685 685 E FMQ : grantorIdx must be less than 3
01-05 12:00:14.480 685 685 E FMQ : grantorIdx must be less than 3
01-05 12:00:14.481 695 1031 D SensorHub: SPRD[495]batch::handle[4], flags[0], period_ns[10000000], timeout[0]
01-05 12:00:14.482 695 1031 D SensorHub: SPRD[423]setEnable::handle[4], enabled[1]
01-05 12:00:14.482 855 6091 D CameraProviderManager: CameraPerf: openHidlSession X (114ms)
01-05 12:00:14.484 1128 1259 I CameraService_worker: DeviceInjector, external present = false
01-05 12:00:14.485 855 6091 D HidlCamera3-Device: CameraPerf: initialize X (120ms)
01-05 12:00:14.485 855 6091 D Camera3-Device: CameraPerf: initializeCommonLocked: E
01-05 12:00:14.485 685 10930 I isp_pm : 3034, isp_pm_init: done
01-05 12:00:14.485 685 10930 I ispbr : 1090, isp_br_init: camera_id 0, is_master 1, isp_handle 0xdaf11200
01-05 12:00:14.485 685 10930 I ispbr : 173, user_cnt_inc: init ispbr_context 0xdd4642f8
01-05 12:00:14.485 685 10930 I ispbr : 234, role_add: set 0 as m
01-05 12:00:14.485 855 6091 I Camera3-Status: addComponent: Adding new component 0 - InflightRequests
01-05 12:00:14.485 855 6091 I Camera3-Status: addComponent: Adding new component 1 - RequestThread
01-05 12:00:14.485 685 10948 W isp_alg_fw: 4909, ispalg_ae_init: warn: get ae sync param ret 0, num 0
01-05 12:00:14.485 685 10948 I isp_alg_fw: 5012, ispalg_ae_init: camera_id 0, is_master 1, is_multi_mode 0, sensor_role 0
01-05 12:00:14.485 855 6091 D Camera3-Device: initializeCommonLocked mTimestampOffset = -20ns.
01-05 12:00:14.485 855 6091 D Camera3-Device: CameraPerf: initializeCommonLocked: X (0ms)
01-05 12:00:14.485 855 6091 I Camera2-Parameters: buildFastInfo: previewSizeBound=1920x1920
01-05 12:00:14.485 855 6091 D HidlCamera3-Device: CameraPerf: constructDefaultRequestSettings templateId: 1 E
01-05 12:00:14.486 685 685 E CamComm1.0-MD: Mismatched tag type when updating entry sharpness (-2147483645) of type int32; got type byte data instead
01-05 12:00:14.486 685 10954 E isp_alg_fw: 5045, ispalg_awb_init: fail to get ae monitor info
01-05 12:00:14.486 685 10954 I isp_alg_fw: 5070, ispalg_awb_init: awb get ae win 0 0 24 16 64 64
01-05 12:00:14.486 685 10954 I isp_alg_fw: 5092, ispalg_awb_init: AWB VERSION = 30002
01-05 12:00:14.486 685 10953 I isp_alg_fw: 5331, ispalg_af_init: otp_data 0xe8c79000, camera_id 0, is_master 1, is_multi_mode 0, sensor_role 0, pdaf_type 0
01-05 12:00:14.486 685 10930 I isp_alg_fw: 5643, ispalg_bypass_init: ae sw bypass123: 0
01-05 12:00:14.486 685 10930 I isp_alg_fw: 5644, ispalg_bypass_init: af sw bypass: 0
01-05 12:00:14.486 685 10930 I isp_alg_fw: 5645, ispalg_bypass_init: awb sw bypass: 0
01-05 12:00:14.486 685 10930 I isp_alg_fw: 5646, ispalg_bypass_init: lsc sw bypass: 0
01-05 12:00:14.486 685 10930 I isp_alg_fw: 5647, ispalg_bypass_init: afl sw bypass: 0
01-05 12:00:14.486 685 10930 I isp_alg_fw: 5648, ispalg_bypass_init: pdaf sw bypass: 0
01-05 12:00:14.486 685 10930 I isp_alg_fw: 5649, ispalg_bypass_init: smart sw bypass: 0
01-05 12:00:14.486 685 10958 E android.hardware.camera.provider@2.4-service: 25, vl53l0_open_dev: Error open stmvl53l0_ranging device,error num:No such file or directory
01-05 12:00:14.486 855 6091 D HidlCamera3-Device: CameraPerf: constructDefaultRequestSettings X (0ms)
01-05 12:00:14.486 685 10958 E android.hardware.camera.provider@2.4-service: 347, tof_ctrl_init: fail to open tof dev
01-05 12:00:14.486 685 10958 I android.hardware.camera.provider@2.4-service: 375, tof_ctrl_init: done 6
01-05 12:00:14.486 685 10958 E isp_alg_fw: 5671, ispalg_tof_init: fail to do tof init
01-05 12:00:14.486 855 6091 I Camera2-Parameters: initialize: maxPreviewSize=1920x1920, videoSizeUpperBound=1920x1080
01-05 12:00:14.486 685 10955 I isp_alg_fw: 5369, ispalg_pdaf_init: cam0 no pdaf 0 0x0
01-05 12:00:14.486 855 6091 I CameraParams2: setPreviewSize: 1920x1080
01-05 12:00:14.486 855 6091 I CameraParams2: setVideoSize: 1920x1080
01-05 12:00:14.486 855 6091 I Camera2-Parameters: initialize: suggestedJpegSize=3264x2448
01-05 12:00:14.486 855 6091 I CameraParams2: setPictureSize: 3264x2448
01-05 12:00:14.487 855 6091 W Camera2-Parameters: initialize: Camera 0: Unknown scene mode value: 100
01-05 12:00:14.487 855 6091 W Camera2-Parameters: initialize: Camera 0: Unknown scene mode value: 101
01-05 12:00:14.487 855 6091 W Camera2-Parameters: initialize: Camera 0: Unknown scene mode value: 102
01-05 12:00:14.487 855 6091 W Camera2-Parameters: initialize: Camera 0: Unknown scene mode value: 103
01-05 12:00:14.487 855 6091 W Camera2-Parameters: initialize: Camera 0: Unknown scene mode value: 104
01-05 12:00:14.487 855 6091 I Camera2-Parameters: Camera 0: Disabling ZSL mode
01-05 12:00:14.487 855 6091 I Camera2-Parameters: initialize: allowZslMode: 0 slowJpegMode 0 isDeviceZslSupported 1
01-05 12:00:14.487 855 6091 D HidlCamera3-Device: CameraPerf: constructDefaultRequestSettings templateId: 2 E
01-05 12:00:14.487 685 10956 I afl_ctrl: 511, afl_ctrl_init: afl version: built data: Oct 15 2021.
01-05 12:00:14.487 685 10956 I afl_ctrl: 512, afl_ctrl_init: afl version: built time: 13:47:21.
01-05 12:00:14.487 685 10956 I afl_ctrl: 513, afl_ctrl_init: afl version: built rev: 4.2.4.1.
01-05 12:00:14.487 685 10956 I deflicker: handle = 0xe7e81c04
01-05 12:00:14.487 685 10956 I deflicker: *handle = 0x0
01-05 12:00:14.487 685 10956 I deflicker: 118,antiflcker_sw_init:flicker_detection_library_version:CAM_ALGO_ISP_ANTIFLICKER_4.2.4.1_20210825-1902
01-05 12:00:14.487 685 10956 I deflicker: 121,antiflcker_sw_init:flicker detection library version:LIBVER[4.2.4.1][Oct 15 2021][14:43:05]
01-05 12:00:14.487 685 685 E CamComm1.0-MD: Mismatched tag type when updating entry sharpness (-2147483645) of type int32; got type byte data instead
01-05 12:00:14.487 855 6091 D HidlCamera3-Device: CameraPerf: constructDefaultRequestSettings X (0ms)
01-05 12:00:14.488 855 6091 E Camera2-FrameProcessorBase: FrameProcessorBase: created
01-05 12:00:14.490 1128 4094 V CameraService_proxy: The activity is N or above and claims to support resizeable-activity. Crop-rotate-scale is disabled.
01-05 12:00:14.490 685 10956 E deflicker: 196, antiflcker_sw_init: afl_get_default_param
01-05 12:00:14.490 685 10956 I deflicker: 209,antiflcker_sw_init:inti 0xe7a2e9c0
01-05 12:00:14.490 855 6091 I CameraService: connectHelper: overrideCameraMuteMode = false, isCameraPrivacyEnabled = false
01-05 12:00:14.490 855 6091 I CameraService: CameraService::finishConnectLocked E
01-05 12:00:14.490 855 6091 I CameraService: wouldEvictLocked: [incoming client] owner = 10554, priority-score=0, cost=55, returnIncompatibleClients=false
01-05 12:00:14.490 855 6091 I CameraService: wouldEvictLocked: [cost info] current cost=0, adding cost=55, total cost=55, max cost=100
01-05 12:00:14.490 855 6091 I CameraService: wouldEvictLocked: [highestPriority] owner=10554, score=0
01-05 12:00:14.490 685 10953 I af_ctrl : 575, afctrl_create_thread: af_ctrl thread rtn 0
01-05 12:00:14.490 685 10953 I af_ctrl : 630, afctrl_init_adpt: E 0
01-05 12:00:14.490 685 10953 I af_sprd_adpt_v1: 4192, sprd_afv1_init: Enter
01-05 12:00:14.491 685 10948 I ae_ctrl : 680, aectrl_init_adpt: aectrl_init_adpt, major_id:3, minor_id:2
01-05 12:00:14.491 685 10948 I ae_ctrl : 683, aectrl_init_adpt: AE3.X
01-05 12:00:14.491 685 10948 E ae_ctrl : 638, aectrl_init_lib: ae cxt: 0xe8e62540
01-05 12:00:14.491 855 6091 I CameraService: addAndEvict: push the client(owner 10554, priorityScore 0, state 2) to mClients
01-05 12:00:14.491 855 6091 I CameraService: CameraService::finishConnectLocked X
01-05 12:00:14.491 855 6091 I Camera2Client: notifyAppPackageName
01-05 12:00:14.491 855 6091 D HidlCamera3-Device: CameraPerf: setParameters E
01-05 12:00:14.491 855 6091 W HidlCamera3-Device: setParameters: Samsung interface is null.
01-05 12:00:14.491 855 6091 D HidlCamera3-Device: CameraPerf: setParameters X (0ms)
01-05 12:00:14.491 855 6091 I CameraService: Notified package name to HAL.
01-05 12:00:14.491 855 6091 I CameraServiceProxyWrapper: updateProxyDeviceState: notifyCameraState for Camera ID 0, newState 0, facing 0, clientName org.qtproject.example.camera, apiLevel 1
01-05 12:00:14.491 685 10952 I lsc_ctrl: 238, _lscctrl_create_thread: lsc_ctrl thread rtn 0
01-05 12:00:14.491 685 10953 E af_sprd_adpt_v1: 4100, pd_otp_info_parser: type1 pdaf module_info is NULL
01-05 12:00:14.491 685 10953 I af_sprd_adpt_v1: 4286, sprd_afv1_init: is_multi_mode 0, cameraid 0, cur_master_id 0,sensor_role 0, pdaf_type 0
01-05 12:00:14.491 685 10953 I af_sprd_adpt_v1: 4287, sprd_afv1_init: width = 1632, height = 1224, win_num = 10
01-05 12:00:14.491 685 10953 I af_sprd_adpt_v1: 1970, af_lib_init: PDAF Tuning NULL!
01-05 12:00:14.491 1128 4104 I CameraManagerGlobal: Camera 0 facing CAMERA_FACING_BACK state now CAMERA_STATE_OPEN for client org.qtproject.example.camera API Level 1 User Id 0
01-05 12:00:14.491 1504 1749 I CameraManagerGlobal: Camera 0 facing CAMERA_FACING_BACK state now CAMERA_STATE_OPEN for client org.qtproject.example.camera API Level 1 User Id 0
01-05 12:00:14.491 855 6091 I CameraService: isNoSALoggingPackage: org.qtproject.example.camera is a third party package.
01-05 12:00:14.491 1128 4104 I CameraManagerGlobal: onCameraDeviceStateChangedLocked: post device state update
01-05 12:00:14.492 1791 1812 I CameraManagerGlobal: Camera 0 facing CAMERA_FACING_BACK state now CAMERA_STATE_OPEN for client org.qtproject.example.camera API Level 1 User Id 0
01-05 12:00:14.492 2501 8150 I CameraManagerGlobal: Camera 0 facing CAMERA_FACING_BACK state now CAMERA_STATE_OPEN for client org.qtproject.example.camera API Level 1 User Id 0
01-05 12:00:14.492 2501 8150 I CameraManagerGlobal: onCameraDeviceStateChangedLocked: post device state update
01-05 12:00:14.493 1128 4094 I AudioManager: setParameters keyValuePairs = cameraFacing=back
01-05 12:00:14.494 683 734 I audio_hw_primary: adev_set_parameters kvpairs=cameraFacing=back
01-05 12:00:14.494 855 6091 D CameraService: getCameraInfo E: 0
01-05 12:00:14.494 683 734 I audio_hw_ext: ext_control_process:cameraFacing=back
01-05 12:00:14.495 2483 2483 W ContextImpl: Calling a method in the system process without a qualified user: android.app.ContextImpl.startService:1926 android.content.ContextWrapper.startService:834 android.content.ContextWrapper.startService:834 com.sec.android.diagmonagent.sa.receiver.CFLogReceiver.a:4 com.sec.android.diagmonagent.sa.receiver.CFLogReceiver.onReceive:4
01-05 12:00:14.495 855 6091 D CameraService: getCameraInfo X
01-05 12:00:14.497 855 6091 D CameraService: getNumberOfCameras E
01-05 12:00:14.497 855 6091 D CameraService: getNumberOfCameras X: ok
01-05 12:00:14.497 855 6091 D CameraService: getCameraInfo E: 0
01-05 12:00:14.497 2745 2777 I CameraManagerGlobal: Camera 0 facing CAMERA_FACING_BACK state now CAMERA_STATE_OPEN for client org.qtproject.example.camera API Level 1 User Id 0
01-05 12:00:14.497 685 10952 I lsc_sprd_adapt: 1232, lsc_load_lib: lib lsc v_count : 6, version id: 1, liblsc path :libalsc3.2.so
01-05 12:00:14.497 2501 8150 I CameraManagerGlobal: onCameraDeviceStateChangedLocked: post device state update
01-05 12:00:14.498 855 6091 D CameraService: getCameraInfo X
01-05 12:00:14.498 685 10953 E AFv1Lib : 1697, af_init: aflib version 3.2-20210730-fixspotissue-2020111700 mem 317580
01-05 12:00:14.498 685 10953 E AFv1Lib : 1707, af_init: Build_type:user log_level: 4
01-05 12:00:14.498 685 10953 I af_sprd_adpt_v1: 1379, if_get_otp: get otp (infi,macro) = (275,473)
01-05 12:00:14.498 685 10953 E AFv1Lib : 1773, af_init: af otp tuning(275, 477), eeprom(275, 473)
01-05 12:00:14.498 685 10953 E AFv1Lib : 1797, af_init: saf algo 1, caf roi 40, touchpd 0
01-05 12:00:14.498 685 10954 I isp_alg_fw: 5129, ispalg_awb_init: is_master 1, sensor_role 0, is_multi_mode 0
01-05 12:00:14.499 685 10948 I flash_lib: 1120, flash_init: flashcorrect_debug 0
01-05 12:00:14.499 685 10930 W libc : Access denied finding property " persist.vendor.cam.ai.scence.enable"
01-05 12:00:14.499 685 10953 I android.hardware.camera.provider@2.4-service: 110, gt9769_drv_set_pos: target_code = 275
01-05 12:00:14.499 685 10953 E AFv1Lib : 1824, af_init: AF_Algo_new_version: CAM_ALGO_ISP_3A_AF_3.2_H1_20210730_1452
01-05 12:00:14.500 685 10948 I flash_lib: 1217, flash_init: FLASH VERSION: CAM_ALGO_ISP_3A_FLASH_6.0_H0_20210927_1643
01-05 12:00:14.500 685 10948 I Libae[Misc]: 105,ae_get_mod:AE3.4 branch: trunk : CAM_ALGO_ISP_3A_AE_3.X_H38_20211022_1410_2, compile time:15:24:52-Dec 1 2021
01-05 12:00:14.501 2483 2483 W ContextImpl: Calling a method in the system process without a qualified user: android.app.ContextImpl.startService:1926 android.content.ContextWrapper.startService:834 android.content.ContextWrapper.startService:834 com.sec.android.diagmonagent.sa.receiver.CFLogReceiver.a:4 com.sec.android.diagmonagent.sa.receiver.CFLogReceiver.onReceive:4
01-05 12:00:14.501 685 10954 I awb_ctrl: 311, awbctrl_create_thread: done 0
01-05 12:00:14.501 685 10954 I awb_ctrl: 136, awbctrl_init_adpt: back camera, camera_id = 0
01-05 12:00:14.501 685 10954 I awb_ctrl: 157, awbctrl_init_adpt: no pram file , Get the trunning param from upper layer!
01-05 12:00:14.501 685 10954 I awb_ctrl: 181, awbctrl_init_adpt: lib_param.version_id = 2 (isp3.2)
01-05 12:00:14.501 685 10954 I awb_adpt: 1199, awb_sprd_ctrl_init_v3_2: [awb_3x] start awb_sprd_ctrl_init
01-05 12:00:14.501 685 10954 I awb_adpt: 917, awbsprd_load_lib: awb lib v_count:7, version_id:2, version_name:libawb3.2.so
01-05 12:00:14.501 685 10954 I awb_adpt: 928, awbsprd_load_lib: dlopen awb lib successful
01-05 12:00:14.503 685 10952 I android.hardware.camera.provider@2.4-service: [ALSC]: L 746, lsc_init_core: ALSC VERSION: CAM_ALGO_ISP_3A_ALSC_3.2_H6_20210809_2012 !
01-05 12:00:14.504 685 10956 I afl_ctrl: 483, aflctrl_create_thread: afl_ctrl thread rtn 0
01-05 12:00:14.504 685 10956 I afl_ctrl: 570, afl_ctrl_init: done 0
01-05 12:00:14.504 685 10956 I isp_alg_fw: 5172, ispalg_afl_init: done 0
01-05 12:00:14.504 685 10952 D android.hardware.camera.provider@2.4-service: [ALSC]: L 168, alsc_get_eng_cmd: eng_alsc_bypass_otp=0, eng_alsc_bypass=0, eng_alsc_table_index=9
01-05 12:00:14.505 685 10953 I af_sprd_adpt_v1: 2009, trigger_init: aft tuning param ok
01-05 12:00:14.505 685 10953 I aft_sprd_lib: 152, aft_is_mlog: logtype 0x0
01-05 12:00:14.505 685 10953 I aft_sprd_lib: 1929, sprd_caf_trigger_init: aft version id: 0x20210625_modifyscenechange
01-05 12:00:14.505 685 10953 E aft_sprd_lib: 1930, sprd_caf_trigger_init: AFT_Algo_new_version: CAM_ALGO_ISP_3A_AFT_3.2_H0_20210625_1032
01-05 12:00:14.505 685 10953 I aft_sprd_lib: 1931, sprd_caf_trigger_init: tuning data len 1828 ptr 0xd9effe24
01-05 12:00:14.505 685 10953 I aft_sprd_lib: 1933, sprd_caf_trigger_init: malloc size 1872, 100528, sum = 102400
01-05 12:00:14.505 685 10953 I aft_sprd_lib: 816, aft_get_tuning_param: aft_tuning.bin is not exist!
01-05 12:00:14.505 685 10953 I aft_sprd_lib: 288, aft_check_param_size: param size all1828, v0:576, v1:1828
01-05 12:00:14.505 685 10953 I aft_sprd_lib: 818, aft_get_tuning_param: load from tuning param.c
01-05 12:00:14.505 685 10953 I aft_sprd_lib: 890, aft_set_proc_cfg_param: aft tuning_param version :1
01-05 12:00:14.505 685 10953 I aft_sprd_lib: 1129, aft_set_proc_cfg_param: version :1, img_blk :1, abort_af_y :10
01-05 12:00:14.505 685 10953 I aft_sprd_lib: 109, DebugProp_Control: support flag: face 1, pd 0, tof 1, afm 1, cafblk 0, imgblk 1, hist 1, gyro 0, gsensor 1, abort 1, need_print_support 0, sc 0
01-05 12:00:14.505 685 10953 I aft_sprd_lib: 3770, aft_proc_reset: move face_base (sx ex sy ey) = (0 0 0 0), rollangle 0; stab face_base (sx ex sy ey) = (0 0 0 0), rollangle 0
01-05 12:00:14.505 685 10953 I aft_sprd_lib: 4489, aft_proc_init: mlog 0x0
01-05 12:00:14.505 685 10953 I aft_sprd_lib: 4511, aft_proc_init: face_support 1, pd_data_support 0, tof_data_support 1, afm_support 1, caf_blk_support 0, img_blk support 1, hist_support 1
01-05 12:00:14.505 685 10953 I aft_sprd_lib: 4513, aft_proc_init: gyro_support 0, gsensor_support 1, abort_af_support 1, need_rough_support 0, need_print_support 0, scene_change_support 0
01-05 12:00:14.505 685 10953 I aft_sprd_lib: 1951, sprd_caf_trigger_init: aft init done handle : 0xe7ebb000
01-05 12:00:14.505 685 10953 I aft_sprd_lib: 2052, sprd_caf_trigger_ioctrl: cmd : 2002
01-05 12:00:14.505 685 10953 I aft_sprd_lib: 1319, aft_proc_get_ae_skip_info: select_support :1, skip_line :0
01-05 12:00:14.505 685 10953 I af_sprd_adpt_v1: 4337, sprd_afv1_init: otp bIsExist = 1, (inf, macro) = 275,473.
01-05 12:00:14.505 685 10953 I af_sprd_adpt_v1: 4351, sprd_afv1_init: Exit
01-05 12:00:14.506 685 10953 I af_ctrl : 623, afctrl_init_lib: done 0
01-05 12:00:14.506 685 10953 I af_ctrl : 646, afctrl_init_adpt: done 0
01-05 12:00:14.506 685 10953 I af_ctrl : 718, af_ctrl_init: done 0
01-05 12:00:14.506 685 10948 E Libae[Core]: 4211, aec_frame_sync_tune_param_parser: AE_sync param is NULL, just use the default param
01-05 12:00:14.506 685 10948 E Libae[Core]:
01-05 12:00:14.506 685 10964 I af_sprd_adpt_v1: 3588, af_sprd_set_zoom_ratio: zoom ratio = 1000
01-05 12:00:14.506 685 10952 I lsc_sprd_adapt: 2625, lsc_sprd_init: lsc init success rtn = 0, camera_id = 0
01-05 12:00:14.506 685 10952 I lsc_ctrl: 185, _lscctrl_init_lib: done 0
01-05 12:00:14.506 685 10952 I lsc_ctrl: 222, _lscctrl_init_adpt: done 0
01-05 12:00:14.506 685 10954 E awb_adpt: 1229, awb_sprd_ctrl_init_v3_2: load awb lib success!
01-05 12:00:14.506 685 10954 I awb_adpt: 1256, awb_sprd_ctrl_init_v3_2: is_multi_mode=0 , color_support=1
01-05 12:00:14.506 685 10954 I awb_adpt: 1275, awb_sprd_ctrl_init_v3_2: start parse the awb_otp_info
01-05 12:00:14.506 685 10954 I awb_adpt: 1277, awb_sprd_ctrl_init_v3_2: end parse the awb_otp_info
01-05 12:00:14.506 685 10954 I awb_adpt: 1279, awb_sprd_ctrl_init_v3_2: create the lock thread for awb success!
01-05 12:00:14.507 685 10954 E android.hardware.camera.provider@2.4-service: [AWBLIB][awb_init] [1390]awb version: AWB VERSION: CAM_ALGO_ISP_3A_AWB_3.2_H2_20211022-1330awb log info
01-05 12:00:14.507 685 10948 I ae_sprd_adpt: 8039, ae_set_ae_init_param: [o7codedebug-remosaic]function switch thread bv_value form down->up 490->500[up open]
01-05 12:00:14.507 685 10948 I android.hardware.camera.provider@2.4-service: 218, s_q_open: valid num: exp: 2, sensor gain: 2, isp gain: 1
01-05 12:00:14.507 685 10948 I ae_ctrl : 703, aectrl_init_adpt: done 0
01-05 12:00:14.509 855 6091 I Camera2Client: setParameters: Camera 0
01-05 12:00:14.509 685 10950 E ATM : atm version: CAM_ALGO_ISP_ATM_2.0_H1_20210705-2100
01-05 12:00:14.509 855 6091 I Camera2-Parameters: set: Requested preview size 2560 x 1440
01-05 12:00:14.509 685 10950 I smart_ctrl: 1538, smart_ctl_init: done rtn 0
01-05 12:00:14.509 685 10950 I isp_alg_fw: 5223, ispalg_smart_init: done 0
01-05 12:00:14.509 855 6091 D HidlCamera3-Device: CameraPerf: constructDefaultRequestSettings templateId: 3 E
01-05 12:00:14.510 685 685 E CamComm1.0-MD: Mismatched tag type when updating entry sharpness (-2147483645) of type int32; got type byte data instead
01-05 12:00:14.510 855 6091 D HidlCamera3-Device: CameraPerf: constructDefaultRequestSettings X (0ms)
01-05 12:00:14.512 855 6091 I Camera2Client: setParameters: Camera 0
01-05 12:00:14.512 685 10954 E awb_adpt: 362, _awb_read_gain: read_gain from:/data/vendor/cameraserver/camera_0_awb.file, camera_id[0]: 1308, 1024, 2126, 0
01-05 12:00:14.512 685 10954 I awb_adpt: 1373, awb_sprd_ctrl_init_v3_2: done
01-05 12:00:14.512 685 10954 I awb_ctrl: 113, awbctrl_init_lib: done 0
01-05 12:00:14.512 685 10954 I awb_ctrl: 200, awbctrl_init_adpt: done 0
01-05 12:00:14.512 685 10954 I isp_alg_fw: 5136, ispalg_awb_init: done 0
01-05 12:00:14.513 685 10930 I isp_alg_fw: 6339, get_prop_ctrl: is_raw_cap 0, tool_eb 0, dbg_hwsim 0, dump_lsc 0, dump_aem 0
01-05 12:00:14.513 685 10930 I isp_alg_fw: 6439, isp_alg_fw_init_async: cam0 done, alg enable 1, init 1
01-05 12:00:14.514 685 10927 I cmr_oem : 7941, camera_init_thread_proc: cb thread inited
01-05 12:00:14.520 855 6091 I Camera2Client: setParameters: Camera 0
01-05 12:00:14.523 855 6091 I Camera2Client: setParameters: Camera 0
01-05 12:00:14.532 855 6091 I Camera2Client: setPreviewTarget: E
01-05 12:00:14.537 10554 10620 D SensorManager: registerListener :: 1, accelerometer_bmi220, 200000, 0,
01-05 12:00:14.538 1128 1229 I SensorService: [SO] SENSOR_TYPE_META_DATA: 1
01-05 12:00:14.541 855 6091 I Camera2Client: setPreviewCallbackFlag: Camera 0: Flag 0x0
01-05 12:00:14.585 855 6091 I Camera2Client: setPreviewCallbackFlag: Camera 0: Flag 0x5
01-05 12:00:14.585 855 6091 I Camera2Client: startPreview: E
01-05 12:00:14.585 855 6091 D Camera3-Device: createStream: mInterfaceLock.lock()
01-05 12:00:14.585 855 6091 D Camera3-Device: createStream: Camera 0: Creating new stream 0: 2560 x 1440, format 0x22(IMPL_DEF), dataspace 0 rotation 0 consumer usage 0, isShared 0, physicalCameraId , isMultiResolution 0 dynamicRangeProfile 0x1, streamUseCase 0, option 0x0, timestampBase 0, mirrorMode 0
01-05 12:00:14.585 10554 10554 I SurfaceView@f62b756: Changes: creating=false format=false size=true visible=false alpha=false hint=false mUseAlpha=false visible=false left=false top=false
01-05 12:00:14.586 10554 10554 I SurfaceView@f62b756: 258127702 Cur surface: Surface(name=null)/@0x60f04c4
01-05 12:00:14.586 690 741 I gralloc4: allocate: id=2b2000000b7, hal_format=RGBA8888, mali_format=RGBA8888, afbc=SPLIT, usage=GPU_RW|HWC|BACKBUF, size=1158x1527, stride=1168, name=SurfaceView[org.qtproject.example.camera/org.qtproject.qt.android.bindings.QtActivity]@0#2(BLAST Consumer)2
01-05 12:00:14.586 855 6091 D Camera3-Device: createStream: mInterfaceLock.unlock()
01-05 12:00:14.586 855 6091 D Camera3-Device: setStreamTransform: mInterfaceLock.lock()
01-05 12:00:14.586 855 6091 I Camera3-Device: getJpegBufferSize: Camera 0: maximum JPEG size in static metadata is 11985416
01-05 12:00:14.586 855 6091 I Camera3-Device: getJpegBufferSize: final jpeg buffer size for the given resolution(3264 x 2448) is 11985416
01-05 12:00:14.587 10554 10620 I gralloc4: register: id=2b2000000b7, handle:0xb40000757bb1a900, vaddr=0x7585045000
01-05 12:00:14.587 10554 10554 I BLASTBufferQueue: update, w= 1200 h= 1728 mName = null mNativeObject= 0xb400007588cd0b80 sc.mNativeObject= 0xb400007602674600 format= 1 caller= android.view.SurfaceView.setBufferSize:1315 android.view.SurfaceView.performSurfaceTransaction:929 android.view.SurfaceView.updateSurface:1116 android.view.SurfaceView.setFrame:536 android.view.View.layout:25084 org.qtproject.qt.android.QtLayout.onLayout:196
01-05 12:00:14.587 855 6091 D Camera3-Device: createStream: mInterfaceLock.lock()
01-05 12:00:14.587 10554 10554 I SurfaceView@f62b756: pST: sr = Rect(0, 120 - 1200, 1848) sw = 1200 sh = 1728
01-05 12:00:14.587 855 6091 D Camera3-Device: createStream: Camera 0: Creating new stream 1: 3264 x 2448, format 0x21(JPEG), dataspace 146931712 rotation 0 consumer usage 0, isShared 0, physicalCameraId , isMultiResolution 0 dynamicRangeProfile 0x1, streamUseCase 0, option 0x0, timestampBase 0, mirrorMode 0
01-05 12:00:14.587 855 6091 I Camera3-Device: getJpegBufferSize: Camera 0: maximum JPEG size in static metadata is 11985416
01-05 12:00:14.587 855 6091 I Camera3-Device: getJpegBufferSize: final jpeg buffer size for the given resolution(3264 x 2448) is 11985416
01-05 12:00:14.588 855 6091 D Camera3-Device: createStream: mInterfaceLock.unlock()
01-05 12:00:14.588 10554 10554 D SurfaceView@f62b756: performSurfaceTransaction RenderWorker position = [0, 120, 1200, 1848] surfaceSize = 1200x1728
01-05 12:00:14.588 855 6091 D Camera3-Device: createStream: mInterfaceLock.lock()
01-05 12:00:14.588 855 6091 D Camera3-Device: createStream: Camera 0: Creating new stream 2: 2560 x 1440, format 0x23(YUV_420_888), dataspace 146931712 rotation 0 consumer usage 0, isShared 0, physicalCameraId , isMultiResolution 0 dynamicRangeProfile 0x1, streamUseCase 0, option 0x0, timestampBase 0, mirrorMode 0
01-05 12:00:14.588 10554 10554 I SurfaceView@f62b756: applyTransactionOnVriDraw: vri = ViewRootImpl@e17d4b8[QtActivity] fRS = false t = 0xb400007588f33500 android.view.SurfaceView.performSurfaceTransaction:970 android.view.SurfaceView.updateSurface:1116 android.view.SurfaceView.setFrame:536
01-05 12:00:14.588 855 6091 D Camera3-Device: createStream: mInterfaceLock.unlock()
01-05 12:00:14.589 855 6091 E Camera3-OutputStream: dropBuffers: stream 0 dropping: FALSE.
01-05 12:00:14.589 855 6091 D Camera3-Device: setStreamingRequestList: Enter: calling submitRequestsHelper: repeating = true
01-05 12:00:14.589 855 6091 D Camera3-Device: submitRequestsHelper: mInterfaceLock.lock()
01-05 12:00:14.589 855 6091 D Camera3-Device: filterParamsAndConfigureLocked : operatingMode=0
01-05 12:00:14.589 855 6091 D Camera3-Device: CameraPerf: configureStreamsLocked: Camera 0: Stream configuration E
01-05 12:00:14.589 10554 10554 I ViewRootImpl@e17d4b8[QtActivity]: applyTransactionOnDraw: mRemoved = false isHardwareEnabled = true t = 0xb400007588f33500android.view.SurfaceView.applyTransactionOnVriDraw:2059 android.view.SurfaceView.performSurfaceTransaction:970 android.view.SurfaceView.updateSurface:1116 android.view.SurfaceView.setFrame:536 android.view.View.layout:25084
01-05 12:00:14.589 10554 10554 I SurfaceView@f62b756: updateSurface: mVisible = true mSurface.isValid() = true
01-05 12:00:14.589 10554 10554 I SurfaceView@f62b756: updateSurface: mSurfaceCreated = true surfaceChanged = false visibleChanged = false
01-05 12:00:14.589 855 6091 I Camera3-Device: getJpegBufferSize: Camera 0: maximum JPEG size in static metadata is 11985416
01-05 12:00:14.589 855 6091 I Camera3-Device: getJpegBufferSize: final jpeg buffer size for the given resolution(3264 x 2448) is 11985416
01-05 12:00:14.589 855 6091 I HidlCamera3-Device: configureStreams Before configuration Stream[0] : [2560 x 1440], usage: 0x100
01-05 12:00:14.589 855 6091 I HidlCamera3-Device: configureStreams Before configuration Stream[1] : [3264 x 2448], usage: 0x3
01-05 12:00:14.589 10554 10554 I SurfaceView@f62b756: surfaceChanged -- format=1 w=1200 h=1728
01-05 12:00:14.589 855 6091 I HidlCamera3-Device: configureStreams Before configuration Stream[2] : [2560 x 1440], usage: 0x3
01-05 12:00:14.589 10554 10554 I SurfaceView@f62b756: surfaceChanged (1200,1728) 1 #5 org.qtproject.qt.android.QtSurface{f62b756 V.E...... ......ID 0,0-1200,1728 #1}
01-05 12:00:14.589 685 685 I Cam3HWI : 778, configureStreams: [cam_hal_flow] : configureStreams +
