01-05 12:00:33.533 685 10974 E awb_adpt: 1479, awb_sprd_ctrl_calculation_v3_2: check handle success
01-05 12:00:33.533 685 10951 E Libae[FAE]: 1409, face_luma_calc: NO FACE
01-05 12:00:33.533 685 10970 I isp_blk_cmc10: 266, _pm_cmc10_set_param: cmc_result: (1665 15689 53; 16214 1311 16266; 16367 16062 1363).
01-05 12:00:33.534 685 10970 I isp_blk_cmc10: 266, _pm_cmc10_set_param: cmc_result: (1665 15689 53; 16214 1311 16266; 16367 16062 1363).
01-05 12:00:33.534 685 10951 I cmr_oem : 9482, camera_get_af_support: af_support 1
01-05 12:00:33.535 685 10964 I aft_sprd_lib: 3803, aft_proc_log_print: afm move diff : 56111,diff_thr :93618539,diff_cnt : 0,g_diff(x,y,z):(0.036250,0.018750,0.016250),aem move diff : (num : r,g,b,cnt) = (0,0,0,0), scene_change_flag 0
01-05 12:00:33.536 1128 1128 D SemWifiBackOff.Sar: event.values[3],=1.0, event.values[4]=0.0
01-05 12:00:33.536 1128 1128 D SemWifiBackOff.Sar: getSensorMode=5, mSensorState=3
01-05 12:00:33.536 1128 1128 I SemWifiBackOff.Sar: SingleBodySarManager : enable powerbackoff1
01-05 12:00:33.536 1128 1128 D SemWifiBackOff.Sar: SingleBodySarManager : checkAndSetBackoff true
01-05 12:00:33.536 1128 1128 I SemWifiBackOff.Sar: setPowerBackoff(head) enable=true
01-05 12:00:33.536 1461 1461 I wpa_supplicant: set dynamic tx far
01-05 12:00:33.536 1461 1461 E wpa_supplicant: sar_cmd : SET_SAR 9
01-05 12:00:33.538 1128 1128 V SemWifiBackOff.Controller: onBackOffStarted iface=wlan0 type=1
01-05 12:00:33.539 685 10974 I awb_adpt: 1698, awb_sprd_ctrl_calculation_v3_2: AWB result : (1304,1024,2093) 3639K , fram_count : 287 , camera_id : 0, wb mode : 0; AWB lib 64x64: (1304,1024,2093) 3639K.
01-05 12:00:33.565 855 10959 E Camera2-FrameProcessorBase: FrameProcessorBase: Error waiting for new frames: Connection timed out (-110)
01-05 12:00:33.592 685 10951 E Libae[FAE]: 1409, face_luma_calc: NO FACE
01-05 12:00:33.592 685 10974 E awb_adpt: 1479, awb_sprd_ctrl_calculation_v3_2: check handle success
01-05 12:00:33.592 685 10970 I isp_blk_cmc10: 266, _pm_cmc10_set_param: cmc_result: (1665 15689 53; 16214 1311 16266; 16367 16062 1363).
01-05 12:00:33.592 685 10970 I isp_blk_cmc10: 266, _pm_cmc10_set_param: cmc_result: (1665 15689 53; 16214 1311 16266; 16367 16062 1363).
01-05 12:00:33.592 685 10951 I cmr_oem : 9482, camera_get_af_support: af_support 1
01-05 12:00:33.594 685 10964 I aft_sprd_lib: 3803, aft_proc_log_print: afm move diff : 1066313,diff_thr :93618539,diff_cnt : 0,g_diff(x,y,z):(0.041250,0.015000,0.033750),aem move diff : (num : r,g,b,cnt) = (0,0,0,0), scene_change_flag 0
01-05 12:00:33.597 685 10974 I awb_adpt: 1698, awb_sprd_ctrl_calculation_v3_2: AWB result : (1304,1024,2093) 3639K , fram_count : 288 , camera_id : 0, wb mode : 0; AWB lib 64x64: (1304,1024,2093) 3639K.
01-05 12:00:33.652 685 10974 E awb_adpt: 1479, awb_sprd_ctrl_calculation_v3_2: check handle success
01-05 12:00:33.652 685 10951 E Libae[FAE]: 1409, face_luma_calc: NO FACE
01-05 12:00:33.652 685 10970 I isp_blk_cmc10: 266, _pm_cmc10_set_param: cmc_result: (1665 15689 53; 16214 1311 16266; 16367 16062 1363).
01-05 12:00:33.652 685 10970 I isp_blk_cmc10: 266, _pm_cmc10_set_param: cmc_result: (1665 15689 53; 16214 1311 16266; 16367 16062 1363).
01-05 12:00:33.653 685 10951 I cmr_oem : 9482, camera_get_af_support: af_support 1
01-05 12:00:33.653 685 10965 E android.hardware.camera.provider@2.4-service: [ALSC]: L 561, slsc4_calculation: slsc4, error case, pair_idx=[4,3], pair_ratio=[1.619519,-0.619519], set ratio to 1.0 and 0.0
01-05 12:00:33.653 685 10964 I aft_sprd_lib: 3803, aft_proc_log_print: afm move diff : 487773,diff_thr :93618539,diff_cnt : 0,g_diff(x,y,z):(0.007500,0.002500,0.031250),aem move diff : (num : r,g,b,cnt) = (0,0,0,0), scene_change_flag 0
01-05 12:00:33.655 720 745 E CP_CONNECT_CTL: socket_reconnect: socket_reconnect src_sock=10, des_socket=cp_time_sync_server.
01-05 12:00:33.656 720 745 E CP_CONNECT_CTL: process_socket_connect: open cp_time_sync_server failed: Connection refused [111(Connection refused)]
01-05 12:00:33.656 720 745 E CP_CONNECT_CTL: socket_reconnect: socket_reconnect src_sock=10, des_socket=cp_time_sync_server.
01-05 12:00:33.656 720 745 E CP_CONNECT_CTL: process_socket_connect: open cp_time_sync_server failed: Connection refused [111(Connection refused)]
01-05 12:00:33.656 720 745 E CP_CONNECT_CTL: socket_reconnect: socket_reconnect src_sock=10, des_socket=cp_time_sync_server.
01-05 12:00:33.656 720 745 E CP_CONNECT_CTL: process_socket_connect: open cp_time_sync_server failed: Connection refused [111(Connection refused)]
01-05 12:00:33.656 720 745 E CP_CONNECT_CTL: socket_reconnect: socket_reconnect src_sock=10, des_socket=cp_time_sync_server.
01-05 12:00:33.656 720 745 E CP_CONNECT_CTL: process_socket_connect: open cp_time_sync_server failed: Connection refused [111(Connection refused)]
01-05 12:00:33.657 685 10974 I awb_adpt: 1698, awb_sprd_ctrl_calculation_v3_2: AWB result : (1304,1024,2093) 3639K , fram_count : 289 , camera_id : 0, wb mode : 0; AWB lib 64x64: (1304,1024,2093) 3639K.
01-05 12:00:33.714 685 10951 E Libae[FAE]: 1409, face_luma_calc: NO FACE
01-05 12:00:33.714 685 10974 E awb_adpt: 1479, awb_sprd_ctrl_calculation_v3_2: check handle success
01-05 12:00:33.714 685 10970 I isp_blk_cmc10: 266, _pm_cmc10_set_param: cmc_result: (1665 15689 53; 16214 1311 16266; 16367 16062 1363).
01-05 12:00:33.714 685 10970 I isp_blk_cmc10: 266, _pm_cmc10_set_param: cmc_result: (1665 15689 53; 16214 1311 16266; 16367 16062 1363).
01-05 12:00:33.714 685 10951 I cmr_oem : 9482, camera_get_af_support: af_support 1
01-05 12:00:33.716 685 10964 I aft_sprd_lib: 3803, aft_proc_log_print: afm move diff : 1153598,diff_thr :93618539,diff_cnt : 0,g_diff(x,y,z):(0.026250,0.005000,0.033750),aem move diff : (num : r,g,b,cnt) = (0,0,0,0), scene_change_flag 0
01-05 12:00:33.719 685 10974 I awb_adpt: 1698, awb_sprd_ctrl_calculation_v3_2: AWB result : (1304,1024,2093) 3639K , fram_count : 290 , camera_id : 0, wb mode : 0; AWB lib 64x64: (1304,1024,2093) 3639K.
01-05 12:00:33.774 685 10951 E Libae[FAE]: 1409, face_luma_calc: NO FACE
01-05 12:00:33.774 685 10974 E awb_adpt: 1479, awb_sprd_ctrl_calculation_v3_2: check handle success
01-05 12:00:33.774 685 10970 I isp_blk_cmc10: 266, _pm_cmc10_set_param: cmc_result: (1665 15689 53; 16214 1311 16266; 16367 16062 1363).
01-05 12:00:33.775 685 10970 I isp_blk_cmc10: 266, _pm_cmc10_set_param: cmc_result: (1665 15689 53; 16214 1311 16266; 16367 16062 1363).
01-05 12:00:33.775 685 10951 I cmr_oem : 9482, camera_get_af_support: af_support 1
01-05 12:00:33.776 685 10964 I aft_sprd_lib: 3803, aft_proc_log_print: afm move diff : 501276,diff_thr :93618539,diff_cnt : 0,g_diff(x,y,z):(0.018750,0.005000,0.036250),aem move diff : (num : r,g,b,cnt) = (0,0,0,0), scene_change_flag 0
01-05 12:00:33.779 685 10974 I awb_adpt: 1698, awb_sprd_ctrl_calculation_v3_2: AWB result : (1304,1024,2093) 3639K , fram_count : 291 , camera_id : 0, wb mode : 0; AWB lib 64x64: (1304,1024,2093) 3639K.
01-05 12:00:33.834 685 10974 E awb_adpt: 1479, awb_sprd_ctrl_calculation_v3_2: check handle success
01-05 12:00:33.835 685 10951 E Libae[FAE]: 1409, face_luma_calc: NO FACE
01-05 12:00:33.835 685 10970 I isp_blk_cmc10: 266, _pm_cmc10_set_param: cmc_result: (1665 15689 53; 16214 1311 16266; 16367 16062 1363).
01-05 12:00:33.835 685 10970 I isp_blk_cmc10: 266, _pm_cmc10_set_param: cmc_result: (1665 15689 53; 16214 1311 16266; 16367 16062 1363).
01-05 12:00:33.835 685 10951 I cmr_oem : 9482, camera_get_af_support: af_support 1
01-05 12:00:33.836 685 10965 E android.hardware.camera.provider@2.4-service: [ALSC]: L 561, slsc4_calculation: slsc4, error case, pair_idx=[4,3], pair_ratio=[1.520957,-0.520957], set ratio to 1.0 and 0.0
01-05 12:00:33.836 685 10964 I aft_sprd_lib: 3803, aft_proc_log_print: afm move diff : 959015,diff_thr :93618539,diff_cnt : 0,g_diff(x,y,z):(0.023750,0.000000,0.012500),aem move diff : (num : r,g,b,cnt) = (0,0,0,0), scene_change_flag 0
01-05 12:00:33.840 685 10974 I awb_adpt: 1698, awb_sprd_ctrl_calculation_v3_2: AWB result : (1304,1024,2093) 3639K , fram_count : 292 , camera_id : 0, wb mode : 0; AWB lib 64x64: (1304,1024,2093) 3639K.
01-05 12:00:33.846 665 665 E YLog : /system_ext/etc/ylogsource.conf load failed... error [2(No such file or directory)] [startlogServcie]
01-05 12:00:33.856 720 745 E CP_CONNECT_CTL: socket_reconnect: socket_reconnect src_sock=10, des_socket=cp_time_sync_server.
01-05 12:00:33.856 720 745 E CP_CONNECT_CTL: process_socket_connect: open cp_time_sync_server failed: Connection refused [111(Connection refused)]
01-05 12:00:33.856 720 745 E CP_CONNECT_CTL: socket_reconnect: socket_reconnect src_sock=10, des_socket=cp_time_sync_server.
01-05 12:00:33.856 720 745 E CP_CONNECT_CTL: process_socket_connect: open cp_time_sync_server failed: Connection refused [111(Connection refused)]
01-05 12:00:33.856 720 745 E CP_CONNECT_CTL: socket_reconnect: socket_reconnect src_sock=10, des_socket=cp_time_sync_server.
01-05 12:00:33.856 720 745 E CP_CONNECT_CTL: process_socket_connect: open cp_time_sync_server failed: Connection refused [111(Connection refused)]
01-05 12:00:33.857 720 745 E CP_CONNECT_CTL: socket_reconnect: socket_reconnect src_sock=10, des_socket=cp_time_sync_server.
01-05 12:00:33.857 720 745 E CP_CONNECT_CTL: process_socket_connect: open cp_time_sync_server failed: Connection refused [111(Connection refused)]
01-05 12:00:33.894 685 10951 E Libae[FAE]: 1409, face_luma_calc: NO FACE
01-05 12:00:33.894 685 10974 E awb_adpt: 1479, awb_sprd_ctrl_calculation_v3_2: check handle success
01-05 12:00:33.895 685 10970 I isp_blk_cmc10: 266, _pm_cmc10_set_param: cmc_result: (1665 15689 53; 16214 1311 16266; 16367 16062 1363).
01-05 12:00:33.895 685 10970 I isp_blk_cmc10: 266, _pm_cmc10_set_param: cmc_result: (1665 15689 53; 16214 1311 16266; 16367 16062 1363).
01-05 12:00:33.895 685 10951 I cmr_oem : 9482, camera_get_af_support: af_support 1
01-05 12:00:33.897 685 10964 I aft_sprd_lib: 3803, aft_proc_log_print: afm move diff : 929912,diff_thr :93618539,diff_cnt : 0,g_diff(x,y,z):(0.018750,0.007500,0.023750),aem move diff : (num : r,g,b,cnt) = (0,0,0,0), scene_change_flag 0
01-05 12:00:33.899 685 10974 I awb_adpt: 1698, awb_sprd_ctrl_calculation_v3_2: AWB result : (1304,1024,2093) 3639K , fram_count : 293 , camera_id : 0, wb mode : 0; AWB lib 64x64: (1304,1024,2093) 3639K.
01-05 12:00:33.931 1128 1128 D SemWifiBackOff.Sar: event.values[3],=1.0, event.values[4]=0.0
01-05 12:00:33.932 1128 1128 D SemWifiBackOff.Sar: getSensorMode=5, mSensorState=3
01-05 12:00:33.932 1128 1128 I SemWifiBackOff.Sar: SingleBodySarManager : disable powerbackoff1
01-05 12:00:33.932 1128 1128 D SemWifiBackOff.Sar: SingleBodySarManager : checkAndSetBackoff false
01-05 12:00:33.932 1128 1128 I SemWifiBackOff.Sar: setPowerBackoff(head) enable=false
01-05 12:00:33.932 1461 1461 I wpa_supplicant: set dynamic tx back
01-05 12:00:33.932 1461 1461 E wpa_supplicant: sar_cmd : SET_SAR 127
01-05 12:00:33.939 1128 1128 V SemWifiBackOff.Controller: onBackOffStopped iface=wlan0 type=1 stats= [HEAD]:53,68546ms
01-05 12:00:33.939 1128 1128 V SemWifiBackOff.Controller: [24/01/05 11:59:52 setPowerBackoff(1) enable=true
01-05 12:00:33.939 1128 1128 V SemWifiBackOff.Controller: , 24/01/05 11:59:53 setPowerBackoff(1) enable=false
01-05 12:00:33.939 1128 1128 V SemWifiBackOff.Controller: , 24/01/05 11:59:54 setPowerBackoff(1) enable=true
01-05 12:00:33.939 1128 1128 V SemWifiBackOff.Controller: , 24/01/05 11:59:54 setPowerBackoff(1) enable=false
01-05 12:00:33.939 1128 1128 V SemWifiBackOff.Controller: , 24/01/05 12:00:14 setPowerBackoff(1) enable=true
01-05 12:00:33.939 1128 1128 V SemWifiBackOff.Controller: , 24/01/05 12:00:15 setPowerBackoff(1) enable=false
01-05 12:00:33.939 1128 1128 V SemWifiBackOff.Controller: , 24/01/05 12:00:21 setPowerBackoff(1) enable=true
01-05 12:00:33.939 1128 1128 V SemWifiBackOff.Controller: , 24/01/05 12:00:21 setPowerBackoff(1) enable=false
01-05 12:00:33.939 1128 1128 V SemWifiBackOff.Controller: , 24/01/05 12:00:23 setPowerBackoff(1) enable=true
01-05 12:00:33.939 1128 1128 V SemWifiBackOff.Controller: , 24/01/05 12:00:24 setPowerBackoff(1) enable=false
01-05 12:00:33.939 1128 1128 V SemWifiBackOff.Controller: , 24/01/05 12:00:25 setPowerBackoff(1) enable=true
01-05 12:00:33.939 1128 1128 V SemWifiBackOff.Controller: , 24/01/05 12:00:25 setPowerBackoff(1) enable=false
01-05 12:00:33.939 1128 1128 V SemWifiBackOff.Controller: , 24/01/05 12:00:26 setPowerBackoff(1) enable=true
01-05 12:00:33.939 1128 1128 V SemWifiBackOff.Controller: , 24/01/05 12:00:26 setPowerBackoff(1) enable=false
01-05 12:00:33.939 1128 1128 V SemWifiBackOff.Controller: , 24/01/05 12:00:30 setPowerBackoff(1) enable=true
01-05 12:00:33.939 1128 1128 V SemWifiBackOff.Controller: , 24/01/05 12:00:30 setPowerBackoff(1) enable=false
01-05 12:00:33.939 1128 1128 V SemWifiBackOff.Controller: , 24/01/05 12:00:31 setPowerBackoff(1) enable=true
01-05 12:00:33.939 1128 1128 V SemWifiBackOff.Controller: , 24/01/05 12:00:32 setPowerBackoff(1) enable=false
01-05 12:00:33.939 1128 1128 V SemWifiBackOff.Controller: , 24/01/05 12:00:33 setPowerBackoff(1) enable=true
01-05 12:00:33.939 1128 1128 V SemWifiBackOff.Controller: , 24/01/05 12:00:33 setPowerBackoff(1) enable=false
01-05 12:00:33.939 1128 1128 V SemWifiBackOff.Controller: ]
01-05 12:00:33.955 685 10974 E awb_adpt: 1479, awb_sprd_ctrl_calculation_v3_2: check handle success
01-05 12:00:33.955 685 10951 E Libae[FAE]: 1409, face_luma_calc: NO FACE
01-05 12:00:33.955 685 10970 I isp_blk_cmc10: 266, _pm_cmc10_set_param: cmc_result: (1665 15689 53; 16214 1311 16266; 16367 16062 1363).
01-05 12:00:33.955 685 10970 I isp_blk_cmc10: 266, _pm_cmc10_set_param: cmc_result: (1665 15689 53; 16214 1311 16266; 16367 16062 1363).
01-05 12:00:33.956 685 10951 I cmr_oem : 9482, camera_get_af_support: af_support 1
01-05 12:00:33.957 685 10964 I aft_sprd_lib: 3803, aft_proc_log_print: afm move diff : 1235202,diff_thr :93618539,diff_cnt : 0,g_diff(x,y,z):(0.010000,0.005000,0.038750),aem move diff : (num : r,g,b,cnt) = (0,0,0,0), scene_change_flag 0
01-05 12:00:33.960 685 10974 I awb_adpt: 1698, awb_sprd_ctrl_calculation_v3_2: AWB result : (1304,1024,2093) 3639K , fram_count : 294 , camera_id : 0, wb mode : 0; AWB lib 64x64: (1304,1024,2093) 3639K.
01-05 12:00:34.014 685 10974 E awb_adpt: 1479, awb_sprd_ctrl_calculation_v3_2: check handle success
01-05 12:00:34.014 685 10951 E Libae[FAE]: 1409, face_luma_calc: NO FACE
01-05 12:00:34.014 685 10970 I isp_blk_cmc10: 266, _pm_cmc10_set_param: cmc_result: (1665 15689 53; 16214 1311 16266; 16367 16062 1363).
01-05 12:00:34.014 685 10970 I isp_blk_cmc10: 266, _pm_cmc10_set_param: cmc_result: (1665 15689 53; 16214 1311 16266; 16367 16062 1363).
01-05 12:00:34.014 685 10951 I cmr_oem : 9482, camera_get_af_support: af_support 1
01-05 12:00:34.015 685 10965 E android.hardware.camera.provider@2.4-service: [ALSC]: L 561, slsc4_calculation: slsc4, error case, pair_idx=[4,3], pair_ratio=[1.422395,-0.422395], set ratio to 1.0 and 0.0
01-05 12:00:34.015 685 10964 I aft_sprd_lib: 3803, aft_proc_log_print: afm move diff : 1310252,diff_thr :93618539,diff_cnt : 0,g_diff(x,y,z):(0.010000,0.016250,0.016250),aem move diff : (num : r,g,b,cnt) = (0,0,0,0), scene_change_flag 0
01-05 12:00:34.018 685 10974 I awb_adpt: 1698, awb_sprd_ctrl_calculation_v3_2: AWB result : (1304,1024,2093) 3639K , fram_count : 295 , camera_id : 0, wb mode : 0; AWB lib 64x64: (1304,1024,2093) 3639K.
01-05 12:00:34.056 720 745 E CP_CONNECT_CTL: socket_reconnect: socket_reconnect src_sock=10, des_socket=cp_time_sync_server.
01-05 12:00:34.056 720 745 E CP_CONNECT_CTL: process_socket_connect: open cp_time_sync_server failed: Connection refused [111(Connection refused)]
01-05 12:00:34.056 720 745 E CP_CONNECT_CTL: socket_reconnect: socket_reconnect src_sock=10, des_socket=cp_time_sync_server.
01-05 12:00:34.057 720 745 E CP_CONNECT_CTL: process_socket_connect: open cp_time_sync_server failed: Connection refused [111(Connection refused)]
01-05 12:00:34.057 720 745 E CP_CONNECT_CTL: socket_reconnect: socket_reconnect src_sock=10, des_socket=cp_time_sync_server.
01-05 12:00:34.057 720 745 E CP_CONNECT_CTL: process_socket_connect: open cp_time_sync_server failed: Connection refused [111(Connection refused)]
01-05 12:00:34.057 720 745 E CP_CONNECT_CTL: socket_reconnect: socket_reconnect src_sock=10, des_socket=cp_time_sync_server.
01-05 12:00:34.057 720 745 E CP_CONNECT_CTL: process_socket_connect: open cp_time_sync_server failed: Connection refused [111(Connection refused)]
01-05 12:00:34.069 1128 1229 W SensorService: Dropping 1 cached events (100/100) to save 1/1 new events. 49 events previously dropped
01-05 12:00:34.073 685 10974 E awb_adpt: 1479, awb_sprd_ctrl_calculation_v3_2: check handle success
01-05 12:00:34.073 685 10951 E Libae[FAE]: 1409, face_luma_calc: NO FACE
01-05 12:00:34.074 685 10970 I isp_blk_cmc10: 266, _pm_cmc10_set_param: cmc_result: (1665 15689 53; 16214 1311 16266; 16367 16062 1363).
01-05 12:00:34.074 685 10970 I isp_blk_cmc10: 266, _pm_cmc10_set_param: cmc_result: (1665 15689 53; 16214 1311 16266; 16367 16062 1363).
01-05 12:00:34.074 685 10951 I cmr_oem : 9482, camera_get_af_support: af_support 1
01-05 12:00:34.075 685 10964 I aft_sprd_lib: 3803, aft_proc_log_print: afm move diff : 1825884,diff_thr :93618539,diff_cnt : 0,g_diff(x,y,z):(0.013750,0.007500,0.031250),aem move diff : (num : r,g,b,cnt) = (0,0,0,0), scene_change_flag 0
01-05 12:00:34.078 685 10974 I awb_adpt: 1698, awb_sprd_ctrl_calculation_v3_2: AWB result : (1304,1024,2093) 3639K , fram_count : 296 , camera_id : 0, wb mode : 0; AWB lib 64x64: (1304,1024,2093) 3639K.
01-05 12:00:34.134 685 10974 E awb_adpt: 1479, awb_sprd_ctrl_calculation_v3_2: check handle success
01-05 12:00:34.134 685 10970 I isp_blk_cmc10: 266, _pm_cmc10_set_param: cmc_result: (1665 15689 53; 16214 1311 16266; 16367 16062 1363).
01-05 12:00:34.134 685 10951 E Libae[FAE]: 1409, face_luma_calc: NO FACE
01-05 12:00:34.134 685 10970 I isp_blk_cmc10: 266, _pm_cmc10_set_param: cmc_result: (1665 15689 53; 16214 1311 16266; 16367 16062 1363).
01-05 12:00:34.135 685 10951 I cmr_oem : 9482, camera_get_af_support: af_support 1
01-05 12:00:34.135 685 10964 I aft_sprd_lib: 3803, aft_proc_log_print: afm move diff : 1022733,diff_thr :93618539,diff_cnt : 0,g_diff(x,y,z):(0.013750,0.007500,0.015000),aem move diff : (num : r,g,b,cnt) = (0,0,0,0), scene_change_flag 0
01-05 12:00:34.139 685 10974 I awb_adpt: 1698, awb_sprd_ctrl_calculation_v3_2: AWB result : (1304,1024,2093) 3639K , fram_count : 297 , camera_id : 0, wb mode : 0; AWB lib 64x64: (1304,1024,2093) 3639K.
01-05 12:00:34.195 685 10951 E Libae[FAE]: 1409, face_luma_calc: NO FACE
01-05 12:00:34.195 685 10974 E awb_adpt: 1479, awb_sprd_ctrl_calculation_v3_2: check handle success
01-05 12:00:34.196 685 10970 I isp_blk_cmc10: 266, _pm_cmc10_set_param: cmc_result: (1665 15689 53; 16214 1311 16266; 16367 16062 1363).
01-05 12:00:34.196 685 10970 I isp_blk_cmc10: 266, _pm_cmc10_set_param: cmc_result: (1665 15689 53; 16214 1311 16266; 16367 16062 1363).
01-05 12:00:34.196 685 10951 I cmr_oem : 9482, camera_get_af_support: af_support 1
01-05 12:00:34.196 685 10965 E android.hardware.camera.provider@2.4-service: [ALSC]: L 561, slsc4_calculation: slsc4, error case, pair_idx=[4,3], pair_ratio=[1.323833,-0.323833], set ratio to 1.0 and 0.0
01-05 12:00:34.197 685 10964 I aft_sprd_lib: 3803, aft_proc_log_print: afm move diff : 773966,diff_thr :93618539,diff_cnt : 0,g_diff(x,y,z):(0.005000,0.005000,0.045000),aem move diff : (num : r,g,b,cnt) = (0,0,0,0), scene_change_flag 0
01-05 12:00:34.200 685 10974 I awb_adpt: 1698, awb_sprd_ctrl_calculation_v3_2: AWB result : (1304,1024,2093) 3639K , fram_count : 298 , camera_id : 0, wb mode : 0; AWB lib 64x64: (1304,1024,2093) 3639K.
01-05 12:00:34.256 685 10974 E awb_adpt: 1479, awb_sprd_ctrl_calculation_v3_2: check handle success
01-05 12:00:34.256 685 10951 E Libae[FAE]: 1409, face_luma_calc: NO FACE
01-05 12:00:34.256 685 10970 I isp_blk_cmc10: 266, _pm_cmc10_set_param: cmc_result: (1665 15689 53; 16214 1311 16266; 16367 16062 1363).
01-05 12:00:34.256 685 10970 I isp_blk_cmc10: 266, _pm_cmc10_set_param: cmc_result: (1665 15689 53; 16214 1311 16266; 16367 16062 1363).
01-05 12:00:34.257 720 745 E CP_CONNECT_CTL: socket_reconnect: socket_reconnect src_sock=10, des_socket=cp_time_sync_server.
01-05 12:00:34.257 720 745 E CP_CONNECT_CTL: process_socket_connect: open cp_time_sync_server failed: Connection refused [111(Connection refused)]
01-05 12:00:34.257 685 10951 I cmr_oem : 9482, camera_get_af_support: af_support 1
01-05 12:00:34.257 720 745 E CP_CONNECT_CTL: socket_reconnect: socket_reconnect src_sock=10, des_socket=cp_time_sync_server.
01-05 12:00:34.257 720 745 E CP_CONNECT_CTL: process_socket_connect: open cp_time_sync_server failed: Connection refused [111(Connection refused)]
01-05 12:00:34.257 720 745 E CP_CONNECT_CTL: socket_reconnect: socket_reconnect src_sock=10, des_socket=cp_time_sync_server.
01-05 12:00:34.257 720 745 E CP_CONNECT_CTL: process_socket_connect: open cp_time_sync_server failed: Connection refused [111(Connection refused)]
01-05 12:00:34.257 720 745 E CP_CONNECT_CTL: socket_reconnect: socket_reconnect src_sock=10, des_socket=cp_time_sync_server.
01-05 12:00:34.257 720 745 E CP_CONNECT_CTL: process_socket_connect: open cp_time_sync_server failed: Connection refused [111(Connection refused)]
01-05 12:00:34.258 685 10964 I aft_sprd_lib: 3803, aft_proc_log_print: afm move diff : 825691,diff_thr :93618539,diff_cnt : 0,g_diff(x,y,z):(0.005000,0.012500,0.026250),aem move diff : (num : r,g,b,cnt) = (0,0,0,0), scene_change_flag 0
01-05 12:00:34.261 685 10974 I awb_adpt: 1698, awb_sprd_ctrl_calculation_v3_2: AWB result : (1299,1024,2100) 3621K , fram_count : 299 , camera_id : 0, wb mode : 0; AWB lib 64x64: (1299,1024,2100) 3621K.
01-05 12:00:34.316 685 10951 E Libae[FAE]: 1409, face_luma_calc: NO FACE
01-05 12:00:34.316 685 10974 E awb_adpt: 1479, awb_sprd_ctrl_calculation_v3_2: check handle success
01-05 12:00:34.316 685 10970 I isp_blk_cmc10: 266, _pm_cmc10_set_param: cmc_result: (1661 15694 52; 16216 1309 16267; 16367 16064 1360).
01-05 12:00:34.316 685 10970 I isp_blk_cmc10: 266, _pm_cmc10_set_param: cmc_result: (1661 15694 52; 16216 1309 16267; 16367 16064 1360).
01-05 12:00:34.317 685 10951 I cmr_oem : 9482, camera_get_af_support: af_support 1
01-05 12:00:34.317 685 10964 I aft_sprd_lib: 3803, aft_proc_log_print: afm move diff : 2223805,diff_thr :93618539,diff_cnt : 0,g_diff(x,y,z):(0.000000,0.017500,0.052500),aem move diff : (num : r,g,b,cnt) = (0,0,0,0), scene_change_flag 0
01-05 12:00:34.321 685 10974 I awb_adpt: 1698, awb_sprd_ctrl_calculation_v3_2: AWB result : (1304,1024,2093) 3639K , fram_count : 300 , camera_id : 0, wb mode : 0; AWB lib 64x64: (1304,1024,2093) 3639K.
01-05 12:00:34.376 685 10951 E Libae[FAE]: 1409, face_luma_calc: NO FACE
01-05 12:00:34.376 685 10974 E awb_adpt: 1479, awb_sprd_ctrl_calculation_v3_2: check handle success
01-05 12:00:34.376 685 10970 I isp_blk_cmc10: 266, _pm_cmc10_set_param: cmc_result: (1665 15689 53; 16214 1311 16266; 16367 16062 1363).
01-05 12:00:34.377 685 10970 I isp_blk_cmc10: 266, _pm_cmc10_set_param: cmc_result: (1665 15689 53; 16214 1311 16266; 16367 16062 1363).
01-05 12:00:34.377 685 10951 I cmr_oem : 9482, camera_get_af_support: af_support 1
01-05 12:00:34.377 685 10965 E android.hardware.camera.provider@2.4-service: [ALSC]: L 561, slsc4_calculation: slsc4, error case, pair_idx=[4,3], pair_ratio=[1.422202,-0.422202], set ratio to 1.0 and 0.0
01-05 12:00:34.378 685 10964 I aft_sprd_lib: 3803, aft_proc_log_print: afm move diff : 1067478,diff_thr :93618539,diff_cnt : 0,g_diff(x,y,z):(0.002500,0.007500,0.038750),aem move diff : (num : r,g,b,cnt) = (0,0,0,0), scene_change_flag 0
01-05 12:00:34.381 685 10974 I awb_adpt: 1698, awb_sprd_ctrl_calculation_v3_2: AWB result : (1304,1024,2093) 3639K , fram_count : 301 , camera_id : 0, wb mode : 0; AWB lib 64x64: (1304,1024,2093) 3639K.
01-05 12:00:34.434 685 10974 E awb_adpt: 1479, awb_sprd_ctrl_calculation_v3_2: check handle success
01-05 12:00:34.434 685 10970 I isp_blk_cmc10: 266, _pm_cmc10_set_param: cmc_result: (1665 15689 53; 16214 1311 16266; 16367 16062 1363).
01-05 12:00:34.435 685 10951 E Libae[FAE]: 1409, face_luma_calc: NO FACE
01-05 12:00:34.435 685 10970 I isp_blk_cmc10: 266, _pm_cmc10_set_param: cmc_result: (1665 15689 53; 16214 1311 16266; 16367 16062 1363).
01-05 12:00:34.435 685 10951 I cmr_oem : 9482, camera_get_af_support: af_support 1
01-05 12:00:34.436 685 10964 I aft_sprd_lib: 3803, aft_proc_log_print: afm move diff : 908122,diff_thr :93618539,diff_cnt : 0,g_diff(x,y,z):(0.002500,0.007500,0.028750),aem move diff : (num : r,g,b,cnt) = (0,0,0,0), scene_change_flag 0
01-05 12:00:34.439 685 10974 I awb_adpt: 1698, awb_sprd_ctrl_calculation_v3_2: AWB result : (1304,1024,2093) 3639K , fram_count : 302 , camera_id : 0, wb mode : 0; AWB lib 64x64: (1304,1024,2093) 3639K.
01-05 12:00:34.457 720 745 E CP_CONNECT_CTL: socket_reconnect: socket_reconnect src_sock=10, des_socket=cp_time_sync_server.
01-05 12:00:34.457 720 745 E CP_CONNECT_CTL: process_socket_connect: open cp_time_sync_server failed: Connection refused [111(Connection refused)]
01-05 12:00:34.457 720 745 E CP_CONNECT_CTL: socket_reconnect: socket_reconnect src_sock=10, des_socket=cp_time_sync_server.
01-05 12:00:34.457 720 745 E CP_CONNECT_CTL: process_socket_connect: open cp_time_sync_server failed: Connection refused [111(Connection refused)]
01-05 12:00:34.457 720 745 E CP_CONNECT_CTL: socket_reconnect: socket_reconnect src_sock=10, des_socket=cp_time_sync_server.
01-05 12:00:34.457 720 745 E CP_CONNECT_CTL: process_socket_connect: open cp_time_sync_server failed: Connection refused [111(Connection refused)]
01-05 12:00:34.457 720 745 E CP_CONNECT_CTL: socket_reconnect: socket_reconnect src_sock=10, des_socket=cp_time_sync_server.
01-05 12:00:34.457 720 745 E CP_CONNECT_CTL: process_socket_connect: open cp_time_sync_server failed: Connection refused [111(Connection refused)]
01-05 12:00:34.468 7855 7975 I HQCAM_DepressStickerService: After 333 seconds sleep!!!
01-05 12:00:34.496 685 10974 E awb_adpt: 1479, awb_sprd_ctrl_calculation_v3_2: check handle success
01-05 12:00:34.496 685 10951 E Libae[FAE]: 1409, face_luma_calc: NO FACE
01-05 12:00:34.496 685 10970 I isp_blk_cmc10: 266, _pm_cmc10_set_param: cmc_result: (1665 15689 53; 16214 1311 16266; 16367 16062 1363).
01-05 12:00:34.497 685 10970 I isp_blk_cmc10: 266, _pm_cmc10_set_param: cmc_result: (1665 15689 53; 16214 1311 16266; 16367 16062 1363).
01-05 12:00:34.497 685 10951 I cmr_oem : 9482, camera_get_af_support: af_support 1
01-05 12:00:34.497 685 10964 I aft_sprd_lib: 3803, aft_proc_log_print: afm move diff : 1942185,diff_thr :93618539,diff_cnt : 0,g_diff(x,y,z):(0.005000,0.026250,0.047500),aem move diff : (num : r,g,b,cnt) = (0,0,0,0), scene_change_flag 0
01-05 12:00:34.501 685 10974 I awb_adpt: 1698, awb_sprd_ctrl_calculation_v3_2: AWB result : (1304,1024,2093) 3639K , fram_count : 303 , camera_id : 0, wb mode : 0; AWB lib 64x64: (1304,1024,2093) 3639K.
01-05 12:00:34.557 685 10974 E awb_adpt: 1479, awb_sprd_ctrl_calculation_v3_2: check handle success
01-05 12:00:34.557 685 10951 E Libae[FAE]: 1409, face_luma_calc: NO FACE
01-05 12:00:34.557 685 10970 I isp_blk_cmc10: 266, _pm_cmc10_set_param: cmc_result: (1665 15689 53; 16214 1311 16266; 16367 16062 1363).
01-05 12:00:34.557 685 10970 I isp_blk_cmc10: 266, _pm_cmc10_set_param: cmc_result: (1665 15689 53; 16214 1311 16266; 16367 16062 1363).
01-05 12:00:34.558 685 10951 I cmr_oem : 9482, camera_get_af_support: af_support 1
01-05 12:00:34.558 685 10965 E android.hardware.camera.provider@2.4-service: [ALSC]: L 561, slsc4_calculation: slsc4, error case, pair_idx=[4,3], pair_ratio=[1.407670,-0.407670], set ratio to 1.0 and 0.0
01-05 12:00:34.558 685 10964 I aft_sprd_lib: 3803, aft_proc_log_print: afm move diff : 1189408,diff_thr :93618539,diff_cnt : 0,g_diff(x,y,z):(0.002500,0.000000,0.033750),aem move diff : (num : r,g,b,cnt) = (0,0,0,0), scene_change_flag 0
01-05 12:00:34.562 685 10974 I awb_adpt: 1698, awb_sprd_ctrl_calculation_v3_2: AWB result : (1304,1024,2093) 3639K , fram_count : 304 , camera_id : 0, wb mode : 0; AWB lib 64x64: (1304,1024,2093) 3639K.
01-05 12:00:34.617 685 10951 E Libae[FAE]: 1409, face_luma_calc: NO FACE
01-05 12:00:34.618 685 10974 E awb_adpt: 1479, awb_sprd_ctrl_calculation_v3_2: check handle success
01-05 12:00:34.618 685 10970 I isp_blk_cmc10: 266, _pm_cmc10_set_param: cmc_result: (1665 15689 53; 16214 1311 16266; 16367 16062 1363).
01-05 12:00:34.618 685 10970 I isp_blk_cmc10: 266, _pm_cmc10_set_param: cmc_result: (1665 15689 53; 16214 1311 16266; 16367 16062 1363).
01-05 12:00:34.618 685 10951 I cmr_oem : 9482, camera_get_af_support: af_support 1
01-05 12:00:34.619 685 10964 I aft_sprd_lib: 3803, aft_proc_log_print: afm move diff : 1715167,diff_thr :93618539,diff_cnt : 0,g_diff(x,y,z):(0.018750,0.002500,0.021250),aem move diff : (num : r,g,b,cnt) = (0,0,0,0), scene_change_flag 0
01-05 12:00:34.623 685 10974 I awb_adpt: 1698, awb_sprd_ctrl_calculation_v3_2: AWB result : (1304,1024,2093) 3639K , fram_count : 305 , camera_id : 0, wb mode : 0; AWB lib 64x64: (1304,1024,2093) 3639K.
01-05 12:00:34.658 720 745 E CP_CONNECT_CTL: socket_reconnect: socket_reconnect src_sock=10, des_socket=cp_time_sync_server.
01-05 12:00:34.658 720 745 E CP_CONNECT_CTL: process_socket_connect: open cp_time_sync_server failed: Connection refused [111(Connection refused)]
01-05 12:00:34.658 720 745 E CP_CONNECT_CTL: socket_reconnect: socket_reconnect src_sock=10, des_socket=cp_time_sync_server.
01-05 12:00:34.658 720 745 E CP_CONNECT_CTL: process_socket_connect: open cp_time_sync_server failed: Connection refused [111(Connection refused)]
01-05 12:00:34.658 720 745 E CP_CONNECT_CTL: socket_reconnect: socket_reconnect src_sock=10, des_socket=cp_time_sync_server.
01-05 12:00:34.658 720 745 E CP_CONNECT_CTL: process_socket_connect: open cp_time_sync_server failed: Connection refused [111(Connection refused)]
01-05 12:00:34.658 720 745 E CP_CONNECT_CTL: socket_reconnect: socket_reconnect src_sock=10, des_socket=cp_time_sync_server.
01-05 12:00:34.658 720 745 E CP_CONNECT_CTL: process_socket_connect: open cp_time_sync_server failed: Connection refused [111(Connection refused)]
01-05 12:00:34.671 1128 4556 D SemWifiUsabilityStatsMonitor: onWifiUsabilityStats - seqNum 121, isSameBssidAndFreq true
01-05 12:00:34.672 1128 1377 I SemWifiLinkQualityMonitor: Link Qos query: inf. ms / 0 Mbps
01-05 12:00:34.677 685 10951 E Libae[FAE]: 1409, face_luma_calc: NO FACE
01-05 12:00:34.677 685 10974 E awb_adpt: 1479, awb_sprd_ctrl_calculation_v3_2: check handle success
01-05 12:00:34.677 685 10970 I isp_blk_cmc10: 266, _pm_cmc10_set_param: cmc_result: (1665 15689 53; 16214 1311 16266; 16367 16062 1363).
01-05 12:00:34.678 685 10970 I isp_blk_cmc10: 266, _pm_cmc10_set_param: cmc_result: (1665 15689 53; 16214 1311 16266; 16367 16062 1363).
01-05 12:00:34.678 685 10951 I cmr_oem : 9482, camera_get_af_support: af_support 1
01-05 12:00:34.679 685 10964 I aft_sprd_lib: 3803, aft_proc_log_print: afm move diff : 1817487,diff_thr :93618539,diff_cnt : 0,g_diff(x,y,z):(0.016250,0.005000,0.045000),aem move diff : (num : r,g,b,cnt) = (0,0,0,0), scene_change_flag 0
01-05 12:00:34.680 1461 1461 I wpa_supplicant: Heartbeat 38
01-05 12:00:34.682 685 10974 I awb_adpt: 1698, awb_sprd_ctrl_calculation_v3_2: AWB result : (1299,1024,2100) 3621K , fram_count : 306 , camera_id : 0, wb mode : 0; AWB lib 64x64: (1299,1024,2100) 3621K.
01-05 12:00:34.737 685 10951 E Libae[FAE]: 1409, face_luma_calc: NO FACE
01-05 12:00:34.737 685 10974 E awb_adpt: 1479, awb_sprd_ctrl_calculation_v3_2: check handle success
01-05 12:00:34.738 685 10970 I isp_blk_cmc10: 266, _pm_cmc10_set_param: cmc_result: (1661 15694 52; 16216 1309 16267; 16367 16064 1360).
01-05 12:00:34.738 685 10951 I cmr_oem : 9482, camera_get_af_support: af_support 1
01-05 12:00:34.738 685 10970 I isp_blk_cmc10: 266, _pm_cmc10_set_param: cmc_result: (1661 15694 52; 16216 1309 16267; 16367 16064 1360).
01-05 12:00:34.738 685 10965 E android.hardware.camera.provider@2.4-service: [ALSC]: L 561, slsc4_calculation: slsc4, error case, pair_idx=[4,3], pair_ratio=[1.456326,-0.456326], set ratio to 1.0 and 0.0
01-05 12:00:34.739 685 10964 I aft_sprd_lib: 3803, aft_proc_log_print: afm move diff : 1581335,diff_thr :93618539,diff_cnt : 0,g_diff(x,y,z):(0.010000,0.015000,0.043750),aem move diff : (num : r,g,b,cnt) = (0,0,0,0), scene_change_flag 0
01-05 12:00:34.742 685 10974 I awb_adpt: 1698, awb_sprd_ctrl_calculation_v3_2: AWB result : (1304,1024,2093) 3639K , fram_count : 307 , camera_id : 0, wb mode : 0; AWB lib 64x64: (1304,1024,2093) 3639K.
01-05 12:00:34.798 685 10951 E Libae[FAE]: 1409, face_luma_calc: NO FACE
01-05 12:00:34.798 685 10974 E awb_adpt: 1479, awb_sprd_ctrl_calculation_v3_2: check handle success
01-05 12:00:34.798 685 10970 I isp_blk_cmc10: 266, _pm_cmc10_set_param: cmc_result: (1665 15689 53; 16214 1311 16266; 16367 16062 1363).
01-05 12:00:34.798 685 10970 I isp_blk_cmc10: 266, _pm_cmc10_set_param: cmc_result: (1665 15689 53; 16214 1311 16266; 16367 16062 1363).
01-05 12:00:34.798 685 10951 I cmr_oem : 9482, camera_get_af_support: af_support 1
01-05 12:00:34.799 685 10964 I aft_sprd_lib: 3803, aft_proc_log_print: afm move diff : 904961,diff_thr :93618539,diff_cnt : 0,g_diff(x,y,z):(0.018750,0.005000,0.021250),aem move diff : (num : r,g,b,cnt) = (0,0,0,0), scene_change_flag 0
01-05 12:00:34.803 685 10974 I awb_adpt: 1698, awb_sprd_ctrl_calculation_v3_2: AWB result : (1299,1024,2100) 3621K , fram_count : 308 , camera_id : 0, wb mode : 0; AWB lib 64x64: (1299,1024,2100) 3621K.
01-05 12:00:34.847 665 665 E YLog : /system_ext/etc/ylogsource.conf load failed... error [2(No such file or directory)] [startlogServcie]
01-05 12:00:34.858 720 745 E CP_CONNECT_CTL: socket_reconnect: socket_reconnect src_sock=10, des_socket=cp_time_sync_server.
01-05 12:00:34.858 685 10951 E Libae[FAE]: 1409, face_luma_calc: NO FACE
01-05 12:00:34.858 685 10974 E awb_adpt: 1479, awb_sprd_ctrl_calculation_v3_2: check handle success
01-05 12:00:34.858 720 745 E CP_CONNECT_CTL: process_socket_connect: open cp_time_sync_server failed: Connection refused [111(Connection refused)]
01-05 12:00:34.858 720 745 E CP_CONNECT_CTL: socket_reconnect: socket_reconnect src_sock=10, des_socket=cp_time_sync_server.
01-05 12:00:34.858 685 10970 I isp_blk_cmc10: 266, _pm_cmc10_set_param: cmc_result: (1661 15694 52; 16216 1309 16267; 16367 16064 1360).
01-05 12:00:34.858 720 745 E CP_CONNECT_CTL: process_socket_connect: open cp_time_sync_server failed: Connection refused [111(Connection refused)]
01-05 12:00:34.858 720 745 E CP_CONNECT_CTL: socket_reconnect: socket_reconnect src_sock=10, des_socket=cp_time_sync_server.
01-05 12:00:34.858 720 745 E CP_CONNECT_CTL: process_socket_connect: open cp_time_sync_server failed: Connection refused [111(Connection refused)]
01-05 12:00:34.859 720 745 E CP_CONNECT_CTL: socket_reconnect: socket_reconnect src_sock=10, des_socket=cp_time_sync_server.
01-05 12:00:34.859 720 745 E CP_CONNECT_CTL: process_socket_connect: open cp_time_sync_server failed: Connection refused [111(Connection refused)]
01-05 12:00:34.859 685 10970 I isp_blk_cmc10: 266, _pm_cmc10_set_param: cmc_result: (1661 15694 52; 16216 1309 16267; 16367 16064 1360).
01-05 12:00:34.859 685 10951 I cmr_oem : 9482, camera_get_af_support: af_support 1
01-05 12:00:34.860 685 10964 I aft_sprd_lib: 3803, aft_proc_log_print: afm move diff : 1015753,diff_thr :93618539,diff_cnt : 0,g_diff(x,y,z):(0.007500,0.002500,0.043750),aem move diff : (num : r,g,b,cnt) = (0,0,0,0), scene_change_flag 0
01-05 12:00:34.863 685 10974 I awb_adpt: 1698, awb_sprd_ctrl_calculation_v3_2: AWB result : (1299,1024,2100) 3621K , fram_count : 309 , camera_id : 0, wb mode : 0; AWB lib 64x64: (1299,1024,2100) 3621K.
01-05 12:00:34.918 685 10951 E Libae[FAE]: 1409, face_luma_calc: NO FACE
01-05 12:00:34.918 685 10974 E awb_adpt: 1479, awb_sprd_ctrl_calculation_v3_2: check handle success
01-05 12:00:34.918 685 10970 I isp_blk_cmc10: 266, _pm_cmc10_set_param: cmc_result: (1661 15694 52; 16216 1309 16267; 16367 16064 1360).
01-05 12:00:34.918 685 10970 I isp_blk_cmc10: 266, _pm_cmc10_set_param: cmc_result: (1661 15694 52; 16216 1309 16267; 16367 16064 1360).
01-05 12:00:34.919 685 10951 I cmr_oem : 9482, camera_get_af_support: af_support 1
01-05 12:00:34.919 685 10965 E android.hardware.camera.provider@2.4-service: [ALSC]: L 561, slsc4_calculation: slsc4, error case, pair_idx=[4,3], pair_ratio=[1.588098,-0.588098], set ratio to 1.0 and 0.0
01-05 12:00:34.920 685 10964 I aft_sprd_lib: 3803, aft_proc_log_print: afm move diff : 727482,diff_thr :93618539,diff_cnt : 0,g_diff(x,y,z):(0.033750,0.005000,0.031250),aem move diff : (num : r,g,b,cnt) = (0,0,0,0), scene_change_flag 0
01-05 12:00:34.923 685 10974 I awb_adpt: 1698, awb_sprd_ctrl_calculation_v3_2: AWB result : (1308,1024,2094) 3639K , fram_count : 310 , camera_id : 0, wb mode : 0; AWB lib 64x64: (1308,1024,2094) 3639K.
01-05 12:00:34.978 685 10951 E Libae[FAE]: 1409, face_luma_calc: NO FACE
01-05 12:00:34.978 685 10974 E awb_adpt: 1479, awb_sprd_ctrl_calculation_v3_2: check handle success
01-05 12:00:34.978 685 10970 I isp_blk_cmc10: 266, _pm_cmc10_set_param: cmc_result: (1665 15689 53; 16214 1311 16266; 16367 16062 1363).
01-05 12:00:34.979 685 10970 I isp_blk_cmc10: 266, _pm_cmc10_set_param: cmc_result: (1665 15689 53; 16214 1311 16266; 16367 16062 1363).
01-05 12:00:34.979 685 10951 I cmr_oem : 9482, camera_get_af_support: af_support 1
01-05 12:00:34.980 685 10964 I aft_sprd_lib: 3803, aft_proc_log_print: afm move diff : 1103321,diff_thr :93618539,diff_cnt : 0,g_diff(x,y,z):(0.000000,0.023750,0.047500),aem move diff : (num : r,g,b,cnt) = (0,0,0,0), scene_change_flag 0
01-05 12:00:34.983 685 10974 I awb_adpt: 1698, awb_sprd_ctrl_calculation_v3_2: AWB result : (1304,1024,2093) 3639K , fram_count : 311 , camera_id : 0, wb mode : 0; AWB lib 64x64: (1304,1024,2093) 3639K.
01-05 12:00:35.038 685 10951 E Libae[FAE]: 1409, face_luma_calc: NO FACE
01-05 12:00:35.039 685 10974 E awb_adpt: 1479, awb_sprd_ctrl_calculation_v3_2: check handle success
01-05 12:00:35.039 685 10970 I isp_blk_cmc10: 266, _pm_cmc10_set_param: cmc_result: (1665 15689 53; 16214 1311 16266; 16367 16062 1363).
01-05 12:00:35.039 685 10970 I isp_blk_cmc10: 266, _pm_cmc10_set_param: cmc_result: (1665 15689 53; 16214 1311 16266; 16367 16062 1363).
01-05 12:00:35.039 685 10951 I cmr_oem : 9482, camera_get_af_support: af_support 1
01-05 12:00:35.040 685 10964 I aft_sprd_lib: 3803, aft_proc_log_print: afm move diff : 357059,diff_thr :93618539,diff_cnt : 0,g_diff(x,y,z):(0.018750,0.005000,0.033750),aem move diff : (num : r,g,b,cnt) = (0,0,0,0), scene_change_flag 0
01-05 12:00:35.043 685 10974 I awb_adpt: 1698, awb_sprd_ctrl_calculation_v3_2: AWB result : (1304,1024,2109) 3621K , fram_count : 312 , camera_id : 0, wb mode : 0; AWB lib 64x64: (1304,1024,2109) 3621K.
01-05 12:00:35.058 720 745 E CP_CONNECT_CTL: socket_reconnect: socket_reconnect src_sock=10, des_socket=cp_time_sync_server.
01-05 12:00:35.059 720 745 E CP_CONNECT_CTL: process_socket_connect: open cp_time_sync_server failed: Connection refused [111(Connection refused)]
01-05 12:00:35.059 720 745 E CP_CONNECT_CTL: socket_reconnect: socket_reconnect src_sock=10, des_socket=cp_time_sync_server.
01-05 12:00:35.059 720 745 E CP_CONNECT_CTL: process_socket_connect: open cp_time_sync_server failed: Connection refused [111(Connection refused)]
01-05 12:00:35.059 720 745 E CP_CONNECT_CTL: socket_reconnect: socket_reconnect src_sock=10, des_socket=cp_time_sync_server.
01-05 12:00:35.060 720 745 E CP_CONNECT_CTL: process_socket_connect: open cp_time_sync_server failed: Connection refused [111(Connection refused)]
01-05 12:00:35.060 720 745 E CP_CONNECT_CTL: socket_reconnect: socket_reconnect src_sock=10, des_socket=cp_time_sync_server.
01-05 12:00:35.060 720 745 E CP_CONNECT_CTL: process_socket_connect: open cp_time_sync_server failed: Connection refused [111(Connection refused)]
01-05 12:00:35.098 685 10951 E Libae[FAE]: 1409, face_luma_calc: NO FACE
01-05 12:00:35.098 685 10974 E awb_adpt: 1479, awb_sprd_ctrl_calculation_v3_2: check handle success
01-05 12:00:35.098 685 10970 I isp_blk_cmc10: 266, _pm_cmc10_set_param: cmc_result: (1661 15694 52; 16216 1309 16267; 16367 16064 1360).
01-05 12:00:35.098 685 10970 I isp_blk_cmc10: 266, _pm_cmc10_set_param: cmc_result: (1661 15694 52; 16216 1309 16267; 16367 16064 1360).
01-05 12:00:35.099 685 10951 I cmr_oem : 9482, camera_get_af_support: af_support 1
01-05 12:00:35.099 685 10965 E android.hardware.camera.provider@2.4-service: [ALSC]: L 561, slsc4_calculation: slsc4, error case, pair_idx=[4,3], pair_ratio=[1.719870,-0.719870], set ratio to 1.0 and 0.0
01-05 12:00:35.100 685 10964 I aft_sprd_lib: 3803, aft_proc_log_print: afm move diff : 1809883,diff_thr :93618539,diff_cnt : 0,g_diff(x,y,z):(0.016250,0.013750,0.026250),aem move diff : (num : r,g,b,cnt) = (0,0,0,0), scene_change_flag 0
01-05 12:00:35.103 685 10974 I awb_adpt: 1698, awb_sprd_ctrl_calculation_v3_2: AWB result : (1308,1024,2094) 3639K , fram_count : 313 , camera_id : 0, wb mode : 0; AWB lib 64x64: (1308,1024,2094) 3639K.
01-05 12:00:35.157 685 10974 E awb_adpt: 1479, awb_sprd_ctrl_calculation_v3_2: check handle success
01-05 12:00:35.157 685 10951 E Libae[FAE]: 1409, face_luma_calc: NO FACE
01-05 12:00:35.158 685 10970 I isp_blk_cmc10: 266, _pm_cmc10_set_param: cmc_result: (1665 15689 53; 16214 1311 16266; 16367 16062 1363).
01-05 12:00:35.158 685 10970 I isp_blk_cmc10: 266, _pm_cmc10_set_param: cmc_result: (1665 15689 53; 16214 1311 16266; 16367 16062 1363).
01-05 12:00:35.158 685 10951 I cmr_oem : 9482, camera_get_af_support: af_support 1
01-05 12:00:35.159 685 10964 I aft_sprd_lib: 3803, aft_proc_log_print: afm move diff : 1466115,diff_thr :93618539,diff_cnt : 0,g_diff(x,y,z):(0.002500,0.013750,0.026250),aem move diff : (num : r,g,b,cnt) = (0,0,0,0), scene_change_flag 0
01-05 12:00:35.162 685 10974 I awb_adpt: 1698, awb_sprd_ctrl_calculation_v3_2: AWB result : (1308,1024,2094) 3639K , fram_count : 314 , camera_id : 0, wb mode : 0; AWB lib 64x64: (1308,1024,2094) 3639K.
01-05 12:00:35.169 1128 4104 I EDMNativeHelperService: isCameraEnabled
01-05 12:00:35.169 1128 4104 D EDMNativeHelper: isCameraEnabled
01-05 12:00:35.170 1128 4104 D EDMNativeHelper: checking for camera in EnterpriseDeviceManagerService
01-05 12:00:35.170 1128 4104 D EnterpriseDeviceManagerService: isCameraEnabledNative
01-05 12:00:35.170 1128 4104 D EnterpriseDeviceManagerService: checking for camera in restriction policy
01-05 12:00:35.170 1128 4104 D RestrictionPolicy: isCameraEnabled ret(true) userId(0) cxtInfo.mCallerUid(10245) cxtInfo.mContainerId(0)
01-05 12:00:35.218 685 10951 E Libae[FAE]: 1409, face_luma_calc: NO FACE
01-05 12:00:35.218 685 10970 I isp_blk_cmc10: 266, _pm_cmc10_set_param: cmc_result: (1665 15689 53; 16214 1311 16266; 16367 16062 1363).
01-05 12:00:35.218 685 10974 E awb_adpt: 1479, awb_sprd_ctrl_calculation_v3_2: check handle success
01-05 12:00:35.218 685 10970 I isp_blk_cmc10: 266, _pm_cmc10_set_param: cmc_result: (1665 15689 53; 16214 1311 16266; 16367 16062 1363).
01-05 12:00:35.218 685 10951 I cmr_oem : 9482, camera_get_af_support: af_support 1
01-05 12:00:35.219 685 10964 I aft_sprd_lib: 3803, aft_proc_log_print: afm move diff : 1829621,diff_thr :93618539,diff_cnt : 0,g_diff(x,y,z):(0.007500,0.010000,0.023750),aem move diff : (num : r,g,b,cnt) = (0,0,0,0), scene_change_flag 0
01-05 12:00:35.223 685 10974 I awb_adpt: 1698, awb_sprd_ctrl_calculation_v3_2: AWB result : (1308,1024,2094) 3639K , fram_count : 315 , camera_id : 0, wb mode : 0; AWB lib 64x64: (1308,1024,2094) 3639K.
01-05 12:00:35.259 720 745 E CP_CONNECT_CTL: socket_reconnect: socket_reconnect src_sock=10, des_socket=cp_time_sync_server.
01-05 12:00:35.259 720 745 E CP_CONNECT_CTL: process_socket_connect: open cp_time_sync_server failed: Connection refused [111(Connection refused)]
01-05 12:00:35.259 720 745 E CP_CONNECT_CTL: socket_reconnect: socket_reconnect src_sock=10, des_socket=cp_time_sync_server.
01-05 12:00:35.260 720 745 E CP_CONNECT_CTL: process_socket_connect: open cp_time_sync_server failed: Connection refused [111(Connection refused)]
01-05 12:00:35.260 720 745 E CP_CONNECT_CTL: socket_reconnect: socket_reconnect src_sock=10, des_socket=cp_time_sync_server.
01-05 12:00:35.260 720 745 E CP_CONNECT_CTL: process_socket_connect: open cp_time_sync_server failed: Connection refused [111(Connection refused)]
01-05 12:00:35.260 720 745 E CP_CONNECT_CTL: socket_reconnect: socket_reconnect src_sock=10, des_socket=cp_time_sync_server.
01-05 12:00:35.260 720 745 E CP_CONNECT_CTL: process_socket_connect: open cp_time_sync_server failed: Connection refused [111(Connection refused)]
01-05 12:00:35.279 685 10951 E Libae[FAE]: 1409, face_luma_calc: NO FACE
01-05 12:00:35.279 685 10974 E awb_adpt: 1479, awb_sprd_ctrl_calculation_v3_2: check handle success
01-05 12:00:35.280 685 10970 I isp_blk_cmc10: 266, _pm_cmc10_set_param: cmc_result: (1665 15689 53; 16214 1311 16266; 16367 16062 1363).
01-05 12:00:35.280 685 10970 I isp_blk_cmc10: 266, _pm_cmc10_set_param: cmc_result: (1665 15689 53; 16214 1311 16266; 16367 16062 1363).
01-05 12:00:35.280 685 10951 I cmr_oem : 9482, camera_get_af_support: af_support 1
01-05 12:00:35.281 685 10965 E android.hardware.camera.provider@2.4-service: [ALSC]: L 561, slsc4_calculation: slsc4, error case, pair_idx=[4,3], pair_ratio=[1.703932,-0.703932], set ratio to 1.0 and 0.0
01-05 12:00:35.281 685 10964 I aft_sprd_lib: 3803, aft_proc_log_print: afm move diff : 1603111,diff_thr :93618539,diff_cnt : 0,g_diff(x,y,z):(0.007500,0.010000,0.016250),aem move diff : (num : r,g,b,cnt) = (0,0,0,0), scene_change_flag 0
01-05 12:00:35.284 685 10974 I awb_adpt: 1698, awb_sprd_ctrl_calculation_v3_2: AWB result : (1304,1024,2109) 3621K , fram_count : 316 , camera_id : 0, wb mode : 0; AWB lib 64x64: (1304,1024,2109) 3621K.
01-05 12:00:35.323 905 905 E SLOGCP : reopen_dev: open /dev/stty_lte28 error [19(No such device)]
01-05 12:00:35.339 685 10951 E Libae[FAE]: 1409, face_luma_calc: NO FACE
01-05 12:00:35.339 685 10974 E awb_adpt: 1479, awb_sprd_ctrl_calculation_v3_2: check handle success
01-05 12:00:35.340 685 10970 I isp_blk_cmc10: 266, _pm_cmc10_set_param: cmc_result: (1661 15694 52; 16216 1309 16267; 16367 16064 1360).
01-05 12:00:35.340 685 10970 I isp_blk_cmc10: 266, _pm_cmc10_set_param: cmc_result: (1661 15694 52; 16216 1309 16267; 16367 16064 1360).
01-05 12:00:35.340 685 10951 I cmr_oem : 9482, camera_get_af_support: af_support 1
01-05 12:00:35.341 685 10964 I aft_sprd_lib: 3803, aft_proc_log_print: afm move diff : 1885078,diff_thr :93618539,diff_cnt : 0,g_diff(x,y,z):(0.016250,0.000000,0.043750),aem move diff : (num : r,g,b,cnt) = (0,0,0,0), scene_change_flag 0
01-05 12:00:35.344 685 10974 I awb_adpt: 1698, awb_sprd_ctrl_calculation_v3_2: AWB result : (1308,1024,2094) 3639K , fram_count : 317 , camera_id : 0, wb mode : 0; AWB lib 64x64: (1308,1024,2094) 3639K.
01-05 12:00:35.399 685 10951 E Libae[FAE]: 1409, face_luma_calc: NO FACE
01-05 12:00:35.400 685 10974 E awb_adpt: 1479, awb_sprd_ctrl_calculation_v3_2: check handle success
01-05 12:00:35.400 685 10970 I isp_blk_cmc10: 266, _pm_cmc10_set_param: cmc_result: (1665 15689 53; 16214 1311 16266; 16367 16062 1363).
01-05 12:00:35.400 685 10970 I isp_blk_cmc10: 266, _pm_cmc10_set_param: cmc_result: (1665 15689 53; 16214 1311 16266; 16367 16062 1363).
01-05 12:00:35.400 685 10951 I cmr_oem : 9482, camera_get_af_support: af_support 1
01-05 12:00:35.401 685 10964 I aft_sprd_lib: 3803, aft_proc_log_print: afm move diff : 1205545,diff_thr :93618539,diff_cnt : 0,g_diff(x,y,z):(0.012500,0.000000,0.033750),aem move diff : (num : r,g,b,cnt) = (0,0,0,0), scene_change_flag 0
01-05 12:00:35.404 685 10974 I awb_adpt: 1698, awb_sprd_ctrl_calculation_v3_2: AWB result : (1308,1024,2094) 3639K , fram_count : 318 , camera_id : 0, wb mode : 0; AWB lib 64x64: (1308,1024,2094) 3639K.
01-05 12:00:35.459 720 745 E CP_CONNECT_CTL: socket_reconnect: socket_reconnect src_sock=10, des_socket=cp_time_sync_server.
01-05 12:00:35.460 685 10951 E Libae[FAE]: 1409, face_luma_calc: NO FACE
01-05 12:00:35.460 720 745 E CP_CONNECT_CTL: process_socket_connect: open cp_time_sync_server failed: Connection refused [111(Connection refused)]
01-05 12:00:35.460 720 745 E CP_CONNECT_CTL: socket_reconnect: socket_reconnect src_sock=10, des_socket=cp_time_sync_server.
01-05 12:00:35.460 720 745 E CP_CONNECT_CTL: process_socket_connect: open cp_time_sync_server failed: Connection refused [111(Connection refused)]
01-05 12:00:35.460 720 745 E CP_CONNECT_CTL: socket_reconnect: socket_reconnect src_sock=10, des_socket=cp_time_sync_server.
01-05 12:00:35.460 720 745 E CP_CONNECT_CTL: process_socket_connect: open cp_time_sync_server failed: Connection refused [111(Connection refused)]
01-05 12:00:35.460 685 10974 E awb_adpt: 1479, awb_sprd_ctrl_calculation_v3_2: check handle success
01-05 12:00:35.460 720 745 E CP_CONNECT_CTL: socket_reconnect: socket_reconnect src_sock=10, des_socket=cp_time_sync_server.
01-05 12:00:35.460 720 745 E CP_CONNECT_CTL: process_socket_connect: open cp_time_sync_server failed: Connection refused [111(Connection refused)]
01-05 12:00:35.460 685 10970 I isp_blk_cmc10: 266, _pm_cmc10_set_param: cmc_result: (1665 15689 53; 16214 1311 16266; 16367 16062 1363).
01-05 12:00:35.461 685 10970 I isp_blk_cmc10: 266, _pm_cmc10_set_param: cmc_result: (1665 15689 53; 16214 1311 16266; 16367 16062 1363).
01-05 12:00:35.461 685 10951 I cmr_oem : 9482, camera_get_af_support: af_support 1
01-05 12:00:35.461 685 10965 E android.hardware.camera.provider@2.4-service: [ALSC]: L 561, slsc4_calculation: slsc4, error case, pair_idx=[4,3], pair_ratio=[1.875525,-0.875525], set ratio to 1.0 and 0.0
