01-05 11:59:39.273 691 748 I gralloc4: unregister: id=2b2000000b1, handle:0xb400007ab9283b00, vaddr=0x7a217cc000
01-05 11:59:39.273 691 748 I gralloc4: register: id=2b20000006c, handle:0xb400007ab9283b00, vaddr=0x7a35f79000
01-05 11:59:39.273 691 748 I gralloc4: unregister: id=2b20000006c, handle:0xb400007ab9298300, vaddr=0x7a35d70000
01-05 11:59:39.273 691 748 I gralloc4: register: id=2b20000003d, handle:0xb400007ab9298300, vaddr=0x7a1a11b000
01-05 11:59:39.273 691 748 I gralloc4: unregister: id=2b20000003d, handle:0xb400007ab9298900, vaddr=0x7a1e4f8000
01-05 11:59:39.288 691 748 I gralloc4: register: id=2b200000073, handle:0xb400007ab9298900, vaddr=0x7a159bf000
01-05 11:59:39.288 691 748 I gralloc4: unregister: id=2b200000073, handle:0xb400007ab9298700, vaddr=0x7a180f6000
01-05 11:59:39.289 691 748 I gralloc4: register: id=2b2000000ab, handle:0xb400007ab9298700, vaddr=0x7a1e4f8000
01-05 11:59:39.289 691 748 I gralloc4: unregister: id=2b2000000ab, handle:0xb400007ab9298a00, vaddr=0x7a1f6d4000
01-05 11:59:39.289 691 748 I gralloc4: register: id=2b2000000ac, handle:0xb400007ab9298a00, vaddr=0x7a1f6d4000
01-05 11:59:39.289 691 748 I gralloc4: unregister: id=2b2000000ac, handle:0xb400007ab9283200, vaddr=0x7a1b2f7000
01-05 11:59:39.289 691 748 I gralloc4: register: id=2b2000000b1, handle:0xb400007ab9283200, vaddr=0x7a217cc000
01-05 11:59:39.289 691 748 I gralloc4: unregister: id=2b2000000b1, handle:0xb400007ab9298d00, vaddr=0x7a2189b000
01-05 11:59:39.289 691 748 I gralloc4: register: id=2b200000038, handle:0xb400007ab9298d00, vaddr=0x7a35d70000
01-05 11:59:39.290 691 748 I gralloc4: unregister: id=2b200000038, handle:0xb400007ab9298e00, vaddr=0x7a35e7e000
01-05 11:59:39.290 691 748 I gralloc4: register: id=2b20000003e, handle:0xb400007ab9298e00, vaddr=0x7a1b2f7000
01-05 11:59:39.290 691 748 I gralloc4: unregister: id=2b20000003e, handle:0xb400007ab9298500, vaddr=0x7a18f3f000
01-05 11:59:39.305 691 748 I gralloc4: register: id=2b200000073, handle:0xb400007ab9298500, vaddr=0x7a189e4000
01-05 11:59:39.305 691 748 I gralloc4: unregister: id=2b200000073, handle:0xb400007ab9298900, vaddr=0x7a159bf000
01-05 11:59:39.306 691 748 I gralloc4: register: id=2b2000000ab, handle:0xb400007ab9298900, vaddr=0x7a180f6000
01-05 11:59:39.306 691 748 I gralloc4: unregister: id=2b2000000ab, handle:0xb400007ab9298700, vaddr=0x7a1e4f8000
01-05 11:59:39.306 691 748 I gralloc4: register: id=2b2000000ac, handle:0xb400007ab9298700, vaddr=0x7a1e4f8000
01-05 11:59:39.306 691 748 I gralloc4: unregister: id=2b2000000ac, handle:0xb400007ab9298a00, vaddr=0x7a1f6d4000
01-05 11:59:39.306 691 748 I gralloc4: register: id=2b2000000b1, handle:0xb400007ab9298a00, vaddr=0x7a2189b000
01-05 11:59:39.306 691 748 I gralloc4: unregister: id=2b2000000b1, handle:0xb400007ab9283200, vaddr=0x7a217cc000
01-05 11:59:39.306 691 748 I gralloc4: register: id=2b20000003b, handle:0xb400007ab9283200, vaddr=0x7a35e7e000
01-05 11:59:39.306 691 748 I gralloc4: unregister: id=2b20000003b, handle:0xb400007ab9298c00, vaddr=0x7a35eeb000
01-05 11:59:39.306 691 748 I gralloc4: register: id=2b20000003c, handle:0xb400007ab9298c00, vaddr=0x7a1f6d4000
01-05 11:59:39.306 691 748 I gralloc4: unregister: id=2b20000003c, handle:0xb400007ab9283e00, vaddr=0x7a1dc0a000
01-05 11:59:39.318 1955 1955 I TaskbarRecentView: mIsSplitChange : false isTaskbarAnimating : false
01-05 11:59:39.322 691 748 I gralloc4: register: id=2b200000073, handle:0xb400007ab9283e00, vaddr=0x7a1d6af000
01-05 11:59:39.322 691 748 I gralloc4: unregister: id=2b200000073, handle:0xb400007ab9298500, vaddr=0x7a189e4000
01-05 11:59:39.322 691 748 I gralloc4: register: id=2b2000000ab, handle:0xb400007ab9298500, vaddr=0x7a18f3f000
01-05 11:59:39.322 691 748 I gralloc4: unregister: id=2b2000000ab, handle:0xb400007ab9298900, vaddr=0x7a180f6000
01-05 11:59:39.322 691 748 I gralloc4: register: id=2b2000000ac, handle:0xb400007ab9298900, vaddr=0x7a18651000
01-05 11:59:39.322 691 748 I gralloc4: unregister: id=2b2000000ac, handle:0xb400007ab9298700, vaddr=0x7a1e4f8000
01-05 11:59:39.322 691 748 I gralloc4: register: id=2b2000000b1, handle:0xb400007ab9298700, vaddr=0x7a217cc000
01-05 11:59:39.322 691 748 I gralloc4: unregister: id=2b2000000b1, handle:0xb400007ab9298a00, vaddr=0x7a2189b000
01-05 11:59:39.322 691 748 I gralloc4: register: id=2b20000006c, handle:0xb400007ab9298a00, vaddr=0x7a35eeb000
01-05 11:59:39.323 691 748 I gralloc4: unregister: id=2b20000006c, handle:0xb400007ab9283b00, vaddr=0x7a35f79000
01-05 11:59:39.323 720 745 E CP_CONNECT_CTL: socket_reconnect: socket_reconnect src_sock=10, des_socket=cp_time_sync_server.
01-05 11:59:39.323 720 745 E CP_CONNECT_CTL: process_socket_connect: open cp_time_sync_server failed: Connection refused [111(Connection refused)]
01-05 11:59:39.323 691 748 I gralloc4: register: id=2b20000003c, handle:0xb400007ab9283b00, vaddr=0x7a1e4f8000
01-05 11:59:39.323 720 745 E CP_CONNECT_CTL: socket_reconnect: socket_reconnect src_sock=10, des_socket=cp_time_sync_server.
01-05 11:59:39.323 691 748 I gralloc4: unregister: id=2b20000003c, handle:0xb400007ab9298c00, vaddr=0x7a1f6d4000
01-05 11:59:39.323 720 745 E CP_CONNECT_CTL: process_socket_connect: open cp_time_sync_server failed: Connection refused [111(Connection refused)]
01-05 11:59:39.323 720 745 E CP_CONNECT_CTL: socket_reconnect: socket_reconnect src_sock=10, des_socket=cp_time_sync_server.
01-05 11:59:39.323 720 745 E CP_CONNECT_CTL: process_socket_connect: open cp_time_sync_server failed: Connection refused [111(Connection refused)]
01-05 11:59:39.323 720 745 E CP_CONNECT_CTL: socket_reconnect: socket_reconnect src_sock=10, des_socket=cp_time_sync_server.
01-05 11:59:39.323 720 745 E CP_CONNECT_CTL: process_socket_connect: open cp_time_sync_server failed: Connection refused [111(Connection refused)]
01-05 11:59:39.323 1955 2202 I RecentTasksList: loadTasksInBackground : groupTask = GroupTask{task1=[id=559 windowingMode=0 user=0 lastActiveTime=38637] null, task2=null, task3=null, mStagedSplitBounds=null}
01-05 11:59:39.323 1955 2202 I RecentTasksList: loadTasksInBackground : groupTask = GroupTask{task1=[id=629 windowingMode=0 user=0 lastActiveTime=38641] null, task2=null, task3=null, mStagedSplitBounds=null}
01-05 11:59:39.323 1955 2202 I RecentTasksList: loadTasksInBackground : groupTask = GroupTask{task1=[id=664 windowingMode=0 user=0 lastActiveTime=38664] null, task2=null, task3=null, mStagedSplitBounds=null}
01-05 11:59:39.323 1955 2202 I RecentTasksList: loadTasksInBackground : groupTask = GroupTask{task1=[id=678 windowingMode=0 user=0 lastActiveTime=38656] null, task2=null, task3=null, mStagedSplitBounds=null}
01-05 11:59:39.323 1955 2202 I RecentTasksList: loadTasksInBackground : groupTask = GroupTask{task1=[id=696 windowingMode=0 user=0 lastActiveTime=38644] null, task2=null, task3=null, mStagedSplitBounds=null}
01-05 11:59:39.323 1955 2202 I RecentTasksList: loadTasksInBackground : groupTask = GroupTask{task1=[id=700 windowingMode=0 user=0 lastActiveTime=38660] null, task2=null, task3=null, mStagedSplitBounds=null}
01-05 11:59:39.323 1955 2202 I RecentTasksList: loadTasksInBackground : groupTask = GroupTask{task1=[id=703 windowingMode=1 user=0 lastActiveTime=364685] null, task2=null, task3=null, mStagedSplitBounds=null}
01-05 11:59:39.324 1955 1955 I TaskbarRecentView: ---- raw task ----
01-05 11:59:39.324 1955 1955 I TaskbarRecentView: task1 - id : 559 cn : com.android.settings
01-05 11:59:39.324 1955 1955 I TaskbarRecentView: task1 - id : 629 cn : org.qtproject.example
01-05 11:59:39.324 1955 1955 I TaskbarRecentView: task1 - id : 664 cn : com.android.settings
01-05 11:59:39.324 1955 1955 I TaskbarRecentView: task1 - id : 678 cn : com.sample.textureview
01-05 11:59:39.324 1955 1955 I TaskbarRecentView: task1 - id : 696 cn : hideme.android.vpn
01-05 11:59:39.324 1955 1955 I TaskbarRecentView: task1 - id : 700 cn : com.nolimitconnect.nolimitconnect
01-05 11:59:39.324 1955 1955 I TaskbarRecentView: task1 - id : 703 cn : org.qtproject.example.camera
01-05 11:59:39.326 1955 1955 I TaskbarRecentView: Running task - id : 703 cn : ComponentInfo{org.qtproject.example.camera/org.qtproject.qt.android.bindings.QtActivity}
01-05 11:59:39.338 691 748 I gralloc4: register: id=2b200000073, handle:0xb400007ab9298c00, vaddr=0x7a17808000
01-05 11:59:39.338 691 748 I gralloc4: unregister: id=2b200000073, handle:0xb400007ab9283e00, vaddr=0x7a1d6af000
01-05 11:59:39.339 691 748 I gralloc4: register: id=2b2000000ab, handle:0xb400007ab9283e00, vaddr=0x7a1f6d4000
01-05 11:59:39.339 691 748 I gralloc4: unregister: id=2b2000000ab, handle:0xb400007ab9298500, vaddr=0x7a18f3f000
01-05 11:59:39.339 691 748 I gralloc4: register: id=2b2000000ac, handle:0xb400007ab9298500, vaddr=0x7a1dc0a000
01-05 11:59:39.339 691 748 I gralloc4: unregister: id=2b2000000ac, handle:0xb400007ab9298900, vaddr=0x7a18651000
01-05 11:59:39.340 691 748 I gralloc4: register: id=2b2000000b1, handle:0xb400007ab9298900, vaddr=0x7a2189b000
01-05 11:59:39.340 691 748 I gralloc4: unregister: id=2b2000000b1, handle:0xb400007ab9298700, vaddr=0x7a217cc000
01-05 11:59:39.340 691 748 I gralloc4: register: id=2b200000038, handle:0xb400007ab9298700, vaddr=0x7a35f79000
01-05 11:59:39.340 691 748 I gralloc4: unregister: id=2b200000038, handle:0xb400007ab9298d00, vaddr=0x7a35d70000
01-05 11:59:39.340 691 748 I gralloc4: register: id=2b20000003c, handle:0xb400007ab9298d00, vaddr=0x7a18f3f000
01-05 11:59:39.340 691 748 I gralloc4: unregister: id=2b20000003c, handle:0xb400007ab9283b00, vaddr=0x7a1e4f8000
01-05 11:59:39.345 1955 1955 I TaskbarView: hsOnLayout() called - left : 0 top : 1848 right : 1200 bottom : 1920 count : 6 allAppsNeeded : 112 navSpaceNeeded : 394 iconSize : 51 iconPadding : Rect(14, 10 - 14, 10) recentViewNeeded : 183 recentIconCount : 2
01-05 11:59:39.347 1955 1955 I TaskbarDragLayer: Region update (0, 0, 1200, 1848)
01-05 11:59:39.348 1955 1955 I TaskbarRecentRecyclerAdapter: index : 0 intent : Intent { flg=0x10000000 cmp=com.nolimitconnect.nolimitconnect/org.qtproject.qt.android.bindings.QtActivity }
01-05 11:59:39.349 1955 1955 I TaskbarRecentRecyclerAdapter: index : 1 intent : Intent { act=android.intent.action.MAIN cat=[android.intent.category.LAUNCHER] flg=0x10200000 cmp=hideme.android.vpn/com.android.vpn.activities.LoginActivity }
01-05 11:59:39.355 691 748 I gralloc4: register: id=2b200000073, handle:0xb400007ab9283b00, vaddr=0x7a159bf000
01-05 11:59:39.355 691 748 I gralloc4: unregister: id=2b200000073, handle:0xb400007ab9298c00, vaddr=0x7a17808000
01-05 11:59:39.356 691 748 I gralloc4: register: id=2b2000000ab, handle:0xb400007ab9298c00, vaddr=0x7a1e4f8000
01-05 11:59:39.356 691 748 I gralloc4: unregister: id=2b2000000ab, handle:0xb400007ab9283e00, vaddr=0x7a1f6d4000
01-05 11:59:39.356 691 748 I gralloc4: register: id=2b2000000ac, handle:0xb400007ab9283e00, vaddr=0x7a1f6d4000
01-05 11:59:39.356 691 748 I gralloc4: unregister: id=2b2000000ac, handle:0xb400007ab9298500, vaddr=0x7a1dc0a000
01-05 11:59:39.356 691 748 I gralloc4: register: id=2b2000000b1, handle:0xb400007ab9298500, vaddr=0x7a217cc000
01-05 11:59:39.356 691 748 I gralloc4: unregister: id=2b2000000b1, handle:0xb400007ab9298900, vaddr=0x7a2189b000
01-05 11:59:39.356 691 748 I gralloc4: register: id=2b20000003b, handle:0xb400007ab9298900, vaddr=0x7a35d70000
01-05 11:59:39.356 691 748 I gralloc4: unregister: id=2b20000003b, handle:0xb400007ab9283200, vaddr=0x7a35e7e000
01-05 11:59:39.356 691 748 I gralloc4: register: id=2b20000003d, handle:0xb400007ab9283200, vaddr=0x7a1dc0a000
01-05 11:59:39.356 691 748 I gralloc4: unregister: id=2b20000003d, handle:0xb400007ab9298300, vaddr=0x7a1a11b000
01-05 11:59:39.358 1128 1756 V MdnieScenarioControlService: mAclOffEnabled : false mAclPreviewState : false mAclCompensationState : false
01-05 11:59:39.372 691 748 I gralloc4: register: id=2b200000073, handle:0xb400007ab9298300, vaddr=0x7a180f6000
01-05 11:59:39.372 691 748 I gralloc4: unregister: id=2b200000073, handle:0xb400007ab9283b00, vaddr=0x7a159bf000
01-05 11:59:39.372 691 748 I gralloc4: register: id=2b2000000ab, handle:0xb400007ab9283b00, vaddr=0x7a1a11b000
01-05 11:59:39.372 691 748 I gralloc4: unregister: id=2b2000000ab, handle:0xb400007ab9298c00, vaddr=0x7a1e4f8000
01-05 11:59:39.372 691 748 I gralloc4: register: id=2b2000000ac, handle:0xb400007ab9298c00, vaddr=0x7a1e4f8000
01-05 11:59:39.372 691 748 I gralloc4: unregister: id=2b2000000ac, handle:0xb400007ab9283e00, vaddr=0x7a1f6d4000
01-05 11:59:39.372 691 748 I gralloc4: register: id=2b2000000b1, handle:0xb400007ab9283e00, vaddr=0x7a2189b000
01-05 11:59:39.372 691 748 I gralloc4: unregister: id=2b2000000b1, handle:0xb400007ab9298500, vaddr=0x7a217cc000
01-05 11:59:39.373 691 748 I gralloc4: register: id=2b20000006c, handle:0xb400007ab9298500, vaddr=0x7a35e7e000
01-05 11:59:39.373 691 748 I gralloc4: unregister: id=2b20000006c, handle:0xb400007ab9298a00, vaddr=0x7a35eeb000
01-05 11:59:39.373 691 748 I gralloc4: register: id=2b20000003e, handle:0xb400007ab9298a00, vaddr=0x7a1f6d4000
01-05 11:59:39.373 691 748 I gralloc4: unregister: id=2b20000003e, handle:0xb400007ab9298e00, vaddr=0x7a1b2f7000
01-05 11:59:39.388 691 748 I gralloc4: register: id=2b200000073, handle:0xb400007ab9298e00, vaddr=0x7a159bf000
01-05 11:59:39.388 691 748 I gralloc4: unregister: id=2b200000073, handle:0xb400007ab9298300, vaddr=0x7a180f6000
01-05 11:59:39.389 691 748 I gralloc4: register: id=2b2000000ab, handle:0xb400007ab9298300, vaddr=0x7a1b2f7000
01-05 11:59:39.389 691 748 I gralloc4: unregister: id=2b2000000ab, handle:0xb400007ab9283b00, vaddr=0x7a1a11b000
01-05 11:59:39.389 691 748 I gralloc4: register: id=2b2000000ac, handle:0xb400007ab9283b00, vaddr=0x7a1a11b000
01-05 11:59:39.389 691 748 I gralloc4: unregister: id=2b2000000ac, handle:0xb400007ab9298c00, vaddr=0x7a1e4f8000
01-05 11:59:39.389 691 748 I gralloc4: register: id=2b2000000b1, handle:0xb400007ab9298c00, vaddr=0x7a217cc000
01-05 11:59:39.389 691 748 I gralloc4: unregister: id=2b2000000b1, handle:0xb400007ab9283e00, vaddr=0x7a2189b000
01-05 11:59:39.389 691 748 I gralloc4: register: id=2b20000006c, handle:0xb400007ab9283e00, vaddr=0x7a35eeb000
01-05 11:59:39.389 691 748 I gralloc4: unregister: id=2b20000006c, handle:0xb400007ab9298500, vaddr=0x7a35e7e000
01-05 11:59:39.390 691 748 I gralloc4: register: id=2b20000003e, handle:0xb400007ab9298500, vaddr=0x7a1e4f8000
01-05 11:59:39.390 691 748 I gralloc4: unregister: id=2b20000003e, handle:0xb400007ab9298a00, vaddr=0x7a1f6d4000
01-05 11:59:39.404 1128 1152 I WindowManager: Reparenting to original parent: Surface(name=DefaultTaskDisplayArea)/@0xe046f42, destroy=true, surface=Surface(name=Task=1)/@0x90b218d
01-05 11:59:39.405 1128 1152 V WindowManager: Setting visibility of Window{1bc372e u0 com.sec.android.app.launcher/com.sec.android.app.launcher.activities.LauncherActivity}: false, caller=com.android.server.wm.WindowContainer.sendAppVisibilityToClients:1295 com.android.server.wm.WindowToken.setClientVisible:453 com.android.server.wm.ActivityRecord.setClientVisible:7946 com.android.server.wm.ActivityRecord.onAnimationFinished:8885 com.android.server.wm.WindowContainer.doAnimationFinished:3570
01-05 11:59:39.405 691 748 I gralloc4: register: id=2b200000073, handle:0xb400007ab9298a00, vaddr=0x7a180f6000
01-05 11:59:39.405 691 748 I gralloc4: unregister: id=2b200000073, handle:0xb400007ab9298e00, vaddr=0x7a159bf000
01-05 11:59:39.405 1955 1955 I ViewRootImpl@8d24ff1[LauncherActivity]: handleAppVisibility mAppVisible = true visible = false
01-05 11:59:39.405 1128 1152 I WindowManager: Reparenting to original parent: Surface(name=DefaultTaskDisplayArea)/@0xe046f42, destroy=true, surface=Surface(name=Task=703)/@0x8d29a79
01-05 11:59:39.405 691 748 I gralloc4: register: id=2b2000000ab, handle:0xb400007ab9298e00, vaddr=0x7a1f6d4000
01-05 11:59:39.405 691 748 I gralloc4: unregister: id=2b2000000ab, handle:0xb400007ab9298300, vaddr=0x7a1b2f7000
01-05 11:59:39.405 691 748 I gralloc4: register: id=2b2000000ac, handle:0xb400007ab9298300, vaddr=0x7a1b2f7000
01-05 11:59:39.405 691 748 I gralloc4: unregister: id=2b2000000ac, handle:0xb400007ab9283b00, vaddr=0x7a1a11b000
01-05 11:59:39.405 691 748 I gralloc4: register: id=2b2000000b1, handle:0xb400007ab9283b00, vaddr=0x7a2189b000
01-05 11:59:39.405 1128 1152 V WindowManager: Setting visibility of Window{1001bf6 u0 com.android.systemui.ImageWallpaper}: false, caller=com.android.server.wm.WindowContainer.sendAppVisibilityToClients:1295 com.android.server.wm.WindowToken.setClientVisible:453 com.android.server.wm.WallpaperWindowToken.setVisible:160 com.android.server.wm.WallpaperWindowToken.updateWallpaperWindows:154 com.android.server.wm.WallpaperController.updateWallpaperTokens:672
01-05 11:59:39.406 691 748 I gralloc4: unregister: id=2b2000000b1, handle:0xb400007ab9298c00, vaddr=0x7a217cc000
01-05 11:59:39.406 691 748 I gralloc4: register: id=2b20000006c, handle:0xb400007ab9298c00, vaddr=0x7a35e7e000
01-05 11:59:39.406 691 748 I gralloc4: unregister: id=2b20000006c, handle:0xb400007ab9283e00, vaddr=0x7a35eeb000
01-05 11:59:39.406 1504 1749 D WallpaperService: dispatchAppVisibility onVisibilityChanged(): false
01-05 11:59:39.406 1504 1504 D WallpaperService: reportVisibility onVisibilityChanged visible: false
01-05 11:59:39.406 691 748 I gralloc4: register: id=2b20000003e, handle:0xb400007ab9283e00, vaddr=0x7a1a11b000
01-05 11:59:39.406 691 748 I gralloc4: unregister: id=2b20000003e, handle:0xb400007ab9298500, vaddr=0x7a1e4f8000
01-05 11:59:39.406 1504 1801 I ImageWallpaper[GLEngine]: onVisibilityChanged false , 0
01-05 11:59:39.420 749 749 I Layer : id=201 removeFromCurrentState Surface(name=Task=703)/@0x8d29a79 - animation-leash of app_transition#201 (99)
01-05 11:59:39.420 749 749 I Layer : id=196 removeFromCurrentState Task=703#196 (99)
01-05 11:59:39.420 749 749 I Layer : id=197 removeFromCurrentState ActivityRecord{e3be4c2 u0 org.qtproject.example.camera/org.qtproject.qt.android.bindings.QtActivity} t703}#197 (99)
01-05 11:59:39.420 749 749 I Layer : id=202 removeFromCurrentState 148fd0d ActivityRecordInputSink org.qtproject.example.camera/org.qtproject.qt.android.bindings.QtActivity#202 (99)
01-05 11:59:39.420 749 749 I Layer : id=198 removeFromCurrentState 8954a1a Splash Screen org.qtproject.example.camera#198 (99)
01-05 11:59:39.420 749 749 I Layer : id=199 removeFromCurrentState Splash Screen org.qtproject.example.camera$_1504#199 (99)
01-05 11:59:39.420 749 749 I Layer : id=200 removeFromCurrentState Surface(name=Task=1)/@0x90b218d - animation-leash of app_transition#200 (99)
01-05 11:59:39.420 749 749 I Layer : id=196 addToCurrentState Task=703#196 (99)
01-05 11:59:39.420 749 749 I Layer : id=197 addToCurrentState ActivityRecord{e3be4c2 u0 org.qtproject.example.camera/org.qtproject.qt.android.bindings.QtActivity} t703}#197 (99)
01-05 11:59:39.420 749 749 I Layer : id=202 addToCurrentState 148fd0d ActivityRecordInputSink org.qtproject.example.camera/org.qtproject.qt.android.bindings.QtActivity#202 (99)
01-05 11:59:39.420 749 749 I Layer : id=198 addToCurrentState 8954a1a Splash Screen org.qtproject.example.camera#198 (99)
01-05 11:59:39.420 749 749 I Layer : id=199 addToCurrentState Splash Screen org.qtproject.example.camera$_1504#199 (99)
01-05 11:59:39.420 749 749 I Layer : id=194 removeFromCurrentState 4ce3f1 ActivityRecordInputSink com.sec.android.app.launcher/com.android.launcher3.uioverrides.QuickstepLauncher#194 (99)
01-05 11:59:39.420 749 749 I SurfaceFlinger: id=194 Removed 4ce3f1 ActivityRecordInputSink com.sec.android.app.launcher/com.android.launcher3.uioverrides.QuickstepLauncher#194 (99)
01-05 11:59:39.420 749 749 I SurfaceFlinger: id=201 Removed Surface(name=Task=703)/@0x8d29a79 - animation-leash of app_transition#201 (99)
01-05 11:59:39.420 749 749 I SurfaceFlinger: id=200 Removed Surface(name=Task=1)/@0x90b218d - animation-leash of app_transition#200 (99)
01-05 11:59:39.420 749 749 I Layer : id=194 Destroyed 4ce3f1 ActivityRecordInputSink com.sec.android.app.launcher/com.android.launcher3.uioverrides.QuickstepLauncher#194
01-05 11:59:39.420 749 749 I Layer : id=200 Destroyed Surface(name=Task=1)/@0x90b218d - animation-leash of app_transition#200
01-05 11:59:39.421 749 749 I Layer : id=201 Destroyed Surface(name=Task=703)/@0x8d29a79 - animation-leash of app_transition#201
01-05 11:59:39.421 691 748 I gralloc4: unregister: id=2b2000000aa, handle:0xb400007ab9283c00, vaddr=0x7a1cdc1000
01-05 11:59:39.422 691 748 I gralloc4: unregister: id=2b2000000ab, handle:0xb400007ab9298e00, vaddr=0x7a1f6d4000
01-05 11:59:39.422 691 748 I gralloc4: unregister: id=2b2000000a9, handle:0xb400007ab9298b00, vaddr=0x7a1c4d3000
01-05 11:59:39.422 691 748 I gralloc4: unregister: id=2b200000073, handle:0xb400007ab9298a00, vaddr=0x7a180f6000
01-05 11:59:39.422 1955 2973 I gralloc4: unregister: id=2b2000000a9, handle:0xb400007614630c00, vaddr=0x755d8e6000
01-05 11:59:39.422 691 748 I gralloc4: register: id=2b2000000ac, handle:0xb400007ab9298a00, vaddr=0x7a1f6d4000
01-05 11:59:39.422 1955 2973 I gralloc4: unregister: id=2b2000000aa, handle:0xb40000758e5cf900, vaddr=0x75598c4000
01-05 11:59:39.422 691 748 I gralloc4: unregister: id=2b2000000ac, handle:0xb400007ab9298300, vaddr=0x7a1b2f7000
01-05 11:59:39.423 691 748 I gralloc4: register: id=2b2000000b1, handle:0xb400007ab9298300, vaddr=0x7a217cc000
01-05 11:59:39.423 691 748 I gralloc4: unregister: id=2b2000000b1, handle:0xb400007ab9283b00, vaddr=0x7a2189b000
01-05 11:59:39.423 691 748 I gralloc4: register: id=2b20000006c, handle:0xb400007ab9283b00, vaddr=0x7a35eeb000
01-05 11:59:39.423 691 748 I gralloc4: unregister: id=2b20000006c, handle:0xb400007ab9298c00, vaddr=0x7a35e7e000
01-05 11:59:39.423 1955 1955 I ViewRootImpl@8d24ff1[LauncherActivity]: performTraversals mFirst=false windowShouldResize=false viewVisibilityChanged=true mForceNextWindowRelayout=false params=null
01-05 11:59:39.423 691 748 I gralloc4: register: id=2b20000003e, handle:0xb400007ab9298c00, vaddr=0x7a1e4f8000
01-05 11:59:39.423 691 748 I gralloc4: unregister: id=2b20000003e, handle:0xb400007ab9283e00, vaddr=0x7a1a11b000
01-05 11:59:39.423 1128 2950 V WindowManager: Relayout Window{1bc372e u0 com.sec.android.app.launcher/com.sec.android.app.launcher.activities.LauncherActivity}: viewVisibility=8 req=1200x1920 d0
01-05 11:59:39.426 1128 2950 V WindowManager: Relayout hash=1bc372e, pid=1955, syncId=-1: mAttrs={(0,0)(fillxfill) sim={adjust=nothing forwardNavigation} layoutInDisplayCutoutMode=shortEdges ty=BASE_APPLICATION fmt=TRANSPARENT wanim=0x10302f4
01-05 11:59:39.426 1128 2950 V WindowManager: fl=81910100
01-05 11:59:39.426 1128 2950 V WindowManager: pfl=1e020040
01-05 11:59:39.426 1128 2950 V WindowManager: vsysui=1700
01-05 11:59:39.426 1128 2950 V WindowManager: apr=LIGHT_STATUS_BARS
01-05 11:59:39.426 1128 2950 V WindowManager: bhv=SHOW_TRANSIENT_BARS_BY_SWIPE
01-05 11:59:39.426 1128 2950 V WindowManager: fitSides= naviIconColor=0}
01-05 11:59:39.427 1955 1955 I gralloc4: unregister: id=2b2000000ab, handle:0xb40000758e9bcd00, vaddr=0x7558fd6000
01-05 11:59:39.428 1955 1955 I ViewRootImpl@8d24ff1[LauncherActivity]: Relayout returned: old=(0,0,1200,1920) new=(0,0,1200,1920) req=(1200,1920)8 dur=4 res=0x2 s={false 0x0} ch=true seqId=0
01-05 11:59:39.436 749 749 D SurfaceFlinger: Display 0 HWC layers:
01-05 11:59:39.436 749 749 D SurfaceFlinger: DEVICE | 0xb400007ba4602200 | 0100 | RGBA_8888 | 0.0 0.0 1200.0 1920.0 | 0 0 1200 1920 | Splash Screen org.qtproject.example.camera$_1504#199
01-05 11:59:39.436 749 749 D SurfaceFlinger: SOLID_COLOR | | 0000 | Unknown | 0.0 0.0 0.0 0.0 | 0 0 1200 1920 | Dim Layer for - WindowedMagnification:0:31#209
01-05 11:59:39.436 749 749 D SurfaceFlinger: DEVICE | 0xb400007b83c22f00 | 0100 | RGBA_8888 | 0.0 0.0 584.0 348.0 | 308 1504 892 1852 | Waiting For Debugger: org.qtproject.example.camera#207
01-05 11:59:39.436 749 749 D SurfaceFlinger: DEVICE | 0xb400007ba466f800 | 0100 | RGBA_8888 | 0.0 0.0 1200.0 36.0 | 0 0 1200 36 | StatusBar$_1504#82
01-05 11:59:39.436 749 749 D SurfaceFlinger: DEVICE | 0xb400007b83c23200 | 0100 | RGBA_8888 | 0.0 1848.0 1200.0 1920.0 | 0 1848 1200 1920 | Taskbar$_1955#126
01-05 11:59:39.436 749 749 D SurfaceFlinger:
01-05 11:59:39.448 7855 7975 I HQCAM_DepressStickerService: After 278 seconds sleep!!!
01-05 11:59:39.454 749 801 I gralloc4: unregister: id=2b2000000a9, handle:0xb400007b83c23600, vaddr=0x7b75ae9000
01-05 11:59:39.495 3128 3128 I dolh : onPause
01-05 11:59:39.523 720 745 E CP_CONNECT_CTL: socket_reconnect: socket_reconnect src_sock=10, des_socket=cp_time_sync_server.
01-05 11:59:39.523 720 745 E CP_CONNECT_CTL: process_socket_connect: open cp_time_sync_server failed: Connection refused [111(Connection refused)]
01-05 11:59:39.523 720 745 E CP_CONNECT_CTL: socket_reconnect: socket_reconnect src_sock=10, des_socket=cp_time_sync_server.
01-05 11:59:39.523 720 745 E CP_CONNECT_CTL: process_socket_connect: open cp_time_sync_server failed: Connection refused [111(Connection refused)]
01-05 11:59:39.523 720 745 E CP_CONNECT_CTL: socket_reconnect: socket_reconnect src_sock=10, des_socket=cp_time_sync_server.
01-05 11:59:39.523 720 745 E CP_CONNECT_CTL: process_socket_connect: open cp_time_sync_server failed: Connection refused [111(Connection refused)]
01-05 11:59:39.523 720 745 E CP_CONNECT_CTL: socket_reconnect: socket_reconnect src_sock=10, des_socket=cp_time_sync_server.
01-05 11:59:39.523 720 745 E CP_CONNECT_CTL: process_socket_connect: open cp_time_sync_server failed: Connection refused [111(Connection refused)]
01-05 11:59:39.570 1128 1152 I WindowManager: Reparenting to original parent: Surface(name=WindowToken{a5b3ae7 type=2003 android.view.ViewRootImpl$W@476f0a6})/@0x913ecf, destroy=true, surface=Surface(name=a74a694 Waiting For Debugger: org.qtproject.example.camera)/@0x4732e
01-05 11:59:39.571 1128 1152 I WindowManager: Reparenting to original parent: Surface(name=WindowedMagnification:0:31)/@0x820e318, destroy=true, surface=Surface(name=Dim Layer for - WindowedMagnification:0:31)/@0xc355f65
01-05 11:59:39.586 749 749 I Layer : id=208 removeFromCurrentState Surface(name=a74a694 Waiting For Debugger: org.qtproject.example.camera)/@0x4732e - animation-leash of window_animation#208 (96)
01-05 11:59:39.586 749 749 I Layer : id=210 removeFromCurrentState Surface(name=Dim Layer for - WindowedMagnification:0:31)/@0xc355f65 - animation-leash of dimmer#210 (96)
01-05 11:59:39.587 749 749 I SurfaceFlinger: id=210 Removed Surface(name=Dim Layer for - WindowedMagnification:0:31)/@0xc355f65 - animation-leash of dimmer#210 (96)
01-05 11:59:39.587 749 749 I SurfaceFlinger: id=208 Removed Surface(name=a74a694 Waiting For Debugger: org.qtproject.example.camera)/@0x4732e - animation-leash of window_animation#208 (96)
01-05 11:59:39.587 749 749 I Layer : id=208 Destroyed Surface(name=a74a694 Waiting For Debugger: org.qtproject.example.camera)/@0x4732e - animation-leash of window_animation#208
01-05 11:59:39.587 749 749 I Layer : id=210 Destroyed Surface(name=Dim Layer for - WindowedMagnification:0:31)/@0xc355f65 - animation-leash of dimmer#210
01-05 11:59:39.723 720 745 E CP_CONNECT_CTL: socket_reconnect: socket_reconnect src_sock=10, des_socket=cp_time_sync_server.
01-05 11:59:39.724 720 745 E CP_CONNECT_CTL: process_socket_connect: open cp_time_sync_server failed: Connection refused [111(Connection refused)]
01-05 11:59:39.724 720 745 E CP_CONNECT_CTL: socket_reconnect: socket_reconnect src_sock=10, des_socket=cp_time_sync_server.
01-05 11:59:39.724 720 745 E CP_CONNECT_CTL: process_socket_connect: open cp_time_sync_server failed: Connection refused [111(Connection refused)]
01-05 11:59:39.724 720 745 E CP_CONNECT_CTL: socket_reconnect: socket_reconnect src_sock=10, des_socket=cp_time_sync_server.
01-05 11:59:39.724 720 745 E CP_CONNECT_CTL: process_socket_connect: open cp_time_sync_server failed: Connection refused [111(Connection refused)]
01-05 11:59:39.724 720 745 E CP_CONNECT_CTL: socket_reconnect: socket_reconnect src_sock=10, des_socket=cp_time_sync_server.
01-05 11:59:39.724 720 745 E CP_CONNECT_CTL: process_socket_connect: open cp_time_sync_server failed: Connection refused [111(Connection refused)]
01-05 11:59:39.765 1128 1333 I SearchManagerService: _updateSearchables
01-05 11:59:39.807 1128 1333 W SearchableInfo: Invalid searchable metadata for com.samsung.android.messaging/.ui.view.main.picker.contact.ContactPickerActivity: Search label must be a resource reference.
01-05 11:59:39.827 665 665 E YLog : /system_ext/etc/ylogsource.conf load failed... error [2(No such file or directory)] [startlogServcie]
01-05 11:59:39.902 1128 1333 I SearchManagerService: _updateSearchables completed.
01-05 11:59:39.924 720 745 E CP_CONNECT_CTL: socket_reconnect: socket_reconnect src_sock=10, des_socket=cp_time_sync_server.
01-05 11:59:39.924 720 745 E CP_CONNECT_CTL: process_socket_connect: open cp_time_sync_server failed: Connection refused [111(Connection refused)]
01-05 11:59:39.924 720 745 E CP_CONNECT_CTL: socket_reconnect: socket_reconnect src_sock=10, des_socket=cp_time_sync_server.
01-05 11:59:39.924 720 745 E CP_CONNECT_CTL: process_socket_connect: open cp_time_sync_server failed: Connection refused [111(Connection refused)]
01-05 11:59:39.924 720 745 E CP_CONNECT_CTL: socket_reconnect: socket_reconnect src_sock=10, des_socket=cp_time_sync_server.
01-05 11:59:39.924 720 745 E CP_CONNECT_CTL: process_socket_connect: open cp_time_sync_server failed: Connection refused [111(Connection refused)]
01-05 11:59:39.924 720 745 E CP_CONNECT_CTL: socket_reconnect: socket_reconnect src_sock=10, des_socket=cp_time_sync_server.
01-05 11:59:39.924 720 745 E CP_CONNECT_CTL: process_socket_connect: open cp_time_sync_server failed: Connection refused [111(Connection refused)]
01-05 11:59:39.929 1955 4334 I TaskbarRecentView: RunningTask(old) - id : 703 cn : ComponentInfo{org.qtproject.example.camera/org.qtproject.qt.android.bindings.QtActivity}
01-05 11:59:39.929 1955 4334 I TaskbarRecentView: RunningTask(new) - id : 703 cn : ComponentInfo{org.qtproject.example.camera/org.qtproject.qt.android.bindings.QtActivity}
01-05 11:59:39.929 1955 4334 I TaskbarRecentView: recheckRunningTask() called - false
01-05 11:59:39.935 10554 10554 I System.out: Debugger has connected
01-05 11:59:39.935 10554 10554 I System.out: waiting for debugger to settle...
01-05 11:59:39.963 1128 1128 I SemExecuteManagerService: handleMessage: MSG_START_SCAN received. Start scanning.
01-05 11:59:40.124 720 745 E CP_CONNECT_CTL: socket_reconnect: socket_reconnect src_sock=10, des_socket=cp_time_sync_server.
01-05 11:59:40.124 720 745 E CP_CONNECT_CTL: process_socket_connect: open cp_time_sync_server failed: Connection refused [111(Connection refused)]
01-05 11:59:40.124 720 745 E CP_CONNECT_CTL: socket_reconnect: socket_reconnect src_sock=10, des_socket=cp_time_sync_server.
01-05 11:59:40.124 720 745 E CP_CONNECT_CTL: process_socket_connect: open cp_time_sync_server failed: Connection refused [111(Connection refused)]
01-05 11:59:40.124 720 745 E CP_CONNECT_CTL: socket_reconnect: socket_reconnect src_sock=10, des_socket=cp_time_sync_server.
01-05 11:59:40.124 720 745 E CP_CONNECT_CTL: process_socket_connect: open cp_time_sync_server failed: Connection refused [111(Connection refused)]
01-05 11:59:40.124 720 745 E CP_CONNECT_CTL: socket_reconnect: socket_reconnect src_sock=10, des_socket=cp_time_sync_server.
01-05 11:59:40.124 720 745 E CP_CONNECT_CTL: process_socket_connect: open cp_time_sync_server failed: Connection refused [111(Connection refused)]
01-05 11:59:40.135 10554 10554 I System.out: waiting for debugger to settle...
01-05 11:59:40.154 7091 8814 I SCS@AiSearch user 0: (AppsDataWorker) [androidx.work-3] entering in doWork():
01-05 11:59:40.154 7091 8814 I SCS@AiSearch user 0: (AppsDataObserver) [androidx.work-3] entering in execute():
01-05 11:59:40.154 7091 8814 I SCS@AiSearch user 0: (AppsDataObserver-CMD_UPDATE_LIST) changed package count: 1
01-05 11:59:40.160 749 796 I gralloc4: register: id=2b2000000b0, handle:0xb400007ba6118400, vaddr=0x7b82d41000
01-05 11:59:40.164 1128 2950 D CompatibilityChangeReporter: Compat change id reported: 161252188; UID 10245; state: DISABLED
01-05 11:59:40.165 7091 8814 I SCS@AiSearch user 0: (AppsDataObserver) [androidx.work-3] leaving from execute(): result is true
01-05 11:59:40.165 7091 8814 I SCS@AiSearch user 0: (AppsDataWorker) [androidx.work-3] leaving from doWork():
01-05 11:59:40.166 7091 7162 I WM-WorkerWrapper: Worker result SUCCESS for Work [ id=221a04a5-f7be-4c8b-8b36-3de8e1dc0036, tags={ com.samsung.android.scs.ai.search.scheduling.workers.AppsDataWorker, CMD_UPDATE_LIST } ]
01-05 11:59:40.169 749 801 I gralloc4: unregister: id=2b2000000aa, handle:0xb400007ba60eb800, vaddr=0x7b7ed2e000
01-05 11:59:40.170 691 748 I gralloc4: register: id=2b2000000b0, handle:0xb400007ab9283e00, vaddr=0x7a2189b000
01-05 11:59:40.173 9370 9370 W SmApplication: onTrimMemory : 80
01-05 11:59:40.173 9370 9370 I DC.AppIconCache: clear icon cache
01-05 11:59:40.173 7091 7091 I SCS@AiSearch user 0: (SearchProvider) onTrimMemory(): 40
01-05 11:59:40.187 691 748 I gralloc4: register: id=2b2000000af, handle:0xb400007ab9298b00, vaddr=0x7a216fd000
01-05 11:59:40.324 720 745 E CP_CONNECT_CTL: socket_reconnect: socket_reconnect src_sock=10, des_socket=cp_time_sync_server.
01-05 11:59:40.324 720 745 E CP_CONNECT_CTL: process_socket_connect: open cp_time_sync_server failed: Connection refused [111(Connection refused)]
01-05 11:59:40.324 720 745 E CP_CONNECT_CTL: socket_reconnect: socket_reconnect src_sock=10, des_socket=cp_time_sync_server.
01-05 11:59:40.324 720 745 E CP_CONNECT_CTL: process_socket_connect: open cp_time_sync_server failed: Connection refused [111(Connection refused)]
01-05 11:59:40.324 720 745 E CP_CONNECT_CTL: socket_reconnect: socket_reconnect src_sock=10, des_socket=cp_time_sync_server.
01-05 11:59:40.324 720 745 E CP_CONNECT_CTL: process_socket_connect: open cp_time_sync_server failed: Connection refused [111(Connection refused)]
01-05 11:59:40.324 720 745 E CP_CONNECT_CTL: socket_reconnect: socket_reconnect src_sock=10, des_socket=cp_time_sync_server.
01-05 11:59:40.324 720 745 E CP_CONNECT_CTL: process_socket_connect: open cp_time_sync_server failed: Connection refused [111(Connection refused)]
01-05 11:59:40.332 1128 4556 D SemWifiUsabilityStatsMonitor: onWifiUsabilityStats - seqNum 103, isSameBssidAndFreq true
01-05 11:59:40.333 1128 1377 I SemWifiLinkQualityMonitor: Link Qos query: inf. ms / 0 Mbps
01-05 11:59:40.333 1504 1504 D KeyguardUpdateMonitor: updateCarrierTextInfo
01-05 11:59:40.334 1504 1504 D PanelCarrierLabelWriter: setTextForCommon=CenturyLink0927-5G CarrierLabelInfo(subId=2147483647, slotId=0, validSub=false, networkName=No service, emergencyOnly=false, hasVoWifiNetworkName=false), airplaneMode=false, hasAtLeastOneVoWifiNetworkName=false, rtl=false
01-05 11:59:40.334 1504 1504 D PanelCarrierLabelManager: setTextForCommon(text:CenturyLink0927-5G)
01-05 11:59:40.334 1504 1504 D NetworkController.WifiSignalController: notifyListener: visible=true, connected=true, inetCondition=1, isDefault=true, wifiTestReported=false, receivedInetCondition=-1, hideDuringMobileSwitching=false
01-05 11:59:40.336 10554 10554 I System.out: debugger detached?
01-05 11:59:40.336 1504 1504 D FaceWidgetPagesController: onRefreshCarrierInfo()
01-05 11:59:40.336 1504 1754 D Tile.WifiTile: handleUpdateState isTransient=false transientEnabling =false cb.isTransient=false state.state = 2 mStateBeforeClick.value =false enabled =true
01-05 11:59:40.337 1128 1149 D CoreBackPreview: Window{a74a694 u0 Waiting For Debugger: org.qtproject.example.camera}: Setting back callback null
01-05 11:59:40.337 1504 1504 D FaceWidgetClockRoamManager: isNetworkRoamingState id=-1
01-05 11:59:40.337 1504 1504 D FaceWidgetClockRoamManager: isNetworkRoamingState false
01-05 11:59:40.337 1504 1504 D FaceWidgetClockRoamManager: onRefreshCarrierInfo(pre, now): false, false
01-05 11:59:40.337 1504 1504 D FaceWidgetClockPage: onRefreshCarrierInfo : isChanged false mIsRoaming false
01-05 11:59:40.337 1128 1149 I MSHandlerLifeCycle: removeMultiSplitHandler: no exist. decor=DecorView@8b58c04[camera]
01-05 11:59:40.337 1128 9614 D OpenGLRenderer: setSurface called with nullptr
01-05 11:59:40.338 1128 9614 D OpenGLRenderer: setSurface() destroyed EGLSurface
01-05 11:59:40.338 1128 9614 D OpenGLRenderer: destroyEglSurface
01-05 11:59:40.338 1128 9614 I gralloc4: unregister: id=2b2000000af, handle:0xb40000754184f200, vaddr=0x752f40c000
01-05 11:59:40.338 1128 9614 I gralloc4: unregister: id=2b2000000b1, handle:0xb40000753b75e200, vaddr=0x752f26e000
01-05 11:59:40.339 1128 1149 I ViewRootImpl@476f0a6[camera]: dispatchDetachedFromWindow
01-05 11:59:40.339 1128 1149 I gralloc4: unregister: id=2b2000000b0, handle:0xb40000754184f500, vaddr=0x752f33d000
01-05 11:59:40.340 1128 1149 D InputTransport: Input channel destroyed: 'a74a694', fd=822
01-05 11:59:40.340 1128 1149 W InputManager-JNI: Input channel object 'a74a694 Waiting For Debugger: org.qtproject.example.camera (client)' was disposed without first being removed with the input manager!
01-05 11:59:40.340 1128 1149 D InputTransport: Input channel destroyed: 'a74a694', fd=826
01-05 11:59:40.340 1128 1149 V WindowManager: Remove Window{a74a694 u0 Waiting For Debugger: org.qtproject.example.camera}: mSurfaceController=Surface(name=Waiting For Debugger: org.qtproject.example.camera)/@0x4bdb43e mAnimatingExit=false mRemoveOnExit=false mHasSurface=true surfaceShowing=true animating=false app-animation=false mWillReplaceWindow=false mDisplayFrozen=false callers=com.android.server.wm.WindowState.removeIfPossible:3213 com.android.server.wm.WindowManagerService.removeWindow:2286 com.android.server.wm.Session.remove:237 android.view.ViewRootImpl.dispatchDetachedFromWindow:6428 android.view.ViewRootImpl.doDie:10464 android.view.ViewRootImpl.die:10440
01-05 11:59:40.341 1128 1149 I WindowManager: Reparenting to leash, surface=Surface(name=a74a694 Waiting For Debugger: org.qtproject.example.camera)/@0x4732e, leashParent=Surface(name=WindowToken{a5b3ae7 type=2003 android.view.ViewRootImpl$W@476f0a6})/@0x913ecf
01-05 11:59:40.341 10554 10554 W ziparchive: Unable to open '/data/app/~~66sMVJm6Xqw_P-_tDAfHvw==/org.qtproject.example.camera-jxTQjAM4uxbIMEQ7q_-Z-Q==/base.dm': No such file or directory
01-05 11:59:40.341 10554 10554 W ziparchive: Unable to open '/data/app/~~66sMVJm6Xqw_P-_tDAfHvw==/org.qtproject.example.camera-jxTQjAM4uxbIMEQ7q_-Z-Q==/base.dm': No such file or directory
01-05 11:59:40.341 749 1196 I SurfaceFlinger: id=211 createSurf flag=24000, Surface(name=a74a694 Waiting For Debugger: org.qtproject.example.camera)/@0x4732e - animation-leash of window_animation#211
01-05 11:59:40.342 1128 1149 D WindowManager: makeSurface duration=0 leash=Surface(name=Surface(name=a74a694 Waiting For Debugger: org.qtproject.example.camera)/@0x4732e - animation-leash of window_animation)/@0xf544fec
01-05 11:59:40.342 1128 1149 V WindowManager: removeIfPossible 2, Window{a74a694 u0 Waiting For Debugger: org.qtproject.example.camera}: mAnimatingExit=true caller=com.android.server.wm.WindowState.removeIfPossible:3213 com.android.server.wm.WindowManagerService.removeWindow:2286 com.android.server.wm.Session.remove:237 android.view.ViewRootImpl.dispatchDetachedFromWindow:6428 android.view.ViewRootImpl.doDie:10464
01-05 11:59:40.343 1128 1149 V WindowManager: Changing focus from Window{a74a694 u0 Waiting For Debugger: org.qtproject.example.camera EXITING} to null displayId=0 Callers=com.android.server.wm.RootWindowContainer.updateFocusedWindowLocked:602 com.android.server.wm.WindowManagerService.updateFocusedWindowLocked:6862 com.android.server.wm.WindowState.setupWindowForRemoveOnExit:3424 com.android.server.wm.WindowState.removeIfPossible:3392
01-05 11:59:40.343 1128 1149 D MARsPolicyManager: onPackageResumedFG pkgName = android, userId = 0
01-05 11:59:40.343 1128 1149 D StatusBarManagerService: notifyRequestedSystemKey recent=false home=false
01-05 11:59:40.345 1128 1149 I WindowManager: Reparenting to leash, surface=Surface(name=Dim Layer for - WindowedMagnification:0:31)/@0xc355f65, leashParent=Surface(name=WindowedMagnification:0:31)/@0x820e318
01-05 11:59:40.345 749 1196 I SurfaceFlinger: id=212 createSurf flag=24000, Surface(name=Dim Layer for - WindowedMagnification:0:31)/@0xc355f65 - animation-leash of dimmer#212
01-05 11:59:40.346 1128 1149 D WindowManager: makeSurface duration=1 leash=Surface(name=Surface(name=Dim Layer for - WindowedMagnification:0:31)/@0xc355f65 - animation-leash of dimmer)/@0x3c81fb5
01-05 11:59:40.348 1128 1149 D InputTransport: Input channel destroyed: 'a74a694', fd=831
01-05 11:59:40.349 1128 9614 D OpenGLRenderer: trimMemory(TRIM_MEMORY_COMPLETE)::destroyRenderingContext
01-05 11:59:40.349 1128 9614 D OpenGLRenderer: RenderThread::destroyRenderingContext()
01-05 11:59:40.349 1128 9614 D OpenGLRenderer: RenderThread::setGrContext()
01-05 11:59:40.352 749 801 I gralloc4: unregister: id=2b2000000af, handle:0xb400007b83c22000, vaddr=0x7b82edf000
01-05 11:59:40.352 10554 10554 D nativeloader: Configuring clns-4 for other apk /data/app/~~66sMVJm6Xqw_P-_tDAfHvw==/org.qtproject.example.camera-jxTQjAM4uxbIMEQ7q_-Z-Q==/base.apk. target_sdk_version=30, uses_libraries=, library_path=/data/app/~~66sMVJm6Xqw_P-_tDAfHvw==/org.qtproject.example.camera-jxTQjAM4uxbIMEQ7q_-Z-Q==/lib/arm64:/data/app/~~66sMVJm6Xqw_P-_tDAfHvw==/org.qtproject.example.camera-jxTQjAM4uxbIMEQ7q_-Z-Q==/base.apk!/lib/arm64-v8a, permitted_path=/data:/mnt/expand:/data/user/0/org.qtproject.example.camera
01-05 11:59:40.352 10554 10554 D nativeloader: Extending system_exposed_libraries: libsce_v1.crypto.samsung.so:libknox_remotedesktopclient.knox.samsung.so:libaudiomirroring_jni.audiomirroring.samsung.so:libSFEffect.fonteffect.samsung.so:libSDKRecognitionText.spensdk.samsung.so:libexifa.camera.samsung.so:libjpega.camera.samsung.so:libOpenCv.camera.samsung.so:libImageScreener.camera.samsung.so:libHpr_RecGAE_cvFeature_v1.0.camera.samsung.so:libHprFace_GAE_api.camera.samsung.so:libHprFace_GAE_jni.camera.samsung.so:libObjectAndSceneClassification_2.5_OD.camera.samsung.so:libQREngine.camera.samsung.so:libInteractiveSegmentation.camera.samsung.so:libsmart_cropping.camera.samsung.so:libFacePreProcessing_jni.camera.samsung.so:libhumantracking_util.camera.samsung.so:libhumantracking_util.camera.samsung.so:libMyFilterPlugin.camera.samsung.so:libMyFilterPlugin.camera.samsung.so:libsecjpeginterface.camera.samsung.so:libsurfaceutil.camera.samsung.so:libsecimaging_pdk.camera.samsung.so:libsecimaging.camera.samsung.so:libSEF.quram.so:libimagecodec.quram.so:libagifencode
01-05 11:59:40.354 1128 2950 D InputDispatcher: Focus left window (0): a74a694 Waiting For Debugger: org.qtproject.example.camera
01-05 11:59:40.354 1128 1151 V WindowManager: Unknown focus tokens, dropping reportFocusChanged
01-05 11:59:40.367 10554 10554 V GraphicsEnvironment: ANGLE Developer option for 'org.qtproject.example.camera' set to: 'default'
01-05 11:59:40.368 10554 10554 V GraphicsEnvironment: ANGLE GameManagerService for org.qtproject.example.camera: false
01-05 11:59:40.368 10554 10554 V GraphicsEnvironment: Neither updatable production driver nor prerelease driver is supported.
01-05 11:59:40.369 749 749 D SurfaceFlinger: [input] inputWindowCommands.focusRequests size is 1
01-05 11:59:40.370 749 878 D SurfaceFlinger: [input] setFocusedWindow:
01-05 11:59:40.372 10554 10554 D NetworkSecurityConfig: No Network Security Config specified, using platform default
01-05 11:59:40.448 7855 7975 I HQCAM_DepressStickerService: After 279 seconds sleep!!!
01-05 11:59:40.469 691 748 I gralloc4: unregister: id=2b2000000b0, handle:0xb400007ab9283e00, vaddr=0x7a2189b000
01-05 11:59:40.470 691 748 I gralloc4: unregister: id=2b2000000b1, handle:0xb400007ab9298300, vaddr=0x7a217cc000
01-05 11:59:40.470 691 748 I gralloc4: unregister: id=2b2000000af, handle:0xb400007ab9298b00, vaddr=0x7a216fd000
01-05 11:59:40.471 701 10550 I HYPER-HAL: [RequestManager.cpp]releaseLocked(): Released ID : 664152
01-05 11:59:40.472 749 749 D SurfaceFlinger: Display 0 HWC layers:
01-05 11:59:40.472 749 749 D SurfaceFlinger: DEVICE | 0xb400007ba4602200 | 0100 | RGBA_8888 | 0.0 0.0 1200.0 1920.0 | 0 0 1200 1920 | Splash Screen org.qtproject.example.camera$_1504#199
01-05 11:59:40.472 749 749 D SurfaceFlinger: SOLID_COLOR | | 0000 | Unknown | 0.0 0.0 0.0 0.0 | 0 0 1200 1920 | Dim Layer for - WindowedMagnification:0:31#209
01-05 11:59:40.472 749 749 D SurfaceFlinger: DEVICE | 0xb400007ba60eb000 | 0100 | RGBA_8888 | 0.0 0.0 1200.0 36.0 | 0 0 1200 36 | StatusBar$_1504#82
01-05 11:59:40.472 749 749 D SurfaceFlinger: DEVICE | 0xb400007b83c23200 | 0100 | RGBA_8888 | 0.0 1848.0 1200.0 1920.0 | 0 1848 1200 1920 | Taskbar$_1955#126
01-05 11:59:40.472 749 749 D SurfaceFlinger:
01-05 11:59:40.478 10554 10554 D NetworkSecurityConfig: No Network Security Config specified, using platform default
01-05 11:59:40.486 10554 10607 D OpenGLRenderer: RenderThread::requireGlContext()
01-05 11:59:40.487 10554 10607 W libc : Access denied finding property "vendor.mali.config"
01-05 11:59:40.498 10554 10607 D OpenGLRenderer: RenderThread::setGrContext()
01-05 11:59:40.503 1128 4094 I GenerationRegistry: mBackingStore.isClosed() : false
01-05 11:59:40.519 10554 10554 W System : ClassLoader referenced unknown path:
01-05 11:59:40.524 720 745 E CP_CONNECT_CTL: socket_reconnect: socket_reconnect src_sock=10, des_socket=cp_time_sync_server.
01-05 11:59:40.524 720 745 E CP_CONNECT_CTL: process_socket_connect: open cp_time_sync_server failed: Connection refused [111(Connection refused)]
01-05 11:59:40.525 720 745 E CP_CONNECT_CTL: socket_reconnect: socket_reconnect src_sock=10, des_socket=cp_time_sync_server.
01-05 11:59:40.525 720 745 E CP_CONNECT_CTL: process_socket_connect: open cp_time_sync_server failed: Connection refused [111(Connection refused)]
01-05 11:59:40.525 720 745 E CP_CONNECT_CTL: socket_reconnect: socket_reconnect src_sock=10, des_socket=cp_time_sync_server.
01-05 11:59:40.525 720 745 E CP_CONNECT_CTL: process_socket_connect: open cp_time_sync_server failed: Connection refused [111(Connection refused)]
01-05 11:59:40.525 720 745 E CP_CONNECT_CTL: socket_reconnect: socket_reconnect src_sock=10, des_socket=cp_time_sync_server.
01-05 11:59:40.525 720 745 E CP_CONNECT_CTL: process_socket_connect: open cp_time_sync_server failed: Connection refused [111(Connection refused)]
01-05 11:59:40.535 10554 10554 I DecorView: [INFO] isPopOver=false config=true
01-05 11:59:40.535 10554 10554 I DecorView: updateCaptionType: isFloating=false isApplication=true hasWindowDecorCaption=false this=DecorView@756906e[]
01-05 11:59:40.536 10554 10554 D DecorView: setCaptionType = 0, this = DecorView@756906e[]
01-05 11:59:40.565 10554 10554 I DecorView: getCurrentDensityDpi: from real metrics. densityDpi=240 msg=resources_loaded
01-05 11:59:40.565 10554 10554 I DecorView: setWindowBackground: isPopOver=false color=ff171717 d=android.graphics.drawable.GradientDrawable@80c3f46
01-05 11:59:40.585 10554 10554 D Qt JAVA : Class org.qtproject.qt.android.multimedia.QtAudioDeviceManager does not implement setActivity method
01-05 11:59:40.597 10554 10620 I QtCore : Start
01-05 11:59:40.608 1128 4094 D CompatibilityChangeReporter: Compat change id reported: 161145287; UID 10245; state: DISABLED
01-05 11:59:40.621 10554 10620 I Qt : qt started
01-05 11:59:40.657 10554 10554 D CompatibilityChangeReporter: Compat change id reported: 210923482; UID 10245; state: DISABLED
01-05 11:59:40.657 10554 10554 D CompatibilityChangeReporter: Compat change id reported: 37756858; UID 10245; state: ENABLED
01-05 11:59:40.675 10554 10554 I MSHandlerLifeCycle: check: return. pkg=org.qtproject.example.camera parent=null callers=com.android.internal.policy.DecorView.setVisibility:4487 android.app.ActivityThread.handleResumeActivity:5491 android.app.servertransaction.ResumeActivityItem.execute:54 android.app.servertransaction.ActivityTransactionItem.execute:45 android.app.servertransaction.TransactionExecutor.executeLifecycleState:176
01-05 11:59:40.675 10554 10554 I MSHandlerLifeCycle: removeMultiSplitHandler: no exist. decor=DecorView@756906e[]
01-05 11:59:40.678 10554 10554 I SurfaceSyncer@51b7b1b: new SurfaceSyncer() = android.view.ViewRootImpl.:1168 android.view.ViewRootImpl.:1304 android.view.WindowManagerGlobal.addView:530 android.view.WindowManagerImpl.addView:170 android.app.ActivityThread.handleResumeActivity:5512
01-05 11:59:40.682 10554 10607 D NativeCustomFrequencyManager: [NativeCFMS] BpCustomFrequencyManager::BpCustomFrequencyManager()
01-05 11:59:40.688 1128 4094 D InputTransport: Input channel constructed: 'cdda8ee', fd=826
01-05 11:59:40.688 1128 4094 D InputTransport: Input channel constructed: 'cdda8ee', fd=831
01-05 11:59:40.688 1128 4094 D InputTransport: Input channel constructed: 'cdda8ee', fd=835
01-05 11:59:40.689 749 796 I SurfaceFlinger: id=213 createSurf flag=80004, cdda8ee org.qtproject.example.camera/org.qtproject.qt.android.bindings.QtActivity#213
01-05 11:59:40.690 1128 4094 D RestrictionPolicy: isScreenCaptureEnabled : ret=true userId=0
01-05 11:59:40.690 1128 4094 D InputTransport: Input channel destroyed: 'cdda8ee', fd=835
