01-05 12:00:37.666 720 745 E CP_CONNECT_CTL: socket_reconnect: socket_reconnect src_sock=10, des_socket=cp_time_sync_server.
01-05 12:00:37.666 720 745 E CP_CONNECT_CTL: process_socket_connect: open cp_time_sync_server failed: Connection refused [111(Connection refused)]
01-05 12:00:37.666 720 745 E CP_CONNECT_CTL: socket_reconnect: socket_reconnect src_sock=10, des_socket=cp_time_sync_server.
01-05 12:00:37.667 720 745 E CP_CONNECT_CTL: process_socket_connect: open cp_time_sync_server failed: Connection refused [111(Connection refused)]
01-05 12:00:37.667 720 745 E CP_CONNECT_CTL: socket_reconnect: socket_reconnect src_sock=10, des_socket=cp_time_sync_server.
01-05 12:00:37.667 720 745 E CP_CONNECT_CTL: process_socket_connect: open cp_time_sync_server failed: Connection refused [111(Connection refused)]
01-05 12:00:37.687 685 10974 E awb_adpt: 1479, awb_sprd_ctrl_calculation_v3_2: check handle success
01-05 12:00:37.688 685 10970 I isp_blk_cmc10: 266, _pm_cmc10_set_param: cmc_result: (1661 15694 52; 16216 1309 16267; 16367 16064 1360).
01-05 12:00:37.688 685 10970 I isp_blk_cmc10: 266, _pm_cmc10_set_param: cmc_result: (1661 15694 52; 16216 1309 16267; 16367 16064 1360).
01-05 12:00:37.689 685 10951 E Libae[FAE]: 1409, face_luma_calc: NO FACE
01-05 12:00:37.689 685 10964 I aft_sprd_lib: 3803, aft_proc_log_print: afm move diff : 1923037,diff_thr :93618539,diff_cnt : 0,g_diff(x,y,z):(0.002500,0.007500,0.031250),aem move diff : (num : r,g,b,cnt) = (0,0,0,0), scene_change_flag 0
01-05 12:00:37.689 685 10951 I cmr_oem : 9482, camera_get_af_support: af_support 1
01-05 12:00:37.692 1128 4556 D SemWifiUsabilityStatsMonitor: onWifiUsabilityStats - seqNum 122, isSameBssidAndFreq true
01-05 12:00:37.692 1128 1377 I SemWifiLinkQualityMonitor: Link Qos query: inf. ms / 0 Mbps
01-05 12:00:37.693 685 10974 I awb_adpt: 1698, awb_sprd_ctrl_calculation_v3_2: AWB result : (1299,1024,2100) 3621K , fram_count : 356 , camera_id : 0, wb mode : 0; AWB lib 64x64: (1299,1024,2100) 3621K.
01-05 12:00:37.748 685 10951 E Libae[FAE]: 1409, face_luma_calc: NO FACE
01-05 12:00:37.748 685 10974 E awb_adpt: 1479, awb_sprd_ctrl_calculation_v3_2: check handle success
01-05 12:00:37.748 685 10970 I isp_blk_cmc10: 266, _pm_cmc10_set_param: cmc_result: (1661 15694 52; 16216 1309 16267; 16367 16064 1360).
01-05 12:00:37.748 685 10970 I isp_blk_cmc10: 266, _pm_cmc10_set_param: cmc_result: (1661 15694 52; 16216 1309 16267; 16367 16064 1360).
01-05 12:00:37.748 685 10951 I cmr_oem : 9482, camera_get_af_support: af_support 1
01-05 12:00:37.750 685 10964 I aft_sprd_lib: 3803, aft_proc_log_print: afm move diff : 1393106,diff_thr :93618539,diff_cnt : 0,g_diff(x,y,z):(0.012500,0.010000,0.036250),aem move diff : (num : r,g,b,cnt) = (0,0,0,0), scene_change_flag 0
01-05 12:00:37.752 685 10974 I awb_adpt: 1698, awb_sprd_ctrl_calculation_v3_2: AWB result : (1299,1024,2100) 3621K , fram_count : 357 , camera_id : 0, wb mode : 0; AWB lib 64x64: (1299,1024,2100) 3621K.
01-05 12:00:37.808 685 10951 E Libae[FAE]: 1409, face_luma_calc: NO FACE
01-05 12:00:37.808 685 10974 E awb_adpt: 1479, awb_sprd_ctrl_calculation_v3_2: check handle success
01-05 12:00:37.809 685 10970 I isp_blk_cmc10: 266, _pm_cmc10_set_param: cmc_result: (1661 15694 52; 16216 1309 16267; 16367 16064 1360).
01-05 12:00:37.809 685 10970 I isp_blk_cmc10: 266, _pm_cmc10_set_param: cmc_result: (1661 15694 52; 16216 1309 16267; 16367 16064 1360).
01-05 12:00:37.809 685 10951 I cmr_oem : 9482, camera_get_af_support: af_support 1
01-05 12:00:37.810 685 10965 E android.hardware.camera.provider@2.4-service: [ALSC]: L 561, slsc4_calculation: slsc4, error case, pair_idx=[4,3], pair_ratio=[1.730134,-0.730134], set ratio to 1.0 and 0.0
01-05 12:00:37.810 685 10964 I aft_sprd_lib: 3803, aft_proc_log_print: afm move diff : 1563642,diff_thr :93618539,diff_cnt : 0,g_diff(x,y,z):(0.005000,0.005000,0.033750),aem move diff : (num : r,g,b,cnt) = (0,0,0,0), scene_change_flag 0
01-05 12:00:37.813 685 10974 I awb_adpt: 1698, awb_sprd_ctrl_calculation_v3_2: AWB result : (1308,1024,2094) 3639K , fram_count : 358 , camera_id : 0, wb mode : 0; AWB lib 64x64: (1308,1024,2094) 3639K.
01-05 12:00:37.848 665 665 E YLog : /system_ext/etc/ylogsource.conf load failed... error [2(No such file or directory)] [startlogServcie]
01-05 12:00:37.866 720 745 E CP_CONNECT_CTL: socket_reconnect: socket_reconnect src_sock=10, des_socket=cp_time_sync_server.
01-05 12:00:37.867 720 745 E CP_CONNECT_CTL: process_socket_connect: open cp_time_sync_server failed: Connection refused [111(Connection refused)]
01-05 12:00:37.867 720 745 E CP_CONNECT_CTL: socket_reconnect: socket_reconnect src_sock=10, des_socket=cp_time_sync_server.
01-05 12:00:37.867 720 745 E CP_CONNECT_CTL: process_socket_connect: open cp_time_sync_server failed: Connection refused [111(Connection refused)]
01-05 12:00:37.867 720 745 E CP_CONNECT_CTL: socket_reconnect: socket_reconnect src_sock=10, des_socket=cp_time_sync_server.
01-05 12:00:37.867 720 745 E CP_CONNECT_CTL: process_socket_connect: open cp_time_sync_server failed: Connection refused [111(Connection refused)]
01-05 12:00:37.867 720 745 E CP_CONNECT_CTL: socket_reconnect: socket_reconnect src_sock=10, des_socket=cp_time_sync_server.
01-05 12:00:37.867 720 745 E CP_CONNECT_CTL: process_socket_connect: open cp_time_sync_server failed: Connection refused [111(Connection refused)]
01-05 12:00:37.868 685 10951 E Libae[FAE]: 1409, face_luma_calc: NO FACE
01-05 12:00:37.868 685 10974 E awb_adpt: 1479, awb_sprd_ctrl_calculation_v3_2: check handle success
01-05 12:00:37.868 685 10970 I isp_blk_cmc10: 266, _pm_cmc10_set_param: cmc_result: (1665 15689 53; 16214 1311 16266; 16367 16062 1363).
01-05 12:00:37.869 685 10951 I cmr_oem : 9482, camera_get_af_support: af_support 1
01-05 12:00:37.869 685 10970 I isp_blk_cmc10: 266, _pm_cmc10_set_param: cmc_result: (1665 15689 53; 16214 1311 16266; 16367 16062 1363).
01-05 12:00:37.870 685 10964 I aft_sprd_lib: 3803, aft_proc_log_print: afm move diff : 1524187,diff_thr :93618539,diff_cnt : 0,g_diff(x,y,z):(0.021250,0.000000,0.016250),aem move diff : (num : r,g,b,cnt) = (0,0,0,0), scene_change_flag 0
01-05 12:00:37.873 685 10974 I awb_adpt: 1698, awb_sprd_ctrl_calculation_v3_2: AWB result : (1299,1024,2100) 3621K , fram_count : 359 , camera_id : 0, wb mode : 0; AWB lib 64x64: (1299,1024,2100) 3621K.
01-05 12:00:37.928 685 10951 E Libae[FAE]: 1409, face_luma_calc: NO FACE
01-05 12:00:37.928 685 10974 E awb_adpt: 1479, awb_sprd_ctrl_calculation_v3_2: check handle success
01-05 12:00:37.929 685 10970 I isp_blk_cmc10: 266, _pm_cmc10_set_param: cmc_result: (1693 15657 57; 16206 1324 16261; 16366 16053 1372).
01-05 12:00:37.929 685 10970 I isp_blk_cmc10: 266, _pm_cmc10_set_param: cmc_result: (1693 15657 57; 16206 1324 16261; 16366 16053 1372).
01-05 12:00:37.929 685 10951 I cmr_oem : 9482, camera_get_af_support: af_support 1
01-05 12:00:37.930 685 10964 I aft_sprd_lib: 3803, aft_proc_log_print: afm move diff : 1050595,diff_thr :93618539,diff_cnt : 0,g_diff(x,y,z):(0.018750,0.002500,0.033750),aem move diff : (num : r,g,b,cnt) = (0,0,0,0), scene_change_flag 0
01-05 12:00:37.933 685 10974 I awb_adpt: 1698, awb_sprd_ctrl_calculation_v3_2: AWB result : (1304,1024,2093) 3639K , fram_count : 360 , camera_id : 0, wb mode : 0; AWB lib 64x64: (1304,1024,2093) 3639K.
01-05 12:00:37.989 685 10951 E Libae[FAE]: 1409, face_luma_calc: NO FACE
01-05 12:00:37.989 685 10974 E awb_adpt: 1479, awb_sprd_ctrl_calculation_v3_2: check handle success
01-05 12:00:37.989 685 10970 I isp_blk_cmc10: 266, _pm_cmc10_set_param: cmc_result: (1665 15689 53; 16214 1311 16266; 16367 16062 1363).
01-05 12:00:37.989 685 10970 I isp_blk_cmc10: 266, _pm_cmc10_set_param: cmc_result: (1665 15689 53; 16214 1311 16266; 16367 16062 1363).
01-05 12:00:37.990 685 10951 I cmr_oem : 9482, camera_get_af_support: af_support 1
01-05 12:00:37.990 685 10965 E android.hardware.camera.provider@2.4-service: [ALSC]: L 561, slsc4_calculation: slsc4, error case, pair_idx=[4,3], pair_ratio=[1.753785,-0.753785], set ratio to 1.0 and 0.0
01-05 12:00:37.990 685 10964 I aft_sprd_lib: 3803, aft_proc_log_print: afm move diff : 1094833,diff_thr :93618539,diff_cnt : 0,g_diff(x,y,z):(0.012500,0.005000,0.002500),aem move diff : (num : r,g,b,cnt) = (0,0,0,0), scene_change_flag 0
01-05 12:00:37.994 685 10974 I awb_adpt: 1698, awb_sprd_ctrl_calculation_v3_2: AWB result : (1299,1024,2100) 3621K , fram_count : 361 , camera_id : 0, wb mode : 0; AWB lib 64x64: (1299,1024,2100) 3621K.
01-05 12:00:38.048 685 10951 E Libae[FAE]: 1409, face_luma_calc: NO FACE
01-05 12:00:38.049 685 10974 E awb_adpt: 1479, awb_sprd_ctrl_calculation_v3_2: check handle success
01-05 12:00:38.049 685 10970 I isp_blk_cmc10: 266, _pm_cmc10_set_param: cmc_result: (1661 15694 52; 16216 1309 16267; 16367 16064 1360).
01-05 12:00:38.049 685 10970 I isp_blk_cmc10: 266, _pm_cmc10_set_param: cmc_result: (1661 15694 52; 16216 1309 16267; 16367 16064 1360).
01-05 12:00:38.049 685 10951 I cmr_oem : 9482, camera_get_af_support: af_support 1
01-05 12:00:38.051 685 10964 I aft_sprd_lib: 3803, aft_proc_log_print: afm move diff : 993377,diff_thr :93618539,diff_cnt : 0,g_diff(x,y,z):(0.015000,0.007500,0.031250),aem move diff : (num : r,g,b,cnt) = (0,0,0,0), scene_change_flag 0
01-05 12:00:38.054 685 10974 I awb_adpt: 1698, awb_sprd_ctrl_calculation_v3_2: AWB result : (1304,1024,2093) 3639K , fram_count : 362 , camera_id : 0, wb mode : 0; AWB lib 64x64: (1304,1024,2093) 3639K.
01-05 12:00:38.067 720 745 E CP_CONNECT_CTL: socket_reconnect: socket_reconnect src_sock=10, des_socket=cp_time_sync_server.
01-05 12:00:38.067 720 745 E CP_CONNECT_CTL: process_socket_connect: open cp_time_sync_server failed: Connection refused [111(Connection refused)]
01-05 12:00:38.067 720 745 E CP_CONNECT_CTL: socket_reconnect: socket_reconnect src_sock=10, des_socket=cp_time_sync_server.
01-05 12:00:38.067 720 745 E CP_CONNECT_CTL: process_socket_connect: open cp_time_sync_server failed: Connection refused [111(Connection refused)]
01-05 12:00:38.067 720 745 E CP_CONNECT_CTL: socket_reconnect: socket_reconnect src_sock=10, des_socket=cp_time_sync_server.
01-05 12:00:38.067 720 745 E CP_CONNECT_CTL: process_socket_connect: open cp_time_sync_server failed: Connection refused [111(Connection refused)]
01-05 12:00:38.067 720 745 E CP_CONNECT_CTL: socket_reconnect: socket_reconnect src_sock=10, des_socket=cp_time_sync_server.
01-05 12:00:38.068 720 745 E CP_CONNECT_CTL: process_socket_connect: open cp_time_sync_server failed: Connection refused [111(Connection refused)]
01-05 12:00:38.109 685 10974 E awb_adpt: 1479, awb_sprd_ctrl_calculation_v3_2: check handle success
01-05 12:00:38.109 685 10951 E Libae[FAE]: 1409, face_luma_calc: NO FACE
01-05 12:00:38.109 685 10970 I isp_blk_cmc10: 266, _pm_cmc10_set_param: cmc_result: (1665 15689 53; 16214 1311 16266; 16367 16062 1363).
01-05 12:00:38.110 685 10970 I isp_blk_cmc10: 266, _pm_cmc10_set_param: cmc_result: (1665 15689 53; 16214 1311 16266; 16367 16062 1363).
01-05 12:00:38.110 685 10951 I cmr_oem : 9482, camera_get_af_support: af_support 1
01-05 12:00:38.111 685 10964 I aft_sprd_lib: 3803, aft_proc_log_print: afm move diff : 1084781,diff_thr :93618539,diff_cnt : 0,g_diff(x,y,z):(0.010000,0.007500,0.028750),aem move diff : (num : r,g,b,cnt) = (0,0,0,0), scene_change_flag 0
01-05 12:00:38.114 685 10974 I awb_adpt: 1698, awb_sprd_ctrl_calculation_v3_2: AWB result : (1299,1024,2100) 3621K , fram_count : 363 , camera_id : 0, wb mode : 0; AWB lib 64x64: (1299,1024,2100) 3621K.
01-05 12:00:38.121 1128 1229 W SensorService: Dropping 1 cached events (100/100) to save 1/1 new events. 49 events previously dropped
01-05 12:00:38.168 685 10951 E Libae[FAE]: 1409, face_luma_calc: NO FACE
01-05 12:00:38.168 685 10974 E awb_adpt: 1479, awb_sprd_ctrl_calculation_v3_2: check handle success
01-05 12:00:38.168 685 10970 I isp_blk_cmc10: 266, _pm_cmc10_set_param: cmc_result: (1661 15694 52; 16216 1309 16267; 16367 16064 1360).
01-05 12:00:38.168 685 10970 I isp_blk_cmc10: 266, _pm_cmc10_set_param: cmc_result: (1661 15694 52; 16216 1309 16267; 16367 16064 1360).
01-05 12:00:38.169 685 10951 I cmr_oem : 9482, camera_get_af_support: af_support 1
01-05 12:00:38.169 685 10965 E android.hardware.camera.provider@2.4-service: [ALSC]: L 561, slsc4_calculation: slsc4, error case, pair_idx=[4,3], pair_ratio=[1.789774,-0.789774], set ratio to 1.0 and 0.0
01-05 12:00:38.169 685 10964 I aft_sprd_lib: 3803, aft_proc_log_print: afm move diff : 1427608,diff_thr :93618539,diff_cnt : 0,g_diff(x,y,z):(0.018750,0.012500,0.045000),aem move diff : (num : r,g,b,cnt) = (0,0,0,0), scene_change_flag 0
01-05 12:00:38.171 1128 4104 I EDMNativeHelperService: isCameraEnabled
01-05 12:00:38.171 1128 4104 D EDMNativeHelper: isCameraEnabled
01-05 12:00:38.172 1128 4104 D EDMNativeHelper: checking for camera in EnterpriseDeviceManagerService
01-05 12:00:38.172 1128 4104 D EnterpriseDeviceManagerService: isCameraEnabledNative
01-05 12:00:38.172 1128 4104 D EnterpriseDeviceManagerService: checking for camera in restriction policy
01-05 12:00:38.172 1128 4104 D RestrictionPolicy: isCameraEnabled ret(true) userId(0) cxtInfo.mCallerUid(10245) cxtInfo.mContainerId(0)
01-05 12:00:38.173 685 10974 I awb_adpt: 1698, awb_sprd_ctrl_calculation_v3_2: AWB result : (1299,1024,2100) 3621K , fram_count : 364 , camera_id : 0, wb mode : 0; AWB lib 64x64: (1299,1024,2100) 3621K.
01-05 12:00:38.230 685 10951 E Libae[FAE]: 1409, face_luma_calc: NO FACE
01-05 12:00:38.230 685 10974 E awb_adpt: 1479, awb_sprd_ctrl_calculation_v3_2: check handle success
01-05 12:00:38.230 685 10970 I isp_blk_cmc10: 266, _pm_cmc10_set_param: cmc_result: (1661 15694 52; 16216 1309 16267; 16367 16064 1360).
01-05 12:00:38.230 685 10970 I isp_blk_cmc10: 266, _pm_cmc10_set_param: cmc_result: (1661 15694 52; 16216 1309 16267; 16367 16064 1360).
01-05 12:00:38.231 685 10951 I cmr_oem : 9482, camera_get_af_support: af_support 1
01-05 12:00:38.232 685 10964 I aft_sprd_lib: 3803, aft_proc_log_print: afm move diff : 1820268,diff_thr :93618539,diff_cnt : 0,g_diff(x,y,z):(0.002500,0.002500,0.031250),aem move diff : (num : r,g,b,cnt) = (0,0,0,0), scene_change_flag 0
01-05 12:00:38.235 685 10974 I awb_adpt: 1698, awb_sprd_ctrl_calculation_v3_2: AWB result : (1299,1024,2100) 3621K , fram_count : 365 , camera_id : 0, wb mode : 0; AWB lib 64x64: (1299,1024,2100) 3621K.
01-05 12:00:38.267 720 745 E CP_CONNECT_CTL: socket_reconnect: socket_reconnect src_sock=10, des_socket=cp_time_sync_server.
01-05 12:00:38.267 720 745 E CP_CONNECT_CTL: process_socket_connect: open cp_time_sync_server failed: Connection refused [111(Connection refused)]
01-05 12:00:38.268 720 745 E CP_CONNECT_CTL: socket_reconnect: socket_reconnect src_sock=10, des_socket=cp_time_sync_server.
01-05 12:00:38.268 720 745 E CP_CONNECT_CTL: process_socket_connect: open cp_time_sync_server failed: Connection refused [111(Connection refused)]
01-05 12:00:38.268 720 745 E CP_CONNECT_CTL: socket_reconnect: socket_reconnect src_sock=10, des_socket=cp_time_sync_server.
01-05 12:00:38.268 720 745 E CP_CONNECT_CTL: process_socket_connect: open cp_time_sync_server failed: Connection refused [111(Connection refused)]
01-05 12:00:38.268 720 745 E CP_CONNECT_CTL: socket_reconnect: socket_reconnect src_sock=10, des_socket=cp_time_sync_server.
01-05 12:00:38.268 720 745 E CP_CONNECT_CTL: process_socket_connect: open cp_time_sync_server failed: Connection refused [111(Connection refused)]
01-05 12:00:38.288 685 10974 E awb_adpt: 1479, awb_sprd_ctrl_calculation_v3_2: check handle success
01-05 12:00:38.288 685 10951 E Libae[FAE]: 1409, face_luma_calc: NO FACE
01-05 12:00:38.288 685 10970 I isp_blk_cmc10: 266, _pm_cmc10_set_param: cmc_result: (1661 15694 52; 16216 1309 16267; 16367 16064 1360).
01-05 12:00:38.288 685 10970 I isp_blk_cmc10: 266, _pm_cmc10_set_param: cmc_result: (1661 15694 52; 16216 1309 16267; 16367 16064 1360).
01-05 12:00:38.289 685 10951 I cmr_oem : 9482, camera_get_af_support: af_support 1
01-05 12:00:38.289 685 10964 I aft_sprd_lib: 3803, aft_proc_log_print: afm move diff : 1622647,diff_thr :93618539,diff_cnt : 0,g_diff(x,y,z):(0.002500,0.010000,0.038750),aem move diff : (num : r,g,b,cnt) = (0,0,0,0), scene_change_flag 0
01-05 12:00:38.293 685 10974 I awb_adpt: 1698, awb_sprd_ctrl_calculation_v3_2: AWB result : (1299,1024,2100) 3621K , fram_count : 366 , camera_id : 0, wb mode : 0; AWB lib 64x64: (1299,1024,2100) 3621K.
01-05 12:00:38.325 905 905 E SLOGCP : reopen_dev: open /dev/stty_lte28 error [19(No such device)]
01-05 12:00:38.348 685 10974 E awb_adpt: 1479, awb_sprd_ctrl_calculation_v3_2: check handle success
01-05 12:00:38.349 685 10951 E Libae[FAE]: 1409, face_luma_calc: NO FACE
01-05 12:00:38.349 685 10970 I isp_blk_cmc10: 266, _pm_cmc10_set_param: cmc_result: (1661 15694 52; 16216 1309 16267; 16367 16064 1360).
01-05 12:00:38.349 685 10970 I isp_blk_cmc10: 266, _pm_cmc10_set_param: cmc_result: (1661 15694 52; 16216 1309 16267; 16367 16064 1360).
01-05 12:00:38.349 685 10951 I cmr_oem : 9482, camera_get_af_support: af_support 1
01-05 12:00:38.349 685 10965 E android.hardware.camera.provider@2.4-service: [ALSC]: L 561, slsc4_calculation: slsc4, error case, pair_idx=[4,3], pair_ratio=[1.768110,-0.768110], set ratio to 1.0 and 0.0
01-05 12:00:38.350 685 10964 I aft_sprd_lib: 3803, aft_proc_log_print: afm move diff : 1194961,diff_thr :93618539,diff_cnt : 0,g_diff(x,y,z):(0.007500,0.000000,0.041250),aem move diff : (num : r,g,b,cnt) = (0,0,0,0), scene_change_flag 0
01-05 12:00:38.353 685 10974 I awb_adpt: 1698, awb_sprd_ctrl_calculation_v3_2: AWB result : (1304,1024,2093) 3639K , fram_count : 367 , camera_id : 0, wb mode : 0; AWB lib 64x64: (1304,1024,2093) 3639K.
01-05 12:00:38.410 685 10951 E Libae[FAE]: 1409, face_luma_calc: NO FACE
01-05 12:00:38.410 685 10974 E awb_adpt: 1479, awb_sprd_ctrl_calculation_v3_2: check handle success
01-05 12:00:38.410 685 10970 I isp_blk_cmc10: 266, _pm_cmc10_set_param: cmc_result: (1665 15689 53; 16214 1311 16266; 16367 16062 1363).
01-05 12:00:38.411 685 10970 I isp_blk_cmc10: 266, _pm_cmc10_set_param: cmc_result: (1665 15689 53; 16214 1311 16266; 16367 16062 1363).
01-05 12:00:38.411 685 10951 I cmr_oem : 9482, camera_get_af_support: af_support 1
01-05 12:00:38.412 685 10964 I aft_sprd_lib: 3803, aft_proc_log_print: afm move diff : 1012566,diff_thr :93618539,diff_cnt : 0,g_diff(x,y,z):(0.000000,0.007500,0.021250),aem move diff : (num : r,g,b,cnt) = (0,0,0,0), scene_change_flag 0
01-05 12:00:38.415 685 10974 I awb_adpt: 1698, awb_sprd_ctrl_calculation_v3_2: AWB result : (1304,1024,2093) 3639K , fram_count : 368 , camera_id : 0, wb mode : 0; AWB lib 64x64: (1304,1024,2093) 3639K.
01-05 12:00:38.468 720 745 E CP_CONNECT_CTL: socket_reconnect: socket_reconnect src_sock=10, des_socket=cp_time_sync_server.
01-05 12:00:38.468 720 745 E CP_CONNECT_CTL: process_socket_connect: open cp_time_sync_server failed: Connection refused [111(Connection refused)]
01-05 12:00:38.468 720 745 E CP_CONNECT_CTL: socket_reconnect: socket_reconnect src_sock=10, des_socket=cp_time_sync_server.
01-05 12:00:38.468 720 745 E CP_CONNECT_CTL: process_socket_connect: open cp_time_sync_server failed: Connection refused [111(Connection refused)]
01-05 12:00:38.468 720 745 E CP_CONNECT_CTL: socket_reconnect: socket_reconnect src_sock=10, des_socket=cp_time_sync_server.
01-05 12:00:38.468 720 745 E CP_CONNECT_CTL: process_socket_connect: open cp_time_sync_server failed: Connection refused [111(Connection refused)]
01-05 12:00:38.468 720 745 E CP_CONNECT_CTL: socket_reconnect: socket_reconnect src_sock=10, des_socket=cp_time_sync_server.
01-05 12:00:38.468 720 745 E CP_CONNECT_CTL: process_socket_connect: open cp_time_sync_server failed: Connection refused [111(Connection refused)]
01-05 12:00:38.469 685 10974 E awb_adpt: 1479, awb_sprd_ctrl_calculation_v3_2: check handle success
01-05 12:00:38.469 685 10951 E Libae[FAE]: 1409, face_luma_calc: NO FACE
01-05 12:00:38.469 685 10970 I isp_blk_cmc10: 266, _pm_cmc10_set_param: cmc_result: (1665 15689 53; 16214 1311 16266; 16367 16062 1363).
01-05 12:00:38.469 685 10970 I isp_blk_cmc10: 266, _pm_cmc10_set_param: cmc_result: (1665 15689 53; 16214 1311 16266; 16367 16062 1363).
01-05 12:00:38.469 7855 7975 I HQCAM_DepressStickerService: After 337 seconds sleep!!!
01-05 12:00:38.470 685 10951 I cmr_oem : 9482, camera_get_af_support: af_support 1
01-05 12:00:38.471 685 10964 I aft_sprd_lib: 3803, aft_proc_log_print: afm move diff : 1793546,diff_thr :93618539,diff_cnt : 0,g_diff(x,y,z):(0.007500,0.010000,0.038750),aem move diff : (num : r,g,b,cnt) = (0,0,0,0), scene_change_flag 0
01-05 12:00:38.474 685 10974 I awb_adpt: 1698, awb_sprd_ctrl_calculation_v3_2: AWB result : (1304,1024,2093) 3639K , fram_count : 369 , camera_id : 0, wb mode : 0; AWB lib 64x64: (1304,1024,2093) 3639K.
01-05 12:00:38.528 685 10974 E awb_adpt: 1479, awb_sprd_ctrl_calculation_v3_2: check handle success
01-05 12:00:38.529 685 10970 I isp_blk_cmc10: 266, _pm_cmc10_set_param: cmc_result: (1665 15689 53; 16214 1311 16266; 16367 16062 1363).
01-05 12:00:38.529 685 10970 I isp_blk_cmc10: 266, _pm_cmc10_set_param: cmc_result: (1665 15689 53; 16214 1311 16266; 16367 16062 1363).
01-05 12:00:38.529 685 10951 E Libae[FAE]: 1409, face_luma_calc: NO FACE
01-05 12:00:38.530 685 10965 E android.hardware.camera.provider@2.4-service: [ALSC]: L 561, slsc4_calculation: slsc4, error case, pair_idx=[4,3], pair_ratio=[1.819086,-0.819086], set ratio to 1.0 and 0.0
01-05 12:00:38.530 685 10951 I cmr_oem : 9482, camera_get_af_support: af_support 1
01-05 12:00:38.530 685 10964 I aft_sprd_lib: 3803, aft_proc_log_print: afm move diff : 1309997,diff_thr :93618539,diff_cnt : 0,g_diff(x,y,z):(0.010000,0.002500,0.028750),aem move diff : (num : r,g,b,cnt) = (0,0,0,0), scene_change_flag 0
01-05 12:00:38.533 685 10974 I awb_adpt: 1698, awb_sprd_ctrl_calculation_v3_2: AWB result : (1304,1024,2093) 3639K , fram_count : 370 , camera_id : 0, wb mode : 0; AWB lib 64x64: (1304,1024,2093) 3639K.
01-05 12:00:38.591 685 10974 E awb_adpt: 1479, awb_sprd_ctrl_calculation_v3_2: check handle success
01-05 12:00:38.591 685 10951 E Libae[FAE]: 1409, face_luma_calc: NO FACE
01-05 12:00:38.591 685 10970 I isp_blk_cmc10: 266, _pm_cmc10_set_param: cmc_result: (1665 15689 53; 16214 1311 16266; 16367 16062 1363).
01-05 12:00:38.591 685 10970 I isp_blk_cmc10: 266, _pm_cmc10_set_param: cmc_result: (1665 15689 53; 16214 1311 16266; 16367 16062 1363).
01-05 12:00:38.592 685 10951 I cmr_oem : 9482, camera_get_af_support: af_support 1
01-05 12:00:38.593 685 10964 I aft_sprd_lib: 3803, aft_proc_log_print: afm move diff : 1494946,diff_thr :93618539,diff_cnt : 0,g_diff(x,y,z):(0.005000,0.002500,0.031250),aem move diff : (num : r,g,b,cnt) = (0,0,0,0), scene_change_flag 0
01-05 12:00:38.596 685 10974 I awb_adpt: 1698, awb_sprd_ctrl_calculation_v3_2: AWB result : (1304,1024,2093) 3639K , fram_count : 371 , camera_id : 0, wb mode : 0; AWB lib 64x64: (1304,1024,2093) 3639K.
01-05 12:00:38.651 685 10974 E awb_adpt: 1479, awb_sprd_ctrl_calculation_v3_2: check handle success
01-05 12:00:38.651 685 10951 E Libae[FAE]: 1409, face_luma_calc: NO FACE
01-05 12:00:38.651 685 10970 I isp_blk_cmc10: 266, _pm_cmc10_set_param: cmc_result: (1665 15689 53; 16214 1311 16266; 16367 16062 1363).
01-05 12:00:38.651 685 10970 I isp_blk_cmc10: 266, _pm_cmc10_set_param: cmc_result: (1665 15689 53; 16214 1311 16266; 16367 16062 1363).
01-05 12:00:38.652 685 10951 I cmr_oem : 9482, camera_get_af_support: af_support 1
01-05 12:00:38.652 685 10964 I aft_sprd_lib: 3803, aft_proc_log_print: afm move diff : 1674078,diff_thr :93618539,diff_cnt : 0,g_diff(x,y,z):(0.012500,0.005000,0.045000),aem move diff : (num : r,g,b,cnt) = (0,0,0,0), scene_change_flag 0
01-05 12:00:38.656 685 10974 I awb_adpt: 1698, awb_sprd_ctrl_calculation_v3_2: AWB result : (1304,1024,2093) 3639K , fram_count : 372 , camera_id : 0, wb mode : 0; AWB lib 64x64: (1304,1024,2093) 3639K.
01-05 12:00:38.669 720 745 E CP_CONNECT_CTL: socket_reconnect: socket_reconnect src_sock=10, des_socket=cp_time_sync_server.
01-05 12:00:38.669 720 745 E CP_CONNECT_CTL: process_socket_connect: open cp_time_sync_server failed: Connection refused [111(Connection refused)]
01-05 12:00:38.669 720 745 E CP_CONNECT_CTL: socket_reconnect: socket_reconnect src_sock=10, des_socket=cp_time_sync_server.
01-05 12:00:38.669 720 745 E CP_CONNECT_CTL: process_socket_connect: open cp_time_sync_server failed: Connection refused [111(Connection refused)]
01-05 12:00:38.669 720 745 E CP_CONNECT_CTL: socket_reconnect: socket_reconnect src_sock=10, des_socket=cp_time_sync_server.
01-05 12:00:38.669 720 745 E CP_CONNECT_CTL: process_socket_connect: open cp_time_sync_server failed: Connection refused [111(Connection refused)]
01-05 12:00:38.669 720 745 E CP_CONNECT_CTL: socket_reconnect: socket_reconnect src_sock=10, des_socket=cp_time_sync_server.
01-05 12:00:38.669 720 745 E CP_CONNECT_CTL: process_socket_connect: open cp_time_sync_server failed: Connection refused [111(Connection refused)]
01-05 12:00:38.711 685 10951 E Libae[FAE]: 1409, face_luma_calc: NO FACE
01-05 12:00:38.711 685 10974 E awb_adpt: 1479, awb_sprd_ctrl_calculation_v3_2: check handle success
01-05 12:00:38.711 685 10970 I isp_blk_cmc10: 266, _pm_cmc10_set_param: cmc_result: (1665 15689 53; 16214 1311 16266; 16367 16062 1363).
01-05 12:00:38.712 685 10970 I isp_blk_cmc10: 266, _pm_cmc10_set_param: cmc_result: (1665 15689 53; 16214 1311 16266; 16367 16062 1363).
01-05 12:00:38.712 685 10951 I cmr_oem : 9482, camera_get_af_support: af_support 1
01-05 12:00:38.712 685 10965 E android.hardware.camera.provider@2.4-service: [ALSC]: L 561, slsc4_calculation: slsc4, error case, pair_idx=[4,3], pair_ratio=[1.744327,-0.744327], set ratio to 1.0 and 0.0
01-05 12:00:38.713 685 10964 I aft_sprd_lib: 3803, aft_proc_log_print: afm move diff : 1457505,diff_thr :93618539,diff_cnt : 0,g_diff(x,y,z):(0.018750,0.010000,0.031250),aem move diff : (num : r,g,b,cnt) = (0,0,0,0), scene_change_flag 0
01-05 12:00:38.716 685 10974 I awb_adpt: 1698, awb_sprd_ctrl_calculation_v3_2: AWB result : (1299,1024,2100) 3621K , fram_count : 373 , camera_id : 0, wb mode : 0; AWB lib 64x64: (1299,1024,2100) 3621K.
01-05 12:00:38.771 685 10951 E Libae[FAE]: 1409, face_luma_calc: NO FACE
01-05 12:00:38.772 685 10974 E awb_adpt: 1479, awb_sprd_ctrl_calculation_v3_2: check handle success
01-05 12:00:38.772 685 10970 I isp_blk_cmc10: 266, _pm_cmc10_set_param: cmc_result: (1661 15694 52; 16216 1309 16267; 16367 16064 1360).
01-05 12:00:38.772 685 10970 I isp_blk_cmc10: 266, _pm_cmc10_set_param: cmc_result: (1661 15694 52; 16216 1309 16267; 16367 16064 1360).
01-05 12:00:38.772 685 10951 I cmr_oem : 9482, camera_get_af_support: af_support 1
01-05 12:00:38.773 685 10964 I aft_sprd_lib: 3803, aft_proc_log_print: afm move diff : 942345,diff_thr :93618539,diff_cnt : 0,g_diff(x,y,z):(0.002500,0.000000,0.028750),aem move diff : (num : r,g,b,cnt) = (0,0,0,0), scene_change_flag 0
01-05 12:00:38.777 685 10974 I awb_adpt: 1698, awb_sprd_ctrl_calculation_v3_2: AWB result : (1299,1024,2100) 3621K , fram_count : 374 , camera_id : 0, wb mode : 0; AWB lib 64x64: (1299,1024,2100) 3621K.
01-05 12:00:38.832 685 10974 E awb_adpt: 1479, awb_sprd_ctrl_calculation_v3_2: check handle success
01-05 12:00:38.832 685 10951 E Libae[FAE]: 1409, face_luma_calc: NO FACE
01-05 12:00:38.832 685 10970 I isp_blk_cmc10: 266, _pm_cmc10_set_param: cmc_result: (1661 15694 52; 16216 1309 16267; 16367 16064 1360).
01-05 12:00:38.832 685 10970 I isp_blk_cmc10: 266, _pm_cmc10_set_param: cmc_result: (1661 15694 52; 16216 1309 16267; 16367 16064 1360).
01-05 12:00:38.833 685 10951 I cmr_oem : 9482, camera_get_af_support: af_support 1
01-05 12:00:38.833 685 10964 I aft_sprd_lib: 3803, aft_proc_log_print: afm move diff : 862003,diff_thr :93618539,diff_cnt : 0,g_diff(x,y,z):(0.010000,0.002500,0.023750),aem move diff : (num : r,g,b,cnt) = (0,0,0,0), scene_change_flag 0
01-05 12:00:38.837 685 10974 I awb_adpt: 1698, awb_sprd_ctrl_calculation_v3_2: AWB result : (1304,1024,2093) 3639K , fram_count : 375 , camera_id : 0, wb mode : 0; AWB lib 64x64: (1304,1024,2093) 3639K.
01-05 12:00:38.848 665 665 E YLog : /system_ext/etc/ylogsource.conf load failed... error [2(No such file or directory)] [startlogServcie]
01-05 12:00:38.869 720 745 E CP_CONNECT_CTL: socket_reconnect: socket_reconnect src_sock=10, des_socket=cp_time_sync_server.
01-05 12:00:38.869 720 745 E CP_CONNECT_CTL: process_socket_connect: open cp_time_sync_server failed: Connection refused [111(Connection refused)]
01-05 12:00:38.869 720 745 E CP_CONNECT_CTL: socket_reconnect: socket_reconnect src_sock=10, des_socket=cp_time_sync_server.
01-05 12:00:38.869 720 745 E CP_CONNECT_CTL: process_socket_connect: open cp_time_sync_server failed: Connection refused [111(Connection refused)]
01-05 12:00:38.869 720 745 E CP_CONNECT_CTL: socket_reconnect: socket_reconnect src_sock=10, des_socket=cp_time_sync_server.
01-05 12:00:38.870 720 745 E CP_CONNECT_CTL: process_socket_connect: open cp_time_sync_server failed: Connection refused [111(Connection refused)]
01-05 12:00:38.870 720 745 E CP_CONNECT_CTL: socket_reconnect: socket_reconnect src_sock=10, des_socket=cp_time_sync_server.
01-05 12:00:38.870 720 745 E CP_CONNECT_CTL: process_socket_connect: open cp_time_sync_server failed: Connection refused [111(Connection refused)]
01-05 12:00:38.892 685 10951 E Libae[FAE]: 1409, face_luma_calc: NO FACE
01-05 12:00:38.892 685 10974 E awb_adpt: 1479, awb_sprd_ctrl_calculation_v3_2: check handle success
01-05 12:00:38.892 685 10970 I isp_blk_cmc10: 266, _pm_cmc10_set_param: cmc_result: (1665 15689 53; 16214 1311 16266; 16367 16062 1363).
01-05 12:00:38.893 685 10970 I isp_blk_cmc10: 266, _pm_cmc10_set_param: cmc_result: (1665 15689 53; 16214 1311 16266; 16367 16062 1363).
01-05 12:00:38.893 685 10951 I cmr_oem : 9482, camera_get_af_support: af_support 1
01-05 12:00:38.893 685 10965 E android.hardware.camera.provider@2.4-service: [ALSC]: L 561, slsc4_calculation: slsc4, error case, pair_idx=[4,3], pair_ratio=[1.633579,-0.633579], set ratio to 1.0 and 0.0
01-05 12:00:38.894 685 10964 I aft_sprd_lib: 3803, aft_proc_log_print: afm move diff : 619360,diff_thr :93618539,diff_cnt : 0,g_diff(x,y,z):(0.023750,0.002500,0.028750),aem move diff : (num : r,g,b,cnt) = (0,0,0,0), scene_change_flag 0
01-05 12:00:38.897 685 10974 I awb_adpt: 1698, awb_sprd_ctrl_calculation_v3_2: AWB result : (1308,1024,2094) 3639K , fram_count : 376 , camera_id : 0, wb mode : 0; AWB lib 64x64: (1308,1024,2094) 3639K.
01-05 12:00:38.953 685 10951 E Libae[FAE]: 1409, face_luma_calc: NO FACE
01-05 12:00:38.953 685 10974 E awb_adpt: 1479, awb_sprd_ctrl_calculation_v3_2: check handle success
01-05 12:00:38.953 685 10970 I isp_blk_cmc10: 266, _pm_cmc10_set_param: cmc_result: (1665 15689 53; 16214 1311 16266; 16367 16062 1363).
01-05 12:00:38.953 685 10970 I isp_blk_cmc10: 266, _pm_cmc10_set_param: cmc_result: (1665 15689 53; 16214 1311 16266; 16367 16062 1363).
01-05 12:00:38.953 685 10951 I cmr_oem : 9482, camera_get_af_support: af_support 1
01-05 12:00:38.954 685 10964 I aft_sprd_lib: 3803, aft_proc_log_print: afm move diff : 809118,diff_thr :93618539,diff_cnt : 0,g_diff(x,y,z):(0.000000,0.002500,0.041250),aem move diff : (num : r,g,b,cnt) = (0,0,0,0), scene_change_flag 0
01-05 12:00:38.958 685 10974 I awb_adpt: 1698, awb_sprd_ctrl_calculation_v3_2: AWB result : (1308,1024,2094) 3639K , fram_count : 377 , camera_id : 0, wb mode : 0; AWB lib 64x64: (1308,1024,2094) 3639K.
01-05 12:00:39.012 685 10951 E Libae[FAE]: 1409, face_luma_calc: NO FACE
01-05 12:00:39.012 685 10974 E awb_adpt: 1479, awb_sprd_ctrl_calculation_v3_2: check handle success
01-05 12:00:39.012 685 10970 I isp_blk_cmc10: 266, _pm_cmc10_set_param: cmc_result: (1665 15689 53; 16214 1311 16266; 16367 16062 1363).
01-05 12:00:39.013 685 10970 I isp_blk_cmc10: 266, _pm_cmc10_set_param: cmc_result: (1665 15689 53; 16214 1311 16266; 16367 16062 1363).
01-05 12:00:39.013 685 10951 I cmr_oem : 9482, camera_get_af_support: af_support 1
01-05 12:00:39.014 685 10964 I aft_sprd_lib: 3803, aft_proc_log_print: afm move diff : 1469620,diff_thr :93618539,diff_cnt : 0,g_diff(x,y,z):(0.012500,0.010000,0.018750),aem move diff : (num : r,g,b,cnt) = (0,0,0,0), scene_change_flag 0
01-05 12:00:39.017 685 10974 I awb_adpt: 1698, awb_sprd_ctrl_calculation_v3_2: AWB result : (1308,1024,2094) 3639K , fram_count : 378 , camera_id : 0, wb mode : 0; AWB lib 64x64: (1308,1024,2094) 3639K.
01-05 12:00:39.023 443 443 D io_stats: !@ 179,0 r 177419 8909586 w 17450 344428 d 8060 440500 f 7066 2361 iot 70688 66558 th 102400 0 0 pt 0 inp 0 0 424.450
01-05 12:00:39.069 720 745 E CP_CONNECT_CTL: socket_reconnect: socket_reconnect src_sock=10, des_socket=cp_time_sync_server.
01-05 12:00:39.070 720 745 E CP_CONNECT_CTL: process_socket_connect: open cp_time_sync_server failed: Connection refused [111(Connection refused)]
01-05 12:00:39.070 720 745 E CP_CONNECT_CTL: socket_reconnect: socket_reconnect src_sock=10, des_socket=cp_time_sync_server.
01-05 12:00:39.070 720 745 E CP_CONNECT_CTL: process_socket_connect: open cp_time_sync_server failed: Connection refused [111(Connection refused)]
01-05 12:00:39.070 720 745 E CP_CONNECT_CTL: socket_reconnect: socket_reconnect src_sock=10, des_socket=cp_time_sync_server.
01-05 12:00:39.070 720 745 E CP_CONNECT_CTL: process_socket_connect: open cp_time_sync_server failed: Connection refused [111(Connection refused)]
01-05 12:00:39.070 720 745 E CP_CONNECT_CTL: socket_reconnect: socket_reconnect src_sock=10, des_socket=cp_time_sync_server.
01-05 12:00:39.070 720 745 E CP_CONNECT_CTL: process_socket_connect: open cp_time_sync_server failed: Connection refused [111(Connection refused)]
01-05 12:00:39.073 685 10951 E Libae[FAE]: 1409, face_luma_calc: NO FACE
01-05 12:00:39.073 685 10974 E awb_adpt: 1479, awb_sprd_ctrl_calculation_v3_2: check handle success
01-05 12:00:39.073 685 10970 I isp_blk_cmc10: 266, _pm_cmc10_set_param: cmc_result: (1665 15689 53; 16214 1311 16266; 16367 16062 1363).
01-05 12:00:39.073 685 10970 I isp_blk_cmc10: 266, _pm_cmc10_set_param: cmc_result: (1665 15689 53; 16214 1311 16266; 16367 16062 1363).
01-05 12:00:39.073 685 10951 I cmr_oem : 9482, camera_get_af_support: af_support 1
01-05 12:00:39.074 685 10965 E android.hardware.camera.provider@2.4-service: [ALSC]: L 561, slsc4_calculation: slsc4, error case, pair_idx=[4,3], pair_ratio=[1.593421,-0.593421], set ratio to 1.0 and 0.0
01-05 12:00:39.074 685 10964 I aft_sprd_lib: 3803, aft_proc_log_print: afm move diff : 1472341,diff_thr :93618539,diff_cnt : 0,g_diff(x,y,z):(0.007500,0.000000,0.021250),aem move diff : (num : r,g,b,cnt) = (0,0,0,0), scene_change_flag 0
01-05 12:00:39.078 685 10974 I awb_adpt: 1698, awb_sprd_ctrl_calculation_v3_2: AWB result : (1304,1024,2109) 3621K , fram_count : 379 , camera_id : 0, wb mode : 0; AWB lib 64x64: (1304,1024,2109) 3621K.
01-05 12:00:39.133 685 10951 E Libae[FAE]: 1409, face_luma_calc: NO FACE
01-05 12:00:39.133 685 10974 E awb_adpt: 1479, awb_sprd_ctrl_calculation_v3_2: check handle success
01-05 12:00:39.133 685 10970 I isp_blk_cmc10: 266, _pm_cmc10_set_param: cmc_result: (1661 15694 52; 16216 1309 16267; 16367 16064 1360).
01-05 12:00:39.134 685 10970 I isp_blk_cmc10: 266, _pm_cmc10_set_param: cmc_result: (1661 15694 52; 16216 1309 16267; 16367 16064 1360).
01-05 12:00:39.134 685 10951 I cmr_oem : 9482, camera_get_af_support: af_support 1
01-05 12:00:39.135 685 10964 I aft_sprd_lib: 3803, aft_proc_log_print: afm move diff : 944465,diff_thr :93618539,diff_cnt : 0,g_diff(x,y,z):(0.000000,0.002500,0.033750),aem move diff : (num : r,g,b,cnt) = (0,0,0,0), scene_change_flag 0
01-05 12:00:39.138 685 10974 I awb_adpt: 1698, awb_sprd_ctrl_calculation_v3_2: AWB result : (1304,1024,2109) 3621K , fram_count : 380 , camera_id : 0, wb mode : 0; AWB lib 64x64: (1304,1024,2109) 3621K.
01-05 12:00:39.192 685 10951 E Libae[FAE]: 1409, face_luma_calc: NO FACE
01-05 12:00:39.193 685 10974 E awb_adpt: 1479, awb_sprd_ctrl_calculation_v3_2: check handle success
01-05 12:00:39.193 685 10970 I isp_blk_cmc10: 266, _pm_cmc10_set_param: cmc_result: (1661 15694 52; 16216 1309 16267; 16367 16064 1360).
01-05 12:00:39.193 685 10970 I isp_blk_cmc10: 266, _pm_cmc10_set_param: cmc_result: (1661 15694 52; 16216 1309 16267; 16367 16064 1360).
01-05 12:00:39.193 685 10951 I cmr_oem : 9482, camera_get_af_support: af_support 1
01-05 12:00:39.195 685 10964 I aft_sprd_lib: 3803, aft_proc_log_print: afm move diff : 1325190,diff_thr :93618539,diff_cnt : 0,g_diff(x,y,z):(0.002500,0.012500,0.033750),aem move diff : (num : r,g,b,cnt) = (0,0,0,0), scene_change_flag 0
01-05 12:00:39.197 685 10974 I awb_adpt: 1698, awb_sprd_ctrl_calculation_v3_2: AWB result : (1304,1024,2109) 3621K , fram_count : 381 , camera_id : 0, wb mode : 0; AWB lib 64x64: (1304,1024,2109) 3621K.
01-05 12:00:39.253 685 10974 E awb_adpt: 1479, awb_sprd_ctrl_calculation_v3_2: check handle success
01-05 12:00:39.253 685 10951 E Libae[FAE]: 1409, face_luma_calc: NO FACE
01-05 12:00:39.253 685 10970 I isp_blk_cmc10: 266, _pm_cmc10_set_param: cmc_result: (1661 15694 52; 16216 1309 16267; 16367 16064 1360).
01-05 12:00:39.254 685 10970 I isp_blk_cmc10: 266, _pm_cmc10_set_param: cmc_result: (1661 15694 52; 16216 1309 16267; 16367 16064 1360).
01-05 12:00:39.254 685 10951 I cmr_oem : 9482, camera_get_af_support: af_support 1
01-05 12:00:39.254 685 10965 E android.hardware.camera.provider@2.4-service: [ALSC]: L 561, slsc4_calculation: slsc4, error case, pair_idx=[4,3], pair_ratio=[1.644396,-0.644396], set ratio to 1.0 and 0.0
01-05 12:00:39.255 685 10964 I aft_sprd_lib: 3803, aft_proc_log_print: afm move diff : 1266356,diff_thr :93618539,diff_cnt : 0,g_diff(x,y,z):(0.007500,0.010000,0.033750),aem move diff : (num : r,g,b,cnt) = (0,0,0,0), scene_change_flag 0
01-05 12:00:39.258 685 10974 I awb_adpt: 1698, awb_sprd_ctrl_calculation_v3_2: AWB result : (1299,1024,2100) 3621K , fram_count : 382 , camera_id : 0, wb mode : 0; AWB lib 64x64: (1299,1024,2100) 3621K.
01-05 12:00:39.270 720 745 E CP_CONNECT_CTL: socket_reconnect: socket_reconnect src_sock=10, des_socket=cp_time_sync_server.
01-05 12:00:39.270 720 745 E CP_CONNECT_CTL: process_socket_connect: open cp_time_sync_server failed: Connection refused [111(Connection refused)]
01-05 12:00:39.270 720 745 E CP_CONNECT_CTL: socket_reconnect: socket_reconnect src_sock=10, des_socket=cp_time_sync_server.
01-05 12:00:39.270 720 745 E CP_CONNECT_CTL: process_socket_connect: open cp_time_sync_server failed: Connection refused [111(Connection refused)]
01-05 12:00:39.270 720 745 E CP_CONNECT_CTL: socket_reconnect: socket_reconnect src_sock=10, des_socket=cp_time_sync_server.
01-05 12:00:39.270 720 745 E CP_CONNECT_CTL: process_socket_connect: open cp_time_sync_server failed: Connection refused [111(Connection refused)]
01-05 12:00:39.270 720 745 E CP_CONNECT_CTL: socket_reconnect: socket_reconnect src_sock=10, des_socket=cp_time_sync_server.
01-05 12:00:39.270 720 745 E CP_CONNECT_CTL: process_socket_connect: open cp_time_sync_server failed: Connection refused [111(Connection refused)]
01-05 12:00:39.313 685 10951 E Libae[FAE]: 1409, face_luma_calc: NO FACE
01-05 12:00:39.313 685 10974 E awb_adpt: 1479, awb_sprd_ctrl_calculation_v3_2: check handle success
01-05 12:00:39.313 685 10970 I isp_blk_cmc10: 266, _pm_cmc10_set_param: cmc_result: (1661 15694 52; 16216 1309 16267; 16367 16064 1360).
01-05 12:00:39.313 685 10970 I isp_blk_cmc10: 266, _pm_cmc10_set_param: cmc_result: (1661 15694 52; 16216 1309 16267; 16367 16064 1360).
01-05 12:00:39.313 685 10951 I cmr_oem : 9482, camera_get_af_support: af_support 1
01-05 12:00:39.314 685 10964 I aft_sprd_lib: 3803, aft_proc_log_print: afm move diff : 962841,diff_thr :93618539,diff_cnt : 0,g_diff(x,y,z):(0.000000,0.005000,0.023750),aem move diff : (num : r,g,b,cnt) = (0,0,0,0), scene_change_flag 0
01-05 12:00:39.318 685 10974 I awb_adpt: 1698, awb_sprd_ctrl_calculation_v3_2: AWB result : (1299,1024,2100) 3621K , fram_count : 383 , camera_id : 0, wb mode : 0; AWB lib 64x64: (1299,1024,2100) 3621K.
01-05 12:00:39.373 685 10951 E Libae[FAE]: 1409, face_luma_calc: NO FACE
01-05 12:00:39.373 685 10974 E awb_adpt: 1479, awb_sprd_ctrl_calculation_v3_2: check handle success
01-05 12:00:39.373 685 10970 I isp_blk_cmc10: 266, _pm_cmc10_set_param: cmc_result: (1661 15694 52; 16216 1309 16267; 16367 16064 1360).
01-05 12:00:39.374 685 10970 I isp_blk_cmc10: 266, _pm_cmc10_set_param: cmc_result: (1661 15694 52; 16216 1309 16267; 16367 16064 1360).
01-05 12:00:39.374 685 10951 I cmr_oem : 9482, camera_get_af_support: af_support 1
01-05 12:00:39.375 685 10964 I aft_sprd_lib: 3803, aft_proc_log_print: afm move diff : 977682,diff_thr :93618539,diff_cnt : 0,g_diff(x,y,z):(0.012500,0.007500,0.015000),aem move diff : (num : r,g,b,cnt) = (0,0,0,0), scene_change_flag 0
01-05 12:00:39.378 685 10974 I awb_adpt: 1698, awb_sprd_ctrl_calculation_v3_2: AWB result : (1299,1024,2100) 3621K , fram_count : 384 , camera_id : 0, wb mode : 0; AWB lib 64x64: (1299,1024,2100) 3621K.
01-05 12:00:39.433 685 10974 E awb_adpt: 1479, awb_sprd_ctrl_calculation_v3_2: check handle success
01-05 12:00:39.433 685 10951 E Libae[FAE]: 1409, face_luma_calc: NO FACE
01-05 12:00:39.434 685 10970 I isp_blk_cmc10: 266, _pm_cmc10_set_param: cmc_result: (1661 15694 52; 16216 1309 16267; 16367 16064 1360).
01-05 12:00:39.434 685 10970 I isp_blk_cmc10: 266, _pm_cmc10_set_param: cmc_result: (1661 15694 52; 16216 1309 16267; 16367 16064 1360).
01-05 12:00:39.434 685 10951 I cmr_oem : 9482, camera_get_af_support: af_support 1
01-05 12:00:39.435 685 10965 E android.hardware.camera.provider@2.4-service: [ALSC]: L 561, slsc4_calculation: slsc4, error case, pair_idx=[4,3], pair_ratio=[1.648390,-0.648390], set ratio to 1.0 and 0.0
01-05 12:00:39.435 685 10964 I aft_sprd_lib: 3803, aft_proc_log_print: afm move diff : 431576,diff_thr :93618539,diff_cnt : 0,g_diff(x,y,z):(0.000000,0.000000,0.021250),aem move diff : (num : r,g,b,cnt) = (0,0,0,0), scene_change_flag 0
01-05 12:00:39.438 685 10974 I awb_adpt: 1698, awb_sprd_ctrl_calculation_v3_2: AWB result : (1299,1024,2100) 3621K , fram_count : 385 , camera_id : 0, wb mode : 0; AWB lib 64x64: (1299,1024,2100) 3621K.
01-05 12:00:39.470 7855 7975 I HQCAM_DepressStickerService: After 338 seconds sleep!!!
01-05 12:00:39.470 720 745 E CP_CONNECT_CTL: socket_reconnect: socket_reconnect src_sock=10, des_socket=cp_time_sync_server.
01-05 12:00:39.470 720 745 E CP_CONNECT_CTL: process_socket_connect: open cp_time_sync_server failed: Connection refused [111(Connection refused)]
01-05 12:00:39.470 720 745 E CP_CONNECT_CTL: socket_reconnect: socket_reconnect src_sock=10, des_socket=cp_time_sync_server.
01-05 12:00:39.470 720 745 E CP_CONNECT_CTL: process_socket_connect: open cp_time_sync_server failed: Connection refused [111(Connection refused)]
01-05 12:00:39.470 720 745 E CP_CONNECT_CTL: socket_reconnect: socket_reconnect src_sock=10, des_socket=cp_time_sync_server.
01-05 12:00:39.471 720 745 E CP_CONNECT_CTL: process_socket_connect: open cp_time_sync_server failed: Connection refused [111(Connection refused)]
01-05 12:00:39.471 720 745 E CP_CONNECT_CTL: socket_reconnect: socket_reconnect src_sock=10, des_socket=cp_time_sync_server.
01-05 12:00:39.471 720 745 E CP_CONNECT_CTL: process_socket_connect: open cp_time_sync_server failed: Connection refused [111(Connection refused)]
01-05 12:00:39.492 685 10974 E awb_adpt: 1479, awb_sprd_ctrl_calculation_v3_2: check handle success
01-05 12:00:39.492 685 10951 E Libae[FAE]: 1409, face_luma_calc: NO FACE
01-05 12:00:39.492 685 10970 I isp_blk_cmc10: 266, _pm_cmc10_set_param: cmc_result: (1661 15694 52; 16216 1309 16267; 16367 16064 1360).
01-05 12:00:39.493 685 10970 I isp_blk_cmc10: 266, _pm_cmc10_set_param: cmc_result: (1661 15694 52; 16216 1309 16267; 16367 16064 1360).
01-05 12:00:39.493 685 10951 I cmr_oem : 9482, camera_get_af_support: af_support 1
01-05 12:00:39.494 685 10964 I aft_sprd_lib: 3803, aft_proc_log_print: afm move diff : 1321333,diff_thr :93618539,diff_cnt : 0,g_diff(x,y,z):(0.015000,0.005000,0.033750),aem move diff : (num : r,g,b,cnt) = (0,0,0,0), scene_change_flag 0
01-05 12:00:39.497 685 10974 I awb_adpt: 1698, awb_sprd_ctrl_calculation_v3_2: AWB result : (1299,1024,2100) 3621K , fram_count : 386 , camera_id : 0, wb mode : 0; AWB lib 64x64: (1299,1024,2100) 3621K.
01-05 12:00:39.553 685 10974 E awb_adpt: 1479, awb_sprd_ctrl_calculation_v3_2: check handle success
01-05 12:00:39.553 685 10951 E Libae[FAE]: 1409, face_luma_calc: NO FACE
01-05 12:00:39.553 685 10970 I isp_blk_cmc10: 266, _pm_cmc10_set_param: cmc_result: (1661 15694 52; 16216 1309 16267; 16367 16064 1360).
01-05 12:00:39.553 685 10970 I isp_blk_cmc10: 266, _pm_cmc10_set_param: cmc_result: (1661 15694 52; 16216 1309 16267; 16367 16064 1360).
01-05 12:00:39.553 685 10951 I cmr_oem : 9482, camera_get_af_support: af_support 1
01-05 12:00:39.554 685 10964 I aft_sprd_lib: 3803, aft_proc_log_print: afm move diff : 287076,diff_thr :93618539,diff_cnt : 0,g_diff(x,y,z):(0.010000,0.007500,0.036250),aem move diff : (num : r,g,b,cnt) = (0,0,0,0), scene_change_flag 0
01-05 12:00:39.557 685 10974 I awb_adpt: 1698, awb_sprd_ctrl_calculation_v3_2: AWB result : (1299,1024,2100) 3621K , fram_count : 387 , camera_id : 0, wb mode : 0; AWB lib 64x64: (1299,1024,2100) 3621K.
01-05 12:00:39.613 685 10974 E awb_adpt: 1479, awb_sprd_ctrl_calculation_v3_2: check handle success
01-05 12:00:39.613 685 10970 I isp_blk_cmc10: 266, _pm_cmc10_set_param: cmc_result: (1661 15694 52; 16216 1309 16267; 16367 16064 1360).
01-05 12:00:39.613 685 10951 E Libae[FAE]: 1409, face_luma_calc: NO FACE
01-05 12:00:39.613 685 10970 I isp_blk_cmc10: 266, _pm_cmc10_set_param: cmc_result: (1661 15694 52; 16216 1309 16267; 16367 16064 1360).
01-05 12:00:39.614 685 10951 I cmr_oem : 9482, camera_get_af_support: af_support 1
01-05 12:00:39.614 685 10965 E android.hardware.camera.provider@2.4-service: [ALSC]: L 561, slsc4_calculation: slsc4, error case, pair_idx=[4,3], pair_ratio=[1.786448,-0.786448], set ratio to 1.0 and 0.0
01-05 12:00:39.614 685 10964 I aft_sprd_lib: 3803, aft_proc_log_print: afm move diff : 768885,diff_thr :93618539,diff_cnt : 0,g_diff(x,y,z):(0.018750,0.002500,0.021250),aem move diff : (num : r,g,b,cnt) = (0,0,0,0), scene_change_flag 0
01-05 12:00:39.618 685 10974 I awb_adpt: 1698, awb_sprd_ctrl_calculation_v3_2: AWB result : (1299,1024,2100) 3621K , fram_count : 388 , camera_id : 0, wb mode : 0; AWB lib 64x64: (1299,1024,2100) 3621K.
01-05 12:00:39.671 720 745 E CP_CONNECT_CTL: socket_reconnect: socket_reconnect src_sock=10, des_socket=cp_time_sync_server.
01-05 12:00:39.671 720 745 E CP_CONNECT_CTL: process_socket_connect: open cp_time_sync_server failed: Connection refused [111(Connection refused)]
01-05 12:00:39.671 720 745 E CP_CONNECT_CTL: socket_reconnect: socket_reconnect src_sock=10, des_socket=cp_time_sync_server.
01-05 12:00:39.671 720 745 E CP_CONNECT_CTL: process_socket_connect: open cp_time_sync_server failed: Connection refused [111(Connection refused)]
01-05 12:00:39.671 720 745 E CP_CONNECT_CTL: socket_reconnect: socket_reconnect src_sock=10, des_socket=cp_time_sync_server.
01-05 12:00:39.672 720 745 E CP_CONNECT_CTL: process_socket_connect: open cp_time_sync_server failed: Connection refused [111(Connection refused)]
01-05 12:00:39.672 720 745 E CP_CONNECT_CTL: socket_reconnect: socket_reconnect src_sock=10, des_socket=cp_time_sync_server.
01-05 12:00:39.672 720 745 E CP_CONNECT_CTL: process_socket_connect: open cp_time_sync_server failed: Connection refused [111(Connection refused)]
01-05 12:00:39.674 685 10974 E awb_adpt: 1479, awb_sprd_ctrl_calculation_v3_2: check handle success
01-05 12:00:39.674 685 10951 E Libae[FAE]: 1409, face_luma_calc: NO FACE
01-05 12:00:39.675 685 10970 I isp_blk_cmc10: 266, _pm_cmc10_set_param: cmc_result: (1661 15694 52; 16216 1309 16267; 16367 16064 1360).
01-05 12:00:39.675 685 10970 I isp_blk_cmc10: 266, _pm_cmc10_set_param: cmc_result: (1661 15694 52; 16216 1309 16267; 16367 16064 1360).
01-05 12:00:39.675 685 10951 I cmr_oem : 9482, camera_get_af_support: af_support 1
01-05 12:00:39.676 685 10964 I aft_sprd_lib: 3803, aft_proc_log_print: afm move diff : 903376,diff_thr :93618539,diff_cnt : 0,g_diff(x,y,z):(0.021250,0.007500,0.036250),aem move diff : (num : r,g,b,cnt) = (0,0,0,0), scene_change_flag 0
01-05 12:00:39.677 855 10959 E Camera2-FrameProcessorBase: FrameProcessorBase: Error waiting for new frames: Connection timed out (-110)
01-05 12:00:39.680 685 10974 I awb_adpt: 1698, awb_sprd_ctrl_calculation_v3_2: AWB result : (1299,1024,2100) 3621K , fram_count : 389 , camera_id : 0, wb mode : 0; AWB lib 64x64: (1299,1024,2100) 3621K.
01-05 12:00:39.733 685 10951 E Libae[FAE]: 1409, face_luma_calc: NO FACE
01-05 12:00:39.733 685 10974 E awb_adpt: 1479, awb_sprd_ctrl_calculation_v3_2: check handle success
01-05 12:00:39.733 685 10970 I isp_blk_cmc10: 266, _pm_cmc10_set_param: cmc_result: (1661 15694 52; 16216 1309 16267; 16367 16064 1360).
01-05 12:00:39.734 685 10970 I isp_blk_cmc10: 266, _pm_cmc10_set_param: cmc_result: (1661 15694 52; 16216 1309 16267; 16367 16064 1360).
01-05 12:00:39.734 685 10951 I cmr_oem : 9482, camera_get_af_support: af_support 1
01-05 12:00:39.735 685 10964 I aft_sprd_lib: 3803, aft_proc_log_print: afm move diff : 720235,diff_thr :93618539,diff_cnt : 0,g_diff(x,y,z):(0.007500,0.005000,0.033750),aem move diff : (num : r,g,b,cnt) = (0,0,0,0), scene_change_flag 0
01-05 12:00:39.738 685 10974 I awb_adpt: 1698, awb_sprd_ctrl_calculation_v3_2: AWB result : (1299,1024,2100) 3621K , fram_count : 390 , camera_id : 0, wb mode : 0; AWB lib 64x64: (1299,1024,2100) 3621K.
01-05 12:00:39.793 685 10974 E awb_adpt: 1479, awb_sprd_ctrl_calculation_v3_2: check handle success
01-05 12:00:39.793 685 10951 E Libae[FAE]: 1409, face_luma_calc: NO FACE
01-05 12:00:39.794 685 10970 I isp_blk_cmc10: 266, _pm_cmc10_set_param: cmc_result: (1661 15694 52; 16216 1309 16267; 16367 16064 1360).
