01-05 11:59:41.925 685 10722 I hw_sensor: 297, hw_sensor_set_monitor_val: vdd_val = 12
01-05 11:59:41.925 685 10722 I android.hardware.camera.provider@2.4-service: 162, _gt9769_drv_power_on: (1:on, 0:off): 0
01-05 11:59:41.925 685 10722 I sns_drv_u: 2552, sensor_ois_deinit: not register ois driver, return directly
01-05 11:59:41.925 685 10722 I sns_drv_u: 1117, sensor_destroy_ctrl_thread: is_inited 1
01-05 11:59:41.925 685 10723 I sns_drv_u: 1031, sensor_ctrl_thread_proc: evt 526337
01-05 11:59:41.925 685 10723 I sns_drv_u: 1099, sensor_ctrl_thread_proc: EXIT DONE!
01-05 11:59:41.925 685 10722 I sns_drv_u: 1675, sensor_stream_off: E
01-05 11:59:41.925 685 10722 I sns_drv_u: 1706, sensor_stream_off: X
01-05 11:59:41.925 685 10722 I hw_sensor: 484, hw_sensor_mipi_deinit: close mipi
01-05 11:59:41.925 685 10722 I sns_drv_u: 898, sensor_i2c_deinit: i2c deinit ok
01-05 11:59:41.925 685 10722 I sns_drv_u: 602, sensor_power_on: E:power_on = 0
01-05 11:59:41.926 685 10722 I hw_sensor: 404, hw_sensor_set_mclk: mclk 0, ret 0
01-05 11:59:41.926 685 10722 I hw_sensor: 259, hw_sensor_set_avdd_val: vdd_val is 12, set result is =0
01-05 11:59:41.926 685 10722 I hw_sensor: 270, hw_sensor_set_dvdd_val: vdd_val is 12, set result is =0
01-05 11:59:41.927 685 10722 I hw_sensor: 281, hw_sensor_set_iovdd_val: vdd_val is 12, set result is =0
01-05 11:59:41.927 685 10722 I a801_gc8034_backly: 289, gc8034_drv_power_on: (1:on, 0:off): 0
01-05 11:59:41.927 685 10722 I hw_sensor: 153, hw_sensor_drv_delete: hw dev delete
01-05 11:59:41.927 685 10722 I sns_drv_u: 1238, sensor_context_deinit: X
01-05 11:59:41.927 685 10722 I sns_drv_u: 1778, sensor_close_common: X
01-05 11:59:41.927 685 10722 I cmr_sensor: 1080, cmr_sns_close: close sensor ok
01-05 11:59:41.927 685 685 I cmr_sensor: 1024, cmr_sns_destroy_thread: is_inited 1
01-05 11:59:41.927 720 745 E CP_CONNECT_CTL: socket_reconnect: socket_reconnect src_sock=10, des_socket=cp_time_sync_server.
01-05 11:59:41.927 685 685 I cmr_grab: 1682, cmr_grab_kill_thread: write OK
01-05 11:59:41.927 685 10729 I cmr_grab: 1741, cmr_grab_thread_proc: TX Stopped, exit thread
01-05 11:59:41.927 685 685 I cmr_grab: 1684, cmr_grab_kill_thread: wait OK
01-05 11:59:41.927 720 745 E CP_CONNECT_CTL: process_socket_connect: open cp_time_sync_server failed: Connection refused [111(Connection refused)]
01-05 11:59:41.927 720 745 E CP_CONNECT_CTL: socket_reconnect: socket_reconnect src_sock=10, des_socket=cp_time_sync_server.
01-05 11:59:41.927 685 685 I cmr_grab: 234, cmr_grab_deinit: close fd
01-05 11:59:41.927 685 685 I cmr_grab: 239, cmr_grab_deinit: SPRD_IMG_IO_PUT_DCAM_RES
01-05 11:59:41.927 720 745 E CP_CONNECT_CTL: process_socket_connect: open cp_time_sync_server failed: Connection refused [111(Connection refused)]
01-05 11:59:41.927 720 745 E CP_CONNECT_CTL: socket_reconnect: socket_reconnect src_sock=10, des_socket=cp_time_sync_server.
01-05 11:59:41.927 720 745 E CP_CONNECT_CTL: process_socket_connect: open cp_time_sync_server failed: Connection refused [111(Connection refused)]
01-05 11:59:41.927 720 745 E CP_CONNECT_CTL: socket_reconnect: socket_reconnect src_sock=10, des_socket=cp_time_sync_server.
01-05 11:59:41.927 720 745 E CP_CONNECT_CTL: process_socket_connect: open cp_time_sync_server failed: Connection refused [111(Connection refused)]
01-05 11:59:41.932 685 685 I cmr_grab: 259, cmr_grab_deinit: p_grab->fd closed
01-05 11:59:41.932 685 685 I cmr_grab: 261, cmr_grab_deinit: mode_enable = 0
01-05 11:59:41.932 685 685 I cmr_mm_dvfs: 91, cmr_mm_dvfs_deinit: mm_dvfs_instance 0xe89cc7c0 mm_dvfs_handle 0xe89cc7c0
01-05 11:59:41.932 685 685 I cmr_mm_dvfs: 98, cmr_mm_dvfs_deinit: X
01-05 11:59:41.932 685 685 I Cam3OEMIf: 1061, closeCamera: :hal3: X CamId=0 TotalIonSize=3383296 TotalGpuSize=0, total_size 3383296
01-05 11:59:41.932 685 685 I Cam3OEMIf: 913, ~SprdCamera3OEMIf: :hal3: Destructor E camId=0
01-05 11:59:41.932 685 685 I Cam3OEMIf: 932, ~SprdCamera3OEMIf: camera low power mode exit
01-05 11:59:41.932 685 685 I Cam3OEMIf: 3320, freeAllCameraMem: :hal3: E
01-05 11:59:41.932 685 685 D RefBase : RefBase: Explicit destruction, weak count = 0 (in 0xe8bbd940)
01-05 11:59:41.932 685 685 W RefBase : CallStack::getCurrentInternal not linked, returning null
01-05 11:59:41.933 685 685 W RefBase : CallStack::logStackInternal not linked
01-05 11:59:41.933 685 685 D RefBase : RefBase: Explicit destruction, weak count = 0 (in 0xe8bbd960)
01-05 11:59:41.933 685 685 W RefBase : CallStack::getCurrentInternal not linked, returning null
01-05 11:59:41.933 685 685 W RefBase : CallStack::logStackInternal not linked
01-05 11:59:41.933 685 685 D RefBase : RefBase: Explicit destruction, weak count = 0 (in 0xe8bbd980)
01-05 11:59:41.933 685 685 W RefBase : CallStack::getCurrentInternal not linked, returning null
01-05 11:59:41.933 685 685 W RefBase : CallStack::logStackInternal not linked
01-05 11:59:41.933 685 685 D RefBase : RefBase: Explicit destruction, weak count = 0 (in 0xe8bbd9a0)
01-05 11:59:41.933 685 685 W RefBase : CallStack::getCurrentInternal not linked, returning null
01-05 11:59:41.933 685 685 W RefBase : CallStack::logStackInternal not linked
01-05 11:59:41.933 685 685 D RefBase : RefBase: Explicit destruction, weak count = 0 (in 0xe8bbda00)
01-05 11:59:41.933 685 685 W RefBase : CallStack::getCurrentInternal not linked, returning null
01-05 11:59:41.933 685 685 W RefBase : CallStack::logStackInternal not linked
01-05 11:59:41.933 685 685 D RefBase : RefBase: Explicit destruction, weak count = 0 (in 0xe8bbda20)
01-05 11:59:41.933 685 685 W RefBase : CallStack::getCurrentInternal not linked, returning null
01-05 11:59:41.933 685 685 W RefBase : CallStack::logStackInternal not linked
01-05 11:59:41.933 685 685 D RefBase : RefBase: Explicit destruction, weak count = 0 (in 0xe8bbda40)
01-05 11:59:41.933 685 685 W RefBase : CallStack::getCurrentInternal not linked, returning null
01-05 11:59:41.933 685 685 W RefBase : CallStack::logStackInternal not linked
01-05 11:59:41.933 685 685 D RefBase : RefBase: Explicit destruction, weak count = 0 (in 0xe8bbda60)
01-05 11:59:41.933 685 685 W RefBase : CallStack::getCurrentInternal not linked, returning null
01-05 11:59:41.933 685 685 W RefBase : CallStack::logStackInternal not linked
01-05 11:59:41.933 685 685 D RefBase : RefBase: Explicit destruction, weak count = 0 (in 0xe8bbda80)
01-05 11:59:41.933 685 685 W RefBase : CallStack::getCurrentInternal not linked, returning null
01-05 11:59:41.933 685 685 W RefBase : CallStack::logStackInternal not linked
01-05 11:59:41.933 685 685 D RefBase : RefBase: Explicit destruction, weak count = 0 (in 0xe8bbdaa0)
01-05 11:59:41.933 685 685 W RefBase : CallStack::getCurrentInternal not linked, returning null
01-05 11:59:41.933 685 685 W RefBase : CallStack::logStackInternal not linked
01-05 11:59:41.933 685 685 D RefBase : RefBase: Explicit destruction, weak count = 0 (in 0xe8bbdac0)
01-05 11:59:41.933 685 685 W RefBase : CallStack::getCurrentInternal not linked, returning null
01-05 11:59:41.933 685 685 W RefBase : CallStack::logStackInternal not linked
01-05 11:59:41.933 685 685 D RefBase : RefBase: Explicit destruction, weak count = 0 (in 0xe8bbdb40)
01-05 11:59:41.933 685 685 W RefBase : CallStack::getCurrentInternal not linked, returning null
01-05 11:59:41.933 685 685 W RefBase : CallStack::logStackInternal not linked
01-05 11:59:41.933 685 685 D RefBase : RefBase: Explicit destruction, weak count = 0 (in 0xe8bbdbc0)
01-05 11:59:41.933 685 685 W RefBase : CallStack::getCurrentInternal not linked, returning null
01-05 11:59:41.933 685 685 W RefBase : CallStack::logStackInternal not linked
01-05 11:59:41.933 685 685 D RefBase : RefBase: Explicit destruction, weak count = 0 (in 0xe8bbdbe0)
01-05 11:59:41.933 685 685 W RefBase : CallStack::getCurrentInternal not linked, returning null
01-05 11:59:41.933 685 685 W RefBase : CallStack::logStackInternal not linked
01-05 11:59:41.933 685 685 D RefBase : RefBase: Explicit destruction, weak count = 0 (in 0xe8bbdc20)
01-05 11:59:41.933 685 685 W RefBase : CallStack::getCurrentInternal not linked, returning null
01-05 11:59:41.933 685 685 W RefBase : CallStack::logStackInternal not linked
01-05 11:59:41.933 685 685 D RefBase : RefBase: Explicit destruction, weak count = 0 (in 0xe8bbdc40)
01-05 11:59:41.933 685 685 W RefBase : CallStack::getCurrentInternal not linked, returning null
01-05 11:59:41.933 685 685 W RefBase : CallStack::logStackInternal not linked
01-05 11:59:41.933 685 685 D RefBase : RefBase: Explicit destruction, weak count = 0 (in 0xe8bbdcc0)
01-05 11:59:41.933 685 685 W RefBase : CallStack::getCurrentInternal not linked, returning null
01-05 11:59:41.933 685 685 W RefBase : CallStack::logStackInternal not linked
01-05 11:59:41.933 685 685 D RefBase : RefBase: Explicit destruction, weak count = 0 (in 0xe8bbde00)
01-05 11:59:41.933 685 685 W RefBase : CallStack::getCurrentInternal not linked, returning null
01-05 11:59:41.933 685 685 W RefBase : CallStack::logStackInternal not linked
01-05 11:59:41.933 685 685 D RefBase : RefBase: Explicit destruction, weak count = 0 (in 0xe8bbde20)
01-05 11:59:41.933 685 685 W RefBase : CallStack::getCurrentInternal not linked, returning null
01-05 11:59:41.933 685 685 W RefBase : CallStack::logStackInternal not linked
01-05 11:59:41.933 685 685 D RefBase : RefBase: Explicit destruction, weak count = 0 (in 0xe8bbde60)
01-05 11:59:41.933 685 685 W RefBase : CallStack::getCurrentInternal not linked, returning null
01-05 11:59:41.933 685 685 W RefBase : CallStack::logStackInternal not linked
01-05 11:59:41.933 685 685 I Cam3OEMIf: 3462, freeAllCameraMem: :hal3: X CamId=0 TotalIonSize=0 TotalGpuSize=0, total_size 0
01-05 11:59:41.933 685 685 I Cam3OEMIf: 951, ~SprdCamera3OEMIf: :hal3: X
01-05 11:59:41.933 685 685 I Cam3PowerPerf: 71, ~SprdCameraSystemPerformance: E
01-05 11:59:41.944 685 685 D PowerHALCli: ~PowerHintScene: camera_lowpower
01-05 11:59:41.944 685 685 D android.hardware.camera.provider@2.4-service: PowerHintScene Enter OnDestroy
01-05 11:59:41.944 685 685 D PowerHALCli: ~PowerHintScene: camera_perf
01-05 11:59:41.944 705 705 D vendor.unisoc.hardware.power-service: Enter getSceneIdByName: sceneName:camera_perf
01-05 11:59:41.944 685 685 D PowerHALCli: ~PowerHintScene: camera_lowpower_1
01-05 11:59:41.944 685 685 D android.hardware.camera.provider@2.4-service: PowerHintScene Enter OnDestroy
01-05 11:59:41.944 685 685 D PowerHALCli: ~PowerHintScene: camera_high_perf
01-05 11:59:41.944 685 685 D android.hardware.camera.provider@2.4-service: PowerHintScene Enter OnDestroy
01-05 11:59:41.944 685 685 D PowerHALCli: ~PowerHALManager: call E
01-05 11:59:41.944 705 705 D PowerHAL: ###Exit camera_perf scene bgn###
01-05 11:59:41.944 685 685 D PowerHALCli: ~PowerHALManager: call X
01-05 11:59:41.944 705 705 D PowerHAL: Enter cpufreq_set_for_release_when_close: enable:0, duration: 0, /dev/cluster0_freq_max: 1BC560
01-05 11:59:41.944 705 705 D PowerHAL: ALL cluster0_freq_max requests has been handled
01-05 11:59:41.944 685 685 I Cam3PowerPerf: 76, ~SprdCameraSystemPerformance: X
01-05 11:59:41.944 685 685 D RefBase : RefBase: Explicit destruction, weak count = 0 (in 0xe8ed44ac)
01-05 11:59:41.944 685 685 W RefBase : CallStack::getCurrentInternal not linked, returning null
01-05 11:59:41.944 685 685 W RefBase : CallStack::logStackInternal not linked
01-05 11:59:41.944 705 705 D PowerHAL: Enter cpufreq_set_for_release_when_close: enable:0, duration: 0, /dev/cluster0_freq_min: 1BC560
01-05 11:59:41.944 705 705 D PowerHAL: ALL cluster0_freq_min requests has been handled
01-05 11:59:41.944 705 705 D PowerHAL: Enter cpufreq_set_for_release_when_close: enable:0, duration: 0, /dev/cluster1_freq_max: 1EF1E0
01-05 11:59:41.944 705 705 D PowerHAL: ALL cluster1_freq_max requests has been handled
01-05 11:59:41.944 705 705 D PowerHAL: Enter cpufreq_set_for_release_when_close: enable:0, duration: 0, /dev/cluster1_freq_min: 1EF1E0
01-05 11:59:41.944 705 705 D PowerHAL: ALL cluster1_freq_min requests has been handled
01-05 11:59:41.944 685 685 I Cam3Setting: 2531, initStaticParametersforScalerInfo: id=0 format=35
01-05 11:59:41.944 705 705 D PowerHAL: ###Exit camera_perf scene end###
01-05 11:59:41.944 685 685 I Cam3Setting: 1353, getJpegStreamSize: jpeg_stream_size = 11985416
01-05 11:59:41.944 685 685 I Cam3Setting: 3415, initStaticParameters: cameraId:0, availabe_ai_scene:0, sprd_ai_scene_type_current:0,pdaf_type=0
01-05 11:59:41.944 685 685 I Cam3HWI : 587, closeCamera: [cam_hal_flow] : CamId = 0, closeCamera -
01-05 11:59:41.944 685 685 I Cam3HWI : 225, ~SprdCamera3HWI: :hal3: Destructor E camId=0
01-05 11:59:41.944 685 685 I Cam3HWI : 3586, close_camera_device: fdr set multi mode to single
01-05 11:59:41.944 685 685 I Cam3HWI : 3590, close_camera_device: :hal3: camera3->close X mCameraSessionActive 0
01-05 11:59:41.944 685 9774 D android.hardware.camera.provider@2.4-service: PowerHintScene Enter OnDestroy
01-05 11:59:41.945 855 4179 D HidlCamera3-Device: CameraPerf: close X (163ms)
01-05 11:59:41.945 855 4179 I Camera3-Device: disconnectImpl: X
01-05 11:59:41.945 855 4179 D CameraService: BasicClient::disconnect E
01-05 11:59:41.946 855 4179 I CameraService: finishCameraOps: Finish camera ops, package name = org.qtproject.example.camera, client UID = 10245
01-05 11:59:41.946 855 4179 I CameraService: decreaseCamConnRef: ref=0
01-05 11:59:41.947 855 4179 I CameraService: decreaseCamConnRef: service.camera.running set to 0
01-05 11:59:41.947 1504 1749 I CameraManagerGlobal: Camera 0 facing CAMERA_FACING_BACK state now CAMERA_STATE_CLOSED for client org.qtproject.example.camera API Level 1 User Id 0
01-05 11:59:41.947 1128 4094 I CameraManagerGlobal: postSingleUpdate device: camera id 0 status STATUS_PRESENT
01-05 11:59:41.948 2745 2777 I CameraManagerGlobal: Camera 0 facing CAMERA_FACING_BACK state now CAMERA_STATE_CLOSED for client org.qtproject.example.camera API Level 1 User Id 0
01-05 11:59:41.948 1791 1812 I CameraManagerGlobal: Camera 0 facing CAMERA_FACING_BACK state now CAMERA_STATE_CLOSED for client org.qtproject.example.camera API Level 1 User Id 0
01-05 11:59:41.948 1128 4094 I CameraManagerGlobal: Camera 0 facing CAMERA_FACING_BACK state now CAMERA_STATE_CLOSED for client org.qtproject.example.camera API Level 1 User Id 0
01-05 11:59:41.948 855 4179 I CameraFlashlight: deviceClosed: device 0 is closed
01-05 11:59:41.948 855 4179 I CameraService: disconnect: Disconnected client for camera 0 for PID 10554
01-05 11:59:41.948 855 4179 D CameraService: BasicClient::disconnect X
01-05 11:59:41.948 855 4179 I CameraServiceProxyWrapper: updateProxyDeviceState: notifyCameraState for Camera ID 0, newState 3, facing 0, clientName org.qtproject.example.camera, apiLevel 1
01-05 11:59:41.948 2501 8150 I CameraManagerGlobal: postSingleUpdate device: camera id 0 status STATUS_PRESENT
01-05 11:59:41.948 2501 8150 I CameraManagerGlobal: postSingleUpdate device: camera id 0 status STATUS_PRESENT
01-05 11:59:41.948 1128 4094 I CameraManagerGlobal: onCameraDeviceStateChangedLocked: post device state update
01-05 11:59:41.948 2501 8150 I CameraManagerGlobal: Camera 0 facing CAMERA_FACING_BACK state now CAMERA_STATE_CLOSED for client org.qtproject.example.camera API Level 1 User Id 0
01-05 11:59:41.948 2501 8150 I CameraManagerGlobal: onCameraDeviceStateChangedLocked: post device state update
01-05 11:59:41.948 2501 8150 I CameraManagerGlobal: onCameraDeviceStateChangedLocked: post device state update
01-05 11:59:41.949 855 6470 I Camera2Client: Camera 0: Closed
01-05 11:59:41.949 855 6470 D Camera2ClientBase: Camera 0: start to disconnect
01-05 11:59:41.949 855 6470 D Camera2ClientBase: Camera 0: serializationLock acquired
01-05 11:59:41.949 855 6470 D Camera2ClientBase: Camera 0: Shutting down
01-05 11:59:41.949 855 6470 I Camera3-Device: disconnectImpl: E
01-05 11:59:41.949 855 6470 D Camera3-Device: disconnectImpl: mInterfaceLock.unlock()
01-05 11:59:41.949 855 6470 I Camera3-Device: setDeviceInjector
01-05 11:59:41.949 855 6470 D CameraService: BasicClient::disconnect E
01-05 11:59:41.949 855 6470 D CameraService: BasicClient::disconnect X - already disconnected
01-05 11:59:41.949 855 6470 I Camera2ClientBase: Closed Camera 0. Client was: org.qtproject.example.camera (PID 10554, UID 10245)
01-05 11:59:41.949 855 6470 I Camera3-Device: disconnectImpl: E
01-05 11:59:41.949 855 6470 D Camera3-Device: disconnectImpl: mInterfaceLock.unlock()
01-05 11:59:41.949 855 6470 D Camera3-RequestInjector: RequestInjector[0] Mapper destroyed
01-05 11:59:41.949 855 6470 I Camera3DeviceInjectionMethods: injectionDisconnectImpl: Injection camera disconnect
01-05 11:59:41.949 855 6470 D CameraService: BasicClient::disconnect E
01-05 11:59:41.949 855 6470 D CameraService: BasicClient::disconnect X - already disconnected
01-05 11:59:41.950 855 6091 D CameraService: getNumberOfCameras E
01-05 11:59:41.950 855 6091 D CameraService: getNumberOfCameras X: ok
01-05 11:59:41.950 855 6091 D CameraService: getCameraInfo E: 1
01-05 11:59:41.951 1128 1259 I CameraService_worker: DeviceInjector, external present = false
01-05 11:59:41.951 2483 2483 W ContextImpl: Calling a method in the system process without a qualified user: android.app.ContextImpl.startService:1926 android.content.ContextWrapper.startService:834 android.content.ContextWrapper.startService:834 com.sec.android.diagmonagent.sa.receiver.CFLogReceiver.a:4 com.sec.android.diagmonagent.sa.receiver.CFLogReceiver.onReceive:4
01-05 11:59:41.952 855 6091 D CameraService: getCameraInfo X
01-05 11:59:41.954 855 6091 I CameraService: CameraService::connect call (PID -1 "org.qtproject.example.camera", camera ID 1) and Camera API version 1
01-05 11:59:41.954 855 6091 I CameraService: isUidActiveLocked E: uid 10245, callingPackage org.qtproject.example.camera, isRegistered true
01-05 11:59:41.955 855 6091 I CameraService: isUidActiveLocked X: uid 10245, callingPackage org.qtproject.example.camera, isActive true.
01-05 11:59:41.955 1128 4104 I EDMNativeHelperService: isCameraEnabled
01-05 11:59:41.955 1128 4104 D EDMNativeHelper: isCameraEnabled
01-05 11:59:41.956 1128 4104 D EDMNativeHelper: checking for camera in EnterpriseDeviceManagerService
01-05 11:59:41.956 1128 4104 D EnterpriseDeviceManagerService: isCameraEnabledNative
01-05 11:59:41.956 1128 4104 D EnterpriseDeviceManagerService: checking for camera in restriction policy
01-05 11:59:41.956 1128 4104 D RestrictionPolicy: isCameraEnabled ret(true) userId(0) cxtInfo.mCallerUid(10245) cxtInfo.mContainerId(0)
01-05 11:59:41.957 855 6091 I CameraService: CameraService::validateClientPermissionsLocked is ok : calling pid 10554, calling uid 10245, client org.qtproject.example.camera , cameraservice pid=855, device user 0, currently allowed device users: 0
01-05 11:59:41.957 855 6091 I CameraService: CameraService::handleEvictionsLocked
01-05 11:59:41.957 855 6091 I CameraService: wouldEvictLocked: [incoming client] owner = 10554, priority-score=0, cost=100, returnIncompatibleClients=false
01-05 11:59:41.957 855 6091 I CameraService: wouldEvictLocked: [cost info] current cost=0, adding cost=100, total cost=100, max cost=100
01-05 11:59:41.957 855 6091 I CameraService: wouldEvictLocked: [highestPriority] owner=10554, score=0
01-05 11:59:41.957 855 6091 I CameraFlashlight: prepareDeviceOpen: prepare for device open(cameraId=1)
01-05 11:59:41.958 855 6091 I Camera2ClientBase: Camera 1: Opened. Client: org.qtproject.example.camera (PID 10554, UID 10245)
01-05 11:59:41.958 855 6091 I CameraService: service.camera.client set to org.qtproject.example.camera
01-05 11:59:41.958 855 6091 I CameraService: startCameraOps: Start camera ops, package name = org.qtproject.example.camera, client UID = 10245
01-05 11:59:41.960 855 6091 I CameraService: increaseCamConnRef: ref=1
01-05 11:59:41.960 855 6091 I CameraService: increaseCamConnRef: service.camera.running set to 1
01-05 11:59:41.960 1128 4102 I CameraManagerGlobal: postSingleUpdate device: camera id 1 status STATUS_NOT_AVAILABLE
01-05 11:59:41.960 855 6091 D Camera3-RequestInjector: RequestInjector[1] Mapper created
01-05 11:59:41.961 855 6091 D HidlCamera3-Device: CameraPerf: initialize E
01-05 11:59:41.961 855 6091 D HidlCamera3-Device: initialize: mInterfaceLock.lock()
01-05 11:59:41.961 2501 8150 I CameraManagerGlobal: postSingleUpdate device: camera id 1 status STATUS_NOT_AVAILABLE
01-05 11:59:41.961 855 6091 D CameraProviderManager: CameraPerf: openHidlSession E
01-05 11:59:41.961 2501 8150 I CameraManagerGlobal: postSingleUpdate device: camera id 1 status STATUS_NOT_AVAILABLE
01-05 11:59:41.961 685 685 I Cam3Factory: overrideCameraIdIfNeeded, [o7codedebug-cameraidmap]mapbackcameraid from 1->1
01-05 11:59:41.961 685 685 I Cam3Factory: 530, open_: open camera 1
01-05 11:59:41.961 685 685 I sns_drv_u: 5956, sensor_set_HD_mode: is_HD_mode:0
01-05 11:59:41.961 685 685 I Cam3Factory: 416, is_single_expose: is_single_expose cameraId=1, physensornum=2
01-05 11:59:41.961 685 685 I Cam3HWI : 133, SprdCamera3HWI: :hal3: Constructor E camId=1
01-05 11:59:41.961 685 685 I Cam3HWI : 1684, getHighResZslSetting: [o7codedebug-remosaic] force remosaic=0[1:never_remosaic-2:remosaic_always]
01-05 11:59:41.961 685 685 I Cam3HWI : 181, SprdCamera3HWI: init arcsoft tag
01-05 11:59:41.961 685 685 I Cam3HWI : 212, SprdCamera3HWI: :hal3: Constructor X
01-05 11:59:41.961 685 685 I Cam3HWI : 348, openCamera: [cam_hal_flow] : openCamera +
01-05 11:59:41.961 685 685 I Cam3HWI : 410, openCamera: [cam_hal_flow] : CamId = 1, openCamera ++
01-05 11:59:41.961 685 685 I Cam3OEMIf: 687, SprdCamera3OEMIf: :hal3: Constructor E camId=1
01-05 11:59:41.961 685 685 I Cam3PowerPerf: 52, SprdCameraSystemPerformance: E
01-05 11:59:41.962 685 685 D PowerHALCli: setup: call mSetupDone:1
01-05 11:59:41.962 685 685 D android.hardware.camera.provider@2.4-service: PowerHintScene Enter OnCreate
01-05 11:59:41.962 685 685 D PowerHALCli: PowerHintScene: camera_lowpower
01-05 11:59:41.963 685 685 D android.hardware.camera.provider@2.4-service: PowerHintScene Enter OnCreate
01-05 11:59:41.963 685 685 D PowerHALCli: PowerHintScene: camera_high_perf
01-05 11:59:41.963 685 685 D android.hardware.camera.provider@2.4-service: PowerHintScene Enter OnCreate
01-05 11:59:41.963 685 685 D PowerHALCli: PowerHintScene: camera_perf
01-05 11:59:41.963 685 685 D android.hardware.camera.provider@2.4-service: PowerHintScene Enter OnCreate
01-05 11:59:41.963 685 685 D PowerHALCli: PowerHintScene: camera_lowpower_1
01-05 11:59:41.963 685 685 I Cam3PowerPerf: 67, SprdCameraSystemPerformance: X
01-05 11:59:41.963 705 705 D vendor.unisoc.hardware.power-service: Enter getSceneIdByName: sceneName:camera_high_perf
01-05 11:59:41.964 685 685 I Cam3OEMIf: 756, SprdCamera3OEMIf: loaded libcamoem.so mHalOem->dso = 0xd80af6ed
01-05 11:59:41.964 685 685 I Cam3OEMIf: 907, SprdCamera3OEMIf: :hal3: Constructor X
01-05 11:59:41.964 685 685 I cmr_oem : 9500, camera_set_dual_video_mode: is_dual_video 0
01-05 11:59:41.964 685 685 I Cam3OEMIf: 7313, openCamera: :hal3: E camId=1
01-05 11:59:41.964 685 685 I Cam3OEMIf: 7398, openCamera: :hal3: camera_init
01-05 11:59:41.964 685 10786 I Cam3OEMIf: 13472, log_monitor_thread_proc: E, 2
01-05 11:59:41.964 685 685 I OEMCam : 43, camera_init: camera id 1 autotest 0
01-05 11:59:41.964 685 685 I cmr_oem : 13729, camera_local_int: cxt=0xe86c4b00, client_data=0xe8ed3400, master_id=0
01-05 11:59:41.964 685 685 I cmr_sensor: 890, cmr_sns_create_thread: is_inited 0
01-05 11:59:41.964 685 685 I cmr_sensor: 165, cmr_sensor_init: handle 0xe867ac80 created!
01-05 11:59:41.964 685 685 I sns_drv_u: 6038, sensor_set_multi_mode: E
01-05 11:59:41.964 685 685 I sns_drv_u: 6041, sensor_set_multi_mode: sensor_id:1, is_multi_mode:0
01-05 11:59:41.964 685 10787 I cmr_sensor: 922, cmr_sns_thread_proc: evt 524546
01-05 11:59:41.964 685 10787 I sns_drv_u: 1271, sensor_open_common: open_common physical_id 1,slotId 1,autotest 0
01-05 11:59:41.964 685 10787 I sns_drv_u: 990, sensor_create_ctrl_thread: is_inited 0
01-05 11:59:41.965 685 10787 I hw_sensor: 129, hw_sensor_drv_create: sensor_id:1
01-05 11:59:41.965 685 10787 I hw_sensor: 42, _hw_sensor_dev_init: start open sensor device node.
01-05 11:59:41.966 685 10787 I hw_sensor: 46, _hw_sensor_dev_init: fd 0x9
01-05 11:59:41.966 685 10787 I sns_drv_u: 4400, sensor_drv_ic_identify: E
01-05 11:59:41.966 685 10787 I sns_drv_u: 919, sensor_get_module_cfg_info: p1:0xe2b29e38,p2:0xdc9b65a8
01-05 11:59:41.966 685 10787 I sns_drv_u: 923, sensor_get_module_cfg_info: tab_size:1,4,112
01-05 11:59:41.966 685 10787 I sns_drv_u: 928, sensor_get_module_cfg_info: mid1:1,mid2:1,index:0
01-05 11:59:41.966 685 10787 I sns_ic_drv: 42, sensor_ic_drv_create: sns_drv_cxt:0xe863b0c0
01-05 11:59:41.966 685 10787 I a8codedebugSenrorDrv_gc5035_frontly: 312, gc5035_drv_init_fps_info: E
01-05 11:59:41.966 685 10787 I a8codedebugSenrorDrv_gc5035_frontly: 347, gc5035_drv_init_fps_info: X
01-05 11:59:41.966 685 10787 I sns_drv_u: 875, sensor_i2c_init: i2c init ok
01-05 11:59:41.966 685 10787 I sns_drv_u: 4423, sensor_drv_ic_identify: [o7codedebug-probe]i2c_addr:0x3f,i2c<<1=0x7e,sensorname=
01-05 11:59:41.966 685 10787 I hw_sensor: 580, hw_sensor_i2c_set_clk: clock = 400000
01-05 11:59:41.966 685 10787 I sns_drv_u: 602, sensor_power_on: E:power_on = 1
01-05 11:59:41.966 685 10787 I hw_sensor: 404, hw_sensor_set_mclk: mclk 0, ret 0
01-05 11:59:41.966 685 10787 I hw_sensor: 259, hw_sensor_set_avdd_val: vdd_val is 12, set result is =0
01-05 11:59:41.966 685 10787 I hw_sensor: 270, hw_sensor_set_dvdd_val: vdd_val is 12, set result is =0
01-05 11:59:41.966 685 10787 I hw_sensor: 281, hw_sensor_set_iovdd_val: vdd_val is 12, set result is =0
01-05 11:59:41.978 685 10787 I hw_sensor: 281, hw_sensor_set_iovdd_val: vdd_val is 6, set result is =0
01-05 11:59:41.980 685 10787 I hw_sensor: 270, hw_sensor_set_dvdd_val: vdd_val is 9, set result is =0
01-05 11:59:41.981 685 10787 I hw_sensor: 259, hw_sensor_set_avdd_val: vdd_val is 3, set result is =0
01-05 11:59:41.982 685 10787 I hw_sensor: 404, hw_sensor_set_mclk: mclk 26, ret 0
01-05 11:59:41.999 685 10787 I a8codedebugSenrorDrv_gc5035_frontly: 293, gc5035_drv_power_on: (1:on, 0:off): 1
01-05 11:59:41.999 685 10787 I a8codedebugSenrorDrv_gc5035_frontly: 731, gc5035_drv_identify: mipi raw identify
01-05 11:59:42.000 685 10787 I a8codedebugSenrorDrv_gc5035_frontly: 737, gc5035_drv_identify: Identify: pid_value = 50, ver_value = 35
01-05 11:59:42.000 685 10787 I a8codedebugSenrorDrv_gc5035_frontly: 739, gc5035_drv_identify: this is gc5035 sensor
01-05 11:59:42.000 685 10787 I a8codedebugSenrorDrv_gc5035_frontly: 631, gc5035_gcore_load_data: in
01-05 11:59:42.004 685 10787 I a8codedebugSenrorDrv_gc5035_frontly: 464, gc5035_gcore_read_dpc: dpc flag = 0x1
01-05 11:59:42.004 685 10787 I a8codedebugSenrorDrv_gc5035_frontly: 472, gc5035_gcore_read_dpc: dpc info is valid!
01-05 11:59:42.005 685 10787 I a8codedebugSenrorDrv_gc5035_frontly: 476, gc5035_gcore_read_dpc: total_num = 8
01-05 11:59:42.006 685 10787 I a8codedebugSenrorDrv_gc5035_frontly: 497, gc5035_gcore_read_reg: register update flag = 0x0
01-05 11:59:42.006 685 10787 I a8codedebugSenrorDrv_gc5035_frontly: 618, gc5035_otp_update: in
01-05 11:59:42.006 685 10787 I a8codedebugSenrorDrv_gc5035_frontly: 551, gc5035_otp_update_dd: DD auto load start!
01-05 11:59:42.020 685 10787 I a8codedebugSenrorDrv_gc5035_frontly: 602, gc5035_otp_update_reg: reg count = 0
01-05 11:59:42.020 685 10787 I sns_drv_u: 4470, sensor_drv_ic_identify: [o7codedebug-probe]sensor ic identify ok,MainSupplyFlag=-1,AuxSupplyFlag=-1
01-05 11:59:42.020 685 10787 I sns_drv_u: 2488, sensor_af_init: sensor a801_gc5035_frontly is focus enable 0
01-05 11:59:42.020 685 10787 I sns_drv_u: 2502, sensor_af_init: af_drv_entry not configured:module:0xe2b29e38,entry:0x0,af_ops:0x0
01-05 11:59:42.020 685 10787 I sns_drv_u: 2674, sensor_ois_init: sensor a801_gc5035_frontly is focus enable 0
01-05 11:59:42.020 685 10787 I sns_drv_u: 2689, sensor_ois_init: ois_drv_entry not configured:module:0xe2b29e38,entry:0x0,ois_ops:0x0
01-05 11:59:42.020 685 10787 I sns_drv_u: 1355, sensor_set_mode_msg: mode = 0.
01-05 11:59:42.020 685 10787 I sns_drv_u: 1375, sensor_set_mode_msg: is_async: no, phyid: 1
01-05 11:59:42.021 685 10788 I sns_drv_u: 1031, sensor_ctrl_thread_proc: evt 526338
01-05 11:59:42.021 685 10788 I sns_drv_u: 1427, sensor_set_mode: mode = 0.
01-05 11:59:42.021 685 10788 I hw_sensor: 404, hw_sensor_set_mclk: mclk 26, ret 0
01-05 11:59:42.021 685 10788 I hw_sensor: 1042, hw_Sensor_SendRegTabToSensor: E:burst_mode 0, sensor_id 1
01-05 11:59:42.041 685 10788 I hw_sensor: 1061, hw_Sensor_SendRegTabToSensor: X:reg_count 161, sensor_id 1
01-05 11:59:42.041 685 10787 I otp_common: 392, sensor_otp_drv_create: X:sensor_id:1, sensor_name:a801_gc5035_frontly, eeprom_i2c_address:0xa4, eeprom_size:8192 bytes, eeprom_num:0
01-05 11:59:42.041 685 10787 I otp_common: 432, sensor_otp_get_raw_buffer: raw buffer:0xe8c37000
01-05 11:59:42.041 685 10787 I otp_common: 473, sensor_otp_get_formatted_buffer: formatted buffer:0xe901e600
01-05 11:59:42.041 685 10787 I otp_common: 510, sensor_otp_get_buffer_state: get buffer flag(0:not in memory,1:in memory):1
01-05 11:59:42.041 685 10787 I general_otp_drv: 155, _general_otp_parse_map_version: otp version is 1.1
01-05 11:59:42.041 685 10787 I otp_common: 510, sensor_otp_get_buffer_state: get buffer flag(0:not in memory,1:in memory):1
01-05 11:59:42.041 685 10787 E sns_drv_u: 2346, sensor_otp_process: [o7codedebug-remosaic-xtalk]E:sensor_cxt->is_multi_mode=0,high_res_value=1,sensor_cxt->slot_id=1
01-05 11:59:42.041 685 10787 E sns_drv_u: 2352, sensor_otp_process: [o7codedebug-remosaic-xtalk]X: todo for sensor=a801_gc5035_frontly
01-05 11:59:42.041 685 10787 I sns_drv_u: 2264, sensor_set_otp_data_msg: E
01-05 11:59:42.041 685 10787 I sns_drv_u: 2273, sensor_set_otp_data_msg: is_async: no, phyid: 1
01-05 11:59:42.041 685 10788 I sns_drv_u: 1031, sensor_ctrl_thread_proc: evt 526346
01-05 11:59:42.041 685 10788 I sns_drv_u: 2240, sensor_set_otp_data: E
01-05 11:59:42.041 685 10788 I sns_drv_u: 2252, sensor_set_otp_data: otp_raw_data:0xe8c37008
01-05 11:59:42.041 685 10788 I a8codedebugSenrorDrv_gc5035_frontly: 692, gc5035_drv_access_val: sensor gc5035: param_ptr->type = 19
01-05 11:59:42.041 685 10787 E general_otp_drv: 2873, _general_otp_get_compatible_vendor_id: [o7codedebug-compatible] E
01-05 11:59:42.041 685 10787 E general_otp_drv: 2875, _general_otp_get_compatible_vendor_id: [o7codedebug-compatible] X:compatible_vendorid = 0x57
01-05 11:59:42.041 685 10787 I general_otp_drv: 3470, general_otp_drv_ioctl: out
01-05 11:59:42.041 685 10787 I sns_drv_u: 2187, sensor_set_raw_infor: vendor id 0
01-05 11:59:42.041 685 10787 I a8codedebugSenrorDrv_gc5035_frontly: 692, gc5035_drv_access_val: sensor gc5035: param_ptr->type = 16
01-05 11:59:42.041 685 10787 I sns_drv_u: 617, sensor_set_export_Info: E
01-05 11:59:42.041 685 10787 I sns_drv_u: 796, sensor_set_export_Info: af_drv_entry not configured:module:0xe2b29e38,af_dev:0x0
01-05 11:59:42.041 685 10787 I sns_drv_u: 796, sensor_set_export_Info: af_drv_entry not configured:module:0xe2b29e38,af_dev:0x0
01-05 11:59:42.041 685 10787 I sns_drv_u: 796, sensor_set_export_Info: af_drv_entry not configured:module:0xe2b29e38,af_dev:0x0
01-05 11:59:42.041 685 10787 I sns_drv_u: 796, sensor_set_export_Info: af_drv_entry not configured:module:0xe2b29e38,af_dev:0x0
01-05 11:59:42.041 685 10787 I sns_drv_u: 796, sensor_set_export_Info: af_drv_entry not configured:module:0xe2b29e38,af_dev:0x0
01-05 11:59:42.041 685 10787 I sns_drv_u: 796, sensor_set_export_Info: af_drv_entry not configured:module:0xe2b29e38,af_dev:0x0
01-05 11:59:42.041 685 10787 I sns_drv_u: 796, sensor_set_export_Info: af_drv_entry not configured:module:0xe2b29e38,af_dev:0x0
01-05 11:59:42.041 685 10787 I sns_drv_u: 796, sensor_set_export_Info: af_drv_entry not configured:module:0xe2b29e38,af_dev:0x0
01-05 11:59:42.041 685 10787 I sns_drv_u: 796, sensor_set_export_Info: af_drv_entry not configured:module:0xe2b29e38,af_dev:0x0
01-05 11:59:42.042 685 10787 I sns_drv_u: 832, sensor_set_export_Info: X
01-05 11:59:42.042 685 10787 I sns_drv_u: 1675, sensor_stream_off: E
01-05 11:59:42.042 685 10787 I sns_drv_u: 1706, sensor_stream_off: X
01-05 11:59:42.042 685 10787 I sns_drv_u: 4896, sensor_drv_open: open success
01-05 11:59:42.042 685 10787 I cmr_sensor: 922, cmr_sns_thread_proc: evt 524548
01-05 11:59:42.042 685 10787 I cmr_sensor: 1328, cmr_sns_ioctl: cmd = 45, arg = 0xffdb95e8.
01-05 11:59:42.042 685 10787 I a8codedebugSenrorDrv_gc5035_frontly: 692, gc5035_drv_access_val: sensor gc5035: param_ptr->type = 10
01-05 11:59:42.042 685 10787 I sns_ic_drv: 281, sensor_ic_print_static_info: a801_gc5035_frontly: f_num: 200.000000
01-05 11:59:42.042 685 10787 I sns_ic_drv: 282, sensor_ic_print_static_info: a801_gc5035_frontly: max_fps: 30
01-05 11:59:42.042 685 10787 I sns_ic_drv: 283, sensor_ic_print_static_info: a801_gc5035_frontly: max_adgain: 16
01-05 11:59:42.042 685 10787 I sns_ic_drv: 284, sensor_ic_print_static_info: a801_gc5035_frontly: ois_supported: 0
01-05 11:59:42.042 685 10787 I sns_ic_drv: 285, sensor_ic_print_static_info: a801_gc5035_frontly: pdaf_supported: 0
01-05 11:59:42.042 685 10787 I sns_ic_drv: 287, sensor_ic_print_static_info: a801_gc5035_frontly: exp_valid_frame_num: 1
01-05 11:59:42.042 685 10787 I sns_ic_drv: 288, sensor_ic_print_static_info: a801_gc5035_frontly: clam_level: 64
01-05 11:59:42.042 685 10787 I sns_ic_drv: 290, sensor_ic_print_static_info: a801_gc5035_frontly: adgain_valid_frame_num: 1
01-05 11:59:42.042 685 10787 I sns_ic_drv: 291, sensor_ic_print_static_info: a801_gc5035_frontly: sensor name is: a801_gc5035_frontly
01-05 11:59:42.042 685 10787 I sns_ic_drv: 293, sensor_ic_print_static_info: a801_gc5035_frontly: sensor version info is: V1.3050.111
01-05 11:59:42.042 685 10787 I sns_ic_drv: 294, sensor_ic_print_static_info: a801_gc5035_frontly: up2hori: 0
01-05 11:59:42.042 685 10787 I sns_ic_drv: 295, sensor_ic_print_static_info: a801_gc5035_frontly: hori2down: 0
01-05 11:59:42.042 685 685 I cmr_grab: 116, cmr_grab_init: dcam_fd=0xa
01-05 11:59:42.042 685 685 I cmr_grab: 163, cmr_grab_init: get dcam res w 0 h 0 sn id 1
01-05 11:59:42.052 685 685 I cmr_oem : 7989, camera_res_init: init thread created
01-05 11:59:42.052 685 685 I cmr_oem : 7997, camera_res_init: async msg sent
01-05 11:59:42.052 685 10787 I cmr_sensor: 922, cmr_sns_thread_proc: evt 524548
01-05 11:59:42.052 685 10787 I cmr_sensor: 1328, cmr_sns_ioctl: cmd = 45, arg = 0xffdb9718.
01-05 11:59:42.052 685 10787 I a8codedebugSenrorDrv_gc5035_frontly: 692, gc5035_drv_access_val: sensor gc5035: param_ptr->type = 7
01-05 11:59:42.052 685 685 I cmr_oem : 6270, camera_isp_init: multi_mode = 0, isp mode 0
01-05 11:59:42.052 685 10787 I cmr_sensor: 922, cmr_sns_thread_proc: evt 524548
01-05 11:59:42.052 685 10787 I cmr_sensor: 1328, cmr_sns_ioctl: cmd = 45, arg = 0xffdb9718.
01-05 11:59:42.052 685 10787 I a8codedebugSenrorDrv_gc5035_frontly: 692, gc5035_drv_access_val: sensor gc5035: param_ptr->type = 1f
01-05 11:59:42.053 685 685 I cmr_oem : 6293, camera_isp_init: multi_mode=0, f_num=200, focal_length=354, max_fps=30, max_adgain=16, ois_supported=0, pdaf_supported=0
01-05 11:59:42.053 685 685 I cmr_oem : 6298, camera_isp_init: exp_valid_frame_num=1, clamp_level=64, adgain_valid_frame_num=1, prev_skip_num=0, cap_skip_num=0, w=1296, h=972
01-05 11:59:42.053 685 685 I cmr_oem : 6302, camera_isp_init: sensor.image_pattern=0, isp.image_pattern=1, is_4in1_sensor=0, is_faceId_unlock=0, long_expose_supported=0
01-05 11:59:42.053 685 685 I isp_u_dev: 44, isp_dev_open: fd 10 handle 0xe8bbc670
01-05 11:59:42.053 685 685 I isp_dev_access: 575, isp_dev_access_init: done 0
01-05 11:59:42.054 685 685 I isp_alg_fw: 8063, isp_alg_fw_init: camera_id = 1, master 0, is_4in1_sensor 0
01-05 11:59:42.054 685 685 I isp_alg_fw: 8094, isp_alg_fw_init: cam1 done, alg enable 1, init status 0
01-05 11:59:42.054 685 685 I isp_mw : 75, isp_init: done 0
01-05 11:59:42.054 685 685 I isp_u_dev: 115, isp_dev_get_video_size: get video size width=9280, height=6944
01-05 11:59:42.054 685 10799 I isp_para_update: 2243, isp_pm_raw_para_update_from_file: there is no param file!
01-05 11:59:42.054 685 10795 I cmr_prev: 1107, cmr_preview_init: oem_handle: 0xe86c4b00, sensor_bits: 2, private_data: 0x0
01-05 11:59:42.054 685 10795 I cmr_prev: 2326, prev_create_thread: is_inited 0
01-05 11:59:42.055 685 685 I cmr_oem : 5423, camera_jpeg_init_async: init jpeg async
01-05 11:59:42.055 685 685 I cmr_oem : 5433, camera_jpeg_init_async: send message to jpeg async init thread
01-05 11:59:42.055 685 10801 I cmr_jpeg: 72, cmr_jpeg_init: open lib: libjpeg_hw_sprd.so
01-05 11:59:42.055 685 10795 I cmr_prev: 2384, prev_create_thread: ret 0
01-05 11:59:42.055 685 10795 I cmr_prev: 2433, prev_create_cb_thread: E
01-05 11:59:42.055 685 10801 I jpeg_codec: L 1100, jpeg_init: jpeg_init IN
01-05 11:59:42.055 685 10801 D jpeg_codec: L 1108, jpeg_init: jcontext 0xe8877500
01-05 11:59:42.055 685 10801 E jpeg_codec: L 1135, jpeg_init: fw_decode_buf_size 20480 ,fw_decode_buf 0xe8665680
01-05 11:59:42.055 685 10801 D JPG : L 104, jpg_msg_queue_create: queue_handle 0xe8bbd980
01-05 11:59:42.055 685 10801 D JPG : L 259, jpg_msg_post: queue_handle 0xe8bbd980, msg type 0xffffff num 0 cnt 40
01-05 11:59:42.055 685 10801 I JPG : L 292, jpg_msg_post: jpg_msg_post msg_cur 0xe8d09400
01-05 11:59:42.056 685 10806 I JPG : L 148, jpg_msg_get: jpg_msg_get msg_cur 0xe8d09400
01-05 11:59:42.056 685 10806 D JPG : L 160, jpg_msg_get: queue_handle 0xe8bbd980, msg type 0xffffff num 0 cnt 40
01-05 11:59:42.056 685 10806 I JPG : L 373, jpg_common_routine: before sem_post msg_cur 0xe8d09400
01-05 11:59:42.056 685 10806 I JPG : L 377, jpg_common_routine: sem_post msg_cur->sem 0xe8d09418
01-05 11:59:42.056 685 10806 I JPG : L 380, jpg_common_routine: after sem_post msg_cur 0xe8d09400
01-05 11:59:42.056 685 10801 I JPG : L 297, jpg_msg_post: sem_wait msg_cur 0xe8d09400 msg_cur->sem 0xe8d09418
01-05 11:59:42.056 685 10801 D jpeg_codec: L 1146, jpeg_init: jpeg handle 0xe8877500
01-05 11:59:42.056 685 10801 I JPG_CODEC: L 295, JPEGCODEC_Open:JPEGENC jpg0_addr 0xe84c4000
01-05 11:59:42.056 685 10801 I JPG_CODEC: L 301, JPEGCODEC_Open:jpeg dev fd 15, reg addr 0x0xe84c4000
01-05 11:59:42.056 685 10801 D JPG : L 491, jpg_sem_init: jpg_sem_init
01-05 11:59:42.056 685 10801 D JPG_OEM : L 251, sprd_jpeg_init: jpeg handle 0xe8877500
01-05 11:59:42.056 685 10801 D JPG_OEM : L 266, sprd_jpeg_init: done 0
01-05 11:59:42.056 685 685 I enhanceHAL: enhance_device_open: open flash device
01-05 11:59:42.056 685 10801 I cmr_oem : 5394, camera_jpeg_init_async_message_handler: jpeg async init ready
01-05 11:59:42.056 685 685 D enhanceHAL: get_panel_name:lcd_ft8201ab_boe_boe_mipi_hdp
01-05 11:59:42.056 685 685 D enhanceHAL: file /vendor/etc/enhance/lcd_ft8201ab_boe_boe_mipi_hdp_flash.xml doesn't exist, use default flash.xml
01-05 11:59:42.056 685 10799 W isp_pm : 2435, isp_pm_mode_list_init: specified pm searching list. 0x0, 0
01-05 11:59:42.059 685 10795 I cmr_oem : 7941, camera_init_thread_proc: cb thread inited
01-05 11:59:42.060 685 10799 I isp_pm : 3034, isp_pm_init: done
01-05 11:59:42.060 685 10799 I ispbr : 1090, isp_br_init: camera_id 1, is_master 0, isp_handle 0xdaf112c0
01-05 11:59:42.060 685 10799 I ispbr : 173, user_cnt_inc: init ispbr_context 0xdd4642f8
01-05 11:59:42.060 685 10799 I ispbr : 247, role_add: set 1 as s0
01-05 11:59:42.060 685 10820 W isp_alg_fw: 4909, ispalg_ae_init: warn: get ae sync param ret 0, num 0
01-05 11:59:42.061 685 10820 I isp_alg_fw: 5012, ispalg_ae_init: camera_id 1, is_master 0, is_multi_mode 0, sensor_role 0
01-05 11:59:42.061 685 10823 I isp_alg_fw: 5331, ispalg_af_init: otp_data 0xe8c79000, camera_id 1, is_master 0, is_multi_mode 0, sensor_role 0, pdaf_type 0
01-05 11:59:42.061 685 10824 E isp_alg_fw: 5045, ispalg_awb_init: fail to get ae monitor info
01-05 11:59:42.061 685 10824 I isp_alg_fw: 5070, ispalg_awb_init: awb get ae win 0 0 16 8 64 64
01-05 11:59:42.061 685 10824 I isp_alg_fw: 5092, ispalg_awb_init: AWB VERSION = 30002
01-05 11:59:42.062 685 10820 I ae_ctrl : 680, aectrl_init_adpt: aectrl_init_adpt, major_id:3, minor_id:2
01-05 11:59:42.062 685 10820 I ae_ctrl : 683, aectrl_init_adpt: AE3.X
01-05 11:59:42.062 685 10820 E ae_ctrl : 638, aectrl_init_lib: ae cxt: 0xe863b480
01-05 11:59:42.062 685 10826 I isp_alg_fw: 5369, ispalg_pdaf_init: cam1 no pdaf 0 0x0
01-05 11:59:42.064 685 685 I OEMCam : 50, camera_init: camera handle 0xe86c4b00
01-05 11:59:42.064 685 685 I OEMCam : 517, camera_lls_enable: 0
01-05 11:59:42.064 685 685 I OEMCam : 565, camera_set_lls_shot_mode: 0
01-05 11:59:42.064 685 685 I OEMCam : 541, camera_vendor_hdr_enable: 0
01-05 11:59:42.064 685 685 I OEMCam : 468, camera_get_camera_type: done 0 cam_type 1
01-05 11:59:42.064 685 685 I cmr_oem : 14956, camera_get_exif_info: apet 2.000000 focus dist 4294967.500000
01-05 11:59:42.064 685 685 I OEMCam : 439, camera_get_sensor_exif_info: done 0
01-05 11:59:42.064 685 685 I OEMCam : 373, camera_get_sensor_info_for_raw: done 0
01-05 11:59:42.064 685 685 I Cam3OEMIf: 7695, openCamera: sprd_3dcalibration_cap_size w=2592, h=1944
01-05 11:59:42.064 685 685 I Cam3OEMIf: 7707, openCamera: mIommuEnabled=1
01-05 11:59:42.064 685 685 I Cam3OEMIf: 7982, setCamSecurity: multi camera mode = 0
01-05 11:59:42.064 685 685 I OEMCam : 1087, ioctrl_set_cam_security: security mode = 0, work mode = 0
01-05 11:59:42.064 685 685 I cmr_grab: 314, cmr_grab_set_security: security mode:0, work_mode =0
01-05 11:59:42.066 685 10828 I afl_ctrl: 511, afl_ctrl_init: afl version: built data: Oct 15 2021.
01-05 11:59:42.066 685 10828 I afl_ctrl: 512, afl_ctrl_init: afl version: built time: 13:47:21.
01-05 11:59:42.066 685 10828 I afl_ctrl: 513, afl_ctrl_init: afl version: built rev: 4.2.4.1.
01-05 11:59:42.066 685 10828 I deflicker: handle = 0xe8cfcc04
01-05 11:59:42.066 685 10828 I deflicker: *handle = 0x0
01-05 11:59:42.066 685 10828 I deflicker: 118,antiflcker_sw_init:flicker_detection_library_version:CAM_ALGO_ISP_ANTIFLICKER_4.2.4.1_20210825-1902
01-05 11:59:42.066 685 10828 I deflicker: 121,antiflcker_sw_init:flicker detection library version:LIBVER[4.2.4.1][Oct 15 2021][14:43:05]
01-05 11:59:42.067 685 10822 I lsc_ctrl: 238, _lscctrl_create_thread: lsc_ctrl thread rtn 0
01-05 11:59:42.067 685 10828 E deflicker: 196, antiflcker_sw_init: afl_get_default_param
01-05 11:59:42.067 685 10828 I deflicker: 209,antiflcker_sw_init:inti 0xe79b75c0
01-05 11:59:42.071 685 10820 I flash_lib: 1120, flash_init: flashcorrect_debug 0
01-05 11:59:42.071 685 10820 I flash_lib: 1217, flash_init: FLASH VERSION: CAM_ALGO_ISP_3A_FLASH_6.0_H0_20210927_1643
01-05 11:59:42.071 685 10820 I Libae[Misc]: 105,ae_get_mod:AE3.4 branch: trunk : CAM_ALGO_ISP_3A_AE_3.X_H38_20211022_1410_2, compile time:15:24:52-Dec 1 2021
01-05 11:59:42.072 685 10830 I isp_alg_fw: 5660, ispalg_tof_init: tof don't support !
01-05 11:59:42.072 685 10799 I isp_alg_fw: 5643, ispalg_bypass_init: ae sw bypass123: 0
01-05 11:59:42.072 685 10799 I isp_alg_fw: 5644, ispalg_bypass_init: af sw bypass: 0
01-05 11:59:42.072 685 10799 I isp_alg_fw: 5645, ispalg_bypass_init: awb sw bypass: 0
01-05 11:59:42.072 685 10799 I isp_alg_fw: 5646, ispalg_bypass_init: lsc sw bypass: 0
01-05 11:59:42.072 685 10799 I isp_alg_fw: 5647, ispalg_bypass_init: afl sw bypass: 0
01-05 11:59:42.072 685 10799 I isp_alg_fw: 5648, ispalg_bypass_init: pdaf sw bypass: 0
01-05 11:59:42.072 685 10799 I isp_alg_fw: 5649, ispalg_bypass_init: smart sw bypass: 0
01-05 11:59:42.074 685 10824 I isp_alg_fw: 5129, ispalg_awb_init: is_master 0, sensor_role 0, is_multi_mode 0
01-05 11:59:42.074 685 10820 E Libae[Core]: 4211, aec_frame_sync_tune_param_parser: AE_sync param is NULL, just use the default param
01-05 11:59:42.074 685 10820 E Libae[Core]:
01-05 11:59:42.076 685 685 I Cam3OEMIf: 7744, openCamera: :hal3: X
01-05 11:59:42.076 685 685 I Cam3HWI : 482, openCamera: [cam_hal_flow] : CamId = 1, openCamera --
01-05 11:59:42.076 685 685 I Cam3HWI : 394, openCamera: [cam_hal_flow] : mCameraSessionActive : 1 , openCamera -
01-05 11:59:42.076 685 685 I cmr_oem : 9494, camera_set_ultra_wide_mode: is_ultra_wide 0
01-05 11:59:42.076 685 685 I Cam3HWI : 606, initialize: [cam_hal_flow] : CamId = 1, initialize +
01-05 11:59:42.076 685 685 I Cam3HWI : 623, initialize: [cam_hal_flow] : CamId = 1, initialize -
01-05 11:59:42.077 685 10822 I lsc_sprd_adapt: 1232, lsc_load_lib: lib lsc v_count : 6, version id: 1, liblsc path :libalsc3.2.so
01-05 11:59:42.077 685 10824 I awb_ctrl: 311, awbctrl_create_thread: done 0
01-05 11:59:42.077 685 10824 I awb_ctrl: 140, awbctrl_init_adpt: front camera, camera_id = 1
01-05 11:59:42.077 685 10824 I awb_ctrl: 157, awbctrl_init_adpt: no pram file , Get the trunning param from upper layer!
01-05 11:59:42.077 685 10824 I awb_ctrl: 181, awbctrl_init_adpt: lib_param.version_id = 2 (isp3.2)
01-05 11:59:42.077 685 10824 I awb_adpt: 1199, awb_sprd_ctrl_init_v3_2: [awb_3x] start awb_sprd_ctrl_init
01-05 11:59:42.078 685 10824 I awb_adpt: 917, awbsprd_load_lib: awb lib v_count:7, version_id:2, version_name:libawb3.2.so
01-05 11:59:42.078 685 10824 I awb_adpt: 928, awbsprd_load_lib: dlopen awb lib successful
01-05 11:59:42.079 695 1031 D SensorHub: SPRD[495]batch::handle[1], flags[0], period_ns[50000000], timeout[0]
01-05 11:59:42.079 695 1031 D SensorHub: SPRD[423]setEnable::handle[1], enabled[1]
01-05 11:59:42.079 685 10824 E awb_adpt: 1229, awb_sprd_ctrl_init_v3_2: load awb lib success!
01-05 11:59:42.079 685 10824 I awb_adpt: 1256, awb_sprd_ctrl_init_v3_2: is_multi_mode=0 , color_support=1
01-05 11:59:42.079 685 10824 I awb_adpt: 1275, awb_sprd_ctrl_init_v3_2: start parse the awb_otp_info
01-05 11:59:42.079 685 10824 I awb_adpt: 1277, awb_sprd_ctrl_init_v3_2: end parse the awb_otp_info
01-05 11:59:42.079 685 10824 I awb_adpt: 1279, awb_sprd_ctrl_init_v3_2: create the lock thread for awb success!
01-05 11:59:42.079 685 10824 E android.hardware.camera.provider@2.4-service: [AWBLIB][awb_init] [1390]awb version: AWB VERSION: CAM_ALGO_ISP_3A_AWB_3.2_H2_20211022-1330awb log info
01-05 11:59:42.080 685 10828 I afl_ctrl: 483, aflctrl_create_thread: afl_ctrl thread rtn 0
01-05 11:59:42.080 685 10828 I afl_ctrl: 570, afl_ctrl_init: done 0
01-05 11:59:42.080 685 10828 I isp_alg_fw: 5172, ispalg_afl_init: done 0
01-05 11:59:42.080 695 1031 D SensorHub: SPRD[495]batch::handle[4], flags[0], period_ns[10000000], timeout[0]
01-05 11:59:42.081 685 10799 W libc : Access denied finding property " persist.vendor.cam.ai.scence.enable"
01-05 11:59:42.081 695 1031 D SensorHub: SPRD[423]setEnable::handle[4], enabled[1]
01-05 11:59:42.081 685 685 E FMQ : grantorIdx must be less than 3
01-05 11:59:42.081 685 10821 E ATM : atm version: CAM_ALGO_ISP_ATM_2.0_H1_20210705-2100
01-05 11:59:42.081 685 10821 I smart_ctrl: 1538, smart_ctl_init: done rtn 0
01-05 11:59:42.081 685 10821 I isp_alg_fw: 5223, ispalg_smart_init: done 0
01-05 11:59:42.082 685 10824 E awb_adpt: 362, _awb_read_gain: read_gain from:/data/vendor/cameraserver/camera_1_awb.file, camera_id[1]: 1613, 1024, 1581, 0
01-05 11:59:42.082 685 10824 I awb_adpt: 1373, awb_sprd_ctrl_init_v3_2: done
01-05 11:59:42.082 685 10824 I awb_ctrl: 113, awbctrl_init_lib: done 0
01-05 11:59:42.082 685 10824 I awb_ctrl: 200, awbctrl_init_adpt: done 0
01-05 11:59:42.082 685 10824 I isp_alg_fw: 5136, ispalg_awb_init: done 0
01-05 11:59:42.082 685 10822 I android.hardware.camera.provider@2.4-service: [ALSC]: L 746, lsc_init_core: ALSC VERSION: CAM_ALGO_ISP_3A_ALSC_3.2_H6_20210809_2012 !
01-05 11:59:42.082 685 10822 D android.hardware.camera.provider@2.4-service: [ALSC]: L 168, alsc_get_eng_cmd: eng_alsc_bypass_otp=0, eng_alsc_bypass=0, eng_alsc_table_index=9
01-05 11:59:42.082 685 685 E FMQ : grantorIdx must be less than 3
01-05 11:59:42.082 685 10820 I ae_sprd_adpt: 8039, ae_set_ae_init_param: [o7codedebug-remosaic]function switch thread bv_value form down->up 490->500[up open]
01-05 11:59:42.082 685 10820 I android.hardware.camera.provider@2.4-service: 218, s_q_open: valid num: exp: 2, sensor gain: 2, isp gain: 1
01-05 11:59:42.083 685 10820 I ae_ctrl : 703, aectrl_init_adpt: done 0
01-05 11:59:42.083 685 10822 I lsc_sprd_adapt: 2625, lsc_sprd_init: lsc init success rtn = 0, camera_id = 1
01-05 11:59:42.083 685 10822 I lsc_ctrl: 185, _lscctrl_init_lib: done 0
01-05 11:59:42.083 685 10822 I lsc_ctrl: 222, _lscctrl_init_adpt: done 0
01-05 11:59:42.083 855 6091 D CameraProviderManager: CameraPerf: openHidlSession X (122ms)
01-05 11:59:42.083 685 10799 I isp_alg_fw: 6339, get_prop_ctrl: is_raw_cap 0, tool_eb 0, dbg_hwsim 0, dump_lsc 0, dump_aem 0
01-05 11:59:42.083 685 10799 I isp_alg_fw: 6439, isp_alg_fw_init_async: cam1 done, alg enable 1, init 1
01-05 11:59:42.084 855 6091 D HidlCamera3-Device: CameraPerf: initialize X (123ms)
01-05 11:59:42.084 855 6091 D Camera3-Device: CameraPerf: initializeCommonLocked: E
01-05 11:59:42.085 855 6091 I Camera3-Status: addComponent: Adding new component 0 - InflightRequests
01-05 11:59:42.085 1128 1259 I CameraService_worker: DeviceInjector, external present = false
01-05 11:59:42.085 855 6091 I Camera3-Status: addComponent: Adding new component 1 - RequestThread
01-05 11:59:42.085 855 6091 D Camera3-Device: initializeCommonLocked mTimestampOffset = -19ns.
01-05 11:59:42.085 855 6091 D Camera3-Device: CameraPerf: initializeCommonLocked: X (0ms)
01-05 11:59:42.085 855 6091 I Camera2-Parameters: buildFastInfo: previewSizeBound=1920x1920
01-05 11:59:42.085 855 6091 D HidlCamera3-Device: CameraPerf: constructDefaultRequestSettings templateId: 1 E
01-05 11:59:42.086 685 685 E CamComm1.0-MD: Mismatched tag type when updating entry sharpness (-2147483645) of type int32; got type byte data instead
01-05 11:59:42.086 855 6091 D HidlCamera3-Device: CameraPerf: constructDefaultRequestSettings X (0ms)
01-05 11:59:42.086 855 6091 I Camera2-Parameters: initialize: maxPreviewSize=1920x1920, videoSizeUpperBound=1920x1080
