01-08 12:57:52.785 24491 24533 I zygote64: at android.database.Cursor epo.L(eqt, android.os.CancellationSignal) (PG:2)
01-08 12:57:52.785 24491 24533 I zygote64: at android.database.Cursor dqe.c(epo, eqt, boolean, android.os.CancellationSignal) (PG:2)
01-08 12:57:52.785 24491 24533 I zygote64: at java.lang.Object goe.call() (PG:1)
01-08 12:57:52.785 24491 24533 I zygote64: at java.lang.Object hch.invokeSuspend(java.lang.Object) (PG:35)
01-08 12:57:52.785 24491 24533 I zygote64: at void vpv.resumeWith(java.lang.Object) (PG:5)
01-08 12:57:52.785 24491 24533 I zygote64: at void vvw.run() (PG:12)
01-08 12:57:52.785 24491 24533 I zygote64: at void java.util.concurrent.ThreadPoolExecutor.runWorker(java.util.concurrent.ThreadPoolExecutor$Worker) (ThreadPoolExecutor.java:1162)
01-08 12:57:52.785 24491 24533 I zygote64: at void java.util.concurrent.ThreadPoolExecutor$Worker.run() (ThreadPoolExecutor.java:636)
01-08 12:57:52.785 24491 24533 I zygote64: at void java.lang.Thread.run() (Thread.java:764)
01-08 12:57:52.785 24491 24533 I zygote64:
01-08 12:57:52.785 24491 24533 I zygote64: Rejecting re-init on previously-failed class java.lang.Class: java.lang.NoClassDefFoundError: Failed resolution of: Landroid/view/WindowInsetsAnimation$Callback;
01-08 12:57:52.785 24491 24533 I zygote64: at java.lang.Object cof.a() (PG:11)
01-08 12:57:52.785 24491 24533 I zygote64: at java.lang.Object vni.a() (PG:2)
01-08 12:57:52.785 24491 24533 I zygote64: at eqz era.b() (PG:1)
01-08 12:57:52.785 24491 24533 I zygote64: at eqn era.a() (PG:1)
01-08 12:57:52.785 24491 24533 I zygote64: at boolean epo.t() (PG:1)
01-08 12:57:52.785 24491 24533 I zygote64: at void epo.S() (PG:1)
01-08 12:57:52.785 24491 24533 I zygote64: at android.database.Cursor epo.L(eqt, android.os.CancellationSignal) (PG:2)
01-08 12:57:52.785 24491 24533 I zygote64: at android.database.Cursor dqe.c(epo, eqt, boolean, android.os.CancellationSignal) (PG:2)
01-08 12:57:52.785 24491 24533 I zygote64: at java.lang.Object goe.call() (PG:1)
01-08 12:57:52.785 24491 24533 I zygote64: at java.lang.Object hch.invokeSuspend(java.lang.Object) (PG:35)
01-08 12:57:52.785 24491 24533 I zygote64: at void vpv.resumeWith(java.lang.Object) (PG:5)
01-08 12:57:52.785 24491 24533 I zygote64: at void vvw.run() (PG:12)
01-08 12:57:52.785 24491 24533 I zygote64: at void java.util.concurrent.ThreadPoolExecutor.runWorker(java.util.concurrent.ThreadPoolExecutor$Worker) (ThreadPoolExecutor.java:1162)
01-08 12:57:52.785 24491 24533 I zygote64: at void java.util.concurrent.ThreadPoolExecutor$Worker.run() (ThreadPoolExecutor.java:636)
01-08 12:57:52.785 24491 24533 I zygote64: at void java.lang.Thread.run() (Thread.java:764)
01-08 12:57:52.785 24491 24533 I zygote64: Caused by: java.lang.ClassNotFoundException: Didn't find class "android.view.WindowInsetsAnimation$Callback" on path: DexPathList[[zip file "/data/app/com.google.android.videos-ZuRDG8KpN7FWmL2lD7Z7aQ==/base.apk"],nativeLibraryDirectories=[/data/app/com.google.android.videos-ZuRDG8KpN7FWmL2lD7Z7aQ==/lib/arm64, /data/app/com.google.android.videos-ZuRDG8KpN7FWmL2lD7Z7aQ==/base.apk!/lib/arm64-v8a, /system/lib64, /vendor/lib64]]
01-08 12:57:52.785 24491 24533 I zygote64: at java.lang.Class dalvik.system.BaseDexClassLoader.findClass(java.lang.String) (BaseDexClassLoader.java:125)
01-08 12:57:52.785 24491 24533 I zygote64: at java.lang.Class java.lang.ClassLoader.loadClass(java.lang.String, boolean) (ClassLoader.java:379)
01-08 12:57:52.785 24491 24533 I zygote64: at java.lang.Class java.lang.ClassLoader.loadClass(java.lang.String) (ClassLoader.java:312)
01-08 12:57:52.785 24491 24533 I zygote64: at java.lang.Object cof.a() (PG:11)
01-08 12:57:52.785 24491 24533 I zygote64: at java.lang.Object vni.a() (PG:2)
01-08 12:57:52.785 24491 24533 I zygote64: at eqz era.b() (PG:1)
01-08 12:57:52.785 24491 24533 I zygote64: at eqn era.a() (PG:1)
01-08 12:57:52.785 24491 24533 I zygote64: at boolean epo.t() (PG:1)
01-08 12:57:52.785 24491 24533 I zygote64: at void epo.S() (PG:1)
01-08 12:57:52.785 24491 24533 I zygote64: at android.database.Cursor epo.L(eqt, android.os.CancellationSignal) (PG:2)
01-08 12:57:52.785 24491 24533 I zygote64: at android.database.Cursor dqe.c(epo, eqt, boolean, android.os.CancellationSignal) (PG:2)
01-08 12:57:52.785 24491 24533 I zygote64: at java.lang.Object goe.call() (PG:1)
01-08 12:57:52.785 24491 24533 I zygote64: at java.lang.Object hch.invokeSuspend(java.lang.Object) (PG:35)
01-08 12:57:52.785 24491 24533 I zygote64: at void vpv.resumeWith(java.lang.Object) (PG:5)
01-08 12:57:52.785 24491 24533 I zygote64: at void vvw.run() (PG:12)
01-08 12:57:52.785 24491 24533 I zygote64: at void java.util.concurrent.ThreadPoolExecutor.runWorker(java.util.concurrent.ThreadPoolExecutor$Worker) (ThreadPoolExecutor.java:1162)
01-08 12:57:52.785 24491 24533 I zygote64: at void java.util.concurrent.ThreadPoolExecutor$Worker.run() (ThreadPoolExecutor.java:636)
01-08 12:57:52.785 24491 24533 I zygote64: at void java.lang.Thread.run() (Thread.java:764)
01-08 12:57:52.785 24491 24533 I zygote64:
01-08 12:57:52.786 24491 24533 I zygote64: Rejecting re-init on previously-failed class java.lang.Class: java.lang.NoClassDefFoundError: Failed resolution of: Landroid/view/WindowInsetsAnimation$Callback;
01-08 12:57:52.786 24491 24533 I zygote64: at java.lang.Object cof.a() (PG:11)
01-08 12:57:52.786 24491 24533 I zygote64: at java.lang.Object vni.a() (PG:2)
01-08 12:57:52.786 24491 24533 I zygote64: at eqz era.b() (PG:1)
01-08 12:57:52.786 24491 24533 I zygote64: at eqn era.a() (PG:1)
01-08 12:57:52.786 24491 24533 I zygote64: at boolean epo.t() (PG:1)
01-08 12:57:52.786 24491 24533 I zygote64: at void epo.S() (PG:1)
01-08 12:57:52.786 24491 24533 I zygote64: at android.database.Cursor epo.L(eqt, android.os.CancellationSignal) (PG:2)
01-08 12:57:52.786 24491 24533 I zygote64: at android.database.Cursor dqe.c(epo, eqt, boolean, android.os.CancellationSignal) (PG:2)
01-08 12:57:52.786 24491 24533 I zygote64: at java.lang.Object goe.call() (PG:1)
01-08 12:57:52.786 24491 24533 I zygote64: at java.lang.Object hch.invokeSuspend(java.lang.Object) (PG:35)
01-08 12:57:52.786 24491 24533 I zygote64: at void vpv.resumeWith(java.lang.Object) (PG:5)
01-08 12:57:52.786 24491 24533 I zygote64: at void vvw.run() (PG:12)
01-08 12:57:52.786 24491 24533 I zygote64: at void java.util.concurrent.ThreadPoolExecutor.runWorker(java.util.concurrent.ThreadPoolExecutor$Worker) (ThreadPoolExecutor.java:1162)
01-08 12:57:52.786 24491 24533 I zygote64: at void java.util.concurrent.ThreadPoolExecutor$Worker.run() (ThreadPoolExecutor.java:636)
01-08 12:57:52.786 24491 24533 I zygote64: at void java.lang.Thread.run() (Thread.java:764)
01-08 12:57:52.786 24491 24533 I zygote64: Caused by: java.lang.ClassNotFoundException: Didn't find class "android.view.WindowInsetsAnimation$Callback" on path: DexPathList[[zip file "/data/app/com.google.android.videos-ZuRDG8KpN7FWmL2lD7Z7aQ==/base.apk"],nativeLibraryDirectories=[/data/app/com.google.android.videos-ZuRDG8KpN7FWmL2lD7Z7aQ==/lib/arm64, /data/app/com.google.android.videos-ZuRDG8KpN7FWmL2lD7Z7aQ==/base.apk!/lib/arm64-v8a, /system/lib64, /vendor/lib64]]
01-08 12:57:52.786 24491 24533 I zygote64: at java.lang.Class dalvik.system.BaseDexClassLoader.findClass(java.lang.String) (BaseDexClassLoader.java:125)
01-08 12:57:52.786 24491 24533 I zygote64: at java.lang.Class java.lang.ClassLoader.loadClass(java.lang.String, boolean) (ClassLoader.java:379)
01-08 12:57:52.786 24491 24533 I zygote64: at java.lang.Class java.lang.ClassLoader.loadClass(java.lang.String) (ClassLoader.java:312)
01-08 12:57:52.786 24491 24533 I zygote64: at java.lang.Object cof.a() (PG:11)
01-08 12:57:52.786 24491 24533 I zygote64: at java.lang.Object vni.a() (PG:2)
01-08 12:57:52.786 24491 24533 I zygote64: at eqz era.b() (PG:1)
01-08 12:57:52.786 24491 24533 I zygote64: at eqn era.a() (PG:1)
01-08 12:57:52.786 24491 24533 I zygote64: at boolean epo.t() (PG:1)
01-08 12:57:52.786 24491 24533 I zygote64: at void epo.S() (PG:1)
01-08 12:57:52.786 24491 24533 I zygote64: at android.database.Cursor epo.L(eqt, android.os.CancellationSignal) (PG:2)
01-08 12:57:52.786 24491 24533 I zygote64: at android.database.Cursor dqe.c(epo, eqt, boolean, android.os.CancellationSignal) (PG:2)
01-08 12:57:52.786 24491 24533 I zygote64: at java.lang.Object goe.call() (PG:1)
01-08 12:57:52.786 24491 24533 I zygote64: at java.lang.Object hch.invokeSuspend(java.lang.Object) (PG:35)
01-08 12:57:52.786 24491 24533 I zygote64: at void vpv.resumeWith(java.lang.Object) (PG:5)
01-08 12:57:52.786 24491 24533 I zygote64: at void vvw.run() (PG:12)
01-08 12:57:52.786 24491 24533 I zygote64: at void java.util.concurrent.ThreadPoolExecutor.runWorker(java.util.concurrent.ThreadPoolExecutor$Worker) (ThreadPoolExecutor.java:1162)
01-08 12:57:52.786 24491 24533 I zygote64: at void java.util.concurrent.ThreadPoolExecutor$Worker.run() (ThreadPoolExecutor.java:636)
01-08 12:57:52.786 24491 24533 I zygote64: at void java.lang.Thread.run() (Thread.java:764)
01-08 12:57:52.786 24491 24533 I zygote64:
01-08 12:57:52.858 941 970 W PackageParser: Unknown element under : profileable at /data/app/vmdl1782072979.tmp/base.apk Binary XML file line #42
01-08 12:57:53.036 24448 24525 W zygote64: Verification of void whp.j() took 151.124ms
01-08 12:57:53.042 24491 24491 W PlayMovies: iiq.onCreate:68 Installer Package: com.android.vending
01-08 12:57:53.042 24491 24491 W PlayMovies:
01-08 12:57:53.044 24491 24491 W MediaSessionCompat: Couldn't find a unique registered media button receiver in the given context.
01-08 12:57:53.067 1043 1407 V Avrcp : updatePlaybackState (1): 0➡0(PlaybackState {state=0, position=-1, buffered position=0, speed=0.0, updated=254878045, actions=0, custom actions=[], active item id=-1, error=null})
01-08 12:57:53.067 1043 1407 I Avrcp : Skipping update due to invalid playback state
01-08 12:57:53.067 1043 1407 E Avrcp : play status change 0➡0 mPlayStatusChangedNT: 1
01-08 12:57:53.067 1043 1407 D Avrcp : sendPlayPosNotificationRsp: Not registered or requesting.
01-08 12:57:53.094 24491 24491 V MediaRouter: Adding route: RouteInfo{ name=Tablet, description=null, status=null, category=RouteCategory{ name=System types=ROUTE_TYPE_LIVE_AUDIO ROUTE_TYPE_LIVE_VIDEO groupable=false }, supportedTypes=ROUTE_TYPE_LIVE_AUDIO ROUTE_TYPE_LIVE_VIDEO , presentationDisplay=null }
01-08 12:57:53.104 24491 24491 V MediaRouter: Selecting route: RouteInfo{ name=Tablet, description=null, status=null, category=RouteCategory{ name=System types=ROUTE_TYPE_LIVE_AUDIO ROUTE_TYPE_LIVE_VIDEO groupable=false }, supportedTypes=ROUTE_TYPE_LIVE_AUDIO ROUTE_TYPE_LIVE_VIDEO , presentationDisplay=null }
01-08 12:57:53.507 941 970 I PackageManager.DexOptimizer: Running dexopt (dexoptNeeded=1) on: /data/app/io.qt.qtdesignviewer-TBIuNJPACk4POnJSrluQQA==/base.apk pkg=io.qt.qtdesignviewer isa=arm64 dexoptFlags=boot_complete,debuggable,public target-filter=quicken oatDir=/data/app/io.qt.qtdesignviewer-TBIuNJPACk4POnJSrluQQA==/oat sharedLibraries=PCL[]
01-08 12:57:53.534 24491 24491 V MediaRouter: Selecting route: RouteInfo{ name=Tablet, description=null, status=null, category=RouteCategory{ name=System types=ROUTE_TYPE_LIVE_AUDIO ROUTE_TYPE_LIVE_VIDEO groupable=false }, supportedTypes=ROUTE_TYPE_LIVE_AUDIO ROUTE_TYPE_LIVE_VIDEO , presentationDisplay=null }
01-08 12:57:53.538 20640 20659 I Finsky : [1759] ivw.a(63): Received content filters request from com.google.android.videos
01-08 12:57:53.643 941 21177 D ConnectivityService: requestNetwork for uid/pid:10066/24491 NetworkRequest [ TRACK_DEFAULT id=315, [ Capabilities: INTERNET&NOT_RESTRICTED&TRUSTED&NOT_VPN] ]
01-08 12:57:53.645 941 1039 D Ethernet: got request NetworkRequest [ TRACK_DEFAULT id=315, [ Capabilities: INTERNET&NOT_RESTRICTED&TRUSTED&NOT_VPN] ] with score 60
01-08 12:57:53.645 941 1019 D WIFI : got request NetworkRequest [ TRACK_DEFAULT id=315, [ Capabilities: INTERNET&NOT_RESTRICTED&TRUSTED&NOT_VPN] ] with score 60
01-08 12:57:53.645 941 1019 D WIFI_UT : got request NetworkRequest [ TRACK_DEFAULT id=315, [ Capabilities: INTERNET&NOT_RESTRICTED&TRUSTED&NOT_VPN] ] with score 60
01-08 12:57:53.645 1152 1152 D PhoneSwitcherNetworkRequstListener: got request NetworkRequest [ TRACK_DEFAULT id=315, [ Capabilities: INTERNET&NOT_RESTRICTED&TRUSTED&NOT_VPN] ] with score 60
01-08 12:57:53.710 24491 24546 I VideoCapabilities: Unsupported profile 4 for video/mp4v-es
01-08 12:57:53.714 24491 24546 W VideoCapabilities: Unrecognized level 0 for video/x-vnd.on2.vp8
01-08 12:57:53.718 24563 24563 I dex2oat : /system/bin/dex2oat --input-vdex-fd=-1 --output-vdex-fd=14 --compiler-filter=quicken --debuggable --classpath-dir=/data/app/io.qt.qtdesignviewer-TBIuNJPACk4POnJSrluQQA== --class-loader-context=PCL[]
01-08 12:57:54.337 24563 24563 I dex2oat : Explicit concurrent copying GC freed 9106(1483KB) AllocSpace objects, 0(0B) LOS objects, 95% free, 70KB/1606KB, paused 65us total 3.731ms
01-08 12:57:54.348 24563 24563 I dex2oat : Explicit concurrent copying GC freed 103(31KB) AllocSpace objects, 0(0B) LOS objects, 95% free, 71KB/1607KB, paused 28us total 3.083ms
01-08 12:57:54.359 24563 24563 I dex2oat : Explicit concurrent copying GC freed 72(51KB) AllocSpace objects, 0(0B) LOS objects, 95% free, 71KB/1607KB, paused 30us total 3.304ms
01-08 12:57:54.364 24563 24563 I dex2oat : Explicit concurrent copying GC freed 12(15KB) AllocSpace objects, 0(0B) LOS objects, 95% free, 72KB/1608KB, paused 28us total 3.201ms
01-08 12:57:54.397 24563 24563 I dex2oat : dex2oat took 685.951ms (1.068s cpu) (threads: 4) arena alloc=1151KB (1179088B) java alloc=72KB (74224B) native alloc=1878KB (1923504B) free=4MB (4892240B)
01-08 12:57:54.468 941 970 W PackageManager: Privileged permission android.permission.MANAGE_SOUND_TRIGGER for package com.google.android.googlequicksearchbox - not in privapp-permissions whitelist
01-08 12:57:54.468 941 970 W PackageManager: Privileged permission android.permission.SET_MEDIA_KEY_LISTENER for package com.google.android.googlequicksearchbox - not in privapp-permissions whitelist
01-08 12:57:54.468 941 970 W PackageManager: Privileged permission android.permission.SET_VOLUME_KEY_LONG_PRESS_LISTENER for package com.google.android.googlequicksearchbox - not in privapp-permissions whitelist
01-08 12:57:54.468 941 970 W PackageManager: Privileged permission android.permission.MANAGE_USB for package com.google.android.googlequicksearchbox - not in privapp-permissions whitelist
01-08 12:57:54.468 941 970 W PackageManager: Privileged permission android.permission.PACKAGE_USAGE_STATS for package com.google.android.googlequicksearchbox - not in privapp-permissions whitelist
01-08 12:57:54.468 941 970 W PackageManager: Privileged permission android.permission.CONTROL_INCALL_EXPERIENCE for package com.google.android.googlequicksearchbox - not in privapp-permissions whitelist
01-08 12:57:54.468 941 970 W PackageManager: Privileged permission android.permission.WRITE_APN_SETTINGS for package com.google.android.googlequicksearchbox - not in privapp-permissions whitelist
01-08 12:57:54.469 941 970 W PackageManager: Privileged permission android.permission.READ_PRIVILEGED_PHONE_STATE for package com.android.vending - not in privapp-permissions whitelist
01-08 12:57:54.469 941 970 W PackageManager: Privileged permission android.permission.BACKUP for package com.android.vending - not in privapp-permissions whitelist
01-08 12:57:54.469 941 970 W PackageManager: Privileged permission android.permission.SUBSTITUTE_NOTIFICATION_APP_NAME for package com.android.vending - not in privapp-permissions whitelist
01-08 12:57:54.469 941 970 W PackageManager: Privileged permission android.permission.REBOOT for package com.android.vending - not in privapp-permissions whitelist
01-08 12:57:54.469 941 970 W PackageManager: Privileged permission android.permission.CHANGE_OVERLAY_PACKAGES for package com.android.vending - not in privapp-permissions whitelist
01-08 12:57:54.470 941 970 W PackageManager: Privileged permission android.permission.FORCE_STOP_PACKAGES for package com.google.android.gms - not in privapp-permissions whitelist
01-08 12:57:54.471 941 970 W PackageManager: Privileged permission android.permission.ALLOCATE_AGGRESSIVE for package com.google.android.gms - not in privapp-permissions whitelist
01-08 12:57:54.471 941 970 W PackageManager: Privileged permission android.permission.MODIFY_DAY_NIGHT_MODE for package com.google.android.gms - not in privapp-permissions whitelist
01-08 12:57:54.471 941 970 W PackageManager: Privileged permission android.permission.MEDIA_CONTENT_CONTROL for package com.google.android.gms - not in privapp-permissions whitelist
01-08 12:57:54.472 941 970 W PackageManager: Privileged permission android.permission.PACKAGE_USAGE_STATS for package com.google.android.apps.turbo - not in privapp-permissions whitelist
01-08 12:57:54.473 941 970 W PackageManager: Privileged permission android.permission.READ_PRIVILEGED_PHONE_STATE for package com.google.android.apps.gcs - not in privapp-permissions whitelist
01-08 12:57:54.536 844 859 D installd: Applied hard quotas for 10473
01-08 12:57:54.537 941 970 V BackupManagerService: restoreAtInstall pkg=io.qt.qtdesignviewer token=a restoreSet=3b1f365913667666
01-08 12:57:54.543 941 1442 D BackupManagerService: MSG_RUN_RESTORE observer=null
01-08 12:57:54.544 941 1442 D BackupManagerService: Starting restore.
01-08 12:57:54.589 13834 13970 I Backup : [GmsBackupTransport] New restore session, 2 apps
01-08 12:57:54.600 12852 12852 D BoundBrokerSvc: onBind: Intent { act=com.google.android.gms.common.BIND_SHARED_PREFS pkg=com.google.android.gms }
01-08 12:57:54.600 12852 12852 D BoundBrokerSvc: Loading bound service for intent: Intent { act=com.google.android.gms.common.BIND_SHARED_PREFS pkg=com.google.android.gms }
01-08 12:57:54.605 12852 12852 D BoundBrokerSvc: onUnbind: Intent { act=com.google.android.gms.common.BIND_SHARED_PREFS pkg=com.google.android.gms }
01-08 12:57:54.644 12852 12852 D BoundBrokerSvc: onBind: Intent { act=com.google.android.gms.common.BIND_SHARED_PREFS pkg=com.google.android.gms }
01-08 12:57:54.644 12852 12852 D BoundBrokerSvc: Loading bound service for intent: Intent { act=com.google.android.gms.common.BIND_SHARED_PREFS pkg=com.google.android.gms }
01-08 12:57:54.647 12852 12852 D BoundBrokerSvc: onUnbind: Intent { act=com.google.android.gms.common.BIND_SHARED_PREFS pkg=com.google.android.gms }
01-08 12:57:54.662 13834 13970 I Backup : [DenylistedInfoRequestProcessor] Attaching GetAppKeyDenylistInfo request to restore request.
01-08 12:57:54.707 12852 12852 D BoundBrokerSvc: onBind: Intent { act=com.google.android.gms.common.BIND_SHARED_PREFS pkg=com.google.android.gms }
01-08 12:57:54.707 12852 12852 D BoundBrokerSvc: Loading bound service for intent: Intent { act=com.google.android.gms.common.BIND_SHARED_PREFS pkg=com.google.android.gms }
01-08 12:57:54.714 12852 12852 D BoundBrokerSvc: onUnbind: Intent { act=com.google.android.gms.common.BIND_SHARED_PREFS pkg=com.google.android.gms }
01-08 12:57:54.881 13834 13970 W Conscrypt: Could not set socket write timeout: java.net.SocketException: Socket closed
01-08 12:57:54.901 13834 13970 W Conscrypt: at com.google.android.gms.org.conscrypt.Platform.setSocketWriteTimeout(:com.google.android.gms@234914013@23.49.14 (040400-590296185):226)
01-08 12:57:54.901 13834 13970 W Conscrypt: at com.google.android.gms.org.conscrypt.ConscryptFileDescriptorSocket.setSoWriteTimeout(:com.google.android.gms@234914013@23.49.14 (040400-590296185):4)
01-08 12:57:54.977 13834 13970 W Conscrypt: Could not set socket write timeout: java.net.SocketException: Socket closed
01-08 12:57:54.978 13834 13970 W Conscrypt: at com.google.android.gms.org.conscrypt.Platform.setSocketWriteTimeout(:com.google.android.gms@234914013@23.49.14 (040400-590296185):226)
01-08 12:57:54.978 13834 13970 W Conscrypt: at com.google.android.gms.org.conscrypt.ConscryptFileDescriptorSocket.setSoWriteTimeout(:com.google.android.gms@234914013@23.49.14 (040400-590296185):4)
01-08 12:57:55.516 13834 13970 I Backup : [BackupHttpRequestUtil] Http Response Code: 200
01-08 12:57:55.529 13834 21200 I Backup : [GmsBackupTransport] Got kv restore package: @pm@
01-08 12:57:55.536 941 1442 D BackupManagerService: initiateOneRestore packageName=@pm@
01-08 12:57:55.541 13834 13973 I Backup : [GmsBackupTransport] Unencrypted kv restore of @pm@
01-08 12:57:55.551 13834 21202 I Backup : [GmsBackupTransport] Got full restore package: io.qt.qtdesignviewer
01-08 12:57:55.552 941 1442 I BackupManagerService: Next restore package: RestoreDescription{io.qt.qtdesignviewer : STREAM}
01-08 12:57:55.557 13834 13847 I Backup : [FullRestoreDataProcessorFac] Performing unencrypted restore for io.qt.qtdesignviewer
01-08 12:57:55.623 13834 13847 E GmsConnectionFactory: UID for network attribution might be misset for tag -252 [CONTEXT service_id=39 ]
01-08 12:57:55.623 13834 13847 E GmsConnectionFactory: dlds: FULL
01-08 12:57:55.623 13834 13847 E GmsConnectionFactory: at a.N(:com.google.android.gms@234914013@23.49.14 (040400-590296185):9)
01-08 12:57:55.623 13834 13847 E GmsConnectionFactory: at awfn.a(:com.google.android.gms@234914013@23.49.14 (040400-590296185):148)
01-08 12:57:55.623 13834 13847 E GmsConnectionFactory: at azgh.c(:com.google.android.gms@234914013@23.49.14 (040400-590296185):119)
01-08 12:57:55.623 13834 13847 E GmsConnectionFactory: at azgh.b(:com.google.android.gms@234914013@23.49.14 (040400-590296185):2)
01-08 12:57:55.623 13834 13847 E GmsConnectionFactory: at adwc.a(:com.google.android.gms@234914013@23.49.14 (040400-590296185):118)
01-08 12:57:55.623 13834 13847 E GmsConnectionFactory: at adwp.call(:com.google.android.gms@234914013@23.49.14 (040400-590296185):584)
01-08 12:57:55.623 13834 13847 E GmsConnectionFactory: at adxg.t(:com.google.android.gms@234914013@23.49.14 (040400-590296185):1)
01-08 12:57:55.623 13834 13847 E GmsConnectionFactory: at adxg.getNextFullRestoreDataChunk(:com.google.android.gms@234914013@23.49.14 (040400-590296185):11)
01-08 12:57:55.623 13834 13847 E GmsConnectionFactory: at android.app.backup.BackupTransport$TransportImpl.getNextFullRestoreDataChunk(BackupTransport.java:699)
01-08 12:57:55.623 13834 13847 E GmsConnectionFactory: at com.android.internal.backup.IBackupTransport$Stub.onTransact(IBackupTransport.java:331)
01-08 12:57:55.623 13834 13847 E GmsConnectionFactory: at android.os.Binder.transact(Binder.java:627)
01-08 12:57:55.623 13834 13847 E GmsConnectionFactory: at bdhi.onTransact(:com.google.android.gms@234914013@23.49.14 (040400-590296185):10)
01-08 12:57:55.623 13834 13847 E GmsConnectionFactory: at android.os.Binder.transact(Binder.java:627)
01-08 12:57:55.623 13834 13847 E GmsConnectionFactory: at awji.onTransact(:com.google.android.gms@234914013@23.49.14 (040400-590296185):147)
01-08 12:57:55.623 13834 13847 E GmsConnectionFactory: at android.os.Binder.execTransact(Binder.java:697)
01-08 12:57:55.722 13834 13847 W Conscrypt: Could not set socket write timeout: java.net.SocketException: Socket closed
01-08 12:57:55.723 13834 13847 W Conscrypt: at com.google.android.gms.org.conscrypt.Platform.setSocketWriteTimeout(:com.google.android.gms@234914013@23.49.14 (040400-590296185):226)
01-08 12:57:55.723 13834 13847 W Conscrypt: at com.google.android.gms.org.conscrypt.ConscryptFileDescriptorSocket.setSoWriteTimeout(:com.google.android.gms@234914013@23.49.14 (040400-590296185):4)
01-08 12:57:55.799 13834 13847 W Conscrypt: Could not set socket write timeout: java.net.SocketException: Socket closed
01-08 12:57:55.800 13834 13847 W Conscrypt: at com.google.android.gms.org.conscrypt.Platform.setSocketWriteTimeout(:com.google.android.gms@234914013@23.49.14 (040400-590296185):226)
01-08 12:57:55.800 13834 13847 W Conscrypt: at com.google.android.gms.org.conscrypt.ConscryptFileDescriptorSocket.setSoWriteTimeout(:com.google.android.gms@234914013@23.49.14 (040400-590296185):4)
01-08 12:57:56.438 13834 13847 I Backup : [FullRestoreDownloader] Drive download http response status : 200
01-08 12:57:56.442 941 24593 I RestoreEngine: Sig + version match; taking data
01-08 12:57:56.444 941 24593 D RestoreEngine: Clearing app data preparatory to full restore
01-08 12:57:56.445 941 24593 I ActivityManager: Force stopping io.qt.qtdesignviewer appid=10473 user=0: clear data
01-08 12:57:56.452 941 955 I ActivityManager: Force stopping io.qt.qtdesignviewer appid=10473 user=-1: clearApplicationUserData
01-08 12:57:56.458 845 845 I keystore: clear_uid 10473
01-08 12:57:56.459 941 24593 I ConditionProviders: Disallowing condition provider io.qt.qtdesignviewer
01-08 12:57:56.501 1043 1043 D Avrcp : AvrcpServiceBroadcastReceiver-> Action: android.intent.action.PACKAGE_DATA_CLEARED
01-08 12:57:56.501 1043 1043 D Avrcp : packageName: io.qt.qtdesignviewer removed: true
01-08 12:57:56.501 1043 1043 V Avrcp : isBrowseSupported for io.qt.qtdesignviewer: false
01-08 12:57:56.516 941 24593 I ActivityManager: Start proc 24597:io.qt.qtdesignviewer/u0a473 for backup android/FullBackupAgent
01-08 12:57:56.516 941 24593 D BackupManagerService: awaiting agent for ApplicationInfo{41fe668 io.qt.qtdesignviewer}
01-08 12:57:56.519 24597 24597 I zygote64: Late-enabling -Xcheck:jni
01-08 12:57:56.549 13834 24602 I Fitness : (REDACTED) FitCleanupIntentOperation received Intent %s
01-08 12:57:56.565 12852 21285 I Icing : doRemovePackageData io.qt.qtdesignviewer
01-08 12:57:56.614 24597 24597 W ActivityThread: Application io.qt.qtdesignviewer can be debugged on port 8100...
01-08 12:57:56.649 941 1582 D BackupManagerService: agentConnected pkg=io.qt.qtdesignviewer agent=android.os.BinderProxy@6410114
01-08 12:57:56.649 941 24593 I BackupManagerService: got agent android.app.IBackupAgent$Stub$Proxy@179bdbd
01-08 12:57:56.658 941 1080 D VoldConnector: SND -> {12 volume mkdirs /storage/emulated/0/Android/data/io.qt.qtdesignviewer/files/}
01-08 12:57:56.661 941 1011 D VoldConnector: RCV <- {200 12 Command succeeded}
01-08 12:57:56.712 941 1442 D BackupManagerService: restoreFinished packageName=io.qt.qtdesignviewer
01-08 12:57:56.714 941 1442 D BackupManagerService: Restore complete, killing host process of io.qt.qtdesignviewer
01-08 12:57:56.714 941 1442 V BackupManagerService: No more packages; finishing restore
01-08 12:57:56.715 24597 24597 I Process : Sending signal. PID: 24597 SIG: 9
01-08 12:57:56.715 13834 14639 I Backup : [GmsBackupTransport] restore finished
01-08 12:57:56.717 941 1442 I BackupRestoreController: restoreFinished for 0
01-08 12:57:56.717 941 1442 I BackupManagerService: Restore complete.
01-08 12:57:56.720 844 26126 E : Couldn't opendir /data/app/vmdl1782072979.tmp: No such file or directory
01-08 12:57:56.720 844 26126 E installd: Failed to delete /data/app/vmdl1782072979.tmp: No such file or directory
01-08 12:57:56.728 941 955 E JavaBinder: !!! FAILED BINDER TRANSACTION !!! (parcel size = 76)
01-08 12:57:56.729 191 191 E lowmemorykiller: Error writing /proc/24597/oom_score_adj; errno=22
01-08 12:57:56.745 941 955 I ActivityManager: Killing 21529:com.android.vending:quick_launch/u0a18 (adj 906): empty #17
01-08 12:57:56.745 941 957 W zygote64: kill(-21529, 9) failed: No such process
01-08 12:57:56.747 941 29230 I ActivityManager: Process io.qt.qtdesignviewer (pid 24597) has died: cch CEM
01-08 12:57:56.753 941 1582 W BroadcastQueue: Background execution not allowed: receiving Intent { act=android.intent.action.PACKAGE_ADDED dat=package:io.qt.qtdesignviewer flg=0x4000010 (has extras) } to com.android.musicfx/.Compatibility$Receiver
01-08 12:57:56.753 1456 1456 I GsaVoiceInteractionSrv: (REDACTED) O received %s
01-08 12:57:56.753 1043 1043 D Avrcp : AvrcpServiceBroadcastReceiver-> Action: android.intent.action.PACKAGE_ADDED
01-08 12:57:56.753 1043 1043 D Avrcp : AvrcpServiceBroadcastReceiver-> packageName: io.qt.qtdesignviewer
01-08 12:57:56.753 1043 1043 D Avrcp : packageName: io.qt.qtdesignviewer removed: false
01-08 12:57:56.754 20640 20640 I Finsky : [2] xaj.g(1): xaj - Received: android.intent.action.PACKAGE_ADDED, [Af7JmQhZrU5G6vJc5h4437SNaRYyXK3RtXqj6dN0XTs]
01-08 12:57:56.755 1043 1043 D Avrcp : isBrowsableListUpdated: false
01-08 12:57:56.756 941 955 W BroadcastQueue: Background execution not allowed: receiving Intent { act=android.intent.action.PACKAGE_ADDED dat=package:io.qt.qtdesignviewer flg=0x4000010 (has extras) } to com.android.vending/com.google.android.finsky.packagemonitor.impl.PackageMonitorReceiverImpl$RegisteredReceiver
01-08 12:57:56.757 941 955 W BroadcastQueue: Background execution not allowed: receiving Intent { act=android.intent.action.PACKAGE_ADDED dat=package:io.qt.qtdesignviewer flg=0x4000010 (has extras) } to com.android.vending/com.google.android.finsky.packagemonitor.backgroundimpl.BackgroundPackageMonitorReceiverImpl$RegisteredReceiver
01-08 12:57:56.757 941 955 W BroadcastQueue: Background execution not allowed: receiving Intent { act=android.intent.action.PACKAGE_ADDED dat=package:io.qt.qtdesignviewer flg=0x4000010 (has extras) } to com.google.android.gms/.games.chimera.GamesSystemBroadcastReceiverProxy
01-08 12:57:56.757 941 955 W BroadcastQueue: Background execution not allowed: receiving Intent { act=android.intent.action.PACKAGE_ADDED dat=package:io.qt.qtdesignviewer flg=0x4000010 (has extras) } to com.google.android.gms/.gass.chimera.PackageChangeBroadcastReceiver
01-08 12:57:56.757 941 955 W BroadcastQueue: Background execution not allowed: receiving Intent { act=android.intent.action.PACKAGE_ADDED dat=package:io.qt.qtdesignviewer flg=0x4000010 (has extras) } to com.google.android.gms/.chimera.GmsIntentOperationService$PersistentTrustedReceiver
01-08 12:57:56.757 941 955 W BroadcastQueue: Background execution not allowed: receiving Intent { act=android.intent.action.PACKAGE_ADDED dat=package:io.qt.qtdesignviewer flg=0x4000010 (has extras) } to com.google.android.googlequicksearchbox/com.google.android.apps.gsa.googlequicksearchbox.GelStubAppWatcher
01-08 12:57:56.757 941 955 W BroadcastQueue: Background execution not allowed: receiving Intent { act=android.intent.action.PACKAGE_FIRST_LAUNCH dat=package:io.qt.qtdesignviewer flg=0x4000010 (has extras) } to com.android.vending/com.google.android.finsky.packagemonitor.impl.PackageMonitorReceiverImpl$RegisteredReceiver
01-08 12:57:56.757 941 955 W BroadcastQueue: Background execution not allowed: receiving Intent { act=android.intent.action.PACKAGE_FIRST_LAUNCH dat=package:io.qt.qtdesignviewer flg=0x4000010 (has extras) } to com.android.vending/com.google.android.finsky.packagemonitor.backgroundimpl.BackgroundPackageMonitorReceiverImpl$RegisteredReceiver
01-08 12:57:56.790 941 957 W zygote64: kill(-21529, 9) failed: No such process
01-08 12:57:56.790 941 957 I zygote64: Successfully killed process cgroup uid 10018 pid 21529 in 45ms
01-08 12:57:56.790 941 957 W zygote64: kill(-24597, 9) failed: No such process
01-08 12:57:56.790 941 957 I zygote64: Successfully killed process cgroup uid 10473 pid 24597 in 0ms
01-08 12:57:56.795 13834 24608 W GCM : Unexpected forwarded intent: Intent { act=android.intent.action.PACKAGE_ADDED dat=package:io.qt.qtdesignviewer flg=0x4000010 pkg=com.google.android.gms cmp=com.google.android.gms/.chimera.PersistentIntentOperationService (has extras) }
01-08 12:57:56.796 13834 24388 I FontLog : (REDACTED) Package %s has no metadata
01-08 12:57:56.796 12852 24605 I Auth : [SupervisedAccountIntentOperation] onHandleIntent(): android.intent.action.PACKAGE_ADDED
01-08 12:57:56.800 12852 12852 D BoundBrokerSvc: onBind: Intent { act=com.google.android.gms.common.BIND_SHARED_PREFS pkg=com.google.android.gms }
01-08 12:57:56.800 12852 12852 D BoundBrokerSvc: Loading bound service for intent: Intent { act=com.google.android.gms.common.BIND_SHARED_PREFS pkg=com.google.android.gms }
01-08 12:57:56.801 1152 1152 D ImsResolver: maybeAddedImsService, packageName: io.qt.qtdesignviewer
01-08 12:57:56.803 12852 12852 D BoundBrokerSvc: onUnbind: Intent { act=com.google.android.gms.common.BIND_SHARED_PREFS pkg=com.google.android.gms }
01-08 12:57:56.807 1152 1152 D CarrierConfigLoader: mHandler: 9 phoneId: 0
01-08 12:57:56.871 13834 24602 W GCM : Unexpected forwarded intent: Intent { act=android.intent.action.PACKAGE_ADDED dat=package:io.qt.qtdesignviewer flg=0x4000010 pkg=com.google.android.gms cmp=com.google.android.gms/.chimera.PersistentIntentOperationService (has extras) }
01-08 12:57:56.883 20640 24417 I Finsky : [1916] ppb.run(200): Wrote row to frosting DB: 13012
01-08 12:57:56.889 20640 20904 I Finsky : [1779] kml.a(55): AIM: AppInfoManager-Perf > OnDeviceAppInfo > cacheHitCount=0, cacheMissCount=1. Missed in cache (limit 10) : [io.qt.qtdesignviewer]
01-08 12:57:56.889 20640 20904 I Finsky : [1779] kkk.apply(1370): AIM: Got app ownership map. App counts: . Unique apps: 0
01-08 12:57:56.898 20640 20640 I Finsky : [2] ajbp.c(44): Do not start WearSupportService due to Wear service optimization
01-08 12:57:56.899 20640 20640 I Finsky : [2] kks.f(9): AIM: AppInfoCacheUpdater -> invalidating apps: [io.qt.qtdesignviewer]
01-08 12:57:56.899 20640 20640 I Finsky : [2] kli.g(21): AIM: AppInfoManager-Perf > getApps > called for 1 apps
01-08 12:57:56.899 941 941 W ResourceType: ResTable_typeSpec entry count inconsistent: given 84, previously 87
01-08 12:57:56.900 941 941 W ResourceType: ResTable_typeSpec entry count inconsistent: given 168, previously 172
01-08 12:57:56.900 941 941 W ResourceType: ResTable_typeSpec entry count inconsistent: given 3232, previously 3252
01-08 12:57:56.900 941 941 W ResourceType: ResTable_typeSpec entry count inconsistent: given 485, previously 4619
01-08 12:57:56.904 20640 24428 I Finsky : [1918] mhs.aie(314): [ContentSync] finished, scheduled=false
01-08 12:57:56.905 20640 20921 I Finsky : [1790] kml.a(55): AIM: AppInfoManager-Perf > OnDeviceAppInfo > cacheHitCount=0, cacheMissCount=1. Missed in cache (limit 10) : [io.qt.qtdesignviewer]
01-08 12:57:56.918 20640 24433 I Finsky : [1921] ba.a(21): Asset module storage cleared for package io.qt.qtdesignviewer.
01-08 12:57:56.920 941 950 I zygote64: Background concurrent copying GC freed 13299(1191KB) AllocSpace objects, 12(512KB) LOS objects, 42% free, 16MB/29MB, paused 2.367ms total 199.979ms
01-08 12:57:56.926 941 941 W ResourceType: ResTable_typeSpec entry count inconsistent: given 117, previously 121
01-08 12:57:56.926 941 941 W ResourceType: ResTable_typeSpec entry count inconsistent: given 4235, previously 4266
01-08 12:57:56.926 941 941 W ResourceType: ResTable_typeSpec entry count inconsistent: given 5251, previously 5297
01-08 12:57:56.926 941 964 W ResourceType: ResTable_typeSpec entry count inconsistent: given 117, previously 121
01-08 12:57:56.926 941 964 W ResourceType: ResTable_typeSpec entry count inconsistent: given 4235, previously 4266
01-08 12:57:56.926 941 964 W ResourceType: ResTable_typeSpec entry count inconsistent: given 5251, previously 5297
01-08 12:57:56.932 941 941 W ResourceType: ResTable_typeSpec entry count inconsistent: given 3917, previously 3934
01-08 12:57:56.932 941 964 W ResourceType: ResTable_typeSpec entry count inconsistent: given 3917, previously 3934
01-08 12:57:56.936 20640 20640 I Finsky : [2] rvv.aje(13): DTU: Received onPackageAdded, replacing: false
01-08 12:57:56.942 20640 20895 I Finsky : [1777] kkk.apply(1370): AIM: Got app ownership map. App counts: . Unique apps: 0
01-08 12:57:56.943 20640 20640 I Finsky : [2] acfi.f(9): Clearing split related stale data.
01-08 12:57:56.953 17964 24445 I A : (REDACTED) Writing data of size=%d bytes with N=%d keys to Geller corpus %s at ts=%d
01-08 12:57:56.960 941 964 W ResourceType: ResTable_typeSpec entry count inconsistent: given 3935, previously 3934
01-08 12:57:56.960 941 941 W ResourceType: ResTable_typeSpec entry count inconsistent: given 3935, previously 3934
01-08 12:57:56.968 941 941 W ResourceType: ResTable_typeSpec entry count inconsistent: given 505, previously 3667
01-08 12:57:56.968 941 964 W ResourceType: ResTable_typeSpec entry count inconsistent: given 505, previously 3667
01-08 12:57:56.975 20640 20912 I Finsky : [1786] kmi.a(206): AIM: AppInfoManager-Perf > ItemModel > CacheSize=48, cacheHitCount=0, cacheMissCount=0, total appsWithNoServerDataCount=0. Missed in cache (limit 10) : []
01-08 12:57:56.984 13834 22293 I NetworkScheduler.Stats: (REDACTED) Task %s/%s started execution. cause:%s exec_start_elapsed_seconds: %s
01-08 12:57:56.984 13834 22293 I NetworkScheduler.Stats: (REDACTED) Task %s/%s started execution. cause:%s exec_start_elapsed_seconds: %s
01-08 12:57:56.996 20640 24417 I Finsky : [1916] ppb.run(200): Wrote row to frosting DB: 13013
01-08 12:57:57.005 20640 20921 I Finsky : [1790] kmi.a(206): AIM: AppInfoManager-Perf > ItemModel > CacheSize=48, cacheHitCount=0, cacheMissCount=0, total appsWithNoServerDataCount=0. Missed in cache (limit 10) : []
01-08 12:57:57.022 20640 20921 I Finsky : [1790] jov.accept(156): AIM: AppInfoManager-Perf > getApps > data collection finished
01-08 12:57:57.022 20640 20921 I Finsky : [1790] jum.run(394): AIM: AppInfoManager-Perf > maybeDestroyAppInfoManager is called. actives = 1
01-08 12:57:57.026 941 964 W ResourceType: ResTable_typeSpec entry count inconsistent: given 1398, previously 1470
01-08 12:57:57.026 941 964 W ResourceType: ResTable_typeSpec entry count inconsistent: given 324, previously 340
01-08 12:57:57.026 941 964 W ResourceType: ResTable_typeSpec entry count inconsistent: given 348, previously 3130
01-08 12:57:57.032 941 1009 I InputReader: Reconfiguring input devices. changes=0x00000010
01-08 12:57:57.032 941 954 W ResourceType: ResTable_typeSpec entry count inconsistent: given 1398, previously 1470
01-08 12:57:57.032 941 954 W ResourceType: ResTable_typeSpec entry count inconsistent: given 324, previously 340
01-08 12:57:57.032 941 954 W ResourceType: ResTable_typeSpec entry count inconsistent: given 348, previously 3130
01-08 12:57:57.035 941 941 W ResourceType: ResTable_typeSpec entry count inconsistent: given 23, previously 37
01-08 12:57:57.038 941 941 W ResourceType: ResTable_typeSpec entry count inconsistent: given 833, previously 2148
01-08 12:57:57.038 941 941 W ResourceType: ResTable_typeSpec entry count inconsistent: given 1512, previously 1515
01-08 12:57:57.038 941 941 W ResourceType: ResTable_typeSpec entry count inconsistent: given 373, previously 2854
01-08 12:57:57.041 941 954 W ResourceType: ResTable_typeSpec entry count inconsistent: given 2134, previously 2255
01-08 12:57:57.041 941 954 W ResourceType: ResTable_typeSpec entry count inconsistent: given 1164, previously 1224
01-08 12:57:57.041 941 954 W ResourceType: ResTable_typeSpec entry count inconsistent: given 375, previously 2644
01-08 12:57:57.046 17964 18113 I DeviceAppInfoWork: refreshDeviceAppInfoForAccount done.
01-08 12:57:57.047 12852 19067 I Icing : Indexing com.google.android.gms-apps from com.google.android.gms
01-08 12:57:57.055 941 954 W ResourceType: ResTable_typeSpec entry count inconsistent: given 84, previously 87
01-08 12:57:57.055 941 954 W ResourceType: ResTable_typeSpec entry count inconsistent: given 168, previously 172
01-08 12:57:57.055 941 954 W ResourceType: ResTable_typeSpec entry count inconsistent: given 3232, previously 3252
01-08 12:57:57.055 941 954 W ResourceType: ResTable_typeSpec entry count inconsistent: given 485, previously 4619
01-08 12:57:57.062 941 954 W ResourceType: ResTable_typeSpec entry count inconsistent: given 3786, previously 3788
01-08 12:57:57.062 941 954 W ResourceType: ResTable_typeSpec entry count inconsistent: given 430, previously 2948
01-08 12:57:57.063 941 941 W ResourceType: ResTable_typeSpec entry count inconsistent: given 71, previously 102
01-08 12:57:57.063 941 941 W ResourceType: ResTable_typeSpec entry count inconsistent: given 965, previously 2611
01-08 12:57:57.063 941 941 W ResourceType: ResTable_typeSpec entry count inconsistent: given 2289, previously 2295
01-08 12:57:57.063 941 941 W ResourceType: ResTable_typeSpec entry count inconsistent: given 381, previously 2965
01-08 12:57:57.065 12852 19067 I Icing : Indexing done com.google.android.gms-apps
01-08 12:57:57.069 17964 18120 W DeviceAppInfoWork: missing version info.
01-08 12:57:57.071 941 941 W ResourceType: ResTable_typeSpec entry count inconsistent: given 74, previously 76
01-08 12:57:57.071 941 941 W ResourceType: ResTable_typeSpec entry count inconsistent: given 937, previously 2540
01-08 12:57:57.071 941 941 W ResourceType: ResTable_typeSpec entry count inconsistent: given 2192, previously 2221
01-08 12:57:57.072 941 954 W ResourceType: ResTable_typeSpec entry count inconsistent: given 74, previously 76
01-08 12:57:57.072 941 954 W ResourceType: ResTable_typeSpec entry count inconsistent: given 937, previously 2540
01-08 12:57:57.072 941 954 W ResourceType: ResTable_typeSpec entry count inconsistent: given 2192, previously 2221
01-08 12:57:57.072 941 954 W ResourceType: ResTable_typeSpec entry count inconsistent: given 380, previously 3027
01-08 12:57:57.072 941 941 W ResourceType: ResTable_typeSpec entry count inconsistent: given 380, previously 3027
01-08 12:57:57.075 941 941 W ResourceType: ResTable_typeSpec entry count inconsistent: given 951, previously 2514
01-08 12:57:57.075 941 941 W ResourceType: ResTable_typeSpec entry count inconsistent: given 2483, previously 2494
01-08 12:57:57.075 941 941 W ResourceType: ResTable_typeSpec entry count inconsistent: given 380, previously 2947
01-08 12:57:57.078 941 954 W ResourceType: ResTable_typeSpec entry count inconsistent: given 951, previously 2514
01-08 12:57:57.078 941 954 W ResourceType: ResTable_typeSpec entry count inconsistent: given 2483, previously 2494
01-08 12:57:57.078 941 954 W ResourceType: ResTable_typeSpec entry count inconsistent: given 380, previously 2947
01-08 12:57:57.081 941 954 W ResourceType: ResTable_typeSpec entry count inconsistent: given 18, previously 20
01-08 12:57:57.082 941 954 W ResourceType: ResTable_typeSpec entry count inconsistent: given 1168, previously 1172
01-08 12:57:57.082 941 954 W ResourceType: ResTable_typeSpec entry count inconsistent: given 370, previously 2492
01-08 12:57:57.082 941 941 W ResourceType: ResTable_typeSpec entry count inconsistent: given 18, previously 20
01-08 12:57:57.083 941 941 W ResourceType: ResTable_typeSpec entry count inconsistent: given 1168, previously 1172
01-08 12:57:57.083 941 941 W ResourceType: ResTable_typeSpec entry count inconsistent: given 370, previously 2492
01-08 12:57:57.086 941 941 I Telecom : DefaultDialerCache: Refreshing default dialer for user 0: now null: DDC.oR@AJE
01-08 12:57:57.087 941 954 W ResourceType: ResTable_typeSpec entry count inconsistent: given 706, previously 717
01-08 12:57:57.087 941 954 W ResourceType: ResTable_typeSpec entry count inconsistent: given 217, previously 1278
01-08 12:57:57.110 13834 21313 W ChimeraUtils: Module com.google.android.gms.nearby_en missing resource null(0)
01-08 12:57:57.117 941 954 W ResourceType: ResTable_typeSpec entry count inconsistent: given 3287, previously 8388
01-08 12:57:57.117 941 954 W ResourceType: ResTable_typeSpec entry count inconsistent: given 5209, previously 5208
01-08 12:57:57.117 941 954 W ResourceType: ResTable_typeSpec entry count inconsistent: given 510, previously 5005
01-08 12:57:57.128 13834 21313 W ChimeraUtils: Module com.google.android.gms.nearby_en missing resource null(0)
01-08 12:57:57.146 941 21161 I ActivityManager: START u0 {act=android.intent.action.MAIN cat=[android.intent.category.LAUNCHER] flg=0x10000000 cmp=io.qt.qtdesignviewer/org.qtproject.qt.android.bindings.QtActivity} from uid 2000
01-08 12:57:57.176 24644 24644 I zygote64: Late-enabling -Xcheck:jni
01-08 12:57:57.177 941 1583 I ActivityManager: Start proc 24644:io.qt.qtdesignviewer/u0a473 for activity io.qt.qtdesignviewer/org.qtproject.qt.android.bindings.QtActivity
01-08 12:57:57.214 188 315 W gralloc : Unmapped producer usage 900
01-08 12:57:57.228 941 991 W gralloc : Unmapped producer usage 11
01-08 12:57:57.228 941 991 W gralloc : Unmapped consumer usage 1
01-08 12:57:57.249 24644 24644 W ActivityThread: Application io.qt.qtdesignviewer can be debugged on port 8100...
01-08 12:57:57.257 12852 12875 I zygote64: Background concurrent copying GC freed 100185(5MB) AllocSpace objects, 39(1612KB) LOS objects, 50% free, 16MB/32MB, paused 71us total 178.856ms
01-08 12:57:57.281 1481 1517 I zygote64: Deoptimizing void com.android.launcher3.LauncherModel.runOnWorkerThread(java.lang.Runnable) due to JIT same target
01-08 12:57:57.299 1481 1481 I zygote64: Deoptimizing void com.android.launcher3.DeferredHandler$Impl.handleMessage(android.os.Message) due to JIT inline cache
01-08 12:57:57.301 188 6203 W gralloc : Unmapped consumer usage 200
01-08 12:57:57.301 188 6203 W gralloc : Unmapped producer usage 900
01-08 12:57:57.335 24644 24644 W System : ClassLoader referenced unknown path:
01-08 12:57:57.491 24644 24644 D Qt JAVA : Class org.qtproject.qt.android.multimedia.QtAudioDeviceManager does not implement setActivity method
01-08 12:57:57.492 13834 22293 I NetworkScheduler.Stats: (REDACTED) Task %s/%s finished executing. cause:%s result: %s elapsed_millis: %s uptime_millis: %s exec_start_elapsed_seconds: %s
01-08 12:57:57.499 24644 24669 W linker : "/data/app/io.qt.qtdesignviewer-TBIuNJPACk4POnJSrluQQA==/lib/arm64/libc++_shared.so" unused DT entry: type 0x70000001 arg 0x0
01-08 12:57:57.509 24644 24669 I QtCore : Start
01-08 12:57:57.578 13834 24504 I NetworkScheduler.Stats: (REDACTED) Task %s/%s started execution. cause:%s exec_start_elapsed_seconds: %s
01-08 12:57:57.696 24644 24669 I Qt : qt started
01-08 12:57:57.768 24644 24678 D OpenGLRenderer: HWUI GL Pipeline
01-08 12:57:57.809 188 314 W gralloc : Unmapped producer usage 900
01-08 12:57:57.811 24644 24678 D NvOsDebugPrintf: NvRmPrivGetChipPlatform: Could not read platform information
01-08 12:57:57.812 24644 24678 D NvOsDebugPrintf: Expected on kernels without fuse support, using silicon
01-08 12:57:57.816 188 188 W gralloc : Unmapped producer usage 900
01-08 12:57:57.819 24644 24678 D vndksupport: Loading /vendor/lib64/hw/gralloc.tegra.so from current namespace instead of sphal namespace.
01-08 12:57:57.821 188 315 W gralloc : Unmapped producer usage 900
01-08 12:57:57.834 163 163 W /system/bin/hwservicemanager: getTransport: Cannot find entry android.hardware.configstore@1.0::ISurfaceFlingerConfigs/default in either framework or device manifest.
01-08 12:57:57.834 24644 24678 I zygote64: android::hardware::configstore::V1_0::ISurfaceFlingerConfigs::hasWideColorDisplay retrieved: 0
01-08 12:57:57.834 24644 24678 I OpenGLRenderer: Initialized EGL, version 1.4
01-08 12:57:57.834 24644 24678 D OpenGLRenderer: Swap behavior 2
01-08 12:57:57.872 1065 1065 I GoogleInputMethodService: GoogleInputMethodService.onFinishInput():3206
01-08 12:57:57.873 1065 1065 I GoogleInputMethodService: GoogleInputMethodService.updateDeviceLockedStatus():2147 repeatCheckTimes = 0, locked = false
01-08 12:57:57.874 1065 1065 I GoogleInputMethodService: GoogleInputMethodService.onStartInput():1894 onStartInput(EditorInfo{EditorInfo{packageName=io.qt.qtdesignviewer, inputType=0, inputTypeString=NULL, enableLearning=false, autoCorrection=false, autoComplete=false, imeOptions=0, privateImeOptions=null, actionName=UNSPECIFIED, actionLabel=null, initialSelStart=-1, initialSelEnd=-1, initialCapsMode=0, label=null, fieldId=-1, fieldName=null, extras=null, hintText=null, hintLocales=[]}}, false)
01-08 12:57:57.874 1065 1065 I GoogleInputMethodService: GoogleInputMethodService.updateDeviceLockedStatus():2147 repeatCheckTimes = 1, locked = false
01-08 12:57:57.949 188 6203 W gralloc : Unmapped consumer usage 200
01-08 12:57:57.949 188 6203 W gralloc : Unmapped producer usage 900
01-08 12:57:57.953 163 163 W /system/bin/hwservicemanager: getTransport: Cannot find entry android.hardware.graphics.mapper@2.0::IMapper/default in either framework or device manifest.
01-08 12:57:57.954 24644 24678 D vndksupport: Loading /vendor/lib64/hw/android.hardware.graphics.mapper@2.0-impl.so from current namespace instead of sphal namespace.
01-08 12:57:57.955 24644 24678 D vndksupport: Loading /vendor/lib64/hw/gralloc.tegra.so from current namespace instead of sphal namespace.
01-08 12:57:57.956 24644 24678 D vndksupport: Loading /vendor/lib64/hw/gralloc.tegra.so from current namespace instead of sphal namespace.
01-08 12:57:58.054 1133 1133 D zz : UtWallpaperService$UtEngine.onVisibilityChanged() false
01-08 12:57:58.074 1133 1133 D zz : UtRenderer.onNotVisible()
01-08 12:57:58.126 941 954 E memtrack: Couldn't load memtrack module
01-08 12:57:58.126 941 954 W android.os.Debug: failed to get memory consumption info: -1
01-08 12:57:58.128 941 964 I ActivityManager: Displayed io.qt.qtdesignviewer/org.qtproject.qt.android.bindings.QtActivity: +949ms
01-08 12:57:58.167 941 954 E memtrack: Couldn't load memtrack module
01-08 12:57:58.167 941 954 W android.os.Debug: failed to get memory consumption info: -1
01-08 12:57:58.176 1481 1498 W zygote64: Checksum mismatch for dex PixelCLauncherPrebuilt.apk
01-08 12:57:58.176 1481 1498 W zygote64: Checksum mismatch for dex PixelCLauncherPrebuilt.apk
01-08 12:57:58.194 941 954 E memtrack: Couldn't load memtrack module
01-08 12:57:58.194 941 954 W android.os.Debug: failed to get memory consumption info: -1
01-08 12:57:58.530 13834 13845 I zygote64: Background concurrent copying GC freed 175847(9MB) AllocSpace objects, 154(5MB) LOS objects, 50% free, 15MB/30MB, paused 67us total 110.677ms
01-08 12:57:58.614 24644 24669 D Qt_UI_Viewer: Warning: QQmlExpression: Expression qrc:/HomePage.qml:90:17 depends on non-NOTIFYable properties:
01-08 12:57:58.614 24644 24669 D Qt_UI_Viewer: Warning: Backend::userHash
01-08 12:57:58.865 188 314 W gralloc : Unmapped consumer usage 200
01-08 12:57:58.865 188 314 W gralloc : Unmapped producer usage 900
01-08 12:57:58.868 188 315 W gralloc : Unmapped consumer usage 200
01-08 12:57:58.868 188 315 W gralloc : Unmapped producer usage 900
