01-08 12:57:58.891 24690 24690 W QtThread: type=1400 audit(0.0:134): avc: denied { read } for name="boot_id" dev="proc" ino=517713 scontext=u:r:untrusted_app:s0:c512,c768 tcontext=u:object_r:proc:s0 tclass=file permissive=0
01-08 12:57:59.119 188 188 W gralloc : Unmapped consumer usage 200
01-08 12:57:59.119 188 188 W gralloc : Unmapped producer usage 900
01-08 12:57:59.123 188 6203 W gralloc : Unmapped consumer usage 200
01-08 12:57:59.123 188 6203 W gralloc : Unmapped producer usage 900
01-08 12:57:59.133 24644 24669 D Qt_UI_Viewer: Debug: Qt Design Viewer
01-08 12:57:59.133 24644 24669 D Qt_UI_Viewer: Debug: System information:
01-08 12:57:59.133 24644 24669 D Qt_UI_Viewer: Debug: -- Qt version: 6.6.1
01-08 12:57:59.149 24644 24669 D Qt_UI_Viewer: Debug: -- OpenSSL support: "true"
01-08 12:57:59.149 24644 24669 D Qt_UI_Viewer: Debug: -- Screen height: "900"
01-08 12:57:59.149 24644 24669 D Qt_UI_Viewer: Debug: -- Screen width: "1280"
01-08 12:57:59.151 24669 24669 W qtMainLoopThrea: type=1400 audit(0.0:135): avc: denied { read } for name="boot_id" dev="proc" ino=517713 scontext=u:r:untrusted_app:s0:c512,c768 tcontext=u:object_r:proc:s0 tclass=file permissive=0
01-08 12:57:59.151 24644 24669 D Qt_UI_Viewer: Debug: User Hash is not registered. Scan QR code to register.
01-08 12:57:59.159 24644 24669 D Qt_UI_Viewer: Debug: Update in background is disabled
01-08 12:57:59.159 24644 24669 D Qt_UI_Viewer: Debug: Initialization complete
01-08 12:57:59.355 13834 24163 I NetworkScheduler.Stats: (REDACTED) Task %s/%s finished executing. cause:%s result: %s elapsed_millis: %s uptime_millis: %s exec_start_elapsed_seconds: %s
01-08 12:57:59.431 13834 24504 I NetworkScheduler.Stats: (REDACTED) Task %s/%s started execution. cause:%s exec_start_elapsed_seconds: %s
01-08 12:57:59.444 13834 22293 I NetworkScheduler.Stats: (REDACTED) Task %s/%s finished executing. cause:%s result: %s elapsed_millis: %s uptime_millis: %s exec_start_elapsed_seconds: %s
01-08 12:57:59.561 941 1192 I ActivityManager: Start proc 24694:android.process.acore/u0a3 for content provider com.android.providers.contacts/.ContactsProvider2
01-08 12:57:59.568 12852 12943 I PeopleChimeraService: onService. callbacks = bgdw@20583ee, request = com.google.android.gms.common.internal.GetServiceRequest@29fe08f
01-08 12:57:59.667 24694 24694 I ContactsPerf: VoicemailContentProvider.onCreate start
01-08 12:57:59.703 24694 24694 I ContactsPerf: VoicemailContentProvider.onCreate finish
01-08 12:57:59.710 24694 24710 D ContactsDatabaseHelper: WAL enabled for contacts2.db: true
01-08 12:57:59.793 24694 24710 I ContactLocale: AddressBook Labels [[en_GB]]: […, A, B, C, D, E, F, G, H, I, J, K, L, M, N, O, P, Q, R, S, T, U, V, W, X, Y, Z, Α, Β, Γ, Δ, Ε, Ζ, Η, Θ, Ι, Κ, Λ, Μ, Ν, Ξ, Ο, Π, Ρ, Σ, Τ, Υ, Φ, Χ, Ψ, Ω, …, А, Б, В, Г, Д, Ђ, Е, Є, Ж, З, И, І, Й, Ј, К, Л, Љ, М, Н, Њ, О, П, Р, С, Т, Ћ, У, Ф, Х, Ц, Ч, Џ, Ш, Щ, Ю, Я, …, א, ב, ג, ד, ה, ו, ז, ח, ט, י, כ, ל, מ, נ, ס, ע, פ, צ, ק, ר, ש, ת, …, ا, ب, ت, ث, ج, ح, خ, د, ذ, ر, ز, س, ش, ص, ض, ط, ظ, ع, غ, ف, ق, ك, ل, م, ن, ه, و, ي, …, ก, ข, ฃ, ค, ฅ, ฆ, ง, จ, ฉ, ช, ซ, ฌ, ญ, ฎ, ฏ, ฐ, ฑ, ฒ, ณ, ด, ต, ถ, ท, ธ, น, บ, ป, ผ, ฝ, พ, ฟ, ภ, ม, ย, ร, ฤ, ล, ฦ, ว, ศ, ษ, ส, ห, ฬ, อ, ฮ, …, ㄱ, ㄴ, ㄷ, ㄹ, ㅁ, ㅂ, ㅅ, ㅇ, ㅈ, ㅊ, ㅋ, ㅌ, ㅍ, ㅎ, …, あ, か, さ, た, な, は, ま, や, ら, わ, #, …]
01-08 12:57:59.807 24694 24710 D ContactsDatabaseHelper: WAL enabled for profile.db: false
01-08 12:57:59.841 12852 24693 I DCU_ContactsLogger: Nothing to upload! [CONTEXT service_id=135 ]
01-08 12:57:59.879 13834 24163 I NetworkScheduler.Stats: (REDACTED) Task %s/%s finished executing. cause:%s result: %s elapsed_millis: %s uptime_millis: %s exec_start_elapsed_seconds: %s
01-08 12:58:03.905 20640 20640 I Finsky : [2] aayi.onStartJob(128): SCH: job service start with id 9809.
01-08 12:58:03.933 20640 24428 I Finsky : [1918] zxy.a(438): SCH: Satisfied jobs for 9809 are: 12-1
01-08 12:58:03.937 20640 24722 I Finsky : [1932] zya.accept(194): SCH: Job 12-1 starting
01-08 12:58:03.939 20640 20640 I Finsky : [2] ContentSyncJob.w(14): [ContentSync] job started
01-08 12:58:04.022 20640 24724 I Finsky : [1934] kvm.f(41): Completed 0 account content syncs with 0 successful.
01-08 12:58:04.022 20640 20640 I Finsky : [2] ContentSyncJob.a(14): [ContentSync] Installation state replication succeeded.
01-08 12:58:04.022 20640 20640 I Finsky : [2] aawt.r(83): SCH: jobFinished: 12-1. TimeElapsed: 86ms.
01-08 12:58:04.048 20640 20912 I Finsky : [1786] wun.accept(34): SCH: Scheduling phonesky job Id: 1-1337, CT: 1704714956215, Constraints: [{ L: 36266916, D: 79466916, C: 1, I: 1, N: 1 }]
01-08 12:58:04.048 20640 20912 I Finsky : [1786] wun.accept(34): SCH: Scheduling phonesky job Id: 10-4, CT: 1704714954964, Constraints: [{ L: 1200000, D: 86400000, C: 1, I: 1, N: 1 }]
01-08 12:58:04.049 20640 20912 I Finsky : [1786] wun.accept(34): SCH: Scheduling phonesky job Id: 10-11, CT: 1704714954964, Constraints: [{ L: 600000, D: 86400000, C: 1, I: 1, N: 1 }]
01-08 12:58:04.049 20640 20912 I Finsky : [1786] wun.accept(34): SCH: Scheduling phonesky job Id: 10-26, CT: 1704714954964, Constraints: [{ L: 600000, D: 86400000, C: 1, I: 1, N: 1 }]
01-08 12:58:04.050 20640 20912 I Finsky : [1786] wun.accept(34): SCH: Scheduling phonesky job Id: 10-93, CT: 1704714954966, Constraints: [{ L: 300000, D: 86400000, C: 1, I: 1, N: 1 }]
01-08 12:58:04.050 20640 20912 I Finsky : [1786] wun.accept(34): SCH: Scheduling phonesky job Id: 10-123, CT: 1704714954966, Constraints: [{ L: 600000, D: 86400000, C: 1, I: 1, N: 1 }]
01-08 12:58:04.056 20640 20904 I Finsky : [1779] zyb.apply(453): SCH: Scheduling 1 system job(s)
01-08 12:58:04.056 20640 20904 I Finsky : [1779] aawq.d(88): SCH: Scheduling system job Id: 9816, L: 170910, D: 79339075, C: false, I: false, N: 1
01-08 12:58:04.062 20640 24722 I Finsky : [1932] aayi.a(26): SCH: job service finished with id 9809.
01-08 12:58:05.859 13834 13834 D BoundBrokerSvc: onUnbind: Intent { act=com.google.android.gms.clearcut.bootcount.service.START pkg=com.google.android.gms }
01-08 12:58:08.046 941 954 E memtrack: Couldn't load memtrack module
01-08 12:58:08.046 941 954 W android.os.Debug: failed to get memory consumption info: -1
01-08 12:58:09.018 24644 24669 I CameraManagerGlobal: Connecting to camera service
01-08 12:58:09.059 24644 24669 D Qt_UI_Viewer: Warning: Access to camera not granted!
01-08 12:58:09.159 192 192 D SurfaceFlinger: duplicate layer name: changing SurfaceView - io.qt.qtdesignviewer/org.qtproject.qt.android.bindings.QtActivity to SurfaceView - io.qt.qtdesignviewer/org.qtproject.qt.android.bindings.QtActivity#1
01-08 12:58:09.159 192 192 D SurfaceFlinger: duplicate layer name: changing Background for - SurfaceView - io.qt.qtdesignviewer/org.qtproject.qt.android.bindings.QtActivity to Background for - SurfaceView - io.qt.qtdesignviewer/org.qtproject.qt.android.bindings.QtActivity#1
01-08 12:58:09.166 188 314 W gralloc : Unmapped producer usage 900
01-08 12:58:09.173 188 315 W gralloc : Unmapped consumer usage 200
01-08 12:58:09.173 188 315 W gralloc : Unmapped producer usage 900
01-08 12:58:09.183 24644 24669 W gralloc : Unmapped producer usage 11
01-08 12:58:09.183 24644 24669 W gralloc : Unmapped consumer usage 1
01-08 12:58:09.310 192 192 D SurfaceFlinger: duplicate layer name: changing SurfaceView - io.qt.qtdesignviewer/org.qtproject.qt.android.bindings.QtActivity to SurfaceView - io.qt.qtdesignviewer/org.qtproject.qt.android.bindings.QtActivity#2
01-08 12:58:09.311 192 192 D SurfaceFlinger: duplicate layer name: changing Background for - SurfaceView - io.qt.qtdesignviewer/org.qtproject.qt.android.bindings.QtActivity to Background for - SurfaceView - io.qt.qtdesignviewer/org.qtproject.qt.android.bindings.QtActivity#2
01-08 12:58:09.319 188 188 W gralloc : Unmapped consumer usage 200
01-08 12:58:09.319 188 188 W gralloc : Unmapped producer usage 900
01-08 12:58:09.376 188 6203 W gralloc : Unmapped producer usage 900
01-08 12:58:09.392 24644 24669 W gralloc : Unmapped producer usage 1
01-08 12:58:09.393 24644 24669 W gralloc : Unmapped consumer usage 1
01-08 12:58:09.393 24644 24669 W gralloc : Unmapped producer usage 10
01-08 12:58:09.420 24644 24669 W gralloc : Unmapped producer usage 11
01-08 12:58:09.420 24644 24669 W gralloc : Unmapped consumer usage 1
01-08 12:58:09.441 188 314 W gralloc : Unmapped consumer usage 200
01-08 12:58:09.441 188 314 W gralloc : Unmapped producer usage 900
01-08 12:58:15.046 189 189 I WifiHAL : Got channel list with 13 channels
01-08 12:58:15.051 189 189 I WifiHAL : Got channel list with 4 channels
01-08 12:58:15.053 189 189 I WifiHAL : Got channel list with 15 channels
01-08 12:58:15.193 13834 24742 E memtrack: Couldn't load memtrack module
01-08 12:58:15.193 13834 24742 W android.os.Debug: failed to get memory consumption info: -1
01-08 12:58:17.529 941 1787 D WificondControl: Scan result ready event
01-08 12:58:22.429 941 958 I WifiService: requestActivityInfo uid=1000
01-08 12:58:22.429 941 958 I WifiService: reportActivityInfo uid=1000
01-08 12:58:22.429 941 958 I WifiService: getSupportedFeatures uid=1000
01-08 12:58:22.451 941 941 I ActivityManager: Killing 26283:com.google.android.packageinstaller/u0a13 (adj 906): empty #17
01-08 12:58:22.451 941 941 I ActivityManager: Killing 24128:com.android.chrome:webview_service/u0a34 (adj 906): empty #18
01-08 12:58:22.452 941 957 W zygote64: kill(-26283, 9) failed: No such process
01-08 12:58:22.453 941 954 E memtrack: Couldn't load memtrack module
01-08 12:58:22.453 941 954 W android.os.Debug: failed to get memory consumption info: -1
01-08 12:58:22.468 189 189 D WifiHAL : In DebugCommand::handleResponse
01-08 12:58:22.468 189 189 D WifiHAL : len = 4, expected len = 4
01-08 12:58:22.471 189 189 D WifiHAL : In DebugCommand::handleResponse
01-08 12:58:22.471 189 189 D WifiHAL : len = 4, expected len = 4
01-08 12:58:22.497 941 957 W zygote64: kill(-26283, 9) failed: No such process
01-08 12:58:22.546 941 955 W ProcessCpuTracker: Skipping unknown process pid 24128
01-08 12:58:22.549 941 955 W ProcessCpuTracker: Skipping unknown process pid 24750
01-08 12:58:22.552 941 941 I ActivityManager: Start proc 24752:com.google.android.gm/u0a63 for service com.google.android.gm/androidx.work.impl.background.systemjob.SystemJobService
01-08 12:58:22.544 941 957 W zygote64: kill(-26283, 9) failed: No such process
01-08 12:58:22.555 1152 1152 E PhoneInterfaceManager: [PhoneIntfMgr] queryModemActivityInfo: Empty response
01-08 12:58:22.578 941 957 W zygote64: kill(-26283, 9) failed: No such process
01-08 12:58:22.578 941 957 I zygote64: Successfully killed process cgroup uid 10013 pid 26283 in 126ms
01-08 12:58:22.578 941 957 W zygote64: kill(-24128, 9) failed: No such process
01-08 12:58:22.578 941 957 I zygote64: Successfully killed process cgroup uid 10034 pid 24128 in 0ms
01-08 12:58:22.620 941 958 E BatteryExternalStatsWorker: modem info is invalid: ModemActivityInfo{ mTimestamp=0 mSleepTimeMs=0 mIdleTimeMs=0 mTxTimeMs[]=[0, 0, 0, 0, 0] mRxTimeMs=0 mEnergyUsed=0}
01-08 12:58:22.655 941 941 I ActivityManager: Start proc 24765:com.android.chrome:webview_service/u0a34 for service com.android.chrome/org.chromium.android_webview.services.AwVariationsSeedFetcher
01-08 12:58:22.657 941 964 W ActivityManager: setHasOverlayUi called on unknown pid: 26283
01-08 12:58:22.658 941 954 E memtrack: Couldn't load memtrack module
01-08 12:58:22.658 941 954 W android.os.Debug: failed to get memory consumption info: -1
01-08 12:58:22.673 941 941 I ActivityManager: Start proc 24770:com.google.android.apps.docs.editors.docs/u0a85 for service com.google.android.apps.docs.editors.docs/androidx.work.impl.background.systemjob.SystemJobService
01-08 12:58:22.692 941 941 I ActivityManager: Start proc 24785:com.google.android.apps.docs.editors.sheets/u0a81 for service com.google.android.apps.docs.editors.sheets/androidx.work.impl.background.systemjob.SystemJobService
01-08 12:58:22.692 941 954 E memtrack: Couldn't load memtrack module
01-08 12:58:22.692 941 954 W android.os.Debug: failed to get memory consumption info: -1
01-08 12:58:22.692 941 956 W Looper : Dispatch took 232ms on android.ui, h=Handler (com.android.server.am.ActivityManagerService$UiHandler) {8cdbb90} cb=null msg=53
01-08 12:58:22.693 941 941 V BackupManagerService: Scheduling immediate backup pass
01-08 12:58:22.703 941 941 V BackupManagerService: Running a backup pass
01-08 12:58:22.704 941 1442 V BackupManagerService: clearing pending backups
01-08 12:58:22.716 941 1442 D PFTBT : backupmanager pftbt token=49333049
01-08 12:58:22.716 941 1442 V PerformBackupTask: Beginning backup of 5 targets
01-08 12:58:22.720 941 1442 D PerformBackupTask: invokeAgentForBackup on @pm@
01-08 12:58:22.734 941 954 E memtrack: Couldn't load memtrack module
01-08 12:58:22.734 941 954 W android.os.Debug: failed to get memory consumption info: -1
01-08 12:58:22.739 941 1442 I BackupRestoreController: Getting widget state for user: 0
01-08 12:58:22.740 13834 13972 I Backup : [CryptoEnableCheck] Should not encrypt backups: unsupported by SDK.
01-08 12:58:22.741 13834 13972 I chatty : uid=10009(com.google.android.gms) Binder:13834_8 identical 1 line
01-08 12:58:22.750 13834 13972 I Backup : [CryptoEnableCheck] Should not encrypt backups: unsupported by SDK.
01-08 12:58:22.751 13834 13972 I Backup : [GmsBackupTransport] Performing unencrypted kv backup: @pm@
01-08 12:58:22.752 13834 13972 I Backup : [GmsBackupTransport] Starting new backup session
01-08 12:58:22.752 13834 13972 I Backup : [GmsBackupTransport] performBackup done for @pm@
01-08 12:58:22.759 12852 12852 D BoundBrokerSvc: onBind: Intent { act=com.google.android.gms.common.BIND_SHARED_PREFS pkg=com.google.android.gms }
01-08 12:58:22.760 12852 12852 D BoundBrokerSvc: Loading bound service for intent: Intent { act=com.google.android.gms.common.BIND_SHARED_PREFS pkg=com.google.android.gms }
01-08 12:58:22.762 12852 12852 D BoundBrokerSvc: onUnbind: Intent { act=com.google.android.gms.common.BIND_SHARED_PREFS pkg=com.google.android.gms }
01-08 12:58:22.764 12852 12852 D BoundBrokerSvc: onBind: Intent { act=com.google.android.gms.common.BIND_SHARED_PREFS pkg=com.google.android.gms }
01-08 12:58:22.764 12852 12852 D BoundBrokerSvc: Loading bound service for intent: Intent { act=com.google.android.gms.common.BIND_SHARED_PREFS pkg=com.google.android.gms }
01-08 12:58:22.767 12852 12852 D BoundBrokerSvc: onUnbind: Intent { act=com.google.android.gms.common.BIND_SHARED_PREFS pkg=com.google.android.gms }
01-08 12:58:22.785 941 954 I ActivityManager: Start proc 24803:com.google.android.keep/u0a84 for service com.google.android.keep/.syncadapter.KeepSyncAdapterService
01-08 12:58:22.795 12852 12852 D BoundBrokerSvc: onBind: Intent { act=com.google.android.gms.common.BIND_SHARED_PREFS pkg=com.google.android.gms }
01-08 12:58:22.795 12852 12852 D BoundBrokerSvc: Loading bound service for intent: Intent { act=com.google.android.gms.common.BIND_SHARED_PREFS pkg=com.google.android.gms }
01-08 12:58:22.823 12852 12852 D BoundBrokerSvc: onUnbind: Intent { act=com.google.android.gms.common.BIND_SHARED_PREFS pkg=com.google.android.gms }
01-08 12:58:22.879 24770 24770 W ResourceType: ResTable_typeSpec entry count inconsistent: given 71, previously 102
01-08 12:58:22.879 24770 24770 W ResourceType: ResTable_typeSpec entry count inconsistent: given 965, previously 2611
01-08 12:58:22.879 24770 24770 W ResourceType: ResTable_typeSpec entry count inconsistent: given 2289, previously 2295
01-08 12:58:22.879 24770 24770 W ResourceType: ResTable_typeSpec entry count inconsistent: given 381, previously 2965
01-08 12:58:22.887 13834 13973 W Conscrypt: Could not set socket write timeout: java.net.SocketException: Socket closed
01-08 12:58:22.888 13834 13973 W Conscrypt: at com.google.android.gms.org.conscrypt.Platform.setSocketWriteTimeout(:com.google.android.gms@234914013@23.49.14 (040400-590296185):226)
01-08 12:58:22.888 13834 13973 W Conscrypt: at com.google.android.gms.org.conscrypt.ConscryptFileDescriptorSocket.setSoWriteTimeout(:com.google.android.gms@234914013@23.49.14 (040400-590296185):4)
01-08 12:58:22.912 24752 24752 W ResourceType: ResTable_typeSpec entry count inconsistent: given 117, previously 121
01-08 12:58:22.912 24752 24752 W ResourceType: ResTable_typeSpec entry count inconsistent: given 4235, previously 4266
01-08 12:58:22.912 24752 24752 W ResourceType: ResTable_typeSpec entry count inconsistent: given 5251, previously 5297
01-08 12:58:22.912 24752 24752 W ResourceType: ResTable_typeSpec entry count inconsistent: given 3917, previously 3934
01-08 12:58:22.912 24752 24752 W ResourceType: ResTable_typeSpec entry count inconsistent: given 3935, previously 3934
01-08 12:58:22.912 24752 24752 W ResourceType: ResTable_typeSpec entry count inconsistent: given 505, previously 3667
01-08 12:58:22.946 13834 13973 W Conscrypt: Could not set socket write timeout: java.net.SocketException: Socket closed
01-08 12:58:22.947 13834 13973 W Conscrypt: at com.google.android.gms.org.conscrypt.Platform.setSocketWriteTimeout(:com.google.android.gms@234914013@23.49.14 (040400-590296185):226)
01-08 12:58:22.947 13834 13973 W Conscrypt: at com.google.android.gms.org.conscrypt.ConscryptFileDescriptorSocket.setSoWriteTimeout(:com.google.android.gms@234914013@23.49.14 (040400-590296185):4)
01-08 12:58:22.993 24785 24785 W ResourceType: ResTable_typeSpec entry count inconsistent: given 74, previously 76
01-08 12:58:23.010 24785 24785 W ResourceType: ResTable_typeSpec entry count inconsistent: given 937, previously 2540
01-08 12:58:23.010 24785 24785 W ResourceType: ResTable_typeSpec entry count inconsistent: given 2192, previously 2221
01-08 12:58:23.015 24803 24803 W ResourceType: ResTable_typeSpec entry count inconsistent: given 18, previously 20
01-08 12:58:23.016 24785 24785 W ResourceType: ResTable_typeSpec entry count inconsistent: given 380, previously 3027
01-08 12:58:23.021 24803 24803 W ResourceType: ResTable_typeSpec entry count inconsistent: given 1168, previously 1172
01-08 12:58:23.021 24803 24803 W ResourceType: ResTable_typeSpec entry count inconsistent: given 370, previously 2492
01-08 12:58:23.367 941 1024 D ConnectivityService: releasing NetworkRequest [ TRACK_DEFAULT id=310, [ Capabilities: INTERNET&NOT_RESTRICTED&TRUSTED&NOT_VPN] ] (release request)
01-08 12:58:23.483 24752 24752 W zygote64: Verification of void qgf.() took 462.932ms
01-08 12:58:23.552 24765 24765 I cr_SplitCompatApp: Launched version=120.0.6099.193 minSdkVersion=1 isBundle=true processName=com.android.chrome:webview_service isIsolated=false
01-08 12:58:23.632 24752 24752 W zygote64: Verification of void qgf.onCreate() took 132.966ms
01-08 12:58:23.666 941 954 E memtrack: Couldn't load memtrack module
01-08 12:58:23.666 941 954 W android.os.Debug: failed to get memory consumption info: -1
01-08 12:58:23.682 24803 24803 I zygote64: Rejecting re-init on previously-failed class java.lang.Class: java.lang.NoClassDefFoundError: Failed resolution of: Landroid/graphics/ImageDecoder$OnHeaderDecodedListener;
01-08 12:58:23.682 24803 24803 I zygote64: at void bus.T() (PG:1189)
01-08 12:58:23.682 24803 24803 I zygote64: at void bus.(pqp, fdt, fdt, gwq) (PG:7)
01-08 12:58:23.682 24803 24803 I zygote64: at java.lang.Object ooc.cr() (PG:41)
01-08 12:58:23.682 24803 24803 I zygote64: at java.lang.Object bvi.cr() (PG:3)
01-08 12:58:23.682 24803 24803 I zygote64: at java.lang.Object pew.x(java.lang.Object, java.lang.Class) (PG:78)
01-08 12:58:23.682 24803 24803 I zygote64: at void com.google.android.apps.keep.shared.sliceprovider.KeepSliceProvider.g() (PG:11)
01-08 12:58:23.682 24803 24803 I zygote64: at boolean anv.onCreate() (PG:1)
01-08 12:58:23.682 24803 24803 I zygote64: at void android.content.ContentProvider.attachInfo(android.content.Context, android.content.pm.ProviderInfo, boolean) (ContentProvider.java:1919)
01-08 12:58:23.682 24803 24803 I zygote64: at void android.content.ContentProvider.attachInfo(android.content.Context, android.content.pm.ProviderInfo) (ContentProvider.java:1894)
01-08 12:58:23.682 24803 24803 I zygote64: at void anv.attachInfo(android.content.Context, android.content.pm.ProviderInfo) (PG:1)
01-08 12:58:23.682 24803 24803 I zygote64: at android.app.ContentProviderHolder android.app.ActivityThread.installProvider(android.content.Context, android.app.ContentProviderHolder, android.content.pm.ProviderInfo, boolean, boolean, boolean) (ActivityThread.java:6239)
01-08 12:58:23.682 24803 24803 I zygote64: at void android.app.ActivityThread.installContentProviders(android.content.Context, java.util.List) (ActivityThread.java:5805)
01-08 12:58:23.682 24803 24803 I zygote64: at void android.app.ActivityThread.handleBindApplication(android.app.ActivityThread$AppBindData) (ActivityThread.java:5722)
01-08 12:58:23.682 24803 24803 I zygote64: at void android.app.ActivityThread.-wrap1(android.app.ActivityThread, android.app.ActivityThread$AppBindData) (ActivityThread.java:-1)
01-08 12:58:23.682 24803 24803 I zygote64: at void android.app.ActivityThread$H.handleMessage(android.os.Message) (ActivityThread.java:1656)
01-08 12:58:23.682 24803 24803 I zygote64: at void android.os.Handler.dispatchMessage(android.os.Message) (Handler.java:106)
01-08 12:58:23.682 24803 24803 I zygote64: at void android.os.Looper.loop() (Looper.java:164)
01-08 12:58:23.682 24803 24803 I zygote64: at void android.app.ActivityThread.main(java.lang.String[]) (ActivityThread.java:6494)
01-08 12:58:23.682 24803 24803 I zygote64: at java.lang.Object java.lang.reflect.Method.invoke(java.lang.Object, java.lang.Object[]) (Method.java:-2)
01-08 12:58:23.682 24803 24803 I zygote64: at void com.android.internal.os.RuntimeInit$MethodAndArgsCaller.run() (RuntimeInit.java:438)
01-08 12:58:23.682 24803 24803 I zygote64: at void com.android.internal.os.ZygoteInit.main(java.lang.String[]) (ZygoteInit.java:807)
01-08 12:58:23.682 24803 24803 I zygote64: Caused by: java.lang.ClassNotFoundException: Didn't find class "android.graphics.ImageDecoder$OnHeaderDecodedListener" on path: DexPathList[[zip file "/data/app/com.google.android.keep-Qpy6_7uKn2BZfLfbYCCigg==/base.apk", zip file "/data/app/com.google.android.keep-Qpy6_7uKn2BZfLfbYCCigg==/split_config.arm64_v8a.apk", zip file "/data/app/com.google.android.keep-Qpy6_7uKn2BZfLfbYCCigg==/split_config.en.apk", zip file "/data/app/com.google.android.keep-Qpy6_7uKn2BZfLfbYCCigg==/split_config.xhdpi.apk"],nativeLibraryDirectories=[/data/app/com.google.android.keep-Qpy6_7uKn2BZfLfbYCCigg==/lib/arm64, /data/app/com.google.android.keep-Qpy6_7uKn2BZfLfbYCCigg==/base.apk!/lib/arm64-v8a, /data/app/com.google.android.keep-Qpy6_7uKn2BZfLfbYCCigg==/split_config.arm64_v8a.apk!/lib/arm64-v8a, /data/app/com.google.android.keep-Qpy6_7uKn2BZfLfbYCCigg==/split_config.en.apk!/lib/arm64-v8a, /data/app/com.google.android.keep-Qpy6_7uKn2BZfLfbYCCigg==/split_config.xhdpi.apk!/lib/arm64-v8a, /system/lib64, /vendor/lib64]]
01-08 12:58:23.682 24803 24803 I zygote64: at java.lang.Class dalvik.system.BaseDexClassLoader.findClass(java.lang.String) (BaseDexClassLoader.java:125)
01-08 12:58:23.682 24803 24803 I zygote64: at java.lang.Class java.lang.ClassLoader.loadClass(java.lang.String, boolean) (ClassLoader.java:379)
01-08 12:58:23.682 24803 24803 I zygote64: at java.lang.Class java.lang.ClassLoader.loadClass(java.lang.String) (ClassLoader.java:312)
01-08 12:58:23.682 24803 24803 I zygote64: at void bus.T() (PG:1189)
01-08 12:58:23.682 24803 24803 I zygote64: at void bus.(pqp, fdt, fdt, gwq) (PG:7)
01-08 12:58:23.682 24803 24803 I zygote64: at java.lang.Object ooc.cr() (PG:41)
01-08 12:58:23.682 24803 24803 I zygote64: at java.lang.Object bvi.cr() (PG:3)
01-08 12:58:23.682 24803 24803 I zygote64: at java.lang.Object pew.x(java.lang.Object, java.lang.Class) (PG:78)
01-08 12:58:23.682 24803 24803 I zygote64: at void com.google.android.apps.keep.shared.sliceprovider.KeepSliceProvider.g() (PG:11)
01-08 12:58:23.682 24803 24803 I zygote64: at boolean anv.onCreate() (PG:1)
01-08 12:58:23.682 24803 24803 I zygote64: at void android.content.ContentProvider.attachInfo(android.content.Context, android.content.pm.ProviderInfo, boolean) (ContentProvider.java:1919)
01-08 12:58:23.682 24803 24803 I zygote64: at void android.content.ContentProvider.attachInfo(android.content.Context, android.content.pm.ProviderInfo) (ContentProvider.java:1894)
01-08 12:58:23.682 24803 24803 I zygote64: at void anv.attachInfo(android.content.Context, android.content.pm.ProviderInfo) (PG:1)
01-08 12:58:23.682 24803 24803 I zygote64: at android.app.ContentProviderHolder android.app.ActivityThread.installProvider(android.content.Context, android.app.ContentProviderHolder, android.content.pm.ProviderInfo, boolean, boolean, boolean) (ActivityThread.java:6239)
01-08 12:58:23.682 24803 24803 I zygote64: at void android.app.ActivityThread.installContentProviders(android.content.Context, java.util.List) (ActivityThread.java:5805)
01-08 12:58:23.682 24803 24803 I zygote64: at void android.app.ActivityThread.handleBindApplication(android.app.ActivityThread$AppBindData) (ActivityThread.java:5722)
01-08 12:58:23.682 24803 24803 I zygote64: at void android.app.ActivityThread.-wrap1(android.app.ActivityThread, android.app.ActivityThread$AppBindData) (ActivityThread.java:-1)
01-08 12:58:23.682 24803 24803 I zygote64: at void android.app.ActivityThread$H.handleMessage(android.os.Message) (ActivityThread.java:1656)
01-08 12:58:23.682 24803 24803 I zygote64: at void android.os.Handler.dispatchMessage(android.os.Message) (Handler.java:106)
01-08 12:58:23.682 24803 24803 I zygote64: at void android.os.Looper.loop() (Looper.java:164)
01-08 12:58:23.682 24803 24803 I zygote64: at void android.app.ActivityThread.main(java.lang.String[]) (ActivityThread.java:6494)
01-08 12:58:23.682 24803 24803 I zygote64: at java.lang.Object java.lang.reflect.Method.invoke(java.lang.Object, java.lang.Object[]) (Method.java:-2)
01-08 12:58:23.682 24803 24803 I zygote64: at void com.android.internal.os.RuntimeInit$MethodAndArgsCaller.run() (RuntimeInit.java:438)
01-08 12:58:23.682 24803 24803 I zygote64: at void com.android.internal.os.ZygoteInit.main(java.lang.String[]) (ZygoteInit.java:807)
01-08 12:58:23.682 24803 24803 I zygote64:
01-08 12:58:23.683 24803 24803 I zygote64: Rejecting re-init on previously-failed class java.lang.Class: java.lang.NoClassDefFoundError: Failed resolution of: Landroid/graphics/ImageDecoder$OnHeaderDecodedListener;
01-08 12:58:23.683 24803 24803 I zygote64: at void bus.T() (PG:1189)
01-08 12:58:23.683 24803 24803 I zygote64: at void bus.(pqp, fdt, fdt, gwq) (PG:7)
01-08 12:58:23.683 24803 24803 I zygote64: at java.lang.Object ooc.cr() (PG:41)
01-08 12:58:23.683 24803 24803 I zygote64: at java.lang.Object bvi.cr() (PG:3)
01-08 12:58:23.683 24803 24803 I zygote64: at java.lang.Object pew.x(java.lang.Object, java.lang.Class) (PG:78)
01-08 12:58:23.683 24803 24803 I zygote64: at void com.google.android.apps.keep.shared.sliceprovider.KeepSliceProvider.g() (PG:11)
01-08 12:58:23.683 24803 24803 I zygote64: at boolean anv.onCreate() (PG:1)
01-08 12:58:23.683 24803 24803 I zygote64: at void android.content.ContentProvider.attachInfo(android.content.Context, android.content.pm.ProviderInfo, boolean) (ContentProvider.java:1919)
01-08 12:58:23.683 24803 24803 I zygote64: at void android.content.ContentProvider.attachInfo(android.content.Context, android.content.pm.ProviderInfo) (ContentProvider.java:1894)
01-08 12:58:23.683 24803 24803 I zygote64: at void anv.attachInfo(android.content.Context, android.content.pm.ProviderInfo) (PG:1)
01-08 12:58:23.683 24803 24803 I zygote64: at android.app.ContentProviderHolder android.app.ActivityThread.installProvider(android.content.Context, android.app.ContentProviderHolder, android.content.pm.ProviderInfo, boolean, boolean, boolean) (ActivityThread.java:6239)
01-08 12:58:23.683 24803 24803 I zygote64: at void android.app.ActivityThread.installContentProviders(android.content.Context, java.util.List) (ActivityThread.java:5805)
01-08 12:58:23.683 24803 24803 I zygote64: at void android.app.ActivityThread.handleBindApplication(android.app.ActivityThread$AppBindData) (ActivityThread.java:5722)
01-08 12:58:23.683 24803 24803 I zygote64: at void android.app.ActivityThread.-wrap1(android.app.ActivityThread, android.app.ActivityThread$AppBindData) (ActivityThread.java:-1)
01-08 12:58:23.683 24803 24803 I zygote64: at void android.app.ActivityThread$H.handleMessage(android.os.Message) (ActivityThread.java:1656)
01-08 12:58:23.683 24803 24803 I zygote64: at void android.os.Handler.dispatchMessage(android.os.Message) (Handler.java:106)
01-08 12:58:23.683 24803 24803 I zygote64: at void android.os.Looper.loop() (Looper.java:164)
01-08 12:58:23.683 24803 24803 I zygote64: at void android.app.ActivityThread.main(java.lang.String[]) (ActivityThread.java:6494)
01-08 12:58:23.683 24803 24803 I zygote64: at java.lang.Object java.lang.reflect.Method.invoke(java.lang.Object, java.lang.Object[]) (Method.java:-2)
01-08 12:58:23.683 24803 24803 I zygote64: at void com.android.internal.os.RuntimeInit$MethodAndArgsCaller.run() (RuntimeInit.java:438)
01-08 12:58:23.683 24803 24803 I zygote64: at void com.android.internal.os.ZygoteInit.main(java.lang.String[]) (ZygoteInit.java:807)
01-08 12:58:23.683 24803 24803 I zygote64: Caused by: java.lang.ClassNotFoundException: Didn't find class "android.graphics.ImageDecoder$OnHeaderDecodedListener" on path: DexPathList[[zip file "/data/app/com.google.android.keep-Qpy6_7uKn2BZfLfbYCCigg==/base.apk", zip file "/data/app/com.google.android.keep-Qpy6_7uKn2BZfLfbYCCigg==/split_config.arm64_v8a.apk", zip file "/data/app/com.google.android.keep-Qpy6_7uKn2BZfLfbYCCigg==/split_config.en.apk", zip file "/data/app/com.google.android.keep-Qpy6_7uKn2BZfLfbYCCigg==/split_config.xhdpi.apk"],nativeLibraryDirectories=[/data/app/com.google.android.keep-Qpy6_7uKn2BZfLfbYCCigg==/lib/arm64, /data/app/com.google.android.keep-Qpy6_7uKn2BZfLfbYCCigg==/base.apk!/lib/arm64-v8a, /data/app/com.google.android.keep-Qpy6_7uKn2BZfLfbYCCigg==/split_config.arm64_v8a.apk!/lib/arm64-v8a, /data/app/com.google.android.keep-Qpy6_7uKn2BZfLfbYCCigg==/split_config.en.apk!/lib/arm64-v8a, /data/app/com.google.android.keep-Qpy6_7uKn2BZfLfbYCCigg==/split_config.xhdpi.apk!/lib/arm64-v8a, /system/lib64, /vendor/lib64]]
01-08 12:58:23.683 24803 24803 I zygote64: at java.lang.Class dalvik.system.BaseDexClassLoader.findClass(java.lang.String) (BaseDexClassLoader.java:125)
01-08 12:58:23.683 24803 24803 I zygote64: at java.lang.Class java.lang.ClassLoader.loadClass(java.lang.String, boolean) (ClassLoader.java:379)
01-08 12:58:23.683 24803 24803 I zygote64: at java.lang.Class java.lang.ClassLoader.loadClass(java.lang.String) (ClassLoader.java:312)
01-08 12:58:23.683 24803 24803 I zygote64: at void bus.T() (PG:1189)
01-08 12:58:23.683 24803 24803 I zygote64: at void bus.(pqp, fdt, fdt, gwq) (PG:7)
01-08 12:58:23.683 24803 24803 I zygote64: at java.lang.Object ooc.cr() (PG:41)
01-08 12:58:23.683 24803 24803 I zygote64: at java.lang.Object bvi.cr() (PG:3)
01-08 12:58:23.683 24803 24803 I zygote64: at java.lang.Object pew.x(java.lang.Object, java.lang.Class) (PG:78)
01-08 12:58:23.683 24803 24803 I zygote64: at void com.google.android.apps.keep.shared.sliceprovider.KeepSliceProvider.g() (PG:11)
01-08 12:58:23.683 24803 24803 I zygote64: at boolean anv.onCreate() (PG:1)
01-08 12:58:23.683 24803 24803 I zygote64: at void android.content.ContentProvider.attachInfo(android.content.Context, android.content.pm.ProviderInfo, boolean) (ContentProvider.java:1919)
01-08 12:58:23.683 24803 24803 I zygote64: at void android.content.ContentProvider.attachInfo(android.content.Context, android.content.pm.ProviderInfo) (ContentProvider.java:1894)
01-08 12:58:23.683 24803 24803 I zygote64: at void anv.attachInfo(android.content.Context, android.content.pm.ProviderInfo) (PG:1)
01-08 12:58:23.683 24803 24803 I zygote64: at android.app.ContentProviderHolder android.app.ActivityThread.installProvider(android.content.Context, android.app.ContentProviderHolder, android.content.pm.ProviderInfo, boolean, boolean, boolean) (ActivityThread.java:6239)
01-08 12:58:23.683 24803 24803 I zygote64: at void android.app.ActivityThread.installContentProviders(android.content.Context, java.util.List) (ActivityThread.java:5805)
01-08 12:58:23.683 24803 24803 I zygote64: at void android.app.ActivityThread.handleBindApplication(android.app.ActivityThread$AppBindData) (ActivityThread.java:5722)
01-08 12:58:23.683 24803 24803 I zygote64: at void android.app.ActivityThread.-wrap1(android.app.ActivityThread, android.app.ActivityThread$AppBindData) (ActivityThread.java:-1)
01-08 12:58:23.683 24803 24803 I zygote64: at void android.app.ActivityThread$H.handleMessage(android.os.Message) (ActivityThread.java:1656)
01-08 12:58:23.683 24803 24803 I zygote64: at void android.os.Handler.dispatchMessage(android.os.Message) (Handler.java:106)
01-08 12:58:23.683 24803 24803 I zygote64: at void android.os.Looper.loop() (Looper.java:164)
01-08 12:58:23.683 24803 24803 I zygote64: at void android.app.ActivityThread.main(java.lang.String[]) (ActivityThread.java:6494)
01-08 12:58:23.683 24803 24803 I zygote64: at java.lang.Object java.lang.reflect.Method.invoke(java.lang.Object, java.lang.Object[]) (Method.java:-2)
01-08 12:58:23.683 24803 24803 I zygote64: at void com.android.internal.os.RuntimeInit$MethodAndArgsCaller.run() (RuntimeInit.java:438)
01-08 12:58:23.683 24803 24803 I zygote64: at void com.android.internal.os.ZygoteInit.main(java.lang.String[]) (ZygoteInit.java:807)
01-08 12:58:23.683 24803 24803 I zygote64:
01-08 12:58:23.683 24803 24803 I zygote64: Rejecting re-init on previously-failed class java.lang.Class: java.lang.NoClassDefFoundError: Failed resolution of: Landroid/graphics/ImageDecoder$OnHeaderDecodedListener;
01-08 12:58:23.683 24803 24803 I zygote64: at void bus.T() (PG:1189)
01-08 12:58:23.683 24803 24803 I zygote64: at void bus.(pqp, fdt, fdt, gwq) (PG:7)
01-08 12:58:23.683 24803 24803 I zygote64: at java.lang.Object ooc.cr() (PG:41)
01-08 12:58:23.683 24803 24803 I zygote64: at java.lang.Object bvi.cr() (PG:3)
01-08 12:58:23.684 24803 24803 I zygote64: at java.lang.Object pew.x(java.lang.Object, java.lang.Class) (PG:78)
01-08 12:58:23.684 24803 24803 I zygote64: at void com.google.android.apps.keep.shared.sliceprovider.KeepSliceProvider.g() (PG:11)
01-08 12:58:23.684 24803 24803 I zygote64: at boolean anv.onCreate() (PG:1)
01-08 12:58:23.684 24803 24803 I zygote64: at void android.content.ContentProvider.attachInfo(android.content.Context, android.content.pm.ProviderInfo, boolean) (ContentProvider.java:1919)
01-08 12:58:23.684 24803 24803 I zygote64: at void android.content.ContentProvider.attachInfo(android.content.Context, android.content.pm.ProviderInfo) (ContentProvider.java:1894)
01-08 12:58:23.684 24803 24803 I zygote64: at void anv.attachInfo(android.content.Context, android.content.pm.ProviderInfo) (PG:1)
01-08 12:58:23.684 24803 24803 I zygote64: at android.app.ContentProviderHolder android.app.ActivityThread.installProvider(android.content.Context, android.app.ContentProviderHolder, android.content.pm.ProviderInfo, boolean, boolean, boolean) (ActivityThread.java:6239)
01-08 12:58:23.684 24803 24803 I zygote64: at void android.app.ActivityThread.installContentProviders(android.content.Context, java.util.List) (ActivityThread.java:5805)
01-08 12:58:23.684 24803 24803 I zygote64: at void android.app.ActivityThread.handleBindApplication(android.app.ActivityThread$AppBindData) (ActivityThread.java:5722)
01-08 12:58:23.684 24803 24803 I zygote64: at void android.app.ActivityThread.-wrap1(android.app.ActivityThread, android.app.ActivityThread$AppBindData) (ActivityThread.java:-1)
01-08 12:58:23.684 24803 24803 I zygote64: at void android.app.ActivityThread$H.handleMessage(android.os.Message) (ActivityThread.java:1656)
01-08 12:58:23.684 24803 24803 I zygote64: at void android.os.Handler.dispatchMessage(android.os.Message) (Handler.java:106)
01-08 12:58:23.684 24803 24803 I zygote64: at void android.os.Looper.loop() (Looper.java:164)
01-08 12:58:23.684 24803 24803 I zygote64: at void android.app.ActivityThread.main(java.lang.String[]) (ActivityThread.java:6494)
01-08 12:58:23.684 24803 24803 I zygote64: at java.lang.Object java.lang.reflect.Method.invoke(java.lang.Object, java.lang.Object[]) (Method.java:-2)
01-08 12:58:23.684 24803 24803 I zygote64: at void com.android.internal.os.RuntimeInit$MethodAndArgsCaller.run() (RuntimeInit.java:438)
01-08 12:58:23.684 24803 24803 I zygote64: at void com.android.internal.os.ZygoteInit.main(java.lang.String[]) (ZygoteInit.java:807)
01-08 12:58:23.684 24803 24803 I zygote64: Caused by: java.lang.ClassNotFoundException: Didn't find class "android.graphics.ImageDecoder$OnHeaderDecodedListener" on path: DexPathList[[zip file "/data/app/com.google.android.keep-Qpy6_7uKn2BZfLfbYCCigg==/base.apk", zip file "/data/app/com.google.android.keep-Qpy6_7uKn2BZfLfbYCCigg==/split_config.arm64_v8a.apk", zip file "/data/app/com.google.android.keep-Qpy6_7uKn2BZfLfbYCCigg==/split_config.en.apk", zip file "/data/app/com.google.android.keep-Qpy6_7uKn2BZfLfbYCCigg==/split_config.xhdpi.apk"],nativeLibraryDirectories=[/data/app/com.google.android.keep-Qpy6_7uKn2BZfLfbYCCigg==/lib/arm64, /data/app/com.google.android.keep-Qpy6_7uKn2BZfLfbYCCigg==/base.apk!/lib/arm64-v8a, /data/app/com.google.android.keep-Qpy6_7uKn2BZfLfbYCCigg==/split_config.arm64_v8a.apk!/lib/arm64-v8a, /data/app/com.google.android.keep-Qpy6_7uKn2BZfLfbYCCigg==/split_config.en.apk!/lib/arm64-v8a, /data/app/com.google.android.keep-Qpy6_7uKn2BZfLfbYCCigg==/split_config.xhdpi.apk!/lib/arm64-v8a, /system/lib64, /vendor/lib64]]
01-08 12:58:23.684 24803 24803 I zygote64: at java.lang.Class dalvik.system.BaseDexClassLoader.findClass(java.lang.String) (BaseDexClassLoader.java:125)
01-08 12:58:23.684 24803 24803 I zygote64: at java.lang.Class java.lang.ClassLoader.loadClass(java.lang.String, boolean) (ClassLoader.java:379)
01-08 12:58:23.684 24803 24803 I zygote64: at java.lang.Class java.lang.ClassLoader.loadClass(java.lang.String) (ClassLoader.java:312)
01-08 12:58:23.684 24803 24803 I zygote64: at void bus.T() (PG:1189)
01-08 12:58:23.684 24803 24803 I zygote64: at void bus.(pqp, fdt, fdt, gwq) (PG:7)
01-08 12:58:23.684 24803 24803 I zygote64: at java.lang.Object ooc.cr() (PG:41)
01-08 12:58:23.684 24803 24803 I zygote64: at java.lang.Object bvi.cr() (PG:3)
01-08 12:58:23.684 24803 24803 I zygote64: at java.lang.Object pew.x(java.lang.Object, java.lang.Class) (PG:78)
01-08 12:58:23.684 24803 24803 I zygote64: at void com.google.android.apps.keep.shared.sliceprovider.KeepSliceProvider.g() (PG:11)
01-08 12:58:23.684 24803 24803 I zygote64: at boolean anv.onCreate() (PG:1)
01-08 12:58:23.684 24803 24803 I zygote64: at void android.content.ContentProvider.attachInfo(android.content.Context, android.content.pm.ProviderInfo, boolean) (ContentProvider.java:1919)
01-08 12:58:23.684 24803 24803 I zygote64: at void android.content.ContentProvider.attachInfo(android.content.Context, android.content.pm.ProviderInfo) (ContentProvider.java:1894)
01-08 12:58:23.684 24803 24803 I zygote64: at void anv.attachInfo(android.content.Context, android.content.pm.ProviderInfo) (PG:1)
01-08 12:58:23.684 24803 24803 I zygote64: at android.app.ContentProviderHolder android.app.ActivityThread.installProvider(android.content.Context, android.app.ContentProviderHolder, android.content.pm.ProviderInfo, boolean, boolean, boolean) (ActivityThread.java:6239)
01-08 12:58:23.684 24803 24803 I zygote64: at void android.app.ActivityThread.installContentProviders(android.content.Context, java.util.List) (ActivityThread.java:5805)
01-08 12:58:23.684 24803 24803 I zygote64: at void android.app.ActivityThread.handleBindApplication(android.app.ActivityThread$AppBindData) (ActivityThread.java:5722)
01-08 12:58:23.684 24803 24803 I zygote64: at void android.app.ActivityThread.-wrap1(android.app.ActivityThread, android.app.ActivityThread$AppBindData) (ActivityThread.java:-1)
01-08 12:58:23.684 24803 24803 I zygote64: at void android.app.ActivityThread$H.handleMessage(android.os.Message) (ActivityThread.java:1656)
01-08 12:58:23.684 24803 24803 I zygote64: at void android.os.Handler.dispatchMessage(android.os.Message) (Handler.java:106)
01-08 12:58:23.684 24803 24803 I zygote64: at void android.os.Looper.loop() (Looper.java:164)
01-08 12:58:23.684 24803 24803 I zygote64: at void android.app.ActivityThread.main(java.lang.String[]) (ActivityThread.java:6494)
01-08 12:58:23.684 24803 24803 I zygote64: at java.lang.Object java.lang.reflect.Method.invoke(java.lang.Object, java.lang.Object[]) (Method.java:-2)
01-08 12:58:23.684 24803 24803 I zygote64: at void com.android.internal.os.RuntimeInit$MethodAndArgsCaller.run() (RuntimeInit.java:438)
01-08 12:58:23.684 24803 24803 I zygote64: at void com.android.internal.os.ZygoteInit.main(java.lang.String[]) (ZygoteInit.java:807)
01-08 12:58:23.684 24803 24803 I zygote64:
01-08 12:58:23.775 13834 13973 I Backup : [BackupHttpRequestUtil] Http Response Code: 200
01-08 12:58:23.816 13834 13973 I Backup : [GmsBackupTransport] Backup finished for @pm@
01-08 12:58:23.817 941 1442 D PerformBackupTask: starting key/value backup of BackupRequest{pkg=android}
01-08 12:58:23.820 941 1442 D BackupManagerService: awaiting agent for ApplicationInfo{ea1b740 android}
01-08 12:58:23.820 941 941 D BackupManagerService: agentConnected pkg=android agent=android.app.backup.BackupAgent$BackupServiceBinder@f3b6e23
01-08 12:58:23.820 941 1442 I BackupManagerService: got agent android.app.backup.BackupAgent$BackupServiceBinder@f3b6e23
01-08 12:58:23.820 941 1442 D PerformBackupTask: invokeAgentForBackup on android
01-08 12:58:23.827 12852 12852 D BoundBrokerSvc: onBind: Intent { act=com.google.android.gms.mdisync.service.START dat=chimera-action: cmp=com.google.android.gms/.chimera.GmsApiService }
01-08 12:58:23.827 12852 12852 D BoundBrokerSvc: Loading bound service for intent: Intent { act=com.google.android.gms.mdisync.service.START dat=chimera-action: cmp=com.google.android.gms/.chimera.GmsApiService }
01-08 12:58:23.832 941 1442 D BackupHelperDispatcher: handling existing helper 'account_manager' com.android.server.backup.AccountManagerBackupHelper@dcae2aa
01-08 12:58:23.848 941 1442 D BackupHelperDispatcher: handling existing helper 'account_sync_settings' com.android.server.backup.AccountSyncSettingsBackupHelper@34c7f76
01-08 12:58:23.851 941 1442 I AccountSyncSettingsBackupHelper: Backup state version is: 536870912 (support only up to version 1)
01-08 12:58:23.851 941 1442 I AccountSyncSettingsBackupHelper: Backup successful.
01-08 12:58:23.851 941 1442 W BackupHelperDispatcher_native: Skipping unknown header version: 0x0000001f, 24144968 bytes
01-08 12:58:23.851 941 1442 D BackupHelperDispatcher: handling new helper 'notifications'
01-08 12:58:23.891 941 1442 D BackupHelperDispatcher: handling new helper 'permissions'
01-08 12:58:23.906 941 1442 D BackupHelperDispatcher: handling new helper 'preferred_activities'
01-08 12:58:23.910 941 1442 D BackupHelperDispatcher: handling new helper 'shortcut_manager'
01-08 12:58:23.915 12852 12878 I MdiSyncModule: (REDACTED) Receiving API connection from package '%s'...
01-08 12:58:23.929 13834 21313 W ResourceType: ResTable_typeSpec entry count inconsistent: given 35, previously 37
01-08 12:58:23.929 13834 21313 W ResourceType: ResTable_typeSpec entry count inconsistent: given 9016, previously 9017
01-08 12:58:23.930 13834 21313 W ResourceType: ResTable_typeSpec entry count inconsistent: given 3431, previously 3450
01-08 12:58:23.944 12852 12878 I MdiSyncModule: API connection successful!
01-08 12:58:23.944 13834 21313 W ResourceType: ResTable_typeSpec entry count inconsistent: given 377, previously 2967
01-08 12:58:23.959 941 1442 D BackupHelperDispatcher: handling new helper 'usage_stats'
01-08 12:58:23.987 941 950 I zygote64: Background concurrent copying GC freed 72795(3MB) AllocSpace objects, 40(1344KB) LOS objects, 42% free, 17MB/31MB, paused 83us total 159.380ms
01-08 12:58:24.071 941 941 I ActivityManager: Start proc 24854:com.google.android.apps.plus/u0a24 for service com.google.android.apps.plus/androidx.work.impl.background.systemjob.SystemJobService
01-08 12:58:24.107 24765 24841 D NetworkSecurityConfig: Using Network Security Config from resource 0_resource_name_obfuscated debugBuild: false
01-08 12:58:24.192 24752 24752 I zygote64: Rejecting re-init on previously-failed class java.lang.Class: java.lang.NoClassDefFoundError: Failed resolution of: Landroid/view/WindowInsetsAnimation$Callback;
01-08 12:58:24.192 24752 24752 I zygote64: at void iox.() (PG:3)
01-08 12:58:24.192 24752 24752 I zygote64: at void iow.() (PG:19)
01-08 12:58:24.192 24752 24752 I zygote64: at void com.google.android.gm.provider.CombinedAccountsProvider.() (PG:9)
01-08 12:58:24.192 24752 24752 I zygote64: at java.lang.Object java.lang.Class.newInstance() (Class.java:-2)
01-08 12:58:24.192 24752 24752 I zygote64: at android.app.ContentProviderHolder android.app.ActivityThread.installProvider(android.content.Context, android.app.ContentProviderHolder, android.content.pm.ProviderInfo, boolean, boolean, boolean) (ActivityThread.java:6227)
01-08 12:58:24.192 24752 24752 I zygote64: at void android.app.ActivityThread.installContentProviders(android.content.Context, java.util.List) (ActivityThread.java:5805)
01-08 12:58:24.192 24752 24752 I zygote64: at void android.app.ActivityThread.handleBindApplication(android.app.ActivityThread$AppBindData) (ActivityThread.java:5722)
01-08 12:58:24.192 24752 24752 I zygote64: at void android.app.ActivityThread.-wrap1(android.app.ActivityThread, android.app.ActivityThread$AppBindData) (ActivityThread.java:-1)
01-08 12:58:24.192 24752 24752 I zygote64: at void android.app.ActivityThread$H.handleMessage(android.os.Message) (ActivityThread.java:1656)
01-08 12:58:24.192 24752 24752 I zygote64: at void android.os.Handler.dispatchMessage(android.os.Message) (Handler.java:106)
01-08 12:58:24.192 24752 24752 I zygote64: at void android.os.Looper.loop() (Looper.java:164)
01-08 12:58:24.192 24752 24752 I zygote64: at void android.app.ActivityThread.main(java.lang.String[]) (ActivityThread.java:6494)
01-08 12:58:24.192 24752 24752 I zygote64: at java.lang.Object java.lang.reflect.Method.invoke(java.lang.Object, java.lang.Object[]) (Method.java:-2)
01-08 12:58:24.192 24752 24752 I zygote64: at void com.android.internal.os.RuntimeInit$MethodAndArgsCaller.run() (RuntimeInit.java:438)
01-08 12:58:24.192 24752 24752 I zygote64: at void com.android.internal.os.ZygoteInit.main(java.lang.String[]) (ZygoteInit.java:807)
01-08 12:58:24.192 24752 24752 I zygote64: Caused by: java.lang.ClassNotFoundException: Didn't find class "android.view.WindowInsetsAnimation$Callback" on path: DexPathList[[zip file "/data/app/com.google.android.gm-KGBaEZn-hWvcpbECDr8Z-A==/base.apk", zip file "/data/app/com.google.android.gm-KGBaEZn-hWvcpbECDr8Z-A==/split_config.arm64_v8a.apk", zip file "/data/app/com.google.android.gm-KGBaEZn-hWvcpbECDr8Z-A==/split_config.en.apk", zip file "/data/app/com.google.android.gm-KGBaEZn-hWvcpbECDr8Z-A==/split_config.xhdpi.apk"],nativeLibraryDirectories=[/data/app/com.google.android.gm-KGBaEZn-hWvcpbECDr8Z-A==/lib/arm64, /data/app/com.google.android.gm-KGBaEZn-hWvcpbECDr8Z-A==/base.apk!/lib/arm64-v8a, /data/app/com.google.android.gm-KGBaEZn-hWvcpbECDr8Z-A==/split_config.arm64_v8a.apk!/lib/arm64-v8a, /data/app/com.google.android.gm-KGBaEZn-hWvcpbECDr8Z-A==/split_config.en.apk!/lib/arm64-v8a, /data/app/com.google.android.gm-KGBaEZn-hWvcpbECDr8Z-A==/split_config.xhdpi.apk!/lib/arm64-v8a, /system/lib64, /vendor/lib64]]
01-08 12:58:24.192 24752 24752 I zygote64: at java.lang.Class dalvik.system.BaseDexClassLoader.findClass(java.lang.String) (BaseDexClassLoader.java:125)
01-08 12:58:24.192 24752 24752 I zygote64: at java.lang.Class java.lang.ClassLoader.loadClass(java.lang.String, boolean) (ClassLoader.java:379)
01-08 12:58:24.192 24752 24752 I zygote64: at java.lang.Class java.lang.ClassLoader.loadClass(java.lang.String) (ClassLoader.java:312)
01-08 12:58:24.192 24752 24752 I zygote64: at void iox.() (PG:3)
01-08 12:58:24.192 24752 24752 I zygote64: at void iow.() (PG:19)
01-08 12:58:24.192 24752 24752 I zygote64: at void com.google.android.gm.provider.CombinedAccountsProvider.() (PG:9)
01-08 12:58:24.192 24752 24752 I zygote64: at java.lang.Object java.lang.Class.newInstance() (Class.java:-2)
01-08 12:58:24.192 24752 24752 I zygote64: at android.app.ContentProviderHolder android.app.ActivityThread.installProvider(android.content.Context, android.app.ContentProviderHolder, android.content.pm.ProviderInfo, boolean, boolean, boolean) (ActivityThread.java:6227)
01-08 12:58:24.192 24752 24752 I zygote64: at void android.app.ActivityThread.installContentProviders(android.content.Context, java.util.List) (ActivityThread.java:5805)
01-08 12:58:24.192 24752 24752 I zygote64: at void android.app.ActivityThread.handleBindApplication(android.app.ActivityThread$AppBindData) (ActivityThread.java:5722)
01-08 12:58:24.192 24752 24752 I zygote64: at void android.app.ActivityThread.-wrap1(android.app.ActivityThread, android.app.ActivityThread$AppBindData) (ActivityThread.java:-1)
01-08 12:58:24.192 24752 24752 I zygote64: at void android.app.ActivityThread$H.handleMessage(android.os.Message) (ActivityThread.java:1656)
01-08 12:58:24.192 24752 24752 I zygote64: at void android.os.Handler.dispatchMessage(android.os.Message) (Handler.java:106)
01-08 12:58:24.192 24752 24752 I zygote64: at void android.os.Looper.loop() (Looper.java:164)
01-08 12:58:24.192 24752 24752 I zygote64: at void android.app.ActivityThread.main(java.lang.String[]) (ActivityThread.java:6494)
01-08 12:58:24.192 24752 24752 I zygote64: at java.lang.Object java.lang.reflect.Method.invoke(java.lang.Object, java.lang.Object[]) (Method.java:-2)
