01-08 12:56:50.811 13834 13834 I Wear_Controller: Wearable module requires a companion app to be installed.
01-08 12:56:50.811 13834 13834 I WearableService: onCreate: Wearable Services not starting. Wear is not available on this device.
01-08 12:56:50.865 23568 23748 E ActivityThread: Failed to find provider info for com.google.android.apps.wellbeing.api
01-08 12:56:50.875 23568 23748 W WindDownApi: Unexpected error calling Digital Wellbeing
01-08 12:56:50.875 23568 23748 W WindDownApi: java.lang.IllegalArgumentException: Unknown URI content://com.google.android.apps.wellbeing.api
01-08 12:56:50.875 23568 23748 W WindDownApi: at android.content.ContentResolver.call(ContentResolver.java:1705)
01-08 12:56:50.875 23568 23748 W WindDownApi: at cjc.o(PG:3)
01-08 12:56:50.875 23568 23748 W WindDownApi: at fvh.a(PG:15)
01-08 12:56:50.875 23568 23748 W WindDownApi: at ayrk.b(PG:1)
01-08 12:56:50.875 23568 23748 W WindDownApi: at aysw.run(PG:2)
01-08 12:56:50.875 23568 23748 W WindDownApi: at ajjn.run(PG:3)
01-08 12:56:50.875 23568 23748 W WindDownApi: at azpd.call(PG:2)
01-08 12:56:50.875 23568 23748 W WindDownApi: at akqj.a(PG:1)
01-08 12:56:50.875 23568 23748 W WindDownApi: at akpq.run(PG:4)
01-08 12:56:50.875 23568 23748 W WindDownApi: at akqk.run(PG:1)
01-08 12:56:50.875 23568 23748 W WindDownApi: at akjh.run(PG:24)
01-08 12:56:50.875 23568 23748 W WindDownApi: at qfk.run(PG:16)
01-08 12:56:50.875 23568 23748 W WindDownApi: at qfk.run(PG:47)
01-08 12:56:50.875 23568 23748 W WindDownApi: at java.lang.Thread.run(Thread.java:764)
01-08 12:56:50.875 23568 23748 W WindDownApi: at qgm.run(PG:5)
01-08 12:56:50.887 23568 23617 I zygote64: WaitForGcToComplete blocked ProfileSaver on AddRemoveAppImageSpace for 186.604ms
01-08 12:56:51.021 23757 23757 I CAM_CaptureModule: OneCamera started!
01-08 12:56:51.021 23757 23757 I CAM_CaptureModule: OneCamera started, updating UI!
01-08 12:56:51.022 23757 23757 I CAM_CaptureModule: OneCamera created, preparing to start OneCamera
01-08 12:56:51.022 23757 23757 I CAM_CameraAppUI: Revealing the viewfinder by hiding the mode cover.
01-08 12:56:51.035 13834 13970 I FontLog : (REDACTED) Received query %s, URI %s
01-08 12:56:51.065 13834 13970 I FontLog : (REDACTED) Query [%s] resolved to %s
01-08 12:56:51.105 12852 12852 D BoundBrokerSvc: onBind: Intent { act=com.google.android.gms.measurement.START pkg=com.google.android.gms }
01-08 12:56:51.105 12852 12852 D BoundBrokerSvc: Loading bound service for intent: Intent { act=com.google.android.gms.measurement.START pkg=com.google.android.gms }
01-08 12:56:51.168 13834 14639 W WearableService: onGetService: Wear is not available on this device.
01-08 12:56:51.175 23568 23790 E YouTube : Thread interrupted
01-08 12:56:51.175 23568 23790 E YouTube : java.lang.InterruptedException
01-08 12:56:51.175 23568 23790 E YouTube : at java.lang.Thread.sleep(Native Method)
01-08 12:56:51.175 23568 23790 E YouTube : at java.lang.Thread.sleep(Thread.java:373)
01-08 12:56:51.175 23568 23790 E YouTube : at java.lang.Thread.sleep(Thread.java:314)
01-08 12:56:51.175 23568 23790 E YouTube : at xks.d(PG:4)
01-08 12:56:51.175 23568 23790 E YouTube : at aebc.a(PG:21)
01-08 12:56:51.175 23568 23790 E YouTube : at aebj.g(PG:6)
01-08 12:56:51.175 23568 23790 E YouTube : at aebj.j(PG:31)
01-08 12:56:51.175 23568 23790 E YouTube : at aebj.e(PG:3)
01-08 12:56:51.175 23568 23790 E YouTube : at aemp.m(PG:8)
01-08 12:56:51.175 23568 23790 E YouTube : at aebf.a(PG:1)
01-08 12:56:51.175 23568 23790 E YouTube : at ahgx.as(PG:4)
01-08 12:56:51.175 23568 23790 E YouTube : at vey.call(PG:32)
01-08 12:56:51.175 23568 23790 E YouTube : at akoc.call(PG:7)
01-08 12:56:51.175 23568 23790 E YouTube : at akqj.a(PG:1)
01-08 12:56:51.175 23568 23790 E YouTube : at akpq.run(PG:4)
01-08 12:56:51.175 23568 23790 E YouTube : at akqk.run(PG:1)
01-08 12:56:51.175 23568 23790 E YouTube : at akjh.run(PG:24)
01-08 12:56:51.175 23568 23790 E YouTube : at qfk.run(PG:16)
01-08 12:56:51.175 23568 23790 E YouTube : at qfk.run(PG:47)
01-08 12:56:51.175 23568 23790 E YouTube : at java.lang.Thread.run(Thread.java:764)
01-08 12:56:51.175 23568 23790 E YouTube : at qgm.run(PG:5)
01-08 12:56:51.175 23568 23790 E YouTube : Given up trying to get FCM Registration Id
01-08 12:56:51.176 23568 23790 W YouTube : ECatcher disabled: level: ERROR, category: notification, message: Internal FCM error. Given up trying to get FCM Registration Id
01-08 12:56:51.176 23568 23790 W YouTube : java.lang.Exception
01-08 12:56:51.176 23568 23790 W YouTube : at aduj.b(PG:1)
01-08 12:56:51.176 23568 23790 W YouTube : at aebc.a(PG:23)
01-08 12:56:51.176 23568 23790 W YouTube : at aebj.g(PG:6)
01-08 12:56:51.176 23568 23790 W YouTube : at aebj.j(PG:31)
01-08 12:56:51.176 23568 23790 W YouTube : at aebj.e(PG:3)
01-08 12:56:51.176 23568 23790 W YouTube : at aemp.m(PG:8)
01-08 12:56:51.176 23568 23790 W YouTube : at aebf.a(PG:1)
01-08 12:56:51.176 23568 23790 W YouTube : at ahgx.as(PG:4)
01-08 12:56:51.176 23568 23790 W YouTube : at vey.call(PG:32)
01-08 12:56:51.176 23568 23790 W YouTube : at akoc.call(PG:7)
01-08 12:56:51.176 23568 23790 W YouTube : at akqj.a(PG:1)
01-08 12:56:51.176 23568 23790 W YouTube : at akpq.run(PG:4)
01-08 12:56:51.176 23568 23790 W YouTube : at akqk.run(PG:1)
01-08 12:56:51.176 23568 23790 W YouTube : at akjh.run(PG:24)
01-08 12:56:51.176 23568 23790 W YouTube : at qfk.run(PG:16)
01-08 12:56:51.176 23568 23790 W YouTube : at qfk.run(PG:47)
01-08 12:56:51.176 23568 23790 W YouTube : at java.lang.Thread.run(Thread.java:764)
01-08 12:56:51.176 23568 23790 W YouTube : at qgm.run(PG:5)
01-08 12:56:51.212 13834 13970 I FontLog : (REDACTED) Fetch %s end status %s
01-08 12:56:51.216 941 1406 I chatty : uid=1000(system) Binder:941_7 expire 1 line
01-08 12:56:51.225 941 1021 I chatty : uid=1000(system) WifiScanningSer expire 1 line
01-08 12:56:51.304 13834 14639 I FontLog : (REDACTED) Pulling font file for id = %d, cache size = %d
01-08 12:56:51.343 13834 13971 I FontLog : (REDACTED) Pulling font file for id = %d, cache size = %d
01-08 12:56:51.431 23568 23796 D StrictMode: StrictMode policy violation; ~duration=241 ms: android.os.StrictMode$StrictModeDiskReadViolation: policy=4259903 violation=2
01-08 12:56:51.431 23568 23796 D StrictMode: at android.os.StrictMode$AndroidBlockGuardPolicy.onReadFromDisk(StrictMode.java:1440)
01-08 12:56:51.431 23568 23796 D StrictMode: at java.io.UnixFileSystem.checkAccess(UnixFileSystem.java:251)
01-08 12:56:51.431 23568 23796 D StrictMode: at java.io.File.exists(File.java:807)
01-08 12:56:51.431 23568 23796 D StrictMode: at awcv.a(:com.google.android.gms@234914013@23.49.14 (040400-590296185):5)
01-08 12:56:51.431 23568 23796 D StrictMode: at awea.e(:com.google.android.gms@234914013@23.49.14 (040400-590296185):121)
01-08 12:56:51.431 23568 23796 D StrictMode: at awea.b(:com.google.android.gms@234914013@23.49.14 (040400-590296185):463)
01-08 12:56:51.431 23568 23796 D StrictMode: at awed.query(:com.google.android.gms@234914013@23.49.14 (040400-590296185):141)
01-08 12:56:51.431 23568 23796 D StrictMode: at ahdk.query(:com.google.android.gms@234914013@23.49.14 (040400-590296185):3)
01-08 12:56:51.431 23568 23796 D StrictMode: at android.content.ContentProvider.query(ContentProvider.java:1057)
01-08 12:56:51.431 23568 23796 D StrictMode: at nci.superQuery(:com.google.android.gms@234914013@23.49.14 (040400-590296185):2)
01-08 12:56:51.431 23568 23796 D StrictMode: at com.google.android.chimera.ContentProvider.query(:com.google.android.gms@234914013@23.49.14 (040400-590296185):2)
01-08 12:56:51.431 23568 23796 D StrictMode: at ahdk.query(:com.google.android.gms@234914013@23.49.14 (040400-590296185):20)
01-08 12:56:51.431 23568 23796 D StrictMode: at android.content.ContentProvider.query(ContentProvider.java:1149)
01-08 12:56:51.431 23568 23796 D StrictMode: at nci.superQuery(:com.google.android.gms@234914013@23.49.14 (040400-590296185):1)
01-08 12:56:51.431 23568 23796 D StrictMode: at com.google.android.chimera.ContentProvider.query(:com.google.android.gms@234914013@23.49.14 (040400-590296185):1)
01-08 12:56:51.431 23568 23796 D StrictMode: at nci.query(:com.google.android.gms@234914013@23.49.14 (040400-590296185):2)
01-08 12:56:51.431 23568 23796 D StrictMode: at android.content.ContentProvider$Transport.query(ContentProvider.java:241)
01-08 12:56:51.431 23568 23796 D StrictMode: at android.content.ContentProviderNative.onTransact(ContentProviderNative.java:102)
01-08 12:56:51.431 23568 23796 D StrictMode: at android.os.Binder.execTransact(Binder.java:697)
01-08 12:56:51.431 23568 23796 D StrictMode: # via Binder call with stack:
01-08 12:56:51.431 23568 23796 D StrictMode: android.os.StrictMode$LogStackTrace
01-08 12:56:51.431 23568 23796 D StrictMode: at android.os.StrictMode.readAndHandleBinderCallViolations(StrictMode.java:2139)
01-08 12:56:51.431 23568 23796 D StrictMode: at android.os.Parcel.readExceptionCode(Parcel.java:1987)
01-08 12:56:51.431 23568 23796 D StrictMode: at android.database.DatabaseUtils.readExceptionFromParcel(DatabaseUtils.java:132)
01-08 12:56:51.431 23568 23796 D StrictMode: at android.content.ContentProviderProxy.query(ContentProviderNative.java:418)
01-08 12:56:51.431 23568 23796 D StrictMode: at android.content.ContentProviderClient.query(ContentProviderClient.java:154)
01-08 12:56:51.431 23568 23796 D StrictMode: at android.content.ContentProviderClient.query(ContentProviderClient.java:137)
01-08 12:56:51.431 23568 23796 D StrictMode: at bay.a(PG:30)
01-08 12:56:51.431 23568 23796 D StrictMode: at bjp.a(PG:1)
01-08 12:56:51.431 23568 23796 D StrictMode: at aqi.run(PG:17)
01-08 12:56:51.431 23568 23796 D StrictMode: at android.os.Handler.handleCallback(Handler.java:790)
01-08 12:56:51.431 23568 23796 D StrictMode: at android.os.Handler.dispatchMessage(Handler.java:99)
01-08 12:56:51.431 23568 23796 D StrictMode: at android.os.Looper.loop(Looper.java:164)
01-08 12:56:51.431 23568 23796 D StrictMode: at qfs.run(PG:4)
01-08 12:56:51.431 23568 23796 D StrictMode: at qfk.run(PG:47)
01-08 12:56:51.431 23568 23796 D StrictMode: at java.lang.Thread.run(Thread.java:764)
01-08 12:56:51.431 23568 23796 D StrictMode: at qgm.run(PG:5)
01-08 12:56:51.431 23568 23796 D StrictMode: StrictMode policy violation; ~duration=241 ms: android.os.StrictMode$StrictModeDiskReadViolation: policy=4259903 violation=2
01-08 12:56:51.431 23568 23796 D StrictMode: at android.os.StrictMode$AndroidBlockGuardPolicy.onReadFromDisk(StrictMode.java:1440)
01-08 12:56:51.431 23568 23796 D StrictMode: at java.io.UnixFileSystem.getBooleanAttributes(UnixFileSystem.java:241)
01-08 12:56:51.431 23568 23796 D StrictMode: at java.io.File.isDirectory(File.java:837)
01-08 12:56:51.431 23568 23796 D StrictMode: at awcv.a(:com.google.android.gms@234914013@23.49.14 (040400-590296185):13)
01-08 12:56:51.431 23568 23796 D StrictMode: at awea.e(:com.google.android.gms@234914013@23.49.14 (040400-590296185):121)
01-08 12:56:51.431 23568 23796 D StrictMode: at awea.b(:com.google.android.gms@234914013@23.49.14 (040400-590296185):463)
01-08 12:56:51.431 23568 23796 D StrictMode: at awed.query(:com.google.android.gms@234914013@23.49.14 (040400-590296185):141)
01-08 12:56:51.431 23568 23796 D StrictMode: at ahdk.query(:com.google.android.gms@234914013@23.49.14 (040400-590296185):3)
01-08 12:56:51.431 23568 23796 D StrictMode: at android.content.ContentProvider.query(ContentProvider.java:1057)
01-08 12:56:51.431 23568 23796 D StrictMode: at nci.superQuery(:com.google.android.gms@234914013@23.49.14 (040400-590296185):2)
01-08 12:56:51.431 23568 23796 D StrictMode: at com.google.android.chimera.ContentProvider.query(:com.google.android.gms@234914013@23.49.14 (040400-590296185):2)
01-08 12:56:51.431 23568 23796 D StrictMode: at ahdk.query(:com.google.android.gms@234914013@23.49.14 (040400-590296185):20)
01-08 12:56:51.431 23568 23796 D StrictMode: at android.content.ContentProvider.query(ContentProvider.java:1149)
01-08 12:56:51.431 23568 23796 D StrictMode: at nci.superQuery(:com.google.android.gms@234914013@23.49.14 (040400-590296185):1)
01-08 12:56:51.431 23568 23796 D StrictMode: at com.google.android.chimera.ContentProvider.query(:com.google.android.gms@234914013@23.49.14 (040400-590296185):1)
01-08 12:56:51.431 23568 23796 D StrictMode: at nci.query(:com.google.android.gms@234914013@23.49.14 (040400-590296185):2)
01-08 12:56:51.431 23568 23796 D StrictMode: at android.content.ContentProvider$Transport.query(ContentProvider.java:241)
01-08 12:56:51.431 23568 23796 D StrictMode: at android.content.ContentProviderNative.onTransact(ContentProviderNative.java:102)
01-08 12:56:51.431 23568 23796 D StrictMode: at android.os.Binder.execTransact(Binder.java:697)
01-08 12:56:51.431 23568 23796 D StrictMode: # via Binder call with stack:
01-08 12:56:51.431 23568 23796 D StrictMode: android.os.StrictMode$LogStackTrace
01-08 12:56:51.431 23568 23796 D StrictMode: at android.os.StrictMode.readAndHandleBinderCallViolations(StrictMode.java:2139)
01-08 12:56:51.431 23568 23796 D StrictMode: at android.os.Parcel.readExceptionCode(Parcel.java:1987)
01-08 12:56:51.431 23568 23796 D StrictMode: at android.database.DatabaseUtils.readExceptionFromParcel(DatabaseUtils.java:132)
01-08 12:56:51.431 23568 23796 D StrictMode: at android.content.ContentProviderProxy.query(ContentProviderNative.java:418)
01-08 12:56:51.431 23568 23796 D StrictMode: at android.content.ContentProviderClient.query(ContentProviderClient.java:154)
01-08 12:56:51.431 23568 23796 D StrictMode: at android.content.ContentProviderClient.query(ContentProviderClient.java:137)
01-08 12:56:51.431 23568 23796 D StrictMode: at bay.a(PG:30)
01-08 12:56:51.431 23568 23796 D StrictMode: at bjp.a(PG:1)
01-08 12:56:51.431 23568 23796 D StrictMode: at aqi.run(PG:17)
01-08 12:56:51.431 23568 23796 D StrictMode: at android.os.Handler.handleCallback(Handler.java:790)
01-08 12:56:51.431 23568 23796 D StrictMode: at android.os.Handler.dispatchMessage(Handler.java:99)
01-08 12:56:51.431 23568 23796 D StrictMode: at android.os.Looper.loop(Looper.java:164)
01-08 12:56:51.431 23568 23796 D StrictMode: at qfs.run(PG:4)
01-08 12:56:51.431 23568 23796 D StrictMode: at qfk.run(PG:47)
01-08 12:56:51.431 23568 23796 D StrictMode: at java.lang.Thread.run(Thread.java:764)
01-08 12:56:51.431 23568 23796 D StrictMode: at qgm.run(PG:5)
01-08 12:56:51.431 23568 23796 D StrictMode: StrictMode policy violation; ~duration=240 ms: android.os.StrictMode$StrictModeDiskReadViolation: policy=4259903 violation=2
01-08 12:56:51.431 23568 23796 D StrictMode: at android.os.StrictMode$AndroidBlockGuardPolicy.onReadFromDisk(StrictMode.java:1440)
01-08 12:56:51.431 23568 23796 D StrictMode: at java.io.UnixFileSystem.getLength(UnixFileSystem.java:265)
01-08 12:56:51.431 23568 23796 D StrictMode: at java.io.File.length(File.java:962)
01-08 12:56:51.431 23568 23796 D StrictMode: at awcv.a(:com.google.android.gms@234914013@23.49.14 (040400-590296185):25)
01-08 12:56:51.431 23568 23796 D StrictMode: at awea.e(:com.google.android.gms@234914013@23.49.14 (040400-590296185):121)
01-08 12:56:51.431 23568 23796 D StrictMode: at awea.b(:com.google.android.gms@234914013@23.49.14 (040400-590296185):463)
01-08 12:56:51.431 23568 23796 D StrictMode: at awed.query(:com.google.android.gms@234914013@23.49.14 (040400-590296185):141)
01-08 12:56:51.431 23568 23796 D StrictMode: at ahdk.query(:com.google.android.gms@234914013@23.49.14 (040400-590296185):3)
01-08 12:56:51.431 23568 23796 D StrictMode: at android.content.ContentProvider.query(ContentProvider.java:1057)
01-08 12:56:51.431 23568 23796 D StrictMode: at nci.superQuery(:com.google.android.gms@234914013@23.49.14 (040400-590296185):2)
01-08 12:56:51.431 23568 23796 D StrictMode: at com.google.android.chimera.ContentProvider.query(:com.google.android.gms@234914013@23.49.14 (040400-590296185):2)
01-08 12:56:51.431 23568 23796 D StrictMode: at ahdk.query(:com.google.android.gms@234914013@23.49.14 (040400-590296185):20)
01-08 12:56:51.431 23568 23796 D StrictMode: at android.content.ContentProvider.query(ContentProvider.java:1149)
01-08 12:56:51.431 23568 23796 D StrictMode: at nci.superQuery(:com.google.android.gms@234914013@23.49.14 (040400-590296185):1)
01-08 12:56:51.431 23568 23796 D StrictMode: at com.google.android.chimera.ContentProvider.query(:com.google.android.gms@234914013@23.49.14 (040400-590296185):1)
01-08 12:56:51.431 23568 23796 D StrictMode: at nci.query(:com.google.android.gms@234914013@23.49.14 (040400-590296185):2)
01-08 12:56:51.431 23568 23796 D StrictMode: at android.content.ContentProvider$Transport.query(ContentProvider.java:241)
01-08 12:56:51.431 23568 23796 D StrictMode: at android.content.ContentProviderNative.onTransact(ContentProviderNative.java:102)
01-08 12:56:51.431 23568 23796 D StrictMode: at android.os.Binder.execTransact(Binder.java:697)
01-08 12:56:51.431 23568 23796 D StrictMode: # via Binder call with stack:
01-08 12:56:51.431 23568 23796 D StrictMode: android.os.StrictMode$LogStackTrace
01-08 12:56:51.431 23568 23796 D StrictMode: at android.os.StrictMode.readAndHandleBinderCallViolations(StrictMode.java:2139)
01-08 12:56:51.431 23568 23796 D StrictMode: at android.os.Parcel.readExceptionCode(Parcel.java:1987)
01-08 12:56:51.431 23568 23796 D StrictMode: at android.database.DatabaseUtils.readExceptionFromParcel(DatabaseUtils.java:132)
01-08 12:56:51.431 23568 23796 D StrictMode: at android.content.ContentProviderProxy.query(ContentProviderNative.java:418)
01-08 12:56:51.431 23568 23796 D StrictMode: at android.content.ContentProviderClient.query(ContentProviderClient.java:154)
01-08 12:56:51.431 23568 23796 D StrictMode: at android.content.ContentProviderClient.query(ContentProviderClient.java:137)
01-08 12:56:51.431 23568 23796 D StrictMode: at bay.a(PG:30)
01-08 12:56:51.431 23568 23796 D StrictMode: at bjp.a(PG:1)
01-08 12:56:51.431 23568 23796 D StrictMode: at aqi.run(PG:17)
01-08 12:56:51.431 23568 23796 D StrictMode: at android.os.Handler.handleCallback(Handler.java:790)
01-08 12:56:51.431 23568 23796 D StrictMode: at android.os.Handler.dispatchMessage(Handler.java:99)
01-08 12:56:51.431 23568 23796 D StrictMode: at android.os.Looper.loop(Looper.java:164)
01-08 12:56:51.431 23568 23796 D StrictMode: at qfs.run(PG:4)
01-08 12:56:51.431 23568 23796 D StrictMode: at qfk.run(PG:47)
01-08 12:56:51.431 23568 23796 D StrictMode: at java.lang.Thread.run(Thread.java:764)
01-08 12:56:51.431 23568 23796 D StrictMode: at qgm.run(PG:5)
01-08 12:56:51.431 23568 23796 D StrictMode: StrictMode policy violation; ~duration=117 ms: android.os.StrictMode$StrictModeDiskReadViolation: policy=65599 violation=2
01-08 12:56:51.431 23568 23796 D StrictMode: at android.os.StrictMode$AndroidBlockGuardPolicy.onReadFromDisk(StrictMode.java:1440)
01-08 12:56:51.431 23568 23796 D StrictMode: at sun.nio.ch.FileDispatcherImpl.size(FileDispatcherImpl.java:90)
01-08 12:56:51.431 23568 23796 D StrictMode: at sun.nio.ch.FileChannelImpl.size(FileChannelImpl.java:342)
01-08 12:56:51.431 23568 23796 D StrictMode: at ayf.c(PG:5)
01-08 12:56:51.431 23568 23796 D StrictMode: at azm.a(PG:6)
01-08 12:56:51.431 23568 23796 D StrictMode: at azk.a(PG:1)
01-08 12:56:51.431 23568 23796 D StrictMode: at azc.b(PG:1)
01-08 12:56:51.431 23568 23796 D StrictMode: at bjp.a(PG:14)
01-08 12:56:51.431 23568 23796 D StrictMode: at aqi.run(PG:17)
01-08 12:56:51.431 23568 23796 D StrictMode: at android.os.Handler.handleCallback(Handler.java:790)
01-08 12:56:51.431 23568 23796 D StrictMode: at android.os.Handler.dispatchMessage(Handler.java:99)
01-08 12:56:51.431 23568 23796 D StrictMode: at android.os.Looper.loop(Looper.java:164)
01-08 12:56:51.431 23568 23796 D StrictMode: at qfs.run(PG:4)
01-08 12:56:51.431 23568 23796 D StrictMode: at qfk.run(PG:47)
01-08 12:56:51.431 23568 23796 D StrictMode: at java.lang.Thread.run(Thread.java:764)
01-08 12:56:51.431 23568 23796 D StrictMode: at qgm.run(PG:5)
01-08 12:56:51.432 23568 23796 D StrictMode: StrictMode policy violation; ~duration=117 ms: android.os.StrictMode$StrictModeDiskReadViolation: policy=65599 violation=2
01-08 12:56:51.432 23568 23796 D StrictMode: at android.os.StrictMode$AndroidBlockGuardPolicy.onReadFromDisk(StrictMode.java:1440)
01-08 12:56:51.432 23568 23796 D StrictMode: at sun.nio.ch.FileDispatcherImpl.size(FileDispatcherImpl.java:90)
01-08 12:56:51.432 23568 23796 D StrictMode: at sun.nio.ch.FileChannelImpl.map(FileChannelImpl.java:926)
01-08 12:56:51.432 23568 23796 D StrictMode: at ayf.c(PG:6)
01-08 12:56:51.432 23568 23796 D StrictMode: at azm.a(PG:6)
01-08 12:56:51.432 23568 23796 D StrictMode: at azk.a(PG:1)
01-08 12:56:51.432 23568 23796 D StrictMode: at azc.b(PG:1)
01-08 12:56:51.432 23568 23796 D StrictMode: at bjp.a(PG:14)
01-08 12:56:51.432 23568 23796 D StrictMode: at aqi.run(PG:17)
01-08 12:56:51.432 23568 23796 D StrictMode: at android.os.Handler.handleCallback(Handler.java:790)
01-08 12:56:51.432 23568 23796 D StrictMode: at android.os.Handler.dispatchMessage(Handler.java:99)
01-08 12:56:51.432 23568 23796 D StrictMode: at android.os.Looper.loop(Looper.java:164)
01-08 12:56:51.432 23568 23796 D StrictMode: at qfs.run(PG:4)
01-08 12:56:51.432 23568 23796 D StrictMode: at qfk.run(PG:47)
01-08 12:56:51.432 23568 23796 D StrictMode: at java.lang.Thread.run(Thread.java:764)
01-08 12:56:51.432 23568 23796 D StrictMode: at qgm.run(PG:5)
01-08 12:56:51.432 23568 23796 D StrictMode: StrictMode policy violation; ~duration=117 ms: android.os.StrictMode$StrictModeDiskReadViolation: policy=65599 violation=2
01-08 12:56:51.432 23568 23796 D StrictMode: at android.os.StrictMode$AndroidBlockGuardPolicy.onReadFromDisk(StrictMode.java:1440)
01-08 12:56:51.432 23568 23796 D StrictMode: at sun.nio.ch.FileChannelImpl.map(FileChannelImpl.java:978)
01-08 12:56:51.432 23568 23796 D StrictMode: at ayf.c(PG:6)
01-08 12:56:51.432 23568 23796 D StrictMode: at azm.a(PG:6)
01-08 12:56:51.432 23568 23796 D StrictMode: at azk.a(PG:1)
01-08 12:56:51.432 23568 23796 D StrictMode: at azc.b(PG:1)
01-08 12:56:51.432 23568 23796 D StrictMode: at bjp.a(PG:14)
01-08 12:56:51.432 23568 23796 D StrictMode: at aqi.run(PG:17)
01-08 12:56:51.432 23568 23796 D StrictMode: at android.os.Handler.handleCallback(Handler.java:790)
01-08 12:56:51.432 23568 23796 D StrictMode: at android.os.Handler.dispatchMessage(Handler.java:99)
01-08 12:56:51.432 23568 23796 D StrictMode: at android.os.Looper.loop(Looper.java:164)
01-08 12:56:51.432 23568 23796 D StrictMode: at qfs.run(PG:4)
01-08 12:56:51.432 23568 23796 D StrictMode: at qfk.run(PG:47)
01-08 12:56:51.432 23568 23796 D StrictMode: at java.lang.Thread.run(Thread.java:764)
01-08 12:56:51.432 23568 23796 D StrictMode: at qgm.run(PG:5)
01-08 12:56:51.432 23568 23796 D StrictMode: StrictMode policy violation; ~duration=86 ms: android.os.StrictMode$StrictModeDiskReadViolation: policy=65599 violation=2
01-08 12:56:51.432 23568 23796 D StrictMode: at android.os.StrictMode$AndroidBlockGuardPolicy.onReadFromDisk(StrictMode.java:1440)
01-08 12:56:51.432 23568 23796 D StrictMode: at sun.nio.ch.FileDispatcherImpl.size(FileDispatcherImpl.java:90)
01-08 12:56:51.432 23568 23796 D StrictMode: at sun.nio.ch.FileChannelImpl.size(FileChannelImpl.java:342)
01-08 12:56:51.432 23568 23796 D StrictMode: at ayf.c(PG:5)
01-08 12:56:51.432 23568 23796 D StrictMode: at bjp.a(PG:15)
01-08 12:56:51.432 23568 23796 D StrictMode: at aqi.run(PG:17)
01-08 12:56:51.432 23568 23796 D StrictMode: at android.os.Handler.handleCallback(Handler.java:790)
01-08 12:56:51.432 23568 23796 D StrictMode: at android.os.Handler.dispatchMessage(Handler.java:99)
01-08 12:56:51.432 23568 23796 D StrictMode: at android.os.Looper.loop(Looper.java:164)
01-08 12:56:51.432 23568 23796 D StrictMode: at qfs.run(PG:4)
01-08 12:56:51.432 23568 23796 D StrictMode: at qfk.run(PG:47)
01-08 12:56:51.432 23568 23796 D StrictMode: at java.lang.Thread.run(Thread.java:764)
01-08 12:56:51.432 23568 23796 D StrictMode: at qgm.run(PG:5)
01-08 12:56:51.432 23568 23796 D StrictMode: StrictMode policy violation; ~duration=85 ms: android.os.StrictMode$StrictModeDiskReadViolation: policy=65599 violation=2
01-08 12:56:51.432 23568 23796 D StrictMode: at android.os.StrictMode$AndroidBlockGuardPolicy.onReadFromDisk(StrictMode.java:1440)
01-08 12:56:51.432 23568 23796 D StrictMode: at sun.nio.ch.FileDispatcherImpl.size(FileDispatcherImpl.java:90)
01-08 12:56:51.432 23568 23796 D StrictMode: at sun.nio.ch.FileChannelImpl.map(FileChannelImpl.java:926)
01-08 12:56:51.432 23568 23796 D StrictMode: at ayf.c(PG:6)
01-08 12:56:51.432 23568 23796 D StrictMode: at bjp.a(PG:15)
01-08 12:56:51.432 23568 23796 D StrictMode: at aqi.run(PG:17)
01-08 12:56:51.432 23568 23796 D StrictMode: at android.os.Handler.handleCallback(Handler.java:790)
01-08 12:56:51.432 23568 23796 D StrictMode: at android.os.Handler.dispatchMessage(Handler.java:99)
01-08 12:56:51.432 23568 23796 D StrictMode: at android.os.Looper.loop(Looper.java:164)
01-08 12:56:51.432 23568 23796 D StrictMode: at qfs.run(PG:4)
01-08 12:56:51.432 23568 23796 D StrictMode: at qfk.run(PG:47)
01-08 12:56:51.432 23568 23796 D StrictMode: at java.lang.Thread.run(Thread.java:764)
01-08 12:56:51.432 23568 23796 D StrictMode: at qgm.run(PG:5)
01-08 12:56:51.432 23568 23796 D StrictMode: StrictMode policy violation; ~duration=85 ms: android.os.StrictMode$StrictModeDiskReadViolation: policy=65599 violation=2
01-08 12:56:51.432 23568 23796 D StrictMode: at android.os.StrictMode$AndroidBlockGuardPolicy.onReadFromDisk(StrictMode.java:1440)
01-08 12:56:51.432 23568 23796 D StrictMode: at sun.nio.ch.FileChannelImpl.map(FileChannelImpl.java:978)
01-08 12:56:51.432 23568 23796 D StrictMode: at ayf.c(PG:6)
01-08 12:56:51.432 23568 23796 D StrictMode: at bjp.a(PG:15)
01-08 12:56:51.432 23568 23796 D StrictMode: at aqi.run(PG:17)
01-08 12:56:51.432 23568 23796 D StrictMode: at android.os.Handler.handleCallback(Handler.java:790)
01-08 12:56:51.432 23568 23796 D StrictMode: at android.os.Handler.dispatchMessage(Handler.java:99)
01-08 12:56:51.432 23568 23796 D StrictMode: at android.os.Looper.loop(Looper.java:164)
01-08 12:56:51.432 23568 23796 D StrictMode: at qfs.run(PG:4)
01-08 12:56:51.432 23568 23796 D StrictMode: at qfk.run(PG:47)
01-08 12:56:51.432 23568 23796 D StrictMode: at java.lang.Thread.run(Thread.java:764)
01-08 12:56:51.432 23568 23796 D StrictMode: at qgm.run(PG:5)
01-08 12:56:52.095 941 1192 I ActivityManager: Start proc 24066:com.android.chrome:privileged_process1/u0a34 for service com.android.chrome/org.chromium.content.app.PrivilegedProcessService1
01-08 12:56:52.110 24071 24071 E /system/bin/webview_zygote32: Failed to make and chown /acct/uid_99039: Permission denied
01-08 12:56:52.110 24071 24071 E Zygote : createProcessGroup(99039, 0) failed: Permission denied
01-08 12:56:52.110 941 1582 I ActivityManager: Start proc 24071:com.android.chrome:sandboxed_process5/u0i39 for webview_service com.android.chrome/org.chromium.content.app.SandboxedProcessService5
01-08 12:56:52.236 941 1582 W AlarmManager: Alarms must either supply a PendingIntent or an AlarmReceiver
01-08 12:56:52.409 941 950 I chatty : uid=1000(system) HeapTaskDaemon expire 1 line
01-08 12:56:52.584 24092 24092 E asset : setgid: Operation not permitted
01-08 12:56:52.851 24066 24066 I cr_SplitCompatApp: Launched version=120.0.6099.193 minSdkVersion=1 isBundle=true processName=com.android.chrome:privileged_process1 isIsolated=false
01-08 12:56:52.851 24071 24071 I cr_SplitCompatApp: Launched version=120.0.6099.193 minSdkVersion=1 isBundle=true processName=com.android.chrome:sandboxed_process5 isIsolated=true
01-08 12:56:52.951 24071 24071 W SystemServiceRegistry: No service published for: uimode
01-08 12:56:52.999 24071 24071 I cr_ChildProcessService: Creating new ChildProcessService pid=24071
01-08 12:56:53.005 24066 24066 I cr_ChildProcessService: Creating new ChildProcessService pid=24066
01-08 12:56:53.046 24071 24071 E WebViewLibraryLoader: can't load with relro file; address space not reserved
01-08 12:56:53.162 24071 24094 I cr_LibraryLoader: Successfully loaded native library
01-08 12:56:53.162 24071 24094 I cr_CachingUmaRecorder: Flushed 2 samples from 2 histograms, 0 samples were dropped.
01-08 12:56:53.335 23524 23648 I zygote64: Rejecting re-init on previously-failed class java.lang.Class: java.lang.NoClassDefFoundError: Failed resolution of: Lcom/google/android/wearable/compat/WearableActivityController$AmbientCallback;
01-08 12:56:53.335 23524 23648 I zygote64: at boolean androidx.work.impl.background.systemjob.SystemJobService.onStartJob(android.app.job.JobParameters) (PG:9)
01-08 12:56:53.335 23524 23648 I zygote64: at boolean android.app.job.JobService$1.onStartJob(android.app.job.JobParameters) (JobService.java:71)
01-08 12:56:53.335 23524 23648 I zygote64: at void android.app.job.JobServiceEngine$JobHandler.handleMessage(android.os.Message) (JobServiceEngine.java:108)
01-08 12:56:53.335 23524 23648 I zygote64: at void android.os.Handler.dispatchMessage(android.os.Message) (Handler.java:106)
01-08 12:56:53.335 23524 23648 I zygote64: at void android.os.Looper.loop() (Looper.java:164)
01-08 12:56:53.335 23524 23648 I zygote64: at void android.app.ActivityThread.main(java.lang.String[]) (ActivityThread.java:6494)
01-08 12:56:53.335 23524 23648 I zygote64: at java.lang.Object java.lang.reflect.Method.invoke(java.lang.Object, java.lang.Object[]) (Method.java:-2)
01-08 12:56:53.335 23524 23648 I zygote64: at void com.android.internal.os.RuntimeInit$MethodAndArgsCaller.run() (RuntimeInit.java:438)
01-08 12:56:53.335 23524 23648 I zygote64: at void com.android.internal.os.ZygoteInit.main(java.lang.String[]) (ZygoteInit.java:807)
01-08 12:56:53.336 24066 24095 I cr_LibraryLoader: Successfully loaded native library
01-08 12:56:53.337 24066 24095 I cr_CachingUmaRecorder: Flushed 2 samples from 2 histograms, 0 samples were dropped.
01-08 12:56:53.341 23524 23648 I zygote64: Caused by: java.lang.ClassNotFoundException: Didn't find class "com.google.android.wearable.compat.WearableActivityController$AmbientCallback" on path: DexPathList[[zip file "/data/app/com.google.android.tts-DBBOde_V4pq6Co7iovTA5g==/base.apk"],nativeLibraryDirectories=[/data/app/com.google.android.tts-DBBOde_V4pq6Co7iovTA5g==/lib/arm64, /data/app/com.google.android.tts-DBBOde_V4pq6Co7iovTA5g==/base.apk!/lib/arm64-v8a, /system/lib64, /vendor/lib64]]
01-08 12:56:53.341 23524 23648 I zygote64: at java.lang.Class dalvik.system.BaseDexClassLoader.findClass(java.lang.String) (BaseDexClassLoader.java:125)
01-08 12:56:53.341 23524 23648 I zygote64: at java.lang.Class java.lang.ClassLoader.loadClass(java.lang.String, boolean) (ClassLoader.java:379)
01-08 12:56:53.341 23524 23648 I zygote64: at java.lang.Class java.lang.ClassLoader.loadClass(java.lang.String) (ClassLoader.java:312)
01-08 12:56:53.341 23524 23648 I zygote64: at boolean androidx.work.impl.background.systemjob.SystemJobService.onStartJob(android.app.job.JobParameters) (PG:9)
01-08 12:56:53.341 23524 23648 I zygote64: at boolean android.app.job.JobService$1.onStartJob(android.app.job.JobParameters) (JobService.java:71)
01-08 12:56:53.341 23524 23648 I zygote64: at void android.app.job.JobServiceEngine$JobHandler.handleMessage(android.os.Message) (JobServiceEngine.java:108)
01-08 12:56:53.341 23524 23648 I zygote64: at void android.os.Handler.dispatchMessage(android.os.Message) (Handler.java:106)
01-08 12:56:53.341 23524 23648 I zygote64: at void android.os.Looper.loop() (Looper.java:164)
01-08 12:56:53.341 23524 23648 I zygote64: at void android.app.ActivityThread.main(java.lang.String[]) (ActivityThread.java:6494)
01-08 12:56:53.341 23524 23648 I zygote64: at java.lang.Object java.lang.reflect.Method.invoke(java.lang.Object, java.lang.Object[]) (Method.java:-2)
01-08 12:56:53.341 23524 23648 I zygote64: at void com.android.internal.os.RuntimeInit$MethodAndArgsCaller.run() (RuntimeInit.java:438)
01-08 12:56:53.341 23524 23648 I zygote64: at void com.android.internal.os.ZygoteInit.main(java.lang.String[]) (ZygoteInit.java:807)
01-08 12:56:53.341 23524 23648 I zygote64:
01-08 12:56:53.342 23524 23648 I zygote64: Rejecting re-init on previously-failed class java.lang.Class: java.lang.NoClassDefFoundError: Failed resolution of: Lcom/google/android/wearable/compat/WearableActivityController$AmbientCallback;
01-08 12:56:53.342 23524 23648 I zygote64: at boolean androidx.work.impl.background.systemjob.SystemJobService.onStartJob(android.app.job.JobParameters) (PG:9)
01-08 12:56:53.342 23524 23648 I zygote64: at boolean android.app.job.JobService$1.onStartJob(android.app.job.JobParameters) (JobService.java:71)
01-08 12:56:53.342 23524 23648 I zygote64: at void android.app.job.JobServiceEngine$JobHandler.handleMessage(android.os.Message) (JobServiceEngine.java:108)
01-08 12:56:53.342 23524 23648 I zygote64: at void android.os.Handler.dispatchMessage(android.os.Message) (Handler.java:106)
01-08 12:56:53.342 23524 23648 I zygote64: at void android.os.Looper.loop() (Looper.java:164)
01-08 12:56:53.342 23524 23648 I zygote64: at void android.app.ActivityThread.main(java.lang.String[]) (ActivityThread.java:6494)
01-08 12:56:53.342 23524 23648 I zygote64: at java.lang.Object java.lang.reflect.Method.invoke(java.lang.Object, java.lang.Object[]) (Method.java:-2)
01-08 12:56:53.342 23524 23648 I zygote64: at void com.android.internal.os.RuntimeInit$MethodAndArgsCaller.run() (RuntimeInit.java:438)
01-08 12:56:53.342 23524 23648 I zygote64: at void com.android.internal.os.ZygoteInit.main(java.lang.String[]) (ZygoteInit.java:807)
01-08 12:56:53.342 23524 23648 I zygote64: Caused by: java.lang.ClassNotFoundException: Didn't find class "com.google.android.wearable.compat.WearableActivityController$AmbientCallback" on path: DexPathList[[zip file "/data/app/com.google.android.tts-DBBOde_V4pq6Co7iovTA5g==/base.apk"],nativeLibraryDirectories=[/data/app/com.google.android.tts-DBBOde_V4pq6Co7iovTA5g==/lib/arm64, /data/app/com.google.android.tts-DBBOde_V4pq6Co7iovTA5g==/base.apk!/lib/arm64-v8a, /system/lib64, /vendor/lib64]]
01-08 12:56:53.342 23524 23648 I zygote64: at java.lang.Class dalvik.system.BaseDexClassLoader.findClass(java.lang.String) (BaseDexClassLoader.java:125)
01-08 12:56:53.342 23524 23648 I zygote64: at java.lang.Class java.lang.ClassLoader.loadClass(java.lang.String, boolean) (ClassLoader.java:379)
01-08 12:56:53.342 23524 23648 I zygote64: at java.lang.Class java.lang.ClassLoader.loadClass(java.lang.String) (ClassLoader.java:312)
01-08 12:56:53.342 23524 23648 I zygote64: at boolean androidx.work.impl.background.systemjob.SystemJobService.onStartJob(android.app.job.JobParameters) (PG:9)
01-08 12:56:53.342 23524 23648 I zygote64: at boolean android.app.job.JobService$1.onStartJob(android.app.job.JobParameters) (JobService.java:71)
01-08 12:56:53.342 23524 23648 I zygote64: at void android.app.job.JobServiceEngine$JobHandler.handleMessage(android.os.Message) (JobServiceEngine.java:108)
01-08 12:56:53.342 23524 23648 I zygote64: at void android.os.Handler.dispatchMessage(android.os.Message) (Handler.java:106)
01-08 12:56:53.342 23524 23648 I zygote64: at void android.os.Looper.loop() (Looper.java:164)
01-08 12:56:53.342 23524 23648 I zygote64: at void android.app.ActivityThread.main(java.lang.String[]) (ActivityThread.java:6494)
01-08 12:56:53.342 23524 23648 I zygote64: at java.lang.Object java.lang.reflect.Method.invoke(java.lang.Object, java.lang.Object[]) (Method.java:-2)
01-08 12:56:53.342 23524 23648 I zygote64: at void com.android.internal.os.RuntimeInit$MethodAndArgsCaller.run() (RuntimeInit.java:438)
01-08 12:56:53.342 23524 23648 I zygote64: at void com.android.internal.os.ZygoteInit.main(java.lang.String[]) (ZygoteInit.java:807)
01-08 12:56:53.342 23524 23648 I zygote64:
01-08 12:56:53.346 23524 23648 I zygote64: Rejecting re-init on previously-failed class java.lang.Class: java.lang.NoClassDefFoundError: Failed resolution of: Lcom/google/android/wearable/compat/WearableActivityController$AmbientCallback;
01-08 12:56:53.346 23524 23648 I zygote64: at boolean androidx.work.impl.background.systemjob.SystemJobService.onStartJob(android.app.job.JobParameters) (PG:9)
01-08 12:56:53.346 23524 23648 I zygote64: at boolean android.app.job.JobService$1.onStartJob(android.app.job.JobParameters) (JobService.java:71)
01-08 12:56:53.346 23524 23648 I zygote64: at void android.app.job.JobServiceEngine$JobHandler.handleMessage(android.os.Message) (JobServiceEngine.java:108)
01-08 12:56:53.346 23524 23648 I zygote64: at void android.os.Handler.dispatchMessage(android.os.Message) (Handler.java:106)
01-08 12:56:53.346 23524 23648 I zygote64: at void android.os.Looper.loop() (Looper.java:164)
01-08 12:56:53.346 23524 23648 I zygote64: at void android.app.ActivityThread.main(java.lang.String[]) (ActivityThread.java:6494)
01-08 12:56:53.346 23524 23648 I zygote64: at java.lang.Object java.lang.reflect.Method.invoke(java.lang.Object, java.lang.Object[]) (Method.java:-2)
01-08 12:56:53.346 23524 23648 I zygote64: at void com.android.internal.os.RuntimeInit$MethodAndArgsCaller.run() (RuntimeInit.java:438)
01-08 12:56:53.346 23524 23648 I zygote64: at void com.android.internal.os.ZygoteInit.main(java.lang.String[]) (ZygoteInit.java:807)
01-08 12:56:53.346 23524 23648 I zygote64: Caused by: java.lang.ClassNotFoundException: Didn't find class "com.google.android.wearable.compat.WearableActivityController$AmbientCallback" on path: DexPathList[[zip file "/data/app/com.google.android.tts-DBBOde_V4pq6Co7iovTA5g==/base.apk"],nativeLibraryDirectories=[/data/app/com.google.android.tts-DBBOde_V4pq6Co7iovTA5g==/lib/arm64, /data/app/com.google.android.tts-DBBOde_V4pq6Co7iovTA5g==/base.apk!/lib/arm64-v8a, /system/lib64, /vendor/lib64]]
01-08 12:56:53.346 23524 23648 I zygote64: at java.lang.Class dalvik.system.BaseDexClassLoader.findClass(java.lang.String) (BaseDexClassLoader.java:125)
01-08 12:56:53.346 23524 23648 I zygote64: at java.lang.Class java.lang.ClassLoader.loadClass(java.lang.String, boolean) (ClassLoader.java:379)
01-08 12:56:53.346 23524 23648 I zygote64: at java.lang.Class java.lang.ClassLoader.loadClass(java.lang.String) (ClassLoader.java:312)
01-08 12:56:53.346 23524 23648 I zygote64: at boolean androidx.work.impl.background.systemjob.SystemJobService.onStartJob(android.app.job.JobParameters) (PG:9)
01-08 12:56:53.346 23524 23648 I zygote64: at boolean android.app.job.JobService$1.onStartJob(android.app.job.JobParameters) (JobService.java:71)
01-08 12:56:53.346 23524 23648 I zygote64: at void android.app.job.JobServiceEngine$JobHandler.handleMessage(android.os.Message) (JobServiceEngine.java:108)
01-08 12:56:53.346 23524 23648 I zygote64: at void android.os.Handler.dispatchMessage(android.os.Message) (Handler.java:106)
01-08 12:56:53.346 23524 23648 I zygote64: at void android.os.Looper.loop() (Looper.java:164)
01-08 12:56:53.346 23524 23648 I zygote64: at void android.app.ActivityThread.main(java.lang.String[]) (ActivityThread.java:6494)
01-08 12:56:53.346 23524 23648 I zygote64: at java.lang.Object java.lang.reflect.Method.invoke(java.lang.Object, java.lang.Object[]) (Method.java:-2)
01-08 12:56:53.346 23524 23648 I zygote64: at void com.android.internal.os.RuntimeInit$MethodAndArgsCaller.run() (RuntimeInit.java:438)
01-08 12:56:53.346 23524 23648 I zygote64: at void com.android.internal.os.ZygoteInit.main(java.lang.String[]) (ZygoteInit.java:807)
01-08 12:56:53.347 23524 23648 I zygote64:
01-08 12:56:53.400 24066 24095 D NvOsDebugPrintf: NvRmPrivGetChipPlatform: Could not read platform information
01-08 12:56:53.401 24066 24095 D NvOsDebugPrintf: Expected on kernels without fuse support, using silicon
01-08 12:56:53.457 24066 24095 D vndksupport: Loading /vendor/lib/hw/gralloc.tegra.so from current namespace instead of sphal namespace.
01-08 12:56:53.495 163 163 W /system/bin/hwservicemanager: getTransport: Cannot find entry android.hardware.configstore@1.0::ISurfaceFlingerConfigs/default in either framework or device manifest.
01-08 12:56:53.497 24066 24095 I zygote : android::hardware::configstore::V1_0::ISurfaceFlingerConfigs::hasWideColorDisplay retrieved: 0
01-08 12:56:53.736 24066 24095 D NvOsDebugPrintf: failed to query ZBC color for index 7
01-08 12:56:53.875 21556 21556 W chromium: [WARNING:gpu_process_host.cc(1015)] Reinitialized the GPU process after a crash. The reported initialization time was 510 ms
01-08 12:56:54.067 24066 24119 I VideoCapabilities: Unsupported profile 4 for video/mp4v-es
01-08 12:56:54.072 24066 24119 W VideoCapabilities: Unrecognized level 0 for video/x-vnd.on2.vp8
01-08 12:56:55.004 189 189 I WifiHAL : Got channel list with 13 channels
01-08 12:56:55.006 189 189 I WifiHAL : Got channel list with 4 channels
01-08 12:56:55.007 189 189 I WifiHAL : Got channel list with 15 channels
01-08 12:56:55.009 842 23938 I NvCameraHalLogging: [partialMetadataResult]: AutoFocus Time: 1402 ms
01-08 12:56:55.193 20640 20640 I Finsky : [2] aayi.onStartJob(128): SCH: job service start with id 9802.
01-08 12:56:55.212 941 21161 I chatty : uid=1000(system) Binder:941_F expire 1 line
01-08 12:56:55.215 941 1021 I chatty : uid=1000(system) WifiScanningSer expire 1 line
01-08 12:56:55.403 20640 24122 I Finsky : [1913] zxy.a(438): SCH: Satisfied jobs for 9802 are: 10-101
01-08 12:56:55.483 20640 24123 I Finsky : [1914] zya.accept(194): SCH: Job 10-101 starting
01-08 12:56:55.547 20640 20640 I Finsky : [2] kli.i(13): AIM: AppInfoManager-Perf > getLocalApps > called: USE_CACHE
01-08 12:56:55.563 20640 20640 I Finsky : [2] kli.i(199): AIM: getLocalApps returned 132 cached apps
01-08 12:56:55.748 20640 20904 I Finsky : [1779] aawt.r(83): SCH: jobFinished: 10-101. TimeElapsed: 247ms.
01-08 12:56:55.800 20640 20904 I Finsky : [1779] wun.accept(34): SCH: Scheduling phonesky job Id: 1-1337, CT: 1704714956215, Constraints: [{ L: 36266916, D: 79466916, C: 1, I: 1, N: 1 }]
01-08 12:56:55.800 20640 20904 I Finsky : [1779] wun.accept(34): SCH: Scheduling phonesky job Id: 10-4, CT: 1704714954964, Constraints: [{ L: 1200000, D: 86400000, C: 1, I: 1, N: 1 }]
01-08 12:56:55.801 20640 20904 I Finsky : [1779] wun.accept(34): SCH: Scheduling phonesky job Id: 10-11, CT: 1704714954964, Constraints: [{ L: 600000, D: 86400000, C: 1, I: 1, N: 1 }]
01-08 12:56:55.802 20640 20904 I Finsky : [1779] wun.accept(34): SCH: Scheduling phonesky job Id: 10-26, CT: 1704714954964, Constraints: [{ L: 600000, D: 86400000, C: 1, I: 1, N: 1 }]
01-08 12:56:55.802 20640 20904 I Finsky : [1779] wun.accept(34): SCH: Scheduling phonesky job Id: 10-93, CT: 1704714954966, Constraints: [{ L: 300000, D: 86400000, C: 1, I: 1, N: 1 }]
01-08 12:56:55.802 20640 20904 I Finsky : [1779] wun.accept(34): SCH: Scheduling phonesky job Id: 10-123, CT: 1704714954966, Constraints: [{ L: 600000, D: 86400000, C: 1, I: 1, N: 1 }]
01-08 12:56:55.827 20640 20921 I Finsky : [1790] zyb.apply(453): SCH: Scheduling 1 system job(s)
01-08 12:56:55.829 20640 20921 I Finsky : [1790] aawq.d(88): SCH: Scheduling system job Id: 9809, L: 239139, D: 79407304, C: false, I: false, N: 1
01-08 12:56:55.840 20640 24123 I Finsky : [1914] aayi.a(26): SCH: job service finished with id 9802.
01-08 12:56:55.842 941 954 I chatty : uid=1000(system) android.bg expire 2 lines
01-08 12:56:55.845 941 29230 I ActivityManager: Killing 23028:com.android.chrome:webview_service/u0a34 (adj 906): empty #17
01-08 12:56:55.848 941 957 I chatty : uid=1000(system) ActivityManager expire 3 lines
01-08 12:56:55.858 941 1406 W ActivityManager: Scheduling restart of crashed service com.android.chrome/org.chromium.android_webview.services.MetricsBridgeService in 1000ms
01-08 12:56:56.224 841 1506 D audio_route: Apply path: speaker
01-08 12:56:56.228 841 1506 I audio_cras_dsp: pipeline created
01-08 12:56:56.228 841 1506 D /system/bin/audioserver: instantiate source
01-08 12:56:56.228 841 1506 D /system/bin/audioserver: instantiate drc
01-08 12:56:56.228 841 1506 D /system/bin/audioserver: instantiate eq2
01-08 12:56:56.228 841 1506 D /system/bin/audioserver: instantiate sink
01-08 12:56:56.228 841 1506 D /system/bin/audioserver: connect audio buf 0 to output_source:0 (out)
01-08 12:56:56.228 841 1506 D /system/bin/audioserver: connect audio buf 1 to output_source:1 (out)
01-08 12:56:56.228 841 1506 D /system/bin/audioserver: connect audio buf 0 to drc:0 (in)
01-08 12:56:56.228 841 1506 D /system/bin/audioserver: connect audio buf 1 to drc:1 (in)
01-08 12:56:56.228 841 1506 D /system/bin/audioserver: connect audio buf 0 to drc:2 (out)
01-08 12:56:56.228 841 1506 D /system/bin/audioserver: connect audio buf 1 to drc:3 (out)
01-08 12:56:56.228 841 1506 D /system/bin/audioserver: connect control (val=1) to drc:4 (in)
01-08 12:56:56.228 841 1506 D /system/bin/audioserver: connect control (val=0) to drc:5 (in)
01-08 12:56:56.228 841 1506 D /system/bin/audioserver: connect control (val=1) to drc:6 (in)
01-08 12:56:56.228 841 1506 D /system/bin/audioserver: connect control (val=-36) to drc:7 (in)
01-08 12:56:56.228 841 1506 D /system/bin/audioserver: connect control (val=18) to drc:8 (in)
01-08 12:56:56.228 841 1506 D /system/bin/audioserver: connect control (val=20) to drc:9 (in)
01-08 12:56:56.229 841 1506 D /system/bin/audioserver: connect control (val=0.003) to drc:10 (in)
01-08 12:56:56.229 841 1506 D /system/bin/audioserver: connect control (val=0.2) to drc:11 (in)
01-08 12:56:56.229 841 1506 D /system/bin/audioserver: connect control (val=3) to drc:12 (in)
01-08 12:56:56.229 841 1506 D /system/bin/audioserver: connect control (val=450) to drc:13 (in)
01-08 12:56:56.229 841 1506 D /system/bin/audioserver: connect control (val=1) to drc:14 (in)
01-08 12:56:56.229 841 1506 D /system/bin/audioserver: connect control (val=-33) to drc:15 (in)
01-08 12:56:56.229 841 1506 D /system/bin/audioserver: connect control (val=20) to drc:16 (in)
01-08 12:56:56.229 841 1506 D /system/bin/audioserver: connect control (val=23) to drc:17 (in)
01-08 12:56:56.229 841 1506 D /system/bin/audioserver: connect control (val=0.003) to drc:18 (in)
01-08 12:56:56.229 841 1506 D /system/bin/audioserver: connect control (val=0.2) to drc:19 (in)
01-08 12:56:56.229 841 1506 D /system/bin/audioserver: connect control (val=6) to drc:20 (in)
01-08 12:56:56.229 841 1506 D /system/bin/audioserver: connect control (val=2200) to drc:21 (in)
01-08 12:56:56.229 841 1506 D /system/bin/audioserver: connect control (val=1) to drc:22 (in)
01-08 12:56:56.229 841 1506 D /system/bin/audioserver: connect control (val=-18) to drc:23 (in)
01-08 12:56:56.229 841 1506 D /system/bin/audioserver: connect control (val=20) to drc:24 (in)
01-08 12:56:56.229 841 1506 D /system/bin/audioserver: connect control (val=6) to drc:25 (in)
01-08 12:56:56.229 841 1506 D /system/bin/audioserver: connect control (val=0.003) to drc:26 (in)
01-08 12:56:56.229 841 1506 D /system/bin/audioserver: connect control (val=0.2) to drc:27 (in)
01-08 12:56:56.229 841 1506 D /system/bin/audioserver: connect control (val=-1) to drc:28 (in)
01-08 12:56:56.229 841 1506 D /system/bin/audioserver: connect audio buf 0 to eq2:0 (in)
01-08 12:56:56.229 841 1506 D /system/bin/audioserver: connect audio buf 1 to eq2:1 (in)
01-08 12:56:56.229 841 1506 D /system/bin/audioserver: connect audio buf 0 to eq2:2 (out)
01-08 12:56:56.229 841 1506 D /system/bin/audioserver: connect audio buf 1 to eq2:3 (out)
01-08 12:56:56.229 841 1506 D /system/bin/audioserver: connect control (val=2) to eq2:4 (in)
01-08 12:56:56.229 841 1506 D /system/bin/audioserver: connect control (val=330) to eq2:5 (in)
01-08 12:56:56.229 841 1506 D /system/bin/audioserver: connect control (val=0) to eq2:6 (in)
01-08 12:56:56.229 841 1506 D /system/bin/audioserver: connect control (val=0) to eq2:7 (in)
01-08 12:56:56.229 841 1506 D /system/bin/audioserver: connect control (val=2) to eq2:8 (in)
01-08 12:56:56.229 841 1506 D /system/bin/audioserver: connect control (val=330) to eq2:9 (in)
01-08 12:56:56.229 841 1506 D /system/bin/audioserver: connect control (val=0) to eq2:10 (in)
01-08 12:56:56.229 841 1506 D /system/bin/audioserver: connect control (val=0) to eq2:11 (in)
01-08 12:56:56.229 841 1506 D /system/bin/audioserver: connect control (val=6) to eq2:12 (in)
01-08 12:56:56.230 841 1506 D /system/bin/audioserver: connect control (val=550) to eq2:13 (in)
01-08 12:56:56.230 841 1506 D /system/bin/audioserver: connect control (val=3) to eq2:14 (in)
01-08 12:56:56.230 841 1506 D /system/bin/audioserver: connect control (val=-10) to eq2:15 (in)
01-08 12:56:56.230 841 1506 D /system/bin/audioserver: connect control (val=6) to eq2:16 (in)
01-08 12:56:56.230 841 1506 D /system/bin/audioserver: connect control (val=550) to eq2:17 (in)
01-08 12:56:56.230 841 1506 D /system/bin/audioserver: connect control (val=3) to eq2:18 (in)
01-08 12:56:56.230 841 1506 D /system/bin/audioserver: connect control (val=-10) to eq2:19 (in)
01-08 12:56:56.230 841 1506 D /system/bin/audioserver: connect control (val=6) to eq2:20 (in)
01-08 12:56:56.230 841 1506 D /system/bin/audioserver: connect control (val=740) to eq2:21 (in)
01-08 12:56:56.230 841 1506 D /system/bin/audioserver: connect control (val=3) to eq2:22 (in)
01-08 12:56:56.230 841 1506 D /system/bin/audioserver: connect control (val=-8) to eq2:23 (in)
01-08 12:56:56.230 841 1506 D /system/bin/audioserver: connect control (val=6) to eq2:24 (in)
01-08 12:56:56.230 841 1506 D /system/bin/audioserver: connect control (val=750) to eq2:25 (in)
01-08 12:56:56.230 841 1506 D /system/bin/audioserver: connect control (val=3) to eq2:26 (in)
01-08 12:56:56.230 841 1506 D /system/bin/audioserver: connect control (val=-6) to eq2:27 (in)
01-08 12:56:56.230 841 1506 D /system/bin/audioserver: connect control (val=6) to eq2:28 (in)
01-08 12:56:56.230 841 1506 D /system/bin/audioserver: connect control (val=1000) to eq2:29 (in)
01-08 12:56:56.230 841 1506 D /system/bin/audioserver: connect control (val=3) to eq2:30 (in)
01-08 12:56:56.230 841 1506 D /system/bin/audioserver: connect control (val=-3) to eq2:31 (in)
01-08 12:56:56.230 841 1506 D /system/bin/audioserver: connect control (val=6) to eq2:32 (in)
