01-08 12:58:26.066 24752 24752 I zygote64: at void com.android.internal.os.RuntimeInit$MethodAndArgsCaller.run() (RuntimeInit.java:438)
01-08 12:58:26.066 24752 24752 I zygote64: at void com.android.internal.os.ZygoteInit.main(java.lang.String[]) (ZygoteInit.java:807)
01-08 12:58:26.066 24752 24752 I zygote64: Caused by: java.lang.ClassNotFoundException: Didn't find class "android.webkit.WebViewRenderProcessClient" on path: DexPathList[[zip file "/data/app/com.google.android.gm-KGBaEZn-hWvcpbECDr8Z-A==/base.apk", zip file "/data/app/com.google.android.gm-KGBaEZn-hWvcpbECDr8Z-A==/split_config.arm64_v8a.apk", zip file "/data/app/com.google.android.gm-KGBaEZn-hWvcpbECDr8Z-A==/split_config.en.apk", zip file "/data/app/com.google.android.gm-KGBaEZn-hWvcpbECDr8Z-A==/split_config.xhdpi.apk"],nativeLibraryDirectories=[/data/app/com.google.android.gm-KGBaEZn-hWvcpbECDr8Z-A==/lib/arm64, /data/app/com.google.android.gm-KGBaEZn-hWvcpbECDr8Z-A==/base.apk!/lib/arm64-v8a, /data/app/com.google.android.gm-KGBaEZn-hWvcpbECDr8Z-A==/split_config.arm64_v8a.apk!/lib/arm64-v8a, /data/app/com.google.android.gm-KGBaEZn-hWvcpbECDr8Z-A==/split_config.en.apk!/lib/arm64-v8a, /data/app/com.google.android.gm-KGBaEZn-hWvcpbECDr8Z-A==/split_config.xhdpi.apk!/lib/arm64-v8a, /system/lib64, /vendor/lib64]]
01-08 12:58:26.066 24752 24752 I zygote64: at java.lang.Class dalvik.system.BaseDexClassLoader.findClass(java.lang.String) (BaseDexClassLoader.java:125)
01-08 12:58:26.066 24752 24752 I zygote64: at java.lang.Class java.lang.ClassLoader.loadClass(java.lang.String, boolean) (ClassLoader.java:379)
01-08 12:58:26.066 24752 24752 I zygote64: at java.lang.Class java.lang.ClassLoader.loadClass(java.lang.String) (ClassLoader.java:312)
01-08 12:58:26.066 24752 24752 I zygote64: at void gpc.(gpa) (PG:26)
01-08 12:58:26.066 24752 24752 I zygote64: at gpc gpa.a() (PG:3)
01-08 12:58:26.066 24752 24752 I zygote64: at gpc addn.a() (PG:78)
01-08 12:58:26.066 24752 24752 I zygote64: at grv grv.o(android.content.Context) (PG:21)
01-08 12:58:26.066 24752 24752 I zygote64: at void qgf.onCreate() (PG:968)
01-08 12:58:26.066 24752 24752 I zygote64: at void qgd.onCreate() (PG:138)
01-08 12:58:26.066 24752 24752 I zygote64: at void com.google.android.apps.gmail.application.tiktok.Hub_Application.onCreate() (PG:59)
01-08 12:58:26.066 24752 24752 I zygote64: at void android.app.Instrumentation.callApplicationOnCreate(android.app.Application) (Instrumentation.java:1119)
01-08 12:58:26.066 24752 24752 I zygote64: at void android.app.ActivityThread.handleBindApplication(android.app.ActivityThread$AppBindData) (ActivityThread.java:5740)
01-08 12:58:26.066 24752 24752 I zygote64: at void android.app.ActivityThread.-wrap1(android.app.ActivityThread, android.app.ActivityThread$AppBindData) (ActivityThread.java:-1)
01-08 12:58:26.066 24752 24752 I zygote64: at void android.app.ActivityThread$H.handleMessage(android.os.Message) (ActivityThread.java:1656)
01-08 12:58:26.066 24752 24752 I zygote64: at void android.os.Handler.dispatchMessage(android.os.Message) (Handler.java:106)
01-08 12:58:26.066 24752 24752 I zygote64: at void android.os.Looper.loop() (Looper.java:164)
01-08 12:58:26.066 24752 24752 I zygote64: at void android.app.ActivityThread.main(java.lang.String[]) (ActivityThread.java:6494)
01-08 12:58:26.066 24752 24752 I zygote64: at java.lang.Object java.lang.reflect.Method.invoke(java.lang.Object, java.lang.Object[]) (Method.java:-2)
01-08 12:58:26.066 24752 24752 I zygote64: at void com.android.internal.os.RuntimeInit$MethodAndArgsCaller.run() (RuntimeInit.java:438)
01-08 12:58:26.066 24752 24752 I zygote64: at void com.android.internal.os.ZygoteInit.main(java.lang.String[]) (ZygoteInit.java:807)
01-08 12:58:26.066 24752 24752 I zygote64:
01-08 12:58:26.067 24752 24752 I zygote64: Rejecting re-init on previously-failed class java.lang.Class: java.lang.NoClassDefFoundError: Failed resolution of: Landroid/webkit/WebViewRenderProcessClient;
01-08 12:58:26.067 24752 24752 I zygote64: at void gpc.(gpa) (PG:26)
01-08 12:58:26.067 24752 24752 I zygote64: at gpc gpa.a() (PG:3)
01-08 12:58:26.067 24752 24752 I zygote64: at gpc addn.a() (PG:78)
01-08 12:58:26.067 24752 24752 I zygote64: at grv grv.o(android.content.Context) (PG:21)
01-08 12:58:26.067 24752 24752 I zygote64: at void qgf.onCreate() (PG:968)
01-08 12:58:26.067 24752 24752 I zygote64: at void qgd.onCreate() (PG:138)
01-08 12:58:26.067 24752 24752 I zygote64: at void com.google.android.apps.gmail.application.tiktok.Hub_Application.onCreate() (PG:59)
01-08 12:58:26.067 24752 24752 I zygote64: at void android.app.Instrumentation.callApplicationOnCreate(android.app.Application) (Instrumentation.java:1119)
01-08 12:58:26.067 24752 24752 I zygote64: at void android.app.ActivityThread.handleBindApplication(android.app.ActivityThread$AppBindData) (ActivityThread.java:5740)
01-08 12:58:26.067 24752 24752 I zygote64: at void android.app.ActivityThread.-wrap1(android.app.ActivityThread, android.app.ActivityThread$AppBindData) (ActivityThread.java:-1)
01-08 12:58:26.067 24752 24752 I zygote64: at void android.app.ActivityThread$H.handleMessage(android.os.Message) (ActivityThread.java:1656)
01-08 12:58:26.067 24752 24752 I zygote64: at void android.os.Handler.dispatchMessage(android.os.Message) (Handler.java:106)
01-08 12:58:26.067 24752 24752 I zygote64: at void android.os.Looper.loop() (Looper.java:164)
01-08 12:58:26.067 24752 24752 I zygote64: at void android.app.ActivityThread.main(java.lang.String[]) (ActivityThread.java:6494)
01-08 12:58:26.067 24752 24752 I zygote64: at java.lang.Object java.lang.reflect.Method.invoke(java.lang.Object, java.lang.Object[]) (Method.java:-2)
01-08 12:58:26.067 24752 24752 I zygote64: at void com.android.internal.os.RuntimeInit$MethodAndArgsCaller.run() (RuntimeInit.java:438)
01-08 12:58:26.067 24752 24752 I zygote64: at void com.android.internal.os.ZygoteInit.main(java.lang.String[]) (ZygoteInit.java:807)
01-08 12:58:26.067 24752 24752 I zygote64: Caused by: java.lang.ClassNotFoundException: Didn't find class "android.webkit.WebViewRenderProcessClient" on path: DexPathList[[zip file "/data/app/com.google.android.gm-KGBaEZn-hWvcpbECDr8Z-A==/base.apk", zip file "/data/app/com.google.android.gm-KGBaEZn-hWvcpbECDr8Z-A==/split_config.arm64_v8a.apk", zip file "/data/app/com.google.android.gm-KGBaEZn-hWvcpbECDr8Z-A==/split_config.en.apk", zip file "/data/app/com.google.android.gm-KGBaEZn-hWvcpbECDr8Z-A==/split_config.xhdpi.apk"],nativeLibraryDirectories=[/data/app/com.google.android.gm-KGBaEZn-hWvcpbECDr8Z-A==/lib/arm64, /data/app/com.google.android.gm-KGBaEZn-hWvcpbECDr8Z-A==/base.apk!/lib/arm64-v8a, /data/app/com.google.android.gm-KGBaEZn-hWvcpbECDr8Z-A==/split_config.arm64_v8a.apk!/lib/arm64-v8a, /data/app/com.google.android.gm-KGBaEZn-hWvcpbECDr8Z-A==/split_config.en.apk!/lib/arm64-v8a, /data/app/com.google.android.gm-KGBaEZn-hWvcpbECDr8Z-A==/split_config.xhdpi.apk!/lib/arm64-v8a, /system/lib64, /vendor/lib64]]
01-08 12:58:26.067 24752 24752 I zygote64: at java.lang.Class dalvik.system.BaseDexClassLoader.findClass(java.lang.String) (BaseDexClassLoader.java:125)
01-08 12:58:26.067 24752 24752 I zygote64: at java.lang.Class java.lang.ClassLoader.loadClass(java.lang.String, boolean) (ClassLoader.java:379)
01-08 12:58:26.067 24752 24752 I zygote64: at java.lang.Class java.lang.ClassLoader.loadClass(java.lang.String) (ClassLoader.java:312)
01-08 12:58:26.067 24752 24752 I zygote64: at void gpc.(gpa) (PG:26)
01-08 12:58:26.067 24752 24752 I zygote64: at gpc gpa.a() (PG:3)
01-08 12:58:26.067 24752 24752 I zygote64: at gpc addn.a() (PG:78)
01-08 12:58:26.067 24752 24752 I zygote64: at grv grv.o(android.content.Context) (PG:21)
01-08 12:58:26.067 24752 24752 I zygote64: at void qgf.onCreate() (PG:968)
01-08 12:58:26.067 24752 24752 I zygote64: at void qgd.onCreate() (PG:138)
01-08 12:58:26.067 24752 24752 I zygote64: at void com.google.android.apps.gmail.application.tiktok.Hub_Application.onCreate() (PG:59)
01-08 12:58:26.067 24752 24752 I zygote64: at void android.app.Instrumentation.callApplicationOnCreate(android.app.Application) (Instrumentation.java:1119)
01-08 12:58:26.068 24752 24752 I zygote64: at void android.app.ActivityThread.handleBindApplication(android.app.ActivityThread$AppBindData) (ActivityThread.java:5740)
01-08 12:58:26.068 24752 24752 I zygote64: at void android.app.ActivityThread.-wrap1(android.app.ActivityThread, android.app.ActivityThread$AppBindData) (ActivityThread.java:-1)
01-08 12:58:26.068 24752 24752 I zygote64: at void android.app.ActivityThread$H.handleMessage(android.os.Message) (ActivityThread.java:1656)
01-08 12:58:26.068 24752 24752 I zygote64: at void android.os.Handler.dispatchMessage(android.os.Message) (Handler.java:106)
01-08 12:58:26.068 24752 24752 I zygote64: at void android.os.Looper.loop() (Looper.java:164)
01-08 12:58:26.068 24752 24752 I zygote64: at void android.app.ActivityThread.main(java.lang.String[]) (ActivityThread.java:6494)
01-08 12:58:26.068 24752 24752 I zygote64: at java.lang.Object java.lang.reflect.Method.invoke(java.lang.Object, java.lang.Object[]) (Method.java:-2)
01-08 12:58:26.068 24752 24752 I zygote64: at void com.android.internal.os.RuntimeInit$MethodAndArgsCaller.run() (RuntimeInit.java:438)
01-08 12:58:26.068 24752 24752 I zygote64: at void com.android.internal.os.ZygoteInit.main(java.lang.String[]) (ZygoteInit.java:807)
01-08 12:58:26.068 24752 24752 I zygote64:
01-08 12:58:26.068 24752 24752 I zygote64: Rejecting re-init on previously-failed class java.lang.Class: java.lang.NoClassDefFoundError: Failed resolution of: Landroid/webkit/WebViewRenderProcessClient;
01-08 12:58:26.068 24752 24752 I zygote64: at void gpc.(gpa) (PG:26)
01-08 12:58:26.068 24752 24752 I zygote64: at gpc gpa.a() (PG:3)
01-08 12:58:26.068 24752 24752 I zygote64: at gpc addn.a() (PG:78)
01-08 12:58:26.068 24752 24752 I zygote64: at grv grv.o(android.content.Context) (PG:21)
01-08 12:58:26.068 24752 24752 I zygote64: at void qgf.onCreate() (PG:968)
01-08 12:58:26.068 24752 24752 I zygote64: at void qgd.onCreate() (PG:138)
01-08 12:58:26.068 24752 24752 I zygote64: at void com.google.android.apps.gmail.application.tiktok.Hub_Application.onCreate() (PG:59)
01-08 12:58:26.068 24752 24752 I zygote64: at void android.app.Instrumentation.callApplicationOnCreate(android.app.Application) (Instrumentation.java:1119)
01-08 12:58:26.068 24752 24752 I zygote64: at void android.app.ActivityThread.handleBindApplication(android.app.ActivityThread$AppBindData) (ActivityThread.java:5740)
01-08 12:58:26.068 24752 24752 I zygote64: at void android.app.ActivityThread.-wrap1(android.app.ActivityThread, android.app.ActivityThread$AppBindData) (ActivityThread.java:-1)
01-08 12:58:26.068 24752 24752 I zygote64: at void android.app.ActivityThread$H.handleMessage(android.os.Message) (ActivityThread.java:1656)
01-08 12:58:26.068 24752 24752 I zygote64: at void android.os.Handler.dispatchMessage(android.os.Message) (Handler.java:106)
01-08 12:58:26.068 24752 24752 I zygote64: at void android.os.Looper.loop() (Looper.java:164)
01-08 12:58:26.068 24752 24752 I zygote64: at void android.app.ActivityThread.main(java.lang.String[]) (ActivityThread.java:6494)
01-08 12:58:26.068 24752 24752 I zygote64: at java.lang.Object java.lang.reflect.Method.invoke(java.lang.Object, java.lang.Object[]) (Method.java:-2)
01-08 12:58:26.068 24752 24752 I zygote64: at void com.android.internal.os.RuntimeInit$MethodAndArgsCaller.run() (RuntimeInit.java:438)
01-08 12:58:26.068 24752 24752 I zygote64: at void com.android.internal.os.ZygoteInit.main(java.lang.String[]) (ZygoteInit.java:807)
01-08 12:58:26.068 24752 24752 I zygote64: Caused by: java.lang.ClassNotFoundException: Didn't find class "android.webkit.WebViewRenderProcessClient" on path: DexPathList[[zip file "/data/app/com.google.android.gm-KGBaEZn-hWvcpbECDr8Z-A==/base.apk", zip file "/data/app/com.google.android.gm-KGBaEZn-hWvcpbECDr8Z-A==/split_config.arm64_v8a.apk", zip file "/data/app/com.google.android.gm-KGBaEZn-hWvcpbECDr8Z-A==/split_config.en.apk", zip file "/data/app/com.google.android.gm-KGBaEZn-hWvcpbECDr8Z-A==/split_config.xhdpi.apk"],nativeLibraryDirectories=[/data/app/com.google.android.gm-KGBaEZn-hWvcpbECDr8Z-A==/lib/arm64, /data/app/com.google.android.gm-KGBaEZn-hWvcpbECDr8Z-A==/base.apk!/lib/arm64-v8a, /data/app/com.google.android.gm-KGBaEZn-hWvcpbECDr8Z-A==/split_config.arm64_v8a.apk!/lib/arm64-v8a, /data/app/com.google.android.gm-KGBaEZn-hWvcpbECDr8Z-A==/split_config.en.apk!/lib/arm64-v8a, /data/app/com.google.android.gm-KGBaEZn-hWvcpbECDr8Z-A==/split_config.xhdpi.apk!/lib/arm64-v8a, /system/lib64, /vendor/lib64]]
01-08 12:58:26.068 24752 24752 I zygote64: at java.lang.Class dalvik.system.BaseDexClassLoader.findClass(java.lang.String) (BaseDexClassLoader.java:125)
01-08 12:58:26.068 24752 24752 I zygote64: at java.lang.Class java.lang.ClassLoader.loadClass(java.lang.String, boolean) (ClassLoader.java:379)
01-08 12:58:26.068 24752 24752 I zygote64: at java.lang.Class java.lang.ClassLoader.loadClass(java.lang.String) (ClassLoader.java:312)
01-08 12:58:26.068 24752 24752 I zygote64: at void gpc.(gpa) (PG:26)
01-08 12:58:26.068 24752 24752 I zygote64: at gpc gpa.a() (PG:3)
01-08 12:58:26.068 24752 24752 I zygote64: at gpc addn.a() (PG:78)
01-08 12:58:26.068 24752 24752 I zygote64: at grv grv.o(android.content.Context) (PG:21)
01-08 12:58:26.068 24752 24752 I zygote64: at void qgf.onCreate() (PG:968)
01-08 12:58:26.068 24752 24752 I zygote64: at void qgd.onCreate() (PG:138)
01-08 12:58:26.068 24752 24752 I zygote64: at void com.google.android.apps.gmail.application.tiktok.Hub_Application.onCreate() (PG:59)
01-08 12:58:26.068 24752 24752 I zygote64: at void android.app.Instrumentation.callApplicationOnCreate(android.app.Application) (Instrumentation.java:1119)
01-08 12:58:26.068 24752 24752 I zygote64: at void android.app.ActivityThread.handleBindApplication(android.app.ActivityThread$AppBindData) (ActivityThread.java:5740)
01-08 12:58:26.068 24752 24752 I zygote64: at void android.app.ActivityThread.-wrap1(android.app.ActivityThread, android.app.ActivityThread$AppBindData) (ActivityThread.java:-1)
01-08 12:58:26.068 24752 24752 I zygote64: at void android.app.ActivityThread$H.handleMessage(android.os.Message) (ActivityThread.java:1656)
01-08 12:58:26.068 24752 24752 I zygote64: at void android.os.Handler.dispatchMessage(android.os.Message) (Handler.java:106)
01-08 12:58:26.068 24752 24752 I zygote64: at void android.os.Looper.loop() (Looper.java:164)
01-08 12:58:26.068 24752 24752 I zygote64: at void android.app.ActivityThread.main(java.lang.String[]) (ActivityThread.java:6494)
01-08 12:58:26.068 24752 24752 I zygote64: at java.lang.Object java.lang.reflect.Method.invoke(java.lang.Object, java.lang.Object[]) (Method.java:-2)
01-08 12:58:26.068 24752 24752 I zygote64: at void com.android.internal.os.RuntimeInit$MethodAndArgsCaller.run() (RuntimeInit.java:438)
01-08 12:58:26.068 24752 24752 I zygote64: at void com.android.internal.os.ZygoteInit.main(java.lang.String[]) (ZygoteInit.java:807)
01-08 12:58:26.068 24752 24752 I zygote64:
01-08 12:58:26.068 24752 24752 I zygote64: Rejecting re-init on previously-failed class java.lang.Class: java.lang.NoClassDefFoundError: Failed resolution of: Landroid/webkit/WebViewRenderProcessClient;
01-08 12:58:26.068 24752 24752 I zygote64: at void gpc.(gpa) (PG:26)
01-08 12:58:26.068 24752 24752 I zygote64: at gpc gpa.a() (PG:3)
01-08 12:58:26.069 24752 24752 I zygote64: at gpc addn.a() (PG:78)
01-08 12:58:26.069 24752 24752 I zygote64: at grv grv.o(android.content.Context) (PG:21)
01-08 12:58:26.069 24752 24752 I zygote64: at void qgf.onCreate() (PG:968)
01-08 12:58:26.069 24752 24752 I zygote64: at void qgd.onCreate() (PG:138)
01-08 12:58:26.069 24752 24752 I zygote64: at void com.google.android.apps.gmail.application.tiktok.Hub_Application.onCreate() (PG:59)
01-08 12:58:26.069 24752 24752 I zygote64: at void android.app.Instrumentation.callApplicationOnCreate(android.app.Application) (Instrumentation.java:1119)
01-08 12:58:26.069 24752 24752 I zygote64: at void android.app.ActivityThread.handleBindApplication(android.app.ActivityThread$AppBindData) (ActivityThread.java:5740)
01-08 12:58:26.069 24752 24752 I zygote64: at void android.app.ActivityThread.-wrap1(android.app.ActivityThread, android.app.ActivityThread$AppBindData) (ActivityThread.java:-1)
01-08 12:58:26.069 24752 24752 I zygote64: at void android.app.ActivityThread$H.handleMessage(android.os.Message) (ActivityThread.java:1656)
01-08 12:58:26.069 24752 24752 I zygote64: at void android.os.Handler.dispatchMessage(android.os.Message) (Handler.java:106)
01-08 12:58:26.069 24752 24752 I zygote64: at void android.os.Looper.loop() (Looper.java:164)
01-08 12:58:26.069 24752 24752 I zygote64: at void android.app.ActivityThread.main(java.lang.String[]) (ActivityThread.java:6494)
01-08 12:58:26.069 24752 24752 I zygote64: at java.lang.Object java.lang.reflect.Method.invoke(java.lang.Object, java.lang.Object[]) (Method.java:-2)
01-08 12:58:26.069 24752 24752 I zygote64: at void com.android.internal.os.RuntimeInit$MethodAndArgsCaller.run() (RuntimeInit.java:438)
01-08 12:58:26.069 24752 24752 I zygote64: at void com.android.internal.os.ZygoteInit.main(java.lang.String[]) (ZygoteInit.java:807)
01-08 12:58:26.069 24752 24752 I zygote64: Caused by: java.lang.ClassNotFoundException: Didn't find class "android.webkit.WebViewRenderProcessClient" on path: DexPathList[[zip file "/data/app/com.google.android.gm-KGBaEZn-hWvcpbECDr8Z-A==/base.apk", zip file "/data/app/com.google.android.gm-KGBaEZn-hWvcpbECDr8Z-A==/split_config.arm64_v8a.apk", zip file "/data/app/com.google.android.gm-KGBaEZn-hWvcpbECDr8Z-A==/split_config.en.apk", zip file "/data/app/com.google.android.gm-KGBaEZn-hWvcpbECDr8Z-A==/split_config.xhdpi.apk"],nativeLibraryDirectories=[/data/app/com.google.android.gm-KGBaEZn-hWvcpbECDr8Z-A==/lib/arm64, /data/app/com.google.android.gm-KGBaEZn-hWvcpbECDr8Z-A==/base.apk!/lib/arm64-v8a, /data/app/com.google.android.gm-KGBaEZn-hWvcpbECDr8Z-A==/split_config.arm64_v8a.apk!/lib/arm64-v8a, /data/app/com.google.android.gm-KGBaEZn-hWvcpbECDr8Z-A==/split_config.en.apk!/lib/arm64-v8a, /data/app/com.google.android.gm-KGBaEZn-hWvcpbECDr8Z-A==/split_config.xhdpi.apk!/lib/arm64-v8a, /system/lib64, /vendor/lib64]]
01-08 12:58:26.069 24752 24752 I zygote64: at java.lang.Class dalvik.system.BaseDexClassLoader.findClass(java.lang.String) (BaseDexClassLoader.java:125)
01-08 12:58:26.069 24752 24752 I zygote64: at java.lang.Class java.lang.ClassLoader.loadClass(java.lang.String, boolean) (ClassLoader.java:379)
01-08 12:58:26.069 24752 24752 I zygote64: at java.lang.Class java.lang.ClassLoader.loadClass(java.lang.String) (ClassLoader.java:312)
01-08 12:58:26.069 24752 24752 I zygote64: at void gpc.(gpa) (PG:26)
01-08 12:58:26.069 24752 24752 I zygote64: at gpc gpa.a() (PG:3)
01-08 12:58:26.069 24752 24752 I zygote64: at gpc addn.a() (PG:78)
01-08 12:58:26.069 24752 24752 I zygote64: at grv grv.o(android.content.Context) (PG:21)
01-08 12:58:26.069 24752 24752 I zygote64: at void qgf.onCreate() (PG:968)
01-08 12:58:26.069 24752 24752 I zygote64: at void qgd.onCreate() (PG:138)
01-08 12:58:26.069 24752 24752 I zygote64: at void com.google.android.apps.gmail.application.tiktok.Hub_Application.onCreate() (PG:59)
01-08 12:58:26.069 24752 24752 I zygote64: at void android.app.Instrumentation.callApplicationOnCreate(android.app.Application) (Instrumentation.java:1119)
01-08 12:58:26.069 24752 24752 I zygote64: at void android.app.ActivityThread.handleBindApplication(android.app.ActivityThread$AppBindData) (ActivityThread.java:5740)
01-08 12:58:26.069 24752 24752 I zygote64: at void android.app.ActivityThread.-wrap1(android.app.ActivityThread, android.app.ActivityThread$AppBindData) (ActivityThread.java:-1)
01-08 12:58:26.069 24752 24752 I zygote64: at void android.app.ActivityThread$H.handleMessage(android.os.Message) (ActivityThread.java:1656)
01-08 12:58:26.069 24752 24752 I zygote64: at void android.os.Handler.dispatchMessage(android.os.Message) (Handler.java:106)
01-08 12:58:26.069 24752 24752 I zygote64: at void android.os.Looper.loop() (Looper.java:164)
01-08 12:58:26.069 24752 24752 I zygote64: at void android.app.ActivityThread.main(java.lang.String[]) (ActivityThread.java:6494)
01-08 12:58:26.069 24752 24752 I zygote64: at java.lang.Object java.lang.reflect.Method.invoke(java.lang.Object, java.lang.Object[]) (Method.java:-2)
01-08 12:58:26.069 24752 24752 I zygote64: at void com.android.internal.os.RuntimeInit$MethodAndArgsCaller.run() (RuntimeInit.java:438)
01-08 12:58:26.069 24752 24752 I zygote64: at void com.android.internal.os.ZygoteInit.main(java.lang.String[]) (ZygoteInit.java:807)
01-08 12:58:26.069 24752 24752 I zygote64:
01-08 12:58:26.101 24770 24895 W ResourceType: For resource 0x7f150575, entry index(1397) is beyond type entryCount(381)
01-08 12:58:26.101 24770 24895 W ResourceType: For resource 0x7f150539, entry index(1337) is beyond type entryCount(381)
01-08 12:58:26.101 24770 24895 W ResourceType: For resource 0x7f1504f3, entry index(1267) is beyond type entryCount(381)
01-08 12:58:26.104 24770 24895 W ResourceType: For resource 0x7f15058b, entry index(1419) is beyond type entryCount(381)
01-08 12:58:26.104 24770 24895 W ResourceType: For resource 0x7f150542, entry index(1346) is beyond type entryCount(381)
01-08 12:58:26.104 24770 24895 W ResourceType: For resource 0x7f1504f2, entry index(1266) is beyond type entryCount(381)
01-08 12:58:26.104 24770 24895 W ResourceType: For resource 0x7f150598, entry index(1432) is beyond type entryCount(381)
01-08 12:58:26.104 24770 24895 W ResourceType: For resource 0x7f150545, entry index(1349) is beyond type entryCount(381)
01-08 12:58:26.161 20640 20895 I Finsky : [1777] aawo.a(15): SCH: no pending jobs to schedule.
01-08 12:58:26.163 20640 24722 I Finsky : [1932] aayi.a(26): SCH: job service finished with id 9597.
01-08 12:58:26.164 13834 13971 I FontLog : (REDACTED) Received query %s, URI %s
01-08 12:58:26.164 13834 13971 I FontLog : (REDACTED) Query [%s] resolved to %s
01-08 12:58:26.176 13834 13971 I FontLog : (REDACTED) Fetch %s end status %s
01-08 12:58:26.185 13834 14639 I FontLog : (REDACTED) Pulling font file for id = %d, cache size = %d
01-08 12:58:26.211 13834 13846 I FontLog : (REDACTED) Pulling font file for id = %d, cache size = %d
01-08 12:58:26.290 941 1582 D BackupManagerService: agentConnected pkg=com.google.android.apps.wallpaper agent=android.os.BinderProxy@851618
01-08 12:58:26.290 941 1442 I BackupManagerService: got agent android.app.IBackupAgent$Stub$Proxy@3f5e871
01-08 12:58:26.290 941 1442 D PerformBackupTask: invokeAgentForBackup on com.google.android.apps.wallpaper
01-08 12:58:26.381 13834 21200 I FontLog : (REDACTED) Received query %s, URI %s
01-08 12:58:26.381 13834 21200 I FontLog : (REDACTED) Query [%s] resolved to %s
01-08 12:58:26.382 13834 21200 I FontLog : (REDACTED) Font PFD returned from cache for %s
01-08 12:58:26.382 13834 21200 I FontLog : (REDACTED) Fetch %s end status %s
01-08 12:58:26.483 24785 24959 W FontsContract: Remote font fetch timed out: com.google.android.gms.fonts/Google Sans:500
01-08 12:58:26.483 24785 24959 W ResourceType: For resource 0x7f150587, entry index(1415) is beyond type entryCount(380)
01-08 12:58:26.483 24785 24959 W ResourceType: For resource 0x7f15054b, entry index(1355) is beyond type entryCount(380)
01-08 12:58:26.483 24785 24959 W ResourceType: For resource 0x7f150504, entry index(1284) is beyond type entryCount(380)
01-08 12:58:26.484 24785 24959 W ResourceType: For resource 0x7f15059d, entry index(1437) is beyond type entryCount(380)
01-08 12:58:26.484 24785 24959 W ResourceType: For resource 0x7f150554, entry index(1364) is beyond type entryCount(380)
01-08 12:58:26.484 24785 24959 W ResourceType: For resource 0x7f150503, entry index(1283) is beyond type entryCount(380)
01-08 12:58:26.484 24785 24959 W ResourceType: For resource 0x7f1505aa, entry index(1450) is beyond type entryCount(380)
01-08 12:58:26.484 24785 24959 W ResourceType: For resource 0x7f150557, entry index(1367) is beyond type entryCount(380)
01-08 12:58:26.500 24785 24800 W a : (Possibly expected) - Error changing state for [com.google.android.apps.docs.common.storagebackend.StorageBackendContentProvider, com.google.android.apps.docs.drive.directsharing.ChooserTargetService, com.google.android.apps.docs.common.shareitem.UploadMenuActivity, com.google.android.apps.viewer.PdfViewerActivity, com.google.android.apps.viewer.ProjectorActivity, com.google.android.apps.docs.drive.filepicker.GetMetadataActivity, com.google.android.apps.docs.drive.capture.DocScannerActivity, com.google.android.apps.docs.shortcut.ScanToDriveActivity, com.google.android.apps.docs.androidshortcuts.ScanToDriveActivity, com.google.android.apps.docs.androidshortcuts.CreateShortcutActivity, com.google.android.apps.docs.androidshortcuts.CreateDocumentScanShortcutActivity, com.google.android.apps.docs.common.androidshortcuts.ScanToDriveActivity, com.google.android.apps.docs.common.androidshortcuts.CreateShortcutActivity, com.google.android.apps.docs.common.androidshortcuts.CreateDocumentScanShortcutActivity, com.google.android.apps.docs.drive.widget.WidgetConfigureActivity, com.google.android.apps.docs.drive.widget.CakemixAppWidgetProvider, com.google.android.apps.docs.editors.kix.conversion.KixOnlineImportActivity, com.google.android.apps.docs.editors.punch.conversion.PunchOnlineImportActivity]
01-08 12:58:26.553 25065 25076 D BackupHelperDispatcher: handling existing helper 'persistent_backup_agent_helper_prefs' android.app.backup.SharedPreferencesBackupHelper@9c4cfb3
01-08 12:58:26.577 12852 12877 I MdiSyncModule: (REDACTED) Receiving API connection from package '%s'...
01-08 12:58:26.582 941 1442 I BackupRestoreController: Getting widget state for user: 0
01-08 12:58:26.585 12852 12877 I MdiSyncModule: API connection successful!
01-08 12:58:26.592 13834 13856 I FontLog : (REDACTED) Received query %s, URI %s
01-08 12:58:26.602 13834 13847 I FontLog : (REDACTED) Pulling font file for id = %d, cache size = %d
01-08 12:58:26.609 13834 21200 I Backup : [CryptoEnableCheck] Should not encrypt backups: unsupported by SDK.
01-08 12:58:26.639 13834 13856 I FontLog : (REDACTED) Query [%s] resolved to %s
01-08 12:58:26.697 13834 21200 I Backup : [CryptoEnableCheck] Should not encrypt backups: unsupported by SDK.
01-08 12:58:26.716 13834 21200 I Backup : [CryptoEnableCheck] Should not encrypt backups: unsupported by SDK.
01-08 12:58:26.716 13834 21200 I Backup : [GmsBackupTransport] Performing unencrypted kv backup: com.google.android.apps.wallpaper
01-08 12:58:26.716 13834 21200 I Backup : [GmsBackupTransport] Starting new backup session
01-08 12:58:26.716 13834 21200 I Backup : [GmsBackupTransport] performBackup done for com.google.android.apps.wallpaper
01-08 12:58:26.725 13834 13856 I FontLog : (REDACTED) Fetch %s end status %s
01-08 12:58:26.770 12852 12852 D BoundBrokerSvc: onBind: Intent { act=com.google.android.gms.common.BIND_SHARED_PREFS pkg=com.google.android.gms }
01-08 12:58:26.770 12852 12852 D BoundBrokerSvc: Loading bound service for intent: Intent { act=com.google.android.gms.common.BIND_SHARED_PREFS pkg=com.google.android.gms }
01-08 12:58:26.786 12852 12852 D BoundBrokerSvc: onUnbind: Intent { act=com.google.android.gms.common.BIND_SHARED_PREFS pkg=com.google.android.gms }
01-08 12:58:26.794 13834 13845 I zygote64: Background concurrent copying GC freed 157828(7MB) AllocSpace objects, 20(712KB) LOS objects, 50% free, 15MB/30MB, paused 63us total 284.140ms
01-08 12:58:26.805 13834 21202 I FontLog : (REDACTED) Pulling font file for id = %d, cache size = %d
01-08 12:58:26.829 12852 12852 D BoundBrokerSvc: onBind: Intent { act=com.google.android.gms.common.BIND_SHARED_PREFS pkg=com.google.android.gms }
01-08 12:58:26.829 12852 12852 D BoundBrokerSvc: Loading bound service for intent: Intent { act=com.google.android.gms.common.BIND_SHARED_PREFS pkg=com.google.android.gms }
01-08 12:58:26.851 12852 12852 D BoundBrokerSvc: onUnbind: Intent { act=com.google.android.gms.common.BIND_SHARED_PREFS pkg=com.google.android.gms }
01-08 12:58:26.867 13834 13879 I FontLog : (REDACTED) Pulling font file for id = %d, cache size = %d
01-08 12:58:26.891 13834 21200 W Conscrypt: Could not set socket write timeout: java.net.SocketException: Socket closed
01-08 12:58:26.891 13834 21200 W Conscrypt: at com.google.android.gms.org.conscrypt.Platform.setSocketWriteTimeout(:com.google.android.gms@234914013@23.49.14 (040400-590296185):226)
01-08 12:58:26.891 13834 21200 W Conscrypt: at com.google.android.gms.org.conscrypt.ConscryptFileDescriptorSocket.setSoWriteTimeout(:com.google.android.gms@234914013@23.49.14 (040400-590296185):4)
01-08 12:58:26.940 13834 21200 W Conscrypt: Could not set socket write timeout: java.net.SocketException: Socket closed
01-08 12:58:26.940 13834 21200 W Conscrypt: at com.google.android.gms.org.conscrypt.Platform.setSocketWriteTimeout(:com.google.android.gms@234914013@23.49.14 (040400-590296185):226)
01-08 12:58:26.940 13834 21200 W Conscrypt: at com.google.android.gms.org.conscrypt.ConscryptFileDescriptorSocket.setSoWriteTimeout(:com.google.android.gms@234914013@23.49.14 (040400-590296185):4)
01-08 12:58:26.989 13834 21313 W ResourceType: ResTable_typeSpec entry count inconsistent: given 117, previously 121
01-08 12:58:26.989 13834 21313 W ResourceType: ResTable_typeSpec entry count inconsistent: given 4235, previously 4266
01-08 12:58:26.989 13834 21313 W ResourceType: ResTable_typeSpec entry count inconsistent: given 5251, previously 5297
01-08 12:58:26.989 13834 21313 W ResourceType: ResTable_typeSpec entry count inconsistent: given 3917, previously 3934
01-08 12:58:26.991 13834 21313 W ResourceType: ResTable_typeSpec entry count inconsistent: given 3935, previously 3934
01-08 12:58:26.992 13834 21313 W ResourceType: ResTable_typeSpec entry count inconsistent: given 505, previously 3667
01-08 12:58:27.020 24770 24775 I zygote64: Do partial code cache collection, code=29KB, data=24KB
01-08 12:58:27.120 24770 24775 I zygote64: After code cache collection, code=25KB, data=23KB
01-08 12:58:27.121 24770 24775 I zygote64: Increasing code cache capacity to 128KB
01-08 12:58:27.133 13834 13938 W ResourceType: ResTable_typeSpec entry count inconsistent: given 71, previously 102
01-08 12:58:27.134 13834 13938 W ResourceType: ResTable_typeSpec entry count inconsistent: given 965, previously 2611
01-08 12:58:27.134 13834 13938 W ResourceType: ResTable_typeSpec entry count inconsistent: given 2289, previously 2295
01-08 12:58:27.134 13834 13938 W ResourceType: ResTable_typeSpec entry count inconsistent: given 381, previously 2965
01-08 12:58:27.361 24752 24971 W zygote64: Verification of android.content.pm.ShortcutInfo dtj.a() took 214.535ms
01-08 12:58:27.586 13834 13938 W ResourceType: ResTable_typeSpec entry count inconsistent: given 74, previously 76
01-08 12:58:27.586 13834 13938 W ResourceType: ResTable_typeSpec entry count inconsistent: given 937, previously 2540
01-08 12:58:27.586 13834 13938 W ResourceType: ResTable_typeSpec entry count inconsistent: given 2192, previously 2221
01-08 12:58:27.586 13834 13938 W ResourceType: ResTable_typeSpec entry count inconsistent: given 380, previously 3027
01-08 12:58:27.612 24752 24940 W zygote64: Verification of void guh.a(android.app.Service, int, android.app.Notification, int) took 129.467ms
01-08 12:58:27.625 24785 25027 I zygote64: Deoptimizing int com.google.common.base.f.d(java.lang.CharSequence, int) due to JIT inline cache
01-08 12:58:27.648 941 29230 W ResourceType: ResTable_typeSpec entry count inconsistent: given 117, previously 121
01-08 12:58:27.648 941 29230 W ResourceType: ResTable_typeSpec entry count inconsistent: given 4235, previously 4266
01-08 12:58:27.648 941 29230 W ResourceType: ResTable_typeSpec entry count inconsistent: given 5251, previously 5297
01-08 12:58:27.648 941 29230 W ResourceType: ResTable_typeSpec entry count inconsistent: given 3917, previously 3934
01-08 12:58:27.648 941 29230 W ResourceType: ResTable_typeSpec entry count inconsistent: given 3935, previously 3934
01-08 12:58:27.648 941 29230 W ResourceType: ResTable_typeSpec entry count inconsistent: given 505, previously 3667
01-08 12:58:27.789 24785 24793 I zygote64: Do partial code cache collection, code=29KB, data=22KB
01-08 12:58:27.854 24770 24819 I zygote64: Waiting for a blocking GC ProfileSaver
01-08 12:58:27.871 13834 21200 I Backup : [BackupHttpRequestUtil] Http Response Code: 200
01-08 12:58:27.885 13834 21200 I Backup : [GmsBackupTransport] Backup finished for com.google.android.apps.wallpaper
01-08 12:58:27.886 941 1442 D PerformBackupTask: starting key/value backup of BackupRequest{pkg=com.google.android.inputmethod.latin}
01-08 12:58:27.886 941 1442 D BackupManagerService: awaiting agent for ApplicationInfo{e7d7f7d com.google.android.inputmethod.latin}
01-08 12:58:27.915 24752 24820 I zygote64: Waiting for a blocking GC ProfileSaver
01-08 12:58:27.921 941 952 D BackupManagerService: agentConnected pkg=com.google.android.inputmethod.latin agent=android.os.BinderProxy@c897ddb
01-08 12:58:27.921 941 1442 I BackupManagerService: got agent android.app.IBackupAgent$Stub$Proxy@d458078
01-08 12:58:27.921 941 1442 D PerformBackupTask: invokeAgentForBackup on com.google.android.inputmethod.latin
01-08 12:58:27.925 24785 24821 I zygote64: Waiting for a blocking GC ProfileSaver
01-08 12:58:27.927 24803 24885 D NetworkSecurityConfig: No Network Security Config specified, using platform default
01-08 12:58:27.933 24770 24775 I zygote64: Do partial code cache collection, code=35KB, data=26KB
01-08 12:58:27.951 1065 13226 I PhenotypeModule: PhenotypeModule.maybeFetchAndUpdate():216 maybeFetchAndUpdate: start new task to fetch
01-08 12:58:27.968 24785 24793 I zygote64: After code cache collection, code=19KB, data=19KB
01-08 12:58:27.968 24785 24793 I zygote64: Increasing code cache capacity to 128KB
01-08 12:58:27.982 24770 24775 I zygote64: After code cache collection, code=35KB, data=26KB
01-08 12:58:27.982 24770 24775 I zygote64: Increasing code cache capacity to 256KB
01-08 12:58:27.992 24770 24889 I zygote64: Deoptimizing java.util.Set aejd.b() due to JIT inline cache
01-08 12:58:28.007 24752 24820 I zygote64: WaitForGcToComplete blocked ProfileSaver on AddRemoveAppImageSpace for 92.271ms
01-08 12:58:28.018 24854 24968 I zygote64: Rejecting re-init on previously-failed class java.lang.Class: java.lang.NoClassDefFoundError: Failed resolution of: Landroid/graphics/ImageDecoder$OnHeaderDecodedListener;
01-08 12:58:28.018 24854 24968 I zygote64: at void bbh.run() (PG:89)
01-08 12:58:28.018 24854 24968 I zygote64: at void bbx.run() (PG:1)
01-08 12:58:28.018 24854 24968 I zygote64: at void gfk.run() (PG:1)
01-08 12:58:28.019 24854 24968 I zygote64: at void java.util.concurrent.ThreadPoolExecutor.runWorker(java.util.concurrent.ThreadPoolExecutor$Worker) (ThreadPoolExecutor.java:1162)
01-08 12:58:28.019 24854 24968 I zygote64: at void java.util.concurrent.ThreadPoolExecutor$Worker.run() (ThreadPoolExecutor.java:636)
01-08 12:58:28.019 24854 24968 I zygote64: at void dxc.run() (PG:5)
01-08 12:58:28.019 24854 24968 I zygote64: at void java.lang.Thread.run() (Thread.java:764)
01-08 12:58:28.019 24854 24968 I zygote64: at void gfw.run() (PG:5)
01-08 12:58:28.019 24854 24968 I zygote64: Caused by: java.lang.ClassNotFoundException: Didn't find class "android.graphics.ImageDecoder$OnHeaderDecodedListener" on path: DexPathList[[zip file "/data/app/com.google.android.apps.plus-ROSK16ZQGSOxBwdCvo8Z0A==/base.apk"],nativeLibraryDirectories=[/data/app/com.google.android.apps.plus-ROSK16ZQGSOxBwdCvo8Z0A==/lib/arm64, /data/app/com.google.android.apps.plus-ROSK16ZQGSOxBwdCvo8Z0A==/base.apk!/lib/arm64-v8a, /system/lib64, /vendor/lib64]]
01-08 12:58:28.019 24854 24968 I zygote64: at java.lang.Class dalvik.system.BaseDexClassLoader.findClass(java.lang.String) (BaseDexClassLoader.java:125)
01-08 12:58:28.019 24854 24968 I zygote64: at java.lang.Class java.lang.ClassLoader.loadClass(java.lang.String, boolean) (ClassLoader.java:379)
01-08 12:58:28.019 24854 24968 I zygote64: at java.lang.Class java.lang.ClassLoader.loadClass(java.lang.String) (ClassLoader.java:312)
01-08 12:58:28.019 24854 24968 I zygote64: at void bbh.run() (PG:89)
01-08 12:58:28.019 24854 24968 I zygote64: at void bbx.run() (PG:1)
01-08 12:58:28.019 24854 24968 I zygote64: at void gfk.run() (PG:1)
01-08 12:58:28.019 24854 24968 I zygote64: at void java.util.concurrent.ThreadPoolExecutor.runWorker(java.util.concurrent.ThreadPoolExecutor$Worker) (ThreadPoolExecutor.java:1162)
01-08 12:58:28.019 24854 24968 I zygote64: at void java.util.concurrent.ThreadPoolExecutor$Worker.run() (ThreadPoolExecutor.java:636)
01-08 12:58:28.019 24854 24968 I zygote64: at void dxc.run() (PG:5)
01-08 12:58:28.019 24854 24968 I zygote64: at void java.lang.Thread.run() (Thread.java:764)
01-08 12:58:28.019 24854 24968 I zygote64: at void gfw.run() (PG:5)
01-08 12:58:28.019 24854 24968 I zygote64:
01-08 12:58:28.019 24854 24968 I zygote64: Rejecting re-init on previously-failed class java.lang.Class: java.lang.NoClassDefFoundError: Failed resolution of: Landroid/graphics/ImageDecoder$OnHeaderDecodedListener;
01-08 12:58:28.019 24854 24968 I zygote64: at void bbh.run() (PG:89)
01-08 12:58:28.019 24854 24968 I zygote64: at void bbx.run() (PG:1)
01-08 12:58:28.019 24854 24968 I zygote64: at void gfk.run() (PG:1)
01-08 12:58:28.019 24854 24968 I zygote64: at void java.util.concurrent.ThreadPoolExecutor.runWorker(java.util.concurrent.ThreadPoolExecutor$Worker) (ThreadPoolExecutor.java:1162)
01-08 12:58:28.019 24854 24968 I zygote64: at void java.util.concurrent.ThreadPoolExecutor$Worker.run() (ThreadPoolExecutor.java:636)
01-08 12:58:28.019 24854 24968 I zygote64: at void dxc.run() (PG:5)
01-08 12:58:28.019 24854 24968 I zygote64: at void java.lang.Thread.run() (Thread.java:764)
01-08 12:58:28.019 24854 24968 I zygote64: at void gfw.run() (PG:5)
01-08 12:58:28.019 24854 24968 I zygote64: Caused by: java.lang.ClassNotFoundException: Didn't find class "android.graphics.ImageDecoder$OnHeaderDecodedListener" on path: DexPathList[[zip file "/data/app/com.google.android.apps.plus-ROSK16ZQGSOxBwdCvo8Z0A==/base.apk"],nativeLibraryDirectories=[/data/app/com.google.android.apps.plus-ROSK16ZQGSOxBwdCvo8Z0A==/lib/arm64, /data/app/com.google.android.apps.plus-ROSK16ZQGSOxBwdCvo8Z0A==/base.apk!/lib/arm64-v8a, /system/lib64, /vendor/lib64]]
01-08 12:58:28.019 24854 24968 I zygote64: at java.lang.Class dalvik.system.BaseDexClassLoader.findClass(java.lang.String) (BaseDexClassLoader.java:125)
01-08 12:58:28.019 24854 24968 I zygote64: at java.lang.Class java.lang.ClassLoader.loadClass(java.lang.String, boolean) (ClassLoader.java:379)
01-08 12:58:28.019 24854 24968 I zygote64: at java.lang.Class java.lang.ClassLoader.loadClass(java.lang.String) (ClassLoader.java:312)
01-08 12:58:28.019 24854 24968 I zygote64: at void bbh.run() (PG:89)
01-08 12:58:28.019 24854 24968 I zygote64: at void bbx.run() (PG:1)
01-08 12:58:28.019 24854 24968 I zygote64: at void gfk.run() (PG:1)
01-08 12:58:28.019 24854 24968 I zygote64: at void java.util.concurrent.ThreadPoolExecutor.runWorker(java.util.concurrent.ThreadPoolExecutor$Worker) (ThreadPoolExecutor.java:1162)
01-08 12:58:28.019 24854 24968 I zygote64: at void java.util.concurrent.ThreadPoolExecutor$Worker.run() (ThreadPoolExecutor.java:636)
01-08 12:58:28.019 24854 24968 I zygote64: at void dxc.run() (PG:5)
01-08 12:58:28.019 24854 24968 I zygote64: at void java.lang.Thread.run() (Thread.java:764)
01-08 12:58:28.019 24854 24968 I zygote64: at void gfw.run() (PG:5)
01-08 12:58:28.019 24854 24968 I zygote64:
01-08 12:58:28.019 24854 24968 I zygote64: Rejecting re-init on previously-failed class java.lang.Class: java.lang.NoClassDefFoundError: Failed resolution of: Landroid/graphics/ImageDecoder$OnHeaderDecodedListener;
01-08 12:58:28.019 24854 24968 I zygote64: at void bbh.run() (PG:89)
01-08 12:58:28.019 24854 24968 I zygote64: at void bbx.run() (PG:1)
01-08 12:58:28.019 24854 24968 I zygote64: at void gfk.run() (PG:1)
01-08 12:58:28.019 24854 24968 I zygote64: at void java.util.concurrent.ThreadPoolExecutor.runWorker(java.util.concurrent.ThreadPoolExecutor$Worker) (ThreadPoolExecutor.java:1162)
01-08 12:58:28.019 24854 24968 I zygote64: at void java.util.concurrent.ThreadPoolExecutor$Worker.run() (ThreadPoolExecutor.java:636)
01-08 12:58:28.019 24854 24968 I zygote64: at void dxc.run() (PG:5)
01-08 12:58:28.019 24854 24968 I zygote64: at void java.lang.Thread.run() (Thread.java:764)
01-08 12:58:28.019 24854 24968 I zygote64: at void gfw.run() (PG:5)
01-08 12:58:28.019 24854 24968 I zygote64: Caused by: java.lang.ClassNotFoundException: Didn't find class "android.graphics.ImageDecoder$OnHeaderDecodedListener" on path: DexPathList[[zip file "/data/app/com.google.android.apps.plus-ROSK16ZQGSOxBwdCvo8Z0A==/base.apk"],nativeLibraryDirectories=[/data/app/com.google.android.apps.plus-ROSK16ZQGSOxBwdCvo8Z0A==/lib/arm64, /data/app/com.google.android.apps.plus-ROSK16ZQGSOxBwdCvo8Z0A==/base.apk!/lib/arm64-v8a, /system/lib64, /vendor/lib64]]
01-08 12:58:28.019 24854 24968 I zygote64: at java.lang.Class dalvik.system.BaseDexClassLoader.findClass(java.lang.String) (BaseDexClassLoader.java:125)
01-08 12:58:28.019 24854 24968 I zygote64: at java.lang.Class java.lang.ClassLoader.loadClass(java.lang.String, boolean) (ClassLoader.java:379)
01-08 12:58:28.019 24854 24968 I zygote64: at java.lang.Class java.lang.ClassLoader.loadClass(java.lang.String) (ClassLoader.java:312)
01-08 12:58:28.019 24854 24968 I zygote64: at void bbh.run() (PG:89)
01-08 12:58:28.019 24854 24968 I zygote64: at void bbx.run() (PG:1)
01-08 12:58:28.019 24854 24968 I zygote64: at void gfk.run() (PG:1)
01-08 12:58:28.019 24854 24968 I zygote64: at void java.util.concurrent.ThreadPoolExecutor.runWorker(java.util.concurrent.ThreadPoolExecutor$Worker) (ThreadPoolExecutor.java:1162)
01-08 12:58:28.019 24854 24968 I zygote64: at void java.util.concurrent.ThreadPoolExecutor$Worker.run() (ThreadPoolExecutor.java:636)
01-08 12:58:28.019 24854 24968 I zygote64: at void dxc.run() (PG:5)
01-08 12:58:28.019 24854 24968 I zygote64: at void java.lang.Thread.run() (Thread.java:764)
01-08 12:58:28.019 24854 24968 I zygote64: at void gfw.run() (PG:5)
01-08 12:58:28.019 24854 24968 I zygote64:
01-08 12:58:28.035 24770 24819 I zygote64: WaitForGcToComplete blocked ProfileSaver on HeapTrim for 181.166ms
01-08 12:58:28.045 24752 24940 I org.webrtc.Logging: EffectsMiniBenchmarkWorkerFactory: Received worker class com.google.apps.tiktok.contrib.work.TikTokListenableWorker
01-08 12:58:28.184 24803 24853 W DynamiteModule: Local module descriptor class for com.google.android.gms.providerinstaller.dynamite not found.
01-08 12:58:28.206 13834 13855 W ProviderHelper: Unknown dynamite feature providerinstaller.dynamite
01-08 12:58:28.235 24803 24853 W ProviderInstaller: Failed to load providerinstaller module: No acceptable module com.google.android.gms.providerinstaller.dynamite found. Local version is 0 and remote version is 0.
01-08 12:58:28.235 941 954 E memtrack: Couldn't load memtrack module
01-08 12:58:28.235 941 954 W android.os.Debug: failed to get memory consumption info: -1
01-08 12:58:28.252 24785 24955 W zygote64: Verification of void androidx.core.view.ap.a() took 148.946ms
01-08 12:58:28.275 1065 23369 E PhenotypeModule: PhenotypeModule.handlePhenotypeConfigurationUpdates():431 Get empty configurations.
01-08 12:58:28.276 1065 23369 I PhenotypeModule: PhenotypeModule.lambda$fetchAndUpdate$3():275 fetchAndUpdate() : Success, hasFlags=false, fetchStatus=2024-01-08 12:58:27{reason=5, isFullFetch=false, isEmpty=true, registeredFormFactor=tablet_large, fetchedFormFactor=2, success=true, isDelta=false, fetchedFlagsCount=0, deletedFlagsCount=0, totalTime=324}
01-08 12:58:28.282 24803 24853 W ResourceType: ResTable_typeSpec entry count inconsistent: given 84, previously 87
01-08 12:58:28.282 24803 24853 W ResourceType: ResTable_typeSpec entry count inconsistent: given 168, previously 172
01-08 12:58:28.283 24803 24853 W ResourceType: ResTable_typeSpec entry count inconsistent: given 3232, previously 3252
01-08 12:58:28.283 24803 24853 W ResourceType: ResTable_typeSpec entry count inconsistent: given 485, previously 4619
01-08 12:58:28.333 1065 13226 I FileBackupRestoreHelper: FileBackupRestoreHelper.prepareBackupFiles():283 Preparing backup files: providers=[personal_dictionary, user_history x 2, theme, blocklist, clipboard, expression_history]
01-08 12:58:28.413 24803 24853 I zygote64: The ClassLoaderContext is a special shared library.
01-08 12:58:28.451 24803 24853 I zygote64: The ClassLoaderContext is a special shared library.
01-08 12:58:28.456 24785 24821 I zygote64: WaitForGcToComplete blocked ProfileSaver on HeapTrim for 530.758ms
01-08 12:58:28.483 1065 13226 W FileBackupFunction: FileBackupFunction.performBackup():58 The file(segment.db) of provider(mozc) doesn't exist.
01-08 12:58:28.483 1065 13226 I MozcBackupDataProviderModule: MozcBackupDataProviderModule.backupFiles():84 Backed up: segment.db, result=false
01-08 12:58:28.484 1065 13226 I MozcBackupDataProviderModule: MozcBackupDataProviderModule.backupFiles():84 Backed up: cform.db, result=true
01-08 12:58:28.487 1065 13226 I MozcBackupDataProviderModule: MozcBackupDataProviderModule.backupFiles():84 Backed up: .registry.db, result=true
01-08 12:58:28.487 1065 13226 W FileBackupFunction: FileBackupFunction.performBackup():58 The file(boundary.db) of provider(mozc) doesn't exist.
01-08 12:58:28.487 1065 13226 I MozcBackupDataProviderModule: MozcBackupDataProviderModule.backupFiles():84 Backed up: boundary.db, result=false
01-08 12:58:28.500 24752 24944 W zygote64: Verification of void adm.run() took 127.022ms
01-08 12:58:28.512 941 952 I ActivityManager: Killing 24366:com.android.keychain/1000 (adj 906): empty #17
01-08 12:58:28.513 941 957 W zygote64: kill(-24366, 9) failed: No such process
01-08 12:58:28.550 24785 24955 I zygote64: Deoptimizing java.util.Set dagger.internal.j.a() due to JIT inline cache
01-08 12:58:28.557 941 957 W zygote64: kill(-24366, 9) failed: No such process
01-08 12:58:28.566 941 957 W zygote64: kill(-24366, 9) failed: No such process
01-08 12:58:28.566 941 957 I zygote64: Successfully killed process cgroup uid 1000 pid 24366 in 53ms
01-08 12:58:28.574 24770 25112 I Cello : [25112:NonCelloThread] cello.cc:598:operator() got notified of network change to online
01-08 12:58:28.585 1065 13226 D BackupHelperDispatcher: handling existing helper 'ime_files' android.app.backup.FileBackupHelper@c5a537c
01-08 12:58:28.586 1065 13226 D BackupHelperDispatcher: handling existing helper 'persistent_backup_agent_helper_prefs' android.app.backup.SharedPreferencesBackupHelper@5cd8405
01-08 12:58:28.606 24785 25110 I Cello : [25110:NonCelloThread] cello.cc:598:operator() got notified of network change to online
01-08 12:58:28.652 1065 13226 D BackupHelperDispatcher: handling existing helper 'shared_pref' android.app.backup.SharedPreferencesBackupHelper@798ec5a
01-08 12:58:28.683 1065 13226 I BackupAgent: BackupAgent.saveBackupHistoryInfo():386 Save history info: type: KEYVALUE_BACKUP, timestamp: 2024-01-08 12:58:28
01-08 12:58:28.700 941 1442 I BackupRestoreController: Getting widget state for user: 0
01-08 12:58:28.701 13834 21200 I Backup : [CryptoEnableCheck] Should not encrypt backups: unsupported by SDK.
01-08 12:58:28.705 13834 21200 I chatty : uid=10009(com.google.android.gms) Binder:13834_B identical 1 line
01-08 12:58:28.710 13834 21200 I Backup : [CryptoEnableCheck] Should not encrypt backups: unsupported by SDK.
01-08 12:58:28.710 13834 21200 I Backup : [GmsBackupTransport] Performing unencrypted kv backup: com.google.android.inputmethod.latin
01-08 12:58:28.710 13834 21200 I Backup : [GmsBackupTransport] Starting new backup session
01-08 12:58:28.710 13834 21200 I Backup : [GmsBackupTransport] performBackup done for com.google.android.inputmethod.latin
01-08 12:58:28.714 12852 12852 D BoundBrokerSvc: onBind: Intent { act=com.google.android.gms.common.BIND_SHARED_PREFS pkg=com.google.android.gms }
01-08 12:58:28.714 12852 12852 D BoundBrokerSvc: Loading bound service for intent: Intent { act=com.google.android.gms.common.BIND_SHARED_PREFS pkg=com.google.android.gms }
01-08 12:58:28.717 12852 12852 D BoundBrokerSvc: onUnbind: Intent { act=com.google.android.gms.common.BIND_SHARED_PREFS pkg=com.google.android.gms }
01-08 12:58:28.734 12852 12852 D BoundBrokerSvc: onBind: Intent { act=com.google.android.gms.common.BIND_SHARED_PREFS pkg=com.google.android.gms }
01-08 12:58:28.734 12852 12852 D BoundBrokerSvc: Loading bound service for intent: Intent { act=com.google.android.gms.common.BIND_SHARED_PREFS pkg=com.google.android.gms }
01-08 12:58:28.773 12852 12852 D BoundBrokerSvc: onUnbind: Intent { act=com.google.android.gms.common.BIND_SHARED_PREFS pkg=com.google.android.gms }
01-08 12:58:28.803 24770 25125 I Cello : [25125:MetricsTransportThread] metrics_transport.cc:440:ProcessRequestsOnBackgroundThread Metrics failed to send, drive::ds::Status::TEMPORARILY_UNAVAILABLE
01-08 12:58:28.807 24785 25132 I Cello : [25132:MetricsTransportThread] metrics_transport.cc:440:ProcessRequestsOnBackgroundThread Metrics failed to send, drive::ds::Status::TEMPORARILY_UNAVAILABLE
01-08 12:58:28.824 13834 13972 W Conscrypt: Could not set socket write timeout: java.net.SocketException: Socket closed
01-08 12:58:28.825 13834 13972 W Conscrypt: at com.google.android.gms.org.conscrypt.Platform.setSocketWriteTimeout(:com.google.android.gms@234914013@23.49.14 (040400-590296185):226)
01-08 12:58:28.825 13834 13972 W Conscrypt: at com.google.android.gms.org.conscrypt.ConscryptFileDescriptorSocket.setSoWriteTimeout(:com.google.android.gms@234914013@23.49.14 (040400-590296185):4)
