01-08 12:57:51.194 24448 24467 I zygote64: Caused by: java.lang.ClassNotFoundException: Didn't find class "android.graphics.ImageDecoder$OnHeaderDecodedListener" on path: DexPathList[[zip file "/data/app/com.google.android.apps.maps-mk2E90ICIY6PXcNStKzIHQ==/base.apk", zip file "/data/app/com.google.android.apps.maps-mk2E90ICIY6PXcNStKzIHQ==/split_config.arm64_v8a.apk", zip file "/data/app/com.google.android.apps.maps-mk2E90ICIY6PXcNStKzIHQ==/split_config.en.apk", zip file "/data/app/com.google.android.apps.maps-mk2E90ICIY6PXcNStKzIHQ==/split_config.xhdpi.apk"],nativeLibraryDirectories=[/data/app/com.google.android.apps.maps-mk2E90ICIY6PXcNStKzIHQ==/lib/arm64, /data/app/com.google.android.apps.maps-mk2E90ICIY6PXcNStKzIHQ==/base.apk!/lib/arm64-v8a, /data/app/com.google.android.apps.maps-mk2E90ICIY6PXcNStKzIHQ==/split_config.arm64_v8a.apk!/lib/arm64-v8a, /data/app/com.google.android.apps.maps-mk2E90ICIY6PXcNStKzIHQ==/split_config.en.apk!/lib/arm64-v8a, /data/app/com.google.android.apps.maps-mk2E90ICIY6PXcNStKzIHQ==/split_config.xhdpi.apk!/lib/arm64-v8a,
01-08 12:57:51.194 24448 24467 I zygote64: at java.lang.Class dalvik.system.BaseDexClassLoader.findClass(java.lang.String) (BaseDexClassLoader.java:125)
01-08 12:57:51.194 24448 24467 I zygote64: at java.lang.Class java.lang.ClassLoader.loadClass(java.lang.String, boolean) (ClassLoader.java:379)
01-08 12:57:51.194 24448 24467 I zygote64: at java.lang.Class java.lang.ClassLoader.loadClass(java.lang.String) (ClassLoader.java:312)
01-08 12:57:51.194 24448 24467 I zygote64: at void hou.(hot) (PG:1)
01-08 12:57:51.194 24448 24467 I zygote64: at hdf hdf.b(android.content.Context) (PG:39)
01-08 12:57:51.194 24448 24467 I zygote64: at hdy hdf.e(android.content.Context) (PG:2)
01-08 12:57:51.194 24448 24467 I zygote64: at hdy aydz.o(android.content.Context) (PG:2)
01-08 12:57:51.194 24448 24467 I zygote64: at java.lang.Object jvu.j() (PG:-1)
01-08 12:57:51.194 24448 24467 I zygote64: at java.lang.Object jvu.b() (PG:2)
01-08 12:57:51.194 24448 24467 I zygote64: at java.lang.Object bwuk.b() (PG:1)
01-08 12:57:51.194 24448 24467 I zygote64: at void baxm.run() (PG:29)
01-08 12:57:51.194 24448 24467 I zygote64: at java.lang.Object java.util.concurrent.Executors$RunnableAdapter.call() (Executors.java:457)
01-08 12:57:51.194 24448 24467 I zygote64: at void ansa.run() (PG:2)
01-08 12:57:51.194 24448 24467 I zygote64: at void java.util.concurrent.ThreadPoolExecutor.runWorker(java.util.concurrent.ThreadPoolExecutor$Worker) (ThreadPoolExecutor.java:1162)
01-08 12:57:51.194 24448 24467 I zygote64: at void java.util.concurrent.ThreadPoolExecutor$Worker.run() (ThreadPoolExecutor.java:636)
01-08 12:57:51.194 24448 24467 I zygote64: at void anrn.run() (PG:67)
01-08 12:57:51.194 24448 24467 I zygote64: at void java.lang.Thread.run() (Thread.java:764)
01-08 12:57:51.194 24448 24467 I zygote64:
01-08 12:57:51.195 24448 24467 I zygote64: Rejecting re-init on previously-failed class java.lang.Class: java.lang.NoClassDefFoundError: Failed resolution of: Landroid/graphics/ImageDecoder$OnHeaderDecodedListener;
01-08 12:57:51.195 24448 24467 I zygote64: at void hou.(hot) (PG:1)
01-08 12:57:51.195 24448 24467 I zygote64: at hdf hdf.b(android.content.Context) (PG:39)
01-08 12:57:51.195 24448 24467 I zygote64: at hdy hdf.e(android.content.Context) (PG:2)
01-08 12:57:51.195 24448 24467 I zygote64: at hdy aydz.o(android.content.Context) (PG:2)
01-08 12:57:51.195 24448 24467 I zygote64: at java.lang.Object jvu.j() (PG:-1)
01-08 12:57:51.195 24448 24467 I zygote64: at java.lang.Object jvu.b() (PG:2)
01-08 12:57:51.195 24448 24467 I zygote64: at java.lang.Object bwuk.b() (PG:1)
01-08 12:57:51.195 24448 24467 I zygote64: at void baxm.run() (PG:29)
01-08 12:57:51.195 24448 24467 I zygote64: at java.lang.Object java.util.concurrent.Executors$RunnableAdapter.call() (Executors.java:457)
01-08 12:57:51.195 24448 24467 I zygote64: at void ansa.run() (PG:2)
01-08 12:57:51.195 24448 24467 I zygote64: at void java.util.concurrent.ThreadPoolExecutor.runWorker(java.util.concurrent.ThreadPoolExecutor$Worker) (ThreadPoolExecutor.java:1162)
01-08 12:57:51.195 24448 24467 I zygote64: at void java.util.concurrent.ThreadPoolExecutor$Worker.run() (ThreadPoolExecutor.java:636)
01-08 12:57:51.195 24448 24467 I zygote64: at void anrn.run() (PG:67)
01-08 12:57:51.195 24448 24467 I zygote64: at void java.lang.Thread.run() (Thread.java:764)
01-08 12:57:51.195 24448 24467 I zygote64: Caused by: java.lang.ClassNotFoundException: Didn't find class "android.graphics.ImageDecoder$OnHeaderDecodedListener" on path: DexPathList[[zip file "/data/app/com.google.android.apps.maps-mk2E90ICIY6PXcNStKzIHQ==/base.apk", zip file "/data/app/com.google.android.apps.maps-mk2E90ICIY6PXcNStKzIHQ==/split_config.arm64_v8a.apk", zip file "/data/app/com.google.android.apps.maps-mk2E90ICIY6PXcNStKzIHQ==/split_config.en.apk", zip file "/data/app/com.google.android.apps.maps-mk2E90ICIY6PXcNStKzIHQ==/split_config.xhdpi.apk"],nativeLibraryDirectories=[/data/app/com.google.android.apps.maps-mk2E90ICIY6PXcNStKzIHQ==/lib/arm64, /data/app/com.google.android.apps.maps-mk2E90ICIY6PXcNStKzIHQ==/base.apk!/lib/arm64-v8a, /data/app/com.google.android.apps.maps-mk2E90ICIY6PXcNStKzIHQ==/split_config.arm64_v8a.apk!/lib/arm64-v8a, /data/app/com.google.android.apps.maps-mk2E90ICIY6PXcNStKzIHQ==/split_config.en.apk!/lib/arm64-v8a, /data/app/com.google.android.apps.maps-mk2E90ICIY6PXcNStKzIHQ==/split_config.xhdpi.apk!/lib/arm64-v8a,
01-08 12:57:51.195 24448 24467 I zygote64: at java.lang.Class dalvik.system.BaseDexClassLoader.findClass(java.lang.String) (BaseDexClassLoader.java:125)
01-08 12:57:51.195 24448 24467 I zygote64: at java.lang.Class java.lang.ClassLoader.loadClass(java.lang.String, boolean) (ClassLoader.java:379)
01-08 12:57:51.195 24448 24467 I zygote64: at java.lang.Class java.lang.ClassLoader.loadClass(java.lang.String) (ClassLoader.java:312)
01-08 12:57:51.195 24448 24467 I zygote64: at void hou.(hot) (PG:1)
01-08 12:57:51.195 24448 24467 I zygote64: at hdf hdf.b(android.content.Context) (PG:39)
01-08 12:57:51.195 24448 24467 I zygote64: at hdy hdf.e(android.content.Context) (PG:2)
01-08 12:57:51.195 24448 24467 I zygote64: at hdy aydz.o(android.content.Context) (PG:2)
01-08 12:57:51.195 24448 24467 I zygote64: at java.lang.Object jvu.j() (PG:-1)
01-08 12:57:51.195 24448 24467 I zygote64: at java.lang.Object jvu.b() (PG:2)
01-08 12:57:51.195 24448 24467 I zygote64: at java.lang.Object bwuk.b() (PG:1)
01-08 12:57:51.195 24448 24467 I zygote64: at void baxm.run() (PG:29)
01-08 12:57:51.195 24448 24467 I zygote64: at java.lang.Object java.util.concurrent.Executors$RunnableAdapter.call() (Executors.java:457)
01-08 12:57:51.195 24448 24467 I zygote64: at void ansa.run() (PG:2)
01-08 12:57:51.195 24448 24467 I zygote64: at void java.util.concurrent.ThreadPoolExecutor.runWorker(java.util.concurrent.ThreadPoolExecutor$Worker) (ThreadPoolExecutor.java:1162)
01-08 12:57:51.195 24448 24467 I zygote64: at void java.util.concurrent.ThreadPoolExecutor$Worker.run() (ThreadPoolExecutor.java:636)
01-08 12:57:51.203 24448 24467 I zygote64: at void anrn.run() (PG:67)
01-08 12:57:51.203 24448 24467 I zygote64: at void java.lang.Thread.run() (Thread.java:764)
01-08 12:57:51.203 24448 24467 I zygote64:
01-08 12:57:51.203 24448 24467 I zygote64: Rejecting re-init on previously-failed class java.lang.Class: java.lang.NoClassDefFoundError: Failed resolution of: Landroid/graphics/ImageDecoder$OnHeaderDecodedListener;
01-08 12:57:51.203 24448 24467 I zygote64: at void hou.(hot) (PG:1)
01-08 12:57:51.203 24448 24467 I zygote64: at hdf hdf.b(android.content.Context) (PG:39)
01-08 12:57:51.203 24448 24467 I zygote64: at hdy hdf.e(android.content.Context) (PG:2)
01-08 12:57:51.203 24448 24467 I zygote64: at hdy aydz.o(android.content.Context) (PG:2)
01-08 12:57:51.203 24448 24467 I zygote64: at java.lang.Object jvu.j() (PG:-1)
01-08 12:57:51.203 24448 24467 I zygote64: at java.lang.Object jvu.b() (PG:2)
01-08 12:57:51.203 24448 24467 I zygote64: at java.lang.Object bwuk.b() (PG:1)
01-08 12:57:51.203 24448 24467 I zygote64: at void baxm.run() (PG:29)
01-08 12:57:51.203 24448 24467 I zygote64: at java.lang.Object java.util.concurrent.Executors$RunnableAdapter.call() (Executors.java:457)
01-08 12:57:51.203 24448 24467 I zygote64: at void ansa.run() (PG:2)
01-08 12:57:51.203 24448 24467 I zygote64: at void java.util.concurrent.ThreadPoolExecutor.runWorker(java.util.concurrent.ThreadPoolExecutor$Worker) (ThreadPoolExecutor.java:1162)
01-08 12:57:51.203 24448 24467 I zygote64: at void java.util.concurrent.ThreadPoolExecutor$Worker.run() (ThreadPoolExecutor.java:636)
01-08 12:57:51.203 24448 24467 I zygote64: at void anrn.run() (PG:67)
01-08 12:57:51.203 24448 24467 I zygote64: at void java.lang.Thread.run() (Thread.java:764)
01-08 12:57:51.203 24448 24467 I zygote64: Caused by: java.lang.ClassNotFoundException: Didn't find class "android.graphics.ImageDecoder$OnHeaderDecodedListener" on path: DexPathList[[zip file "/data/app/com.google.android.apps.maps-mk2E90ICIY6PXcNStKzIHQ==/base.apk", zip file "/data/app/com.google.android.apps.maps-mk2E90ICIY6PXcNStKzIHQ==/split_config.arm64_v8a.apk", zip file "/data/app/com.google.android.apps.maps-mk2E90ICIY6PXcNStKzIHQ==/split_config.en.apk", zip file "/data/app/com.google.android.apps.maps-mk2E90ICIY6PXcNStKzIHQ==/split_config.xhdpi.apk"],nativeLibraryDirectories=[/data/app/com.google.android.apps.maps-mk2E90ICIY6PXcNStKzIHQ==/lib/arm64, /data/app/com.google.android.apps.maps-mk2E90ICIY6PXcNStKzIHQ==/base.apk!/lib/arm64-v8a, /data/app/com.google.android.apps.maps-mk2E90ICIY6PXcNStKzIHQ==/split_config.arm64_v8a.apk!/lib/arm64-v8a, /data/app/com.google.android.apps.maps-mk2E90ICIY6PXcNStKzIHQ==/split_config.en.apk!/lib/arm64-v8a, /data/app/com.google.android.apps.maps-mk2E90ICIY6PXcNStKzIHQ==/split_config.xhdpi.apk!/lib/arm64-v8a,
01-08 12:57:51.203 24448 24467 I zygote64: at java.lang.Class dalvik.system.BaseDexClassLoader.findClass(java.lang.String) (BaseDexClassLoader.java:125)
01-08 12:57:51.203 24448 24467 I zygote64: at java.lang.Class java.lang.ClassLoader.loadClass(java.lang.String, boolean) (ClassLoader.java:379)
01-08 12:57:51.203 24448 24467 I zygote64: at java.lang.Class java.lang.ClassLoader.loadClass(java.lang.String) (ClassLoader.java:312)
01-08 12:57:51.203 24448 24467 I zygote64: at void hou.(hot) (PG:1)
01-08 12:57:51.203 24448 24467 I zygote64: at hdf hdf.b(android.content.Context) (PG:39)
01-08 12:57:51.203 24448 24467 I zygote64: at hdy hdf.e(android.content.Context) (PG:2)
01-08 12:57:51.203 24448 24467 I zygote64: at hdy aydz.o(android.content.Context) (PG:2)
01-08 12:57:51.203 24448 24467 I zygote64: at java.lang.Object jvu.j() (PG:-1)
01-08 12:57:51.203 24448 24467 I zygote64: at java.lang.Object jvu.b() (PG:2)
01-08 12:57:51.203 24448 24467 I zygote64: at java.lang.Object bwuk.b() (PG:1)
01-08 12:57:51.203 24448 24467 I zygote64: at void baxm.run() (PG:29)
01-08 12:57:51.203 24448 24467 I zygote64: at java.lang.Object java.util.concurrent.Executors$RunnableAdapter.call() (Executors.java:457)
01-08 12:57:51.203 24448 24467 I zygote64: at void ansa.run() (PG:2)
01-08 12:57:51.203 24448 24467 I zygote64: at void java.util.concurrent.ThreadPoolExecutor.runWorker(java.util.concurrent.ThreadPoolExecutor$Worker) (ThreadPoolExecutor.java:1162)
01-08 12:57:51.203 24448 24467 I zygote64: at void java.util.concurrent.ThreadPoolExecutor$Worker.run() (ThreadPoolExecutor.java:636)
01-08 12:57:51.203 24448 24467 I zygote64: at void anrn.run() (PG:67)
01-08 12:57:51.203 24448 24467 I zygote64: at void java.lang.Thread.run() (Thread.java:764)
01-08 12:57:51.203 24448 24467 I zygote64:
01-08 12:57:51.204 24448 24467 W zygote64: Verification of hih kuk.D(android.graphics.ImageDecoder$Source, int, int, hga) took 107.131ms
01-08 12:57:51.290 24448 24472 W zygote64: Unsupported class loader
01-08 12:57:51.319 941 13817 D ConnectivityService: requestNetwork for uid/pid:10054/24448 NetworkRequest [ TRACK_DEFAULT id=313, [ Capabilities: INTERNET&NOT_RESTRICTED&TRUSTED&NOT_VPN] ]
01-08 12:57:51.320 941 1019 D WIFI : got request NetworkRequest [ TRACK_DEFAULT id=313, [ Capabilities: INTERNET&NOT_RESTRICTED&TRUSTED&NOT_VPN] ] with score 60
01-08 12:57:51.320 941 1019 D WIFI_UT : got request NetworkRequest [ TRACK_DEFAULT id=313, [ Capabilities: INTERNET&NOT_RESTRICTED&TRUSTED&NOT_VPN] ] with score 60
01-08 12:57:51.320 941 1039 D Ethernet: got request NetworkRequest [ TRACK_DEFAULT id=313, [ Capabilities: INTERNET&NOT_RESTRICTED&TRUSTED&NOT_VPN] ] with score 60
01-08 12:57:51.321 1152 1152 D PhoneSwitcherNetworkRequstListener: got request NetworkRequest [ TRACK_DEFAULT id=313, [ Capabilities: INTERNET&NOT_RESTRICTED&TRUSTED&NOT_VPN] ] with score 60
01-08 12:57:51.436 941 1582 I ActivityManager: Start proc 24491:com.google.android.videos/u0a66 for broadcast com.google.android.videos/com.google.android.libraries.social.peoplekit.thirdparty.viewcontrollers.ThirdPartyReceiver
01-08 12:57:51.499 12852 12852 D BoundBrokerSvc: onBind: Intent { act=com.google.android.gms.common.BIND_SHARED_PREFS pkg=com.google.android.gms }
01-08 12:57:51.499 12852 12852 D BoundBrokerSvc: Loading bound service for intent: Intent { act=com.google.android.gms.common.BIND_SHARED_PREFS pkg=com.google.android.gms }
01-08 12:57:51.509 12852 12852 D BoundBrokerSvc: onUnbind: Intent { act=com.google.android.gms.common.BIND_SHARED_PREFS pkg=com.google.android.gms }
01-08 12:57:51.602 13834 22293 E memtrack: Couldn't load memtrack module
01-08 12:57:51.602 13834 22293 W android.os.Debug: failed to get memory consumption info: -1
01-08 12:57:51.639 941 13817 I ActivityManager: Killing 23524:com.google.android.tts/u0a47 (adj 906): empty #17
01-08 12:57:51.639 941 957 W zygote64: kill(-23524, 9) failed: No such process
01-08 12:57:51.646 941 957 I chatty : uid=1000(system) ActivityManager identical 1 line
01-08 12:57:51.664 941 957 W zygote64: kill(-23524, 9) failed: No such process
01-08 12:57:51.664 941 957 I zygote64: Successfully killed process cgroup uid 10047 pid 23524 in 25ms
01-08 12:57:51.738 941 1582 I WifiService: getConnectionInfo uid=10068
01-08 12:57:51.738 941 1583 I WifiService: getConnectionInfo uid=10068
01-08 12:57:51.738 941 21161 I WifiService: getConnectionInfo uid=10068
01-08 12:57:51.738 941 13817 I WifiService: getConnectionInfo uid=10068
01-08 12:57:51.738 941 1787 I WifiService: getConnectionInfo uid=10068
01-08 12:57:51.746 941 21161 D WifiPermissionsUtil: Denied: no location permission
01-08 12:57:51.747 941 21161 D WifiPermissionsUtil: Denied: The current config is not for an open network.
01-08 12:57:51.747 941 1582 D WifiPermissionsUtil: Denied: no location permission
01-08 12:57:51.747 941 1582 D WifiPermissionsUtil: Denied: The current config is not for an open network.
01-08 12:57:51.747 941 1583 D WifiPermissionsUtil: Denied: no location permission
01-08 12:57:51.747 941 1583 D WifiPermissionsUtil: Denied: The current config is not for an open network.
01-08 12:57:51.747 941 13817 D WifiPermissionsUtil: Denied: no location permission
01-08 12:57:51.747 941 13817 D WifiPermissionsUtil: Denied: The current config is not for an open network.
01-08 12:57:51.747 941 1787 D WifiPermissionsUtil: Denied: no location permission
01-08 12:57:51.747 941 1787 D WifiPermissionsUtil: Denied: The current config is not for an open network.
01-08 12:57:51.893 24448 24471 D vndksupport: Loading /vendor/lib64/hw/gralloc.tegra.so from current namespace instead of sphal namespace.
01-08 12:57:51.913 24448 24472 W zygote64: Skipping duplicate class check due to unsupported classloader
01-08 12:57:51.949 24448 24472 W ResourceType: ResTable_typeSpec entry count inconsistent: given 84, previously 87
01-08 12:57:51.949 24448 24472 W ResourceType: ResTable_typeSpec entry count inconsistent: given 168, previously 172
01-08 12:57:51.950 24448 24472 W ResourceType: ResTable_typeSpec entry count inconsistent: given 3232, previously 3252
01-08 12:57:51.950 24448 24472 W ResourceType: ResTable_typeSpec entry count inconsistent: given 485, previously 4619
01-08 12:57:51.955 163 163 W /system/bin/hwservicemanager: getTransport: Cannot find entry android.hardware.configstore@1.0::ISurfaceFlingerConfigs/default in either framework or device manifest.
01-08 12:57:51.968 24448 24471 I zygote64: android::hardware::configstore::V1_0::ISurfaceFlingerConfigs::hasWideColorDisplay retrieved: 0
01-08 12:57:51.986 24448 24472 W zygote64: Unsupported class loader
01-08 12:57:52.039 941 951 I WifiService: getConnectionInfo uid=10068
01-08 12:57:52.039 941 951 D WifiPermissionsUtil: Denied: no location permission
01-08 12:57:52.039 941 951 D WifiPermissionsUtil: Denied: The current config is not for an open network.
01-08 12:57:52.039 941 1585 I WifiService: getConnectionInfo uid=10068
01-08 12:57:52.040 941 1585 D WifiPermissionsUtil: Denied: no location permission
01-08 12:57:52.040 941 1585 D WifiPermissionsUtil: Denied: The current config is not for an open network.
01-08 12:57:52.131 24448 24472 W zygote64: Skipping duplicate class check due to unsupported classloader
01-08 12:57:52.245 24448 24472 W linker : "/data/user_de/0/com.google.android.gms/app_chimera/m/000001ff/n/arm64-v8a/libcronet.119.0.6045.31.so" unused DT entry: type 0x70000001 arg 0x0
01-08 12:57:52.312 24448 24472 I cr_CronetLibraryLoader: Cronet version: 119.0.6045.31, arch: aarch64
01-08 12:57:52.513 24491 24519 W PlayMovies: jrk.run:2 User config found
01-08 12:57:52.513 24491 24519 W PlayMovies:
01-08 12:57:52.513 24491 24519 W PlayMovies: jrk.run:4 Loading user config
01-08 12:57:52.513 24491 24519 W PlayMovies:
01-08 12:57:52.589 24448 24472 I zygote64: Rejecting re-init on previously-failed class java.lang.Class: java.lang.NoClassDefFoundError: Failed resolution of: Landroid/os/PowerManager$OnThermalStatusChangedListener;
01-08 12:57:52.589 24448 24472 I zygote64: at avke jvv.bc() (PG:-1)
01-08 12:57:52.589 24448 24472 I zygote64: at java.lang.Object jvu.q() (PG:38)
01-08 12:57:52.589 24448 24472 I zygote64: at java.lang.Object jvu.b() (PG:2)
01-08 12:57:52.589 24448 24472 I zygote64: at void amhv.run() (PG:42)
01-08 12:57:52.589 24448 24472 I zygote64: at void amsk.run() (PG:26)
01-08 12:57:52.589 24448 24472 I zygote64: at java.lang.Object java.util.concurrent.Executors$RunnableAdapter.call() (Executors.java:457)
01-08 12:57:52.589 24448 24472 I zygote64: at void ansa.run() (PG:2)
01-08 12:57:52.589 24448 24472 I zygote64: at void java.util.concurrent.ThreadPoolExecutor.runWorker(java.util.concurrent.ThreadPoolExecutor$Worker) (ThreadPoolExecutor.java:1162)
01-08 12:57:52.589 24448 24472 I zygote64: at void java.util.concurrent.ThreadPoolExecutor$Worker.run() (ThreadPoolExecutor.java:636)
01-08 12:57:52.589 24448 24472 I zygote64: at void anrn.run() (PG:67)
01-08 12:57:52.589 24448 24472 I zygote64: at void java.lang.Thread.run() (Thread.java:764)
01-08 12:57:52.589 24448 24472 I zygote64: Caused by: java.lang.ClassNotFoundException: Didn't find class "android.os.PowerManager$OnThermalStatusChangedListener" on path: DexPathList[[zip file "/data/app/com.google.android.apps.maps-mk2E90ICIY6PXcNStKzIHQ==/base.apk", zip file "/data/app/com.google.android.apps.maps-mk2E90ICIY6PXcNStKzIHQ==/split_config.arm64_v8a.apk", zip file "/data/app/com.google.android.apps.maps-mk2E90ICIY6PXcNStKzIHQ==/split_config.en.apk", zip file "/data/app/com.google.android.apps.maps-mk2E90ICIY6PXcNStKzIHQ==/split_config.xhdpi.apk"],nativeLibraryDirectories=[/data/app/com.google.android.apps.maps-mk2E90ICIY6PXcNStKzIHQ==/lib/arm64, /data/app/com.google.android.apps.maps-mk2E90ICIY6PXcNStKzIHQ==/base.apk!/lib/arm64-v8a, /data/app/com.google.android.apps.maps-mk2E90ICIY6PXcNStKzIHQ==/split_config.arm64_v8a.apk!/lib/arm64-v8a, /data/app/com.google.android.apps.maps-mk2E90ICIY6PXcNStKzIHQ==/split_config.en.apk!/lib/arm64-v8a, /data/app/com.google.android.apps.maps-mk2E90ICIY6PXcNStKzIHQ==/split_config.xhdpi.apk!/lib/arm64-v8a
01-08 12:57:52.589 24448 24472 I zygote64: at java.lang.Class dalvik.system.BaseDexClassLoader.findClass(java.lang.String) (BaseDexClassLoader.java:125)
01-08 12:57:52.589 24448 24472 I zygote64: at java.lang.Class java.lang.ClassLoader.loadClass(java.lang.String, boolean) (ClassLoader.java:379)
01-08 12:57:52.589 24448 24472 I zygote64: at java.lang.Class java.lang.ClassLoader.loadClass(java.lang.String) (ClassLoader.java:312)
01-08 12:57:52.589 24448 24472 I zygote64: at avke jvv.bc() (PG:-1)
01-08 12:57:52.589 24448 24472 I zygote64: at java.lang.Object jvu.q() (PG:38)
01-08 12:57:52.589 24448 24472 I zygote64: at java.lang.Object jvu.b() (PG:2)
01-08 12:57:52.589 24448 24472 I zygote64: at void amhv.run() (PG:42)
01-08 12:57:52.589 24448 24472 I zygote64: at void amsk.run() (PG:26)
01-08 12:57:52.589 24448 24472 I zygote64: at java.lang.Object java.util.concurrent.Executors$RunnableAdapter.call() (Executors.java:457)
01-08 12:57:52.589 24448 24472 I zygote64: at void ansa.run() (PG:2)
01-08 12:57:52.589 24448 24472 I zygote64: at void java.util.concurrent.ThreadPoolExecutor.runWorker(java.util.concurrent.ThreadPoolExecutor$Worker) (ThreadPoolExecutor.java:1162)
01-08 12:57:52.589 24448 24472 I zygote64: at void java.util.concurrent.ThreadPoolExecutor$Worker.run() (ThreadPoolExecutor.java:636)
01-08 12:57:52.589 24448 24472 I zygote64: at void anrn.run() (PG:67)
01-08 12:57:52.589 24448 24472 I zygote64: at void java.lang.Thread.run() (Thread.java:764)
01-08 12:57:52.589 24448 24472 I zygote64:
01-08 12:57:52.593 24448 24472 I zygote64: Rejecting re-init on previously-failed class java.lang.Class: java.lang.NoClassDefFoundError: Failed resolution of: Landroid/os/PowerManager$OnThermalStatusChangedListener;
01-08 12:57:52.593 24448 24472 I zygote64: at avke jvv.bc() (PG:-1)
01-08 12:57:52.593 24448 24472 I zygote64: at java.lang.Object jvu.q() (PG:38)
01-08 12:57:52.593 24448 24472 I zygote64: at java.lang.Object jvu.b() (PG:2)
01-08 12:57:52.593 24448 24472 I zygote64: at void amhv.run() (PG:42)
01-08 12:57:52.593 24448 24472 I zygote64: at void amsk.run() (PG:26)
01-08 12:57:52.593 24448 24472 I zygote64: at java.lang.Object java.util.concurrent.Executors$RunnableAdapter.call() (Executors.java:457)
01-08 12:57:52.593 24448 24472 I zygote64: at void ansa.run() (PG:2)
01-08 12:57:52.593 24448 24472 I zygote64: at void java.util.concurrent.ThreadPoolExecutor.runWorker(java.util.concurrent.ThreadPoolExecutor$Worker) (ThreadPoolExecutor.java:1162)
01-08 12:57:52.593 24448 24472 I zygote64: at void java.util.concurrent.ThreadPoolExecutor$Worker.run() (ThreadPoolExecutor.java:636)
01-08 12:57:52.593 24448 24472 I zygote64: at void anrn.run() (PG:67)
01-08 12:57:52.593 24448 24472 I zygote64: at void java.lang.Thread.run() (Thread.java:764)
01-08 12:57:52.593 24448 24472 I zygote64: Caused by: java.lang.ClassNotFoundException: Didn't find class "android.os.PowerManager$OnThermalStatusChangedListener" on path: DexPathList[[zip file "/data/app/com.google.android.apps.maps-mk2E90ICIY6PXcNStKzIHQ==/base.apk", zip file "/data/app/com.google.android.apps.maps-mk2E90ICIY6PXcNStKzIHQ==/split_config.arm64_v8a.apk", zip file "/data/app/com.google.android.apps.maps-mk2E90ICIY6PXcNStKzIHQ==/split_config.en.apk", zip file "/data/app/com.google.android.apps.maps-mk2E90ICIY6PXcNStKzIHQ==/split_config.xhdpi.apk"],nativeLibraryDirectories=[/data/app/com.google.android.apps.maps-mk2E90ICIY6PXcNStKzIHQ==/lib/arm64, /data/app/com.google.android.apps.maps-mk2E90ICIY6PXcNStKzIHQ==/base.apk!/lib/arm64-v8a, /data/app/com.google.android.apps.maps-mk2E90ICIY6PXcNStKzIHQ==/split_config.arm64_v8a.apk!/lib/arm64-v8a, /data/app/com.google.android.apps.maps-mk2E90ICIY6PXcNStKzIHQ==/split_config.en.apk!/lib/arm64-v8a, /data/app/com.google.android.apps.maps-mk2E90ICIY6PXcNStKzIHQ==/split_config.xhdpi.apk!/lib/arm64-v8a
01-08 12:57:52.593 24448 24472 I zygote64: at java.lang.Class dalvik.system.BaseDexClassLoader.findClass(java.lang.String) (BaseDexClassLoader.java:125)
01-08 12:57:52.593 24448 24472 I zygote64: at java.lang.Class java.lang.ClassLoader.loadClass(java.lang.String, boolean) (ClassLoader.java:379)
01-08 12:57:52.593 24448 24472 I zygote64: at java.lang.Class java.lang.ClassLoader.loadClass(java.lang.String) (ClassLoader.java:312)
01-08 12:57:52.593 24448 24472 I zygote64: at avke jvv.bc() (PG:-1)
01-08 12:57:52.593 24448 24472 I zygote64: at java.lang.Object jvu.q() (PG:38)
01-08 12:57:52.593 24448 24472 I zygote64: at java.lang.Object jvu.b() (PG:2)
01-08 12:57:52.593 24448 24472 I zygote64: at void amhv.run() (PG:42)
01-08 12:57:52.593 24448 24472 I zygote64: at void amsk.run() (PG:26)
01-08 12:57:52.593 24448 24472 I zygote64: at java.lang.Object java.util.concurrent.Executors$RunnableAdapter.call() (Executors.java:457)
01-08 12:57:52.593 24448 24472 I zygote64: at void ansa.run() (PG:2)
01-08 12:57:52.593 24448 24472 I zygote64: at void java.util.concurrent.ThreadPoolExecutor.runWorker(java.util.concurrent.ThreadPoolExecutor$Worker) (ThreadPoolExecutor.java:1162)
01-08 12:57:52.593 24448 24472 I zygote64: at void java.util.concurrent.ThreadPoolExecutor$Worker.run() (ThreadPoolExecutor.java:636)
01-08 12:57:52.593 24448 24472 I zygote64: at void anrn.run() (PG:67)
01-08 12:57:52.593 24448 24472 I zygote64: at void java.lang.Thread.run() (Thread.java:764)
01-08 12:57:52.593 24448 24472 I zygote64:
01-08 12:57:52.593 24448 24472 I zygote64: Rejecting re-init on previously-failed class java.lang.Class: java.lang.NoClassDefFoundError: Failed resolution of: Landroid/os/PowerManager$OnThermalStatusChangedListener;
01-08 12:57:52.593 24448 24472 I zygote64: at avke jvv.bc() (PG:-1)
01-08 12:57:52.593 24448 24472 I zygote64: at java.lang.Object jvu.q() (PG:38)
01-08 12:57:52.593 24448 24472 I zygote64: at java.lang.Object jvu.b() (PG:2)
01-08 12:57:52.593 24448 24472 I zygote64: at void amhv.run() (PG:42)
01-08 12:57:52.593 24448 24472 I zygote64: at void amsk.run() (PG:26)
01-08 12:57:52.593 24448 24472 I zygote64: at java.lang.Object java.util.concurrent.Executors$RunnableAdapter.call() (Executors.java:457)
01-08 12:57:52.593 24448 24472 I zygote64: at void ansa.run() (PG:2)
01-08 12:57:52.593 24448 24472 I zygote64: at void java.util.concurrent.ThreadPoolExecutor.runWorker(java.util.concurrent.ThreadPoolExecutor$Worker) (ThreadPoolExecutor.java:1162)
01-08 12:57:52.593 24448 24472 I zygote64: at void java.util.concurrent.ThreadPoolExecutor$Worker.run() (ThreadPoolExecutor.java:636)
01-08 12:57:52.593 24448 24472 I zygote64: at void anrn.run() (PG:67)
01-08 12:57:52.593 24448 24472 I zygote64: at void java.lang.Thread.run() (Thread.java:764)
01-08 12:57:52.593 24448 24472 I zygote64: Caused by: java.lang.ClassNotFoundException: Didn't find class "android.os.PowerManager$OnThermalStatusChangedListener" on path: DexPathList[[zip file "/data/app/com.google.android.apps.maps-mk2E90ICIY6PXcNStKzIHQ==/base.apk", zip file "/data/app/com.google.android.apps.maps-mk2E90ICIY6PXcNStKzIHQ==/split_config.arm64_v8a.apk", zip file "/data/app/com.google.android.apps.maps-mk2E90ICIY6PXcNStKzIHQ==/split_config.en.apk", zip file "/data/app/com.google.android.apps.maps-mk2E90ICIY6PXcNStKzIHQ==/split_config.xhdpi.apk"],nativeLibraryDirectories=[/data/app/com.google.android.apps.maps-mk2E90ICIY6PXcNStKzIHQ==/lib/arm64, /data/app/com.google.android.apps.maps-mk2E90ICIY6PXcNStKzIHQ==/base.apk!/lib/arm64-v8a, /data/app/com.google.android.apps.maps-mk2E90ICIY6PXcNStKzIHQ==/split_config.arm64_v8a.apk!/lib/arm64-v8a, /data/app/com.google.android.apps.maps-mk2E90ICIY6PXcNStKzIHQ==/split_config.en.apk!/lib/arm64-v8a, /data/app/com.google.android.apps.maps-mk2E90ICIY6PXcNStKzIHQ==/split_config.xhdpi.apk!/lib/arm64-v8a
01-08 12:57:52.593 24448 24472 I zygote64: at java.lang.Class dalvik.system.BaseDexClassLoader.findClass(java.lang.String) (BaseDexClassLoader.java:125)
01-08 12:57:52.593 24448 24472 I zygote64: at java.lang.Class java.lang.ClassLoader.loadClass(java.lang.String, boolean) (ClassLoader.java:379)
01-08 12:57:52.593 24448 24472 I zygote64: at java.lang.Class java.lang.ClassLoader.loadClass(java.lang.String) (ClassLoader.java:312)
01-08 12:57:52.593 24448 24472 I zygote64: at avke jvv.bc() (PG:-1)
01-08 12:57:52.593 24448 24472 I zygote64: at java.lang.Object jvu.q() (PG:38)
01-08 12:57:52.593 24448 24472 I zygote64: at java.lang.Object jvu.b() (PG:2)
01-08 12:57:52.593 24448 24472 I zygote64: at void amhv.run() (PG:42)
01-08 12:57:52.593 24448 24472 I zygote64: at void amsk.run() (PG:26)
01-08 12:57:52.593 24448 24472 I zygote64: at java.lang.Object java.util.concurrent.Executors$RunnableAdapter.call() (Executors.java:457)
01-08 12:57:52.593 24448 24472 I zygote64: at void ansa.run() (PG:2)
01-08 12:57:52.593 24448 24472 I zygote64: at void java.util.concurrent.ThreadPoolExecutor.runWorker(java.util.concurrent.ThreadPoolExecutor$Worker) (ThreadPoolExecutor.java:1162)
01-08 12:57:52.593 24448 24472 I zygote64: at void java.util.concurrent.ThreadPoolExecutor$Worker.run() (ThreadPoolExecutor.java:636)
01-08 12:57:52.593 24448 24472 I zygote64: at void anrn.run() (PG:67)
01-08 12:57:52.593 24448 24472 I zygote64: at void java.lang.Thread.run() (Thread.java:764)
01-08 12:57:52.593 24448 24472 I zygote64:
01-08 12:57:52.733 24491 24491 I zygote64: Rejecting re-init on previously-failed class java.lang.Class: java.lang.NoClassDefFoundError: Failed resolution of: Landroid/graphics/ImageDecoder$OnHeaderDecodedListener;
01-08 12:57:52.733 24491 24491 I zygote64: at gvr gwy.a() (PG:1)
01-08 12:57:52.733 24491 24491 I zygote64: at java.lang.Object gsw.b() (PG:72)
01-08 12:57:52.733 24491 24491 I zygote64: at java.lang.Object ujl.b() (PG:1)
01-08 12:57:52.733 24491 24491 I zygote64: at java.lang.Object hes.b() (PG:71)
01-08 12:57:52.733 24491 24491 I zygote64: at java.lang.Object ujl.b() (PG:1)
01-08 12:57:52.733 24491 24491 I zygote64: at java.lang.Object ujk.b() (PG:2)
01-08 12:57:52.733 24491 24491 I zygote64: at java.lang.Object gsw.b() (PG:12)
01-08 12:57:52.733 24491 24491 I zygote64: at java.util.Set ujr.a() (PG:9)
01-08 12:57:52.733 24491 24491 I zygote64: at java.lang.Object ujr.b() (PG:1)
01-08 12:57:52.733 24491 24491 I zygote64: at java.lang.Object ujl.b() (PG:1)
01-08 12:57:52.733 24491 24491 I zygote64: at void iiq.onCreate() (PG:21)
01-08 12:57:52.733 24491 24491 I zygote64: at void com.google.android.apps.play.movies.mobile.MobileVideosApplication.onCreate() (PG:2)
01-08 12:57:52.733 24491 24491 I zygote64: at void android.app.Instrumentation.callApplicationOnCreate(android.app.Application) (Instrumentation.java:1119)
01-08 12:57:52.733 24491 24491 I zygote64: at void android.app.ActivityThread.handleBindApplication(android.app.ActivityThread$AppBindData) (ActivityThread.java:5740)
01-08 12:57:52.733 24491 24491 I zygote64: at void android.app.ActivityThread.-wrap1(android.app.ActivityThread, android.app.ActivityThread$AppBindData) (ActivityThread.java:-1)
01-08 12:57:52.733 24491 24491 I zygote64: at void android.app.ActivityThread$H.handleMessage(android.os.Message) (ActivityThread.java:1656)
01-08 12:57:52.733 24491 24491 I zygote64: at void android.os.Handler.dispatchMessage(android.os.Message) (Handler.java:106)
01-08 12:57:52.733 24491 24491 I zygote64: at void android.os.Looper.loop() (Looper.java:164)
01-08 12:57:52.733 24491 24491 I zygote64: at void android.app.ActivityThread.main(java.lang.String[]) (ActivityThread.java:6494)
01-08 12:57:52.733 24491 24491 I zygote64: at java.lang.Object java.lang.reflect.Method.invoke(java.lang.Object, java.lang.Object[]) (Method.java:-2)
01-08 12:57:52.733 24491 24491 I zygote64: at void com.android.internal.os.RuntimeInit$MethodAndArgsCaller.run() (RuntimeInit.java:438)
01-08 12:57:52.733 24491 24491 I zygote64: at void com.android.internal.os.ZygoteInit.main(java.lang.String[]) (ZygoteInit.java:807)
01-08 12:57:52.733 24491 24491 I zygote64: Caused by: java.lang.ClassNotFoundException: Didn't find class "android.graphics.ImageDecoder$OnHeaderDecodedListener" on path: DexPathList[[zip file "/data/app/com.google.android.videos-ZuRDG8KpN7FWmL2lD7Z7aQ==/base.apk"],nativeLibraryDirectories=[/data/app/com.google.android.videos-ZuRDG8KpN7FWmL2lD7Z7aQ==/lib/arm64, /data/app/com.google.android.videos-ZuRDG8KpN7FWmL2lD7Z7aQ==/base.apk!/lib/arm64-v8a, /system/lib64, /vendor/lib64]]
01-08 12:57:52.733 24491 24491 I zygote64: at java.lang.Class dalvik.system.BaseDexClassLoader.findClass(java.lang.String) (BaseDexClassLoader.java:125)
01-08 12:57:52.734 24491 24491 I zygote64: at java.lang.Class java.lang.ClassLoader.loadClass(java.lang.String, boolean) (ClassLoader.java:379)
01-08 12:57:52.734 24491 24491 I zygote64: at java.lang.Class java.lang.ClassLoader.loadClass(java.lang.String) (ClassLoader.java:312)
01-08 12:57:52.734 24491 24491 I zygote64: at gvr gwy.a() (PG:1)
01-08 12:57:52.734 24491 24491 I zygote64: at java.lang.Object gsw.b() (PG:72)
01-08 12:57:52.734 24491 24491 I zygote64: at java.lang.Object ujl.b() (PG:1)
01-08 12:57:52.734 24491 24491 I zygote64: at java.lang.Object hes.b() (PG:71)
01-08 12:57:52.734 24491 24491 I zygote64: at java.lang.Object ujl.b() (PG:1)
01-08 12:57:52.734 24491 24491 I zygote64: at java.lang.Object ujk.b() (PG:2)
01-08 12:57:52.734 24491 24491 I zygote64: at java.lang.Object gsw.b() (PG:12)
01-08 12:57:52.734 24491 24491 I zygote64: at java.util.Set ujr.a() (PG:9)
01-08 12:57:52.734 24491 24491 I zygote64: at java.lang.Object ujr.b() (PG:1)
01-08 12:57:52.734 24491 24491 I zygote64: at java.lang.Object ujl.b() (PG:1)
01-08 12:57:52.734 24491 24491 I zygote64: at void iiq.onCreate() (PG:21)
01-08 12:57:52.734 24491 24491 I zygote64: at void com.google.android.apps.play.movies.mobile.MobileVideosApplication.onCreate() (PG:2)
01-08 12:57:52.734 24491 24491 I zygote64: at void android.app.Instrumentation.callApplicationOnCreate(android.app.Application) (Instrumentation.java:1119)
01-08 12:57:52.734 24491 24491 I zygote64: at void android.app.ActivityThread.handleBindApplication(android.app.ActivityThread$AppBindData) (ActivityThread.java:5740)
01-08 12:57:52.734 24491 24491 I zygote64: at void android.app.ActivityThread.-wrap1(android.app.ActivityThread, android.app.ActivityThread$AppBindData) (ActivityThread.java:-1)
01-08 12:57:52.734 24491 24491 I zygote64: at void android.app.ActivityThread$H.handleMessage(android.os.Message) (ActivityThread.java:1656)
01-08 12:57:52.734 24491 24491 I zygote64: at void android.os.Handler.dispatchMessage(android.os.Message) (Handler.java:106)
01-08 12:57:52.734 24491 24491 I zygote64: at void android.os.Looper.loop() (Looper.java:164)
01-08 12:57:52.734 24491 24491 I zygote64: at void android.app.ActivityThread.main(java.lang.String[]) (ActivityThread.java:6494)
01-08 12:57:52.734 24491 24491 I zygote64: at java.lang.Object java.lang.reflect.Method.invoke(java.lang.Object, java.lang.Object[]) (Method.java:-2)
01-08 12:57:52.734 24491 24491 I zygote64: at void com.android.internal.os.RuntimeInit$MethodAndArgsCaller.run() (RuntimeInit.java:438)
01-08 12:57:52.734 24491 24491 I zygote64: at void com.android.internal.os.ZygoteInit.main(java.lang.String[]) (ZygoteInit.java:807)
01-08 12:57:52.734 24491 24491 I zygote64:
01-08 12:57:52.734 24491 24491 I zygote64: Rejecting re-init on previously-failed class java.lang.Class: java.lang.NoClassDefFoundError: Failed resolution of: Landroid/graphics/ImageDecoder$OnHeaderDecodedListener;
01-08 12:57:52.734 24491 24491 I zygote64: at gvr gwy.a() (PG:1)
01-08 12:57:52.734 24491 24491 I zygote64: at java.lang.Object gsw.b() (PG:72)
01-08 12:57:52.734 24491 24491 I zygote64: at java.lang.Object ujl.b() (PG:1)
01-08 12:57:52.734 24491 24491 I zygote64: at java.lang.Object hes.b() (PG:71)
01-08 12:57:52.734 24491 24491 I zygote64: at java.lang.Object ujl.b() (PG:1)
01-08 12:57:52.734 24491 24491 I zygote64: at java.lang.Object ujk.b() (PG:2)
01-08 12:57:52.734 24491 24491 I zygote64: at java.lang.Object gsw.b() (PG:12)
01-08 12:57:52.734 24491 24491 I zygote64: at java.util.Set ujr.a() (PG:9)
01-08 12:57:52.734 24491 24491 I zygote64: at java.lang.Object ujr.b() (PG:1)
01-08 12:57:52.734 24491 24491 I zygote64: at java.lang.Object ujl.b() (PG:1)
01-08 12:57:52.734 24491 24491 I zygote64: at void iiq.onCreate() (PG:21)
01-08 12:57:52.734 24491 24491 I zygote64: at void com.google.android.apps.play.movies.mobile.MobileVideosApplication.onCreate() (PG:2)
01-08 12:57:52.734 24491 24491 I zygote64: at void android.app.Instrumentation.callApplicationOnCreate(android.app.Application) (Instrumentation.java:1119)
01-08 12:57:52.734 24491 24491 I zygote64: at void android.app.ActivityThread.handleBindApplication(android.app.ActivityThread$AppBindData) (ActivityThread.java:5740)
01-08 12:57:52.734 24491 24491 I zygote64: at void android.app.ActivityThread.-wrap1(android.app.ActivityThread, android.app.ActivityThread$AppBindData) (ActivityThread.java:-1)
01-08 12:57:52.734 24491 24491 I zygote64: at void android.app.ActivityThread$H.handleMessage(android.os.Message) (ActivityThread.java:1656)
01-08 12:57:52.734 24491 24491 I zygote64: at void android.os.Handler.dispatchMessage(android.os.Message) (Handler.java:106)
01-08 12:57:52.734 24491 24491 I zygote64: at void android.os.Looper.loop() (Looper.java:164)
01-08 12:57:52.734 24491 24491 I zygote64: at void android.app.ActivityThread.main(java.lang.String[]) (ActivityThread.java:6494)
01-08 12:57:52.734 24491 24491 I zygote64: at java.lang.Object java.lang.reflect.Method.invoke(java.lang.Object, java.lang.Object[]) (Method.java:-2)
01-08 12:57:52.734 24491 24491 I zygote64: at void com.android.internal.os.RuntimeInit$MethodAndArgsCaller.run() (RuntimeInit.java:438)
01-08 12:57:52.734 24491 24491 I zygote64: at void com.android.internal.os.ZygoteInit.main(java.lang.String[]) (ZygoteInit.java:807)
01-08 12:57:52.734 24491 24491 I zygote64: Caused by: java.lang.ClassNotFoundException: Didn't find class "android.graphics.ImageDecoder$OnHeaderDecodedListener" on path: DexPathList[[zip file "/data/app/com.google.android.videos-ZuRDG8KpN7FWmL2lD7Z7aQ==/base.apk"],nativeLibraryDirectories=[/data/app/com.google.android.videos-ZuRDG8KpN7FWmL2lD7Z7aQ==/lib/arm64, /data/app/com.google.android.videos-ZuRDG8KpN7FWmL2lD7Z7aQ==/base.apk!/lib/arm64-v8a, /system/lib64, /vendor/lib64]]
01-08 12:57:52.734 24491 24491 I zygote64: at java.lang.Class dalvik.system.BaseDexClassLoader.findClass(java.lang.String) (BaseDexClassLoader.java:125)
01-08 12:57:52.734 24491 24491 I zygote64: at java.lang.Class java.lang.ClassLoader.loadClass(java.lang.String, boolean) (ClassLoader.java:379)
01-08 12:57:52.734 24491 24491 I zygote64: at java.lang.Class java.lang.ClassLoader.loadClass(java.lang.String) (ClassLoader.java:312)
01-08 12:57:52.734 24491 24491 I zygote64: at gvr gwy.a() (PG:1)
01-08 12:57:52.734 24491 24491 I zygote64: at java.lang.Object gsw.b() (PG:72)
01-08 12:57:52.734 24491 24491 I zygote64: at java.lang.Object ujl.b() (PG:1)
01-08 12:57:52.734 24491 24491 I zygote64: at java.lang.Object hes.b() (PG:71)
01-08 12:57:52.734 24491 24491 I zygote64: at java.lang.Object ujl.b() (PG:1)
01-08 12:57:52.734 24491 24491 I zygote64: at java.lang.Object ujk.b() (PG:2)
01-08 12:57:52.734 24491 24491 I zygote64: at java.lang.Object gsw.b() (PG:12)
01-08 12:57:52.734 24491 24491 I zygote64: at java.util.Set ujr.a() (PG:9)
01-08 12:57:52.734 24491 24491 I zygote64: at java.lang.Object ujr.b() (PG:1)
01-08 12:57:52.734 24491 24491 I zygote64: at java.lang.Object ujl.b() (PG:1)
01-08 12:57:52.734 24491 24491 I zygote64: at void iiq.onCreate() (PG:21)
01-08 12:57:52.734 24491 24491 I zygote64: at void com.google.android.apps.play.movies.mobile.MobileVideosApplication.onCreate() (PG:2)
01-08 12:57:52.734 24491 24491 I zygote64: at void android.app.Instrumentation.callApplicationOnCreate(android.app.Application) (Instrumentation.java:1119)
01-08 12:57:52.734 24491 24491 I zygote64: at void android.app.ActivityThread.handleBindApplication(android.app.ActivityThread$AppBindData) (ActivityThread.java:5740)
01-08 12:57:52.734 24491 24491 I zygote64: at void android.app.ActivityThread.-wrap1(android.app.ActivityThread, android.app.ActivityThread$AppBindData) (ActivityThread.java:-1)
01-08 12:57:52.735 24491 24491 I zygote64: at void android.app.ActivityThread$H.handleMessage(android.os.Message) (ActivityThread.java:1656)
01-08 12:57:52.735 24491 24491 I zygote64: at void android.os.Handler.dispatchMessage(android.os.Message) (Handler.java:106)
01-08 12:57:52.735 24491 24491 I zygote64: at void android.os.Looper.loop() (Looper.java:164)
01-08 12:57:52.735 24491 24491 I zygote64: at void android.app.ActivityThread.main(java.lang.String[]) (ActivityThread.java:6494)
01-08 12:57:52.735 24491 24491 I zygote64: at java.lang.Object java.lang.reflect.Method.invoke(java.lang.Object, java.lang.Object[]) (Method.java:-2)
01-08 12:57:52.735 24491 24491 I zygote64: at void com.android.internal.os.RuntimeInit$MethodAndArgsCaller.run() (RuntimeInit.java:438)
01-08 12:57:52.735 24491 24491 I zygote64: at void com.android.internal.os.ZygoteInit.main(java.lang.String[]) (ZygoteInit.java:807)
01-08 12:57:52.735 24491 24491 I zygote64:
01-08 12:57:52.736 24491 24491 I zygote64: Rejecting re-init on previously-failed class java.lang.Class: java.lang.NoClassDefFoundError: Failed resolution of: Landroid/graphics/ImageDecoder$OnHeaderDecodedListener;
01-08 12:57:52.736 24491 24491 I zygote64: at gvr gwy.a() (PG:1)
01-08 12:57:52.736 24491 24491 I zygote64: at java.lang.Object gsw.b() (PG:72)
01-08 12:57:52.736 24491 24491 I zygote64: at java.lang.Object ujl.b() (PG:1)
01-08 12:57:52.736 24491 24491 I zygote64: at java.lang.Object hes.b() (PG:71)
01-08 12:57:52.736 24491 24491 I zygote64: at java.lang.Object ujl.b() (PG:1)
01-08 12:57:52.736 24491 24491 I zygote64: at java.lang.Object ujk.b() (PG:2)
01-08 12:57:52.736 24491 24491 I zygote64: at java.lang.Object gsw.b() (PG:12)
01-08 12:57:52.736 24491 24491 I zygote64: at java.util.Set ujr.a() (PG:9)
01-08 12:57:52.736 24491 24491 I zygote64: at java.lang.Object ujr.b() (PG:1)
01-08 12:57:52.736 24491 24491 I zygote64: at java.lang.Object ujl.b() (PG:1)
01-08 12:57:52.736 24491 24491 I zygote64: at void iiq.onCreate() (PG:21)
01-08 12:57:52.736 24491 24491 I zygote64: at void com.google.android.apps.play.movies.mobile.MobileVideosApplication.onCreate() (PG:2)
01-08 12:57:52.736 24491 24491 I zygote64: at void android.app.Instrumentation.callApplicationOnCreate(android.app.Application) (Instrumentation.java:1119)
01-08 12:57:52.736 24491 24491 I zygote64: at void android.app.ActivityThread.handleBindApplication(android.app.ActivityThread$AppBindData) (ActivityThread.java:5740)
01-08 12:57:52.736 24491 24491 I zygote64: at void android.app.ActivityThread.-wrap1(android.app.ActivityThread, android.app.ActivityThread$AppBindData) (ActivityThread.java:-1)
01-08 12:57:52.736 24491 24491 I zygote64: at void android.app.ActivityThread$H.handleMessage(android.os.Message) (ActivityThread.java:1656)
01-08 12:57:52.736 24491 24491 I zygote64: at void android.os.Handler.dispatchMessage(android.os.Message) (Handler.java:106)
01-08 12:57:52.736 24491 24491 I zygote64: at void android.os.Looper.loop() (Looper.java:164)
01-08 12:57:52.736 24491 24491 I zygote64: at void android.app.ActivityThread.main(java.lang.String[]) (ActivityThread.java:6494)
01-08 12:57:52.736 24491 24491 I zygote64: at java.lang.Object java.lang.reflect.Method.invoke(java.lang.Object, java.lang.Object[]) (Method.java:-2)
01-08 12:57:52.736 24491 24491 I zygote64: at void com.android.internal.os.RuntimeInit$MethodAndArgsCaller.run() (RuntimeInit.java:438)
01-08 12:57:52.736 24491 24491 I zygote64: at void com.android.internal.os.ZygoteInit.main(java.lang.String[]) (ZygoteInit.java:807)
01-08 12:57:52.736 24491 24491 I zygote64: Caused by: java.lang.ClassNotFoundException: Didn't find class "android.graphics.ImageDecoder$OnHeaderDecodedListener" on path: DexPathList[[zip file "/data/app/com.google.android.videos-ZuRDG8KpN7FWmL2lD7Z7aQ==/base.apk"],nativeLibraryDirectories=[/data/app/com.google.android.videos-ZuRDG8KpN7FWmL2lD7Z7aQ==/lib/arm64, /data/app/com.google.android.videos-ZuRDG8KpN7FWmL2lD7Z7aQ==/base.apk!/lib/arm64-v8a, /system/lib64, /vendor/lib64]]
01-08 12:57:52.736 24491 24491 I zygote64: at java.lang.Class dalvik.system.BaseDexClassLoader.findClass(java.lang.String) (BaseDexClassLoader.java:125)
01-08 12:57:52.736 24491 24491 I zygote64: at java.lang.Class java.lang.ClassLoader.loadClass(java.lang.String, boolean) (ClassLoader.java:379)
01-08 12:57:52.736 24491 24491 I zygote64: at java.lang.Class java.lang.ClassLoader.loadClass(java.lang.String) (ClassLoader.java:312)
01-08 12:57:52.736 24491 24491 I zygote64: at gvr gwy.a() (PG:1)
01-08 12:57:52.736 24491 24491 I zygote64: at java.lang.Object gsw.b() (PG:72)
01-08 12:57:52.736 24491 24491 I zygote64: at java.lang.Object ujl.b() (PG:1)
01-08 12:57:52.736 24491 24491 I zygote64: at java.lang.Object hes.b() (PG:71)
01-08 12:57:52.736 24491 24491 I zygote64: at java.lang.Object ujl.b() (PG:1)
01-08 12:57:52.736 24491 24491 I zygote64: at java.lang.Object ujk.b() (PG:2)
01-08 12:57:52.736 24491 24491 I zygote64: at java.lang.Object gsw.b() (PG:12)
01-08 12:57:52.736 24491 24491 I zygote64: at java.util.Set ujr.a() (PG:9)
01-08 12:57:52.736 24491 24491 I zygote64: at java.lang.Object ujr.b() (PG:1)
01-08 12:57:52.736 24491 24491 I zygote64: at java.lang.Object ujl.b() (PG:1)
01-08 12:57:52.736 24491 24491 I zygote64: at void iiq.onCreate() (PG:21)
01-08 12:57:52.736 24491 24491 I zygote64: at void com.google.android.apps.play.movies.mobile.MobileVideosApplication.onCreate() (PG:2)
01-08 12:57:52.736 24491 24491 I zygote64: at void android.app.Instrumentation.callApplicationOnCreate(android.app.Application) (Instrumentation.java:1119)
01-08 12:57:52.736 24491 24491 I zygote64: at void android.app.ActivityThread.handleBindApplication(android.app.ActivityThread$AppBindData) (ActivityThread.java:5740)
01-08 12:57:52.736 24491 24491 I zygote64: at void android.app.ActivityThread.-wrap1(android.app.ActivityThread, android.app.ActivityThread$AppBindData) (ActivityThread.java:-1)
01-08 12:57:52.736 24491 24491 I zygote64: at void android.app.ActivityThread$H.handleMessage(android.os.Message) (ActivityThread.java:1656)
01-08 12:57:52.736 24491 24491 I zygote64: at void android.os.Handler.dispatchMessage(android.os.Message) (Handler.java:106)
01-08 12:57:52.736 24491 24491 I zygote64: at void android.os.Looper.loop() (Looper.java:164)
01-08 12:57:52.736 24491 24491 I zygote64: at void android.app.ActivityThread.main(java.lang.String[]) (ActivityThread.java:6494)
01-08 12:57:52.736 24491 24491 I zygote64: at java.lang.Object java.lang.reflect.Method.invoke(java.lang.Object, java.lang.Object[]) (Method.java:-2)
01-08 12:57:52.736 24491 24491 I zygote64: at void com.android.internal.os.RuntimeInit$MethodAndArgsCaller.run() (RuntimeInit.java:438)
01-08 12:57:52.736 24491 24491 I zygote64: at void com.android.internal.os.ZygoteInit.main(java.lang.String[]) (ZygoteInit.java:807)
01-08 12:57:52.736 24491 24491 I zygote64:
01-08 12:57:52.785 24491 24533 I zygote64: Rejecting re-init on previously-failed class java.lang.Class: java.lang.NoClassDefFoundError: Failed resolution of: Landroid/view/WindowInsetsAnimation$Callback;
01-08 12:57:52.785 24491 24533 I zygote64: at java.lang.Object cof.a() (PG:11)
01-08 12:57:52.785 24491 24533 I zygote64: at java.lang.Object vni.a() (PG:2)
01-08 12:57:52.785 24491 24533 I zygote64: at eqz era.b() (PG:1)
01-08 12:57:52.785 24491 24533 I zygote64: at eqn era.a() (PG:1)
01-08 12:57:52.785 24491 24533 I zygote64: at boolean epo.t() (PG:1)
01-08 12:57:52.785 24491 24533 I zygote64: at void epo.S() (PG:1)
01-08 12:57:52.785 24491 24533 I zygote64: at android.database.Cursor epo.L(eqt, android.os.CancellationSignal) (PG:2)
01-08 12:57:52.785 24491 24533 I zygote64: at android.database.Cursor dqe.c(epo, eqt, boolean, android.os.CancellationSignal) (PG:2)
01-08 12:57:52.785 24491 24533 I zygote64: at java.lang.Object goe.call() (PG:1)
01-08 12:57:52.785 24491 24533 I zygote64: at java.lang.Object hch.invokeSuspend(java.lang.Object) (PG:35)
01-08 12:57:52.785 24491 24533 I zygote64: at void vpv.resumeWith(java.lang.Object) (PG:5)
01-08 12:57:52.785 24491 24533 I zygote64: at void vvw.run() (PG:12)
01-08 12:57:52.785 24491 24533 I zygote64: at void java.util.concurrent.ThreadPoolExecutor.runWorker(java.util.concurrent.ThreadPoolExecutor$Worker) (ThreadPoolExecutor.java:1162)
01-08 12:57:52.785 24491 24533 I zygote64: at void java.util.concurrent.ThreadPoolExecutor$Worker.run() (ThreadPoolExecutor.java:636)
01-08 12:57:52.785 24491 24533 I zygote64: at void java.lang.Thread.run() (Thread.java:764)
01-08 12:57:52.785 24491 24533 I zygote64: Caused by: java.lang.ClassNotFoundException: Didn't find class "android.view.WindowInsetsAnimation$Callback" on path: DexPathList[[zip file "/data/app/com.google.android.videos-ZuRDG8KpN7FWmL2lD7Z7aQ==/base.apk"],nativeLibraryDirectories=[/data/app/com.google.android.videos-ZuRDG8KpN7FWmL2lD7Z7aQ==/lib/arm64, /data/app/com.google.android.videos-ZuRDG8KpN7FWmL2lD7Z7aQ==/base.apk!/lib/arm64-v8a, /system/lib64, /vendor/lib64]]
01-08 12:57:52.785 24491 24533 I zygote64: at java.lang.Class dalvik.system.BaseDexClassLoader.findClass(java.lang.String) (BaseDexClassLoader.java:125)
01-08 12:57:52.785 24491 24533 I zygote64: at java.lang.Class java.lang.ClassLoader.loadClass(java.lang.String, boolean) (ClassLoader.java:379)
01-08 12:57:52.785 24491 24533 I zygote64: at java.lang.Class java.lang.ClassLoader.loadClass(java.lang.String) (ClassLoader.java:312)
01-08 12:57:52.785 24491 24533 I zygote64: at java.lang.Object cof.a() (PG:11)
01-08 12:57:52.785 24491 24533 I zygote64: at java.lang.Object vni.a() (PG:2)
01-08 12:57:52.785 24491 24533 I zygote64: at eqz era.b() (PG:1)
01-08 12:57:52.785 24491 24533 I zygote64: at eqn era.a() (PG:1)
01-08 12:57:52.785 24491 24533 I zygote64: at boolean epo.t() (PG:1)
01-08 12:57:52.785 24491 24533 I zygote64: at void epo.S() (PG:1)
