01-08 12:56:01.485 20640 20921 E ActivityThread: Failed to find provider info for com.google.android.wearable.settings
01-08 12:56:01.489 941 958 E BatteryExternalStatsWorker: modem info is invalid: ModemActivityInfo{ mTimestamp=0 mSleepTimeMs=0 mIdleTimeMs=0 mTxTimeMs[]=[0, 0, 0, 0, 0] mRxTimeMs=0 mEnergyUsed=0}
01-08 12:56:01.501 20640 20921 E ActivityThread: Failed to find provider info for com.google.android.wearable.settings
01-08 12:56:02.366 20640 20921 I chatty : uid=10018(com.android.vending) bgExecutor #3 identical 35 lines
01-08 12:56:02.372 20640 20921 E ActivityThread: Failed to find provider info for com.google.android.wearable.settings
01-08 12:56:02.442 23012 23126 E ActivityThread: Failed to find provider info for com.google.android.instantapps.supervisor.SupervisorArchiveProvider
01-08 12:56:02.613 941 1776 I ActivityManager: Start proc 23219:com.android.connectivity.metrics/u0a70 for broadcast com.android.connectivity.metrics/.SnapshotSchedulingReceiver
01-08 12:56:02.939 941 21177 I ActivityManager: Start proc 23235:com.google.android.apps.gcs/u0a8 for broadcast com.google.android.apps.gcs/com.google.android.libraries.vpn.gcs.core.receiver.PhenotypeConfigChangedReceiver
01-08 12:56:03.819 941 21161 I ActivityManager: Killing 21858:com.google.android.youtube/u0a68 (adj 906): empty #17
01-08 12:56:03.867 941 1582 D ConnectivityService: ConnectivityService NetworkRequestInfo binderDied(NetworkRequest [ TRACK_DEFAULT id=279, [ Capabilities: INTERNET&NOT_RESTRICTED&TRUSTED&NOT_VPN] ], android.os.BinderProxy@63e951)
01-08 12:56:03.867 941 952 D ConnectivityService: ConnectivityService NetworkRequestInfo binderDied(NetworkRequest [ TRACK_DEFAULT id=278, [ Capabilities: INTERNET&NOT_RESTRICTED&TRUSTED&NOT_VPN] ], android.os.BinderProxy@14735b6)
01-08 12:56:03.867 941 951 D ConnectivityService: ConnectivityService NetworkRequestInfo binderDied(NetworkRequest [ LISTEN id=276, [ Capabilities: INTERNET&NOT_RESTRICTED&TRUSTED&FOREGROUND] ], android.os.BinderProxy@e7382b7)
01-08 12:56:03.867 941 1024 D ConnectivityService: releasing NetworkRequest [ TRACK_DEFAULT id=279, [ Capabilities: INTERNET&NOT_RESTRICTED&TRUSTED&NOT_VPN] ] (release request)
01-08 12:56:03.868 941 1024 D ConnectivityService: releasing NetworkRequest [ TRACK_DEFAULT id=278, [ Capabilities: INTERNET&NOT_RESTRICTED&TRUSTED&NOT_VPN] ] (release request)
01-08 12:56:04.127 941 1585 I ActivityManager: Start proc 23275:com.android.chrome:sandboxed_process1/u0i35 for webview_service com.android.chrome/org.chromium.content.app.SandboxedProcessService1
01-08 12:56:04.235 941 29230 D ConnectivityService: Returning BLOCKED NetworkInfo to uid=10008
01-08 12:56:04.246 941 952 D ConnectivityService: requestNetwork for uid/pid:10008/23235 NetworkRequest [ TRACK_DEFAULT id=305, [ Capabilities: INTERNET&NOT_RESTRICTED&TRUSTED&NOT_VPN] ]
01-08 12:56:04.343 941 1585 I ActivityManager: Start proc 23294:com.google.android.partnersetup/u0a14 for broadcast com.google.android.partnersetup/.RlzPingBroadcastReceiver
01-08 12:56:04.574 12852 23111 W PackageParser: Unknown element under : queries at /data/user_de/0/com.google.android.gms/app_chimera/m/00000202/DynamiteModulesC.apk Binary XML file line #15
01-08 12:56:04.582 12852 23111 W PackageParser: Unknown element under : queries at /data/user_de/0/com.google.android.gms/app_chimera/m/000001dc/dl-AdsFdrDynamite.integ_234310602020000.apk Binary XML file line #15
01-08 12:56:04.683 941 1787 I ActivityManager: Killing 20719:com.google.android.googlequicksearchbox:train/u0a25 (adj 906): empty #17
01-08 12:56:04.898 941 1191 I ActivityManager: START u0 {act=android.intent.action.MAIN cat=[android.intent.category.LAUNCHER] flg=0x10200000 cmp=com.android.settings/.Settings bnds=[439,174][859,404]} from uid 10090
01-08 12:56:05.073 941 1776 I ActivityManager: Process com.android.chrome:sandboxed_process1 (pid 23275) has died: cch CEM
01-08 12:56:05.073 941 1776 W ActivityManager: Scheduling restart of crashed service com.android.chrome/org.chromium.content.app.SandboxedProcessService1 in 1000ms
01-08 12:56:05.080 941 958 D KernelUidCpuTimeReader: Removing uids 99035-99035
01-08 12:56:05.093 941 1191 I ActivityManager: Start proc 23337:com.android.chrome:sandboxed_process2/u0i36 for webview_service com.android.chrome/org.chromium.content.app.SandboxedProcessService2
01-08 12:56:05.660 12852 12942 W PackageParser: Unknown element under : queries at /data/user_de/0/com.google.android.gms/app_chimera/m/00000202/DynamiteModulesC.apk Binary XML file line #15
01-08 12:56:05.725 941 952 I ActivityManager: Killing 23337:com.android.chrome:sandboxed_process2/u0a34i36 (adj 0): isolated not needed
01-08 12:56:05.745 941 958 D KernelUidCpuTimeReader: Removing uids 99035-99035
01-08 12:56:05.745 941 958 D BatteryStatsImpl: Got readings for an isolated uid with no mapping to owning uid: 99035
01-08 12:56:05.746 941 958 D KernelUidCpuTimeReader: Removing uids 99036-99036
01-08 12:56:05.748 12852 12942 W PackageParser: Unknown element under : queries at /data/user_de/0/com.google.android.gms/app_chimera/m/000001dc/dl-AdsFdrDynamite.integ_234310602020000.apk Binary XML file line #15
01-08 12:56:06.126 941 1192 I ActivityManager: Start proc 23370:com.android.chrome:sandboxed_process3/u0i37 for webview_service com.android.chrome/org.chromium.content.app.SandboxedProcessService3
01-08 12:56:06.249 941 951 I ActivityManager: Killing 21773:com.google.android.gm/u0a63 (adj 906): empty #17
01-08 12:56:06.318 941 21177 D ConnectivityService: ConnectivityService NetworkRequestInfo binderDied(NetworkRequest [ TRACK_DEFAULT id=277, [ Capabilities: INTERNET&NOT_RESTRICTED&TRUSTED&NOT_VPN] ], android.os.BinderProxy@5b87161)
01-08 12:56:06.319 941 1024 D ConnectivityService: releasing NetworkRequest [ TRACK_DEFAULT id=277, [ Capabilities: INTERNET&NOT_RESTRICTED&TRUSTED&NOT_VPN] ] (release request)
01-08 12:56:06.405 941 951 I ActivityManager: Killing 23370:com.android.chrome:sandboxed_process3/u0a34i37 (adj 0): isolated not needed
01-08 12:56:06.446 941 29230 I ActivityManager: Start proc 23392:com.android.chrome:sandboxed_process4/u0i38 for webview_service com.android.chrome/org.chromium.content.app.SandboxedProcessService4
01-08 12:56:06.449 941 958 D KernelUidCpuTimeReader: Removing uids 99036-99036
01-08 12:56:06.449 941 958 D BatteryStatsImpl: Got readings for an isolated uid with no mapping to owning uid: 99036
01-08 12:56:06.450 941 958 D KernelUidCpuTimeReader: Removing uids 99037-99037
01-08 12:56:06.510 941 958 D KernelUidCpuTimeReader: Removing uids 99037-99037
01-08 12:56:06.510 941 958 D BatteryStatsImpl: Got readings for an isolated uid with no mapping to owning uid: 99037
01-08 12:56:06.514 941 958 E BatteryExternalStatsWorker: modem info is invalid: ModemActivityInfo{ mTimestamp=0 mSleepTimeMs=0 mIdleTimeMs=0 mTxTimeMs[]=[0, 0, 0, 0, 0] mRxTimeMs=0 mEnergyUsed=0}
01-08 12:56:06.517 941 1405 W ActivityManager: No permission grants found for com.google.android.apps.photos
01-08 12:56:06.528 941 1192 W ActivityManager: No permission grants found for com.google.android.apps.photos
01-08 12:56:06.535 941 958 E BatteryExternalStatsWorker: modem info is invalid: ModemActivityInfo{ mTimestamp=0 mSleepTimeMs=0 mIdleTimeMs=0 mTxTimeMs[]=[0, 0, 0, 0, 0] mRxTimeMs=0 mEnergyUsed=0}
01-08 12:56:06.579 941 1776 I ActivityManager: Start proc 23408:com.google.android.apps.turbo:aab/u0a93 for content provider com.google.android.apps.turbo/.nudges.battery.provider.EstimatedTimeRemainingProvider
01-08 12:56:06.647 941 1080 I ActivityManager: Killing 23392:com.android.chrome:sandboxed_process4/u0a34i38 (adj 0): isolated not needed
01-08 12:56:06.675 941 958 D KernelUidCpuTimeReader: Removing uids 99038-99038
01-08 12:56:06.771 941 1787 W ActivityManager: No permission grants found for com.google.android.apps.photos
01-08 12:56:06.778 941 951 W ActivityManager: No permission grants found for com.google.android.apps.photos
01-08 12:56:06.844 941 952 W ActivityManager: No permission grants found for com.google.android.apps.photos
01-08 12:56:06.844 941 21177 W ActivityManager: No permission grants found for com.google.android.apps.photos
01-08 12:56:08.311 941 951 I ActivityManager: START u0 {flg=0x8000 cmp=com.android.settings/.Settings$AppAndNotificationDashboardActivity (has extras)} from uid 1000
01-08 12:56:08.447 941 13817 E UserRestrictionsUtils: Unknown restriction: null
01-08 12:56:10.842 941 1787 I ActivityManager: START u0 {act=android.intent.action.MAIN cmp=com.android.settings/.Settings$ManageApplicationsActivity (has extras)} from uid 1000
01-08 12:56:12.679 941 1080 D CryptdConnector: SND -> {8 cryptfs getpwtype}
01-08 12:56:12.686 172 177 D VoldCryptCmdListener: cryptfs getpwtype
01-08 12:56:12.696 941 1012 D CryptdConnector: RCV <- {213 8 pin}
01-08 12:56:15.529 941 29230 I ActivityManager: START u0 {act=android.intent.action.MAIN cmp=com.android.settings/.SubSettings (has extras)} from uid 1000
01-08 12:56:15.621 6211 6211 W ContextImpl: Calling a method in the system process without a qualified user: android.app.ContextImpl.bindService:1556 android.content.ContextWrapper.bindService:684 android.content.pm.permission.RuntimePermissionPresenter$RemoteService.processMessage:171 android.content.pm.permission.RuntimePermissionPresenter.getAppPermissions:118 com.android.settingslib.applications.PermissionsSummaryHelper.getPermissionSummary:34
01-08 12:56:15.673 941 958 D KernelUidCpuTimeReader: Removing uids 99038-99038
01-08 12:56:15.673 941 958 D BatteryStatsImpl: Got readings for an isolated uid with no mapping to owning uid: 99038
01-08 12:56:15.676 941 958 E BatteryExternalStatsWorker: modem info is invalid: ModemActivityInfo{ mTimestamp=0 mSleepTimeMs=0 mIdleTimeMs=0 mTxTimeMs[]=[0, 0, 0, 0, 0] mRxTimeMs=0 mEnergyUsed=0} --------- beginning of main
01-08 12:56:15.847 6211 6211 V BatteryUtils: type: 0 time(us): 0
01-08 12:56:15.847 6211 6211 V BatteryUtils: foreground time(us): 0
01-08 12:56:15.847 6211 6211 V BatteryUtils: package: com.google.android.apps.cloudprint
01-08 12:56:15.847 6211 6211 V BatteryUtils: type: 0 time(us): 0
01-08 12:56:15.847 6211 6211 V BatteryUtils: foreground time(us): 0
01-08 12:56:15.847 6211 6211 V BatteryUtils: package: com.android.defcontainer
01-08 12:56:15.847 6211 6211 V BatteryUtils: type: 0 time(us): 0
01-08 12:56:15.847 6211 6211 V BatteryUtils: foreground time(us): 0
01-08 12:56:15.848 6211 6211 V BatteryUtils: package: com.google.android.packageinstaller
01-08 12:56:15.848 6211 6211 V BatteryUtils: type: 0 time(us): 0
01-08 12:56:15.848 6211 6211 V BatteryUtils: foreground time(us): 0
01-08 12:56:15.848 6211 6211 V BatteryUtils: package: io.qt.qtdesignviewer
01-08 12:56:15.848 6211 6211 V BatteryUtils: type: 0 time(us): 0
01-08 12:56:15.848 6211 6211 V BatteryUtils: foreground time(us): 0
01-08 12:56:15.850 26283 26298 W zygote64: Checksum mismatch for dex GooglePackageInstaller.apk
01-08 12:56:15.850 26283 26298 W zygote64: Checksum mismatch for dex GooglePackageInstaller.apk
01-08 12:56:15.877 188 6203 W gralloc : Unmapped consumer usage 200
01-08 12:56:15.877 188 6203 W gralloc : Unmapped producer usage 900
01-08 12:56:15.897 6211 6244 D OpenGLRenderer: endAllActiveAnimators on 0x6f4b359400 (ListView) with handle 0x6f445a32c0
01-08 12:56:16.773 941 1192 I ActivityManager: START u0 {act=android.intent.action.MANAGE_APP_PERMISSIONS cmp=com.google.android.packageinstaller/com.android.packageinstaller.permission.ui.ManagePermissionsActivity (has extras)} from uid 1000
01-08 12:56:16.846 188 315 W gralloc : Unmapped producer usage 900
01-08 12:56:16.849 188 188 W gralloc : Unmapped producer usage 900
01-08 12:56:16.851 188 314 W gralloc : Unmapped producer usage 900
01-08 12:56:16.853 26283 26301 D vndksupport: Loading /vendor/lib64/hw/gralloc.tegra.so from current namespace instead of sphal namespace.
01-08 12:56:16.872 26283 26301 I zygote64: android::hardware::configstore::V1_0::ISurfaceFlingerConfigs::hasWideColorDisplay retrieved: 0
01-08 12:56:16.872 26283 26301 I OpenGLRenderer: Initialized EGL, version 1.4
01-08 12:56:16.872 26283 26301 D OpenGLRenderer: Swap behavior 2
01-08 12:56:16.908 1065 1065 I GoogleInputMethodService: GoogleInputMethodService.onFinishInput():3206
01-08 12:56:16.909 1065 1065 I GoogleInputMethodService: GoogleInputMethodService.updateDeviceLockedStatus():2147 repeatCheckTimes = 0, locked = false
01-08 12:56:16.909 1065 1065 I GoogleInputMethodService: GoogleInputMethodService.onStartInput():1894 onStartInput(EditorInfo{EditorInfo{packageName=com.google.android.packageinstaller, inputType=0, inputTypeString=NULL, enableLearning=false, autoCorrection=false, autoComplete=false, imeOptions=0, privateImeOptions=null, actionName=UNSPECIFIED, actionLabel=null, initialSelStart=-1, initialSelEnd=-1, initialCapsMode=0, label=null, fieldId=16908298, fieldName=null, extras=null, hintText=null, hintLocales=[]}}, false)
01-08 12:56:16.909 1065 1065 I GoogleInputMethodService: GoogleInputMethodService.updateDeviceLockedStatus():2147 repeatCheckTimes = 1, locked = false
01-08 12:56:17.004 188 6203 W gralloc : Unmapped consumer usage 200
01-08 12:56:17.004 188 6203 W gralloc : Unmapped producer usage 900
01-08 12:56:17.036 188 315 W gralloc : Unmapped consumer usage 200
01-08 12:56:17.036 188 315 W gralloc : Unmapped producer usage 900
01-08 12:56:17.049 6211 6244 D OpenGLRenderer: endAllActiveAnimators on 0x6f4cbe3000 (RippleDrawable) with handle 0x6f4cb88ba0
01-08 12:56:18.445 188 188 W gralloc : Unmapped consumer usage 200
01-08 12:56:18.445 188 188 W gralloc : Unmapped producer usage 900
01-08 12:56:18.569 13834 13834 D BoundBrokerSvc: onUnbind: Intent { act=com.google.android.gms.apperrors.service.START_APP_ERROR dat=chimera-action: cmp=com.google.android.gms/.chimera.PersistentApiService }
01-08 12:56:18.641 17964 18116 I WorkerManager: dispose()
01-08 12:56:18.651 17964 18116 W A : (REDACTED) Queue length for executor %s is now %d. Perhaps some tasks are too long, or the pool is too small.
01-08 12:56:19.601 941 1080 I chatty : uid=1000(system) Binder:941_3 expire 1 line
01-08 12:56:19.705 941 952 I ActivityManager: START u0 {flg=0x10804000 cmp=com.android.systemui/.recents.RecentsActivity} from uid 10023
01-08 12:56:19.706 188 314 W gralloc : Unmapped consumer usage 200
01-08 12:56:19.706 188 314 W gralloc : Unmapped producer usage 100
01-08 12:56:19.713 188 6203 W gralloc : Unmapped consumer usage 200
01-08 12:56:19.713 188 6203 W gralloc : Unmapped producer usage 100
01-08 12:56:19.716 1089 1089 E BufferItemConsumer: [unnamed-1089-50] Failed to release buffer: Unknown error -1 (1)
01-08 12:56:19.733 188 315 W gralloc : Unmapped consumer usage 200
01-08 12:56:19.733 188 315 W gralloc : Unmapped producer usage 100
01-08 12:56:19.751 188 188 W gralloc : Unmapped consumer usage 200
01-08 12:56:19.751 188 188 W gralloc : Unmapped producer usage 100
01-08 12:56:19.752 1089 1089 E BufferItemConsumer: [unnamed-1089-51] Failed to release buffer: Unknown error -1 (1)
01-08 12:56:19.758 188 314 W gralloc : Unmapped producer usage 900
01-08 12:56:19.760 188 6203 W gralloc : Unmapped producer usage 900
01-08 12:56:19.763 188 315 W gralloc : Unmapped producer usage 900
01-08 12:56:19.771 1065 1065 I GoogleInputMethodService: GoogleInputMethodService.onFinishInput():3206
01-08 12:56:19.772 1065 1065 I GoogleInputMethodService: GoogleInputMethodService.updateDeviceLockedStatus():2147 repeatCheckTimes = 0, locked = false
01-08 12:56:19.772 1065 1065 I GoogleInputMethodService: GoogleInputMethodService.onStartInput():1894 onStartInput(EditorInfo{EditorInfo{packageName=com.android.systemui, inputType=0, inputTypeString=NULL, enableLearning=false, autoCorrection=false, autoComplete=false, imeOptions=0, privateImeOptions=null, actionName=UNSPECIFIED, actionLabel=null, initialSelStart=-1, initialSelEnd=-1, initialCapsMode=0, label=null, fieldId=-1, fieldName=null, extras=null, hintText=null, hintLocales=[]}}, false)
01-08 12:56:19.773 1065 1065 I GoogleInputMethodService: GoogleInputMethodService.updateDeviceLockedStatus():2147 repeatCheckTimes = 1, locked = false
01-08 12:56:19.773 188 188 W gralloc : Unmapped consumer usage 200
01-08 12:56:19.774 188 188 W gralloc : Unmapped producer usage 900
01-08 12:56:19.792 188 314 W gralloc : Unmapped consumer usage 200
01-08 12:56:19.792 188 314 W gralloc : Unmapped producer usage 900
01-08 12:56:19.804 1133 1133 D zz : UtWallpaperService$UtEngine.onVisibilityChanged() true
01-08 12:56:19.811 188 6203 W gralloc : Unmapped consumer usage 200
01-08 12:56:19.811 188 6203 W gralloc : Unmapped producer usage 100
01-08 12:56:19.816 188 315 W gralloc : Unmapped consumer usage 200
01-08 12:56:19.816 188 315 W gralloc : Unmapped producer usage 900
01-08 12:56:19.943 1133 1133 D zz : UtRenderer.onVisible()
01-08 12:56:19.945 1133 1133 W zz : WeatherManager.doGet() no permissions
01-08 12:56:19.946 1133 1133 W zz : SunriseUtil.doGet() no permissions
01-08 12:56:19.952 1133 1133 V zz : TimelapseRenderer$1.onReceive() got sunrise broadcast - false
01-08 12:56:20.209 941 2709 I chatty : uid=1000(system) RenderThread expire 4 lines
01-08 12:56:21.618 941 1583 I ActivityManager: START u0 {act=android.intent.action.MAIN cat=[android.intent.category.HOME] flg=0x10200000 cmp=com.google.android.apps.pixelclauncher/com.google.android.apps.nexuslauncher.NexusLauncherActivity} from uid 10023
01-08 12:56:21.641 188 188 W gralloc : Unmapped producer usage 900
01-08 12:56:21.645 188 314 W gralloc : Unmapped producer usage 900
01-08 12:56:21.661 188 6203 W gralloc : Unmapped producer usage 900
01-08 12:56:21.671 192 192 D SurfaceFlinger: duplicate layer name: changing com.google.android.apps.pixelclauncher/com.google.android.apps.nexuslauncher.NexusLauncherActivity to com.google.android.apps.pixelclauncher/com.google.android.apps.nexuslauncher.NexusLauncherActivity#1
01-08 12:56:21.674 188 315 W gralloc : Unmapped producer usage 900
01-08 12:56:21.688 188 188 W gralloc : Unmapped producer usage 900
01-08 12:56:21.690 188 314 W gralloc : Unmapped consumer usage 200
01-08 12:56:21.690 188 314 W gralloc : Unmapped producer usage 900
01-08 12:56:21.711 188 6203 W gralloc : Unmapped producer usage 900
01-08 12:56:21.727 1089 6694 I zygote64: Explicit concurrent copying GC freed 15950(681KB) AllocSpace objects, 0(0B) LOS objects, 49% free, 4MB/8MB, paused 64us total 72.926ms
01-08 12:56:21.742 1065 1065 I GoogleInputMethodService: GoogleInputMethodService.onFinishInput():3206
01-08 12:56:21.744 1065 1065 I GoogleInputMethodService: GoogleInputMethodService.updateDeviceLockedStatus():2147 repeatCheckTimes = 0, locked = false
01-08 12:56:21.744 1065 1065 I GoogleInputMethodService: GoogleInputMethodService.onStartInput():1894 onStartInput(EditorInfo{EditorInfo{packageName=com.google.android.apps.pixelclauncher, inputType=0, inputTypeString=NULL, enableLearning=false, autoCorrection=false, autoComplete=false, imeOptions=0, privateImeOptions=null, actionName=UNSPECIFIED, actionLabel=null, initialSelStart=-1, initialSelEnd=-1, initialCapsMode=0, label=null, fieldId=-1, fieldName=null, extras=null, hintText=null, hintLocales=[]}}, false)
01-08 12:56:21.745 1065 1065 I GoogleInputMethodService: GoogleInputMethodService.updateDeviceLockedStatus():2147 repeatCheckTimes = 1, locked = false
01-08 12:56:21.751 188 315 W gralloc : Unmapped consumer usage 200
01-08 12:56:21.751 188 315 W gralloc : Unmapped producer usage 900
01-08 12:56:21.789 188 188 W gralloc : Unmapped consumer usage 200
01-08 12:56:21.789 188 188 W gralloc : Unmapped producer usage 900
01-08 12:56:21.809 188 314 W gralloc : Unmapped consumer usage 200
01-08 12:56:21.809 188 314 W gralloc : Unmapped producer usage 900
01-08 12:56:22.261 1481 1606 W OpenGLRenderer: Incorrectly called buildLayer on View: ShortcutAndWidgetContainer, destroying layer...
01-08 12:56:22.261 1481 1606 W OpenGLRenderer: Incorrectly called buildLayer on View: ShortcutAndWidgetContainer, destroying layer...
01-08 12:56:22.396 1065 1065 I GoogleInputMethodService: GoogleInputMethodService.onFinishInput():3206
01-08 12:56:22.397 1065 1065 I GoogleInputMethodService: GoogleInputMethodService.updateDeviceLockedStatus():2147 repeatCheckTimes = 0, locked = false
01-08 12:56:22.397 1065 1065 I GoogleInputMethodService: GoogleInputMethodService.onStartInput():1894 onStartInput(EditorInfo{EditorInfo{packageName=com.google.android.apps.pixelclauncher, inputType=0, inputTypeString=NULL, enableLearning=false, autoCorrection=false, autoComplete=false, imeOptions=0, privateImeOptions=null, actionName=UNSPECIFIED, actionLabel=null, initialSelStart=-1, initialSelEnd=-1, initialCapsMode=0, label=null, fieldId=2131623976, fieldName=null, extras=null, hintText=null, hintLocales=[]}}, false)
01-08 12:56:22.397 1065 1065 I GoogleInputMethodService: GoogleInputMethodService.updateDeviceLockedStatus():2147 repeatCheckTimes = 1, locked = false
01-08 12:56:23.409 941 954 I chatty : uid=1000(system) android.bg expire 18 lines
01-08 12:56:23.554 941 13817 I ActivityManager: START u0 {act=android.intent.action.MAIN cat=[android.intent.category.LAUNCHER] flg=0x10200000 cmp=io.qt.qtdesignviewer/org.qtproject.qt.android.bindings.QtActivity bnds=[859,1588][1280,1818]} from uid 10090
01-08 12:56:23.580 941 1080 I ActivityManager: Start proc 23487:io.qt.qtdesignviewer/u0a472 for activity io.qt.qtdesignviewer/org.qtproject.qt.android.bindings.QtActivity
01-08 12:56:23.587 188 6203 W gralloc : Unmapped producer usage 900
01-08 12:56:23.592 941 991 I chatty : uid=1000(system) android.anim expire 4 lines
01-08 12:56:23.594 23487 23487 I zygote64: Late-enabling -Xcheck:jni
01-08 12:56:23.690 188 315 W gralloc : Unmapped consumer usage 200
01-08 12:56:23.690 188 315 W gralloc : Unmapped producer usage 900
01-08 12:56:23.695 23487 23487 W ActivityThread: Application io.qt.qtdesignviewer can be debugged on port 8100...
01-08 12:56:23.822 23487 23487 W System : ClassLoader referenced unknown path:
01-08 12:56:23.936 23487 23487 D Qt JAVA : Class org.qtproject.qt.android.multimedia.QtAudioDeviceManager does not implement setActivity method
01-08 12:56:23.951 23487 23503 W linker : "/data/app/io.qt.qtdesignviewer-8vwpMeZRbuZiBqVHox1-Yg==/lib/arm64/libc++_shared.so" unused DT entry: type 0x70000001 arg 0x0
01-08 12:56:24.006 23487 23503 I QtCore : Start
01-08 12:56:24.047 1133 1133 D zz : UtWallpaperService$UtEngine.onVisibilityChanged() false
01-08 12:56:24.069 1133 1133 D zz : UtRenderer.onNotVisible()
01-08 12:56:24.691 23487 23503 I Qt : qt started
01-08 12:56:24.821 23487 23504 D OpenGLRenderer: HWUI GL Pipeline
01-08 12:56:24.848 188 188 W gralloc : Unmapped producer usage 900
01-08 12:56:24.850 23487 23504 D NvOsDebugPrintf: NvRmPrivGetChipPlatform: Could not read platform information
01-08 12:56:24.850 23487 23504 D NvOsDebugPrintf: Expected on kernels without fuse support, using silicon
01-08 12:56:24.857 23487 23504 D vndksupport: Loading /vendor/lib64/hw/gralloc.tegra.so from current namespace instead of sphal namespace.
01-08 12:56:24.860 188 314 W gralloc : Unmapped producer usage 900
01-08 12:56:24.862 188 6203 W gralloc : Unmapped producer usage 900
01-08 12:56:24.875 163 163 W /system/bin/hwservicemanager: getTransport: Cannot find entry android.hardware.configstore@1.0::ISurfaceFlingerConfigs/default in either framework or device manifest.
01-08 12:56:24.877 23487 23504 I zygote64: android::hardware::configstore::V1_0::ISurfaceFlingerConfigs::hasWideColorDisplay retrieved: 0
01-08 12:56:24.877 23487 23504 I OpenGLRenderer: Initialized EGL, version 1.4
01-08 12:56:24.877 23487 23504 D OpenGLRenderer: Swap behavior 2
01-08 12:56:24.905 1065 1065 I GoogleInputMethodService: GoogleInputMethodService.onFinishInput():3206
01-08 12:56:24.906 1065 1065 I GoogleInputMethodService: GoogleInputMethodService.updateDeviceLockedStatus():2147 repeatCheckTimes = 0, locked = false
01-08 12:56:24.906 1065 1065 I GoogleInputMethodService: GoogleInputMethodService.onStartInput():1894 onStartInput(EditorInfo{EditorInfo{packageName=io.qt.qtdesignviewer, inputType=0, inputTypeString=NULL, enableLearning=false, autoCorrection=false, autoComplete=false, imeOptions=0, privateImeOptions=null, actionName=UNSPECIFIED, actionLabel=null, initialSelStart=-1, initialSelEnd=-1, initialCapsMode=0, label=null, fieldId=-1, fieldName=null, extras=null, hintText=null, hintLocales=[]}}, false)
01-08 12:56:24.906 1065 1065 I GoogleInputMethodService: GoogleInputMethodService.updateDeviceLockedStatus():2147 repeatCheckTimes = 1, locked = false
01-08 12:56:24.993 188 315 W gralloc : Unmapped consumer usage 200
01-08 12:56:24.993 188 315 W gralloc : Unmapped producer usage 900
01-08 12:56:24.996 163 163 W /system/bin/hwservicemanager: getTransport: Cannot find entry android.hardware.graphics.mapper@2.0::IMapper/default in either framework or device manifest.
01-08 12:56:24.997 23487 23504 D vndksupport: Loading /vendor/lib64/hw/android.hardware.graphics.mapper@2.0-impl.so from current namespace instead of sphal namespace.
01-08 12:56:24.999 23487 23504 D vndksupport: Loading /vendor/lib64/hw/gralloc.tegra.so from current namespace instead of sphal namespace.
01-08 12:56:25.001 23487 23504 D vndksupport: Loading /vendor/lib64/hw/gralloc.tegra.so from current namespace instead of sphal namespace.
01-08 12:56:25.123 23487 23503 I CameraManagerGlobal: Connecting to camera service
01-08 12:56:25.642 23487 23503 D Qt_UI_Viewer: Warning: QQmlExpression: Expression qrc:/HomePage.qml:76:17 depends on non-NOTIFYable properties:
01-08 12:56:25.642 23487 23503 D Qt_UI_Viewer: Warning: Backend::userHash
01-08 12:56:25.820 941 1191 I ActivityManager: Killing 22528:com.android.providers.calendar/u0a1 (adj 906): empty #17
01-08 12:56:25.880 188 188 W gralloc : Unmapped consumer usage 200
01-08 12:56:25.880 188 188 W gralloc : Unmapped producer usage 900
01-08 12:56:25.886 188 314 W gralloc : Unmapped consumer usage 200
01-08 12:56:25.886 188 314 W gralloc : Unmapped producer usage 900
01-08 12:56:25.907 23514 23514 W QtThread: type=1400 audit(0.0:132): avc: denied { read } for name="boot_id" dev="proc" ino=517713 scontext=u:r:untrusted_app:s0:c512,c768 tcontext=u:object_r:proc:s0 tclass=file permissive=0
01-08 12:56:26.009 188 6203 W gralloc : Unmapped consumer usage 200
01-08 12:56:26.009 188 6203 W gralloc : Unmapped producer usage 900
01-08 12:56:26.012 188 315 W gralloc : Unmapped consumer usage 200
01-08 12:56:26.013 188 315 W gralloc : Unmapped producer usage 900
01-08 12:56:26.017 23487 23503 D Qt_UI_Viewer: Debug: Qt Design Viewer
01-08 12:56:26.017 23487 23503 D Qt_UI_Viewer: Debug: System information:
01-08 12:56:26.017 23487 23503 D Qt_UI_Viewer: Debug: -- Qt version: 6.6.1
01-08 12:56:26.088 23487 23503 D Qt_UI_Viewer: Debug: -- OpenSSL support: "true"
01-08 12:56:26.088 23487 23503 D Qt_UI_Viewer: Debug: -- Screen height: "900"
01-08 12:56:26.088 23487 23503 D Qt_UI_Viewer: Debug: -- Screen width: "1280"
01-08 12:56:26.092 23503 23503 W qtMainLoopThrea: type=1400 audit(0.0:133): avc: denied { read } for name="boot_id" dev="proc" ino=517713 scontext=u:r:untrusted_app:s0:c512,c768 tcontext=u:object_r:proc:s0 tclass=file permissive=0
01-08 12:56:26.092 23487 23503 D Qt_UI_Viewer: Debug: User Hash is not registered. Scan QR code to register.
01-08 12:56:26.099 23487 23503 D Qt_UI_Viewer: Debug: Update in background is disabled
01-08 12:56:26.099 23487 23503 D Qt_UI_Viewer: Debug: Initialization complete
01-08 12:56:26.099 23487 23503 D Qt_UI_Viewer: Debug: ======================
01-08 12:56:26.100 23487 23503 D Qt_UI_Viewer: Debug: max framerate: 120
01-08 12:56:26.100 23487 23503 D Qt_UI_Viewer: Debug: min framerate: 10
01-08 12:56:26.100 23487 23503 D Qt_UI_Viewer: Debug: pix fmt: Format_YUV420P
01-08 12:56:26.100 23487 23503 D Qt_UI_Viewer: Debug: res: QSize(3280, 2460)
01-08 12:56:26.100 23487 23503 D Qt_UI_Viewer: Debug: ======================
01-08 12:56:26.100 23487 23503 D Qt_UI_Viewer: Debug: max framerate: 120
01-08 12:56:26.100 23487 23503 D Qt_UI_Viewer: Debug: min framerate: 10
01-08 12:56:26.100 23487 23503 D Qt_UI_Viewer: Debug: pix fmt: Format_YUV420P
01-08 12:56:26.100 23487 23503 D Qt_UI_Viewer: Debug: res: QSize(2592, 1944)
01-08 12:56:26.100 23487 23503 D Qt_UI_Viewer: Debug: ======================
01-08 12:56:26.100 23487 23503 D Qt_UI_Viewer: Debug: max framerate: 120
01-08 12:56:26.100 23487 23503 D Qt_UI_Viewer: Debug: min framerate: 10
01-08 12:56:26.100 23487 23503 D Qt_UI_Viewer: Debug: pix fmt: Format_YUV420P
01-08 12:56:26.100 23487 23503 D Qt_UI_Viewer: Debug: res: QSize(1920, 1080)
01-08 12:56:26.100 23487 23503 D Qt_UI_Viewer: Debug: ======================
01-08 12:56:26.100 23487 23503 D Qt_UI_Viewer: Debug: max framerate: 120
01-08 12:56:26.100 23487 23503 D Qt_UI_Viewer: Debug: min framerate: 10
01-08 12:56:26.100 23487 23503 D Qt_UI_Viewer: Debug: pix fmt: Format_YUV420P
01-08 12:56:26.100 23487 23503 D Qt_UI_Viewer: Debug: res: QSize(1440, 1080)
01-08 12:56:26.100 23487 23503 D Qt_UI_Viewer: Debug: ======================
01-08 12:56:26.100 23487 23503 D Qt_UI_Viewer: Debug: max framerate: 120
01-08 12:56:26.100 23487 23503 D Qt_UI_Viewer: Debug: min framerate: 10
01-08 12:56:26.100 23487 23503 D Qt_UI_Viewer: Debug: pix fmt: Format_YUV420P
01-08 12:56:26.100 23487 23503 D Qt_UI_Viewer: Debug: res: QSize(1280, 720)
01-08 12:56:26.100 23487 23503 D Qt_UI_Viewer: Debug: ======================
01-08 12:56:26.100 23487 23503 D Qt_UI_Viewer: Debug: max framerate: 120
01-08 12:56:26.100 23487 23503 D Qt_UI_Viewer: Debug: min framerate: 10
01-08 12:56:26.100 23487 23503 D Qt_UI_Viewer: Debug: pix fmt: Format_YUV420P
01-08 12:56:26.100 23487 23503 D Qt_UI_Viewer: Debug: res: QSize(640, 480)
01-08 12:56:26.100 23487 23503 D Qt_UI_Viewer: Debug: ======================
01-08 12:56:26.100 23487 23503 D Qt_UI_Viewer: Debug: max framerate: 120
01-08 12:56:26.100 23487 23503 D Qt_UI_Viewer: Debug: min framerate: 10
01-08 12:56:26.100 23487 23503 D Qt_UI_Viewer: Debug: pix fmt: Format_YUV420P
01-08 12:56:26.100 23487 23503 D Qt_UI_Viewer: Debug: res: QSize(352, 288)
01-08 12:56:26.100 23487 23503 D Qt_UI_Viewer: Debug: ======================
01-08 12:56:26.100 23487 23503 D Qt_UI_Viewer: Debug: max framerate: 120
01-08 12:56:26.100 23487 23503 D Qt_UI_Viewer: Debug: min framerate: 10
01-08 12:56:26.100 23487 23503 D Qt_UI_Viewer: Debug: pix fmt: Format_YUV420P
01-08 12:56:26.100 23487 23503 D Qt_UI_Viewer: Debug: res: QSize(320, 240)
01-08 12:56:26.101 23487 23503 D Qt_UI_Viewer: Debug: ======================
01-08 12:56:26.101 23487 23503 D Qt_UI_Viewer: Debug: max framerate: 120
01-08 12:56:26.101 23487 23503 D Qt_UI_Viewer: Debug: min framerate: 10
01-08 12:56:26.101 23487 23503 D Qt_UI_Viewer: Debug: pix fmt: Format_YUV420P
01-08 12:56:26.101 23487 23503 D Qt_UI_Viewer: Debug: res: QSize(176, 144)
01-08 12:56:26.106 23487 23503 D Qt_UI_Viewer: Warning: Access to camera not granted!
01-08 12:56:26.144 192 192 D SurfaceFlinger: duplicate layer name: changing SurfaceView - io.qt.qtdesignviewer/org.qtproject.qt.android.bindings.QtActivity to SurfaceView - io.qt.qtdesignviewer/org.qtproject.qt.android.bindings.QtActivity#1
01-08 12:56:26.145 192 192 D SurfaceFlinger: duplicate layer name: changing Background for - SurfaceView - io.qt.qtdesignviewer/org.qtproject.qt.android.bindings.QtActivity to Background for - SurfaceView - io.qt.qtdesignviewer/org.qtproject.qt.android.bindings.QtActivity#1
01-08 12:56:26.153 188 188 W gralloc : Unmapped producer usage 900
01-08 12:56:26.155 188 314 W gralloc : Unmapped consumer usage 200
01-08 12:56:26.155 188 314 W gralloc : Unmapped producer usage 900
01-08 12:56:26.166 23487 23503 W gralloc : Unmapped producer usage 11
01-08 12:56:26.166 23487 23503 W gralloc : Unmapped consumer usage 1
01-08 12:56:26.281 192 192 D SurfaceFlinger: duplicate layer name: changing SurfaceView - io.qt.qtdesignviewer/org.qtproject.qt.android.bindings.QtActivity to SurfaceView - io.qt.qtdesignviewer/org.qtproject.qt.android.bindings.QtActivity#2
01-08 12:56:26.281 192 192 D SurfaceFlinger: duplicate layer name: changing Background for - SurfaceView - io.qt.qtdesignviewer/org.qtproject.qt.android.bindings.QtActivity to Background for - SurfaceView - io.qt.qtdesignviewer/org.qtproject.qt.android.bindings.QtActivity#2
01-08 12:56:26.288 188 6203 W gralloc : Unmapped consumer usage 200
01-08 12:56:26.288 188 6203 W gralloc : Unmapped producer usage 900
01-08 12:56:26.313 188 315 W gralloc : Unmapped producer usage 900
01-08 12:56:26.327 23487 23503 W gralloc : Unmapped producer usage 1
01-08 12:56:26.327 23487 23503 W gralloc : Unmapped consumer usage 1
01-08 12:56:26.327 23487 23503 W gralloc : Unmapped producer usage 10
01-08 12:56:26.350 23487 23503 W gralloc : Unmapped producer usage 11
01-08 12:56:26.350 23487 23503 W gralloc : Unmapped consumer usage 1
01-08 12:56:26.365 188 188 W gralloc : Unmapped consumer usage 200
01-08 12:56:26.366 188 188 W gralloc : Unmapped producer usage 900
01-08 12:56:26.803 941 13817 I ActivityManager: Killing 22482:com.google.android.calendar/u0a31 (adj 906): empty #17
01-08 12:56:26.804 941 957 I chatty : uid=1000(system) ActivityManager expire 16 lines
01-08 12:56:27.221 941 1776 I ActivityManager: Killing 22963:com.easybrain.jigsaw.puzzles:fcm/u0a199 (adj 904): empty #17
01-08 12:56:27.222 941 1776 I ActivityManager: Killing 22847:com.easybrain.jigsaw.puzzles/u0a199 (adj 906): empty #18
01-08 12:56:27.222 941 1776 I ActivityManager: Killing 22601:com.google.android.GoogleCamera/u0a41 (adj 906): empty #19
01-08 12:56:27.271 941 1192 W ActivityManager: Scheduling restart of crashed service com.easybrain.jigsaw.puzzles/com.easybrain.fcm.FcmMessagingService in 1000ms
01-08 12:56:27.284 941 1406 D ConnectivityService: ConnectivityService NetworkRequestInfo binderDied(NetworkRequest [ LISTEN id=295, [ Capabilities: INTERNET&NOT_RESTRICTED&TRUSTED&NOT_VPN&FOREGROUND] ], android.os.BinderProxy@8119487)
01-08 12:56:27.284 941 1583 D ConnectivityService: ConnectivityService NetworkRequestInfo binderDied(NetworkRequest [ LISTEN id=296, [ Capabilities: INTERNET&NOT_RESTRICTED&TRUSTED&NOT_VPN&FOREGROUND] ], android.os.BinderProxy@2278fb4)
01-08 12:56:27.284 941 1405 D ConnectivityService: ConnectivityService NetworkRequestInfo binderDied(NetworkRequest [ LISTEN id=297, [ Capabilities: INTERNET&NOT_RESTRICTED&TRUSTED&NOT_VPN&FOREGROUND] ], android.os.BinderProxy@64e2cc6)
01-08 12:56:27.284 941 29230 D ConnectivityService: ConnectivityService NetworkRequestInfo binderDied(NetworkRequest [ LISTEN id=293, [ Capabilities: INTERNET&NOT_RESTRICTED&TRUSTED&NOT_VPN&FOREGROUND] ], android.os.BinderProxy@1d937dd)
01-08 12:56:27.284 941 21177 D ConnectivityService: ConnectivityService NetworkRequestInfo binderDied(NetworkRequest [ LISTEN id=292, [ Capabilities: INTERNET&NOT_RESTRICTED&TRUSTED&NOT_VPN&FOREGROUND] ], android.os.BinderProxy@568f223)
01-08 12:56:27.284 941 29230 D ConnectivityService: ConnectivityService NetworkRequestInfo binderDied(NetworkRequest [ LISTEN id=288, [ Capabilities: INTERNET&NOT_RESTRICTED&TRUSTED&NOT_VPN&FOREGROUND] ], android.os.BinderProxy@187f320)
01-08 12:56:27.284 941 21177 D ConnectivityService: ConnectivityService NetworkRequestInfo binderDied(NetworkRequest [ LISTEN id=289, [ Capabilities: INTERNET&NOT_RESTRICTED&TRUSTED&NOT_VPN&FOREGROUND] ], android.os.BinderProxy@db674d9)
01-08 12:56:27.284 941 21161 D ConnectivityService: ConnectivityService NetworkRequestInfo binderDied(NetworkRequest [ LISTEN id=290, [ Capabilities: INTERNET&NOT_RESTRICTED&TRUSTED&NOT_VPN&FOREGROUND] ], android.os.BinderProxy@7200e9e)
01-08 12:56:27.284 941 29230 D ConnectivityService: ConnectivityService NetworkRequestInfo binderDied(NetworkRequest [ LISTEN id=298, [ Capabilities: INTERNET&NOT_RESTRICTED&TRUSTED&NOT_VPN&FOREGROUND] ], android.os.BinderProxy@94e8d7f)
01-08 12:56:27.284 941 21177 D ConnectivityService: ConnectivityService NetworkRequestInfo binderDied(NetworkRequest [ LISTEN id=299, [ Capabilities: INTERNET&NOT_RESTRICTED&TRUSTED&NOT_VPN&FOREGROUND] ], android.os.BinderProxy@4c9214c)
01-08 12:56:27.284 941 29230 D ConnectivityService: ConnectivityService NetworkRequestInfo binderDied(NetworkRequest [ LISTEN id=300, [ Capabilities: INTERNET&NOT_RESTRICTED&TRUSTED&NOT_VPN&FOREGROUND] ], android.os.BinderProxy@e908595)
01-08 12:56:27.285 941 951 D ConnectivityService: ConnectivityService NetworkRequestInfo binderDied(NetworkRequest [ LISTEN id=294, [ Capabilities: INTERNET&NOT_RESTRICTED&TRUSTED&NOT_VPN&FOREGROUND] ], android.os.BinderProxy@27a76aa)
01-08 12:56:27.285 941 1405 D ConnectivityService: ConnectivityService NetworkRequestInfo binderDied(NetworkRequest [ LISTEN id=291, [ Capabilities: INTERNET&NOT_RESTRICTED&TRUSTED&NOT_VPN&FOREGROUND] ], android.os.BinderProxy@fc8829b)
01-08 12:56:27.287 941 1080 I ActivityManager: Killing 23067:com.android.chrome:sandboxed_process0/u0a199i34 (adj 0): isolated not needed
01-08 12:56:27.298 941 958 D KernelUidCpuTimeReader: Removing uids 99034-99034
01-08 12:56:31.811 841 1506 I chatty : uid=1041(audioserver) writer expire 27 lines
01-08 12:56:31.814 841 1506 D /system/bin/audioserver: connect control (val=0.2) to drc:19 (in)
01-08 12:56:31.814 841 1506 D /system/bin/audioserver: connect control (val=6) to drc:20 (in)
01-08 12:56:31.814 841 1506 D /system/bin/audioserver: connect control (val=2200) to drc:21 (in)
01-08 12:56:31.814 841 1506 D /system/bin/audioserver: connect control (val=1) to drc:22 (in)
01-08 12:56:31.814 841 1506 D /system/bin/audioserver: connect control (val=-18) to drc:23 (in)
01-08 12:56:31.814 841 1506 D /system/bin/audioserver: connect control (val=20) to drc:24 (in)
01-08 12:56:31.814 841 1506 D /system/bin/audioserver: connect control (val=6) to drc:25 (in)
01-08 12:56:31.814 841 1506 D /system/bin/audioserver: connect control (val=0.003) to drc:26 (in)
01-08 12:56:31.815 841 1506 D /system/bin/audioserver: connect control (val=0.2) to drc:27 (in)
01-08 12:56:31.815 841 1506 D /system/bin/audioserver: connect control (val=-1) to drc:28 (in)
01-08 12:56:31.815 841 1506 D /system/bin/audioserver: connect audio buf 0 to eq2:0 (in)
01-08 12:56:31.815 841 1506 D /system/bin/audioserver: connect audio buf 1 to eq2:1 (in)
01-08 12:56:31.815 841 1506 D /system/bin/audioserver: connect audio buf 0 to eq2:2 (out)
01-08 12:56:31.815 841 1506 D /system/bin/audioserver: connect audio buf 1 to eq2:3 (out)
01-08 12:56:31.815 841 1506 D /system/bin/audioserver: connect control (val=2) to eq2:4 (in)
01-08 12:56:31.815 841 1506 D /system/bin/audioserver: connect control (val=330) to eq2:5 (in)
01-08 12:56:31.815 841 1506 D /system/bin/audioserver: connect control (val=0) to eq2:6 (in)
01-08 12:56:31.815 841 1506 D /system/bin/audioserver: connect control (val=0) to eq2:7 (in)
01-08 12:56:31.815 841 1506 D /system/bin/audioserver: connect control (val=2) to eq2:8 (in)
01-08 12:56:31.815 841 1506 D /system/bin/audioserver: connect control (val=330) to eq2:9 (in)
01-08 12:56:31.815 841 1506 D /system/bin/audioserver: connect control (val=0) to eq2:10 (in)
01-08 12:56:31.815 841 1506 D /system/bin/audioserver: connect control (val=0) to eq2:11 (in)
01-08 12:56:31.815 841 1506 D /system/bin/audioserver: connect control (val=6) to eq2:12 (in)
01-08 12:56:31.815 841 1506 D /system/bin/audioserver: connect control (val=550) to eq2:13 (in)
01-08 12:56:31.815 841 1506 D /system/bin/audioserver: connect control (val=3) to eq2:14 (in)
01-08 12:56:31.815 841 1506 D /system/bin/audioserver: connect control (val=-10) to eq2:15 (in)
01-08 12:56:31.815 841 1506 D /system/bin/audioserver: connect control (val=6) to eq2:16 (in)
01-08 12:56:31.815 841 1506 D /system/bin/audioserver: connect control (val=550) to eq2:17 (in)
01-08 12:56:31.815 841 1506 D /system/bin/audioserver: connect control (val=3) to eq2:18 (in)
01-08 12:56:31.815 841 1506 D /system/bin/audioserver: connect control (val=-10) to eq2:19 (in)
01-08 12:56:31.815 841 1506 D /system/bin/audioserver: connect control (val=6) to eq2:20 (in)
01-08 12:56:31.815 841 1506 D /system/bin/audioserver: connect control (val=740) to eq2:21 (in)
01-08 12:56:31.815 841 1506 D /system/bin/audioserver: connect control (val=3) to eq2:22 (in)
01-08 12:56:31.815 841 1506 D /system/bin/audioserver: connect control (val=-8) to eq2:23 (in)
01-08 12:56:31.815 841 1506 D /system/bin/audioserver: connect control (val=6) to eq2:24 (in)
01-08 12:56:31.815 841 1506 D /system/bin/audioserver: connect control (val=750) to eq2:25 (in)
01-08 12:56:31.815 841 1506 D /system/bin/audioserver: connect control (val=3) to eq2:26 (in)
01-08 12:56:31.815 841 1506 D /system/bin/audioserver: connect control (val=-6) to eq2:27 (in)
01-08 12:56:31.816 841 1506 D /system/bin/audioserver: connect control (val=6) to eq2:28 (in)
01-08 12:56:31.816 841 1506 D /system/bin/audioserver: connect control (val=1000) to eq2:29 (in)
01-08 12:56:31.816 841 1506 D /system/bin/audioserver: connect control (val=3) to eq2:30 (in)
01-08 12:56:31.816 841 1506 D /system/bin/audioserver: connect control (val=-3) to eq2:31 (in)
01-08 12:56:31.816 841 1506 D /system/bin/audioserver: connect control (val=6) to eq2:32 (in)
01-08 12:56:31.816 841 1506 D /system/bin/audioserver: connect control (val=360) to eq2:33 (in)
01-08 12:56:31.816 841 1506 D /system/bin/audioserver: connect control (val=2) to eq2:34 (in)
01-08 12:56:31.816 841 1506 D /system/bin/audioserver: connect control (val=-4) to eq2:35 (in)
01-08 12:56:31.816 841 1506 D /system/bin/audioserver: connect control (val=6) to eq2:36 (in)
01-08 12:56:31.816 841 1506 D /system/bin/audioserver: connect control (val=1300) to eq2:37 (in)
01-08 12:56:31.816 841 1506 D /system/bin/audioserver: connect control (val=3) to eq2:38 (in)
01-08 12:56:31.816 841 1506 D /system/bin/audioserver: connect control (val=-4) to eq2:39 (in)
01-08 12:56:31.816 841 1506 D /system/bin/audioserver: connect control (val=6) to eq2:40 (in)
01-08 12:56:31.816 841 1506 D /system/bin/audioserver: connect control (val=1000) to eq2:41 (in)
01-08 12:56:31.816 841 1506 D /system/bin/audioserver: connect control (val=2) to eq2:42 (in)
01-08 12:56:31.816 841 1506 D /system/bin/audioserver: connect control (val=-4) to eq2:43 (in)
01-08 12:56:31.816 841 1506 D /system/bin/audioserver: connect control (val=6) to eq2:44 (in)
01-08 12:56:31.816 841 1506 D /system/bin/audioserver: connect control (val=360) to eq2:45 (in)
01-08 12:56:31.816 841 1506 D /system/bin/audioserver: connect control (val=1) to eq2:46 (in)
01-08 12:56:31.816 841 1506 D /system/bin/audioserver: connect control (val=-3) to eq2:47 (in)
01-08 12:56:31.816 841 1506 D /system/bin/audioserver: connect control (val=6) to eq2:48 (in)
01-08 12:56:31.816 841 1506 D /system/bin/audioserver: connect control (val=1200) to eq2:49 (in)
01-08 12:56:31.816 841 1506 D /system/bin/audioserver: connect control (val=2) to eq2:50 (in)
01-08 12:56:31.816 841 1506 D /system/bin/audioserver: connect control (val=-5) to eq2:51 (in)
01-08 12:56:31.816 841 1506 D /system/bin/audioserver: connect control (val=6) to eq2:52 (in)
01-08 12:56:31.816 841 1506 D /system/bin/audioserver: connect control (val=2200) to eq2:53 (in)
01-08 12:56:31.816 841 1506 D /system/bin/audioserver: connect control (val=7) to eq2:54 (in)
01-08 12:56:31.816 841 1506 D /system/bin/audioserver: connect control (val=-9) to eq2:55 (in)
01-08 12:56:31.817 841 1506 D /system/bin/audioserver: connect control (val=6) to eq2:56 (in)
01-08 12:56:31.817 841 1506 D /system/bin/audioserver: connect control (val=2200) to eq2:57 (in)
01-08 12:56:31.817 841 1506 D /system/bin/audioserver: connect control (val=7) to eq2:58 (in)
01-08 12:56:31.817 841 1506 D /system/bin/audioserver: connect control (val=-9) to eq2:59 (in)
01-08 12:56:31.817 841 1506 D /system/bin/audioserver: connect control (val=5) to eq2:60 (in)
01-08 12:56:31.817 841 1506 D /system/bin/audioserver: connect control (val=6000) to eq2:61 (in)
01-08 12:56:31.817 841 1506 D /system/bin/audioserver: connect control (val=0) to eq2:62 (in)
01-08 12:56:31.817 841 1506 D /system/bin/audioserver: connect control (val=-2) to eq2:63 (in)
01-08 12:56:31.817 841 1506 D /system/bin/audioserver: connect control (val=5) to eq2:64 (in)
01-08 12:56:31.817 841 1506 D /system/bin/audioserver: connect control (val=6000) to eq2:65 (in)
01-08 12:56:31.817 841 1506 D /system/bin/audioserver: connect control (val=1) to eq2:66 (in)
01-08 12:56:31.817 841 1506 D /system/bin/audioserver: connect control (val=-2) to eq2:67 (in)
01-08 12:56:31.817 841 1506 D /system/bin/audioserver: connect audio buf 0 to output_sink:0 (in)
01-08 12:56:31.817 841 1506 D /system/bin/audioserver: connect audio buf 1 to output_sink:1 (in)
01-08 12:56:31.846 841 1506 W StreamHAL: Error from HAL stream in function get_presentation_position: Operation not permitted
01-08 12:56:31.850 23487 23487 D Qt_UI_Viewer: Warning: QObject: Cannot create children for a parent that is in a different thread.
01-08 12:56:31.850 23487 23487 D Qt_UI_Viewer: (Parent is QApplication(0x6f4eb4aa90), parent's thread is QThread(0x6f6282e040), current thread is QThread(0x6f5faec230)
01-08 12:56:31.941 192 401 E SurfaceFlinger: Failed to find layer (SurfaceView - io.qt.qtdesignviewer/org.qtproject.qt.android.bindings.QtActivity#2) in layer parent (no-parent).
01-08 12:56:31.941 192 371 E SurfaceFlinger: Failed to find layer (Background for - SurfaceView - io.qt.qtdesignviewer/org.qtproject.qt.android.bindings.QtActivity#2) in layer parent (no-parent).
01-08 12:56:31.943 192 262 E BufferQueueProducer: [SurfaceView - io.qt.qtdesignviewer/org.qtproject.qt.android.bindings.QtActivity#1] disconnect: not connected (req=2)
01-08 12:56:31.943 192 262 E SurfaceFlinger: Failed to find layer (SurfaceView - io.qt.qtdesignviewer/org.qtproject.qt.android.bindings.QtActivity#1) in layer parent (no-parent).
01-08 12:56:31.944 192 371 E SurfaceFlinger: Failed to find layer (Background for - SurfaceView - io.qt.qtdesignviewer/org.qtproject.qt.android.bindings.QtActivity#1) in layer parent (no-parent).
01-08 12:56:33.154 941 21177 I ActivityManager: Killing 23046:com.google.android.apps.wallpaper/u0a94 (adj 904): empty #17
01-08 12:56:33.742 941 1008 I ActivityManager: START u0 {act=android.intent.action.MAIN cat=[android.intent.category.HOME] flg=0x10200000 cmp=com.google.android.apps.pixelclauncher/com.google.android.apps.nexuslauncher.NexusLauncherActivity (has extras)} from uid 1000
01-08 12:56:33.754 188 314 W gralloc : Unmapped producer usage 900
01-08 12:56:33.761 188 6203 W gralloc : Unmapped producer usage 900
01-08 12:56:33.767 188 315 W gralloc : Unmapped producer usage 900
01-08 12:56:33.780 192 192 D SurfaceFlinger: duplicate layer name: changing com.google.android.apps.pixelclauncher/com.google.android.apps.nexuslauncher.NexusLauncherActivity to com.google.android.apps.pixelclauncher/com.google.android.apps.nexuslauncher.NexusLauncherActivity#1
01-08 12:56:33.784 188 188 W gralloc : Unmapped producer usage 900
01-08 12:56:33.791 192 401 E BufferQueueProducer: [SurfaceView - io.qt.qtdesignviewer/org.qtproject.qt.android.bindings.QtActivity#0] disconnect: not connected (req=1)
01-08 12:56:33.791 23487 23503 W libEGL : EGLNativeWindowType 0x6f5fb6a010 disconnect failed
01-08 12:56:33.791 188 314 W gralloc : Unmapped producer usage 900
01-08 12:56:33.800 188 6203 W gralloc : Unmapped consumer usage 200
01-08 12:56:33.800 188 6203 W gralloc : Unmapped producer usage 900
01-08 12:56:33.803 188 188 W gralloc : Unmapped producer usage 900
01-08 12:56:33.822 188 315 W gralloc : Unmapped consumer usage 200
01-08 12:56:33.822 188 315 W gralloc : Unmapped producer usage 900
01-08 12:56:33.845 188 314 W gralloc : Unmapped consumer usage 200
01-08 12:56:33.845 188 314 W gralloc : Unmapped producer usage 900
01-08 12:56:33.846 1065 1065 I GoogleInputMethodService: GoogleInputMethodService.onFinishInput():3206
01-08 12:56:33.847 1065 1065 I GoogleInputMethodService: GoogleInputMethodService.updateDeviceLockedStatus():2147 repeatCheckTimes = 0, locked = false
01-08 12:56:33.847 1065 1065 I GoogleInputMethodService: GoogleInputMethodService.onStartInput():1894 onStartInput(EditorInfo{EditorInfo{packageName=com.google.android.apps.pixelclauncher, inputType=0, inputTypeString=NULL, enableLearning=false, autoCorrection=false, autoComplete=false, imeOptions=0, privateImeOptions=null, actionName=UNSPECIFIED, actionLabel=null, initialSelStart=-1, initialSelEnd=-1, initialCapsMode=0, label=null, fieldId=-1, fieldName=null, extras=null, hintText=null, hintLocales=[]}}, false)
01-08 12:56:33.848 1065 1065 I GoogleInputMethodService: GoogleInputMethodService.updateDeviceLockedStatus():2147 repeatCheckTimes = 1, locked = false
01-08 12:56:33.850 1133 1133 D zz : UtWallpaperService$UtEngine.onVisibilityChanged() true
01-08 12:56:33.858 188 6203 W gralloc : Unmapped consumer usage 200
01-08 12:56:33.858 188 6203 W gralloc : Unmapped producer usage 900
01-08 12:56:33.866 188 188 W gralloc : Unmapped consumer usage 200
01-08 12:56:33.866 188 188 W gralloc : Unmapped producer usage 100
01-08 12:56:33.965 1133 1133 D zz : UtRenderer.onVisible()
01-08 12:56:33.965 1133 1133 W zz : WeatherManager.doGet() no permissions
01-08 12:56:33.966 1133 1133 W zz : SunriseUtil.doGet() no permissions
01-08 12:56:33.966 1133 1133 V zz : TimelapseRenderer$1.onReceive() got sunrise broadcast - false
01-08 12:56:34.370 1481 1606 W OpenGLRenderer: Incorrectly called buildLayer on View: ShortcutAndWidgetContainer, destroying layer...
01-08 12:56:34.370 1481 1606 W OpenGLRenderer: Incorrectly called buildLayer on View: ShortcutAndWidgetContainer, destroying layer...
01-08 12:56:42.403 189 189 D WifiHAL : In DebugCommand::handleResponse
01-08 12:56:42.403 189 189 D WifiHAL : len = 4, expected len = 4
01-08 12:56:42.403 189 189 D WifiHAL : In DebugCommand::handleResponse
01-08 12:56:42.403 189 189 D WifiHAL : len = 4, expected len = 4
01-08 12:56:43.767 941 954 I chatty : uid=1000(system) android.bg expire 20 lines
01-08 12:56:44.719 189 189 D WifiHAL : In DebugCommand::handleResponse
