01-07 16:00:58.840 941 955 W BroadcastQueue: Background execution not allowed: receiving Intent { act=android.intent.action.PACKAGE_REPLACED dat=package:com.android.chrome flg=0x4000010 (has extras) } to com.google.android.gms/.chimera.GmsIntentOperationService$PersistentTrustedReceiver
01-07 16:00:58.840 941 955 W BroadcastQueue: Background execution not allowed: receiving Intent { act=android.intent.action.PACKAGE_REPLACED dat=package:com.android.chrome flg=0x4000010 (has extras) } to com.google.android.googlequicksearchbox/com.google.android.apps.gsa.googlequicksearchbox.GelStubAppWatcher
01-07 16:00:59.130 941 941 I Telecom : DefaultDialerCache: Refreshing default dialer for user 0: now null: DDC.oR@AG4
01-07 16:00:59.929 941 1405 W BroadcastQueue: Background execution not allowed: receiving Intent { act=android.intent.action.DROPBOX_ENTRY_ADDED flg=0x10 (has extras) } to com.google.android.gms/.stats.service.DropBoxEntryAddedReceiver
01-07 16:00:59.930 941 955 W BroadcastQueue: Background execution not allowed: receiving Intent { act=android.intent.action.DROPBOX_ENTRY_ADDED flg=0x10 (has extras) } to com.google.android.gms/.chimera.GmsIntentOperationService$PersistentTrustedReceiver
01-07 16:00:59.931 941 955 W BroadcastQueue: Background execution not allowed: receiving Intent { act=android.intent.action.DROPBOX_ENTRY_ADDED flg=0x10 (has extras) } to com.google.android.gms/.stats.service.DropBoxEntryAddedReceiver
01-07 16:00:59.931 941 955 W BroadcastQueue: Background execution not allowed: receiving Intent { act=android.intent.action.DROPBOX_ENTRY_ADDED flg=0x10 (has extras) } to com.google.android.gms/.chimera.GmsIntentOperationService$PersistentTrustedReceiver
01-07 16:01:00.951 941 1582 E NotificationService: Suppressing notification from package by user request.
01-07 16:01:02.378 941 29230 D ConnectivityService: requestNetwork for uid/pid:10025/17964 NetworkRequest [ TRACK_DEFAULT id=242, [ Capabilities: INTERNET&NOT_RESTRICTED&TRUSTED&NOT_VPN] ]
01-07 16:01:35.905 941 970 W PackageParser: Unknown element under : queries at /data/app/vmdl1986605190.tmp/base.apk Binary XML file line #70
01-07 16:01:48.062 941 955 I ActivityManager: Force stopping com.google.android.apps.docs.editors.sheets appid=10081 user=-1: installPackageLI
01-07 16:01:48.156 941 970 I PackageManager: Package com.google.android.apps.docs.editors.sheets codePath changed from /data/app/com.google.android.apps.docs.editors.sheets-8m6CwXmhkKf-TE4IBFYVoA== to /data/app/com.google.android.apps.docs.editors.sheets-HTIJKb6HmlKlgrefEQY_zg==; Retaining data and using new
01-07 16:01:48.157 941 970 W PackageManager: Code path for com.google.android.apps.docs.editors.sheets changing from /data/app/com.google.android.apps.docs.editors.sheets-8m6CwXmhkKf-TE4IBFYVoA== to /data/app/com.google.android.apps.docs.editors.sheets-HTIJKb6HmlKlgrefEQY_zg==
01-07 16:01:48.157 941 970 W PackageManager: Resource path for com.google.android.apps.docs.editors.sheets changing from /data/app/com.google.android.apps.docs.editors.sheets-8m6CwXmhkKf-TE4IBFYVoA== to /data/app/com.google.android.apps.docs.editors.sheets-HTIJKb6HmlKlgrefEQY_zg==
01-07 16:01:48.238 941 970 W PackageManager: Privileged permission android.permission.MANAGE_SOUND_TRIGGER for package com.google.android.googlequicksearchbox - not in privapp-permissions whitelist
01-07 16:01:48.238 941 970 W PackageManager: Privileged permission android.permission.SET_MEDIA_KEY_LISTENER for package com.google.android.googlequicksearchbox - not in privapp-permissions whitelist
01-07 16:01:48.238 941 970 W PackageManager: Privileged permission android.permission.SET_VOLUME_KEY_LONG_PRESS_LISTENER for package com.google.android.googlequicksearchbox - not in privapp-permissions whitelist
01-07 16:01:48.238 941 970 W PackageManager: Privileged permission android.permission.MANAGE_USB for package com.google.android.googlequicksearchbox - not in privapp-permissions whitelist
01-07 16:01:48.238 941 970 W PackageManager: Privileged permission android.permission.PACKAGE_USAGE_STATS for package com.google.android.googlequicksearchbox - not in privapp-permissions whitelist
01-07 16:01:48.238 941 970 W PackageManager: Privileged permission android.permission.CONTROL_INCALL_EXPERIENCE for package com.google.android.googlequicksearchbox - not in privapp-permissions whitelist
01-07 16:01:48.238 941 970 W PackageManager: Privileged permission android.permission.WRITE_APN_SETTINGS for package com.google.android.googlequicksearchbox - not in privapp-permissions whitelist
01-07 16:01:48.239 941 970 W PackageManager: Privileged permission android.permission.READ_PRIVILEGED_PHONE_STATE for package com.android.vending - not in privapp-permissions whitelist
01-07 16:01:48.239 941 970 W PackageManager: Privileged permission android.permission.BACKUP for package com.android.vending - not in privapp-permissions whitelist
01-07 16:01:48.239 941 970 W PackageManager: Privileged permission android.permission.SUBSTITUTE_NOTIFICATION_APP_NAME for package com.android.vending - not in privapp-permissions whitelist
01-07 16:01:48.239 941 970 W PackageManager: Privileged permission android.permission.REBOOT for package com.android.vending - not in privapp-permissions whitelist
01-07 16:01:48.239 941 970 W PackageManager: Privileged permission android.permission.CHANGE_OVERLAY_PACKAGES for package com.android.vending - not in privapp-permissions whitelist
01-07 16:01:48.241 941 970 W PackageManager: Privileged permission android.permission.FORCE_STOP_PACKAGES for package com.google.android.gms - not in privapp-permissions whitelist
01-07 16:01:48.241 941 970 W PackageManager: Privileged permission android.permission.ALLOCATE_AGGRESSIVE for package com.google.android.gms - not in privapp-permissions whitelist
01-07 16:01:48.241 941 970 W PackageManager: Privileged permission android.permission.MODIFY_DAY_NIGHT_MODE for package com.google.android.gms - not in privapp-permissions whitelist
01-07 16:01:48.241 941 970 W PackageManager: Privileged permission android.permission.MEDIA_CONTENT_CONTROL for package com.google.android.gms - not in privapp-permissions whitelist
01-07 16:01:48.243 941 970 W PackageManager: Privileged permission android.permission.PACKAGE_USAGE_STATS for package com.google.android.apps.turbo - not in privapp-permissions whitelist
01-07 16:01:48.244 941 970 W PackageManager: Privileged permission android.permission.READ_PRIVILEGED_PHONE_STATE for package com.google.android.apps.gcs - not in privapp-permissions whitelist
01-07 16:01:48.546 941 970 I ActivityManager: Force stopping com.google.android.apps.docs.editors.sheets appid=10081 user=0: pkg removed
01-07 16:01:48.555 941 955 W BroadcastQueue: Background execution not allowed: receiving Intent { act=android.intent.action.PACKAGE_REMOVED dat=package:com.google.android.apps.docs.editors.sheets flg=0x4000010 (has extras) } to com.android.musicfx/.Compatibility$Receiver
01-07 16:01:48.555 941 955 W BroadcastQueue: Background execution not allowed: receiving Intent { act=android.intent.action.PACKAGE_REMOVED dat=package:com.google.android.apps.docs.editors.sheets flg=0x4000010 (has extras) } to com.android.vending/com.google.android.finsky.packagemonitor.impl.PackageMonitorReceiverImpl$RegisteredReceiver
01-07 16:01:48.556 941 955 W BroadcastQueue: Background execution not allowed: receiving Intent { act=android.intent.action.PACKAGE_REMOVED dat=package:com.google.android.apps.docs.editors.sheets flg=0x4000010 (has extras) } to com.android.vending/com.google.android.finsky.packagemonitor.backgroundimpl.BackgroundPackageMonitorReceiverImpl$RegisteredReceiver
01-07 16:01:48.565 941 955 W BroadcastQueue: Background execution not allowed: receiving Intent { act=android.intent.action.PACKAGE_REMOVED dat=package:com.google.android.apps.docs.editors.sheets flg=0x4000010 (has extras) } to com.android.vending/com.google.android.finsky.instantapps.appmanagement.InstantAppRemoveMonitor
01-07 16:01:48.565 941 955 W BroadcastQueue: Background execution not allowed: receiving Intent { act=android.intent.action.PACKAGE_REMOVED dat=package:com.google.android.apps.docs.editors.sheets flg=0x4000010 (has extras) } to com.google.android.apps.maps/com.google.android.libraries.social.peoplekit.thirdparty.viewcontrollers.ThirdPartyReceiver
01-07 16:01:48.565 941 955 W BroadcastQueue: Background execution not allowed: receiving Intent { act=android.intent.action.PACKAGE_REMOVED dat=package:com.google.android.apps.docs.editors.sheets flg=0x4000010 (has extras) } to com.google.android.apps.photos/com.google.android.libraries.social.peoplekit.thirdparty.viewcontrollers.ThirdPartyReceiver
01-07 16:01:48.565 941 955 W BroadcastQueue: Background execution not allowed: receiving Intent { act=android.intent.action.PACKAGE_REMOVED dat=package:com.google.android.apps.docs.editors.sheets flg=0x4000010 (has extras) } to com.google.android.gms/.games.chimera.GamesSystemBroadcastReceiverProxy
01-07 16:01:48.566 941 955 W BroadcastQueue: Background execution not allowed: receiving Intent { act=android.intent.action.PACKAGE_REMOVED dat=package:com.google.android.apps.docs.editors.sheets flg=0x4000010 (has extras) } to com.google.android.gms/.chimera.GmsIntentOperationService$PersistentTrustedReceiver
01-07 16:01:48.566 941 955 W BroadcastQueue: Background execution not allowed: receiving Intent { act=android.intent.action.PACKAGE_REMOVED dat=package:com.google.android.apps.docs.editors.sheets flg=0x4000010 (has extras) } to com.google.android.googlequicksearchbox/com.google.android.apps.gsa.googlequicksearchbox.GelStubAppWatcher
01-07 16:01:48.569 941 955 W BroadcastQueue: Background execution not allowed: receiving Intent { act=android.intent.action.PACKAGE_REMOVED dat=package:com.google.android.apps.docs.editors.sheets flg=0x4000010 (has extras) } to com.google.android.videos/com.google.android.libraries.social.peoplekit.thirdparty.viewcontrollers.ThirdPartyReceiver
01-07 16:01:48.612 941 970 I ActivityManager: Force stopping com.google.android.apps.docs.editors.sheets appid=10081 user=0: pkg removed
01-07 16:01:48.823 941 1080 W BroadcastQueue: Background execution not allowed: receiving Intent { act=android.intent.action.PACKAGE_ADDED dat=package:com.google.android.apps.docs.editors.sheets flg=0x4000010 (has extras) } to com.android.musicfx/.Compatibility$Receiver
01-07 16:01:48.823 941 955 W BroadcastQueue: Background execution not allowed: receiving Intent { act=android.intent.action.PACKAGE_ADDED dat=package:com.google.android.apps.docs.editors.sheets flg=0x4000010 (has extras) } to com.android.vending/com.google.android.finsky.packagemonitor.impl.PackageMonitorReceiverImpl$RegisteredReceiver
01-07 16:01:48.823 941 955 W BroadcastQueue: Background execution not allowed: receiving Intent { act=android.intent.action.PACKAGE_ADDED dat=package:com.google.android.apps.docs.editors.sheets flg=0x4000010 (has extras) } to com.android.vending/com.google.android.finsky.packagemonitor.backgroundimpl.BackgroundPackageMonitorReceiverImpl$RegisteredReceiver
01-07 16:01:48.823 941 955 W BroadcastQueue: Background execution not allowed: receiving Intent { act=android.intent.action.PACKAGE_ADDED dat=package:com.google.android.apps.docs.editors.sheets flg=0x4000010 (has extras) } to com.google.android.gms/.games.chimera.GamesSystemBroadcastReceiverProxy
01-07 16:01:48.823 941 955 W BroadcastQueue: Background execution not allowed: receiving Intent { act=android.intent.action.PACKAGE_ADDED dat=package:com.google.android.apps.docs.editors.sheets flg=0x4000010 (has extras) } to com.google.android.gms/.gass.chimera.PackageChangeBroadcastReceiver
01-07 16:01:48.824 941 955 W BroadcastQueue: Background execution not allowed: receiving Intent { act=android.intent.action.PACKAGE_ADDED dat=package:com.google.android.apps.docs.editors.sheets flg=0x4000010 (has extras) } to com.google.android.gms/.chimera.GmsIntentOperationService$PersistentTrustedReceiver
01-07 16:01:48.824 941 955 W BroadcastQueue: Background execution not allowed: receiving Intent { act=android.intent.action.PACKAGE_ADDED dat=package:com.google.android.apps.docs.editors.sheets flg=0x4000010 (has extras) } to com.google.android.googlequicksearchbox/com.google.android.apps.gsa.googlequicksearchbox.GelStubAppWatcher
01-07 16:01:48.883 941 941 I Telecom : DefaultDialerCache: Refreshing default dialer for user 0: now null: DDC.oR@AHM
01-07 16:01:48.988 941 1192 W BroadcastQueue: Background execution not allowed: receiving Intent { act=android.intent.action.PACKAGE_REPLACED dat=package:com.google.android.apps.docs.editors.sheets flg=0x4000010 (has extras) } to com.android.musicfx/.Compatibility$Receiver
01-07 16:01:48.988 941 955 W BroadcastQueue: Background execution not allowed: receiving Intent { act=android.intent.action.PACKAGE_REPLACED dat=package:com.google.android.apps.docs.editors.sheets flg=0x4000010 (has extras) } to com.google.android.apps.photos/.account.full.FetchAccountPropertiesAppUpgradeBroadcastReceiver
01-07 16:01:48.988 941 955 W BroadcastQueue: Background execution not allowed: receiving Intent { act=android.intent.action.PACKAGE_REPLACED dat=package:com.google.android.apps.docs.editors.sheets flg=0x4000010 (has extras) } to com.google.android.apps.photos/.account.full.SyncAccountsForLoginBroadcastReceiver
01-07 16:01:48.988 941 955 W BroadcastQueue: Background execution not allowed: receiving Intent { act=android.intent.action.PACKAGE_REPLACED dat=package:com.google.android.apps.docs.editors.sheets flg=0x4000010 (has extras) } to com.google.android.apps.photos/.notificationchannels.AppUpdateBroadcastReceiver
01-07 16:01:48.988 941 955 W BroadcastQueue: Background execution not allowed: receiving Intent { act=android.intent.action.PACKAGE_REPLACED dat=package:com.google.android.apps.docs.editors.sheets flg=0x4000010 (has extras) } to com.google.android.gms/.gass.chimera.PackageChangeBroadcastReceiver
01-07 16:01:48.988 941 955 W BroadcastQueue: Background execution not allowed: receiving Intent { act=android.intent.action.PACKAGE_REPLACED dat=package:com.google.android.apps.docs.editors.sheets flg=0x4000010 (has extras) } to com.google.android.gms/.chimera.GmsIntentOperationService$PersistentTrustedReceiver
01-07 16:01:48.988 941 955 W BroadcastQueue: Background execution not allowed: receiving Intent { act=android.intent.action.PACKAGE_REPLACED dat=package:com.google.android.apps.docs.editors.sheets flg=0x4000010 (has extras) } to com.google.android.googlequicksearchbox/com.google.android.apps.gsa.googlequicksearchbox.GelStubAppWatcher
01-07 16:01:49.010 941 955 I ActivityManager: Start proc 18237:com.google.android.apps.docs.editors.sheets/u0a81 for broadcast com.google.android.apps.docs.editors.sheets/com.google.android.apps.docs.notification.common.NotificationChannelReceiver
01-07 16:01:50.196 941 13817 D ConnectivityService: Returning BLOCKED NetworkInfo to uid=10081
01-07 16:01:51.282 941 951 D ConnectivityService: requestNetwork for uid/pid:10081/18237 NetworkRequest [ TRACK_DEFAULT id=243, [ Capabilities: INTERNET&NOT_RESTRICTED&TRUSTED&NOT_VPN] ]
01-07 16:01:51.891 941 951 I ActivityManager: Killing 17299:com.android.connectivity.metrics/u0a70 (adj 906): empty #17
01-07 16:01:52.014 941 29230 E NotificationService: Suppressing notification from package by user request.
01-07 16:02:04.491 941 954 I ActivityManager: Killing 17323:com.google.android.apps.gcs/u0a8 (adj 906): empty #17
01-07 16:02:22.261 941 1191 D ConnectivityService: ConnectivityService NetworkRequestInfo binderDied(NetworkRequest [ TRACK_DEFAULT id=237, [ Capabilities: INTERNET&NOT_RESTRICTED&TRUSTED&NOT_VPN] ], android.os.BinderProxy@8bfb69f)
01-07 16:02:22.262 941 1024 D ConnectivityService: releasing NetworkRequest [ TRACK_DEFAULT id=237, [ Capabilities: INTERNET&NOT_RESTRICTED&TRUSTED&NOT_VPN] ] (release request)
01-07 16:02:33.412 941 941 I Telecom : DefaultDialerCache: Refreshing default dialer for user 0: now null: DDC.oR@AHU
01-07 16:30:41.127 941 955 W ProcessCpuTracker: Skipping unknown process pid 18443
01-07 16:30:41.127 941 955 W ProcessCpuTracker: Skipping unknown process pid 18444
01-07 18:37:40.360 941 958 E BatteryExternalStatsWorker: modem info is invalid: ModemActivityInfo{ mTimestamp=0 mSleepTimeMs=0 mIdleTimeMs=0 mTxTimeMs[]=[0, 0, 0, 0, 0] mRxTimeMs=0 mEnergyUsed=0}
01-07 20:33:03.126 941 955 W ProcessCpuTracker: Skipping unknown process pid 18581
01-07 20:33:03.126 941 955 W ProcessCpuTracker: Skipping unknown process pid 18583
01-07 22:00:01.114 941 941 D ConditionProviders.SCP: onReceive ScheduleConditionProvider.EVALUATE
01-07 22:00:01.114 941 941 D ConditionProviders.SCP: notifyCondition condition://android/schedule?days=6.7&start=23.30&end=10.0&exitAtAlarm=false STATE_FALSE reason=!meetsSchedule
01-07 22:00:01.114 941 941 D ConditionProviders.SCP: notifyCondition condition://android/schedule?days=1.2.3.4.5&start=22.0&end=7.0&exitAtAlarm=false STATE_TRUE reason=meetsSchedule
01-07 22:00:01.116 941 941 D ConditionProviders.SCP: Scheduling evaluate for Sun Jan 07 23:30:00 GMT+01:00 2024 (1704666600000), in +1h29m58s886ms, now=Sun Jan 07 22:00:01 GMT+01:00 2024 (1704661201114)
01-07 22:00:56.146 941 955 I ActivityManager: Start proc 18642:com.google.android.apps.maps:server_recovery_process_scheduled/u0a54 for broadcast com.google.android.apps.maps/com.google.android.apps.gmm.plugins.serverrecovery.ScheduledRecoverySignalHandlerImpl
01-07 22:00:56.226 941 1406 W AlarmManager: Alarms must either supply a PendingIntent or an AlarmReceiver
01-07 22:00:56.226 941 941 V BackupManagerService: Scheduling immediate backup pass
01-07 22:00:56.240 941 941 V BackupManagerService: Running a backup pass
01-07 22:00:56.240 941 1442 V BackupManagerService: clearing pending backups
01-07 22:00:56.345 941 1442 D PFTBT : backupmanager pftbt token=62bdf224
01-07 22:00:56.345 941 1442 V PerformBackupTask: Beginning backup of 37 targets
01-07 22:00:56.385 941 1442 D PerformBackupTask: invokeAgentForBackup on @pm@
01-07 22:00:56.486 941 1442 I BackupRestoreController: Getting widget state for user: 0
01-07 22:00:58.110 941 1442 D PerformBackupTask: starting key/value backup of BackupRequest{pkg=com.google.android.apps.maps}
01-07 22:00:58.142 941 1442 I ActivityManager: Start proc 18726:com.google.android.apps.maps/u0a54 for backup com.google.android.apps.maps/com.google.android.apps.gmm.backup.GmmPersistentBackupAgentHelper
01-07 22:00:58.142 941 1442 D BackupManagerService: awaiting agent for ApplicationInfo{46b6bac com.google.android.apps.maps}
01-07 22:00:59.151 941 1406 I ActivityManager: Start proc 18751:android.process.media/u0a6 for content provider com.android.providers.media/.MediaProvider
01-07 22:00:59.464 941 1583 D ConnectivityService: requestNetwork for uid/pid:10025/17964 NetworkRequest [ TRACK_DEFAULT id=245, [ Capabilities: INTERNET&NOT_RESTRICTED&TRUSTED&NOT_VPN] ]
01-07 22:01:00.262 941 1583 W ActivityManager: No permission grants found for com.google.android.apps.photos
01-07 22:01:00.284 941 13817 W ActivityManager: No permission grants found for com.google.android.apps.photos
01-07 22:01:00.645 941 1583 I ActivityManager: Process com.google.android.apps.maps:server_recovery_process_scheduled (pid 18642) has died: cch CEM
01-07 22:01:00.684 941 952 W ActivityManager: No permission grants found for com.google.android.apps.photos
01-07 22:01:00.749 941 1080 W ActivityManager: No permission grants found for com.google.android.apps.photos
01-07 22:01:01.067 941 1191 W ActivityManager: No permission grants found for com.google.android.apps.photos
01-07 22:01:01.120 941 1583 D BackupManagerService: agentConnected pkg=com.google.android.apps.maps agent=android.os.BinderProxy@7909467
01-07 22:01:01.120 941 1442 I BackupManagerService: got agent android.app.IBackupAgent$Stub$Proxy@470c214
01-07 22:01:01.120 941 1442 D PerformBackupTask: invokeAgentForBackup on com.google.android.apps.maps
01-07 22:01:01.149 941 13817 W ActivityManager: No permission grants found for com.google.android.apps.photos
01-07 22:01:01.201 941 1442 I BackupRestoreController: Getting widget state for user: 0
01-07 22:01:01.236 941 1442 D PerformBackupTask: starting key/value backup of BackupRequest{pkg=com.google.android.apps.plus}
01-07 22:01:01.262 941 1442 I ActivityManager: Start proc 18799:com.google.android.apps.plus/u0a24 for backup com.google.android.apps.plus/.backup.PlusBackupAgent
01-07 22:01:01.262 941 1442 D BackupManagerService: awaiting agent for ApplicationInfo{daab846 com.google.android.apps.plus}
01-07 22:01:02.350 941 13817 D BackupManagerService: agentConnected pkg=com.google.android.apps.plus agent=android.os.BinderProxy@df1a95f
01-07 22:01:02.350 941 1442 I BackupManagerService: got agent android.app.IBackupAgent$Stub$Proxy@ffa3fac
01-07 22:01:02.350 941 1442 D PerformBackupTask: invokeAgentForBackup on com.google.android.apps.plus
01-07 22:01:02.544 941 1442 I BackupRestoreController: Getting widget state for user: 0
01-07 22:01:02.547 941 1442 D PerformBackupTask: starting key/value backup of BackupRequest{pkg=com.google.android.keep}
01-07 22:01:02.617 941 1442 I ActivityManager: Start proc 18839:com.google.android.keep/u0a84 for backup com.google.android.keep/com.google.android.apps.keep.shared.backup.KeepBackupAgent
01-07 22:01:02.617 941 1442 D BackupManagerService: awaiting agent for ApplicationInfo{6403cad com.google.android.keep}
01-07 22:01:03.083 941 1776 D ConnectivityService: requestNetwork for uid/pid:10054/18726 NetworkRequest [ TRACK_DEFAULT id=247, [ Capabilities: INTERNET&NOT_RESTRICTED&TRUSTED&NOT_VPN] ]
01-07 22:01:03.307 12852 17000 W PackageParser: Unknown element under : queries at /data/user_de/0/com.google.android.gms/app_chimera/m/00000202/DynamiteModulesC.apk Binary XML file line #15
01-07 22:01:03.425 12852 17000 W PackageParser: Unknown element under : queries at /data/user_de/0/com.google.android.gms/app_chimera/m/000001dc/dl-AdsFdrDynamite.integ_234310602020000.apk Binary XML file line #15
01-07 22:01:04.730 941 1080 D BackupManagerService: agentConnected pkg=com.google.android.keep agent=android.os.BinderProxy@9cfaf58
01-07 22:01:04.730 941 1442 I BackupManagerService: got agent android.app.IBackupAgent$Stub$Proxy@aeaa8b1
01-07 22:01:04.730 941 1442 D PerformBackupTask: invokeAgentForBackup on com.google.android.keep
01-07 22:01:04.860 941 1442 I BackupRestoreController: Getting widget state for user: 0
01-07 22:01:05.029 941 1024 D ConnectivityService: releasing NetworkRequest [ TRACK_DEFAULT id=245, [ Capabilities: INTERNET&NOT_RESTRICTED&TRUSTED&NOT_VPN] ] (release request)
01-07 22:01:06.007 941 1442 D PerformBackupTask: starting key/value backup of BackupRequest{pkg=android}
01-07 22:01:06.010 941 1442 D BackupManagerService: awaiting agent for ApplicationInfo{ea1b740 android}
01-07 22:01:06.014 941 941 D BackupManagerService: agentConnected pkg=android agent=android.app.backup.BackupAgent$BackupServiceBinder@38af58c
01-07 22:01:06.016 941 1442 I BackupManagerService: got agent android.app.backup.BackupAgent$BackupServiceBinder@38af58c
01-07 22:01:06.016 941 1442 D PerformBackupTask: invokeAgentForBackup on android
01-07 22:01:06.918 941 1442 I BackupRestoreController: Getting widget state for user: 0
01-07 22:01:09.325 941 1583 I ActivityManager: Start proc 18947:com.android.chrome:sandboxed_process0/u0i31 for webview_service com.android.chrome/org.chromium.content.app.SandboxedProcessService0
01-07 22:01:10.126 941 952 I ActivityManager: Killing 18947:com.android.chrome:sandboxed_process0/u0a34i31 (adj 0): isolated not needed
01-07 22:01:10.144 941 958 D KernelUidCpuTimeReader: Removing uids 99031-99031
01-07 22:01:10.454 941 951 D ConnectivityService: Returning BLOCKED NetworkInfo to uid=10054
01-07 22:01:10.933 941 1442 D PerformBackupTask: starting key/value backup of BackupRequest{pkg=com.google.android.googlequicksearchbox}
01-07 22:01:10.952 941 1442 I ActivityManager: Start proc 18978:com.google.android.googlequicksearchbox/u0a25 for backup com.google.android.googlequicksearchbox/com.google.android.apps.gsa.staticplugins.backup.AgsaBackupAgentHelper
01-07 22:01:10.952 941 1442 D BackupManagerService: awaiting agent for ApplicationInfo{c1ab53e com.google.android.googlequicksearchbox}
01-07 22:01:12.058 941 1192 D BackupManagerService: agentConnected pkg=com.google.android.googlequicksearchbox agent=android.os.BinderProxy@919cd07
01-07 22:01:12.058 941 1442 I BackupManagerService: got agent android.app.IBackupAgent$Stub$Proxy@6de9e34
01-07 22:01:12.058 941 1442 D PerformBackupTask: invokeAgentForBackup on com.google.android.googlequicksearchbox
01-07 22:01:12.188 941 1442 I BackupRestoreController: Getting widget state for user: 0
01-07 22:01:12.727 941 958 D KernelUidCpuTimeReader: Removing uids 99031-99031
01-07 22:01:12.728 941 958 D BatteryStatsImpl: Got readings for an isolated uid with no mapping to owning uid: 99031
01-07 22:01:12.732 941 958 E BatteryExternalStatsWorker: modem info is invalid: ModemActivityInfo{ mTimestamp=0 mSleepTimeMs=0 mIdleTimeMs=0 mTxTimeMs[]=[0, 0, 0, 0, 0] mRxTimeMs=0 mEnergyUsed=0}
01-07 22:01:13.200 941 1080 I ActivityManager: Killing 17404:com.google.android.partnersetup/u0a14 (adj 906): empty #17
01-07 22:01:13.323 941 1442 D PerformBackupTask: starting key/value backup of BackupRequest{pkg=com.google.android.videos}
01-07 22:01:13.349 941 1442 I ActivityManager: Start proc 19025:com.google.android.videos/u0a66 for backup com.google.android.videos/com.google.android.apps.play.movies.common.service.backup.VideosBackupAgent
01-07 22:01:13.349 941 1442 D BackupManagerService: awaiting agent for ApplicationInfo{68e5690 com.google.android.videos}
01-07 22:01:15.421 941 1080 W BroadcastQueue: Background execution not allowed: receiving Intent { act=android.intent.action.DROPBOX_ENTRY_ADDED flg=0x10 (has extras) } to com.google.android.gms/.stats.service.DropBoxEntryAddedReceiver
01-07 22:01:15.421 941 955 W BroadcastQueue: Background execution not allowed: receiving Intent { act=android.intent.action.DROPBOX_ENTRY_ADDED flg=0x10 (has extras) } to com.google.android.gms/.chimera.GmsIntentOperationService$PersistentTrustedReceiver
01-07 22:01:15.421 941 955 W BroadcastQueue: Background execution not allowed: receiving Intent { act=android.intent.action.DROPBOX_ENTRY_ADDED flg=0x10 (has extras) } to com.google.android.gms/.stats.service.DropBoxEntryAddedReceiver
01-07 22:01:15.421 941 955 W BroadcastQueue: Background execution not allowed: receiving Intent { act=android.intent.action.DROPBOX_ENTRY_ADDED flg=0x10 (has extras) } to com.google.android.gms/.chimera.GmsIntentOperationService$PersistentTrustedReceiver
01-07 22:01:15.927 941 1585 D ConnectivityService: Returning BLOCKED NetworkInfo to uid=10066
01-07 22:01:16.079 941 1585 D BackupManagerService: agentConnected pkg=com.google.android.videos agent=android.os.BinderProxy@4a09b41
01-07 22:01:16.079 941 1442 I BackupManagerService: got agent android.app.IBackupAgent$Stub$Proxy@cf618e6
01-07 22:01:16.079 941 1442 D PerformBackupTask: invokeAgentForBackup on com.google.android.videos
01-07 22:01:16.204 941 1442 I BackupRestoreController: Getting widget state for user: 0
01-07 22:01:16.217 941 1080 I ActivityManager: Killing 16452:com.google.android.gm/u0a63 (adj 906): empty #17
01-07 22:01:16.324 941 952 D ConnectivityService: requestNetwork for uid/pid:10066/19025 NetworkRequest [ TRACK_DEFAULT id=252, [ Capabilities: INTERNET&NOT_RESTRICTED&TRUSTED&NOT_VPN] ]
01-07 22:01:16.535 941 1405 D ConnectivityService: ConnectivityService NetworkRequestInfo binderDied(NetworkRequest [ LISTEN id=221, [ Capabilities: INTERNET&NOT_RESTRICTED&TRUSTED] ], android.os.BinderProxy@b7b141e)
01-07 22:01:16.535 941 1585 D ConnectivityService: ConnectivityService NetworkRequestInfo binderDied(NetworkRequest [ TRACK_DEFAULT id=219, [ Capabilities: INTERNET&NOT_RESTRICTED&TRUSTED&NOT_VPN] ], android.os.BinderProxy@bce4ff)
01-07 22:01:16.537 941 1024 D ConnectivityService: releasing NetworkRequest [ TRACK_DEFAULT id=219, [ Capabilities: INTERNET&NOT_RESTRICTED&TRUSTED&NOT_VPN] ] (release request)
01-07 22:01:16.846 941 1405 D ConnectivityService: requestNetwork for uid/pid:10025/17964 NetworkRequest [ REQUEST id=253, [ Transports: CELLULAR Capabilities: INTERNET&NOT_RESTRICTED&TRUSTED&NOT_VPN] ]
01-07 22:01:16.926 941 1024 D ConnectivityService: reportNetworkConnectivity(100, false) by 10025
01-07 22:01:17.058 941 1406 I ActivityManager: Start proc 19125:com.android.chrome:webview_service/u0a34 for service com.android.chrome/org.chromium.android_webview.services.VariationsSeedServer
01-07 22:01:17.161 941 1024 D ConnectivityService: NetworkAgentInfo [WIFI () - 100] validation passed
01-07 22:01:17.162 941 955 W BroadcastQueue: Background execution not allowed: receiving Intent { act=android.net.conn.NETWORK_CONDITIONS_MEASURED flg=0x10 (has extras) } to com.google.android.gms/.chimera.GmsIntentOperationService$PersistentTrustedReceiver
01-07 22:01:17.341 941 1442 D PerformBackupTask: starting key/value backup of BackupRequest{pkg=com.google.android.contacts}
01-07 22:01:17.369 941 1442 I ActivityManager: Start proc 19140:com.google.android.contacts/u0a10 for backup com.google.android.contacts/com.google.android.apps.contacts.util.GoogleContactsBackupAgent
01-07 22:01:17.369 941 1442 D BackupManagerService: awaiting agent for ApplicationInfo{763e298 com.google.android.contacts}
01-07 22:01:17.890 941 952 I ActivityManager: Killing 17510:android.process.acore/u0a3 (adj 906): empty #17
01-07 22:01:18.191 941 1776 D BackupManagerService: agentConnected pkg=com.google.android.contacts agent=android.os.BinderProxy@82aa751
01-07 22:01:18.191 941 1442 I BackupManagerService: got agent android.app.IBackupAgent$Stub$Proxy@2ca1bb6
01-07 22:01:18.191 941 1442 D PerformBackupTask: invokeAgentForBackup on com.google.android.contacts
01-07 22:01:18.246 941 1442 V KeyValueBackupJob: Scheduling k/v pass in 240 minutes
01-07 22:01:18.330 941 1442 I BackupRestoreController: Getting widget state for user: 0
01-07 22:01:18.344 941 1442 I ActivityManager: Killing 16057:com.android.vending:quick_launch/u0a18 (adj 906): empty #17
01-07 22:01:18.457 941 952 I ActivityManager: Start proc 19180:android.process.acore/u0a3 for content provider com.android.providers.contacts/.ContactsProvider2
01-07 22:01:18.481 941 951 I ActivityManager: Killing 17680:com.google.android.apps.docs.editors.docs/u0a85 (adj 906): empty #17
01-07 22:01:18.622 941 1583 D ConnectivityService: ConnectivityService NetworkRequestInfo binderDied(NetworkRequest [ TRACK_DEFAULT id=241, [ Capabilities: INTERNET&NOT_RESTRICTED&TRUSTED&NOT_VPN] ], android.os.BinderProxy@7084dfd)
01-07 22:01:18.623 941 1024 D ConnectivityService: releasing NetworkRequest [ TRACK_DEFAULT id=241, [ Capabilities: INTERNET&NOT_RESTRICTED&TRUSTED&NOT_VPN] ] (release request)
01-07 22:01:19.591 941 1442 D PerformBackupTask: starting key/value backup of BackupRequest{pkg=com.google.android.apps.gcs}
01-07 22:01:19.618 941 1442 I ActivityManager: Start proc 19214:com.google.android.apps.gcs/u0a8 for backup com.google.android.apps.gcs/.storage.GcsBackupAgent
01-07 22:01:19.619 941 1442 D BackupManagerService: awaiting agent for ApplicationInfo{267d3f4 com.google.android.apps.gcs}
01-07 22:01:19.994 941 1080 D BackupManagerService: agentConnected pkg=com.google.android.apps.gcs agent=android.os.BinderProxy@8cb2c7f
01-07 22:01:19.995 941 1442 I BackupManagerService: got agent android.app.IBackupAgent$Stub$Proxy@f4ad44c
01-07 22:01:19.995 941 1442 D PerformBackupTask: invokeAgentForBackup on com.google.android.apps.gcs
01-07 22:01:20.006 941 1442 I BackupRestoreController: Getting widget state for user: 0
01-07 22:01:20.007 941 1442 D PerformBackupTask: starting key/value backup of BackupRequest{pkg=com.android.providers.settings}
01-07 22:01:20.008 941 1442 D BackupManagerService: awaiting agent for ApplicationInfo{984e677 com.android.providers.settings}
01-07 22:01:20.017 941 941 D BackupManagerService: agentConnected pkg=com.android.providers.settings agent=android.app.backup.BackupAgent$BackupServiceBinder@e53bc95
01-07 22:01:20.018 941 1442 I BackupManagerService: got agent android.app.backup.BackupAgent$BackupServiceBinder@e53bc95
01-07 22:01:20.018 941 1442 D PerformBackupTask: invokeAgentForBackup on com.android.providers.settings
01-07 22:01:20.053 941 941 I ActivityManager: Killing 17591:com.android.defcontainer/u0a5 (adj 906): empty #17
01-07 22:01:20.058 941 1442 D WifiService: Retrieving backup data
01-07 22:01:20.059 941 1442 D WifiService: Retrieved backup data
01-07 22:01:20.061 941 1442 I BackupRestoreController: Getting widget state for user: 0
01-07 22:01:20.062 941 1442 D PerformBackupTask: starting key/value backup of BackupRequest{pkg=com.google.android.marvin.talkback}
01-07 22:01:20.078 941 1442 I ActivityManager: Start proc 19241:com.google.android.marvin.talkback/u0a69 for backup com.google.android.marvin.talkback/com.google.android.accessibility.talkback.TalkBackBackupAgent
01-07 22:01:20.079 941 1442 D BackupManagerService: awaiting agent for ApplicationInfo{3d53375 com.google.android.marvin.talkback}
01-07 22:01:20.208 941 1787 D ConnectivityService: requestNetwork for uid/pid:10008/19214 NetworkRequest [ TRACK_DEFAULT id=254, [ Capabilities: INTERNET&NOT_RESTRICTED&TRUSTED&NOT_VPN] ]
01-07 22:01:20.591 941 1776 D BackupManagerService: agentConnected pkg=com.google.android.marvin.talkback agent=android.os.BinderProxy@6c7095a
01-07 22:01:20.592 941 1442 I BackupManagerService: got agent android.app.IBackupAgent$Stub$Proxy@d34978b
01-07 22:01:20.592 941 1442 D PerformBackupTask: invokeAgentForBackup on com.google.android.marvin.talkback
01-07 22:01:20.599 941 1442 I BackupRestoreController: Getting widget state for user: 0
01-07 22:01:20.600 941 1442 D PerformBackupTask: starting key/value backup of BackupRequest{pkg=com.google.android.play.games}
01-07 22:01:20.622 941 1442 I ActivityManager: Start proc 19263:com.google.android.play.games/u0a60 for backup com.google.android.play.games/com.google.android.apps.play.games.lib.sharedpreferences.PlayGamesUiBackupAgent
01-07 22:01:20.622 941 1442 D BackupManagerService: awaiting agent for ApplicationInfo{9c9af9c com.google.android.play.games}
01-07 22:01:20.641 941 1080 I ActivityManager: Killing 17642:com.android.keychain/1000 (adj 906): empty #17
01-07 22:01:21.154 941 1191 D ConnectivityService: Returning BLOCKED NetworkInfo to uid=10060
01-07 22:01:21.511 941 1776 D BackupManagerService: agentConnected pkg=com.google.android.play.games agent=android.os.BinderProxy@ae354dc
01-07 22:01:21.512 941 1442 I BackupManagerService: got agent android.app.IBackupAgent$Stub$Proxy@4ce59e5
01-07 22:01:21.512 941 1442 D PerformBackupTask: invokeAgentForBackup on com.google.android.play.games
01-07 22:01:21.561 941 1442 I BackupRestoreController: Getting widget state for user: 0
01-07 22:01:21.571 941 1442 I ActivityManager: Killing 18726:com.google.android.apps.maps/u0a54 (adj 906): empty #17
01-07 22:01:21.702 941 1583 D ConnectivityService: ConnectivityService NetworkRequestInfo binderDied(NetworkRequest [ LISTEN id=250, [ Capabilities: INTERNET&NOT_RESTRICTED&TRUSTED] ], android.os.BinderProxy@91f486a)
01-07 22:01:21.702 941 1787 D ConnectivityService: ConnectivityService NetworkRequestInfo binderDied(NetworkRequest [ TRACK_DEFAULT id=247, [ Capabilities: INTERNET&NOT_RESTRICTED&TRUSTED&NOT_VPN] ], android.os.BinderProxy@65e515b)
01-07 22:01:21.702 941 1024 D ConnectivityService: releasing NetworkRequest [ TRACK_DEFAULT id=247, [ Capabilities: INTERNET&NOT_RESTRICTED&TRUSTED&NOT_VPN] ] (release request)
01-07 22:01:22.660 941 1442 D PerformBackupTask: starting key/value backup of BackupRequest{pkg=com.google.android.apps.cloudprint}
01-07 22:01:22.677 941 1442 I ActivityManager: Start proc 19318:com.google.android.apps.cloudprint/u0a35 for backup com.google.android.apps.cloudprint/.printdialog.CloudPrintKVBackupAgent
01-07 22:01:22.677 941 1442 D BackupManagerService: awaiting agent for ApplicationInfo{86a1644 com.google.android.apps.cloudprint}
01-07 22:01:22.872 941 1582 D BackupManagerService: agentConnected pkg=com.google.android.apps.cloudprint agent=android.os.BinderProxy@e1c672f
01-07 22:01:22.873 941 1442 I BackupManagerService: got agent android.app.IBackupAgent$Stub$Proxy@6e2713c
01-07 22:01:22.873 941 1442 D PerformBackupTask: invokeAgentForBackup on com.google.android.apps.cloudprint
01-07 22:01:22.911 941 1442 I BackupRestoreController: Getting widget state for user: 0
01-07 22:01:22.913 941 1442 D PerformBackupTask: starting key/value backup of BackupRequest{pkg=com.google.android.inputmethod.korean}
01-07 22:01:22.914 941 1442 I PerformBackupTask: Package com.google.android.inputmethod.korean no longer supports backup; skipping
01-07 22:01:22.914 941 1442 D PerformBackupTask: starting key/value backup of BackupRequest{pkg=com.google.android.talk}
01-07 22:01:22.950 941 1442 I ActivityManager: Start proc 19335:com.google.android.talk/u0a50 for backup com.google.android.talk/com.google.android.apps.hangouts.service.BabelBackupAgent
01-07 22:01:22.950 941 1442 D BackupManagerService: awaiting agent for ApplicationInfo{41452b0 com.google.android.talk}
01-07 22:01:22.965 941 1776 I ActivityManager: Killing 15844:com.google.android.apps.photos/u0a58 (adj 906): empty #17
01-07 22:01:23.012 941 1585 D ConnectivityService: ConnectivityService NetworkRequestInfo binderDied(NetworkRequest [ TRACK_DEFAULT id=216, [ Capabilities: INTERNET&NOT_RESTRICTED&TRUSTED&NOT_VPN] ], android.os.BinderProxy@d52aec5)
01-07 22:01:23.012 941 1024 D ConnectivityService: releasing NetworkRequest [ TRACK_DEFAULT id=216, [ Capabilities: INTERNET&NOT_RESTRICTED&TRUSTED&NOT_VPN] ] (release request)
01-07 22:01:23.653 941 1080 D BackupManagerService: agentConnected pkg=com.google.android.talk agent=android.os.BinderProxy@c2d1872
01-07 22:01:23.653 941 1442 I BackupManagerService: got agent android.app.IBackupAgent$Stub$Proxy@6d254c3
01-07 22:01:23.653 941 1442 D PerformBackupTask: invokeAgentForBackup on com.google.android.talk
01-07 22:01:23.677 941 1406 D ConnectivityService: Returning BLOCKED NetworkInfo to uid=10050
01-07 22:01:23.866 941 1442 I BackupRestoreController: Getting widget state for user: 0
01-07 22:01:23.910 941 1442 I ActivityManager: Killing 18799:com.google.android.apps.plus/u0a24 (adj 906): empty #17
01-07 22:01:24.389 941 1406 I ActivityManager: Killing 18839:com.google.android.keep/u0a84 (adj 906): empty #17
01-07 22:01:25.116 941 1442 D PerformBackupTask: starting key/value backup of BackupRequest{pkg=com.google.android.apps.docs.editors.docs}
01-07 22:01:25.133 941 1442 I ActivityManager: Start proc 19388:com.google.android.apps.docs.editors.docs/u0a85 for backup com.google.android.apps.docs.editors.docs/com.google.android.apps.docs.editors.kix.backup.KixBackupAgent
01-07 22:01:25.133 941 1442 D BackupManagerService: awaiting agent for ApplicationInfo{e311015 com.google.android.apps.docs.editors.docs}
01-07 22:01:27.510 941 951 D BackupManagerService: agentConnected pkg=com.google.android.apps.docs.editors.docs agent=android.os.BinderProxy@62f0556
01-07 22:01:27.510 941 1442 I BackupManagerService: got agent android.app.IBackupAgent$Stub$Proxy@c29a9d7
01-07 22:01:27.510 941 1442 D PerformBackupTask: invokeAgentForBackup on com.google.android.apps.docs.editors.docs
01-07 22:01:27.694 941 1442 I BackupRestoreController: Getting widget state for user: 0
01-07 22:01:27.696 941 1442 D PerformBackupTask: starting key/value backup of BackupRequest{pkg=com.google.android.apps.inputmethod.hindi}
01-07 22:01:27.696 941 1442 I PerformBackupTask: Package com.google.android.apps.inputmethod.hindi no longer supports backup; skipping
01-07 22:01:27.696 941 1442 D PerformBackupTask: starting key/value backup of BackupRequest{pkg=com.android.vending}
01-07 22:01:27.699 941 1442 D BackupManagerService: awaiting agent for ApplicationInfo{e68f17e com.android.vending}
01-07 22:01:27.733 941 1405 D BackupManagerService: agentConnected pkg=com.android.vending agent=android.os.BinderProxy@9215fa9
01-07 22:01:27.734 941 1442 I BackupManagerService: got agent android.app.IBackupAgent$Stub$Proxy@411692e
01-07 22:01:27.734 941 1442 D PerformBackupTask: invokeAgentForBackup on com.android.vending
01-07 22:01:27.904 941 1442 I BackupRestoreController: Getting widget state for user: 0
01-07 22:01:27.927 941 1442 I ActivityManager: Killing 17077:com.android.vending:instant_app_installer/u0a18 (adj 906): empty #17
01-07 22:01:29.047 941 1442 D PerformBackupTask: starting key/value backup of BackupRequest{pkg=com.google.android.inputmethod.japanese}
01-07 22:01:29.048 941 1442 I PerformBackupTask: Package com.google.android.inputmethod.japanese no longer supports backup; skipping
01-07 22:01:29.048 941 1442 D PerformBackupTask: starting key/value backup of BackupRequest{pkg=com.google.android.apps.docs.editors.slides}
01-07 22:01:29.068 941 1442 I ActivityManager: Start proc 19468:com.google.android.apps.docs.editors.slides/u0a82 for backup com.google.android.apps.docs.editors.slides/com.google.android.apps.docs.editors.punch.app.backup.PunchBackupAgent
01-07 22:01:29.068 941 1442 D BackupManagerService: awaiting agent for ApplicationInfo{d4ba9db com.google.android.apps.docs.editors.slides}
01-07 22:01:29.139 941 1191 D ConnectivityService: ConnectivityService NetworkRequestInfo binderDied(NetworkRequest [ LISTEN id=236, [ Capabilities: INTERNET&NOT_RESTRICTED&TRUSTED] ], android.os.BinderProxy@9e8be51)
01-07 22:01:30.325 941 1583 D ConnectivityService: Returning BLOCKED NetworkInfo to uid=10082
01-07 22:01:30.787 941 951 D BackupManagerService: agentConnected pkg=com.google.android.apps.docs.editors.slides agent=android.os.BinderProxy@ec094fd
01-07 22:01:30.787 941 1442 I BackupManagerService: got agent android.app.IBackupAgent$Stub$Proxy@e12b5f2
01-07 22:01:30.787 941 1442 D PerformBackupTask: invokeAgentForBackup on com.google.android.apps.docs.editors.slides
01-07 22:01:31.057 941 1442 I BackupRestoreController: Getting widget state for user: 0
01-07 22:01:31.058 941 1442 D PerformBackupTask: starting key/value backup of BackupRequest{pkg=com.google.android.deskclock}
01-07 22:01:31.076 941 1442 I ActivityManager: Start proc 19539:com.google.android.deskclock/u0a61 for backup com.google.android.deskclock/com.android.deskclock.data.ClockBackupAgent
01-07 22:01:31.077 941 1442 D BackupManagerService: awaiting agent for ApplicationInfo{46497b5 com.google.android.deskclock}
01-07 22:01:31.088 941 1787 I ActivityManager: Killing 18023:com.android.chrome/u0a34 (adj 906): empty #17
01-07 22:01:31.249 941 1191 D ConnectivityService: ConnectivityService NetworkRequestInfo binderDied(NetworkRequest [ LISTEN id=244, [ Capabilities: INTERNET&NOT_RESTRICTED&TRUSTED&FOREGROUND] ], android.os.BinderProxy@c24b1d8)
01-07 22:01:31.249 941 1787 D ConnectivityService: ConnectivityService NetworkRequestInfo binderDied(NetworkRequest [ LISTEN id=246, [ Capabilities: INTERNET&NOT_RESTRICTED&TRUSTED&FOREGROUND] ], android.os.BinderProxy@edfb931)
01-07 22:01:31.851 941 951 D BackupManagerService: agentConnected pkg=com.google.android.deskclock agent=android.os.BinderProxy@c134f1c
01-07 22:01:31.851 941 1442 I BackupManagerService: got agent android.app.IBackupAgent$Stub$Proxy@1fb6725
01-07 22:01:31.851 941 1442 D PerformBackupTask: invokeAgentForBackup on com.google.android.deskclock
01-07 22:01:32.015 19539 19568 E ActivityThread: Failed to find provider info for com.google.android.apps.wellbeing.api
01-07 22:01:32.017 941 1442 I BackupRestoreController: Getting widget state for user: 0
01-07 22:01:32.018 941 1442 D PerformBackupTask: starting key/value backup of BackupRequest{pkg=com.google.android.apps.genie.geniewidget}
01-07 22:01:32.036 941 1442 I ActivityManager: Start proc 19571:com.google.android.apps.genie.geniewidget/u0a83 for backup com.google.android.apps.genie.geniewidget/.sync.BackupAgent
01-07 22:01:32.036 941 1442 D BackupManagerService: awaiting agent for ApplicationInfo{d502608 com.google.android.apps.genie.geniewidget}
01-07 22:01:32.053 941 1583 I ActivityManager: Killing 18978:com.google.android.googlequicksearchbox/u0a25 (adj 906): empty #17
01-07 22:01:32.808 941 951 D BackupManagerService: agentConnected pkg=com.google.android.apps.genie.geniewidget agent=android.os.BinderProxy@337704d
01-07 22:01:32.808 941 1442 I BackupManagerService: got agent android.app.IBackupAgent$Stub$Proxy@b607702
01-07 22:01:32.808 941 1442 D PerformBackupTask: invokeAgentForBackup on com.google.android.apps.genie.geniewidget
01-07 22:01:32.814 941 1442 I BackupRestoreController: Getting widget state for user: 0
01-07 22:01:32.815 941 1442 D PerformBackupTask: starting key/value backup of BackupRequest{pkg=com.android.chrome}
01-07 22:01:32.848 941 1442 I ActivityManager: Start proc 19604:com.android.chrome/u0a34 for backup com.android.chrome/org.chromium.chrome.browser.ChromeBackupAgent
01-07 22:01:32.848 941 1442 D BackupManagerService: awaiting agent for ApplicationInfo{9e17813 com.android.chrome}
01-07 22:01:32.876 941 1776 I ActivityManager: Killing 12337:com.google.android.gms.unstable/u0a9 (adj 906): empty #17
01-07 22:01:32.979 941 1080 D ConnectivityService: ConnectivityService NetworkRequestInfo binderDied(NetworkRequest [ LISTEN id=175, [ Capabilities: INTERNET&NOT_RESTRICTED&TRUSTED] ], android.os.BinderProxy@9481a50)
01-07 22:01:33.170 941 955 W BroadcastQueue: Permission Denial: broadcasting Intent { act=android.net.conn.CONNECTIVITY_CHANGE flg=0x4000010 (has extras) } from null (pid=-1, uid=-1) requires com.google.android.gms.DYNAMIC_RECEIVER_NOT_EXPORTED_PERMISSION due to registered receiver BroadcastFilter{3aeb381 u0 ReceiverList{564e368 12852 com.google.android.gms/10009/u0 remote:2dd68b}}
01-07 22:01:33.235 941 1787 D BackupManagerService: agentConnected pkg=com.android.chrome agent=android.os.BinderProxy@358ce14
01-07 22:01:33.235 941 1442 I BackupManagerService: got agent android.app.IBackupAgent$Stub$Proxy@31206bd
01-07 22:01:33.236 941 1442 D PerformBackupTask: invokeAgentForBackup on com.android.chrome
01-07 22:01:34.290 941 1442 I BackupRestoreController: Getting widget state for user: 0
01-07 22:01:34.295 941 1442 D PerformBackupTask: starting key/value backup of BackupRequest{pkg=com.google.android.apps.wallpaper}
01-07 22:01:34.296 941 1585 I ActivityManager: Killing 19025:com.google.android.videos/u0a66 (adj 906): empty #17
01-07 22:01:34.317 941 1442 I ActivityManager: Start proc 19666:com.google.android.apps.wallpaper/u0a94 for backup com.google.android.apps.wallpaper/.backup.WallpapersBackupAgentHelper
01-07 22:01:34.317 941 1442 D BackupManagerService: awaiting agent for ApplicationInfo{f0b387d com.google.android.apps.wallpaper}
01-07 22:01:34.694 941 1776 D BackupManagerService: agentConnected pkg=com.google.android.apps.wallpaper agent=android.os.BinderProxy@ab5372
01-07 22:01:34.694 941 1442 I BackupManagerService: got agent android.app.IBackupAgent$Stub$Proxy@88b73c3
01-07 22:01:34.694 941 1442 D PerformBackupTask: invokeAgentForBackup on com.google.android.apps.wallpaper
01-07 22:01:34.863 941 1442 I BackupRestoreController: Getting widget state for user: 0
01-07 22:01:34.870 941 13817 I ActivityManager: Killing 18237:com.google.android.apps.docs.editors.sheets/u0a81 (adj 906): empty #17
01-07 22:01:35.000 941 1406 D ConnectivityService: ConnectivityService NetworkRequestInfo binderDied(NetworkRequest [ TRACK_DEFAULT id=243, [ Capabilities: INTERNET&NOT_RESTRICTED&TRUSTED&NOT_VPN] ], android.os.BinderProxy@e6cdd70)
01-07 22:01:35.000 941 1024 D ConnectivityService: releasing NetworkRequest [ TRACK_DEFAULT id=243, [ Capabilities: INTERNET&NOT_RESTRICTED&TRUSTED&NOT_VPN] ] (release request)
01-07 22:01:35.120 941 1191 D ConnectivityService: ConnectivityService NetworkRequestInfo binderDied(NetworkRequest [ TRACK_DEFAULT id=252, [ Capabilities: INTERNET&NOT_RESTRICTED&TRUSTED&NOT_VPN] ], android.os.BinderProxy@47298e9)
01-07 22:01:35.121 941 1024 D ConnectivityService: releasing NetworkRequest [ TRACK_DEFAULT id=252, [ Capabilities: INTERNET&NOT_RESTRICTED&TRUSTED&NOT_VPN] ] (release request)
01-07 22:01:36.068 941 1442 D PerformBackupTask: starting key/value backup of BackupRequest{pkg=com.google.android.apps.photos}
01-07 22:01:36.085 941 1442 I ActivityManager: Start proc 19708:com.google.android.apps.photos/u0a58 for backup com.google.android.apps.photos/.kvbackup.PhotosBackupAgent
01-07 22:01:36.086 941 1442 D BackupManagerService: awaiting agent for ApplicationInfo{4c70890 com.google.android.apps.photos}
01-07 22:01:36.765 941 1192 D BackupManagerService: agentConnected pkg=com.google.android.apps.photos agent=android.os.BinderProxy@2ea2793
01-07 22:01:36.765 941 1442 I BackupManagerService: got agent android.app.IBackupAgent$Stub$Proxy@473d3d0
01-07 22:01:36.765 941 1442 D PerformBackupTask: invokeAgentForBackup on com.google.android.apps.photos
01-07 22:01:36.818 941 1442 I BackupRestoreController: Getting widget state for user: 0
01-07 22:01:36.830 941 1442 I ActivityManager: Killing 19140:com.google.android.contacts/u0a10 (adj 906): empty #17
01-07 22:01:37.335 941 1405 D ConnectivityService: requestNetwork for uid/pid:10058/19708 NetworkRequest [ TRACK_DEFAULT id=257, [ Capabilities: INTERNET&NOT_RESTRICTED&TRUSTED&NOT_VPN] ]
01-07 22:01:37.809 941 1442 D PerformBackupTask: starting key/value backup of BackupRequest{pkg=com.google.android.inputmethod.pinyin}
01-07 22:01:37.809 941 1442 I PerformBackupTask: Package com.google.android.inputmethod.pinyin no longer supports backup; skipping
01-07 22:01:37.809 941 1442 D PerformBackupTask: starting key/value backup of BackupRequest{pkg=com.android.providers.blockednumber}
01-07 22:01:37.811 941 1442 D BackupManagerService: awaiting agent for ApplicationInfo{3eb77fb com.android.providers.blockednumber}
01-07 22:01:37.815 941 1582 D BackupManagerService: agentConnected pkg=com.android.providers.blockednumber agent=android.os.BinderProxy@f2c018
