01-07 22:01:37.815 941 1442 I BackupManagerService: got agent android.app.IBackupAgent$Stub$Proxy@8734a71
01-07 22:01:37.815 941 1442 D PerformBackupTask: invokeAgentForBackup on com.android.providers.blockednumber
01-07 22:01:37.853 941 1442 I BackupRestoreController: Getting widget state for user: 0
01-07 22:01:37.854 941 1442 D PerformBackupTask: starting key/value backup of BackupRequest{pkg=com.google.android.apps.docs.editors.sheets}
01-07 22:01:37.872 941 1442 I ActivityManager: Start proc 19748:com.google.android.apps.docs.editors.sheets/u0a81 for backup com.google.android.apps.docs.editors.sheets/com.google.android.apps.docs.editors.ritz.app.backup.RitzBackupAgent
01-07 22:01:37.872 941 1442 D BackupManagerService: awaiting agent for ApplicationInfo{e2b5056 com.google.android.apps.docs.editors.sheets}
01-07 22:01:38.540 941 29230 D ConnectivityService: requestNetwork for uid/pid:10050/19335 NetworkRequest [ TRACK_DEFAULT id=259, [ Capabilities: INTERNET&NOT_RESTRICTED&TRUSTED&NOT_VPN] ]
01-07 22:01:39.058 941 1585 I ActivityManager: Killing 16107:com.google.process.gapps/u0a9 (adj 906): empty #17
01-07 22:01:39.117 941 1406 D BackupManagerService: agentConnected pkg=com.google.android.apps.docs.editors.sheets agent=android.os.BinderProxy@43600d5
01-07 22:01:39.117 941 1442 I BackupManagerService: got agent android.app.IBackupAgent$Stub$Proxy@8fd70ea
01-07 22:01:39.118 941 1442 D PerformBackupTask: invokeAgentForBackup on com.google.android.apps.docs.editors.sheets
01-07 22:01:39.323 941 1442 I BackupRestoreController: Getting widget state for user: 0
01-07 22:01:39.324 941 1442 D PerformBackupTask: starting key/value backup of BackupRequest{pkg=com.google.android.apps.inputmethod.zhuyin}
01-07 22:01:39.344 941 1442 I ActivityManager: Start proc 19823:com.google.android.apps.inputmethod.zhuyin/u0a48 for backup com.google.android.apps.inputmethod.zhuyin/com.google.android.apps.inputmethod.libs.framework.core.BackupAgent
01-07 22:01:39.344 941 1442 D BackupManagerService: awaiting agent for ApplicationInfo{9197624 com.google.android.apps.inputmethod.zhuyin}
01-07 22:01:39.370 941 29230 I ActivityManager: Killing 19125:com.android.chrome:webview_service/u0a34 (adj 906): empty #17
01-07 22:01:40.172 941 13817 D BackupManagerService: agentConnected pkg=com.google.android.apps.inputmethod.zhuyin agent=android.os.BinderProxy@eee5daf
01-07 22:01:40.173 941 1442 I BackupManagerService: got agent android.app.IBackupAgent$Stub$Proxy@6365bc
01-07 22:01:40.173 941 1442 D PerformBackupTask: invokeAgentForBackup on com.google.android.apps.inputmethod.zhuyin
01-07 22:01:40.175 941 1582 I ActivityManager: Killing 19180:android.process.acore/u0a3 (adj 906): empty #17
01-07 22:01:40.217 941 1442 I BackupRestoreController: Getting widget state for user: 0
01-07 22:01:40.218 941 1442 D PerformBackupTask: starting key/value backup of BackupRequest{pkg=com.android.sharedstoragebackup}
01-07 22:01:40.218 941 1442 I PerformBackupTask: Package com.android.sharedstoragebackup no longer supports backup; skipping
01-07 22:01:40.218 941 1442 D PerformBackupTask: starting key/value backup of BackupRequest{pkg=com.android.documentsui}
01-07 22:01:40.242 941 1442 I ActivityManager: Start proc 19844:com.android.documentsui/u0a37 for backup com.android.documentsui/.prefs.BackupAgent
01-07 22:01:40.243 941 1442 D BackupManagerService: awaiting agent for ApplicationInfo{eb9c945 com.android.documentsui}
01-07 22:01:40.246 941 1776 I ActivityManager: Killing 19214:com.google.android.apps.gcs/u0a8 (adj 906): empty #17
01-07 22:01:40.470 941 1191 D BackupManagerService: agentConnected pkg=com.android.documentsui agent=android.os.BinderProxy@e8653a7
01-07 22:01:40.470 941 1442 I BackupManagerService: got agent android.app.IBackupAgent$Stub$Proxy@6d8b054
01-07 22:01:40.470 941 1442 D PerformBackupTask: invokeAgentForBackup on com.android.documentsui
01-07 22:01:40.511 941 1442 I BackupRestoreController: Getting widget state for user: 0
01-07 22:01:40.526 941 1442 I ActivityManager: Killing 18751:android.process.media/u0a6 (adj 906): empty #17
01-07 22:01:40.816 941 952 D ConnectivityService: ConnectivityService NetworkRequestInfo binderDied(NetworkRequest [ TRACK_DEFAULT id=254, [ Capabilities: INTERNET&NOT_RESTRICTED&TRUSTED&NOT_VPN] ], android.os.BinderProxy@f544316)
01-07 22:01:40.817 941 1024 D ConnectivityService: releasing NetworkRequest [ TRACK_DEFAULT id=254, [ Capabilities: INTERNET&NOT_RESTRICTED&TRUSTED&NOT_VPN] ] (release request)
01-07 22:01:41.012 941 13817 I ActivityManager: Start proc 19865:com.google.android.apps.docs/u0a39 for content provider com.google.android.apps.docs/.common.storagebackend.StorageBackendContentProvider
01-07 22:01:41.031 941 952 I ActivityManager: Killing 19241:com.google.android.marvin.talkback/u0a69 (adj 906): empty #17
01-07 22:01:41.602 941 1442 D PerformBackupTask: starting key/value backup of BackupRequest{pkg=com.google.android.gm}
01-07 22:01:41.620 941 1442 I ActivityManager: Start proc 19892:com.google.android.gm/u0a63 for backup com.google.android.gm/.persistence.GmailBackupAgent
01-07 22:01:41.620 941 1442 D BackupManagerService: awaiting agent for ApplicationInfo{2a0d469 com.google.android.gm}
01-07 22:01:42.659 19892 19892 D ActivityThread: Loading provider com.google.android.gm.sapi: com.google.android.gm.sapi.SapiUiProvider
01-07 22:01:42.968 941 1776 D ConnectivityService: Returning BLOCKED NetworkInfo to uid=10039
01-07 22:01:44.892 941 952 D ConnectivityService: requestNetwork for uid/pid:10063/19892 NetworkRequest [ TRACK_DEFAULT id=260, [ Capabilities: INTERNET&NOT_RESTRICTED&TRUSTED&NOT_VPN] ]
01-07 22:01:45.050 941 1405 D BackupManagerService: agentConnected pkg=com.google.android.gm agent=android.os.BinderProxy@84fd455
01-07 22:01:45.050 941 1442 I BackupManagerService: got agent android.app.IBackupAgent$Stub$Proxy@b6d7e6a
01-07 22:01:45.050 941 1442 D PerformBackupTask: invokeAgentForBackup on com.google.android.gm
01-07 22:01:46.389 941 1442 I BackupRestoreController: Getting widget state for user: 0
01-07 22:01:46.390 941 1442 D PerformBackupTask: starting key/value backup of BackupRequest{pkg=com.android.nfc}
01-07 22:01:46.391 941 1442 I PerformBackupTask: Package com.android.nfc no longer supports backup; skipping
01-07 22:01:46.391 941 1442 D PerformBackupTask: starting key/value backup of BackupRequest{pkg=com.google.android.apps.docs}
01-07 22:01:46.393 941 1442 D BackupManagerService: awaiting agent for ApplicationInfo{d77b9e6 com.google.android.apps.docs}
01-07 22:01:46.400 941 1080 D BackupManagerService: agentConnected pkg=com.google.android.apps.docs agent=android.os.BinderProxy@4826b27
01-07 22:01:46.400 941 1442 I BackupManagerService: got agent android.app.IBackupAgent$Stub$Proxy@f57b1d4
01-07 22:01:46.400 941 1442 D PerformBackupTask: invokeAgentForBackup on com.google.android.apps.docs
01-07 22:01:46.456 941 1442 I BackupRestoreController: Getting widget state for user: 0
01-07 22:01:46.457 941 1442 D PerformBackupTask: starting key/value backup of BackupRequest{pkg=com.google.android.inputmethod.latin}
01-07 22:01:46.458 941 1442 D BackupManagerService: awaiting agent for ApplicationInfo{e7d7f7d com.google.android.inputmethod.latin}
01-07 22:01:46.474 941 951 I ActivityManager: Killing 19263:com.google.android.play.games/u0a60 (adj 906): empty #17
01-07 22:01:46.704 941 13817 D BackupManagerService: agentConnected pkg=com.google.android.inputmethod.latin agent=android.os.BinderProxy@ff58e72
01-07 22:01:46.704 941 1442 I BackupManagerService: got agent android.app.IBackupAgent$Stub$Proxy@b2092c3
01-07 22:01:46.704 941 1442 D PerformBackupTask: invokeAgentForBackup on com.google.android.inputmethod.latin
01-07 22:01:47.647 941 1442 I BackupRestoreController: Getting widget state for user: 0
01-07 22:01:48.870 941 1442 D PerformBackupTask: starting key/value backup of BackupRequest{pkg=com.google.android.youtube}
01-07 22:01:48.888 941 1442 I ActivityManager: Start proc 20077:com.google.android.youtube/u0a68 for backup com.google.android.youtube/com.google.android.apps.youtube.app.application.backup.YouTubeBackupAgent
01-07 22:01:48.889 941 1442 D BackupManagerService: awaiting agent for ApplicationInfo{958aa34 com.google.android.youtube}
01-07 22:01:51.381 941 1080 D BackupManagerService: agentConnected pkg=com.google.android.youtube agent=android.os.BinderProxy@de41ce
01-07 22:01:51.382 941 1442 I BackupManagerService: got agent android.app.IBackupAgent$Stub$Proxy@a02f8ef
01-07 22:01:51.382 941 1442 D PerformBackupTask: invokeAgentForBackup on com.google.android.youtube
01-07 22:01:51.468 941 1442 I BackupRestoreController: Getting widget state for user: 0
01-07 22:01:51.488 941 1442 I ActivityManager: Killing 19318:com.google.android.apps.cloudprint/u0a35 (adj 906): empty #17
01-07 22:01:51.768 941 952 D ConnectivityService: requestNetwork for uid/pid:10068/20077 NetworkRequest [ TRACK_DEFAULT id=262, [ Capabilities: INTERNET&NOT_RESTRICTED&TRUSTED&NOT_VPN] ]
01-07 22:01:52.168 941 1585 D ConnectivityService: requestNetwork for uid/pid:10068/20077 NetworkRequest [ TRACK_DEFAULT id=263, [ Capabilities: INTERNET&NOT_RESTRICTED&TRUSTED&NOT_VPN] ]
01-07 22:01:52.176 941 955 W BroadcastQueue: Permission Denial: broadcasting Intent { act=android.net.conn.CONNECTIVITY_CHANGE flg=0x4000010 (has extras) } from null (pid=-1, uid=-1) requires com.google.android.youtube.DYNAMIC_RECEIVER_NOT_EXPORTED_PERMISSION due to registered receiver BroadcastFilter{d187d7 u0 ReceiverList{3339b56 20077 com.google.android.youtube/10068/u0 remote:491e171}}
01-07 22:01:52.658 941 1442 D PerformBackupTask: starting key/value backup of BackupRequest{pkg=com.android.providers.userdictionary}
01-07 22:01:52.691 941 1442 I ActivityManager: Start proc 20170:android.process.acore/u0a3 for backup com.android.providers.userdictionary/.DictionaryBackupAgent
01-07 22:01:52.691 941 1442 D BackupManagerService: awaiting agent for ApplicationInfo{1ea2c5c com.android.providers.userdictionary}
01-07 22:01:52.913 941 1080 D BackupManagerService: agentConnected pkg=com.android.providers.userdictionary agent=android.os.BinderProxy@51bb248
01-07 22:01:52.914 941 1442 I BackupManagerService: got agent android.app.IBackupAgent$Stub$Proxy@8cd08e1
01-07 22:01:52.914 941 1442 D PerformBackupTask: invokeAgentForBackup on com.android.providers.userdictionary
01-07 22:01:52.933 941 1442 I BackupRestoreController: Getting widget state for user: 0
01-07 22:01:52.937 941 1442 D PerformBackupTask: starting key/value backup of BackupRequest{pkg=com.google.android.calendar}
01-07 22:01:52.956 941 1442 I ActivityManager: Start proc 20189:com.google.android.calendar/u0a31 for backup com.google.android.calendar/.backup.CalendarBackupAgent
01-07 22:01:52.956 941 1442 D BackupManagerService: awaiting agent for ApplicationInfo{7078606 com.google.android.calendar}
01-07 22:01:52.968 941 1582 I ActivityManager: Killing 19335:com.google.android.talk/u0a50 (adj 906): empty #17
01-07 22:01:53.074 941 1585 D ConnectivityService: ConnectivityService NetworkRequestInfo binderDied(NetworkRequest [ TRACK_DEFAULT id=259, [ Capabilities: INTERNET&NOT_RESTRICTED&TRUSTED&NOT_VPN] ], android.os.BinderProxy@1fdf4a8)
01-07 22:01:53.075 941 1024 D ConnectivityService: releasing NetworkRequest [ TRACK_DEFAULT id=259, [ Capabilities: INTERNET&NOT_RESTRICTED&TRUSTED&NOT_VPN] ] (release request)
01-07 22:01:53.224 941 941 I Telecom : DefaultDialerCache: Refreshing default dialer for user 0: now null: DDC.oR@AH0
01-07 22:01:53.833 941 951 I ActivityManager: Start proc 20228:com.android.chrome:sandboxed_process0/u0i32 for webview_service com.android.chrome/org.chromium.content.app.SandboxedProcessService0
01-07 22:01:53.901 941 13817 I ActivityManager: Start proc 20245:com.android.chrome:privileged_process0/u0a34 for service com.android.chrome/org.chromium.content.app.PrivilegedProcessService0
01-07 22:01:54.218 941 1583 I ActivityManager: Start proc 20271:com.android.providers.calendar/u0a1 for content provider com.android.providers.calendar/.CalendarProvider2
01-07 22:01:54.323 941 1787 I ActivityManager: Killing 15833:com.android.vending:background/u0a18 (adj 906): empty #17
01-07 22:01:54.454 941 13817 I ActivityManager: Killing 19388:com.google.android.apps.docs.editors.docs/u0a85 (adj 906): empty #17
01-07 22:01:54.669 941 1787 D ConnectivityService: ConnectivityService NetworkRequestInfo binderDied(NetworkRequest [ TRACK_DEFAULT id=238, [ Capabilities: INTERNET&NOT_RESTRICTED&TRUSTED&NOT_VPN] ], android.os.BinderProxy@f3f359d)
01-07 22:01:54.669 941 1406 D ConnectivityService: ConnectivityService NetworkRequestInfo binderDied(NetworkRequest [ LISTEN id=239, [ Capabilities: INTERNET&NOT_RESTRICTED&TRUSTED] ], android.os.BinderProxy@b13ec74)
01-07 22:01:54.671 941 1024 D ConnectivityService: releasing NetworkRequest [ TRACK_DEFAULT id=238, [ Capabilities: INTERNET&NOT_RESTRICTED&TRUSTED&NOT_VPN] ] (release request)
01-07 22:01:55.172 20077 20108 E ActivityThread: Failed to find provider info for com.google.android.apps.wellbeing.api
01-07 22:01:55.985 941 1583 D BackupManagerService: agentConnected pkg=com.google.android.calendar agent=android.os.BinderProxy@8044a40
01-07 22:01:55.986 941 1442 I BackupManagerService: got agent android.app.IBackupAgent$Stub$Proxy@5f34d79
01-07 22:01:55.986 941 1442 D PerformBackupTask: invokeAgentForBackup on com.google.android.calendar
01-07 22:01:56.031 941 1442 I BackupRestoreController: Getting widget state for user: 0
01-07 22:01:56.042 941 1442 I ActivityManager: Killing 12192:com.android.vending/u0a18 (adj 906): empty #17
01-07 22:01:56.222 941 951 D ConnectivityService: ConnectivityService NetworkRequestInfo binderDied(NetworkRequest [ LISTEN id=171, [ Capabilities: INTERNET&NOT_RESTRICTED&TRUSTED] ], android.os.BinderProxy@db291b3)
01-07 22:01:56.966 941 1024 D ConnectivityService: releasing NetworkRequest [ REQUEST id=253, [ Transports: CELLULAR Capabilities: INTERNET&NOT_RESTRICTED&TRUSTED&NOT_VPN] ] (release request)
01-07 22:01:57.061 941 1442 I BackupManagerService: K/V backup pass finished.
01-07 22:01:57.175 941 1405 D ConnectivityService: requestNetwork for uid/pid:10068/20077 NetworkRequest [ TRACK_DEFAULT id=264, [ Capabilities: INTERNET&NOT_RESTRICTED&TRUSTED&NOT_VPN] ]
01-07 22:25:45.360 941 1787 I ActivityManager: Killing 19468:com.google.android.apps.docs.editors.slides/u0a82 (adj 906): empty #17
01-07 23:30:00.124 941 955 W ProcessCpuTracker: Skipping unknown process pid 20426
01-07 23:30:00.125 941 955 W ProcessCpuTracker: Skipping unknown process pid 20427
01-07 23:30:00.126 941 941 D ConditionProviders.SCP: onReceive ScheduleConditionProvider.EVALUATE
01-07 23:30:00.126 941 941 D ConditionProviders.SCP: notifyCondition condition://android/schedule?days=6.7&start=23.30&end=10.0&exitAtAlarm=false STATE_FALSE reason=!meetsSchedule
01-07 23:30:00.126 941 941 D ConditionProviders.SCP: notifyCondition condition://android/schedule?days=1.2.3.4.5&start=22.0&end=7.0&exitAtAlarm=false STATE_TRUE reason=meetsSchedule
01-07 23:30:00.128 941 941 D ConditionProviders.SCP: Scheduling evaluate for Mon Jan 08 07:00:00 GMT+01:00 2024 (1704693600000), in +7h29m59s874ms, now=Sun Jan 07 23:30:00 GMT+01:00 2024 (1704666600126)
01-07 23:39:59.107 941 955 I ActivityManager: Killing 30890:com.google.process.gservices/u0a9 (adj 906): empty #17
01-07 23:55:46.197 941 1191 I ActivityManager: Start proc 20447:com.google.process.gservices/u0a9 for content provider com.google.android.gsf/.gservices.GservicesProvider
01-07 23:55:46.219 941 1582 I ActivityManager: Killing 19539:com.google.android.deskclock/u0a61 (adj 906): empty #17
01-08 00:11:11.885 941 1405 D ConnectivityService: Returning BLOCKED NetworkInfo to uid=10063
01-08 00:55:40.523 941 958 E BatteryExternalStatsWorker: modem info is invalid: ModemActivityInfo{ mTimestamp=0 mSleepTimeMs=0 mIdleTimeMs=0 mTxTimeMs[]=[0, 0, 0, 0, 0] mRxTimeMs=0 mEnergyUsed=0}
01-08 03:49:24.171 941 951 W AlarmManager: Alarms must either supply a PendingIntent or an AlarmReceiver
01-08 03:49:24.211 941 941 I ActivityManager: Start proc 20640:com.android.vending/u0a18 for service com.android.vending/com.google.android.finsky.scheduler.process.mainimpl.PhoneskyJobServiceMain
01-08 03:49:24.234 941 941 I ActivityManager: Start proc 20651:com.android.vending:instant_app_installer/u0a18 for service com.android.vending/com.google.android.finsky.instantapps.metrics.LogFlushJob
01-08 03:49:24.467 941 941 I ActivityManager: Start proc 20673:com.google.android.apps.plus/u0a24 for service com.google.android.apps.plus/androidx.work.impl.background.systemjob.SystemJobService
01-08 03:49:24.484 941 1583 W BroadcastQueue: Background execution not allowed: receiving Intent { act=android.intent.action.DATE_CHANGED flg=0x20200010 } to com.google.android.calendar/com.android.calendar.widget.CalendarAppWidgetProvider
01-08 03:49:24.485 941 955 W BroadcastQueue: Background execution not allowed: receiving Intent { act=android.intent.action.DATE_CHANGED flg=0x20200010 } to com.google.android.calendar/.widgetmonth.MonthViewWidgetProvider
01-08 03:49:24.485 941 955 W BroadcastQueue: Background execution not allowed: receiving Intent { act=android.intent.action.DATE_CHANGED flg=0x20200010 } to com.google.android.calendar/com.google.android.apps.calendar.usernotifications.NotificationsRelevantUpdatesReceiver
01-08 03:49:24.486 941 955 W BroadcastQueue: Background execution not allowed: receiving Intent { act=android.intent.action.DATE_CHANGED flg=0x20200010 } to com.google.android.gms/.chimera.GmsIntentOperationService$PersistentTrustedReceiver
01-08 03:49:24.652 941 1080 D ConnectivityService: requestNetwork for uid/pid:10025/17964 NetworkRequest [ TRACK_DEFAULT id=266, [ Capabilities: INTERNET&NOT_RESTRICTED&TRUSTED&NOT_VPN] ]
01-08 03:49:24.830 941 941 I ActivityManager: Start proc 20693:com.google.android.apps.turbo:aab/u0a93 for service com.google.android.apps.turbo/com.google.android.libraries.smartbattery.common.phenotype.UpdatePhenotypeFlagsJob
01-08 03:49:25.006 941 1080 I ActivityManager: Start proc 20719:com.google.android.googlequicksearchbox:train/u0a25 for service com.google.android.googlequicksearchbox/com.google.frameworks.client.data.android.server.tiktok.TrainProcessEndpointService
01-08 03:49:25.009 941 951 D ConnectivityService: Returning UNBLOCKED NetworkInfo to uid=10039
01-08 03:49:25.128 941 1080 I ActivityManager: Start proc 20735:com.google.android.gms.unstable/u0a9 for service com.google.android.gms/.droidguard.DroidGuardService
01-08 03:49:25.483 941 941 I ActivityManager: Start proc 20764:com.google.android.configupdater/u0a2 for service com.google.android.configupdater/.MainJobService
01-08 03:49:25.699 941 1583 D ConnectivityService: Returning UNBLOCKED NetworkInfo to uid=10081
01-08 03:49:26.082 941 941 I ActivityManager: Start proc 20805:com.google.android.contacts/u0a10 for service com.google.android.contacts/com.google.android.libraries.internal.growth.growthkit.internal.jobs.impl.GrowthKitJobService
01-08 03:49:26.318 941 1024 D ConnectivityService: releasing NetworkRequest [ TRACK_DEFAULT id=266, [ Capabilities: INTERNET&NOT_RESTRICTED&TRUSTED&NOT_VPN] ] (release request)
01-08 03:49:26.388 941 941 I ActivityManager: Start proc 20827:com.google.android.apps.docs.editors.slides/u0a82 for service com.google.android.apps.docs.editors.slides/com.google.android.libraries.internal.growth.growthkit.internal.jobs.impl.GrowthKitJobService
01-08 03:49:27.400 941 941 I ActivityManager: Start proc 20869:com.google.android.play.games/u0a60 for service com.google.android.play.games/com.google.android.libraries.internal.growth.growthkit.internal.jobs.impl.GrowthKitJobService
01-08 03:49:27.400 941 956 W Looper : Dispatch took 116ms on android.ui, h=Handler (com.android.server.am.ActivityManagerService$UiHandler) {8cdbb90} cb=null msg=53
01-08 03:49:27.403 941 1406 I ActivityManager: Killing 19666:com.google.android.apps.wallpaper/u0a94 (adj 906): empty #17
01-08 03:49:27.445 941 1776 D ConnectivityService: Returning UNBLOCKED NetworkInfo to uid=10063
01-08 03:49:28.189 941 29230 I ActivityManager: Killing 19748:com.google.android.apps.docs.editors.sheets/u0a81 (adj 906): empty #17
01-08 03:49:28.292 941 941 I ActivityManager: Start proc 20936:com.google.android.videos/u0a66 for service com.google.android.videos/com.google.android.libraries.internal.growth.growthkit.internal.jobs.impl.GrowthKitJobService
01-08 03:49:28.385 941 1191 I ActivityManager: Start proc 20956:com.google.process.gapps/u0a9 for content provider com.google.android.gsf/.settings.GoogleSettingsProvider
01-08 03:49:29.988 941 1585 D ConnectivityService: Returning UNBLOCKED NetworkInfo to uid=10082
01-08 03:49:30.044 941 1776 D ConnectivityService: Returning UNBLOCKED NetworkInfo to uid=10060
01-08 03:49:30.572 941 941 I ActivityManager: Start proc 21051:com.google.android.keep/u0a84 for service com.google.android.keep/com.google.android.libraries.internal.growth.growthkit.internal.jobs.impl.GrowthKitJobService
01-08 03:49:30.599 941 1583 I ActivityManager: Killing 19823:com.google.android.apps.inputmethod.zhuyin/u0a48 (adj 906): empty #17
01-08 03:49:31.450 941 29230 I ActivityManager: Start proc 21115:com.android.vending:background/u0a18 for service com.android.vending/com.google.frameworks.client.data.android.server.play.BackgroundProcessEndpointService
01-08 03:49:31.980 941 941 I ActivityManager: Start proc 21160:com.google.android.partnersetup/u0a14 for service com.google.android.partnersetup/.InstalledAppJobService
01-08 03:49:31.993 941 956 W Looper : Dispatch took 127ms on android.ui, h=Handler (com.android.server.am.ActivityManagerService$UiHandler) {8cdbb90} cb=null msg=53
01-08 03:49:31.997 941 1192 D ConnectivityService: Returning UNBLOCKED NetworkInfo to uid=10066
01-08 03:49:32.094 941 13817 I ActivityManager: Killing 19844:com.android.documentsui/u0a37 (adj 906): empty #17
01-08 03:49:32.579 941 1582 D ConnectivityService: requestNetwork for uid/pid:10066/20936 NetworkRequest [ TRACK_DEFAULT id=269, [ Capabilities: INTERNET&NOT_RESTRICTED&TRUSTED&NOT_VPN] ]
01-08 03:49:33.125 941 1776 I ActivityManager: Killing 19892:com.google.android.gm/u0a63 (adj 906): empty #17
01-08 03:49:36.473 941 941 I ActivityManager: Start proc 21314:com.google.android.apps.maps/u0a54 for service com.google.android.apps.maps/com.google.android.apps.gmm.cloudmessage.chime.common.GmmChimeTaskService
01-08 03:49:36.738 941 958 E BatteryExternalStatsWorker: modem info is invalid: ModemActivityInfo{ mTimestamp=0 mSleepTimeMs=0 mIdleTimeMs=0 mTxTimeMs[]=[0, 0, 0, 0, 0] mRxTimeMs=0 mEnergyUsed=0}
01-08 03:49:37.152 941 1582 D ConnectivityService: ConnectivityService NetworkRequestInfo binderDied(NetworkRequest [ TRACK_DEFAULT id=260, [ Capabilities: INTERNET&NOT_RESTRICTED&TRUSTED&NOT_VPN] ], android.os.BinderProxy@196d87)
01-08 03:49:37.152 941 1406 D ConnectivityService: ConnectivityService NetworkRequestInfo binderDied(NetworkRequest [ LISTEN id=265, [ Capabilities: INTERNET&NOT_RESTRICTED&TRUSTED] ], android.os.BinderProxy@79cf4b4)
01-08 03:49:37.153 941 1024 D ConnectivityService: releasing NetworkRequest [ TRACK_DEFAULT id=260, [ Capabilities: INTERNET&NOT_RESTRICTED&TRUSTED&NOT_VPN] ] (release request)
01-08 03:49:39.682 941 1582 D ConnectivityService: requestNetwork for uid/pid:10018/21115 NetworkRequest [ TRACK_DEFAULT id=271, [ Capabilities: INTERNET&NOT_RESTRICTED&TRUSTED&NOT_VPN] ]
01-08 03:49:40.072 941 1585 D ConnectivityService: requestNetwork for uid/pid:10054/21314 NetworkRequest [ TRACK_DEFAULT id=272, [ Capabilities: INTERNET&NOT_RESTRICTED&TRUSTED&NOT_VPN] ]
01-08 03:49:40.506 941 941 I ActivityManager: Start proc 21432:com.google.android.apps.gcs/u0a8 for service com.google.android.apps.gcs/androidx.work.impl.background.systemjob.SystemJobService
01-08 03:49:40.959 941 1191 I ActivityManager: Killing 20077:com.google.android.youtube/u0a68 (adj 906): empty #17
01-08 03:49:40.966 941 1080 W BroadcastQueue: Background execution not allowed: receiving Intent { act=android.intent.action.DROPBOX_ENTRY_ADDED flg=0x10 (has extras) } to com.google.android.gms/.stats.service.DropBoxEntryAddedReceiver
01-08 03:49:40.968 941 955 W BroadcastQueue: Background execution not allowed: receiving Intent { act=android.intent.action.DROPBOX_ENTRY_ADDED flg=0x10 (has extras) } to com.google.android.gms/.chimera.GmsIntentOperationService$PersistentTrustedReceiver
01-08 03:49:40.968 941 955 W BroadcastQueue: Background execution not allowed: receiving Intent { act=android.intent.action.DROPBOX_ENTRY_ADDED flg=0x10 (has extras) } to com.google.android.gms/.stats.service.DropBoxEntryAddedReceiver
01-08 03:49:40.969 941 955 W BroadcastQueue: Background execution not allowed: receiving Intent { act=android.intent.action.DROPBOX_ENTRY_ADDED flg=0x10 (has extras) } to com.google.android.gms/.chimera.GmsIntentOperationService$PersistentTrustedReceiver
01-08 03:49:41.123 941 941 I ActivityManager: Start proc 21478:com.google.android.apps.docs.editors.docs/u0a85 for service com.google.android.apps.docs.editors.docs/com.google.android.libraries.internal.growth.growthkit.internal.jobs.impl.GrowthKitJobService
01-08 03:49:41.771 941 21177 D ConnectivityService: Returning UNBLOCKED NetworkInfo to uid=10008
01-08 03:49:41.792 941 1582 D ConnectivityService: requestNetwork for uid/pid:10008/21432 NetworkRequest [ TRACK_DEFAULT id=273, [ Capabilities: INTERNET&NOT_RESTRICTED&TRUSTED&NOT_VPN] ]
01-08 03:49:41.850 941 1406 I ActivityManager: Killing 19604:com.android.chrome/u0a34 (adj 906): empty #17
01-08 03:49:41.943 941 1787 D ConnectivityService: ConnectivityService NetworkRequestInfo binderDied(NetworkRequest [ LISTEN id=256, [ Capabilities: INTERNET&NOT_RESTRICTED&TRUSTED&FOREGROUND] ], android.os.BinderProxy@ba7c039)
01-08 03:49:41.943 941 951 D ConnectivityService: ConnectivityService NetworkRequestInfo binderDied(NetworkRequest [ LISTEN id=258, [ Capabilities: INTERNET&NOT_RESTRICTED&TRUSTED&FOREGROUND] ], android.os.BinderProxy@814667e)
01-08 03:49:41.947 941 21161 W ActivityManager: Scheduling restart of crashed service com.android.chrome/org.chromium.chrome.browser.customtabs.CustomTabsConnectionService in 1000ms
01-08 03:49:41.954 941 21161 I ActivityManager: Killing 20228:com.android.chrome:sandboxed_process0/u0a34i32 (adj 0): isolated not needed
01-08 03:49:42.007 941 958 D KernelUidCpuTimeReader: Removing uids 99032-99032
01-08 03:49:42.027 941 1192 I ActivityManager: Process com.android.chrome:privileged_process0 (pid 20245) has died: fore SVC
01-08 03:49:42.760 941 1405 I ActivityManager: Start proc 21529:com.android.vending:quick_launch/u0a18 for service com.android.vending/com.google.frameworks.client.data.android.server.play.QuickLaunchProcessEndpointService
01-08 03:49:42.844 941 1406 D ConnectivityService: Returning UNBLOCKED NetworkInfo to uid=10085
01-08 03:49:43.015 941 955 I ActivityManager: Start proc 21556:com.android.chrome/u0a34 for service com.android.chrome/org.chromium.chrome.browser.customtabs.CustomTabsConnectionService
01-08 03:49:43.189 941 1024 D ConnectivityService: releasing NetworkRequest [ TRACK_DEFAULT id=273, [ Capabilities: INTERNET&NOT_RESTRICTED&TRUSTED&NOT_VPN] ] (release request)
01-08 03:49:44.108 941 941 I ActivityManager: Start proc 21599:com.google.android.apps.docs.editors.sheets/u0a81 for service com.google.android.apps.docs.editors.sheets/com.google.android.libraries.internal.growth.growthkit.internal.jobs.impl.GrowthKitJobService
01-08 03:49:44.720 941 1582 D ConnectivityService: ConnectivityService NetworkRequestInfo binderDied(NetworkRequest [ TRACK_DEFAULT id=263, [ Capabilities: INTERNET&NOT_RESTRICTED&TRUSTED&NOT_VPN] ], android.os.BinderProxy@8845aa1)
01-08 03:49:44.720 941 1585 D ConnectivityService: ConnectivityService NetworkRequestInfo binderDied(NetworkRequest [ TRACK_DEFAULT id=262, [ Capabilities: INTERNET&NOT_RESTRICTED&TRUSTED&NOT_VPN] ], android.os.BinderProxy@d7dd4c6)
01-08 03:49:44.720 941 1191 D ConnectivityService: ConnectivityService NetworkRequestInfo binderDied(NetworkRequest [ TRACK_DEFAULT id=264, [ Capabilities: INTERNET&NOT_RESTRICTED&TRUSTED&NOT_VPN] ], android.os.BinderProxy@c8c1c87)
01-08 03:49:44.720 941 1582 D ConnectivityService: ConnectivityService NetworkRequestInfo binderDied(NetworkRequest [ LISTEN id=261, [ Capabilities: INTERNET&NOT_RESTRICTED&TRUSTED&FOREGROUND] ], android.os.BinderProxy@fc377b4)
01-08 03:49:44.720 941 1024 D ConnectivityService: releasing NetworkRequest [ TRACK_DEFAULT id=263, [ Capabilities: INTERNET&NOT_RESTRICTED&TRUSTED&NOT_VPN] ] (release request)
01-08 03:49:44.721 941 1024 D ConnectivityService: releasing NetworkRequest [ TRACK_DEFAULT id=264, [ Capabilities: INTERNET&NOT_RESTRICTED&TRUSTED&NOT_VPN] ] (release request)
01-08 03:49:44.722 941 1024 D ConnectivityService: releasing NetworkRequest [ TRACK_DEFAULT id=262, [ Capabilities: INTERNET&NOT_RESTRICTED&TRUSTED&NOT_VPN] ] (release request)
01-08 03:49:45.650 941 1583 I ActivityManager: Killing 19708:com.google.android.apps.photos/u0a58 (adj 906): empty #17
01-08 03:49:45.969 941 955 D KernelUidCpuTimeReader: Removing uids 99032-99032
01-08 03:49:45.969 941 955 D BatteryStatsImpl: Got readings for an isolated uid with no mapping to owning uid: 99032
01-08 03:49:47.471 941 951 D ConnectivityService: ConnectivityService NetworkRequestInfo binderDied(NetworkRequest [ TRACK_DEFAULT id=257, [ Capabilities: INTERNET&NOT_RESTRICTED&TRUSTED&NOT_VPN] ], android.os.BinderProxy@18f6d58)
01-08 03:49:47.471 941 1024 D ConnectivityService: releasing NetworkRequest [ TRACK_DEFAULT id=257, [ Capabilities: INTERNET&NOT_RESTRICTED&TRUSTED&NOT_VPN] ] (release request)
01-08 03:49:49.694 941 941 I ActivityManager: Start proc 21726:com.google.android.talk/u0a50 for service com.google.android.talk/androidx.work.impl.background.systemjob.SystemJobService
01-08 03:49:49.710 941 1406 D ConnectivityService: Returning UNBLOCKED NetworkInfo to uid=10054
01-08 03:49:50.420 941 1582 D ConnectivityService: Returning UNBLOCKED NetworkInfo to uid=10050
01-08 03:49:50.509 941 941 I ActivityManager: Start proc 21773:com.google.android.gm/u0a63 for service com.google.android.gm/com.android.mail.widget.NotifyDatasetChangedJob$NotifyDatasetChangedJobService
01-08 03:49:51.398 21773 21773 D ActivityThread: Loading provider com.google.android.gm.sapi: com.google.android.gm.sapi.SapiUiProvider
01-08 03:49:52.938 941 1787 I ActivityManager: Killing 20271:com.android.providers.calendar/u0a1 (adj 906): empty #17
01-08 03:49:54.450 941 29230 I ActivityManager: Killing 19571:com.google.android.apps.genie.geniewidget/u0a83 (adj 906): empty #17
01-08 03:49:54.513 941 941 I ActivityManager: Start proc 21858:com.google.android.youtube/u0a68 for service com.google.android.youtube/androidx.work.impl.background.systemjob.SystemJobService
01-08 03:49:54.532 941 952 D ConnectivityService: ConnectivityService NetworkRequestInfo binderDied(NetworkRequest [ LISTEN id=255, [ Capabilities: NOT_RESTRICTED&TRUSTED&NOT_VPN&FOREGROUND] ], android.os.BinderProxy@2133666)
01-08 03:49:54.977 941 13817 I ActivityManager: Killing 20189:com.google.android.calendar/u0a31 (adj 906): empty #17
01-08 03:49:56.328 941 1776 D ConnectivityService: Returning UNBLOCKED NetworkInfo to uid=10068
01-08 03:49:56.620 941 1583 D ConnectivityService: requestNetwork for uid/pid:10063/21773 NetworkRequest [ TRACK_DEFAULT id=277, [ Capabilities: INTERNET&NOT_RESTRICTED&TRUSTED&NOT_VPN] ]
01-08 03:49:56.882 941 1406 D ConnectivityService: requestNetwork for uid/pid:10068/21858 NetworkRequest [ TRACK_DEFAULT id=278, [ Capabilities: INTERNET&NOT_RESTRICTED&TRUSTED&NOT_VPN] ]
01-08 03:49:57.282 941 21161 D ConnectivityService: requestNetwork for uid/pid:10068/21858 NetworkRequest [ TRACK_DEFAULT id=279, [ Capabilities: INTERNET&NOT_RESTRICTED&TRUSTED&NOT_VPN] ]
01-08 03:49:58.552 941 955 W BroadcastQueue: Permission Denial: broadcasting Intent { act=android.net.conn.CONNECTIVITY_CHANGE flg=0x4000010 (has extras) } from null (pid=-1, uid=-1) requires com.google.android.youtube.DYNAMIC_RECEIVER_NOT_EXPORTED_PERMISSION due to registered receiver BroadcastFilter{737be55 u0 ReceiverList{29ac50c 21858 com.google.android.youtube/10068/u0 remote:415683f}}
01-08 03:49:59.327 941 1787 I ActivityManager: Killing 20673:com.google.android.apps.plus/u0a24 (adj 906): empty #17
01-08 03:49:59.557 941 1787 I ActivityManager: Killing 20651:com.android.vending:instant_app_installer/u0a18 (adj 906): empty #17
01-08 03:50:00.046 941 1585 I ActivityManager: Killing 21160:com.google.android.partnersetup/u0a14 (adj 906): empty #17
01-08 03:50:01.157 21858 21895 E ActivityThread: Failed to find provider info for com.google.android.apps.wellbeing.api
01-08 03:50:01.507 941 941 I Telecom : DefaultDialerCache: Refreshing default dialer for user 0: now null: DDC.oR@AIA
01-08 03:50:02.153 941 952 I ActivityManager: Start proc 22089:com.android.chrome:privileged_process0/u0a34 for service com.android.chrome/org.chromium.content.app.PrivilegedProcessService0
01-08 03:50:02.801 941 1406 I ActivityManager: Start proc 22113:com.android.chrome:sandboxed_process0/u0i33 for webview_service com.android.chrome/org.chromium.content.app.SandboxedProcessService0
01-08 03:50:02.950 941 952 I ActivityManager: Killing 20170:android.process.acore/u0a3 (adj 906): empty #17
01-08 03:50:03.938 941 1776 I ActivityManager: Killing 20693:com.google.android.apps.turbo:aab/u0a93 (adj 904): empty #17
01-08 03:50:03.939 941 1776 I ActivityManager: Killing 20936:com.google.android.videos/u0a66 (adj 906): empty #18
01-08 03:50:03.939 941 1776 I ActivityManager: Killing 19865:com.google.android.apps.docs/u0a39 (adj 906): empty #19
01-08 03:50:05.792 941 1192 D ConnectivityService: requestNetwork for uid/pid:10050/21726 NetworkRequest [ TRACK_DEFAULT id=282, [ Capabilities: INTERNET&NOT_RESTRICTED&TRUSTED&NOT_VPN] ]
01-08 03:50:07.514 941 951 D ConnectivityService: ConnectivityService NetworkRequestInfo binderDied(NetworkRequest [ TRACK_DEFAULT id=269, [ Capabilities: INTERNET&NOT_RESTRICTED&TRUSTED&NOT_VPN] ], android.os.BinderProxy@c163c12)
01-08 03:50:07.514 941 1024 D ConnectivityService: releasing NetworkRequest [ TRACK_DEFAULT id=269, [ Capabilities: INTERNET&NOT_RESTRICTED&TRUSTED&NOT_VPN] ] (release request)
01-08 03:50:08.496 941 1080 D ConnectivityService: requestNetwork for uid/pid:10068/21858 NetworkRequest [ TRACK_DEFAULT id=284, [ Capabilities: INTERNET&NOT_RESTRICTED&TRUSTED&NOT_VPN] ]
01-08 03:50:10.106 941 1024 D ConnectivityService: releasing NetworkRequest [ TRACK_DEFAULT id=284, [ Capabilities: INTERNET&NOT_RESTRICTED&TRUSTED&NOT_VPN] ] (release request)
01-08 03:50:20.795 941 952 I ActivityManager: Killing 21432:com.google.android.apps.gcs/u0a8 (adj 904): empty #17
01-08 03:50:20.795 941 952 I ActivityManager: Killing 20764:com.google.android.configupdater/u0a2 (adj 904): empty #18
01-08 03:50:20.795 941 952 I ActivityManager: Killing 20827:com.google.android.apps.docs.editors.slides/u0a82 (adj 906): empty #19
01-08 03:50:20.876 941 21177 D ConnectivityService: Returning BLOCKED NetworkInfo to uid=10018
01-08 04:05:41.990 941 1582 I ActivityManager: Killing 20956:com.google.process.gapps/u0a9 (adj 904): empty #17
01-08 04:05:42.011 941 1585 I ActivityManager: Killing 21314:com.google.android.apps.maps/u0a54 (adj 904): empty #17
01-08 04:05:42.062 941 1192 D ConnectivityService: ConnectivityService NetworkRequestInfo binderDied(NetworkRequest [ TRACK_DEFAULT id=272, [ Capabilities: INTERNET&NOT_RESTRICTED&TRUSTED&NOT_VPN] ], android.os.BinderProxy@dbe8cbe)
01-08 04:05:42.062 941 952 D ConnectivityService: ConnectivityService NetworkRequestInfo binderDied(NetworkRequest [ LISTEN id=275, [ Capabilities: INTERNET&NOT_RESTRICTED&TRUSTED] ], android.os.BinderProxy@1f8011f)
01-08 04:05:42.063 941 1024 D ConnectivityService: releasing NetworkRequest [ TRACK_DEFAULT id=272, [ Capabilities: INTERNET&NOT_RESTRICTED&TRUSTED&NOT_VPN] ] (release request)
01-08 04:10:52.189 941 1585 I ActivityManager: Killing 20869:com.google.android.play.games/u0a60 (adj 904): empty #17
01-08 04:11:13.123 941 21161 D ConnectivityService: ConnectivityService NetworkRequestInfo binderDied(NetworkRequest [ LISTEN id=274, [ Capabilities: INTERNET&NOT_RESTRICTED&TRUSTED&FOREGROUND] ], android.os.BinderProxy@f929358)
01-08 04:11:18.501 941 955 W ProcessCpuTracker: Skipping unknown process pid 22223
01-08 04:11:18.503 941 955 W ProcessCpuTracker: Skipping unknown process pid 22224
01-08 06:05:40.564 941 958 E BatteryExternalStatsWorker: modem info is invalid: ModemActivityInfo{ mTimestamp=0 mSleepTimeMs=0 mIdleTimeMs=0 mTxTimeMs[]=[0, 0, 0, 0, 0] mRxTimeMs=0 mEnergyUsed=0}
01-08 07:00:00.113 941 941 D ConditionProviders.SCP: onReceive ScheduleConditionProvider.EVALUATE
01-08 07:00:00.116 941 941 D ConditionProviders.SCP: notifyCondition condition://android/schedule?days=6.7&start=23.30&end=10.0&exitAtAlarm=false STATE_FALSE reason=!meetsSchedule
01-08 07:00:00.116 941 941 D ConditionProviders.SCP: notifyCondition condition://android/schedule?days=1.2.3.4.5&start=22.0&end=7.0&exitAtAlarm=false STATE_FALSE reason=!meetsSchedule
01-08 07:00:00.120 941 941 D ConditionProviders.SCP: Scheduling evaluate for Mon Jan 08 10:00:00 GMT+01:00 2024 (1704704400000), in +2h59m59s887ms, now=Mon Jan 08 07:00:00 GMT+01:00 2024 (1704693600113)
01-08 07:45:45.266 941 955 W ProcessCpuTracker: Skipping unknown process pid 22351
01-08 07:45:45.266 941 955 W ProcessCpuTracker: Skipping unknown process pid 22352
01-08 08:30:42.367 941 958 E BatteryExternalStatsWorker: modem info is invalid: ModemActivityInfo{ mTimestamp=0 mSleepTimeMs=0 mIdleTimeMs=0 mTxTimeMs[]=[0, 0, 0, 0, 0] mRxTimeMs=0 mEnergyUsed=0}
01-08 09:00:42.240 941 1192 I ActivityManager: Killing 21726:com.google.android.talk/u0a50 (adj 906): empty #17
01-08 09:00:42.251 941 955 W BroadcastQueue: Skipping deliver [background] BroadcastRecord{ad51992 u-1 android.intent.action.BATTERY_CHANGED} to ReceiverList{f5f32d7 21726 com.google.android.talk/10050/u0 remote:111256}: process gone or crashing
01-08 09:00:42.303 941 1787 D ConnectivityService: ConnectivityService NetworkRequestInfo binderDied(NetworkRequest [ TRACK_DEFAULT id=282, [ Capabilities: INTERNET&NOT_RESTRICTED&TRUSTED&NOT_VPN] ], android.os.BinderProxy@3728f63)
01-08 09:00:42.303 941 1024 D ConnectivityService: releasing NetworkRequest [ TRACK_DEFAULT id=282, [ Capabilities: INTERNET&NOT_RESTRICTED&TRUSTED&NOT_VPN] ] (release request)
01-08 09:39:11.796 941 955 I ActivityManager: Start proc 22420:com.google.android.apps.maps:server_recovery_process_scheduled/u0a54 for broadcast com.google.android.apps.maps/com.google.android.apps.gmm.plugins.serverrecovery.ScheduledRecoverySignalHandlerImpl
01-08 09:39:11.802 941 1405 W AlarmManager: Alarms must either supply a PendingIntent or an AlarmReceiver
01-08 09:39:11.872 941 941 I ActivityManager: Start proc 22438:com.google.android.apps.photos/u0a58 for service com.google.android.apps.photos/androidx.work.impl.background.systemjob.SystemJobService
01-08 09:39:11.893 941 1080 I ActivityManager: Start proc 22451:android.process.media/u0a6 for content provider com.android.providers.downloads/.DownloadProvider
01-08 09:39:12.569 941 941 I ActivityManager: Start proc 22482:com.google.android.calendar/u0a31 for service com.google.android.calendar/com.google.android.libraries.notifications.entrypoints.scheduled.ScheduledTaskService
01-08 09:39:12.771 941 1080 D ConnectivityService: requestNetwork for uid/pid:10025/17964 NetworkRequest [ TRACK_DEFAULT id=285, [ Capabilities: INTERNET&NOT_RESTRICTED&TRUSTED&NOT_VPN] ]
01-08 09:39:13.521 941 1406 I ActivityManager: Process com.google.android.apps.maps:server_recovery_process_scheduled (pid 22420) has died: cch CEM
01-08 09:39:13.816 941 21161 I ActivityManager: Start proc 22528:com.android.providers.calendar/u0a1 for content provider com.android.providers.calendar/.CalendarProvider2
01-08 09:39:14.959 941 951 D ConnectivityService: Returning UNBLOCKED NetworkInfo to uid=10018
01-08 09:39:15.463 941 1024 D ConnectivityService: releasing NetworkRequest [ TRACK_DEFAULT id=285, [ Capabilities: INTERNET&NOT_RESTRICTED&TRUSTED&NOT_VPN] ] (release request)
01-08 09:39:15.643 941 1405 I ActivityManager: Start proc 22601:com.google.android.GoogleCamera/u0a41 for content provider com.google.android.GoogleCamera/com.google.android.apps.camera.specialtypes.CameraSpecialTypesProvider
01-08 09:39:16.225 941 1582 D ConnectivityService: requestNetwork for uid/pid:10058/22438 NetworkRequest [ TRACK_DEFAULT id=286, [ Capabilities: INTERNET&NOT_RESTRICTED&TRUSTED&NOT_VPN] ]
01-08 09:39:16.406 941 21177 I ActivityManager: Start proc 22620:com.google.process.gapps/u0a9 for content provider com.google.android.gsf/.settings.GoogleSettingsProvider
01-08 09:39:16.406 941 21177 W ActivityManager: Slow operation: 117ms so far, now at getContentProviderImpl: after start process
01-08 09:39:16.406 941 21177 W ActivityManager: Slow operation: 117ms so far, now at getContentProviderImpl: updating data structures
01-08 09:39:16.406 941 21177 W ActivityManager: Slow operation: 118ms so far, now at getContentProviderImpl: done!
01-08 09:39:16.406 941 1776 W ActivityManager: No permission grants found for com.google.android.apps.photos
01-08 09:39:16.408 941 1787 W ActivityManager: No permission grants found for com.google.android.apps.photos
01-08 09:39:17.111 941 958 E BatteryExternalStatsWorker: modem info is invalid: ModemActivityInfo{ mTimestamp=0 mSleepTimeMs=0 mIdleTimeMs=0 mTxTimeMs[]=[0, 0, 0, 0, 0] mRxTimeMs=0 mEnergyUsed=0}
01-08 09:39:18.867 941 951 W BroadcastQueue: Background execution not allowed: receiving Intent { act=android.intent.action.DROPBOX_ENTRY_ADDED flg=0x10 (has extras) } to com.google.android.gms/.stats.service.DropBoxEntryAddedReceiver
01-08 09:39:18.867 941 955 W BroadcastQueue: Background execution not allowed: receiving Intent { act=android.intent.action.DROPBOX_ENTRY_ADDED flg=0x10 (has extras) } to com.google.android.gms/.chimera.GmsIntentOperationService$PersistentTrustedReceiver
01-08 09:39:18.867 941 955 W BroadcastQueue: Background execution not allowed: receiving Intent { act=android.intent.action.DROPBOX_ENTRY_ADDED flg=0x10 (has extras) } to com.google.android.gms/.stats.service.DropBoxEntryAddedReceiver
01-08 09:39:18.867 941 955 W BroadcastQueue: Background execution not allowed: receiving Intent { act=android.intent.action.DROPBOX_ENTRY_ADDED flg=0x10 (has extras) } to com.google.android.gms/.chimera.GmsIntentOperationService$PersistentTrustedReceiver
01-08 09:39:19.679 941 13817 W ActivityManager: No permission grants found for com.google.android.apps.photos
01-08 09:39:19.692 941 1582 W ActivityManager: No permission grants found for com.google.android.apps.photos
01-08 09:39:19.905 941 29230 W ActivityManager: No permission grants found for com.google.android.apps.photos
01-08 09:39:19.931 941 13817 W ActivityManager: No permission grants found for com.google.android.apps.photos
01-08 09:39:35.803 941 21161 I ActivityManager: Killing 21599:com.google.android.apps.docs.editors.sheets/u0a81 (adj 906): empty #17
01-08 09:39:36.271 941 1405 I ActivityManager: Killing 21478:com.google.android.apps.docs.editors.docs/u0a85 (adj 906): empty #17
01-08 09:39:36.764 941 1192 I ActivityManager: Killing 21051:com.google.android.keep/u0a84 (adj 906): empty #17
01-08 10:00:00.108 941 941 D ConditionProviders.SCP: onReceive ScheduleConditionProvider.EVALUATE
01-08 10:00:00.108 941 941 D ConditionProviders.SCP: notifyCondition condition://android/schedule?days=6.7&start=23.30&end=10.0&exitAtAlarm=false STATE_FALSE reason=!meetsSchedule
01-08 10:00:00.109 941 941 D ConditionProviders.SCP: notifyCondition condition://android/schedule?days=1.2.3.4.5&start=22.0&end=7.0&exitAtAlarm=false STATE_FALSE reason=!meetsSchedule
01-08 10:00:00.109 941 941 D ConditionProviders.SCP: Scheduling evaluate for Mon Jan 08 22:00:00 GMT+01:00 2024 (1704747600000), in +11h59m59s892ms, now=Mon Jan 08 10:00:00 GMT+01:00 2024 (1704704400108)
01-08 10:00:00.110 941 941 I ActivityManager: Killing 20805:com.google.android.contacts/u0a10 (adj 906): empty #17
01-08 10:00:00.110 941 941 I ActivityManager: Killing 22113:com.android.chrome:sandboxed_process0/u0a34i33 (adj 906): empty #18
01-08 10:00:00.111 941 941 I ActivityManager: Killing 22089:com.android.chrome:privileged_process0/u0a34 (adj 906): empty #19
01-08 10:00:00.179 941 1787 W ActivityManager: Scheduling restart of crashed service com.android.chrome/org.chromium.content.app.SandboxedProcessService0 in 1000ms
01-08 10:00:00.185 941 958 D KernelUidCpuTimeReader: Removing uids 99033-99033
01-08 10:00:00.230 941 952 W ActivityManager: Scheduling restart of crashed service com.android.chrome/org.chromium.content.app.PrivilegedProcessService0 in 1000ms
01-08 10:00:00.247 941 1776 D ConnectivityService: ConnectivityService NetworkRequestInfo binderDied(NetworkRequest [ LISTEN id=280, [ Capabilities: INTERNET&NOT_RESTRICTED&TRUSTED] ], android.os.BinderProxy@f211c7a)
01-08 10:08:02.445 941 955 D KernelUidCpuTimeReader: Removing uids 99033-99033
01-08 10:08:02.446 941 955 D BatteryStatsImpl: Got readings for an isolated uid with no mapping to owning uid: 99033
01-08 12:55:40.518 941 958 E BatteryExternalStatsWorker: modem info is invalid: ModemActivityInfo{ mTimestamp=0 mSleepTimeMs=0 mIdleTimeMs=0 mTxTimeMs[]=[0, 0, 0, 0, 0] mRxTimeMs=0 mEnergyUsed=0}
01-08 12:55:52.150 941 1009 I PowerManagerService: Waking up from sleep (uid=1000 reason=android.policy:POWER)...
01-08 12:55:52.218 941 966 I DisplayPowerController: Blocking screen on until initial contents have been drawn.
01-08 12:55:52.249 941 1406 W AlarmManager: Alarms must either supply a PendingIntent or an AlarmReceiver
01-08 12:55:52.271 941 964 I DisplayManagerService: Display device changed state: "Built-in Screen", ON
01-08 12:55:52.470 941 1583 D ConnectivityService: requestNetwork for uid/pid:10025/17964 NetworkRequest [ TRACK_DEFAULT id=287, [ Capabilities: INTERNET&NOT_RESTRICTED&TRUSTED&NOT_VPN] ]
01-08 12:55:52.558 941 1024 D ConnectivityService: releasing NetworkRequest [ TRACK_DEFAULT id=287, [ Capabilities: INTERNET&NOT_RESTRICTED&TRUSTED&NOT_VPN] ] (release request)
01-08 12:55:52.685 941 966 I DisplayPowerController: Unblocked screen on after 467 ms
01-08 12:55:52.692 941 966 W PowerManagerService: Screen on took 745 ms
01-08 12:55:53.503 12852 21283 W PackageParser: Unknown element under : queries at /data/user_de/0/com.google.android.gms/app_chimera/m/00000202/DynamiteModulesC.apk Binary XML file line #15
01-08 12:55:53.542 12852 21283 W PackageParser: Unknown element under : queries at /data/user_de/0/com.google.android.gms/app_chimera/m/000001dc/dl-AdsFdrDynamite.integ_234310602020000.apk Binary XML file line #15
01-08 12:55:54.182 941 1191 I ActivityManager: Start proc 22847:com.easybrain.jigsaw.puzzles/u0a199 for broadcast com.easybrain.jigsaw.puzzles/com.google.firebase.iid.FirebaseInstanceIdReceiver
01-08 12:55:56.173 941 21161 I ActivityManager: Start proc 22963:com.easybrain.jigsaw.puzzles:fcm/u0a199 for service com.easybrain.jigsaw.puzzles/com.easybrain.fcm.FcmMessagingService
01-08 12:55:56.978 941 1582 I ActivityManager: Start proc 23012:com.android.vending:instant_app_installer/u0a18 for service com.android.vending/com.google.android.finsky.instantapps.statussync.EnabledStatusSyncService
01-08 12:55:57.293 941 1582 D ConnectivityService: requestNetwork for uid/pid:10058/22438 NetworkRequest [ TRACK_DEFAULT id=302, [ Capabilities: INTERNET&NOT_RESTRICTED&TRUSTED&NOT_VPN] ]
01-08 12:55:57.314 941 1024 D ConnectivityService: releasing NetworkRequest [ TRACK_DEFAULT id=302, [ Capabilities: INTERNET&NOT_RESTRICTED&TRUSTED&NOT_VPN] ] (release request)
01-08 12:55:57.403 941 1192 I ActivityManager: Start proc 23028:com.android.chrome:webview_service/u0a34 for service com.android.chrome/org.chromium.android_webview.services.VariationsSeedServer
01-08 12:55:57.608 941 29230 I ActivityManager: Start proc 23046:com.google.android.apps.wallpaper/u0a94 for broadcast com.google.android.apps.wallpaper/.module.DailyLoggingAlarmReceiver
01-08 12:55:57.693 941 951 I LockSettingsService: Unlocking user 0 with secret only, length 64
01-08 12:55:57.710 941 21161 I ActivityManager: Start proc 23067:com.android.chrome:sandboxed_process0/u0i34 for webview_service com.easybrain.jigsaw.puzzles/org.chromium.content.app.SandboxedProcessService0
01-08 12:55:57.711 941 951 W ActivityManager: Expected user 0 in state RUNNING_LOCKED but was in state RUNNING_UNLOCKED
01-08 12:55:57.711 941 951 I LockSettingsService: Disabling escrow token on user 0
01-08 12:55:58.540 941 1080 W BroadcastQueue: Background execution not allowed: receiving Intent { act=android.intent.action.USER_PRESENT flg=0x24200010 } to com.android.chrome/org.chromium.chrome.browser.sharing.click_to_call.ClickToCallMessageHandler$PhoneUnlockedReceiver
01-08 12:55:58.540 941 955 W BroadcastQueue: Background execution not allowed: receiving Intent { act=android.intent.action.USER_PRESENT flg=0x24200010 } to com.google.android.gms/.auth.setup.devicesignals.LockScreenReceiver
01-08 12:55:58.540 941 955 W BroadcastQueue: Background execution not allowed: receiving Intent { act=android.intent.action.USER_PRESENT flg=0x24200010 } to com.google.android.gms/.chimera.GmsIntentOperationService$PersistentTrustedReceiver
01-08 12:55:59.393 20640 23099 E ActivityThread: Failed to find provider info for androidx.car.app.connection
01-08 12:56:01.132 941 941 I ActivityManager: Start proc 23164:com.android.chrome:webview_apk/u0a34 for service com.android.chrome/org.chromium.android_webview.nonembedded.AwComponentUpdateService
01-08 12:56:01.325 20640 20921 E ActivityThread: Failed to find provider info for com.google.android.wearable.settings
01-08 12:56:01.464 20640 20921 I chatty : uid=10018(com.android.vending) bgExecutor #3 identical 10 lines
