01-08 12:56:44.719 189 189 D WifiHAL : len = 4, expected len = 4
01-08 12:56:44.720 189 189 D WifiHAL : In DebugCommand::handleResponse
01-08 12:56:44.720 189 189 D WifiHAL : len = 4, expected len = 4
01-08 12:56:44.740 941 955 W BroadcastQueue: Background execution not allowed: receiving Intent { act=android.intent.action.ACTION_POWER_CONNECTED flg=0x4000010 (has extras) } to com.google.android.gms/.gcm.nts.SchedulerReceiver
01-08 12:56:44.740 941 955 W BroadcastQueue: Background execution not allowed: receiving Intent { act=android.intent.action.ACTION_POWER_CONNECTED flg=0x4000010 (has extras) } to com.google.android.gms/.chimera.GmsIntentOperationService$PersistentTrustedReceiver
01-08 12:56:44.741 941 955 W BroadcastQueue: Background execution not allowed: receiving Intent { act=android.intent.action.ACTION_POWER_CONNECTED flg=0x4000010 (has extras) } to com.google.android.apps.plus/.service.BatteryReceiver
01-08 12:56:44.742 1456 1456 I GsaVoiceInteractionSrv: (REDACTED) O received %s
01-08 12:56:44.750 941 941 I EntropyMixer: Writing entropy...
01-08 12:56:44.763 941 1787 I chatty : uid=1000(system) Binder:941_C expire 1 line
01-08 12:56:44.795 1456 1456 I AmbBrdcstRcvrServClient: (REDACTED) handleRefreshAction(): not handling %s
01-08 12:56:44.795 1456 1818 I BrdcstRcvrMsgr: (REDACTED) sendMessage(): received broadcast id:%d with action:%s
01-08 12:56:44.815 1152 1152 E PhoneInterfaceManager: [PhoneIntfMgr] queryModemActivityInfo: Empty response
01-08 12:56:44.817 941 958 D KernelUidCpuTimeReader: Removing uids 99034-99034
01-08 12:56:44.817 941 958 D BatteryStatsImpl: Got readings for an isolated uid with no mapping to owning uid: 99034
01-08 12:56:44.822 941 958 E BatteryExternalStatsWorker: modem info is invalid: ModemActivityInfo{ mTimestamp=0 mSleepTimeMs=0 mIdleTimeMs=0 mTxTimeMs[]=[0, 0, 0, 0, 0] mRxTimeMs=0 mEnergyUsed=0}
01-08 12:56:45.003 17964 17964 I A : Creating pss binder().
01-08 12:56:45.006 941 941 I ActivityManager: Start proc 23524:com.google.android.tts/u0a47 for service com.google.android.tts/androidx.work.impl.background.systemjob.SystemJobService
01-08 12:56:45.021 941 941 I ActivityManager: Start proc 23537:com.google.android.configupdater/u0a2 for service com.google.android.configupdater/.MainJobService
01-08 12:56:45.023 17964 17988 I A : Calling beginBinderSession().
01-08 12:56:45.037 941 941 I ActivityManager: Start proc 23550:com.google.android.talk/u0a50 for service com.google.android.talk/androidx.work.impl.background.systemjob.SystemJobService
01-08 12:56:45.038 1065 1065 I JobSchedulerImpl: JobSchedulerImpl$TaskRunnerJobService.onStartJob():198 onStartJob(): mdd_periodical_task_MDD.CHARGING.PERIODIC.TASK.
01-08 12:56:45.102 1065 1065 I MDDTaskScheduler: MDDTaskScheduler$Runner.onRunTask():65 task mdd_periodical_task_MDD.CHARGING.PERIODIC.TASK started
01-08 12:56:45.170 1065 1065 I JobSchedulerImpl: JobSchedulerImpl$TaskRunnerJobService.onStartJob():198 onStartJob(): mdd_periodical_task_MDD.CELLULAR.CHARGING.PERIODIC.TASK.
01-08 12:56:45.170 1065 1065 I MDDTaskScheduler: MDDTaskScheduler$Runner.onRunTask():65 task mdd_periodical_task_MDD.CELLULAR.CHARGING.PERIODIC.TASK started
01-08 12:56:45.213 17964 18116 I A : (REDACTED) isOpaHotwordEnabled: %b
01-08 12:56:45.213 17964 18116 I A : Disabling the hotword detector.
01-08 12:56:45.217 1065 1065 I JobSchedulerImpl: JobSchedulerImpl$TaskRunnerJobService$Callback.onSuccess():374 Task: mdd_periodical_task_MDD.CHARGING.PERIODIC.TASK successes.
01-08 12:56:45.218 1065 1065 I JobSchedulerImpl: JobSchedulerImpl$TaskRunnerJobService$Callback.onSuccess():374 Task: mdd_periodical_task_MDD.CELLULAR.CHARGING.PERIODIC.TASK successes.
01-08 12:56:45.219 1065 1065 I JobSchedulerImpl: JobSchedulerImpl$TaskRunnerJobService.onStartJob():198 onStartJob(): mdd_periodical_task_MDD.WIFI.CHARGING.PERIODIC.TASK.
01-08 12:56:45.219 1065 1065 I MDDTaskScheduler: MDDTaskScheduler$Runner.onRunTask():65 task mdd_periodical_task_MDD.WIFI.CHARGING.PERIODIC.TASK started
01-08 12:56:45.220 17964 18116 I MicroDetectionState: (REDACTED) Updating hotword opa ineligibility to %b
01-08 12:56:45.220 1065 1065 I JobSchedulerImpl: JobSchedulerImpl$TaskRunnerJobService$Callback.onSuccess():374 Task: mdd_periodical_task_MDD.WIFI.CHARGING.PERIODIC.TASK successes.
01-08 12:56:45.224 17964 18116 I A : getLocaleToModelSpecsMap
01-08 12:56:45.224 17964 18116 I A : (REDACTED) isModelTypeDspSupported-%b modelType-OK_HEY_GOOGLE locale-%s
01-08 12:56:45.224 17964 18116 I A : getLocaleToModelSpecsMap
01-08 12:56:45.224 17964 18116 I A : (REDACTED) isModelTypeDspSupported-%b modelType-OK_HEY_GOOGLE locale-%s
01-08 12:56:45.231 941 941 I ActivityManager: Start proc 23568:com.google.android.youtube/u0a68 for service com.google.android.youtube/androidx.work.impl.background.systemjob.SystemJobService
01-08 12:56:45.260 1456 1818 W A : Receive an config update when there's no subscriber. Ignore the request!
01-08 12:56:45.265 17964 18116 I A : getLocaleToModelSpecsMap
01-08 12:56:45.265 17964 18116 I A : (REDACTED) isModelTypeDspSupported-%b modelType-OK_HEY_GOOGLE locale-%s
01-08 12:56:45.266 17964 18116 I A : getLocaleToModelSpecsMap
01-08 12:56:45.266 17964 18116 I A : (REDACTED) isModelTypeDspSupported-%b modelType-OK_HEY_GOOGLE locale-%s
01-08 12:56:45.266 17964 18116 I A : getLocaleToModelSpecsMap
01-08 12:56:45.266 17964 18116 I A : (REDACTED) isModelTypeDspSupported-%b modelType-OK_HEY_GOOGLE locale-%s
01-08 12:56:45.267 17964 18116 I A : getLocaleToModelSpecsMap
01-08 12:56:45.267 17964 18116 I A : (REDACTED) isModelTypeDspSupported-%b modelType-OK_HEY_GOOGLE locale-%s
01-08 12:56:45.267 17964 18116 I A : getLocaleToModelSpecsMap
01-08 12:56:45.267 17964 18116 I A : Proto config empty. Exit merge.
01-08 12:56:45.268 17964 18116 I A : getLocaleToModelSpecsMap
01-08 12:56:45.268 17964 18116 I A : (REDACTED) isModelTypeDspSupported-%b modelType-OK_HEY_GOOGLE locale-%s
01-08 12:56:45.268 17964 18116 I A : getLocaleToModelSpecsMap
01-08 12:56:45.268 17964 18116 I A : (REDACTED) isModelTypeDspSupported-%b modelType-OK_HEY_GOOGLE locale-%s
01-08 12:56:45.306 17964 18116 I MicroDetectionWorker: (REDACTED) Initializing MicroDataManager InitializeType-%d, isForced-%b, isActivePhoneEnrollment-%b isActiveGoogleHomeEnrollment-%b
01-08 12:56:45.306 17964 18116 I A : getLocaleToModelSpecsMap
01-08 12:56:45.306 17964 18116 I A : (REDACTED) isModelTypeDspSupported-%b modelType-OK_HEY_GOOGLE locale-%s
01-08 12:56:45.306 17964 17964 I A : getLocaleToModelSpecsMap
01-08 12:56:45.307 17964 17964 I A : (REDACTED) isModelTypeDspSupported-%b modelType-OK_HEY_GOOGLE locale-%s
01-08 12:56:45.307 17964 17964 I A : getLocaleToModelSpecsMap
01-08 12:56:45.307 17964 17964 I A : Proto config empty. Exit merge.
01-08 12:56:45.308 17964 17964 I A : (REDACTED) hasHotwordEverywhere-%b
01-08 12:56:45.308 17964 17964 I A : getLocaleToModelSpecsMap
01-08 12:56:45.308 17964 17964 I A : (REDACTED) isModelTypeDspSupported-%b modelType-OK_HEY_GOOGLE locale-%s
01-08 12:56:45.308 17964 17964 I A : getLocaleToModelSpecsMap
01-08 12:56:45.308 17964 17964 I A : Proto config empty. Exit merge.
01-08 12:56:45.314 17964 18116 I A : getLocaleToModelSpecsMap
01-08 12:56:45.314 17964 18116 I A : Proto config empty. Exit merge.
01-08 12:56:45.314 17964 18116 I MicroDataManager: (REDACTED) Location for model with model type: %s and locale: %s, is : %s
01-08 12:56:45.324 17964 18116 I A : (REDACTED) isOpaHotwordEnabled: %b
01-08 12:56:45.324 17964 18116 I A : Disabling the hotword detector.
01-08 12:56:45.325 17964 18116 I MicroDetectionState: (REDACTED) #takeChangeMicroDetectorMode [mIsBargeInEnabled: %b, mCurrentDetectionMode: %s]
01-08 12:56:45.325 17964 18116 I MicroDetectionState: (REDACTED) Should stop hotword detection immediately - %b
01-08 12:56:45.326 17964 18116 I A : (REDACTED) isOpaHotwordEnabled: %b
01-08 12:56:45.326 17964 18116 I A : Disabling the hotword detector.
01-08 12:56:45.327 1456 1818 W A : Receive an config update when there's no subscriber. Ignore the request!
01-08 12:56:45.327 17964 18116 I MicroDetectionState: (REDACTED) #takeChangeMicroDetectorMode [mIsBargeInEnabled: %b, mCurrentDetectionMode: %s]
01-08 12:56:45.327 17964 18116 I MicroDetectionState: (REDACTED) Should stop hotword detection immediately - %b
01-08 12:56:45.328 17964 18116 I A : getLocaleToModelSpecsMap
01-08 12:56:45.328 17964 18116 I A : Proto config empty. Exit merge.
01-08 12:56:45.329 1456 1818 W A : Receive an config update when there's no subscriber. Ignore the request!
01-08 12:56:45.408 17964 17988 I A : (REDACTED) Forwarding trigger sources: %d
01-08 12:56:45.439 17964 18126 I A : HeadsetState: startMonitoring
01-08 12:56:45.439 17964 18126 I A : (REDACTED) %s(%s): shouldRegister: %b
01-08 12:56:45.449 12852 12852 D BoundBrokerSvc: onBind: Intent { act=com.google.android.gms.common.BIND_SHARED_PREFS pkg=com.google.android.gms }
01-08 12:56:45.449 12852 12852 D BoundBrokerSvc: Loading bound service for intent: Intent { act=com.google.android.gms.common.BIND_SHARED_PREFS pkg=com.google.android.gms }
01-08 12:56:45.459 12852 12852 D BoundBrokerSvc: onUnbind: Intent { act=com.google.android.gms.common.BIND_SHARED_PREFS pkg=com.google.android.gms }
01-08 12:56:45.547 23524 23524 I MultiDex: VM with version 2.1.0 has multidex support
01-08 12:56:45.568 23524 23524 I MultiDex: Installing application
01-08 12:56:45.568 23524 23524 I MultiDex: VM has multidex support, MultiDex support library is disabled.
01-08 12:56:45.568 23524 23524 I MultiDex: Installing application
01-08 12:56:45.568 23524 23524 I MultiDex: VM has multidex support, MultiDex support library is disabled.
01-08 12:56:45.594 941 962 D UsbDeviceManager: push notification:USB charging this device
01-08 12:56:45.691 23524 23611 I carui : CarUi plugin is disabled
01-08 12:56:45.698 1456 1816 I BrdcstRcvrMsgr: disconnect()
01-08 12:56:45.729 1456 1816 E BrdcstRcvrMsgr: SvcConn: binder null, could not send broadcast of action
01-08 12:56:45.733 20735 23610 E memtrack: Couldn't load memtrack module
01-08 12:56:45.734 20735 23610 W android.os.Debug: failed to get memory consumption info: -1
01-08 12:56:45.776 23568 23568 I chatty : uid=10068(com.google.android.youtube) expire 128 lines
01-08 12:56:45.889 12852 12852 D BoundBrokerSvc: onBind: Intent { act=com.google.android.gms.common.BIND_SHARED_PREFS pkg=com.google.android.gms }
01-08 12:56:45.889 12852 12852 D BoundBrokerSvc: Loading bound service for intent: Intent { act=com.google.android.gms.common.BIND_SHARED_PREFS pkg=com.google.android.gms }
01-08 12:56:45.919 12852 12852 D BoundBrokerSvc: onUnbind: Intent { act=com.google.android.gms.common.BIND_SHARED_PREFS pkg=com.google.android.gms }
01-08 12:56:45.969 12852 12852 D BoundBrokerSvc: onBind: Intent { act=com.google.android.gms.common.BIND_SHARED_PREFS pkg=com.google.android.gms }
01-08 12:56:45.969 12852 12852 D BoundBrokerSvc: Loading bound service for intent: Intent { act=com.google.android.gms.common.BIND_SHARED_PREFS pkg=com.google.android.gms }
01-08 12:56:45.991 941 1192 I ActivityManager: Start proc 23627:android.process.acore/u0a3 for content provider com.android.providers.contacts/.ContactsProvider2
01-08 12:56:46.015 23524 23524 I Analytics: Running on TYPE_PHONE
01-08 12:56:46.026 12852 12852 D BoundBrokerSvc: onUnbind: Intent { act=com.google.android.gms.common.BIND_SHARED_PREFS pkg=com.google.android.gms }
01-08 12:56:46.033 23524 23524 I fim : SslGuard completed installation.
01-08 12:56:46.040 23524 23524 I NativeLibraryLoader: Beginning load of tts_android...
01-08 12:56:46.097 23524 23524 I zygote64: Rejecting re-init on previously-failed class java.lang.Class: java.lang.NoClassDefFoundError: Failed resolution of: Lcom/google/android/wearable/compat/WearableActivityController$AmbientCallback;
01-08 12:56:46.097 23524 23524 I zygote64: at boolean androidx.work.impl.background.systemjob.SystemJobService.onStartJob(android.app.job.JobParameters) (PG:9)
01-08 12:56:46.097 23524 23524 I zygote64: at boolean android.app.job.JobService$1.onStartJob(android.app.job.JobParameters) (JobService.java:71)
01-08 12:56:46.097 23524 23524 I zygote64: at void android.app.job.JobServiceEngine$JobHandler.handleMessage(android.os.Message) (JobServiceEngine.java:108)
01-08 12:56:46.097 23524 23524 I zygote64: at void android.os.Handler.dispatchMessage(android.os.Message) (Handler.java:106)
01-08 12:56:46.097 23524 23524 I zygote64: at void android.os.Looper.loop() (Looper.java:164)
01-08 12:56:46.098 23524 23524 I zygote64: at void android.app.ActivityThread.main(java.lang.String[]) (ActivityThread.java:6494)
01-08 12:56:46.098 23524 23524 I zygote64: at java.lang.Object java.lang.reflect.Method.invoke(java.lang.Object, java.lang.Object[]) (Method.java:-2)
01-08 12:56:46.098 23524 23524 I zygote64: at void com.android.internal.os.RuntimeInit$MethodAndArgsCaller.run() (RuntimeInit.java:438)
01-08 12:56:46.098 23524 23524 I zygote64: at void com.android.internal.os.ZygoteInit.main(java.lang.String[]) (ZygoteInit.java:807)
01-08 12:56:46.098 23524 23524 I zygote64: Caused by: java.lang.ClassNotFoundException: Didn't find class "com.google.android.wearable.compat.WearableActivityController$AmbientCallback" on path: DexPathList[[zip file "/data/app/com.google.android.tts-DBBOde_V4pq6Co7iovTA5g==/base.apk"],nativeLibraryDirectories=[/data/app/com.google.android.tts-DBBOde_V4pq6Co7iovTA5g==/lib/arm64, /data/app/com.google.android.tts-DBBOde_V4pq6Co7iovTA5g==/base.apk!/lib/arm64-v8a, /system/lib64, /vendor/lib64]]
01-08 12:56:46.098 23524 23524 I zygote64: at java.lang.Class dalvik.system.BaseDexClassLoader.findClass(java.lang.String) (BaseDexClassLoader.java:125)
01-08 12:56:46.098 23524 23524 I zygote64: at java.lang.Class java.lang.ClassLoader.loadClass(java.lang.String, boolean) (ClassLoader.java:379)
01-08 12:56:46.098 23524 23524 I zygote64: at java.lang.Class java.lang.ClassLoader.loadClass(java.lang.String) (ClassLoader.java:312)
01-08 12:56:46.098 23524 23524 I zygote64: at boolean androidx.work.impl.background.systemjob.SystemJobService.onStartJob(android.app.job.JobParameters) (PG:9)
01-08 12:56:46.098 23524 23524 I zygote64: at boolean android.app.job.JobService$1.onStartJob(android.app.job.JobParameters) (JobService.java:71)
01-08 12:56:46.098 23524 23524 I zygote64: at void android.app.job.JobServiceEngine$JobHandler.handleMessage(android.os.Message) (JobServiceEngine.java:108)
01-08 12:56:46.098 23524 23524 I zygote64: at void android.os.Handler.dispatchMessage(android.os.Message) (Handler.java:106)
01-08 12:56:46.098 23524 23524 I zygote64: at void android.os.Looper.loop() (Looper.java:164)
01-08 12:56:46.098 23524 23524 I zygote64: at void android.app.ActivityThread.main(java.lang.String[]) (ActivityThread.java:6494)
01-08 12:56:46.098 23524 23524 I zygote64: at java.lang.Object java.lang.reflect.Method.invoke(java.lang.Object, java.lang.Object[]) (Method.java:-2)
01-08 12:56:46.098 23524 23524 I zygote64: at void com.android.internal.os.RuntimeInit$MethodAndArgsCaller.run() (RuntimeInit.java:438)
01-08 12:56:46.098 23524 23524 I zygote64: at void com.android.internal.os.ZygoteInit.main(java.lang.String[]) (ZygoteInit.java:807)
01-08 12:56:46.098 23524 23524 I zygote64:
01-08 12:56:46.098 23524 23524 I zygote64: Rejecting re-init on previously-failed class java.lang.Class: java.lang.NoClassDefFoundError: Failed resolution of: Lcom/google/android/wearable/compat/WearableActivityController$AmbientCallback;
01-08 12:56:46.098 23524 23524 I zygote64: at boolean androidx.work.impl.background.systemjob.SystemJobService.onStartJob(android.app.job.JobParameters) (PG:9)
01-08 12:56:46.098 23524 23524 I zygote64: at boolean android.app.job.JobService$1.onStartJob(android.app.job.JobParameters) (JobService.java:71)
01-08 12:56:46.098 23524 23524 I zygote64: at void android.app.job.JobServiceEngine$JobHandler.handleMessage(android.os.Message) (JobServiceEngine.java:108)
01-08 12:56:46.098 23524 23524 I zygote64: at void android.os.Handler.dispatchMessage(android.os.Message) (Handler.java:106)
01-08 12:56:46.098 23524 23524 I zygote64: at void android.os.Looper.loop() (Looper.java:164)
01-08 12:56:46.098 23524 23524 I zygote64: at void android.app.ActivityThread.main(java.lang.String[]) (ActivityThread.java:6494)
01-08 12:56:46.098 23524 23524 I zygote64: at java.lang.Object java.lang.reflect.Method.invoke(java.lang.Object, java.lang.Object[]) (Method.java:-2)
01-08 12:56:46.098 23524 23524 I zygote64: at void com.android.internal.os.RuntimeInit$MethodAndArgsCaller.run() (RuntimeInit.java:438)
01-08 12:56:46.098 23524 23524 I zygote64: at void com.android.internal.os.ZygoteInit.main(java.lang.String[]) (ZygoteInit.java:807)
01-08 12:56:46.098 23524 23524 I zygote64: Caused by: java.lang.ClassNotFoundException: Didn't find class "com.google.android.wearable.compat.WearableActivityController$AmbientCallback" on path: DexPathList[[zip file "/data/app/com.google.android.tts-DBBOde_V4pq6Co7iovTA5g==/base.apk"],nativeLibraryDirectories=[/data/app/com.google.android.tts-DBBOde_V4pq6Co7iovTA5g==/lib/arm64, /data/app/com.google.android.tts-DBBOde_V4pq6Co7iovTA5g==/base.apk!/lib/arm64-v8a, /system/lib64, /vendor/lib64]]
01-08 12:56:46.098 23524 23524 I zygote64: at java.lang.Class dalvik.system.BaseDexClassLoader.findClass(java.lang.String) (BaseDexClassLoader.java:125)
01-08 12:56:46.098 23524 23524 I zygote64: at java.lang.Class java.lang.ClassLoader.loadClass(java.lang.String, boolean) (ClassLoader.java:379)
01-08 12:56:46.098 23524 23524 I zygote64: at java.lang.Class java.lang.ClassLoader.loadClass(java.lang.String) (ClassLoader.java:312)
01-08 12:56:46.098 23524 23524 I zygote64: at boolean androidx.work.impl.background.systemjob.SystemJobService.onStartJob(android.app.job.JobParameters) (PG:9)
01-08 12:56:46.098 23524 23524 I zygote64: at boolean android.app.job.JobService$1.onStartJob(android.app.job.JobParameters) (JobService.java:71)
01-08 12:56:46.098 23524 23524 I zygote64: at void android.app.job.JobServiceEngine$JobHandler.handleMessage(android.os.Message) (JobServiceEngine.java:108)
01-08 12:56:46.098 23524 23524 I zygote64: at void android.os.Handler.dispatchMessage(android.os.Message) (Handler.java:106)
01-08 12:56:46.098 23524 23524 I zygote64: at void android.os.Looper.loop() (Looper.java:164)
01-08 12:56:46.098 23524 23524 I zygote64: at void android.app.ActivityThread.main(java.lang.String[]) (ActivityThread.java:6494)
01-08 12:56:46.098 23524 23524 I zygote64: at java.lang.Object java.lang.reflect.Method.invoke(java.lang.Object, java.lang.Object[]) (Method.java:-2)
01-08 12:56:46.098 23524 23524 I zygote64: at void com.android.internal.os.RuntimeInit$MethodAndArgsCaller.run() (RuntimeInit.java:438)
01-08 12:56:46.098 23524 23524 I zygote64: at void com.android.internal.os.ZygoteInit.main(java.lang.String[]) (ZygoteInit.java:807)
01-08 12:56:46.098 23524 23524 I zygote64:
01-08 12:56:46.099 23524 23524 I zygote64: Rejecting re-init on previously-failed class java.lang.Class: java.lang.NoClassDefFoundError: Failed resolution of: Lcom/google/android/wearable/compat/WearableActivityController$AmbientCallback;
01-08 12:56:46.099 23524 23524 I zygote64: at boolean androidx.work.impl.background.systemjob.SystemJobService.onStartJob(android.app.job.JobParameters) (PG:9)
01-08 12:56:46.099 23524 23524 I zygote64: at boolean android.app.job.JobService$1.onStartJob(android.app.job.JobParameters) (JobService.java:71)
01-08 12:56:46.099 23524 23524 I zygote64: at void android.app.job.JobServiceEngine$JobHandler.handleMessage(android.os.Message) (JobServiceEngine.java:108)
01-08 12:56:46.099 23524 23524 I zygote64: at void android.os.Handler.dispatchMessage(android.os.Message) (Handler.java:106)
01-08 12:56:46.099 23524 23524 I zygote64: at void android.os.Looper.loop() (Looper.java:164)
01-08 12:56:46.099 23524 23524 I zygote64: at void android.app.ActivityThread.main(java.lang.String[]) (ActivityThread.java:6494)
01-08 12:56:46.099 23524 23524 I zygote64: at java.lang.Object java.lang.reflect.Method.invoke(java.lang.Object, java.lang.Object[]) (Method.java:-2)
01-08 12:56:46.099 23524 23524 I zygote64: at void com.android.internal.os.RuntimeInit$MethodAndArgsCaller.run() (RuntimeInit.java:438)
01-08 12:56:46.099 23524 23524 I zygote64: at void com.android.internal.os.ZygoteInit.main(java.lang.String[]) (ZygoteInit.java:807)
01-08 12:56:46.099 23524 23524 I zygote64: Caused by: java.lang.ClassNotFoundException: Didn't find class "com.google.android.wearable.compat.WearableActivityController$AmbientCallback" on path: DexPathList[[zip file "/data/app/com.google.android.tts-DBBOde_V4pq6Co7iovTA5g==/base.apk"],nativeLibraryDirectories=[/data/app/com.google.android.tts-DBBOde_V4pq6Co7iovTA5g==/lib/arm64, /data/app/com.google.android.tts-DBBOde_V4pq6Co7iovTA5g==/base.apk!/lib/arm64-v8a, /system/lib64, /vendor/lib64]]
01-08 12:56:46.099 23524 23524 I zygote64: at java.lang.Class dalvik.system.BaseDexClassLoader.findClass(java.lang.String) (BaseDexClassLoader.java:125)
01-08 12:56:46.099 23524 23524 I zygote64: at java.lang.Class java.lang.ClassLoader.loadClass(java.lang.String, boolean) (ClassLoader.java:379)
01-08 12:56:46.099 23524 23524 I zygote64: at java.lang.Class java.lang.ClassLoader.loadClass(java.lang.String) (ClassLoader.java:312)
01-08 12:56:46.099 23524 23524 I zygote64: at boolean androidx.work.impl.background.systemjob.SystemJobService.onStartJob(android.app.job.JobParameters) (PG:9)
01-08 12:56:46.099 23524 23524 I zygote64: at boolean android.app.job.JobService$1.onStartJob(android.app.job.JobParameters) (JobService.java:71)
01-08 12:56:46.099 23524 23524 I zygote64: at void android.app.job.JobServiceEngine$JobHandler.handleMessage(android.os.Message) (JobServiceEngine.java:108)
01-08 12:56:46.099 23524 23524 I zygote64: at void android.os.Handler.dispatchMessage(android.os.Message) (Handler.java:106)
01-08 12:56:46.099 23524 23524 I zygote64: at void android.os.Looper.loop() (Looper.java:164)
01-08 12:56:46.099 23524 23524 I zygote64: at void android.app.ActivityThread.main(java.lang.String[]) (ActivityThread.java:6494)
01-08 12:56:46.099 23524 23524 I zygote64: at java.lang.Object java.lang.reflect.Method.invoke(java.lang.Object, java.lang.Object[]) (Method.java:-2)
01-08 12:56:46.099 23524 23524 I zygote64: at void com.android.internal.os.RuntimeInit$MethodAndArgsCaller.run() (RuntimeInit.java:438)
01-08 12:56:46.099 23524 23524 I zygote64: at void com.android.internal.os.ZygoteInit.main(java.lang.String[]) (ZygoteInit.java:807)
01-08 12:56:46.099 23524 23524 I zygote64:
01-08 12:56:46.208 23550 23653 E gjy : Babel_SMS: canonicalizeMccMnc: invalid mccmnc
01-08 12:56:46.211 23235 23274 I WM-WorkerWrapper: Worker result SUCCESS for Work [ id=5fcc3fba-29e6-4c51-9746-d5607a49a17a, tags={ com.google.android.apps.gcs.service.worker.GcsWorker } ]
01-08 12:56:46.215 23550 23653 E gjy : Babel_SMS: canonicalizeMccMnc: invalid mccmnc nullnull
01-08 12:56:46.218 23235 23274 I WM-WorkerWrapper: Worker result SUCCESS for Work [ id=507a55e7-6a39-4e37-a5af-af948c55a1f9, tags={ com.google.android.libraries.vpn.gcs.core.common.work.framework.GcsLibWorker,cgalvgcGcsLib } ]
01-08 12:56:46.257 12852 12875 I zygote64: Background concurrent copying GC freed 246113(7MB) AllocSpace objects, 43(3MB) LOS objects, 50% free, 16MB/33MB, paused 440us total 361.014ms
01-08 12:56:46.268 1433 1433 I adbd : Calling send_auth_request...
01-08 12:56:46.281 23627 23627 I ContactsPerf: VoicemailContentProvider.onCreate start
01-08 12:56:46.283 1433 1433 I adbd : Loading keys from /data/misc/adb/adb_keys
01-08 12:56:46.291 1433 1433 I adbd : adb client authorized
01-08 12:56:46.304 12852 12852 D BoundBrokerSvc: onBind: Intent { act=com.google.android.gms.common.BIND_SHARED_PREFS pkg=com.google.android.gms }
01-08 12:56:46.304 12852 12852 D BoundBrokerSvc: Loading bound service for intent: Intent { act=com.google.android.gms.common.BIND_SHARED_PREFS pkg=com.google.android.gms }
01-08 12:56:46.307 12852 12852 D BoundBrokerSvc: onUnbind: Intent { act=com.google.android.gms.common.BIND_SHARED_PREFS pkg=com.google.android.gms }
01-08 12:56:46.307 23627 23627 I ContactsPerf: VoicemailContentProvider.onCreate finish
01-08 12:56:46.324 23550 23679 E gjy : Babel_ConcService: No valid Tag name
01-08 12:56:46.346 23627 23669 D ContactsDatabaseHelper: WAL enabled for contacts2.db: true
01-08 12:56:46.359 12852 12852 D BoundBrokerSvc: onBind: Intent { act=com.google.android.gms.common.BIND_SHARED_PREFS pkg=com.google.android.gms }
01-08 12:56:46.359 12852 12852 D BoundBrokerSvc: Loading bound service for intent: Intent { act=com.google.android.gms.common.BIND_SHARED_PREFS pkg=com.google.android.gms }
01-08 12:56:46.362 12852 12852 D BoundBrokerSvc: onUnbind: Intent { act=com.google.android.gms.common.BIND_SHARED_PREFS pkg=com.google.android.gms }
01-08 12:56:46.396 12852 21283 I DCU_IntentOperation: (REDACTED) SPE one-time sync %d %s
01-08 12:56:46.547 12852 12852 D BoundBrokerSvc: onBind: Intent { act=com.google.android.gms.checkin.START pkg=com.google.android.gms }
01-08 12:56:46.547 12852 12852 D BoundBrokerSvc: Loading bound service for intent: Intent { act=com.google.android.gms.checkin.START pkg=com.google.android.gms }
01-08 12:56:46.555 23627 23669 I ContactLocale: AddressBook Labels [[en_GB]]: […, A, B, C, D, E, F, G, H, I, J, K, L, M, N, O, P, Q, R, S, T, U, V, W, X, Y, Z, Α, Β, Γ, Δ, Ε, Ζ, Η, Θ, Ι, Κ, Λ, Μ, Ν, Ξ, Ο, Π, Ρ, Σ, Τ, Υ, Φ, Χ, Ψ, Ω, …, А, Б, В, Г, Д, Ђ, Е, Є, Ж, З, И, І, Й, Ј, К, Л, Љ, М, Н, Њ, О, П, Р, С, Т, Ћ, У, Ф, Х, Ц, Ч, Џ, Ш, Щ, Ю, Я, …, א, ב, ג, ד, ה, ו, ז, ח, ט, י, כ, ל, מ, נ, ס, ע, פ, צ, ק, ר, ש, ת, …, ا, ب, ت, ث, ج, ح, خ, د, ذ, ر, ز, س, ش, ص, ض, ط, ظ, ع, غ, ف, ق, ك, ل, م, ن, ه, و, ي, …, ก, ข, ฃ, ค, ฅ, ฆ, ง, จ, ฉ, ช, ซ, ฌ, ญ, ฎ, ฏ, ฐ, ฑ, ฒ, ณ, ด, ต, ถ, ท, ธ, น, บ, ป, ผ, ฝ, พ, ฟ, ภ, ม, ย, ร, ฤ, ล, ฦ, ว, ศ, ษ, ส, ห, ฬ, อ, ฮ, …, ㄱ, ㄴ, ㄷ, ㄹ, ㅁ, ㅂ, ㅅ, ㅇ, ㅈ, ㅊ, ㅋ, ㅌ, ㅍ, ㅎ, …, あ, か, さ, た, な, は, ま, や, ら, わ, #, …]
01-08 12:56:46.560 23524 23524 I SyncManagerImpl: #sync(). Running Synclets and scheduling next sync.
01-08 12:56:46.565 12852 12943 I Checkin : [CheckinApiChimeraService] onGetService
01-08 12:56:46.634 12852 12852 D BoundBrokerSvc: onBind: Intent { act=com.google.android.gms.common.BIND_SHARED_PREFS pkg=com.google.android.gms }
01-08 12:56:46.634 12852 12852 D BoundBrokerSvc: Loading bound service for intent: Intent { act=com.google.android.gms.common.BIND_SHARED_PREFS pkg=com.google.android.gms }
01-08 12:56:46.637 12852 12852 D BoundBrokerSvc: onUnbind: Intent { act=com.google.android.gms.common.BIND_SHARED_PREFS pkg=com.google.android.gms }
01-08 12:56:46.742 941 1191 D ConnectivityService: Returning UNBLOCKED NetworkInfo to uid=10008
01-08 12:56:46.744 23235 23274 W WM-Processor: Didn't find WorkSpec for id WorkGenerationalId(workSpecId=56417221-725a-4005-b317-e4d39c24401a, generation=0)
01-08 12:56:46.745 23235 23274 W WM-Processor: Didn't find WorkSpec for id WorkGenerationalId(workSpecId=82701725-de2c-44e4-981b-a94f9f4401ae, generation=0)
01-08 12:56:46.750 941 1024 D ConnectivityService: releasing NetworkRequest [ TRACK_DEFAULT id=305, [ Capabilities: INTERNET&NOT_RESTRICTED&TRUSTED&NOT_VPN] ] (release request)
01-08 12:56:46.817 23524 23690 I SyncManagerImpl: Starting synclet: LanguagePackAutoUpdateSynclet
01-08 12:56:46.817 23524 23690 I LPAutoUpdateSynclet: #sync
01-08 12:56:46.834 23627 23669 D ContactsDatabaseHelper: WAL enabled for profile.db: false
01-08 12:56:46.845 23524 23649 I VoiceLanguageHelper: #initializeLanguages
01-08 12:56:46.879 23524 23690 I LPDownloadSettingsState: Defaulting LP download condition to 2 as user has not edited settings.
01-08 12:56:46.880 23524 23690 I DefaultLPManager: #getAvailablePackages
01-08 12:56:46.881 23524 23690 I fbw : #getDownloadableLanguagePacks
01-08 12:56:46.881 23524 23690 W SystemLPSourceImpl: #getAvailablePackages: Note there is not reason to call this method, as getInstalledPackages() returns the same LanguagePacks for this impl.
01-08 12:56:46.882 23524 23690 I DefaultLPManager: #getInstalledPackages
01-08 12:56:46.883 23524 23690 I fbw : #getInstalledPackages
01-08 12:56:46.890 23524 23690 I DefaultLPManager: #getInstalledPackages
01-08 12:56:46.891 23524 23690 I fbw : #getInstalledPackages
01-08 12:56:46.892 23524 23690 I DefaultLPManager: #getRequestedPackages
01-08 12:56:46.893 23524 23690 I ZipLPPopulator: #addNewFileGroups
01-08 12:56:46.893 23524 23690 I fbw : #getDownloadableLanguagePacks
01-08 12:56:46.893 23524 23690 W SystemLPSourceImpl: #getRequestedPackages: There is not reason to call this method, as the result is always empty.
01-08 12:56:46.908 23524 23690 I DefaultLPManager: #getAvailablePackages
01-08 12:56:46.909 23524 23690 I fbw : #getDownloadableLanguagePacks
01-08 12:56:46.909 23524 23690 W SystemLPSourceImpl: #getAvailablePackages: Note there is not reason to call this method, as getInstalledPackages() returns the same LanguagePacks for this impl.
01-08 12:56:46.965 23524 23691 I LPRequestState: [ZipfileRequests] #resolveDesiredLanguagePacks
01-08 12:56:46.972 23524 23691 I fbw : #getPendingPackages
01-08 12:56:46.973 23524 23687 I SystemLPSourceImpl: Parsed system partition LanguagePack metadata file: /system/usr/srec/en-US/metadata
01-08 12:56:46.976 23524 23648 I SystemLPSourceImpl: Parsed system partition LanguagePack metadata file: /system/usr/srec/en-US/metadata
01-08 12:56:46.976 23524 23644 I SystemLPSourceImpl: Parsed system partition LanguagePack metadata file: /system/usr/srec/en-US/metadata
01-08 12:56:47.040 23524 23645 I NativeLibraryLoader: tts_android (null) was loaded normally!
01-08 12:56:47.041 23524 23644 I SystemLPSourceImpl: Parsed system partition LanguagePack metadata file: /system/usr/srec/en-US/metadata
01-08 12:56:47.046 23524 23648 I SyncManagerImpl: #sync() complete
01-08 12:56:47.048 23524 23644 I SyncManagerImpl: Completed sync. Scheduling next wakeup
01-08 12:56:47.050 23524 23644 I SyncWorkManagerOneTimeS: Scheduling next onetime WorkManager workers
01-08 12:56:47.051 23524 23690 I LPRequestState: [ManagerRequests] #resolveDesiredLanguagePacks
01-08 12:56:47.070 23524 23648 I WM-WorkerWrapper: Worker result SUCCESS for Work [ id=b371ece8-b118-46da-9e61-9e49e031572e, tags={ com.google.apps.tiktok.contrib.work.TikTokListenableWorker,com.google.apps.tiktok.sync.impl.workmanager.SyncWorker,TikTokWorker#com.google.apps.tiktok.sync.impl.workmanager.SyncWorker } ]
01-08 12:56:47.082 941 1776 I ActivityManager: Killing 23012:com.android.vending:instant_app_installer/u0a18 (adj 904): empty #17
01-08 12:56:47.083 941 957 I chatty : uid=1000(system) ActivityManager expire 3 lines
01-08 12:56:47.118 941 1583 D ConnectivityService: ConnectivityService NetworkRequestInfo binderDied(NetworkRequest [ LISTEN id=304, [ Capabilities: INTERNET&NOT_RESTRICTED&TRUSTED] ], android.os.BinderProxy@62385f5)
01-08 12:56:47.118 13834 13834 D BoundBrokerSvc: onUnbind: Intent { act=com.google.android.gms.instantapps.START pkg=com.google.android.gms }
01-08 12:56:47.143 23524 23690 I LanguagePackMaintenance: Background downloading 0 packs, for an ideal set of 0 total packs
01-08 12:56:47.143 23524 23690 I LanguagePackMaintenance: Background downloading packs []
01-08 12:56:47.143 23524 23690 I LanguagePackMaintenance: Ideal set: []
01-08 12:56:47.152 23524 23690 I LPRequestState: [ManagerRequests] #resolveUnusedLanguagePacks
01-08 12:56:47.152 23524 23690 I LPRequestState: [ManagerRequests] #resolveDesiredLanguagePacks
01-08 12:56:47.157 23524 23690 I LPRequestState: [ManagerRequests] #resolveUnusedLanguagePacks
01-08 12:56:47.157 23524 23690 I LPRequestState: [ManagerRequests] #resolveDesiredLanguagePacks
01-08 12:56:47.157 23524 23690 I DefaultLPManager: #calculateRolledBackPacks
01-08 12:56:47.160 23524 23690 I LanguagePackMaintenance: Background deleting 0 stale packs:
01-08 12:56:47.161 23524 23690 I LanguagePackMaintenance: Background LanguagePack updates finished successfully
01-08 12:56:47.242 23524 23648 I SyncWorkManagerOneTimeS: Successfully scheduled next onetime workers
01-08 12:56:47.307 23524 23529 I zygote64: Compiler allocated 5MB to compile hfn edg.a(java.lang.Object)
01-08 12:56:47.847 1481 1498 W zygote64: Checksum mismatch for dex PixelCLauncherPrebuilt.apk
01-08 12:56:47.847 1481 1498 W zygote64: Checksum mismatch for dex PixelCLauncherPrebuilt.apk
01-08 12:56:47.935 941 1192 I ActivityManager: START u0 {act=android.intent.action.MAIN cat=[android.intent.category.LAUNCHER] flg=0x10200000 cmp=com.google.android.GoogleCamera/com.android.camera.CameraLauncher bnds=[1928,1528][2252,1688]} from uid 10090
01-08 12:56:47.936 841 1506 D audio_route: Apply path: speaker
01-08 12:56:47.938 841 1506 I audio_cras_dsp: pipeline created
01-08 12:56:47.938 841 1506 D /system/bin/audioserver: instantiate source
01-08 12:56:47.938 841 1506 D /system/bin/audioserver: instantiate drc
01-08 12:56:47.938 841 1506 D /system/bin/audioserver: instantiate eq2
01-08 12:56:47.938 841 1506 D /system/bin/audioserver: instantiate sink
01-08 12:56:47.938 841 1506 D /system/bin/audioserver: connect audio buf 0 to output_source:0 (out)
01-08 12:56:47.938 841 1506 D /system/bin/audioserver: connect audio buf 1 to output_source:1 (out)
01-08 12:56:47.938 841 1506 D /system/bin/audioserver: connect audio buf 0 to drc:0 (in)
01-08 12:56:47.938 841 1506 D /system/bin/audioserver: connect audio buf 1 to drc:1 (in)
01-08 12:56:47.938 841 1506 D /system/bin/audioserver: connect audio buf 0 to drc:2 (out)
01-08 12:56:47.938 841 1506 D /system/bin/audioserver: connect audio buf 1 to drc:3 (out)
01-08 12:56:47.938 841 1506 D /system/bin/audioserver: connect control (val=1) to drc:4 (in)
01-08 12:56:47.938 841 1506 D /system/bin/audioserver: connect control (val=0) to drc:5 (in)
01-08 12:56:47.938 841 1506 D /system/bin/audioserver: connect control (val=1) to drc:6 (in)
01-08 12:56:47.938 841 1506 D /system/bin/audioserver: connect control (val=-36) to drc:7 (in)
01-08 12:56:47.938 841 1506 D /system/bin/audioserver: connect control (val=18) to drc:8 (in)
01-08 12:56:47.938 841 1506 D /system/bin/audioserver: connect control (val=20) to drc:9 (in)
01-08 12:56:47.938 841 1506 D /system/bin/audioserver: connect control (val=0.003) to drc:10 (in)
01-08 12:56:47.938 841 1506 D /system/bin/audioserver: connect control (val=0.2) to drc:11 (in)
01-08 12:56:47.939 841 1506 D /system/bin/audioserver: connect control (val=3) to drc:12 (in)
01-08 12:56:47.939 841 1506 D /system/bin/audioserver: connect control (val=450) to drc:13 (in)
01-08 12:56:47.939 841 1506 D /system/bin/audioserver: connect control (val=1) to drc:14 (in)
01-08 12:56:47.939 841 1506 D /system/bin/audioserver: connect control (val=-33) to drc:15 (in)
01-08 12:56:47.939 841 1506 D /system/bin/audioserver: connect control (val=20) to drc:16 (in)
01-08 12:56:47.939 841 1506 D /system/bin/audioserver: connect control (val=23) to drc:17 (in)
01-08 12:56:47.939 841 1506 D /system/bin/audioserver: connect control (val=0.003) to drc:18 (in)
01-08 12:56:47.939 841 1506 D /system/bin/audioserver: connect control (val=0.2) to drc:19 (in)
01-08 12:56:47.939 841 1506 D /system/bin/audioserver: connect control (val=6) to drc:20 (in)
01-08 12:56:47.939 841 1506 D /system/bin/audioserver: connect control (val=2200) to drc:21 (in)
01-08 12:56:47.939 841 1506 D /system/bin/audioserver: connect control (val=1) to drc:22 (in)
01-08 12:56:47.939 841 1506 D /system/bin/audioserver: connect control (val=-18) to drc:23 (in)
01-08 12:56:47.939 841 1506 D /system/bin/audioserver: connect control (val=20) to drc:24 (in)
01-08 12:56:47.939 841 1506 D /system/bin/audioserver: connect control (val=6) to drc:25 (in)
01-08 12:56:47.939 841 1506 D /system/bin/audioserver: connect control (val=0.003) to drc:26 (in)
01-08 12:56:47.939 841 1506 D /system/bin/audioserver: connect control (val=0.2) to drc:27 (in)
01-08 12:56:47.939 841 1506 D /system/bin/audioserver: connect control (val=-1) to drc:28 (in)
01-08 12:56:47.939 841 1506 D /system/bin/audioserver: connect audio buf 0 to eq2:0 (in)
01-08 12:56:47.939 841 1506 D /system/bin/audioserver: connect audio buf 1 to eq2:1 (in)
01-08 12:56:47.939 841 1506 D /system/bin/audioserver: connect audio buf 0 to eq2:2 (out)
01-08 12:56:47.939 841 1506 D /system/bin/audioserver: connect audio buf 1 to eq2:3 (out)
01-08 12:56:47.939 841 1506 D /system/bin/audioserver: connect control (val=2) to eq2:4 (in)
01-08 12:56:47.939 841 1506 D /system/bin/audioserver: connect control (val=330) to eq2:5 (in)
01-08 12:56:47.939 841 1506 D /system/bin/audioserver: connect control (val=0) to eq2:6 (in)
01-08 12:56:47.939 841 1506 D /system/bin/audioserver: connect control (val=0) to eq2:7 (in)
01-08 12:56:47.939 841 1506 D /system/bin/audioserver: connect control (val=2) to eq2:8 (in)
01-08 12:56:47.939 841 1506 D /system/bin/audioserver: connect control (val=330) to eq2:9 (in)
01-08 12:56:47.939 841 1506 D /system/bin/audioserver: connect control (val=0) to eq2:10 (in)
01-08 12:56:47.940 841 1506 D /system/bin/audioserver: connect control (val=0) to eq2:11 (in)
01-08 12:56:47.940 841 1506 D /system/bin/audioserver: connect control (val=6) to eq2:12 (in)
01-08 12:56:47.940 841 1506 D /system/bin/audioserver: connect control (val=550) to eq2:13 (in)
01-08 12:56:47.940 841 1506 D /system/bin/audioserver: connect control (val=3) to eq2:14 (in)
01-08 12:56:47.940 841 1506 D /system/bin/audioserver: connect control (val=-10) to eq2:15 (in)
01-08 12:56:47.940 841 1506 D /system/bin/audioserver: connect control (val=6) to eq2:16 (in)
01-08 12:56:47.940 841 1506 D /system/bin/audioserver: connect control (val=550) to eq2:17 (in)
01-08 12:56:47.940 841 1506 D /system/bin/audioserver: connect control (val=3) to eq2:18 (in)
01-08 12:56:47.940 841 1506 D /system/bin/audioserver: connect control (val=-10) to eq2:19 (in)
01-08 12:56:47.940 841 1506 D /system/bin/audioserver: connect control (val=6) to eq2:20 (in)
01-08 12:56:47.940 841 1506 D /system/bin/audioserver: connect control (val=740) to eq2:21 (in)
01-08 12:56:47.940 841 1506 D /system/bin/audioserver: connect control (val=3) to eq2:22 (in)
01-08 12:56:47.940 841 1506 D /system/bin/audioserver: connect control (val=-8) to eq2:23 (in)
01-08 12:56:47.940 841 1506 D /system/bin/audioserver: connect control (val=6) to eq2:24 (in)
01-08 12:56:47.940 841 1506 D /system/bin/audioserver: connect control (val=750) to eq2:25 (in)
01-08 12:56:47.940 841 1506 D /system/bin/audioserver: connect control (val=3) to eq2:26 (in)
01-08 12:56:47.940 841 1506 D /system/bin/audioserver: connect control (val=-6) to eq2:27 (in)
01-08 12:56:47.940 841 1506 D /system/bin/audioserver: connect control (val=6) to eq2:28 (in)
01-08 12:56:47.940 841 1506 D /system/bin/audioserver: connect control (val=1000) to eq2:29 (in)
01-08 12:56:47.940 841 1506 D /system/bin/audioserver: connect control (val=3) to eq2:30 (in)
01-08 12:56:47.940 841 1506 D /system/bin/audioserver: connect control (val=-3) to eq2:31 (in)
01-08 12:56:47.940 841 1506 D /system/bin/audioserver: connect control (val=6) to eq2:32 (in)
01-08 12:56:47.940 841 1506 D /system/bin/audioserver: connect control (val=360) to eq2:33 (in)
01-08 12:56:47.940 841 1506 D /system/bin/audioserver: connect control (val=2) to eq2:34 (in)
01-08 12:56:47.940 841 1506 D /system/bin/audioserver: connect control (val=-4) to eq2:35 (in)
01-08 12:56:47.940 841 1506 D /system/bin/audioserver: connect control (val=6) to eq2:36 (in)
01-08 12:56:47.940 841 1506 D /system/bin/audioserver: connect control (val=1300) to eq2:37 (in)
01-08 12:56:47.940 841 1506 D /system/bin/audioserver: connect control (val=3) to eq2:38 (in)
01-08 12:56:47.941 841 1506 D /system/bin/audioserver: connect control (val=-4) to eq2:39 (in)
01-08 12:56:47.941 841 1506 D /system/bin/audioserver: connect control (val=6) to eq2:40 (in)
01-08 12:56:47.941 841 1506 D /system/bin/audioserver: connect control (val=1000) to eq2:41 (in)
01-08 12:56:47.941 841 1506 D /system/bin/audioserver: connect control (val=2) to eq2:42 (in)
01-08 12:56:47.941 841 1506 D /system/bin/audioserver: connect control (val=-4) to eq2:43 (in)
01-08 12:56:47.941 841 1506 D /system/bin/audioserver: connect control (val=6) to eq2:44 (in)
01-08 12:56:47.941 841 1506 D /system/bin/audioserver: connect control (val=360) to eq2:45 (in)
01-08 12:56:47.941 841 1506 D /system/bin/audioserver: connect control (val=1) to eq2:46 (in)
01-08 12:56:47.941 841 1506 D /system/bin/audioserver: connect control (val=-3) to eq2:47 (in)
01-08 12:56:47.941 841 1506 D /system/bin/audioserver: connect control (val=6) to eq2:48 (in)
01-08 12:56:47.941 841 1506 D /system/bin/audioserver: connect control (val=1200) to eq2:49 (in)
01-08 12:56:47.941 841 1506 D /system/bin/audioserver: connect control (val=2) to eq2:50 (in)
01-08 12:56:47.941 841 1506 D /system/bin/audioserver: connect control (val=-5) to eq2:51 (in)
01-08 12:56:47.941 841 1506 D /system/bin/audioserver: connect control (val=6) to eq2:52 (in)
01-08 12:56:47.941 841 1506 D /system/bin/audioserver: connect control (val=2200) to eq2:53 (in)
01-08 12:56:47.941 841 1506 D /system/bin/audioserver: connect control (val=7) to eq2:54 (in)
01-08 12:56:47.941 841 1506 D /system/bin/audioserver: connect control (val=-9) to eq2:55 (in)
01-08 12:56:47.941 841 1506 D /system/bin/audioserver: connect control (val=6) to eq2:56 (in)
01-08 12:56:47.941 841 1506 D /system/bin/audioserver: connect control (val=2200) to eq2:57 (in)
01-08 12:56:47.941 841 1506 D /system/bin/audioserver: connect control (val=7) to eq2:58 (in)
01-08 12:56:47.941 841 1506 D /system/bin/audioserver: connect control (val=-9) to eq2:59 (in)
01-08 12:56:47.941 841 1506 D /system/bin/audioserver: connect control (val=5) to eq2:60 (in)
01-08 12:56:47.941 841 1506 D /system/bin/audioserver: connect control (val=6000) to eq2:61 (in)
01-08 12:56:47.941 841 1506 D /system/bin/audioserver: connect control (val=0) to eq2:62 (in)
01-08 12:56:47.941 841 1506 D /system/bin/audioserver: connect control (val=-2) to eq2:63 (in)
01-08 12:56:47.941 841 1506 D /system/bin/audioserver: connect control (val=5) to eq2:64 (in)
01-08 12:56:47.941 841 1506 D /system/bin/audioserver: connect control (val=6000) to eq2:65 (in)
01-08 12:56:47.941 841 1506 D /system/bin/audioserver: connect control (val=1) to eq2:66 (in)
01-08 12:56:47.942 841 1506 D /system/bin/audioserver: connect control (val=-2) to eq2:67 (in)
01-08 12:56:47.942 841 1506 D /system/bin/audioserver: connect audio buf 0 to output_sink:0 (in)
01-08 12:56:47.942 841 1506 D /system/bin/audioserver: connect audio buf 1 to output_sink:1 (in)
01-08 12:56:47.946 1481 1481 I zygote64: Deoptimizing void com.android.launcher3.BubbleTextView.setStayPressed(boolean) due to JIT inline cache
01-08 12:56:47.961 941 1582 I ActivityManager: Start proc 23757:com.google.android.GoogleCamera/u0a41 for activity com.google.android.GoogleCamera/com.android.camera.CameraLauncher
01-08 12:56:47.973 841 1506 W StreamHAL: Error from HAL stream in function get_presentation_position: Operation not permitted
01-08 12:56:47.995 188 315 W gralloc : Unmapped producer usage 900
01-08 12:56:48.064 23757 23757 I zygote64: The ClassLoaderContext is a special shared library.
01-08 12:56:48.066 188 314 W gralloc : Unmapped consumer usage 200
01-08 12:56:48.066 188 314 W gralloc : Unmapped producer usage 900
01-08 12:56:48.237 23568 23777 I chatty : uid=10068(com.google.android.youtube) BG Thread #1 expire 1 line
01-08 12:56:48.239 23568 23763 I chatty : uid=10068(com.google.android.youtube) yt-critical Thr expire 1 line
01-08 12:56:48.349 23568 23774 I chatty : uid=10068(com.google.android.youtube) yt-critical Thr expire 2 lines
01-08 12:56:48.410 23568 23792 I chatty : uid=10068(com.google.android.youtube) BG Thread #9 expire 1 line
01-08 12:56:48.423 1133 1133 D zz : UtWallpaperService$UtEngine.onVisibilityChanged() false
01-08 12:56:48.444 1133 1133 D zz : UtRenderer.onNotVisible()
01-08 12:56:48.458 23568 23791 I chatty : uid=10068(com.google.android.youtube) BG Thread #8 expire 145 lines
01-08 12:56:48.594 941 1405 D ConnectivityService: requestNetwork for uid/pid:10068/23568 NetworkRequest [ TRACK_DEFAULT id=308, [ Capabilities: INTERNET&NOT_RESTRICTED&TRUSTED&NOT_VPN] ]
01-08 12:56:48.595 941 1019 I chatty : uid=1000(system) WifiStateMachin expire 2 lines
01-08 12:56:48.596 941 1039 I chatty : uid=1000(system) EthernetService expire 1 line
01-08 12:56:48.596 1152 1152 D PhoneSwitcherNetworkRequstListener: got request NetworkRequest [ TRACK_DEFAULT id=308, [ Capabilities: INTERNET&NOT_RESTRICTED&TRUSTED&NOT_VPN] ] with score 60
01-08 12:56:48.616 23568 23762 I chatty : uid=10068(com.google.android.youtube) yt-critical Thr expire 151 lines
01-08 12:56:48.619 23757 23771 I zygote64: Background concurrent copying GC freed 3616(1344KB) AllocSpace objects, 2(40KB) LOS objects, 62% free, 923KB/2MB, paused 14.671ms total 81.766ms
01-08 12:56:48.694 23757 23757 I CAM_GcaActivity: [957762a] GcaActivity#onCreate
01-08 12:56:48.694 23757 23757 I CAM_Instrumentation: CameraActivity: App OnCreate duration: 158ms
01-08 12:56:48.694 23757 23757 I CAM_Instrumentation: CameraActivity: App OnCreate End to Activity OnCreate Start: 50ms
01-08 12:56:48.698 23757 23757 I CAM_CameraUiInflater: Initializing Window Flags
01-08 12:56:48.718 23757 23757 I CAM_CameraUiInflater: Initializing Camera Ui
01-08 12:56:48.726 23757 23836 I CAM_PermissionsChecker: Checking for critical permissions.
01-08 12:56:48.727 23757 23836 I CAM_ActivityStartup: Future@eba4c3a: DONE: PermissionsStartup
01-08 12:56:48.729 23757 23836 I CAM_ActivityStartup: Future@64d1d7: DONE: DcimFolderStart
01-08 12:56:48.729 23757 23831 I CameraManagerGlobal: Connecting to camera service
01-08 12:56:48.732 23757 23836 I CAM_ActivityStartup: Future@f238bb0: DONE: WaitForCameraDevices
01-08 12:56:48.732 23757 23836 W CAM_Log : Tag CaptureModuleSoundPlayer is 5 chars longer than limit.
01-08 12:56:48.734 23757 23836 W CAM_CameraDeviceMod: WARNING: Using CameraDeviceManagerV2 implementation.
01-08 12:56:48.742 23757 23831 I CAM_SoundPlayer: Creating SoundPool
01-08 12:56:48.753 23757 23836 I CAM_CptModuleCfgBldr: Selected configuration for camera (CameraId{Api2='0',Api1:0}): ActiveModuleConfig{cameraId=CameraId{Api2='0',Api1:0}, cameraFacing=BACK, aspectRatio=AspectRatio[4:3], captureResolution=3280x2460, viewfinderConfig=ViewfinderConfig{cameraFacing=BACK, viewfinderAspectRatio=AspectRatio[4:3], viewfinderResolution=1440x1080}}
01-08 12:56:48.753 23757 23836 I CAM_CameraDeviceMgr: Opening new Camera: 0
01-08 12:56:48.753 23757 23836 I CAM_ActivityStartup: Future@9cecb15: DONE: ModeStartup
01-08 12:56:48.753 23757 23836 I CAM_ActivityStartup: Initialization completed.
01-08 12:56:48.756 23757 23844 I CAM_CameraOpener: onCameraAvailable: 0
01-08 12:56:48.760 23757 23833 I CAM_Instrumentation: OneCameraSession: OneCamera Initialize to OneCamera Create: 0ms
01-08 12:56:48.760 23757 23833 I CAM_McdlOneCameraOpnr: Opening Camera: CameraId{Api2='0',Api1:0}
01-08 12:56:48.760 23757 23833 I CAM_CameraDeviceMgr: Attaching to already open Camera: 0
01-08 12:56:48.764 23757 23833 E CAM_OneCamFtrCnfgCrtr: Unknown device or support level: 1 / dragon
01-08 12:56:48.765 23757 23833 I CAM_OneCameraSelector: Selected picture configuration: PictureSizeCalculator.Configuration{desired size=3280x2460, large image reader=ImageReaderFormat{ImageFormat=JPEG, Size=3280x2460}, full-size image reader=ImageReaderFormat{ImageFormat=JPEG, Size=3280x2460}, reprocessing output image reader=Optional.absent(), crop=Rect(0, 0 - 3280, 2460)}
01-08 12:56:48.765 23757 23833 I CAM_OneCameraSelector: Selected limitedJpeg OneCamera configuration.
01-08 12:56:48.782 842 2375 I CameraService: CameraService::connect call (PID -1 "com.google.android.GoogleCamera", camera ID 0) for HAL version default and Camera API version 2
01-08 12:56:48.793 842 2375 I Camera2ClientBase: Camera 0: Opened. Client: com.google.android.GoogleCamera (PID 23757, UID 10041)
01-08 12:56:48.793 842 2375 I CameraDeviceClient: CameraDeviceClient 0: Opened
01-08 12:56:48.814 23757 23848 V NuMediaExtractor: setDataSource fd=43 (/system/app/GoogleCamera/GoogleCamera.apk), offset=45672020, length=6526
01-08 12:56:48.836 23757 23757 I CAM_CameraUiInflater: Initializing Action Bar
01-08 12:56:48.841 23757 23833 I CAM_Instrumentation: OneCameraSession: OneCamera Created duration: 81ms
01-08 12:56:48.842 23757 23833 I CAM_Capture1CC: Starting OneCamera
01-08 12:56:48.842 23757 23833 I CAM_Instrumentation: OneCameraSession: OneCamera Created to OneCamera Start: 0ms
01-08 12:56:48.843 23757 23757 I CAM_Instrumentation: CameraActivity: OnCreate duration: 148ms
01-08 12:56:48.843 23757 23832 I CAM_ActivityUiStartup: Future@d829561: DONE: ActivityStartup
01-08 12:56:48.844 23757 23757 I CAM_GcaActivity: [957762a] GcaActivity#onStart
01-08 12:56:48.845 23757 23757 I CAM_Instrumentation: CameraActivity: OnCreate End to OnResume Start: 2ms
01-08 12:56:48.845 23757 23757 I CAM_GcaActivity: [957762a] GcaActivity#onResume
01-08 12:56:48.846 23757 23757 I CAM_Instrumentation: CameraActivity: OnResume duration: 0ms
01-08 12:56:48.856 23757 23860 D OpenGLRenderer: HWUI GL Pipeline
01-08 12:56:48.888 941 955 W BroadcastQueue: Permission Denial: broadcasting Intent { act=android.net.conn.CONNECTIVITY_CHANGE flg=0x4000010 (has extras) } from null (pid=-1, uid=-1) requires com.google.android.youtube.DYNAMIC_RECEIVER_NOT_EXPORTED_PERMISSION due to registered receiver BroadcastFilter{9938084 u0 ReceiverList{2068697 23568 com.google.android.youtube/10068/u0 remote:bb65d16}}
01-08 12:56:48.914 12852 12852 D BoundBrokerSvc: onBind: Intent { act=com.google.android.gms.potokens.service.START dat=chimera-action: cmp=com.google.android.gms/.chimera.GmsApiService }
01-08 12:56:48.914 12852 12852 D BoundBrokerSvc: Loading bound service for intent: Intent { act=com.google.android.gms.potokens.service.START dat=chimera-action: cmp=com.google.android.gms/.chimera.GmsApiService }
