--------- beginning of system
01-06 14:10:48.385 941 954 I UsageStatsService: User[0] Rolling over usage stats
01-06 14:10:48.393 941 954 I UsageStatsService: User[0] Flushing usage stats to disk
01-06 14:10:48.557 941 958 E BatteryExternalStatsWorker: modem info is invalid: ModemActivityInfo{ mTimestamp=0 mSleepTimeMs=0 mIdleTimeMs=0 mTxTimeMs[]=[0, 0, 0, 0, 0] mRxTimeMs=0 mEnergyUsed=0}
01-06 14:10:48.610 941 29230 D ConnectivityService: ConnectivityService NetworkRequestInfo binderDied(NetworkRequest [ TRACK_DEFAULT id=151, [ Capabilities: INTERNET&NOT_RESTRICTED&TRUSTED&NOT_VPN] ], android.os.BinderProxy@f12e9be)
01-06 14:10:48.611 941 1024 D ConnectivityService: releasing NetworkRequest [ TRACK_DEFAULT id=151, [ Capabilities: INTERNET&NOT_RESTRICTED&TRUSTED&NOT_VPN] ] (release request)
01-06 14:10:48.661 941 954 I UsageStatsService: User[0] Rollover scheduled @ 2024-01-07 14:10:49(1704633049289)
01-06 14:10:48.662 941 954 I UsageStatsService: User[0] Rolling over usage stats complete. Took 280 milliseconds
01-06 15:26:11.265 941 955 W ProcessCpuTracker: Skipping unknown process pid 11876
01-06 15:26:11.266 941 955 W ProcessCpuTracker: Skipping unknown process pid 11879
01-06 16:32:09.130 941 955 I ActivityManager: Start proc 11919:com.google.android.apps.wallpaper/u0a94 for broadcast com.google.android.apps.wallpaper/.module.DailyLoggingAlarmReceiver
01-06 16:32:09.242 941 941 V BackupManagerService: Scheduling immediate backup pass
01-06 16:32:09.277 941 941 V BackupManagerService: Running a backup pass
01-06 16:32:09.301 941 1442 V BackupManagerService: clearing pending backups
01-06 16:32:09.418 941 1442 D PFTBT : backupmanager pftbt token=124e960c
01-06 16:32:09.418 941 1442 V PerformBackupTask: Beginning backup of 37 targets
01-06 16:32:09.450 941 1442 D PerformBackupTask: invokeAgentForBackup on @pm@
01-06 16:32:09.556 941 1442 I BackupRestoreController: Getting widget state for user: 0
01-06 16:32:09.572 941 1442 D PerformBackupTask: starting key/value backup of BackupRequest{pkg=com.google.android.apps.maps}
01-06 16:32:09.611 941 1442 I ActivityManager: Start proc 11955:com.google.android.apps.maps/u0a54 for backup com.google.android.apps.maps/com.google.android.apps.gmm.backup.GmmPersistentBackupAgentHelper
01-06 16:32:09.612 941 1442 D BackupManagerService: awaiting agent for ApplicationInfo{46b6bac com.google.android.apps.maps}
01-06 16:32:09.868 941 1192 D ConnectivityService: requestNetwork for uid/pid:10025/1586 NetworkRequest [ TRACK_DEFAULT id=168, [ Capabilities: INTERNET&NOT_RESTRICTED&TRUSTED&NOT_VPN] ]
01-06 16:32:11.416 941 29230 D BackupManagerService: agentConnected pkg=com.google.android.apps.maps agent=android.os.BinderProxy@d1180f
01-06 16:32:11.416 941 1442 I BackupManagerService: got agent android.app.IBackupAgent$Stub$Proxy@8f6009c
01-06 16:32:11.416 941 1442 D PerformBackupTask: invokeAgentForBackup on com.google.android.apps.maps
01-06 16:32:11.451 941 1442 V KeyValueBackupJob: Scheduling k/v pass in 242 minutes
01-06 16:32:11.508 941 1442 I BackupRestoreController: Getting widget state for user: 0
01-06 16:32:11.512 941 1442 D PerformBackupTask: starting key/value backup of BackupRequest{pkg=com.google.android.apps.plus}
01-06 16:32:11.540 941 1442 I ActivityManager: Start proc 12030:com.google.android.apps.plus/u0a24 for backup com.google.android.apps.plus/.backup.PlusBackupAgent
01-06 16:32:11.540 941 1442 D BackupManagerService: awaiting agent for ApplicationInfo{daab846 com.google.android.apps.plus}
01-06 16:32:11.649 941 941 I ActivityManager: Start proc 12037:com.google.android.apps.books/u0a62 for service com.google.android.apps.books/com.google.android.libraries.notifications.entrypoints.scheduled.ScheduledTaskService
01-06 16:32:13.027 941 1585 D BackupManagerService: agentConnected pkg=com.google.android.apps.plus agent=android.os.BinderProxy@b16f7e
01-06 16:32:13.029 941 1442 I BackupManagerService: got agent android.app.IBackupAgent$Stub$Proxy@4f90cdf
01-06 16:32:13.029 941 1442 D PerformBackupTask: invokeAgentForBackup on com.google.android.apps.plus
01-06 16:32:13.275 941 941 I ActivityManager: Start proc 12122:com.android.vending:background/u0a18 for service com.android.vending/com.google.android.finsky.scheduler.process.backgroundimpl.PhoneskyJobServiceBackground
01-06 16:32:13.330 941 1442 I BackupRestoreController: Getting widget state for user: 0
01-06 16:32:13.334 941 1442 D PerformBackupTask: starting key/value backup of BackupRequest{pkg=com.google.android.keep}
01-06 16:32:13.370 941 1442 I ActivityManager: Start proc 12137:com.google.android.keep/u0a84 for backup com.google.android.keep/com.google.android.apps.keep.shared.backup.KeepBackupAgent
01-06 16:32:13.370 941 1442 D BackupManagerService: awaiting agent for ApplicationInfo{6403cad com.google.android.keep}
01-06 16:32:13.400 941 1776 I ActivityManager: Killing 11043:com.google.android.deskclock/u0a61 (adj 906): empty #17
01-06 16:32:13.508 941 1776 D ConnectivityService: requestNetwork for uid/pid:10058/11108 NetworkRequest [ TRACK_DEFAULT id=169, [ Capabilities: INTERNET&NOT_RESTRICTED&TRUSTED&NOT_VPN] ]
01-06 16:32:14.439 941 1024 D ConnectivityService: releasing NetworkRequest [ TRACK_DEFAULT id=169, [ Capabilities: INTERNET&NOT_RESTRICTED&TRUSTED&NOT_VPN] ] (release request)
01-06 16:32:14.843 941 941 I ActivityManager: Start proc 12192:com.android.vending/u0a18 for service com.android.vending/com.google.android.finsky.scheduler.process.mainimpl.PhoneskyJobServiceMain
01-06 16:32:15.236 941 1585 D ConnectivityService: requestNetwork for uid/pid:10054/11955 NetworkRequest [ TRACK_DEFAULT id=170, [ Capabilities: INTERNET&NOT_RESTRICTED&TRUSTED&NOT_VPN] ]
01-06 16:32:15.605 941 29230 D BackupManagerService: agentConnected pkg=com.google.android.keep agent=android.os.BinderProxy@7a23408
01-06 16:32:15.606 941 1442 I BackupManagerService: got agent android.app.IBackupAgent$Stub$Proxy@21ac7a1
01-06 16:32:15.606 941 1442 D PerformBackupTask: invokeAgentForBackup on com.google.android.keep
01-06 16:32:15.770 941 1442 I BackupRestoreController: Getting widget state for user: 0
01-06 16:32:16.648 941 29230 D ConnectivityService: Returning UNBLOCKED NetworkInfo to uid=10018
01-06 16:32:17.260 941 1191 I ActivityManager: Killing 9945:android.process.media/u0a6 (adj 906): empty #17
01-06 16:32:17.674 941 1442 D PerformBackupTask: starting key/value backup of BackupRequest{pkg=android}
01-06 16:32:17.678 941 1442 D BackupManagerService: awaiting agent for ApplicationInfo{ea1b740 android}
01-06 16:32:17.690 941 941 D BackupManagerService: agentConnected pkg=android agent=android.app.backup.BackupAgent$BackupServiceBinder@48b076c
01-06 16:32:17.690 941 1442 I BackupManagerService: got agent android.app.backup.BackupAgent$BackupServiceBinder@48b076c
01-06 16:32:17.690 941 1442 D PerformBackupTask: invokeAgentForBackup on android
01-06 16:32:17.931 941 1583 I ActivityManager: Start proc 12320:com.android.chrome:sandboxed_process1/u0i26 for webview_service com.android.chrome/org.chromium.content.app.SandboxedProcessService1
01-06 16:32:18.092 941 951 I ActivityManager: Start proc 12337:com.google.android.gms.unstable/u0a9 for service com.google.android.gms/.droidguard.DroidGuardService
01-06 16:32:18.480 941 29230 I ActivityManager: Killing 11147:com.google.android.apps.docs.editors.sheets/u0a81 (adj 906): empty #17
01-06 16:32:18.811 941 1585 I ActivityManager: Start proc 12374:android.process.acore/u0a3 for content provider com.android.providers.contacts/.ContactsProvider2
01-06 16:32:18.862 941 1192 I ActivityManager: Killing 12320:com.android.chrome:sandboxed_process1/u0a34i26 (adj 0): isolated not needed
01-06 16:32:18.919 941 958 D KernelUidCpuTimeReader: Removing uids 99026-99026
01-06 16:32:18.955 941 1583 I ActivityManager: Start proc 12387:com.android.chrome:sandboxed_process2/u0i27 for webview_service com.android.chrome/org.chromium.content.app.SandboxedProcessService2
01-06 16:32:19.327 941 1583 I ActivityManager: Killing 11324:com.google.android.apps.docs/u0a39 (adj 906): empty #17
01-06 16:32:19.583 941 952 I ActivityManager: Killing 12387:com.android.chrome:sandboxed_process2/u0a34i27 (adj 0): isolated not needed
01-06 16:32:19.726 941 958 D KernelUidCpuTimeReader: Removing uids 99026-99026
01-06 16:32:19.728 941 958 D BatteryStatsImpl: Got readings for an isolated uid with no mapping to owning uid: 99026
01-06 16:32:19.729 941 958 D KernelUidCpuTimeReader: Removing uids 99027-99027
01-06 16:32:19.744 941 1442 I BackupRestoreController: Getting widget state for user: 0
01-06 16:32:20.282 941 955 D KernelUidCpuTimeReader: Removing uids 99027-99027
01-06 16:32:20.283 941 955 D BatteryStatsImpl: Got readings for an isolated uid with no mapping to owning uid: 99027
01-06 16:32:20.638 941 941 I ActivityManager: Start proc 12440:com.android.vending:instant_app_installer/u0a18 for service com.android.vending/com.google.android.finsky.instantapps.metrics.LogFlushJob
01-06 16:32:21.015 941 29230 D ConnectivityService: Returning UNBLOCKED NetworkInfo to uid=10063
01-06 16:32:21.143 941 1442 D PerformBackupTask: starting key/value backup of BackupRequest{pkg=com.google.android.googlequicksearchbox}
01-06 16:32:21.211 941 1442 I ActivityManager: Start proc 12462:com.google.android.googlequicksearchbox/u0a25 for backup com.google.android.googlequicksearchbox/com.google.android.apps.gsa.staticplugins.backup.AgsaBackupAgentHelper
01-06 16:32:21.212 941 1442 D BackupManagerService: awaiting agent for ApplicationInfo{c1ab53e com.google.android.googlequicksearchbox}
01-06 16:32:22.391 941 1192 I ActivityManager: Start proc 12502:com.easybrain.jigsaw.puzzles/u0a199 for broadcast com.easybrain.jigsaw.puzzles/com.google.firebase.iid.FirebaseInstanceIdReceiver
01-06 16:32:22.842 941 1776 D ConnectivityService: requestNetwork for uid/pid:10018/12122 NetworkRequest [ TRACK_DEFAULT id=174, [ Capabilities: INTERNET&NOT_RESTRICTED&TRUSTED&NOT_VPN] ]
01-06 16:32:23.132 941 958 E BatteryExternalStatsWorker: modem info is invalid: ModemActivityInfo{ mTimestamp=0 mSleepTimeMs=0 mIdleTimeMs=0 mTxTimeMs[]=[0, 0, 0, 0, 0] mRxTimeMs=0 mEnergyUsed=0}
01-06 16:32:24.375 941 1405 D ConnectivityService: Returning BLOCKED NetworkInfo to uid=10199
01-06 16:32:24.579 941 951 D BackupManagerService: agentConnected pkg=com.google.android.googlequicksearchbox agent=android.os.BinderProxy@2c850f7
01-06 16:32:24.579 941 1442 I BackupManagerService: got agent android.app.IBackupAgent$Stub$Proxy@dffeb64
01-06 16:32:24.579 941 1442 D PerformBackupTask: invokeAgentForBackup on com.google.android.googlequicksearchbox
01-06 16:32:25.101 941 1442 I BackupRestoreController: Getting widget state for user: 0
01-06 16:32:26.547 941 1442 D PerformBackupTask: starting key/value backup of BackupRequest{pkg=com.google.android.videos}
01-06 16:32:26.566 941 1442 I ActivityManager: Start proc 12663:com.google.android.videos/u0a66 for backup com.google.android.videos/com.google.android.apps.play.movies.common.service.backup.VideosBackupAgent
01-06 16:32:26.566 941 1442 D BackupManagerService: awaiting agent for ApplicationInfo{68e5690 com.google.android.videos}
01-06 16:32:27.202 941 1583 I ActivityManager: Start proc 12698:com.easybrain.jigsaw.puzzles:fcm/u0a199 for service com.easybrain.jigsaw.puzzles/com.easybrain.fcm.FcmMessagingService
01-06 16:32:27.783 941 1192 I ActivityManager: Killing 11377:com.google.android.youtube/u0a68 (adj 906): empty #17
01-06 16:32:28.068 941 1080 I ActivityManager: Killing 11438:com.google.android.music/u0a55 (adj 906): empty #17
01-06 16:32:28.123 941 955 W BroadcastQueue: Background execution not allowed: receiving Intent { act=android.intent.action.DROPBOX_ENTRY_ADDED flg=0x10 (has extras) } to com.google.android.gms/.stats.service.DropBoxEntryAddedReceiver
01-06 16:32:28.123 941 955 W BroadcastQueue: Background execution not allowed: receiving Intent { act=android.intent.action.DROPBOX_ENTRY_ADDED flg=0x10 (has extras) } to com.google.android.gms/.chimera.GmsIntentOperationService$PersistentTrustedReceiver
01-06 16:32:28.339 941 955 W BroadcastQueue: Background execution not allowed: receiving Intent { act=android.intent.action.DROPBOX_ENTRY_ADDED flg=0x10 (has extras) } to com.google.android.gms/.stats.service.DropBoxEntryAddedReceiver
01-06 16:32:28.339 941 955 W BroadcastQueue: Background execution not allowed: receiving Intent { act=android.intent.action.DROPBOX_ENTRY_ADDED flg=0x10 (has extras) } to com.google.android.gms/.chimera.GmsIntentOperationService$PersistentTrustedReceiver
01-06 16:32:28.768 941 1583 I ActivityManager: Start proc 12750:android.process.media/u0a6 for content provider com.android.providers.media/.MediaProvider
01-06 16:32:29.031 941 1405 I ActivityManager: Start proc 12768:com.android.vending:quick_launch/u0a18 for service com.android.vending/com.google.frameworks.client.data.android.server.play.QuickLaunchProcessEndpointService
01-06 16:32:29.443 941 952 D ConnectivityService: ConnectivityService NetworkRequestInfo binderDied(NetworkRequest [ TRACK_DEFAULT id=166, [ Capabilities: INTERNET&NOT_RESTRICTED&TRUSTED&NOT_VPN] ], android.os.BinderProxy@979cec8)
01-06 16:32:29.443 941 1080 D ConnectivityService: ConnectivityService NetworkRequestInfo binderDied(NetworkRequest [ TRACK_DEFAULT id=164, [ Capabilities: INTERNET&NOT_RESTRICTED&TRUSTED&NOT_VPN] ], android.os.BinderProxy@c8e2b61)
01-06 16:32:29.443 941 952 D ConnectivityService: ConnectivityService NetworkRequestInfo binderDied(NetworkRequest [ LISTEN id=162, [ Capabilities: INTERNET&NOT_RESTRICTED&TRUSTED&FOREGROUND] ], android.os.BinderProxy@7c63686)
01-06 16:32:29.443 941 1585 D ConnectivityService: ConnectivityService NetworkRequestInfo binderDied(NetworkRequest [ TRACK_DEFAULT id=163, [ Capabilities: INTERNET&NOT_RESTRICTED&TRUSTED&NOT_VPN] ], android.os.BinderProxy@5a63b47)
01-06 16:32:29.443 941 1024 D ConnectivityService: releasing NetworkRequest [ TRACK_DEFAULT id=166, [ Capabilities: INTERNET&NOT_RESTRICTED&TRUSTED&NOT_VPN] ] (release request)
01-06 16:32:29.445 941 1024 D ConnectivityService: releasing NetworkRequest [ TRACK_DEFAULT id=163, [ Capabilities: INTERNET&NOT_RESTRICTED&TRUSTED&NOT_VPN] ] (release request)
01-06 16:32:29.451 941 1024 D ConnectivityService: releasing NetworkRequest [ TRACK_DEFAULT id=164, [ Capabilities: INTERNET&NOT_RESTRICTED&TRUSTED&NOT_VPN] ] (release request)
01-06 16:32:29.585 941 952 I ActivityManager: Start proc 12789:com.android.chrome:webview_service/u0a34 for service com.android.chrome/org.chromium.android_webview.services.VariationsSeedServer
01-06 16:32:30.075 941 1582 I ActivityManager: Start proc 12816:com.android.chrome:sandboxed_process0/u0i28 for webview_service com.easybrain.jigsaw.puzzles/org.chromium.content.app.SandboxedProcessService0
01-06 16:32:30.125 941 1787 D ConnectivityService: requestNetwork for uid/pid:10025/1586 NetworkRequest [ REQUEST id=190, [ Transports: CELLULAR Capabilities: INTERNET&NOT_RESTRICTED&TRUSTED&NOT_VPN] ]
01-06 16:32:30.224 941 1024 D ConnectivityService: reportNetworkConnectivity(100, false) by 10025
01-06 16:32:30.248 941 951 I ActivityManager: Killing 11528:com.android.providers.calendar/u0a1 (adj 906): empty #17
01-06 16:32:30.284 941 1787 I ActivityManager: Killing 11629:com.android.chrome:privileged_process0/u0a34 (adj 904): empty #17
01-06 16:32:30.369 941 1191 D ConnectivityService: ConnectivityService NetworkRequestInfo binderDied(NetworkRequest [ LISTEN id=23, [ Capabilities: INTERNET&NOT_RESTRICTED&TRUSTED] ], android.os.BinderProxy@9a0ee41)
01-06 16:32:30.375 941 1191 I ActivityManager: Process com.google.android.gms (pid 1760) has died: svc BFGS
01-06 16:32:30.382 941 1191 W ActivityManager: Scheduling restart of crashed service com.google.android.gms/.chimera.GmsApiService in 1000ms
01-06 16:32:30.382 941 1191 W ActivityManager: Scheduling restart of crashed service com.google.android.gms/.chimera.GmsBoundBrokerService in 11000ms
01-06 16:32:30.382 941 1191 W ActivityManager: Scheduling restart of crashed service com.google.android.gms/.chimera.GmsInternalBoundBrokerService in 21000ms
01-06 16:32:30.382 941 1191 W ActivityManager: Scheduling restart of crashed service com.google.android.gms/.icing.service.AppIndexingService in 31000ms
01-06 16:32:30.382 941 1191 W ActivityManager: Scheduling restart of crashed service com.google.android.gms/.chimera.GmsIntentOperationService in 40999ms
01-06 16:32:30.382 941 1191 W ActivityManager: Scheduling restart of crashed service com.google.android.gms/.icing.service.IndexService in 50999ms
01-06 16:32:30.394 941 1191 I ActivityManager: Killing 11651:com.android.chrome:sandboxed_process0/u0a34i25 (adj 906): empty #17
01-06 16:32:30.402 941 1787 W ActivityManager: Scheduling restart of crashed service com.android.chrome/org.chromium.content.app.PrivilegedProcessService0 in 60980ms
01-06 16:32:30.438 941 1406 I ActivityManager: Killing 11919:com.google.android.apps.wallpaper/u0a94 (adj 906): empty #17
01-06 16:32:30.497 941 955 W BroadcastQueue: Background execution not allowed: receiving Intent { act=android.net.conn.NETWORK_CONDITIONS_MEASURED flg=0x10 (has extras) } to com.google.android.gms/.chimera.GmsIntentOperationService$PersistentTrustedReceiver
01-06 16:32:30.500 941 1024 D ConnectivityService: NetworkAgentInfo [WIFI () - 100] validation passed
01-06 16:32:30.517 941 1191 W ActivityManager: Scheduling restart of crashed service com.android.chrome/org.chromium.content.app.SandboxedProcessService0 in 60865ms
01-06 16:32:30.525 941 958 D KernelUidCpuTimeReader: Removing uids 99025-99025
01-06 16:32:30.566 941 1585 I ActivityManager: Start proc 12852:com.google.android.gms/u0a9 for service com.google.android.gms/.chimera.GmsInternalBoundBrokerService
01-06 16:32:30.597 941 1583 I ActivityManager: Start proc 12858:com.android.chrome:privileged_process1/u0a34 for service com.android.chrome/org.chromium.content.app.PrivilegedProcessService1
01-06 16:32:31.036 941 1192 I ActivityManager: Killing 11075:com.android.chrome/u0a34 (adj 906): empty #17
01-06 16:32:31.439 941 1582 D ConnectivityService: ConnectivityService NetworkRequestInfo binderDied(NetworkRequest [ LISTEN id=167, [ Capabilities: INTERNET&NOT_RESTRICTED&TRUSTED&FOREGROUND] ], android.os.BinderProxy@b709883)
01-06 16:32:31.439 941 1080 D ConnectivityService: ConnectivityService NetworkRequestInfo binderDied(NetworkRequest [ LISTEN id=165, [ Capabilities: INTERNET&NOT_RESTRICTED&TRUSTED&FOREGROUND] ], android.os.BinderProxy@5bb0a00)
01-06 16:32:31.671 941 1787 D BackupManagerService: agentConnected pkg=com.google.android.videos agent=android.os.BinderProxy@3702f71
01-06 16:32:31.672 941 1442 I BackupManagerService: got agent android.app.IBackupAgent$Stub$Proxy@79ed156
01-06 16:32:31.672 941 1442 D PerformBackupTask: invokeAgentForBackup on com.google.android.videos
01-06 16:32:31.868 941 1585 I ActivityManager: Process com.android.chrome:privileged_process1 (pid 12858) has died: fore SVC
01-06 16:32:32.060 941 1582 D ConnectivityService: requestNetwork for uid/pid:10066/12663 NetworkRequest [ TRACK_DEFAULT id=191, [ Capabilities: INTERNET&NOT_RESTRICTED&TRUSTED&NOT_VPN] ]
01-06 16:32:32.100 941 1787 I ActivityManager: Start proc 12971:com.android.chrome:webview_apk/u0a34 for service com.android.chrome/org.chromium.android_webview.nonembedded.AwComponentUpdateService
01-06 16:32:32.204 941 1442 I BackupRestoreController: Getting widget state for user: 0
01-06 16:32:34.116 941 1442 D PerformBackupTask: starting key/value backup of BackupRequest{pkg=com.google.android.contacts}
01-06 16:32:34.216 941 1442 I ActivityManager: Start proc 13059:com.google.android.contacts/u0a10 for backup com.google.android.contacts/com.google.android.apps.contacts.util.GoogleContactsBackupAgent
01-06 16:32:34.217 941 1442 D BackupManagerService: awaiting agent for ApplicationInfo{763e298 com.google.android.contacts}
01-06 16:32:34.421 941 1024 D ConnectivityService: releasing NetworkRequest [ TRACK_DEFAULT id=168, [ Capabilities: INTERNET&NOT_RESTRICTED&TRUSTED&NOT_VPN] ] (release request)
01-06 16:32:34.989 12192 13087 E ActivityThread: Failed to find provider info for androidx.car.app.connection
01-06 16:32:35.210 941 1024 D ConnectivityService: reportNetworkConnectivity(100, false) by 10025
01-06 16:32:35.251 941 955 W BroadcastQueue: Background execution not allowed: receiving Intent { act=android.net.conn.NETWORK_CONDITIONS_MEASURED flg=0x10 (has extras) } to com.google.android.gms/.chimera.GmsIntentOperationService$PersistentTrustedReceiver
01-06 16:32:35.252 941 1024 D ConnectivityService: NetworkAgentInfo [WIFI () - 100] validation passed
01-06 16:32:36.142 941 1585 D BackupManagerService: agentConnected pkg=com.google.android.contacts agent=android.os.BinderProxy@dfa8c9c
01-06 16:32:36.143 941 1442 I BackupManagerService: got agent android.app.IBackupAgent$Stub$Proxy@72d96a5
01-06 16:32:36.143 941 1442 D PerformBackupTask: invokeAgentForBackup on com.google.android.contacts
01-06 16:32:36.253 941 1442 I BackupRestoreController: Getting widget state for user: 0
01-06 16:32:36.291 941 1442 I ActivityManager: Killing 11955:com.google.android.apps.maps/u0a54 (adj 906): empty #17
01-06 16:32:36.470 12440 13039 E ActivityThread: Failed to find provider info for com.google.android.instantapps.supervisor.SupervisorArchiveProvider
01-06 16:32:36.505 941 955 D KernelUidCpuTimeReader: Removing uids 99025-99025
01-06 16:32:36.506 941 955 D BatteryStatsImpl: Got readings for an isolated uid with no mapping to owning uid: 99025
01-06 16:32:36.564 941 951 I ActivityManager: Killing 12030:com.google.android.apps.plus/u0a24 (adj 906): empty #17
01-06 16:32:36.716 941 1582 D ConnectivityService: ConnectivityService NetworkRequestInfo binderDied(NetworkRequest [ TRACK_DEFAULT id=170, [ Capabilities: INTERNET&NOT_RESTRICTED&TRUSTED&NOT_VPN] ], android.os.BinderProxy@4b6efcd)
01-06 16:32:36.716 941 951 D ConnectivityService: ConnectivityService NetworkRequestInfo binderDied(NetworkRequest [ LISTEN id=173, [ Capabilities: INTERNET&NOT_RESTRICTED&TRUSTED] ], android.os.BinderProxy@482c082)
01-06 16:32:36.716 941 1024 D ConnectivityService: releasing NetworkRequest [ TRACK_DEFAULT id=170, [ Capabilities: INTERNET&NOT_RESTRICTED&TRUSTED&NOT_VPN] ] (release request)
01-06 16:32:37.123 12852 12852 E ActivityThread: Service com.google.android.gms.chimera.GmsApiService has leaked ServiceConnection awiw@95f736c that was originally bound here
01-06 16:32:37.123 12852 12852 E ActivityThread: android.app.ServiceConnectionLeaked: Service com.google.android.gms.chimera.GmsApiService has leaked ServiceConnection awiw@95f736c that was originally bound here
01-06 16:32:37.123 12852 12852 E ActivityThread: at android.app.LoadedApk$ServiceDispatcher.(LoadedApk.java:1532)
01-06 16:32:37.123 12852 12852 E ActivityThread: at android.app.LoadedApk.getServiceDispatcher(LoadedApk.java:1424)
01-06 16:32:37.123 12852 12852 E ActivityThread: at android.app.ContextImpl.bindServiceCommon(ContextImpl.java:1605)
01-06 16:32:37.123 12852 12852 E ActivityThread: at android.app.ContextImpl.bindService(ContextImpl.java:1557)
01-06 16:32:37.123 12852 12852 E ActivityThread: at android.content.ContextWrapper.bindService(ContextWrapper.java:684)
01-06 16:32:37.123 12852 12852 E ActivityThread: at android.content.ContextWrapper.bindService(ContextWrapper.java:684)
01-06 16:32:37.123 12852 12852 E ActivityThread: at android.content.ContextWrapper.bindService(ContextWrapper.java:684)
01-06 16:32:37.123 12852 12852 E ActivityThread: at awik.bindService(:com.google.android.gms@234914013@23.49.14 (040400-590296185):10)
01-06 16:32:37.123 12852 12852 E ActivityThread: at android.content.ContextWrapper.bindService(ContextWrapper.java:684)
01-06 16:32:37.123 12852 12852 E ActivityThread: at android.content.ContextWrapper.bindService(ContextWrapper.java:684)
01-06 16:32:37.123 12852 12852 E ActivityThread: at android.content.ContextWrapper.bindService(ContextWrapper.java:684)
01-06 16:32:37.123 12852 12852 E ActivityThread: at android.content.ContextWrapper.bindService(ContextWrapper.java:684)
01-06 16:32:37.123 12852 12852 E ActivityThread: at akeh.f(:com.google.android.gms@234914013@23.49.14 (040400-590296185):100)
01-06 16:32:37.123 12852 12852 E ActivityThread: at akeh.e(:com.google.android.gms@234914013@23.49.14 (040400-590296185):8)
01-06 16:32:37.123 12852 12852 E ActivityThread: at rkx.a(:com.google.android.gms@234914013@23.49.14 (040400-590296185):48)
01-06 16:32:37.123 12852 12852 E ActivityThread: at gyj.a(:com.google.android.gms@234914013@23.49.14 (040400-590296185):19)
01-06 16:32:37.123 12852 12852 E ActivityThread: at rlc.(:com.google.android.gms@234914013@23.49.14 (040400-590296185):11)
01-06 16:32:37.123 12852 12852 E ActivityThread: at rmb.call(:com.google.android.gms@234914013@23.49.14 (040400-590296185):18)
01-06 16:32:37.123 12852 12852 E ActivityThread: at java.util.concurrent.FutureTask.run(FutureTask.java:266)
01-06 16:32:37.123 12852 12852 E ActivityThread: at akhl.c(:com.google.android.gms@234914013@23.49.14 (040400-590296185):50)
01-06 16:32:37.123 12852 12852 E ActivityThread: at akhl.run(:com.google.android.gms@234914013@23.49.14 (040400-590296185):76)
01-06 16:32:37.123 12852 12852 E ActivityThread: at java.util.concurrent.ThreadPoolExecutor.runWorker(ThreadPoolExecutor.java:1162)
01-06 16:32:37.123 12852 12852 E ActivityThread: at java.util.concurrent.ThreadPoolExecutor$Worker.run(ThreadPoolExecutor.java:636)
01-06 16:32:37.123 12852 12852 E ActivityThread: at aknb.run(:com.google.android.gms@234914013@23.49.14 (040400-590296185):8)
01-06 16:32:37.123 12852 12852 E ActivityThread: at java.lang.Thread.run(Thread.java:764)
01-06 16:32:37.780 941 1442 D PerformBackupTask: starting key/value backup of BackupRequest{pkg=com.google.android.apps.gcs}
01-06 16:32:37.829 941 1442 I ActivityManager: Start proc 13163:com.google.android.apps.gcs/u0a8 for backup com.google.android.apps.gcs/.storage.GcsBackupAgent
01-06 16:32:37.829 941 1442 D BackupManagerService: awaiting agent for ApplicationInfo{267d3f4 com.google.android.apps.gcs}
01-06 16:32:38.804 941 1787 D BackupManagerService: agentConnected pkg=com.google.android.apps.gcs agent=android.os.BinderProxy@bfcc695
01-06 16:32:38.804 941 1442 I BackupManagerService: got agent android.app.IBackupAgent$Stub$Proxy@b6023aa
01-06 16:32:38.804 941 1442 D PerformBackupTask: invokeAgentForBackup on com.google.android.apps.gcs
01-06 16:32:38.854 941 1442 I BackupRestoreController: Getting widget state for user: 0
01-06 16:32:38.860 941 1442 D PerformBackupTask: starting key/value backup of BackupRequest{pkg=com.android.providers.settings}
01-06 16:32:38.866 941 1442 D BackupManagerService: awaiting agent for ApplicationInfo{984e677 com.android.providers.settings}
01-06 16:32:38.879 941 1582 I ActivityManager: Killing 11458:com.google.android.calendar/u0a31 (adj 906): empty #17
01-06 16:32:38.892 941 941 D BackupManagerService: agentConnected pkg=com.android.providers.settings agent=android.app.backup.BackupAgent$BackupServiceBinder@3557e02
01-06 16:32:38.892 941 1442 I BackupManagerService: got agent android.app.backup.BackupAgent$BackupServiceBinder@3557e02
01-06 16:32:38.892 941 1442 D PerformBackupTask: invokeAgentForBackup on com.android.providers.settings
01-06 16:32:39.223 941 1442 D WifiService: Retrieving backup data
01-06 16:32:39.237 941 1442 D WifiService: Retrieved backup data
01-06 16:32:39.255 941 1442 I BackupRestoreController: Getting widget state for user: 0
01-06 16:32:39.259 941 1191 D ConnectivityService: requestNetwork for uid/pid:10008/13163 NetworkRequest [ TRACK_DEFAULT id=194, [ Capabilities: INTERNET&NOT_RESTRICTED&TRUSTED&NOT_VPN] ]
01-06 16:32:39.297 941 1442 D PerformBackupTask: starting key/value backup of BackupRequest{pkg=com.google.android.marvin.talkback}
01-06 16:32:39.344 941 1442 I ActivityManager: Start proc 13213:com.google.android.marvin.talkback/u0a69 for backup com.google.android.marvin.talkback/com.google.android.accessibility.talkback.TalkBackBackupAgent
01-06 16:32:39.345 941 1442 D BackupManagerService: awaiting agent for ApplicationInfo{3d53375 com.google.android.marvin.talkback}
01-06 16:32:40.528 12192 12245 E ActivityThread: Failed to find provider info for com.google.android.wearable.settings
01-06 16:32:40.655 12192 12245 E ActivityThread: Failed to find provider info for com.google.android.wearable.settings
01-06 16:32:40.662 941 1585 D BackupManagerService: agentConnected pkg=com.google.android.marvin.talkback agent=android.os.BinderProxy@e8385ca
01-06 16:32:40.663 941 1442 I BackupManagerService: got agent android.app.IBackupAgent$Stub$Proxy@4ffb33b
01-06 16:32:40.663 941 1442 D PerformBackupTask: invokeAgentForBackup on com.google.android.marvin.talkback
01-06 16:32:40.858 12192 12245 E ActivityThread: Failed to find provider info for com.google.android.wearable.settings
01-06 16:32:40.882 941 1442 I BackupRestoreController: Getting widget state for user: 0
01-06 16:32:40.915 12192 12245 E ActivityThread: Failed to find provider info for com.google.android.wearable.settings
01-06 16:32:40.917 941 1442 D PerformBackupTask: starting key/value backup of BackupRequest{pkg=com.google.android.play.games}
01-06 16:32:40.973 941 1442 I ActivityManager: Start proc 13269:com.google.android.play.games/u0a60 for backup com.google.android.play.games/com.google.android.apps.play.games.lib.sharedpreferences.PlayGamesUiBackupAgent
01-06 16:32:40.974 941 1442 D BackupManagerService: awaiting agent for ApplicationInfo{9c9af9c com.google.android.play.games}
01-06 16:32:40.989 12192 12245 E ActivityThread: Failed to find provider info for com.google.android.wearable.settings
01-06 16:32:41.403 12192 12245 I chatty : uid=10018(com.android.vending) identical 3 lines
01-06 16:32:41.459 12192 12245 E ActivityThread: Failed to find provider info for com.google.android.wearable.settings
01-06 16:32:41.572 941 1787 I ActivityManager: Start proc 13301:com.android.connectivity.metrics/u0a70 for broadcast com.android.connectivity.metrics/.SnapshotSchedulingReceiver
01-06 16:32:41.609 12192 12245 E ActivityThread: Failed to find provider info for com.google.android.wearable.settings
01-06 16:32:42.516 12192 12245 I chatty : uid=10018(com.android.vending) identical 9 lines
01-06 16:32:42.640 12192 12245 E ActivityThread: Failed to find provider info for com.google.android.wearable.settings
01-06 16:32:42.761 941 1405 I ActivityManager: Start proc 13358:com.google.android.partnersetup/u0a14 for broadcast com.google.android.partnersetup/.RlzPingBroadcastReceiver
01-06 16:32:42.785 12192 12245 E ActivityThread: Failed to find provider info for com.google.android.wearable.settings
01-06 16:32:43.774 12192 12245 I chatty : uid=10018(com.android.vending) identical 5 lines
01-06 16:32:43.900 12192 12245 E ActivityThread: Failed to find provider info for com.google.android.wearable.settings
01-06 16:32:43.902 941 29230 D BackupManagerService: agentConnected pkg=com.google.android.play.games agent=android.os.BinderProxy@a080cb
01-06 16:32:43.905 941 1442 I BackupManagerService: got agent android.app.IBackupAgent$Stub$Proxy@396e0a8
01-06 16:32:43.905 941 1442 D PerformBackupTask: invokeAgentForBackup on com.google.android.play.games
01-06 16:32:44.035 12192 12245 E ActivityThread: Failed to find provider info for com.google.android.wearable.settings
01-06 16:32:44.072 941 1442 I BackupRestoreController: Getting widget state for user: 0
01-06 16:32:44.156 12852 13236 W PackageParser: Unknown element under : queries at /data/user_de/0/com.google.android.gms/app_chimera/m/00000202/DynamiteModulesC.apk Binary XML file line #15
01-06 16:32:44.179 941 1442 I ActivityManager: Killing 12037:com.google.android.apps.books/u0a62 (adj 906): empty #17
01-06 16:32:44.240 12192 12245 E ActivityThread: Failed to find provider info for com.google.android.wearable.settings
01-06 16:32:44.287 12192 12245 E ActivityThread: Failed to find provider info for com.google.android.wearable.settings
01-06 16:32:44.363 12852 13236 W PackageParser: Unknown element under : queries at /data/user_de/0/com.google.android.gms/app_chimera/m/000001dc/dl-AdsFdrDynamite.integ_234310602020000.apk Binary XML file line #15
01-06 16:32:44.411 12192 12245 E ActivityThread: Failed to find provider info for com.google.android.wearable.settings
01-06 16:32:44.779 12192 12245 I chatty : uid=10018(com.android.vending) identical 3 lines
01-06 16:32:44.888 12192 12245 E ActivityThread: Failed to find provider info for com.google.android.wearable.settings
01-06 16:32:44.897 941 1191 I ActivityManager: Killing 12137:com.google.android.keep/u0a84 (adj 906): empty #17
01-06 16:32:45.021 12192 12245 E ActivityThread: Failed to find provider info for com.google.android.wearable.settings
01-06 16:32:46.271 12192 12245 I chatty : uid=10018(com.android.vending) identical 12 lines
01-06 16:32:46.339 12192 12245 E ActivityThread: Failed to find provider info for com.google.android.wearable.settings
01-06 16:32:46.565 12852 13135 W PackageParser: Unknown element under : queries at /data/user_de/0/com.google.android.gms/app_chimera/m/00000202/DynamiteModulesC.apk Binary XML file line #15
01-06 16:32:46.575 941 1442 D PerformBackupTask: starting key/value backup of BackupRequest{pkg=com.google.android.apps.cloudprint}
01-06 16:32:46.598 941 1442 I ActivityManager: Start proc 13434:com.google.android.apps.cloudprint/u0a35 for backup com.google.android.apps.cloudprint/.printdialog.CloudPrintKVBackupAgent
01-06 16:32:46.601 941 1442 D BackupManagerService: awaiting agent for ApplicationInfo{86a1644 com.google.android.apps.cloudprint}
01-06 16:32:46.668 12852 13135 W PackageParser: Unknown element under : queries at /data/user_de/0/com.google.android.gms/app_chimera/m/000001dc/dl-AdsFdrDynamite.integ_234310602020000.apk Binary XML file line #15
01-06 16:32:46.713 941 1585 D CryptdConnector: SND -> {6 cryptfs getpwtype}
01-06 16:32:46.723 172 177 D VoldCryptCmdListener: cryptfs getpwtype
01-06 16:32:46.732 941 1012 D CryptdConnector: RCV <- {213 6 pin}
01-06 16:32:47.095 941 1583 D BackupManagerService: agentConnected pkg=com.google.android.apps.cloudprint agent=android.os.BinderProxy@7cc2062
01-06 16:32:47.097 941 1442 I BackupManagerService: got agent android.app.IBackupAgent$Stub$Proxy@193d5f3
01-06 16:32:47.097 941 1442 D PerformBackupTask: invokeAgentForBackup on com.google.android.apps.cloudprint
01-06 16:32:47.203 941 1442 I BackupRestoreController: Getting widget state for user: 0
01-06 16:32:47.209 941 1442 D PerformBackupTask: starting key/value backup of BackupRequest{pkg=com.google.android.inputmethod.korean}
01-06 16:32:47.214 941 1442 I PerformBackupTask: Package com.google.android.inputmethod.korean no longer supports backup; skipping
01-06 16:32:47.221 941 1442 D PerformBackupTask: starting key/value backup of BackupRequest{pkg=com.google.android.talk}
01-06 16:32:47.251 941 1442 I ActivityManager: Start proc 13456:com.google.android.talk/u0a50 for backup com.google.android.talk/com.google.android.apps.hangouts.service.BabelBackupAgent
01-06 16:32:47.251 941 1442 D BackupManagerService: awaiting agent for ApplicationInfo{41452b0 com.google.android.talk}
01-06 16:32:47.278 941 1405 I ActivityManager: Killing 11108:com.google.android.apps.photos/u0a58 (adj 906): empty #17
01-06 16:32:47.342 941 1585 D ConnectivityService: ConnectivityService NetworkRequestInfo binderDied(NetworkRequest [ TRACK_DEFAULT id=159, [ Capabilities: INTERNET&NOT_RESTRICTED&TRUSTED&NOT_VPN] ], android.os.BinderProxy@13d59ba)
01-06 16:32:47.343 941 1024 D ConnectivityService: releasing NetworkRequest [ TRACK_DEFAULT id=159, [ Capabilities: INTERNET&NOT_RESTRICTED&TRUSTED&NOT_VPN] ] (release request)
01-06 16:32:48.427 941 1583 D BackupManagerService: agentConnected pkg=com.google.android.talk agent=android.os.BinderProxy@5ccb2f8
01-06 16:32:48.427 941 1442 I BackupManagerService: got agent android.app.IBackupAgent$Stub$Proxy@a7ff3d1
01-06 16:32:48.427 941 1442 D PerformBackupTask: invokeAgentForBackup on com.google.android.talk
01-06 16:32:48.464 941 1442 I BackupRestoreController: Getting widget state for user: 0
01-06 16:32:48.496 941 1442 I ActivityManager: Killing 12462:com.google.android.googlequicksearchbox/u0a25 (adj 906): empty #17
01-06 16:32:49.789 941 1442 D PerformBackupTask: starting key/value backup of BackupRequest{pkg=com.google.android.apps.docs.editors.docs}
01-06 16:32:49.818 941 1442 I ActivityManager: Start proc 13521:com.google.android.apps.docs.editors.docs/u0a85 for backup com.google.android.apps.docs.editors.docs/com.google.android.apps.docs.editors.kix.backup.KixBackupAgent
01-06 16:32:49.819 941 1442 D BackupManagerService: awaiting agent for ApplicationInfo{e5a1407 com.google.android.apps.docs.editors.docs}
01-06 16:32:52.202 941 1192 D BackupManagerService: agentConnected pkg=com.google.android.apps.docs.editors.docs agent=android.os.BinderProxy@b6edee8
01-06 16:32:52.203 941 1442 I BackupManagerService: got agent android.app.IBackupAgent$Stub$Proxy@53d13a6
01-06 16:32:52.203 941 1442 D PerformBackupTask: invokeAgentForBackup on com.google.android.apps.docs.editors.docs
01-06 16:32:52.436 941 1442 I BackupRestoreController: Getting widget state for user: 0
01-06 16:32:52.438 941 1442 D PerformBackupTask: starting key/value backup of BackupRequest{pkg=com.google.android.apps.inputmethod.hindi}
01-06 16:32:52.438 941 1442 I PerformBackupTask: Package com.google.android.apps.inputmethod.hindi no longer supports backup; skipping
01-06 16:32:52.438 941 1442 D PerformBackupTask: starting key/value backup of BackupRequest{pkg=com.android.vending}
01-06 16:32:52.439 941 1442 I ActivityManager: Killing 12502:com.easybrain.jigsaw.puzzles/u0a199 (adj 906): empty #17
01-06 16:32:52.441 941 1442 D BackupManagerService: awaiting agent for ApplicationInfo{e68f17e com.android.vending}
01-06 16:32:52.446 941 1776 D BackupManagerService: agentConnected pkg=com.android.vending agent=android.os.BinderProxy@1b766df
01-06 16:32:52.446 941 1442 I BackupManagerService: got agent android.app.IBackupAgent$Stub$Proxy@be8ef2c
01-06 16:32:52.446 941 1442 D PerformBackupTask: invokeAgentForBackup on com.android.vending
01-06 16:32:52.509 941 1442 I BackupRestoreController: Getting widget state for user: 0
01-06 16:32:52.920 941 1583 D ConnectivityService: ConnectivityService NetworkRequestInfo binderDied(NetworkRequest [ LISTEN id=184, [ Capabilities: INTERNET&NOT_RESTRICTED&TRUSTED&NOT_VPN&FOREGROUND] ], android.os.BinderProxy@d5ebe65)
01-06 16:32:52.920 941 1585 D ConnectivityService: ConnectivityService NetworkRequestInfo binderDied(NetworkRequest [ LISTEN id=183, [ Capabilities: INTERNET&NOT_RESTRICTED&TRUSTED&NOT_VPN&FOREGROUND] ], android.os.BinderProxy@678073a)
01-06 16:32:52.920 941 1582 D ConnectivityService: ConnectivityService NetworkRequestInfo binderDied(NetworkRequest [ LISTEN id=185, [ Capabilities: INTERNET&NOT_RESTRICTED&TRUSTED&NOT_VPN&FOREGROUND] ], android.os.BinderProxy@42aefeb)
01-06 16:32:52.921 941 1787 D ConnectivityService: ConnectivityService NetworkRequestInfo binderDied(NetworkRequest [ LISTEN id=186, [ Capabilities: INTERNET&NOT_RESTRICTED&TRUSTED&NOT_VPN&FOREGROUND] ], android.os.BinderProxy@623f148)
01-06 16:32:52.921 941 29230 D ConnectivityService: ConnectivityService NetworkRequestInfo binderDied(NetworkRequest [ LISTEN id=187, [ Capabilities: INTERNET&NOT_RESTRICTED&TRUSTED&NOT_VPN&FOREGROUND] ], android.os.BinderProxy@681dbe1)
01-06 16:32:52.921 941 1583 D ConnectivityService: ConnectivityService NetworkRequestInfo binderDied(NetworkRequest [ LISTEN id=188, [ Capabilities: INTERNET&NOT_RESTRICTED&TRUSTED&NOT_VPN&FOREGROUND] ], android.os.BinderProxy@74f5d06)
01-06 16:32:52.921 941 1787 D ConnectivityService: ConnectivityService NetworkRequestInfo binderDied(NetworkRequest [ LISTEN id=189, [ Capabilities: INTERNET&NOT_RESTRICTED&TRUSTED&NOT_VPN&FOREGROUND] ], android.os.BinderProxy@3c69fc7)
01-06 16:32:52.921 941 29230 D ConnectivityService: ConnectivityService NetworkRequestInfo binderDied(NetworkRequest [ LISTEN id=180, [ Capabilities: INTERNET&NOT_RESTRICTED&TRUSTED&NOT_VPN&FOREGROUND] ], android.os.BinderProxy@b2ad9f4)
01-06 16:32:52.921 941 1583 D ConnectivityService: ConnectivityService NetworkRequestInfo binderDied(NetworkRequest [ LISTEN id=181, [ Capabilities: INTERNET&NOT_RESTRICTED&TRUSTED&NOT_VPN&FOREGROUND] ], android.os.BinderProxy@65f551d)
01-06 16:32:52.921 941 1787 D ConnectivityService: ConnectivityService NetworkRequestInfo binderDied(NetworkRequest [ LISTEN id=182, [ Capabilities: INTERNET&NOT_RESTRICTED&TRUSTED&NOT_VPN&FOREGROUND] ], android.os.BinderProxy@3f44392)
01-06 16:32:52.921 941 29230 D ConnectivityService: ConnectivityService NetworkRequestInfo binderDied(NetworkRequest [ LISTEN id=177, [ Capabilities: INTERNET&NOT_RESTRICTED&TRUSTED&NOT_VPN&FOREGROUND] ], android.os.BinderProxy@837163)
01-06 16:32:52.921 941 1787 D ConnectivityService: ConnectivityService NetworkRequestInfo binderDied(NetworkRequest [ LISTEN id=178, [ Capabilities: INTERNET&NOT_RESTRICTED&TRUSTED&NOT_VPN&FOREGROUND] ], android.os.BinderProxy@a15a160)
01-06 16:32:52.921 941 29230 D ConnectivityService: ConnectivityService NetworkRequestInfo binderDied(NetworkRequest [ LISTEN id=176, [ Capabilities: INTERNET&NOT_RESTRICTED&TRUSTED&NOT_VPN&FOREGROUND] ], android.os.BinderProxy@2a12619)
01-06 16:32:52.971 941 1405 W ActivityManager: Slow operation: 146ms so far, now at getContentProviderImpl: incProviderCountLocked
01-06 16:32:52.971 941 1405 W ActivityManager: Slow operation: 146ms so far, now at getContentProviderImpl: before updateOomAdj
01-06 16:32:52.971 941 1405 W ActivityManager: Slow operation: 146ms so far, now at getContentProviderImpl: after updateOomAdj
01-06 16:32:52.971 941 1405 W ActivityManager: Slow operation: 147ms so far, now at getContentProviderImpl: done!
01-06 16:32:52.973 941 1583 I ActivityManager: Killing 12816:com.android.chrome:sandboxed_process0/u0a199i28 (adj 0): isolated not needed
01-06 16:32:53.018 941 958 D KernelUidCpuTimeReader: Removing uids 99028-99028
01-06 16:32:53.640 941 1442 D PerformBackupTask: starting key/value backup of BackupRequest{pkg=com.google.android.inputmethod.japanese}
01-06 16:32:53.640 941 1442 I PerformBackupTask: Package com.google.android.inputmethod.japanese no longer supports backup; skipping
01-06 16:32:53.640 941 1442 D PerformBackupTask: starting key/value backup of BackupRequest{pkg=com.google.android.apps.docs.editors.slides}
01-06 16:32:53.663 941 1442 I ActivityManager: Start proc 13614:com.google.android.apps.docs.editors.slides/u0a82 for backup com.google.android.apps.docs.editors.slides/com.google.android.apps.docs.editors.punch.app.backup.PunchBackupAgent
01-06 16:32:53.663 941 1442 D BackupManagerService: awaiting agent for ApplicationInfo{d4ba9db com.google.android.apps.docs.editors.slides}
01-06 16:32:55.439 941 1582 D BackupManagerService: agentConnected pkg=com.google.android.apps.docs.editors.slides agent=android.os.BinderProxy@c0d5d43
01-06 16:32:55.439 941 1442 I BackupManagerService: got agent android.app.IBackupAgent$Stub$Proxy@8ed4fc0
01-06 16:32:55.439 941 1442 D PerformBackupTask: invokeAgentForBackup on com.google.android.apps.docs.editors.slides
01-06 16:32:55.686 941 1442 I BackupRestoreController: Getting widget state for user: 0
01-06 16:32:55.689 941 1442 D PerformBackupTask: starting key/value backup of BackupRequest{pkg=com.google.android.deskclock}
01-06 16:32:55.708 941 1442 I ActivityManager: Start proc 13697:com.google.android.deskclock/u0a61 for backup com.google.android.deskclock/com.android.deskclock.data.ClockBackupAgent
01-06 16:32:55.709 941 1442 D BackupManagerService: awaiting agent for ApplicationInfo{46497b5 com.google.android.deskclock}
01-06 16:32:55.731 941 1191 I ActivityManager: Killing 12663:com.google.android.videos/u0a66 (adj 906): empty #17
01-06 16:32:56.403 941 1776 D BackupManagerService: agentConnected pkg=com.google.android.deskclock agent=android.os.BinderProxy@ed428f0
01-06 16:32:56.404 941 1442 I BackupManagerService: got agent android.app.IBackupAgent$Stub$Proxy@e6ebe69
01-06 16:32:56.404 941 1442 D PerformBackupTask: invokeAgentForBackup on com.google.android.deskclock
01-06 16:32:56.635 941 1582 D ConnectivityService: ConnectivityService NetworkRequestInfo binderDied(NetworkRequest [ TRACK_DEFAULT id=191, [ Capabilities: INTERNET&NOT_RESTRICTED&TRUSTED&NOT_VPN] ], android.os.BinderProxy@abd825)
01-06 16:32:56.636 941 1024 D ConnectivityService: releasing NetworkRequest [ TRACK_DEFAULT id=191, [ Capabilities: INTERNET&NOT_RESTRICTED&TRUSTED&NOT_VPN] ] (release request)
01-06 16:32:56.656 13697 13721 E ActivityThread: Failed to find provider info for com.google.android.apps.wellbeing.api
01-06 16:32:56.678 941 1442 I BackupRestoreController: Getting widget state for user: 0
01-06 16:32:56.694 941 1442 D PerformBackupTask: starting key/value backup of BackupRequest{pkg=com.google.android.apps.genie.geniewidget}
01-06 16:32:56.715 941 1442 I ActivityManager: Start proc 13723:com.google.android.apps.genie.geniewidget/u0a83 for backup com.google.android.apps.genie.geniewidget/.sync.BackupAgent
01-06 16:32:56.715 941 1442 D BackupManagerService: awaiting agent for ApplicationInfo{d502608 com.google.android.apps.genie.geniewidget}
01-06 16:32:56.747 941 29230 I ActivityManager: Killing 12698:com.easybrain.jigsaw.puzzles:fcm/u0a199 (adj 906): empty #17
01-06 16:32:57.159 941 1192 I ActivityManager: Killing 11229:com.google.android.gm/u0a63 (adj 906): empty #17
01-06 16:32:57.219 941 955 D KernelUidCpuTimeReader: Removing uids 99028-99028
01-06 16:32:57.220 941 955 D BatteryStatsImpl: Got readings for an isolated uid with no mapping to owning uid: 99028
01-06 16:32:57.278 941 955 W BroadcastQueue: Permission Denial: broadcasting Intent { act=android.net.conn.CONNECTIVITY_CHANGE flg=0x4000010 (has extras) } from null (pid=-1, uid=-1) requires com.google.android.gms.DYNAMIC_RECEIVER_NOT_EXPORTED_PERMISSION due to registered receiver BroadcastFilter{bd8c4c u0 ReceiverList{1f5c47f 12852 com.google.android.gms/10009/u0 remote:f95c19e}}
01-06 16:32:57.321 941 952 D ConnectivityService: ConnectivityService NetworkRequestInfo binderDied(NetworkRequest [ LISTEN id=172, [ Capabilities: INTERNET&NOT_RESTRICTED&TRUSTED] ], android.os.BinderProxy@12c299b)
01-06 16:32:57.321 941 1582 D ConnectivityService: ConnectivityService NetworkRequestInfo binderDied(NetworkRequest [ TRACK_DEFAULT id=161, [ Capabilities: INTERNET&NOT_RESTRICTED&TRUSTED&NOT_VPN] ], android.os.BinderProxy@d5d2138)
01-06 16:32:57.321 941 1024 D ConnectivityService: releasing NetworkRequest [ TRACK_DEFAULT id=161, [ Capabilities: INTERNET&NOT_RESTRICTED&TRUSTED&NOT_VPN] ] (release request)
01-06 16:32:57.696 941 952 D BackupManagerService: agentConnected pkg=com.google.android.apps.genie.geniewidget agent=android.os.BinderProxy@54c4d05
01-06 16:32:57.696 941 1442 I BackupManagerService: got agent android.app.IBackupAgent$Stub$Proxy@7d2815a
01-06 16:32:57.696 941 1442 D PerformBackupTask: invokeAgentForBackup on com.google.android.apps.genie.geniewidget
01-06 16:32:57.702 941 1442 I BackupRestoreController: Getting widget state for user: 0
01-06 16:32:57.703 941 1442 D PerformBackupTask: starting key/value backup of BackupRequest{pkg=com.android.chrome}
01-06 16:32:57.728 941 1442 I ActivityManager: Start proc 13766:com.android.chrome/u0a34 for backup com.android.chrome/org.chromium.chrome.browser.ChromeBackupAgent
01-06 16:32:57.729 941 1442 D BackupManagerService: awaiting agent for ApplicationInfo{da6af8b com.android.chrome}
01-06 16:32:57.781 941 1583 I ActivityManager: Killing 12789:com.android.chrome:webview_service/u0a34 (adj 906): empty #17
01-06 16:32:57.832 941 1191 W ActivityManager: Scheduling restart of crashed service com.android.chrome/org.chromium.android_webview.services.MetricsBridgeService in 1000ms
01-06 16:32:58.118 941 1191 D BackupManagerService: agentConnected pkg=com.android.chrome agent=android.os.BinderProxy@6ceb967
01-06 16:32:58.119 941 1442 I BackupManagerService: got agent android.app.IBackupAgent$Stub$Proxy@f2c8314
01-06 16:32:58.119 941 1442 D PerformBackupTask: invokeAgentForBackup on com.android.chrome
01-06 16:32:58.691 941 1582 D ConnectivityService: ConnectivityService NetworkRequestInfo binderDied(NetworkRequest [ LISTEN id=21, [ Capabilities: INTERNET&NOT_RESTRICTED&TRUSTED] ], android.os.BinderProxy@388b1e5)
01-06 16:32:58.696 941 29230 I ActivityManager: Process com.google.android.gms.persistent (pid 1450) has died: fore BFGS
01-06 16:32:58.698 941 29230 W ActivityManager: Scheduling restart of crashed service com.google.android.gms/.fido.authenticator.service.AuthenticatorService in 10136ms
01-06 16:32:58.698 941 29230 W ActivityManager: Scheduling restart of crashed service com.google.android.gms/com.google.android.location.internal.GoogleLocationManagerService in 20134ms
01-06 16:32:58.698 941 29230 W ActivityManager: Scheduling restart of crashed service com.google.android.gms/.chimera.PersistentApiService in 30134ms
01-06 16:32:58.698 941 29230 W ActivityManager: Scheduling restart of crashed service com.google.android.gms/com.google.android.location.reporting.service.ReportingAndroidService in 40134ms
01-06 16:32:58.699 941 29230 W ActivityManager: Scheduling restart of crashed service com.google.android.gms/.backup.BackupTransportService in 50134ms
01-06 16:32:58.699 941 29230 W ActivityManager: Scheduling restart of crashed service com.google.android.gms/.deviceconnection.service.DeviceConnectionWatcherService in 60134ms
01-06 16:32:58.699 941 29230 W ActivityManager: Scheduling restart of crashed service com.google.android.gms/.chimera.PersistentDirectBootAwareApiService in 70134ms
01-06 16:32:58.699 941 29230 W ActivityManager: Scheduling restart of crashed service com.google.android.gms/.chimera.PersistentBoundBrokerService in 80134ms
01-06 16:32:58.699 941 29230 W ActivityManager: Scheduling restart of crashed service com.google.android.gms/.dtdi.lifecycle.LifecycleService in 90134ms
