01-08 12:57:04.364 23757 24248 I CAM_Instrumentation: CameraCaptureSession: first capture result received to second capture result received: 1ms
01-08 12:57:04.375 188 315 W gralloc : Unmapped consumer usage 200
01-08 12:57:04.375 188 315 W gralloc : Unmapped producer usage 900
01-08 12:57:04.382 23757 23757 I CAM_CameraUiStatechart: Capture state enter
01-08 12:57:04.390 23757 24200 W CAM2PORT_AndCamAgntImp: Releasing camera without any camera opened.
01-08 12:57:04.390 23757 23757 I CAM_SimpleModuleAgent: Creating module: PhotoModule
01-08 12:57:04.396 23757 24181 V NuMediaExtractor: setDataSource fd=57 (/system/app/GoogleCamera/GoogleCamera.apk), offset=45807868, length=18273
01-08 12:57:04.404 23757 23757 I CAM_Instrumentation: ModeSwitch: Mode Switch duration: 0ms
01-08 12:57:04.404 23757 23757 I CAM_CameraActivity: Double twist gesture is enabled.
01-08 12:57:04.410 23757 24181 V NuMediaExtractor: track of type 'audio/vorbis' does not publish bitrate
01-08 12:57:04.415 853 2393 I OMXMaster: makeComponentInstance(OMX.google.vorbis.decoder) in android.hardwar process
01-08 12:57:04.417 23757 23757 I CAM_CameraActivity: Double twist gesture is enabled.
01-08 12:57:04.420 23757 23757 I CAM_CptModuleCfgBldr: Selected configuration for camera (CameraId{Api2='0',Api1:0}): ActiveModuleConfig{cameraId=CameraId{Api2='0',Api1:0}, cameraFacing=BACK, aspectRatio=AspectRatio[4:3], captureResolution=3280x2460, viewfinderConfig=ViewfinderConfig{cameraFacing=BACK, viewfinderAspectRatio=AspectRatio[4:3], viewfinderResolution=1440x1080}}
01-08 12:57:04.420 23757 23757 W CAM_PrimaryShutter: transitionToCapture while ShutterButtonMode is PHOTO
01-08 12:57:04.426 853 1165 E OMXNodeInstance: getConfig(0xed5a3f20:google.vorbis.decoder, ConfigAndroidVendorExtension(0x6f100004)) ERROR: Undefined(0x80001001)
01-08 12:57:04.429 23757 23757 I CAM_Capture1CC: Camera with the same configuration is already open, returning it.
01-08 12:57:04.461 23757 23757 I CAM_CameraActivity: Double twist gesture is enabled.
01-08 12:57:04.477 13834 13834 I Wear_Controller: Wearable module requires a companion app to be installed.
01-08 12:57:04.477 13834 13834 I WearableService: onCreate: Wearable Services not starting. Wear is not available on this device.
01-08 12:57:04.478 23757 24248 I CAM_FrameJank: JANK! Time between frames (135.103ms) increased by 305.4346847522732% over the expected delta (33.323ms)
01-08 12:57:04.548 23757 23757 I CAM_CaptureModule: OneCamera started!
01-08 12:57:04.548 23757 23757 I CAM_CaptureModule: OneCamera started, updating UI!
01-08 12:57:04.549 23757 23757 I CAM_CaptureModule: OneCamera created, preparing to start OneCamera
01-08 12:57:04.549 23757 23757 I CAM_CameraAppUI: Revealing the viewfinder by hiding the mode cover.
01-08 12:57:04.555 23757 24181 V NuMediaExtractor: setDataSource fd=59 (/system/app/GoogleCamera/GoogleCamera.apk), offset=45826200, length=9560
01-08 12:57:04.556 23757 23771 I zygote64: NativeAlloc concurrent copying GC freed 17282(1399KB) AllocSpace objects, 1(20KB) LOS objects, 49% free, 2MB/5MB, paused 478us total 146.738ms
01-08 12:57:04.576 13834 13970 W WearableService: onGetService: Wear is not available on this device.
01-08 12:57:04.576 23757 24181 V NuMediaExtractor: track of type 'audio/vorbis' does not publish bitrate
01-08 12:57:04.578 941 1776 I chatty : uid=1000(system) Binder:941_B expire 2 lines
01-08 12:57:04.582 853 1165 I OMXMaster: makeComponentInstance(OMX.google.vorbis.decoder) in android.hardwar process
01-08 12:57:04.583 853 866 E OMXNodeInstance: getConfig(0xed5a3860:google.vorbis.decoder, ConfigAndroidVendorExtension(0x6f100004)) ERROR: Undefined(0x80001001)
01-08 12:57:04.666 23757 24181 V NuMediaExtractor: setDataSource fd=60 (/system/app/GoogleCamera/GoogleCamera.apk), offset=45791940, length=15866
01-08 12:57:04.671 23757 24181 V NuMediaExtractor: track of type 'audio/vorbis' does not publish bitrate
01-08 12:57:04.674 853 853 I OMXMaster: makeComponentInstance(OMX.google.vorbis.decoder) in android.hardwar process
01-08 12:57:04.678 853 853 E OMXNodeInstance: getConfig(0xed5a3d40:google.vorbis.decoder, ConfigAndroidVendorExtension(0x6f100004)) ERROR: Undefined(0x80001001)
01-08 12:57:04.754 23757 24181 V NuMediaExtractor: setDataSource fd=62 (/system/app/GoogleCamera/GoogleCamera.apk), offset=45751764, length=12171
01-08 12:57:04.758 23757 24181 V NuMediaExtractor: track of type 'audio/vorbis' does not publish bitrate
01-08 12:57:04.759 853 1165 I OMXMaster: makeComponentInstance(OMX.google.vorbis.decoder) in android.hardwar process
01-08 12:57:04.765 853 2393 E OMXNodeInstance: getConfig(0xed5a3e00:google.vorbis.decoder, ConfigAndroidVendorExtension(0x6f100004)) ERROR: Undefined(0x80001001)
01-08 12:57:04.909 23757 24181 V NuMediaExtractor: setDataSource fd=64 (/system/app/GoogleCamera/GoogleCamera.apk), offset=45724472, length=27223
01-08 12:57:04.915 23757 24181 V NuMediaExtractor: track of type 'audio/vorbis' does not publish bitrate
01-08 12:57:04.922 853 2393 I OMXMaster: makeComponentInstance(OMX.google.vorbis.decoder) in android.hardwar process
01-08 12:57:04.924 853 2393 E OMXNodeInstance: getConfig(0xed5a3d40:google.vorbis.decoder, ConfigAndroidVendorExtension(0x6f100004)) ERROR: Undefined(0x80001001)
01-08 12:57:04.973 23757 24181 V NuMediaExtractor: setDataSource fd=65 (/system/app/GoogleCamera/GoogleCamera.apk), offset=45700136, length=19122
01-08 12:57:04.978 23757 24181 V NuMediaExtractor: track of type 'audio/vorbis' does not publish bitrate
01-08 12:57:04.979 853 2393 I OMXMaster: makeComponentInstance(OMX.google.vorbis.decoder) in android.hardwar process
01-08 12:57:04.998 853 2393 E OMXNodeInstance: getConfig(0xed5a3440:google.vorbis.decoder, ConfigAndroidVendorExtension(0x6f100004)) ERROR: Undefined(0x80001001)
01-08 12:57:05.040 23757 24181 V NuMediaExtractor: setDataSource fd=68 (/system/app/GoogleCamera/GoogleCamera.apk), offset=45719344, length=5056
01-08 12:57:05.042 23757 24181 V NuMediaExtractor: track of type 'audio/vorbis' does not publish bitrate
01-08 12:57:05.044 853 2393 I OMXMaster: makeComponentInstance(OMX.google.vorbis.decoder) in android.hardwar process
01-08 12:57:05.045 853 2393 E OMXNodeInstance: getConfig(0xed5a3f20:google.vorbis.decoder, ConfigAndroidVendorExtension(0x6f100004)) ERROR: Undefined(0x80001001)
01-08 12:57:09.064 842 24204 I NvCameraHalLogging: [partialMetadataResult]: AutoFocus Time: 1522 ms
01-08 12:57:10.947 841 1506 D audio_route: Apply path: speaker
01-08 12:57:10.949 841 1506 I audio_cras_dsp: pipeline created
01-08 12:57:10.949 841 1506 D /system/bin/audioserver: instantiate source
01-08 12:57:10.949 841 1506 D /system/bin/audioserver: instantiate drc
01-08 12:57:10.949 841 1506 D /system/bin/audioserver: instantiate eq2
01-08 12:57:10.949 841 1506 D /system/bin/audioserver: instantiate sink
01-08 12:57:10.949 841 1506 D /system/bin/audioserver: connect audio buf 0 to output_source:0 (out)
01-08 12:57:10.949 841 1506 D /system/bin/audioserver: connect audio buf 1 to output_source:1 (out)
01-08 12:57:10.949 841 1506 D /system/bin/audioserver: connect audio buf 0 to drc:0 (in)
01-08 12:57:10.949 841 1506 D /system/bin/audioserver: connect audio buf 1 to drc:1 (in)
01-08 12:57:10.950 841 1506 D /system/bin/audioserver: connect audio buf 0 to drc:2 (out)
01-08 12:57:10.950 841 1506 D /system/bin/audioserver: connect audio buf 1 to drc:3 (out)
01-08 12:57:10.950 841 1506 D /system/bin/audioserver: connect control (val=1) to drc:4 (in)
01-08 12:57:10.950 841 1506 D /system/bin/audioserver: connect control (val=0) to drc:5 (in)
01-08 12:57:10.950 841 1506 D /system/bin/audioserver: connect control (val=1) to drc:6 (in)
01-08 12:57:10.950 841 1506 D /system/bin/audioserver: connect control (val=-36) to drc:7 (in)
01-08 12:57:10.950 841 1506 D /system/bin/audioserver: connect control (val=18) to drc:8 (in)
01-08 12:57:10.950 841 1506 D /system/bin/audioserver: connect control (val=20) to drc:9 (in)
01-08 12:57:10.950 841 1506 D /system/bin/audioserver: connect control (val=0.003) to drc:10 (in)
01-08 12:57:10.950 841 1506 D /system/bin/audioserver: connect control (val=0.2) to drc:11 (in)
01-08 12:57:10.950 841 1506 D /system/bin/audioserver: connect control (val=3) to drc:12 (in)
01-08 12:57:10.950 841 1506 D /system/bin/audioserver: connect control (val=450) to drc:13 (in)
01-08 12:57:10.950 841 1506 D /system/bin/audioserver: connect control (val=1) to drc:14 (in)
01-08 12:57:10.950 841 1506 D /system/bin/audioserver: connect control (val=-33) to drc:15 (in)
01-08 12:57:10.950 841 1506 D /system/bin/audioserver: connect control (val=20) to drc:16 (in)
01-08 12:57:10.950 841 1506 D /system/bin/audioserver: connect control (val=23) to drc:17 (in)
01-08 12:57:10.950 841 1506 D /system/bin/audioserver: connect control (val=0.003) to drc:18 (in)
01-08 12:57:10.950 841 1506 D /system/bin/audioserver: connect control (val=0.2) to drc:19 (in)
01-08 12:57:10.950 841 1506 D /system/bin/audioserver: connect control (val=6) to drc:20 (in)
01-08 12:57:10.950 841 1506 D /system/bin/audioserver: connect control (val=2200) to drc:21 (in)
01-08 12:57:10.950 841 1506 D /system/bin/audioserver: connect control (val=1) to drc:22 (in)
01-08 12:57:10.950 841 1506 D /system/bin/audioserver: connect control (val=-18) to drc:23 (in)
01-08 12:57:10.950 841 1506 D /system/bin/audioserver: connect control (val=20) to drc:24 (in)
01-08 12:57:10.950 841 1506 D /system/bin/audioserver: connect control (val=6) to drc:25 (in)
01-08 12:57:10.950 841 1506 D /system/bin/audioserver: connect control (val=0.003) to drc:26 (in)
01-08 12:57:10.951 841 1506 D /system/bin/audioserver: connect control (val=0.2) to drc:27 (in)
01-08 12:57:10.951 841 1506 D /system/bin/audioserver: connect control (val=-1) to drc:28 (in)
01-08 12:57:10.951 841 1506 D /system/bin/audioserver: connect audio buf 0 to eq2:0 (in)
01-08 12:57:10.951 841 1506 D /system/bin/audioserver: connect audio buf 1 to eq2:1 (in)
01-08 12:57:10.951 841 1506 D /system/bin/audioserver: connect audio buf 0 to eq2:2 (out)
01-08 12:57:10.951 841 1506 D /system/bin/audioserver: connect audio buf 1 to eq2:3 (out)
01-08 12:57:10.951 841 1506 D /system/bin/audioserver: connect control (val=2) to eq2:4 (in)
01-08 12:57:10.951 841 1506 D /system/bin/audioserver: connect control (val=330) to eq2:5 (in)
01-08 12:57:10.951 841 1506 D /system/bin/audioserver: connect control (val=0) to eq2:6 (in)
01-08 12:57:10.951 841 1506 D /system/bin/audioserver: connect control (val=0) to eq2:7 (in)
01-08 12:57:10.951 841 1506 D /system/bin/audioserver: connect control (val=2) to eq2:8 (in)
01-08 12:57:10.951 841 1506 D /system/bin/audioserver: connect control (val=330) to eq2:9 (in)
01-08 12:57:10.951 841 1506 D /system/bin/audioserver: connect control (val=0) to eq2:10 (in)
01-08 12:57:10.951 841 1506 D /system/bin/audioserver: connect control (val=0) to eq2:11 (in)
01-08 12:57:10.951 841 1506 D /system/bin/audioserver: connect control (val=6) to eq2:12 (in)
01-08 12:57:10.951 841 1506 D /system/bin/audioserver: connect control (val=550) to eq2:13 (in)
01-08 12:57:10.951 841 1506 D /system/bin/audioserver: connect control (val=3) to eq2:14 (in)
01-08 12:57:10.951 841 1506 D /system/bin/audioserver: connect control (val=-10) to eq2:15 (in)
01-08 12:57:10.951 841 1506 D /system/bin/audioserver: connect control (val=6) to eq2:16 (in)
01-08 12:57:10.951 841 1506 D /system/bin/audioserver: connect control (val=550) to eq2:17 (in)
01-08 12:57:10.951 841 1506 D /system/bin/audioserver: connect control (val=3) to eq2:18 (in)
01-08 12:57:10.951 841 1506 D /system/bin/audioserver: connect control (val=-10) to eq2:19 (in)
01-08 12:57:10.951 841 1506 D /system/bin/audioserver: connect control (val=6) to eq2:20 (in)
01-08 12:57:10.951 841 1506 D /system/bin/audioserver: connect control (val=740) to eq2:21 (in)
01-08 12:57:10.951 841 1506 D /system/bin/audioserver: connect control (val=3) to eq2:22 (in)
01-08 12:57:10.951 841 1506 D /system/bin/audioserver: connect control (val=-8) to eq2:23 (in)
01-08 12:57:10.951 841 1506 D /system/bin/audioserver: connect control (val=6) to eq2:24 (in)
01-08 12:57:10.951 841 1506 D /system/bin/audioserver: connect control (val=750) to eq2:25 (in)
01-08 12:57:10.952 841 1506 D /system/bin/audioserver: connect control (val=3) to eq2:26 (in)
01-08 12:57:10.952 841 1506 D /system/bin/audioserver: connect control (val=-6) to eq2:27 (in)
01-08 12:57:10.952 841 1506 D /system/bin/audioserver: connect control (val=6) to eq2:28 (in)
01-08 12:57:10.952 841 1506 D /system/bin/audioserver: connect control (val=1000) to eq2:29 (in)
01-08 12:57:10.952 841 1506 D /system/bin/audioserver: connect control (val=3) to eq2:30 (in)
01-08 12:57:10.952 841 1506 D /system/bin/audioserver: connect control (val=-3) to eq2:31 (in)
01-08 12:57:10.952 841 1506 D /system/bin/audioserver: connect control (val=6) to eq2:32 (in)
01-08 12:57:10.952 841 1506 D /system/bin/audioserver: connect control (val=360) to eq2:33 (in)
01-08 12:57:10.952 841 1506 D /system/bin/audioserver: connect control (val=2) to eq2:34 (in)
01-08 12:57:10.952 841 1506 D /system/bin/audioserver: connect control (val=-4) to eq2:35 (in)
01-08 12:57:10.952 841 1506 D /system/bin/audioserver: connect control (val=6) to eq2:36 (in)
01-08 12:57:10.952 841 1506 D /system/bin/audioserver: connect control (val=1300) to eq2:37 (in)
01-08 12:57:10.952 841 1506 D /system/bin/audioserver: connect control (val=3) to eq2:38 (in)
01-08 12:57:10.952 841 1506 D /system/bin/audioserver: connect control (val=-4) to eq2:39 (in)
01-08 12:57:10.952 841 1506 D /system/bin/audioserver: connect control (val=6) to eq2:40 (in)
01-08 12:57:10.952 841 1506 D /system/bin/audioserver: connect control (val=1000) to eq2:41 (in)
01-08 12:57:10.952 841 1506 D /system/bin/audioserver: connect control (val=2) to eq2:42 (in)
01-08 12:57:10.952 841 1506 D /system/bin/audioserver: connect control (val=-4) to eq2:43 (in)
01-08 12:57:10.952 841 1506 D /system/bin/audioserver: connect control (val=6) to eq2:44 (in)
01-08 12:57:10.952 841 1506 D /system/bin/audioserver: connect control (val=360) to eq2:45 (in)
01-08 12:57:10.952 841 1506 D /system/bin/audioserver: connect control (val=1) to eq2:46 (in)
01-08 12:57:10.952 841 1506 D /system/bin/audioserver: connect control (val=-3) to eq2:47 (in)
01-08 12:57:10.952 841 1506 D /system/bin/audioserver: connect control (val=6) to eq2:48 (in)
01-08 12:57:10.952 841 1506 D /system/bin/audioserver: connect control (val=1200) to eq2:49 (in)
01-08 12:57:10.952 841 1506 D /system/bin/audioserver: connect control (val=2) to eq2:50 (in)
01-08 12:57:10.952 841 1506 D /system/bin/audioserver: connect control (val=-5) to eq2:51 (in)
01-08 12:57:10.952 841 1506 D /system/bin/audioserver: connect control (val=6) to eq2:52 (in)
01-08 12:57:10.952 841 1506 D /system/bin/audioserver: connect control (val=2200) to eq2:53 (in)
01-08 12:57:10.953 841 1506 D /system/bin/audioserver: connect control (val=7) to eq2:54 (in)
01-08 12:57:10.953 841 1506 D /system/bin/audioserver: connect control (val=-9) to eq2:55 (in)
01-08 12:57:10.953 841 1506 D /system/bin/audioserver: connect control (val=6) to eq2:56 (in)
01-08 12:57:10.953 841 1506 D /system/bin/audioserver: connect control (val=2200) to eq2:57 (in)
01-08 12:57:10.953 841 1506 D /system/bin/audioserver: connect control (val=7) to eq2:58 (in)
01-08 12:57:10.953 841 1506 D /system/bin/audioserver: connect control (val=-9) to eq2:59 (in)
01-08 12:57:10.953 841 1506 D /system/bin/audioserver: connect control (val=5) to eq2:60 (in)
01-08 12:57:10.953 841 1506 D /system/bin/audioserver: connect control (val=6000) to eq2:61 (in)
01-08 12:57:10.953 841 1506 D /system/bin/audioserver: connect control (val=0) to eq2:62 (in)
01-08 12:57:10.953 841 1506 D /system/bin/audioserver: connect control (val=-2) to eq2:63 (in)
01-08 12:57:10.953 841 1506 D /system/bin/audioserver: connect control (val=5) to eq2:64 (in)
01-08 12:57:10.953 841 1506 D /system/bin/audioserver: connect control (val=6000) to eq2:65 (in)
01-08 12:57:10.953 841 1506 D /system/bin/audioserver: connect control (val=1) to eq2:66 (in)
01-08 12:57:10.953 841 1506 D /system/bin/audioserver: connect control (val=-2) to eq2:67 (in)
01-08 12:57:10.953 841 1506 D /system/bin/audioserver: connect audio buf 0 to output_sink:0 (in)
01-08 12:57:10.953 841 1506 D /system/bin/audioserver: connect audio buf 1 to output_sink:1 (in)
01-08 12:57:10.982 841 1506 W StreamHAL: Error from HAL stream in function get_presentation_position: Operation not permitted
01-08 12:57:11.038 941 1008 I ActivityManager: START u0 {act=android.intent.action.MAIN cat=[android.intent.category.HOME] flg=0x10200000 cmp=com.google.android.apps.pixelclauncher/com.google.android.apps.nexuslauncher.NexusLauncherActivity (has extras)} from uid 1000
01-08 12:57:11.040 23757 23757 I CAM_GcaActivity: [2be3ea] GcaActivity#onPause
01-08 12:57:11.056 188 188 W gralloc : Unmapped producer usage 900
01-08 12:57:11.066 188 6203 W gralloc : Unmapped producer usage 900
01-08 12:57:11.079 192 192 D SurfaceFlinger: duplicate layer name: changing com.google.android.apps.pixelclauncher/com.google.android.apps.nexuslauncher.NexusLauncherActivity to com.google.android.apps.pixelclauncher/com.google.android.apps.nexuslauncher.NexusLauncherActivity#1
01-08 12:57:11.084 188 314 W gralloc : Unmapped producer usage 900
01-08 12:57:11.088 188 315 W gralloc : Unmapped producer usage 900
01-08 12:57:11.103 188 188 W gralloc : Unmapped producer usage 900
01-08 12:57:11.105 13834 13910 W AlarmManager: alarm window unlikely to be respected [CONTEXT service_id=231 ]
01-08 12:57:11.105 13834 13910 W AlarmManager: java.lang.IllegalArgumentException: alarm "NetworkLocationLocator" has short window length
01-08 12:57:11.105 13834 13910 W AlarmManager: at bgaj.b(:com.google.android.gms@234914013@23.49.14 (040400-590296185):45)
01-08 12:57:11.105 13834 13910 W AlarmManager: at dcsl.f(:com.google.android.gms@234914013@23.49.14 (040400-590296185):121)
01-08 12:57:11.105 13834 13910 W AlarmManager: at dcor.e(:com.google.android.gms@234914013@23.49.14 (040400-590296185):106)
01-08 12:57:11.105 13834 13910 W AlarmManager: at dcor.h(:com.google.android.gms@234914013@23.49.14 (040400-590296185):239)
01-08 12:57:11.105 13834 13910 W AlarmManager: at dcor.g(:com.google.android.gms@234914013@23.49.14 (040400-590296185):364)
01-08 12:57:11.105 13834 13910 W AlarmManager: at dczn.x(:com.google.android.gms@234914013@23.49.14 (040400-590296185):9)
01-08 12:57:11.105 13834 13910 W AlarmManager: at dczf.x(:com.google.android.gms@234914013@23.49.14 (040400-590296185):22)
01-08 12:57:11.105 13834 13910 W AlarmManager: at dcro.handleMessage(:com.google.android.gms@234914013@23.49.14 (040400-590296185):651)
01-08 12:57:11.105 13834 13910 W AlarmManager: at android.os.Handler.dispatchMessage(Handler.java:106)
01-08 12:57:11.105 13834 13910 W AlarmManager: at bgpp.lx(:com.google.android.gms@234914013@23.49.14 (040400-590296185):1)
01-08 12:57:11.105 13834 13910 W AlarmManager: at bgpp.dispatchMessage(:com.google.android.gms@234914013@23.49.14 (040400-590296185):143)
01-08 12:57:11.105 13834 13910 W AlarmManager: at android.os.Looper.loop(Looper.java:164)
01-08 12:57:11.105 13834 13910 W AlarmManager: at android.os.HandlerThread.run(HandlerThread.java:65)
01-08 12:57:11.119 188 6203 W gralloc : Unmapped producer usage 900
01-08 12:57:11.147 188 314 W gralloc : Unmapped consumer usage 200
01-08 12:57:11.147 188 314 W gralloc : Unmapped producer usage 900
01-08 12:57:11.175 1065 1065 I GoogleInputMethodService: GoogleInputMethodService.onFinishInput():3206
01-08 12:57:11.176 1065 1065 I GoogleInputMethodService: GoogleInputMethodService.updateDeviceLockedStatus():2147 repeatCheckTimes = 0, locked = false
01-08 12:57:11.176 1065 1065 I GoogleInputMethodService: GoogleInputMethodService.onStartInput():1894 onStartInput(EditorInfo{EditorInfo{packageName=com.google.android.apps.pixelclauncher, inputType=0, inputTypeString=NULL, enableLearning=false, autoCorrection=false, autoComplete=false, imeOptions=0, privateImeOptions=null, actionName=UNSPECIFIED, actionLabel=null, initialSelStart=-1, initialSelEnd=-1, initialCapsMode=0, label=null, fieldId=-1, fieldName=null, extras=null, hintText=null, hintLocales=[]}}, false)
01-08 12:57:11.176 1065 1065 I GoogleInputMethodService: GoogleInputMethodService.updateDeviceLockedStatus():2147 repeatCheckTimes = 1, locked = false
01-08 12:57:11.185 188 188 W gralloc : Unmapped consumer usage 200
01-08 12:57:11.185 188 188 W gralloc : Unmapped producer usage 900
01-08 12:57:11.203 23757 23757 I CAM_GcaActivity: [2be3ea] GcaActivity#onStop
01-08 12:57:11.203 23757 23757 I CAM_FusedLocProvider: FusedLocationApi#removeLocationUpdates
01-08 12:57:11.218 13834 13910 W AlarmManager: alarm window unlikely to be respected [CONTEXT service_id=231 ]
01-08 12:57:11.218 13834 13910 W AlarmManager: java.lang.IllegalArgumentException: alarm "NetworkLocationLocator" has short window length
01-08 12:57:11.218 13834 13910 W AlarmManager: at bgaj.b(:com.google.android.gms@234914013@23.49.14 (040400-590296185):45)
01-08 12:57:11.218 13834 13910 W AlarmManager: at dcsl.f(:com.google.android.gms@234914013@23.49.14 (040400-590296185):121)
01-08 12:57:11.218 13834 13910 W AlarmManager: at dcor.e(:com.google.android.gms@234914013@23.49.14 (040400-590296185):106)
01-08 12:57:11.218 13834 13910 W AlarmManager: at dcor.h(:com.google.android.gms@234914013@23.49.14 (040400-590296185):239)
01-08 12:57:11.218 13834 13910 W AlarmManager: at dcor.g(:com.google.android.gms@234914013@23.49.14 (040400-590296185):364)
01-08 12:57:11.218 13834 13910 W AlarmManager: at dczn.x(:com.google.android.gms@234914013@23.49.14 (040400-590296185):9)
01-08 12:57:11.218 13834 13910 W AlarmManager: at dczf.x(:com.google.android.gms@234914013@23.49.14 (040400-590296185):22)
01-08 12:57:11.218 13834 13910 W AlarmManager: at dcro.handleMessage(:com.google.android.gms@234914013@23.49.14 (040400-590296185):651)
01-08 12:57:11.218 13834 13910 W AlarmManager: at android.os.Handler.dispatchMessage(Handler.java:106)
01-08 12:57:11.218 13834 13910 W AlarmManager: at bgpp.lx(:com.google.android.gms@234914013@23.49.14 (040400-590296185):1)
01-08 12:57:11.218 13834 13910 W AlarmManager: at bgpp.dispatchMessage(:com.google.android.gms@234914013@23.49.14 (040400-590296185):143)
01-08 12:57:11.218 13834 13910 W AlarmManager: at android.os.Looper.loop(Looper.java:164)
01-08 12:57:11.218 13834 13910 W AlarmManager: at android.os.HandlerThread.run(HandlerThread.java:65)
01-08 12:57:11.237 23757 24200 W CAM2PORT_AndCamAgntImp: Releasing camera without any camera opened.
01-08 12:57:11.241 1133 1133 D zz : UtWallpaperService$UtEngine.onVisibilityChanged() true
01-08 12:57:11.243 1133 1133 D zz : UtRenderer.onVisible()
01-08 12:57:11.244 1133 1133 W zz : WeatherManager.doGet() no permissions
01-08 12:57:11.245 1133 1133 W zz : SunriseUtil.doGet() no permissions
01-08 12:57:11.245 1133 1133 V zz : TimelapseRenderer$1.onReceive() got sunrise broadcast - false
01-08 12:57:11.264 188 315 W gralloc : Unmapped consumer usage 200
01-08 12:57:11.264 188 315 W gralloc : Unmapped producer usage 100
01-08 12:57:11.311 188 6203 W gralloc : Unmapped consumer usage 200
01-08 12:57:11.311 188 6203 W gralloc : Unmapped producer usage 900
01-08 12:57:11.425 842 2374 I CameraLatencyHistogram: Stream 0 dequeueBuffer latency histogram (131) samples:
01-08 12:57:11.425 842 2374 I CameraLatencyHistogram: 5 10 15 20 25 30 35 40 45 inf (max ms)
01-08 12:57:11.425 842 2374 I CameraLatencyHistogram: 98.47 0.76 0.00 0.00 0.00 0.00 0.00 0.00 0.00 0.76 (%)
01-08 12:57:11.692 842 842 D Camera3-Device: Set real time priority for request queue thread (tid 24232)
01-08 12:57:11.693 188 314 W gralloc : Unmapped consumer usage 200
01-08 12:57:11.693 188 314 W gralloc : Unmapped producer usage 900
01-08 12:57:11.703 1481 1606 W OpenGLRenderer: Incorrectly called buildLayer on View: ShortcutAndWidgetContainer, destroying layer...
01-08 12:57:11.703 1481 1606 W OpenGLRenderer: Incorrectly called buildLayer on View: ShortcutAndWidgetContainer, destroying layer...
01-08 12:57:12.049 23757 23757 I CAM_AppLifetime: ForegroundLifetime.close()
01-08 12:57:12.243 842 940 I Camera3-Device: disconnect: E
01-08 12:57:12.244 842 940 I CameraLatencyHistogram: ProcessCaptureRequest latency histogram (131) samples:
01-08 12:57:12.245 842 940 I CameraLatencyHistogram: 40 80 120 160 200 240 280 320 360 inf (max ms)
01-08 12:57:12.245 842 940 I CameraLatencyHistogram: 6.87 92.37 0.76 0.00 0.00 0.00 0.00 0.00 0.00 0.00 (%)
01-08 12:57:12.439 842 940 E Error : pp3dDestroy: NvRmChannelClose is skipped on null channel handle
01-08 12:57:12.439 842 940 E Error : pp3dDestroy: NvRmlClose is skipped on null rm handle
01-08 12:57:12.483 842 940 I Camera3-Device: disconnect: X
01-08 12:57:12.483 842 940 I Camera3-Device: disconnect: E
01-08 12:57:12.485 842 940 I CameraService: disconnect: Disconnected client for camera 0 for PID 23757
01-08 12:57:12.485 23757 23757 I CAM_AppLifetime: VisibleLifetime.close()
01-08 12:57:16.114 842 2374 I Camera2ClientBase: Closed Camera 0. Client was: com.google.android.GoogleCamera (PID 23757, UID 10041)
01-08 12:57:16.212 941 954 I chatty : uid=1000(system) android.bg expire 24 lines
01-08 12:57:18.314 21529 22047 I PlayCommon: [1850] aojp.j(241): Preparing logs for uploading
01-08 12:57:18.363 21529 22047 I PlayCommon: [1850] aojp.j(1863): Connecting to server: https://play.googleapis.com/play/log?format=raw&proto_v2=true
01-08 12:57:18.499 21529 22047 I PlayCommon: [1850] aojp.j(2097): Successfully uploaded logs.
01-08 12:57:33.316 941 1191 I ActivityManager: Killing 23294:com.google.android.partnersetup/u0a14 (adj 906): empty #17
01-08 12:57:33.316 941 1191 I ActivityManager: Killing 20735:com.google.android.gms.unstable/u0a9 (adj 906): empty #18
01-08 12:57:33.359 941 29230 D ConnectivityService: ConnectivityService NetworkRequestInfo binderDied(NetworkRequest [ LISTEN id=268, [ Capabilities: INTERNET&NOT_RESTRICTED&TRUSTED] ], android.os.BinderProxy@715c80a)
01-08 12:57:33.419 941 957 I chatty : uid=1000(system) ActivityManager expire 9 lines
01-08 12:57:33.484 941 954 I chatty : uid=1000(system) android.bg expire 16 lines
01-08 12:57:34.809 941 21161 I chatty : uid=1000(system) Binder:941_F expire 2 lines
01-08 12:57:44.781 941 951 I chatty : uid=1000(system) Binder:941_1 expire 1 line
01-08 12:57:45.941 941 955 I ActivityManager: Force stopping io.qt.qtdesignviewer appid=10472 user=-1: deletePackageX
01-08 12:57:45.942 941 955 I ActivityManager: Killing 23487:io.qt.qtdesignviewer/u0a472 (adj 900): stop io.qt.qtdesignviewer
01-08 12:57:45.944 941 955 I ActivityManager: Killing 23537:com.google.android.configupdater/u0a2 (adj 906): empty #17
01-08 12:57:45.951 941 955 I ActivityManager: Force finishing activity ActivityRecord{b8e60af u0 io.qt.qtdesignviewer/org.qtproject.qt.android.bindings.QtActivity t483}
01-08 12:57:45.989 941 970 I PackageManager: Removing old permission: io.qt.qtdesignviewer.DYNAMIC_RECEIVER_NOT_EXPORTED_PERMISSION from package io.qt.qtdesignviewer
01-08 12:57:45.997 941 964 W ActivityManager: setHasOverlayUi called on unknown pid: 23487
01-08 12:57:46.001 941 970 W PackageManager: Privileged permission android.permission.MANAGE_SOUND_TRIGGER for package com.google.android.googlequicksearchbox - not in privapp-permissions whitelist
01-08 12:57:46.001 941 970 W PackageManager: Privileged permission android.permission.SET_MEDIA_KEY_LISTENER for package com.google.android.googlequicksearchbox - not in privapp-permissions whitelist
01-08 12:57:46.001 941 970 W PackageManager: Privileged permission android.permission.SET_VOLUME_KEY_LONG_PRESS_LISTENER for package com.google.android.googlequicksearchbox - not in privapp-permissions whitelist
01-08 12:57:46.001 941 970 W PackageManager: Privileged permission android.permission.MANAGE_USB for package com.google.android.googlequicksearchbox - not in privapp-permissions whitelist
01-08 12:57:46.001 941 970 W PackageManager: Privileged permission android.permission.PACKAGE_USAGE_STATS for package com.google.android.googlequicksearchbox - not in privapp-permissions whitelist
01-08 12:57:46.001 941 970 W PackageManager: Privileged permission android.permission.CONTROL_INCALL_EXPERIENCE for package com.google.android.googlequicksearchbox - not in privapp-permissions whitelist
01-08 12:57:46.001 941 970 W PackageManager: Privileged permission android.permission.WRITE_APN_SETTINGS for package com.google.android.googlequicksearchbox - not in privapp-permissions whitelist
01-08 12:57:46.002 941 970 W PackageManager: Privileged permission android.permission.READ_PRIVILEGED_PHONE_STATE for package com.android.vending - not in privapp-permissions whitelist
01-08 12:57:46.002 941 970 W PackageManager: Privileged permission android.permission.BACKUP for package com.android.vending - not in privapp-permissions whitelist
01-08 12:57:46.002 941 970 W PackageManager: Privileged permission android.permission.SUBSTITUTE_NOTIFICATION_APP_NAME for package com.android.vending - not in privapp-permissions whitelist
01-08 12:57:46.002 941 970 W PackageManager: Privileged permission android.permission.REBOOT for package com.android.vending - not in privapp-permissions whitelist
01-08 12:57:46.002 941 970 W PackageManager: Privileged permission android.permission.CHANGE_OVERLAY_PACKAGES for package com.android.vending - not in privapp-permissions whitelist
01-08 12:57:46.005 941 970 W PackageManager: Privileged permission android.permission.FORCE_STOP_PACKAGES for package com.google.android.gms - not in privapp-permissions whitelist
01-08 12:57:46.005 941 970 W PackageManager: Privileged permission android.permission.ALLOCATE_AGGRESSIVE for package com.google.android.gms - not in privapp-permissions whitelist
01-08 12:57:46.008 941 970 W PackageManager: Privileged permission android.permission.MODIFY_DAY_NIGHT_MODE for package com.google.android.gms - not in privapp-permissions whitelist
01-08 12:57:46.009 941 970 W PackageManager: Privileged permission android.permission.MEDIA_CONTENT_CONTROL for package com.google.android.gms - not in privapp-permissions whitelist
01-08 12:57:46.009 941 970 W PackageManager: Privileged permission android.permission.PACKAGE_USAGE_STATS for package com.google.android.apps.turbo - not in privapp-permissions whitelist
01-08 12:57:46.010 941 970 W PackageManager: Privileged permission android.permission.READ_PRIVILEGED_PHONE_STATE for package com.google.android.apps.gcs - not in privapp-permissions whitelist
01-08 12:57:46.103 1089 1418 E RecentsTaskLoader: Unexpected null component name or activity info: ComponentInfo{io.qt.qtdesignviewer/org.qtproject.qt.android.bindings.QtActivity}, null
01-08 12:57:46.103 1089 1418 I chatty : uid=10023(com.android.systemui) Binder:1089_4 identical 1 line
01-08 12:57:46.107 1089 1418 E RecentsTaskLoader: Unexpected null component name or activity info: ComponentInfo{io.qt.qtdesignviewer/org.qtproject.qt.android.bindings.QtActivity}, null
01-08 12:57:46.113 845 845 I keystore: clear_uid 10472
01-08 12:57:46.129 188 188 W gralloc : Unmapped producer usage 100
01-08 12:57:46.244 941 970 I chatty : uid=1000(system) PackageManager expire 1 line
01-08 12:57:46.297 941 970 I ActivityManager: Start proc 24358:com.android.defcontainer/u0a5 for service com.android.defcontainer/.DefaultContainerService
01-08 12:57:46.298 941 970 I ActivityManager: Force stopping io.qt.qtdesignviewer appid=10472 user=0: pkg removed
01-08 12:57:46.304 941 955 W BroadcastQueue: Background execution not allowed: receiving Intent { act=android.intent.action.PACKAGE_REMOVED dat=package:io.qt.qtdesignviewer flg=0x4000010 (has extras) } to com.android.musicfx/.Compatibility$Receiver
01-08 12:57:46.305 941 970 D KernelUidCpuTimeReader: Removing uids 10472-10472
01-08 12:57:46.307 941 955 W BroadcastQueue: Background execution not allowed: receiving Intent { act=android.intent.action.PACKAGE_REMOVED dat=package:io.qt.qtdesignviewer flg=0x4000010 (has extras) } to com.android.vending/com.google.android.finsky.packagemonitor.impl.PackageMonitorReceiverImpl$RegisteredReceiver
01-08 12:57:46.307 941 955 W BroadcastQueue: Background execution not allowed: receiving Intent { act=android.intent.action.PACKAGE_REMOVED dat=package:io.qt.qtdesignviewer flg=0x4000010 (has extras) } to com.android.vending/com.google.android.finsky.packagemonitor.backgroundimpl.BackgroundPackageMonitorReceiverImpl$RegisteredReceiver
01-08 12:57:46.307 941 955 W BroadcastQueue: Background execution not allowed: receiving Intent { act=android.intent.action.PACKAGE_REMOVED dat=package:io.qt.qtdesignviewer flg=0x4000010 (has extras) } to com.android.vending/com.google.android.finsky.instantapps.appmanagement.InstantAppRemoveMonitor
01-08 12:57:46.307 941 955 W BroadcastQueue: Background execution not allowed: receiving Intent { act=android.intent.action.PACKAGE_REMOVED dat=package:io.qt.qtdesignviewer flg=0x4000010 (has extras) } to com.google.android.apps.maps/com.google.android.libraries.social.peoplekit.thirdparty.viewcontrollers.ThirdPartyReceiver
01-08 12:57:46.307 941 955 W BroadcastQueue: Background execution not allowed: receiving Intent { act=android.intent.action.PACKAGE_REMOVED dat=package:io.qt.qtdesignviewer flg=0x4000010 (has extras) } to com.google.android.apps.photos/com.google.android.libraries.social.peoplekit.thirdparty.viewcontrollers.ThirdPartyReceiver
01-08 12:57:46.307 941 955 W BroadcastQueue: Background execution not allowed: receiving Intent { act=android.intent.action.PACKAGE_REMOVED dat=package:io.qt.qtdesignviewer flg=0x4000010 (has extras) } to com.google.android.gms/.games.chimera.GamesSystemBroadcastReceiverProxy
01-08 12:57:46.307 941 955 W BroadcastQueue: Background execution not allowed: receiving Intent { act=android.intent.action.PACKAGE_REMOVED dat=package:io.qt.qtdesignviewer flg=0x4000010 (has extras) } to com.google.android.gms/.chimera.GmsIntentOperationService$PersistentTrustedReceiver
01-08 12:57:46.307 941 955 W BroadcastQueue: Background execution not allowed: receiving Intent { act=android.intent.action.PACKAGE_REMOVED dat=package:io.qt.qtdesignviewer flg=0x4000010 (has extras) } to com.google.android.googlequicksearchbox/com.google.android.apps.gsa.googlequicksearchbox.GelStubAppWatcher
01-08 12:57:46.307 941 955 W BroadcastQueue: Background execution not allowed: receiving Intent { act=android.intent.action.PACKAGE_REMOVED dat=package:io.qt.qtdesignviewer flg=0x4000010 (has extras) } to com.google.android.videos/com.google.android.libraries.social.peoplekit.thirdparty.viewcontrollers.ThirdPartyReceiver
01-08 12:57:46.329 1043 1043 D Avrcp : AvrcpServiceBroadcastReceiver-> Action: android.intent.action.PACKAGE_REMOVED
01-08 12:57:46.330 1043 1043 D Avrcp : packageName: io.qt.qtdesignviewer removed: true
01-08 12:57:46.352 941 941 I ActivityManager: Start proc 24366:com.android.keychain/1000 for service com.android.keychain/.KeyChainService
01-08 12:57:46.358 1043 1043 V Avrcp : isBrowseSupported for io.qt.qtdesignviewer: false
01-08 12:57:46.442 1456 1456 I GsaVoiceInteractionSrv: (REDACTED) O received %s
01-08 12:57:46.489 941 941 I chatty : uid=1000 system_server expire 6 lines
01-08 12:57:46.602 24366 24366 I zygote64: The ClassLoaderContext is a special shared library.
01-08 12:57:46.793 941 1582 I ActivityManager: Start proc 24399:com.android.documentsui/u0a37 for broadcast com.android.documentsui/.PackageReceiver
01-08 12:57:46.793 941 1582 I ActivityManager: Killing 23627:android.process.acore/u0a3 (adj 906): empty #17
01-08 12:57:46.805 941 1405 I ActivityManager: Killing 23235:com.google.android.apps.gcs/u0a8 (adj 906): empty #17
01-08 12:57:46.815 13834 24388 I Fitness : (REDACTED) FitCleanupIntentOperation received Intent %s
01-08 12:57:46.834 941 964 I chatty : uid=1000(system) android.display expire 9 lines
01-08 12:57:46.835 941 941 I chatty : uid=1000 system_server expire 14 lines
01-08 12:57:46.839 941 957 I chatty : uid=1000(system) ActivityManager expire 7 lines
01-08 12:57:46.850 941 952 I ActivityManager: Killing 23550:com.google.android.talk/u0a50 (adj 906): empty #17
01-08 12:57:46.872 941 1191 D ConnectivityService: ConnectivityService NetworkRequestInfo binderDied(NetworkRequest [ TRACK_DEFAULT id=312, [ Capabilities: INTERNET&NOT_RESTRICTED&TRUSTED&NOT_VPN] ], android.os.BinderProxy@acd7661)
01-08 12:57:46.873 941 1024 D ConnectivityService: releasing NetworkRequest [ TRACK_DEFAULT id=312, [ Capabilities: INTERNET&NOT_RESTRICTED&TRUSTED&NOT_VPN] ] (release request)
01-08 12:57:46.957 941 941 I ConditionProviders: Disallowing condition provider io.qt.qtdesignviewer
01-08 12:57:46.976 20640 20640 I Finsky : [2] xaj.g(1): xaj - Received: android.intent.action.PACKAGE_REMOVED, [Af7JmQhZrU5G6vJc5h4437SNaRYyXK3RtXqj6dN0XTs]
01-08 12:57:47.130 20640 20640 I Finsky : [2] xbc.v(84): Package no longer installed: io.qt.qtdesignviewer
01-08 12:57:47.190 12852 24415 E memtrack: Couldn't load memtrack module
01-08 12:57:47.190 12852 24415 W android.os.Debug: failed to get memory consumption info: -1
01-08 12:57:47.213 24399 24413 W ResourceType: ResTable_typeSpec entry count inconsistent: given 23, previously 37
01-08 12:57:47.216 24399 24413 W ResourceType: ResTable_typeSpec entry count inconsistent: given 833, previously 2148
01-08 12:57:47.216 24399 24413 W ResourceType: ResTable_typeSpec entry count inconsistent: given 1512, previously 1515
01-08 12:57:47.223 24399 24413 W ResourceType: ResTable_typeSpec entry count inconsistent: given 373, previously 2854
01-08 12:57:47.436 20640 24417 I Finsky : [1916] ppb.run(268): Frosting DB delete succeeded: true
01-08 12:57:47.477 941 1009 I chatty : uid=1000(system) InputReader expire 1 line
01-08 12:57:47.561 20640 20640 W zygote64: Verification of void mlu.accept(java.lang.Object) took 155.172ms
01-08 12:57:47.594 12852 24389 I Blockstore: (REDACTED) [DataStoreImpl] Setting IsLastInstallationDataPerPackage bit to %s for package %s
01-08 12:57:47.715 17964 18111 W ResourceType: ResTable_typeSpec entry count inconsistent: given 3786, previously 3788
01-08 12:57:47.722 20640 20921 I Finsky : [1790] kml.a(55): AIM: AppInfoManager-Perf > OnDeviceAppInfo > cacheHitCount=1, cacheMissCount=0. Missed in cache (limit 10) : []
01-08 12:57:47.749 17964 18111 W ResourceType: ResTable_typeSpec entry count inconsistent: given 430, previously 2948
01-08 12:57:47.788 12852 13135 E WorkSourceUtil: Could not find package: io.qt.qtdesignviewer
01-08 12:57:47.834 20640 20921 I Finsky : [1790] kkk.apply(1370): AIM: Got app ownership map. App counts: . Unique apps: 0
01-08 12:57:47.851 12852 19067 I Icing : doRemovePackageData io.qt.qtdesignviewer
01-08 12:57:47.889 20640 20895 I Finsky : [1777] kmi.a(206): AIM: AppInfoManager-Perf > ItemModel > CacheSize=48, cacheHitCount=0, cacheMissCount=0, total appsWithNoServerDataCount=0. Missed in cache (limit 10) : []
01-08 12:57:47.934 20640 20640 I Finsky : [2] ajbp.c(44): Do not start WearSupportService due to Wear service optimization
01-08 12:57:47.950 20640 20640 I Finsky : [2] kks.f(9): AIM: AppInfoCacheUpdater -> invalidating apps: [io.qt.qtdesignviewer]
01-08 12:57:47.951 20640 20640 I Finsky : [2] kli.g(21): AIM: AppInfoManager-Perf > getApps > called for 1 apps
01-08 12:57:47.952 20640 20904 I Finsky : [1779] kml.a(55): AIM: AppInfoManager-Perf > OnDeviceAppInfo > cacheHitCount=0, cacheMissCount=1. Missed in cache (limit 10) : [io.qt.qtdesignviewer]
01-08 12:57:48.028 20640 20895 I Finsky : [1777] kkk.apply(1370): AIM: Got app ownership map. App counts: 1. Unique apps: 1
01-08 12:57:48.047 20640 20640 I Finsky : [2] xbc.v(84): Package no longer installed: io.qt.qtdesignviewer
01-08 12:57:48.048 20640 24417 I Finsky : [1916] ppb.run(268): Frosting DB delete succeeded: false
01-08 12:57:48.064 20640 24432 I Finsky : [1920] rsm.accept(289): IQ: handled package removed
01-08 12:57:48.086 20640 20912 I Finsky : [1786] kmi.a(206): AIM: AppInfoManager-Perf > ItemModel > CacheSize=48, cacheHitCount=0, cacheMissCount=1, total appsWithNoServerDataCount=0. Missed in cache (limit 10) : [io.qt.qtdesignviewer]
01-08 12:57:48.097 12852 19067 I Icing : Indexing com.google.android.gms-apps from com.google.android.gms
01-08 12:57:48.103 20640 20912 I zygote64: Deoptimizing java.lang.Object aqgz.next() due to JIT inline cache
01-08 12:57:48.110 12852 19067 I Icing : Indexing done com.google.android.gms-apps
01-08 12:57:48.119 20640 20912 I Finsky : [1786] kmk.n(24): AIM: AppInfoManager-Perf > ItemModel > ItemStore Called 1 apps cacheOptions = REFRESH_LOCAL_CACHE
01-08 12:57:48.132 20640 24433 I Finsky : [1921] ba.a(21): Asset module storage cleared for package io.qt.qtdesignviewer.
01-08 12:57:48.138 20640 20912 I Finsky : [1786] kmi.a(1074): AIM: ItemModel fetch - unauth(0), auth([tR5L3YRFsguoVvSCaccyLtmeX83TLawnlYm3EdpyYlI]->1)
01-08 12:57:48.181 20640 20640 I Finsky : [2] acfi.f(9): Clearing split related stale data.
01-08 12:57:48.189 20640 20912 I Finsky : [1786] svm.apply(427): ItemStore: Not cached: io.qt.qtdesignviewer
01-08 12:57:48.251 20640 20640 W Finsky : [2] acjb.b(94): STU: Failed to get storage stats for package 'io.qt.qtdesignviewer' (1601: Error getting stats: android.content.pm.PackageManager.NameNotFoundException)
01-08 12:57:48.270 20640 20895 I Finsky : [1777] mbm.aie(1009): xaj - recording uninstall for io.qt.qtdesignviewer on [tR5L3YRFsguoVvSCaccyLtmeX83TLawnlYm3EdpyYlI]
01-08 12:57:48.354 20640 20904 I Finsky : [1779] wun.accept(34): SCH: Scheduling phonesky job Id: 12-1, CT: 1704715068039, Constraints: [{ L: 15000, D: 86400000, C: 1, I: 1, N: 1 }]
01-08 12:57:48.361 941 954 I chatty : uid=1000(system) android.bg expire 8 lines
01-08 12:57:48.376 20640 20895 I Finsky : [1777] zyb.apply(453): SCH: Scheduling 1 system job(s)
01-08 12:57:48.376 20640 20895 I Finsky : [1777] aawq.d(88): SCH: Scheduling system job Id: 9809, L: 14663, D: 79354755, C: false, I: false, N: 1
01-08 12:57:48.399 20640 20862 I Finsky : [1772] mhs.aie(314): [ContentSync] finished, scheduled=true
01-08 12:57:48.426 941 954 W ResourceType: ResTable_typeSpec entry count inconsistent: given 2289, previously 2295
01-08 12:57:48.427 941 941 W ResourceType: ResTable_typeSpec entry count inconsistent: given 381, previously 2965
01-08 12:57:48.427 941 954 W ResourceType: ResTable_typeSpec entry count inconsistent: given 381, previously 2965
01-08 12:57:48.485 941 941 W ResourceType: ResTable_typeSpec entry count inconsistent: given 74, previously 76
01-08 12:57:48.485 941 954 W ResourceType: ResTable_typeSpec entry count inconsistent: given 74, previously 76
01-08 12:57:48.493 941 954 W ResourceType: ResTable_typeSpec entry count inconsistent: given 937, previously 2540
01-08 12:57:48.493 941 941 W ResourceType: ResTable_typeSpec entry count inconsistent: given 937, previously 2540
01-08 12:57:48.493 941 941 W ResourceType: ResTable_typeSpec entry count inconsistent: given 2192, previously 2221
01-08 12:57:48.493 941 954 W ResourceType: ResTable_typeSpec entry count inconsistent: given 2192, previously 2221
01-08 12:57:48.494 941 954 W ResourceType: ResTable_typeSpec entry count inconsistent: given 380, previously 3027
01-08 12:57:48.494 941 941 W ResourceType: ResTable_typeSpec entry count inconsistent: given 380, previously 3027
01-08 12:57:48.566 17964 24416 I A : (REDACTED) soft deleting data for %s
01-08 12:57:48.593 941 954 W ResourceType: ResTable_typeSpec entry count inconsistent: given 951, previously 2514
01-08 12:57:48.593 941 954 W ResourceType: ResTable_typeSpec entry count inconsistent: given 2483, previously 2494
01-08 12:57:48.593 941 941 W ResourceType: ResTable_typeSpec entry count inconsistent: given 951, previously 2514
01-08 12:57:48.593 941 941 W ResourceType: ResTable_typeSpec entry count inconsistent: given 2483, previously 2494
01-08 12:57:48.597 941 941 W ResourceType: ResTable_typeSpec entry count inconsistent: given 380, previously 2947
01-08 12:57:48.598 941 954 W ResourceType: ResTable_typeSpec entry count inconsistent: given 380, previously 2947
01-08 12:57:48.665 17964 18111 I A : Scheduling deletion propagation for Geller data.
01-08 12:57:48.666 17964 24416 I A : Performing deletion propagation for Geller data.
01-08 12:57:48.770 20640 20648 W SQLiteConnectionPool: A SQLiteConnection object for database '/data/user/0/com.android.vending/databases/resource_data.db' was leaked! Please fix your application to end transactions in progress properly and to close the database when it is no longer needed.
01-08 12:57:48.771 20640 20648 W SQLiteConnectionPool: A SQLiteConnection object for database '/data/user/0/com.android.vending/databases/installer_data_v2.db' was leaked! Please fix your application to end transactions in progress properly and to close the database when it is no longer needed.
01-08 12:57:48.773 20640 20904 I Finsky : [1779] jov.accept(156): AIM: AppInfoManager-Perf > getApps > data collection finished
01-08 12:57:48.773 20640 20904 I Finsky : [1779] jum.run(394): AIM: AppInfoManager-Perf > maybeDestroyAppInfoManager is called. actives = 1
01-08 12:57:48.784 941 954 W ResourceType: ResTable_typeSpec entry count inconsistent: given 18, previously 20
01-08 12:57:48.802 941 954 W ResourceType: ResTable_typeSpec entry count inconsistent: given 1168, previously 1172
01-08 12:57:48.802 941 954 W ResourceType: ResTable_typeSpec entry count inconsistent: given 370, previously 2492
01-08 12:57:48.805 17964 18126 I DeviceAppInfoWork: refreshDeviceAppInfoForAccount done.
01-08 12:57:48.898 17964 18120 W DeviceAppInfoWork: missing version info.
01-08 12:57:48.909 20640 20640 I Finsky : [2] xaj.g(1): xaj - Received: android.intent.action.PACKAGE_FULLY_REMOVED, [Af7JmQhZrU5G6vJc5h4437SNaRYyXK3RtXqj6dN0XTs]
01-08 12:57:48.910 20640 20640 I Finsky : [2] xbc.v(84): Package no longer installed: io.qt.qtdesignviewer
01-08 12:57:48.913 20640 24417 I Finsky : [1916] ppb.run(268): Frosting DB delete succeeded: false
01-08 12:57:48.917 20640 20640 I Finsky : [2] xaj.g(1): xaj - Deduping intent android.intent.action.PACKAGE_FULLY_REMOVED
01-08 12:57:48.991 941 954 W ResourceType: ResTable_typeSpec entry count inconsistent: given 706, previously 717
01-08 12:57:48.991 941 954 W ResourceType: ResTable_typeSpec entry count inconsistent: given 217, previously 1278
01-08 12:57:49.141 941 21177 I ActivityManager: Start proc 24448:com.google.android.apps.maps/u0a54 for broadcast com.google.android.apps.maps/com.google.android.libraries.social.peoplekit.thirdparty.viewcontrollers.ThirdPartyReceiver
01-08 12:57:49.432 24448 24448 W ResourceType: ResTable_typeSpec entry count inconsistent: given 35, previously 37
01-08 12:57:49.432 24448 24448 W ResourceType: ResTable_typeSpec entry count inconsistent: given 9016, previously 9017
01-08 12:57:49.447 24448 24448 W ResourceType: ResTable_typeSpec entry count inconsistent: given 3431, previously 3450
01-08 12:57:49.451 24448 24448 W ResourceType: ResTable_typeSpec entry count inconsistent: given 377, previously 2967
01-08 12:57:49.616 941 954 W ResourceType: ResTable_typeSpec entry count inconsistent: given 3287, previously 8388
01-08 12:57:49.619 941 954 W ResourceType: ResTable_typeSpec entry count inconsistent: given 5209, previously 5208
01-08 12:57:49.622 941 954 W ResourceType: ResTable_typeSpec entry count inconsistent: given 510, previously 5005
01-08 12:57:50.694 24448 24471 D NvOsDebugPrintf: NvRmPrivGetChipPlatform: Could not read platform information
01-08 12:57:50.694 24448 24471 D NvOsDebugPrintf: Expected on kernels without fuse support, using silicon
01-08 12:57:50.740 13834 13834 D BoundBrokerSvc: onRebind: Intent { act=com.google.android.gms.clearcut.bootcount.service.START pkg=com.google.android.gms }
01-08 12:57:51.096 24448 24467 W zygote64: Verification of void kuk.(bzja, bzja) took 129.050ms
01-08 12:57:51.194 24448 24467 I zygote64: Rejecting re-init on previously-failed class java.lang.Class: java.lang.NoClassDefFoundError: Failed resolution of: Landroid/graphics/ImageDecoder$OnHeaderDecodedListener;
01-08 12:57:51.194 24448 24467 I zygote64: at void hou.(hot) (PG:1)
01-08 12:57:51.194 24448 24467 I zygote64: at hdf hdf.b(android.content.Context) (PG:39)
01-08 12:57:51.194 24448 24467 I zygote64: at hdy hdf.e(android.content.Context) (PG:2)
01-08 12:57:51.194 24448 24467 I zygote64: at hdy aydz.o(android.content.Context) (PG:2)
01-08 12:57:51.194 24448 24467 I zygote64: at java.lang.Object jvu.j() (PG:-1)
01-08 12:57:51.194 24448 24467 I zygote64: at java.lang.Object jvu.b() (PG:2)
01-08 12:57:51.194 24448 24467 I zygote64: at java.lang.Object bwuk.b() (PG:1)
01-08 12:57:51.194 24448 24467 I zygote64: at void baxm.run() (PG:29)
01-08 12:57:51.194 24448 24467 I zygote64: at java.lang.Object java.util.concurrent.Executors$RunnableAdapter.call() (Executors.java:457)
01-08 12:57:51.194 24448 24467 I zygote64: at void ansa.run() (PG:2)
01-08 12:57:51.194 24448 24467 I zygote64: at void java.util.concurrent.ThreadPoolExecutor.runWorker(java.util.concurrent.ThreadPoolExecutor$Worker) (ThreadPoolExecutor.java:1162)
01-08 12:57:51.194 24448 24467 I zygote64: at void java.util.concurrent.ThreadPoolExecutor$Worker.run() (ThreadPoolExecutor.java:636)
01-08 12:57:51.194 24448 24467 I zygote64: at void anrn.run() (PG:67)
01-08 12:57:51.194 24448 24467 I zygote64: at void java.lang.Thread.run() (Thread.java:764)
