01-08 12:58:25.392 24785 24785 I zygote64: at void androidx.work.impl.af.b(android.content.Context, com.google.trix.ritz.shared.tables.t) (PG:404)
01-08 12:58:25.392 24785 24785 I zygote64: at void com.google.android.apps.docs.editors.shared.inject.c.onCreate() (PG:1016)
01-08 12:58:25.392 24785 24785 I zygote64: at void android.app.Instrumentation.callApplicationOnCreate(android.app.Application) (Instrumentation.java:1119)
01-08 12:58:25.392 24785 24785 I zygote64: at void android.app.ActivityThread.handleBindApplication(android.app.ActivityThread$AppBindData) (ActivityThread.java:5740)
01-08 12:58:25.392 24785 24785 I zygote64: at void android.app.ActivityThread.-wrap1(android.app.ActivityThread, android.app.ActivityThread$AppBindData) (ActivityThread.java:-1)
01-08 12:58:25.392 24785 24785 I zygote64: at void android.app.ActivityThread$H.handleMessage(android.os.Message) (ActivityThread.java:1656)
01-08 12:58:25.392 24785 24785 I zygote64: at void android.os.Handler.dispatchMessage(android.os.Message) (Handler.java:106)
01-08 12:58:25.392 24785 24785 I zygote64: at void android.os.Looper.loop() (Looper.java:164)
01-08 12:58:25.392 24785 24785 I zygote64: at void android.app.ActivityThread.main(java.lang.String[]) (ActivityThread.java:6494)
01-08 12:58:25.392 24785 24785 I zygote64: at java.lang.Object java.lang.reflect.Method.invoke(java.lang.Object, java.lang.Object[]) (Method.java:-2)
01-08 12:58:25.392 24785 24785 I zygote64: at void com.android.internal.os.RuntimeInit$MethodAndArgsCaller.run() (RuntimeInit.java:438)
01-08 12:58:25.392 24785 24785 I zygote64: at void com.android.internal.os.ZygoteInit.main(java.lang.String[]) (ZygoteInit.java:807)
01-08 12:58:25.392 24785 24785 I zygote64: Caused by: java.lang.ClassNotFoundException: Didn't find class "android.graphics.ImageDecoder$OnHeaderDecodedListener" on path: DexPathList[[zip file "/data/app/com.google.android.apps.docs.editors.sheets-HTIJKb6HmlKlgrefEQY_zg==/base.apk", zip file "/data/app/com.google.android.apps.docs.editors.sheets-HTIJKb6HmlKlgrefEQY_zg==/split_config.arm64_v8a.apk", zip file "/data/app/com.google.android.apps.docs.editors.sheets-HTIJKb6HmlKlgrefEQY_zg==/split_config.en.apk", zip file "/data/app/com.google.android.apps.docs.editors.sheets-HTIJKb6HmlKlgrefEQY_zg==/split_config.xhdpi.apk"],nativeLibraryDirectories=[/data/app/com.google.android.apps.docs.editors.sheets-HTIJKb6HmlKlgrefEQY_zg==/lib/arm64, /data/app/com.google.android.apps.docs.editors.sheets-HTIJKb6HmlKlgrefEQY_zg==/base.apk!/lib/arm64-v8a, /data/app/com.google.android.apps.docs.editors.sheets-HTIJKb6HmlKlgrefEQY_zg==/split_config.arm64_v8a.apk!/lib/arm64-v8a, /data/app/com.google.android.apps.docs.editors.sheets-HTIJKb6HmlKlgrefEQY_zg==/split_config.en.ap
01-08 12:58:25.392 24785 24785 I zygote64: at java.lang.Class dalvik.system.BaseDexClassLoader.findClass(java.lang.String) (BaseDexClassLoader.java:125)
01-08 12:58:25.392 24785 24785 I zygote64: at java.lang.Class java.lang.ClassLoader.loadClass(java.lang.String, boolean) (ClassLoader.java:379)
01-08 12:58:25.392 24785 24785 I zygote64: at java.lang.Class java.lang.ClassLoader.loadClass(java.lang.String) (ClassLoader.java:312)
01-08 12:58:25.392 24785 24785 I zygote64: at void androidx.work.impl.af.b(android.content.Context, com.google.trix.ritz.shared.tables.t) (PG:404)
01-08 12:58:25.392 24785 24785 I zygote64: at void com.google.android.apps.docs.editors.shared.inject.c.onCreate() (PG:1016)
01-08 12:58:25.392 24785 24785 I zygote64: at void android.app.Instrumentation.callApplicationOnCreate(android.app.Application) (Instrumentation.java:1119)
01-08 12:58:25.392 24785 24785 I zygote64: at void android.app.ActivityThread.handleBindApplication(android.app.ActivityThread$AppBindData) (ActivityThread.java:5740)
01-08 12:58:25.392 24785 24785 I zygote64: at void android.app.ActivityThread.-wrap1(android.app.ActivityThread, android.app.ActivityThread$AppBindData) (ActivityThread.java:-1)
01-08 12:58:25.392 24785 24785 I zygote64: at void android.app.ActivityThread$H.handleMessage(android.os.Message) (ActivityThread.java:1656)
01-08 12:58:25.392 24785 24785 I zygote64: at void android.os.Handler.dispatchMessage(android.os.Message) (Handler.java:106)
01-08 12:58:25.392 24785 24785 I zygote64: at void android.os.Looper.loop() (Looper.java:164)
01-08 12:58:25.392 24785 24785 I zygote64: at void android.app.ActivityThread.main(java.lang.String[]) (ActivityThread.java:6494)
01-08 12:58:25.392 24785 24785 I zygote64: at java.lang.Object java.lang.reflect.Method.invoke(java.lang.Object, java.lang.Object[]) (Method.java:-2)
01-08 12:58:25.392 24785 24785 I zygote64: at void com.android.internal.os.RuntimeInit$MethodAndArgsCaller.run() (RuntimeInit.java:438)
01-08 12:58:25.392 24785 24785 I zygote64: at void com.android.internal.os.ZygoteInit.main(java.lang.String[]) (ZygoteInit.java:807)
01-08 12:58:25.392 24785 24785 I zygote64:
01-08 12:58:25.394 24785 24785 I zygote64: Rejecting re-init on previously-failed class java.lang.Class: java.lang.NoClassDefFoundError: Failed resolution of: Landroid/graphics/ImageDecoder$OnHeaderDecodedListener;
01-08 12:58:25.394 24785 24785 I zygote64: at void androidx.work.impl.af.b(android.content.Context, com.google.trix.ritz.shared.tables.t) (PG:404)
01-08 12:58:25.394 24785 24785 I zygote64: at void com.google.android.apps.docs.editors.shared.inject.c.onCreate() (PG:1016)
01-08 12:58:25.394 24785 24785 I zygote64: at void android.app.Instrumentation.callApplicationOnCreate(android.app.Application) (Instrumentation.java:1119)
01-08 12:58:25.394 24785 24785 I zygote64: at void android.app.ActivityThread.handleBindApplication(android.app.ActivityThread$AppBindData) (ActivityThread.java:5740)
01-08 12:58:25.394 24785 24785 I zygote64: at void android.app.ActivityThread.-wrap1(android.app.ActivityThread, android.app.ActivityThread$AppBindData) (ActivityThread.java:-1)
01-08 12:58:25.394 24785 24785 I zygote64: at void android.app.ActivityThread$H.handleMessage(android.os.Message) (ActivityThread.java:1656)
01-08 12:58:25.394 24785 24785 I zygote64: at void android.os.Handler.dispatchMessage(android.os.Message) (Handler.java:106)
01-08 12:58:25.394 24785 24785 I zygote64: at void android.os.Looper.loop() (Looper.java:164)
01-08 12:58:25.394 24785 24785 I zygote64: at void android.app.ActivityThread.main(java.lang.String[]) (ActivityThread.java:6494)
01-08 12:58:25.394 24785 24785 I zygote64: at java.lang.Object java.lang.reflect.Method.invoke(java.lang.Object, java.lang.Object[]) (Method.java:-2)
01-08 12:58:25.394 24785 24785 I zygote64: at void com.android.internal.os.RuntimeInit$MethodAndArgsCaller.run() (RuntimeInit.java:438)
01-08 12:58:25.394 24785 24785 I zygote64: at void com.android.internal.os.ZygoteInit.main(java.lang.String[]) (ZygoteInit.java:807)
01-08 12:58:25.394 24785 24785 I zygote64: Caused by: java.lang.ClassNotFoundException: Didn't find class "android.graphics.ImageDecoder$OnHeaderDecodedListener" on path: DexPathList[[zip file "/data/app/com.google.android.apps.docs.editors.sheets-HTIJKb6HmlKlgrefEQY_zg==/base.apk", zip file "/data/app/com.google.android.apps.docs.editors.sheets-HTIJKb6HmlKlgrefEQY_zg==/split_config.arm64_v8a.apk", zip file "/data/app/com.google.android.apps.docs.editors.sheets-HTIJKb6HmlKlgrefEQY_zg==/split_config.en.apk", zip file "/data/app/com.google.android.apps.docs.editors.sheets-HTIJKb6HmlKlgrefEQY_zg==/split_config.xhdpi.apk"],nativeLibraryDirectories=[/data/app/com.google.android.apps.docs.editors.sheets-HTIJKb6HmlKlgrefEQY_zg==/lib/arm64, /data/app/com.google.android.apps.docs.editors.sheets-HTIJKb6HmlKlgrefEQY_zg==/base.apk!/lib/arm64-v8a, /data/app/com.google.android.apps.docs.editors.sheets-HTIJKb6HmlKlgrefEQY_zg==/split_config.arm64_v8a.apk!/lib/arm64-v8a, /data/app/com.google.android.apps.docs.editors.sheets-HTIJKb6HmlKlgrefEQY_zg==/split_config.en.ap
01-08 12:58:25.394 24785 24785 I zygote64: at java.lang.Class dalvik.system.BaseDexClassLoader.findClass(java.lang.String) (BaseDexClassLoader.java:125)
01-08 12:58:25.394 24785 24785 I zygote64: at java.lang.Class java.lang.ClassLoader.loadClass(java.lang.String, boolean) (ClassLoader.java:379)
01-08 12:58:25.394 24785 24785 I zygote64: at java.lang.Class java.lang.ClassLoader.loadClass(java.lang.String) (ClassLoader.java:312)
01-08 12:58:25.394 24785 24785 I zygote64: at void androidx.work.impl.af.b(android.content.Context, com.google.trix.ritz.shared.tables.t) (PG:404)
01-08 12:58:25.394 24785 24785 I zygote64: at void com.google.android.apps.docs.editors.shared.inject.c.onCreate() (PG:1016)
01-08 12:58:25.394 24785 24785 I zygote64: at void android.app.Instrumentation.callApplicationOnCreate(android.app.Application) (Instrumentation.java:1119)
01-08 12:58:25.394 24785 24785 I zygote64: at void android.app.ActivityThread.handleBindApplication(android.app.ActivityThread$AppBindData) (ActivityThread.java:5740)
01-08 12:58:25.394 24785 24785 I zygote64: at void android.app.ActivityThread.-wrap1(android.app.ActivityThread, android.app.ActivityThread$AppBindData) (ActivityThread.java:-1)
01-08 12:58:25.394 24785 24785 I zygote64: at void android.app.ActivityThread$H.handleMessage(android.os.Message) (ActivityThread.java:1656)
01-08 12:58:25.394 24785 24785 I zygote64: at void android.os.Handler.dispatchMessage(android.os.Message) (Handler.java:106)
01-08 12:58:25.394 24785 24785 I zygote64: at void android.os.Looper.loop() (Looper.java:164)
01-08 12:58:25.394 24785 24785 I zygote64: at void android.app.ActivityThread.main(java.lang.String[]) (ActivityThread.java:6494)
01-08 12:58:25.394 24785 24785 I zygote64: at java.lang.Object java.lang.reflect.Method.invoke(java.lang.Object, java.lang.Object[]) (Method.java:-2)
01-08 12:58:25.394 24785 24785 I zygote64: at void com.android.internal.os.RuntimeInit$MethodAndArgsCaller.run() (RuntimeInit.java:438)
01-08 12:58:25.394 24785 24785 I zygote64: at void com.android.internal.os.ZygoteInit.main(java.lang.String[]) (ZygoteInit.java:807)
01-08 12:58:25.394 24785 24785 I zygote64:
01-08 12:58:25.395 24785 24785 I zygote64: Rejecting re-init on previously-failed class java.lang.Class: java.lang.NoClassDefFoundError: Failed resolution of: Landroid/graphics/ImageDecoder$OnHeaderDecodedListener;
01-08 12:58:25.395 24785 24785 I zygote64: at void androidx.work.impl.af.b(android.content.Context, com.google.trix.ritz.shared.tables.t) (PG:404)
01-08 12:58:25.395 24785 24785 I zygote64: at void com.google.android.apps.docs.editors.shared.inject.c.onCreate() (PG:1016)
01-08 12:58:25.395 24785 24785 I zygote64: at void android.app.Instrumentation.callApplicationOnCreate(android.app.Application) (Instrumentation.java:1119)
01-08 12:58:25.395 24785 24785 I zygote64: at void android.app.ActivityThread.handleBindApplication(android.app.ActivityThread$AppBindData) (ActivityThread.java:5740)
01-08 12:58:25.395 24785 24785 I zygote64: at void android.app.ActivityThread.-wrap1(android.app.ActivityThread, android.app.ActivityThread$AppBindData) (ActivityThread.java:-1)
01-08 12:58:25.395 24785 24785 I zygote64: at void android.app.ActivityThread$H.handleMessage(android.os.Message) (ActivityThread.java:1656)
01-08 12:58:25.395 24785 24785 I zygote64: at void android.os.Handler.dispatchMessage(android.os.Message) (Handler.java:106)
01-08 12:58:25.395 24785 24785 I zygote64: at void android.os.Looper.loop() (Looper.java:164)
01-08 12:58:25.395 24785 24785 I zygote64: at void android.app.ActivityThread.main(java.lang.String[]) (ActivityThread.java:6494)
01-08 12:58:25.395 24785 24785 I zygote64: at java.lang.Object java.lang.reflect.Method.invoke(java.lang.Object, java.lang.Object[]) (Method.java:-2)
01-08 12:58:25.395 24785 24785 I zygote64: at void com.android.internal.os.RuntimeInit$MethodAndArgsCaller.run() (RuntimeInit.java:438)
01-08 12:58:25.395 24785 24785 I zygote64: at void com.android.internal.os.ZygoteInit.main(java.lang.String[]) (ZygoteInit.java:807)
01-08 12:58:25.395 24785 24785 I zygote64: Caused by: java.lang.ClassNotFoundException: Didn't find class "android.graphics.ImageDecoder$OnHeaderDecodedListener" on path: DexPathList[[zip file "/data/app/com.google.android.apps.docs.editors.sheets-HTIJKb6HmlKlgrefEQY_zg==/base.apk", zip file "/data/app/com.google.android.apps.docs.editors.sheets-HTIJKb6HmlKlgrefEQY_zg==/split_config.arm64_v8a.apk", zip file "/data/app/com.google.android.apps.docs.editors.sheets-HTIJKb6HmlKlgrefEQY_zg==/split_config.en.apk", zip file "/data/app/com.google.android.apps.docs.editors.sheets-HTIJKb6HmlKlgrefEQY_zg==/split_config.xhdpi.apk"],nativeLibraryDirectories=[/data/app/com.google.android.apps.docs.editors.sheets-HTIJKb6HmlKlgrefEQY_zg==/lib/arm64, /data/app/com.google.android.apps.docs.editors.sheets-HTIJKb6HmlKlgrefEQY_zg==/base.apk!/lib/arm64-v8a, /data/app/com.google.android.apps.docs.editors.sheets-HTIJKb6HmlKlgrefEQY_zg==/split_config.arm64_v8a.apk!/lib/arm64-v8a, /data/app/com.google.android.apps.docs.editors.sheets-HTIJKb6HmlKlgrefEQY_zg==/split_config.en.ap
01-08 12:58:25.395 24785 24785 I zygote64: at java.lang.Class dalvik.system.BaseDexClassLoader.findClass(java.lang.String) (BaseDexClassLoader.java:125)
01-08 12:58:25.395 24785 24785 I zygote64: at java.lang.Class java.lang.ClassLoader.loadClass(java.lang.String, boolean) (ClassLoader.java:379)
01-08 12:58:25.395 24785 24785 I zygote64: at java.lang.Class java.lang.ClassLoader.loadClass(java.lang.String) (ClassLoader.java:312)
01-08 12:58:25.395 24785 24785 I zygote64: at void androidx.work.impl.af.b(android.content.Context, com.google.trix.ritz.shared.tables.t) (PG:404)
01-08 12:58:25.395 24785 24785 I zygote64: at void com.google.android.apps.docs.editors.shared.inject.c.onCreate() (PG:1016)
01-08 12:58:25.395 24785 24785 I zygote64: at void android.app.Instrumentation.callApplicationOnCreate(android.app.Application) (Instrumentation.java:1119)
01-08 12:58:25.395 24785 24785 I zygote64: at void android.app.ActivityThread.handleBindApplication(android.app.ActivityThread$AppBindData) (ActivityThread.java:5740)
01-08 12:58:25.395 24785 24785 I zygote64: at void android.app.ActivityThread.-wrap1(android.app.ActivityThread, android.app.ActivityThread$AppBindData) (ActivityThread.java:-1)
01-08 12:58:25.395 24785 24785 I zygote64: at void android.app.ActivityThread$H.handleMessage(android.os.Message) (ActivityThread.java:1656)
01-08 12:58:25.395 24785 24785 I zygote64: at void android.os.Handler.dispatchMessage(android.os.Message) (Handler.java:106)
01-08 12:58:25.395 24785 24785 I zygote64: at void android.os.Looper.loop() (Looper.java:164)
01-08 12:58:25.395 24785 24785 I zygote64: at void android.app.ActivityThread.main(java.lang.String[]) (ActivityThread.java:6494)
01-08 12:58:25.395 24785 24785 I zygote64: at java.lang.Object java.lang.reflect.Method.invoke(java.lang.Object, java.lang.Object[]) (Method.java:-2)
01-08 12:58:25.395 24785 24785 I zygote64: at void com.android.internal.os.RuntimeInit$MethodAndArgsCaller.run() (RuntimeInit.java:438)
01-08 12:58:25.395 24785 24785 I zygote64: at void com.android.internal.os.ZygoteInit.main(java.lang.String[]) (ZygoteInit.java:807)
01-08 12:58:25.395 24785 24785 I zygote64:
01-08 12:58:25.437 13834 21313 E bzhu : Phenotype API error. Event # egkr@5921bf63, EventCode: 5 [CONTEXT service_id=51 ]
01-08 12:58:25.437 13834 21313 E bzhu : bzfw: 29503
01-08 12:58:25.437 13834 21313 E bzhu : at bzir.a(:com.google.android.gms@234914013@23.49.14 (040400-590296185):119)
01-08 12:58:25.437 13834 21313 E bzhu : at bzib.b(:com.google.android.gms@234914013@23.49.14 (040400-590296185):206)
01-08 12:58:25.437 13834 21313 E bzhu : at bzhz.h(:com.google.android.gms@234914013@23.49.14 (040400-590296185):3)
01-08 12:58:25.437 13834 21313 E bzhu : at bzhu.g(:com.google.android.gms@234914013@23.49.14 (040400-590296185):18)
01-08 12:58:25.437 13834 21313 E bzhu : at bzhu.f(:com.google.android.gms@234914013@23.49.14 (040400-590296185):11)
01-08 12:58:25.437 13834 21313 E bzhu : at bgdv.fn(:com.google.android.gms@234914013@23.49.14 (040400-590296185):1)
01-08 12:58:25.437 13834 21313 E bzhu : at bgeg.run(:com.google.android.gms@234914013@23.49.14 (040400-590296185):100)
01-08 12:58:25.437 13834 21313 E bzhu : at ding.run(:com.google.android.gms@234914013@23.49.14 (040400-590296185):13)
01-08 12:58:25.437 13834 21313 E bzhu : at akhl.c(:com.google.android.gms@234914013@23.49.14 (040400-590296185):50)
01-08 12:58:25.437 13834 21313 E bzhu : at akhl.run(:com.google.android.gms@234914013@23.49.14 (040400-590296185):76)
01-08 12:58:25.437 13834 21313 E bzhu : at java.util.concurrent.ThreadPoolExecutor.runWorker(ThreadPoolExecutor.java:1162)
01-08 12:58:25.437 13834 21313 E bzhu : at java.util.concurrent.ThreadPoolExecutor$Worker.run(ThreadPoolExecutor.java:636)
01-08 12:58:25.437 13834 21313 E bzhu : at aknb.run(:com.google.android.gms@234914013@23.49.14 (040400-590296185):8)
01-08 12:58:25.437 13834 21313 E bzhu : at java.lang.Thread.run(Thread.java:764)
01-08 12:58:25.437 13834 13938 E bzhu : Phenotype API error. Event # egkr@fb20392f, EventCode: 5 [CONTEXT service_id=51 ]
01-08 12:58:25.437 13834 13938 E bzhu : bzfw: 29503
01-08 12:58:25.437 13834 13938 E bzhu : at bzir.a(:com.google.android.gms@234914013@23.49.14 (040400-590296185):119)
01-08 12:58:25.437 13834 13938 E bzhu : at bzib.b(:com.google.android.gms@234914013@23.49.14 (040400-590296185):206)
01-08 12:58:25.437 13834 13938 E bzhu : at bzhz.h(:com.google.android.gms@234914013@23.49.14 (040400-590296185):3)
01-08 12:58:25.437 13834 13938 E bzhu : at bzhu.g(:com.google.android.gms@234914013@23.49.14 (040400-590296185):18)
01-08 12:58:25.437 13834 13938 E bzhu : at bzhu.f(:com.google.android.gms@234914013@23.49.14 (040400-590296185):11)
01-08 12:58:25.437 13834 13938 E bzhu : at bgdv.fn(:com.google.android.gms@234914013@23.49.14 (040400-590296185):1)
01-08 12:58:25.437 13834 13938 E bzhu : at bgeg.run(:com.google.android.gms@234914013@23.49.14 (040400-590296185):100)
01-08 12:58:25.437 13834 13938 E bzhu : at ding.run(:com.google.android.gms@234914013@23.49.14 (040400-590296185):13)
01-08 12:58:25.437 13834 13938 E bzhu : at akhl.c(:com.google.android.gms@234914013@23.49.14 (040400-590296185):50)
01-08 12:58:25.437 13834 13938 E bzhu : at akhl.run(:com.google.android.gms@234914013@23.49.14 (040400-590296185):97)
01-08 12:58:25.437 13834 13938 E bzhu : at java.util.concurrent.ThreadPoolExecutor.runWorker(ThreadPoolExecutor.java:1162)
01-08 12:58:25.437 13834 13938 E bzhu : at java.util.concurrent.ThreadPoolExecutor$Worker.run(ThreadPoolExecutor.java:636)
01-08 12:58:25.437 13834 13938 E bzhu : at aknb.run(:com.google.android.gms@234914013@23.49.14 (040400-590296185):8)
01-08 12:58:25.437 13834 13938 E bzhu : at java.lang.Thread.run(Thread.java:764)
01-08 12:58:25.452 13834 21313 W AsyncOperation: operation=CommitToConfigurationOperationCall, opStatusCode=29503 [CONTEXT service_id=51 ]
01-08 12:58:25.452 13834 21313 W AsyncOperation: OperationException[Status{statusCode=unknown status code: 29503, resolution=null}]
01-08 12:58:25.452 13834 21313 W AsyncOperation: at bzhu.g(:com.google.android.gms@234914013@23.49.14 (040400-590296185):48)
01-08 12:58:25.452 13834 21313 W AsyncOperation: at bzhu.f(:com.google.android.gms@234914013@23.49.14 (040400-590296185):11)
01-08 12:58:25.452 13834 21313 W AsyncOperation: at bgdv.fn(:com.google.android.gms@234914013@23.49.14 (040400-590296185):1)
01-08 12:58:25.452 13834 21313 W AsyncOperation: at bgeg.run(:com.google.android.gms@234914013@23.49.14 (040400-590296185):100)
01-08 12:58:25.452 13834 21313 W AsyncOperation: at ding.run(:com.google.android.gms@234914013@23.49.14 (040400-590296185):13)
01-08 12:58:25.452 13834 21313 W AsyncOperation: at akhl.c(:com.google.android.gms@234914013@23.49.14 (040400-590296185):50)
01-08 12:58:25.452 13834 21313 W AsyncOperation: at akhl.run(:com.google.android.gms@234914013@23.49.14 (040400-590296185):76)
01-08 12:58:25.452 13834 21313 W AsyncOperation: at java.util.concurrent.ThreadPoolExecutor.runWorker(ThreadPoolExecutor.java:1162)
01-08 12:58:25.452 13834 21313 W AsyncOperation: at java.util.concurrent.ThreadPoolExecutor$Worker.run(ThreadPoolExecutor.java:636)
01-08 12:58:25.452 13834 21313 W AsyncOperation: at aknb.run(:com.google.android.gms@234914013@23.49.14 (040400-590296185):8)
01-08 12:58:25.452 13834 21313 W AsyncOperation: at java.lang.Thread.run(Thread.java:764)
01-08 12:58:25.452 13834 13938 W AsyncOperation: operation=CommitToConfigurationOperationCall, opStatusCode=29503 [CONTEXT service_id=51 ]
01-08 12:58:25.452 13834 13938 W AsyncOperation: OperationException[Status{statusCode=unknown status code: 29503, resolution=null}]
01-08 12:58:25.452 13834 13938 W AsyncOperation: at bzhu.g(:com.google.android.gms@234914013@23.49.14 (040400-590296185):48)
01-08 12:58:25.452 13834 13938 W AsyncOperation: at bzhu.f(:com.google.android.gms@234914013@23.49.14 (040400-590296185):11)
01-08 12:58:25.452 13834 13938 W AsyncOperation: at bgdv.fn(:com.google.android.gms@234914013@23.49.14 (040400-590296185):1)
01-08 12:58:25.452 13834 13938 W AsyncOperation: at bgeg.run(:com.google.android.gms@234914013@23.49.14 (040400-590296185):100)
01-08 12:58:25.452 13834 13938 W AsyncOperation: at ding.run(:com.google.android.gms@234914013@23.49.14 (040400-590296185):13)
01-08 12:58:25.452 13834 13938 W AsyncOperation: at akhl.c(:com.google.android.gms@234914013@23.49.14 (040400-590296185):50)
01-08 12:58:25.452 13834 13938 W AsyncOperation: at akhl.run(:com.google.android.gms@234914013@23.49.14 (040400-590296185):97)
01-08 12:58:25.452 13834 13938 W AsyncOperation: at java.util.concurrent.ThreadPoolExecutor.runWorker(ThreadPoolExecutor.java:1162)
01-08 12:58:25.452 13834 13938 W AsyncOperation: at java.util.concurrent.ThreadPoolExecutor$Worker.run(ThreadPoolExecutor.java:636)
01-08 12:58:25.452 13834 13938 W AsyncOperation: at aknb.run(:com.google.android.gms@234914013@23.49.14 (040400-590296185):8)
01-08 12:58:25.452 13834 13938 W AsyncOperation: at java.lang.Thread.run(Thread.java:764)
01-08 12:58:25.455 13834 21313 E bzhu : Phenotype API error. Event # egkr@da3ee3be, EventCode: 5 [CONTEXT service_id=51 ]
01-08 12:58:25.455 13834 21313 E bzhu : bzfw: 29503
01-08 12:58:25.455 13834 21313 E bzhu : at bzir.a(:com.google.android.gms@234914013@23.49.14 (040400-590296185):119)
01-08 12:58:25.455 13834 21313 E bzhu : at bzib.b(:com.google.android.gms@234914013@23.49.14 (040400-590296185):206)
01-08 12:58:25.455 13834 21313 E bzhu : at bzhz.h(:com.google.android.gms@234914013@23.49.14 (040400-590296185):3)
01-08 12:58:25.455 13834 21313 E bzhu : at bzhu.g(:com.google.android.gms@234914013@23.49.14 (040400-590296185):18)
01-08 12:58:25.455 13834 21313 E bzhu : at bzhu.f(:com.google.android.gms@234914013@23.49.14 (040400-590296185):11)
01-08 12:58:25.455 13834 21313 E bzhu : at bgdv.fn(:com.google.android.gms@234914013@23.49.14 (040400-590296185):1)
01-08 12:58:25.455 13834 21313 E bzhu : at bgeg.run(:com.google.android.gms@234914013@23.49.14 (040400-590296185):100)
01-08 12:58:25.455 13834 21313 E bzhu : at ding.run(:com.google.android.gms@234914013@23.49.14 (040400-590296185):13)
01-08 12:58:25.455 13834 21313 E bzhu : at akhl.c(:com.google.android.gms@234914013@23.49.14 (040400-590296185):50)
01-08 12:58:25.455 13834 21313 E bzhu : at akhl.run(:com.google.android.gms@234914013@23.49.14 (040400-590296185):97)
01-08 12:58:25.455 13834 21313 E bzhu : at java.util.concurrent.ThreadPoolExecutor.runWorker(ThreadPoolExecutor.java:1162)
01-08 12:58:25.455 13834 21313 E bzhu : at java.util.concurrent.ThreadPoolExecutor$Worker.run(ThreadPoolExecutor.java:636)
01-08 12:58:25.455 13834 21313 E bzhu : at aknb.run(:com.google.android.gms@234914013@23.49.14 (040400-590296185):8)
01-08 12:58:25.455 13834 21313 E bzhu : at java.lang.Thread.run(Thread.java:764)
01-08 12:58:25.456 24752 25025 W zygote64: Unsupported class loader
01-08 12:58:25.456 13834 21313 W AsyncOperation: operation=CommitToConfigurationOperationCall, opStatusCode=29503 [CONTEXT service_id=51 ]
01-08 12:58:25.456 13834 21313 W AsyncOperation: OperationException[Status{statusCode=unknown status code: 29503, resolution=null}]
01-08 12:58:25.456 13834 21313 W AsyncOperation: at bzhu.g(:com.google.android.gms@234914013@23.49.14 (040400-590296185):48)
01-08 12:58:25.456 13834 21313 W AsyncOperation: at bzhu.f(:com.google.android.gms@234914013@23.49.14 (040400-590296185):11)
01-08 12:58:25.456 13834 21313 W AsyncOperation: at bgdv.fn(:com.google.android.gms@234914013@23.49.14 (040400-590296185):1)
01-08 12:58:25.456 13834 21313 W AsyncOperation: at bgeg.run(:com.google.android.gms@234914013@23.49.14 (040400-590296185):100)
01-08 12:58:25.456 13834 21313 W AsyncOperation: at ding.run(:com.google.android.gms@234914013@23.49.14 (040400-590296185):13)
01-08 12:58:25.456 13834 21313 W AsyncOperation: at akhl.c(:com.google.android.gms@234914013@23.49.14 (040400-590296185):50)
01-08 12:58:25.456 13834 21313 W AsyncOperation: at akhl.run(:com.google.android.gms@234914013@23.49.14 (040400-590296185):97)
01-08 12:58:25.456 13834 21313 W AsyncOperation: at java.util.concurrent.ThreadPoolExecutor.runWorker(ThreadPoolExecutor.java:1162)
01-08 12:58:25.456 13834 21313 W AsyncOperation: at java.util.concurrent.ThreadPoolExecutor$Worker.run(ThreadPoolExecutor.java:636)
01-08 12:58:25.456 13834 21313 W AsyncOperation: at aknb.run(:com.google.android.gms@234914013@23.49.14 (040400-590296185):8)
01-08 12:58:25.456 13834 21313 W AsyncOperation: at java.lang.Thread.run(Thread.java:764)
01-08 12:58:25.458 24752 24972 I org.webrtc.Logging: CrashStartupListener: Checking conference crashes for 1 account(s).
01-08 12:58:25.463 13834 13938 E bzhu : Phenotype API error. Event # egkr@291fa1, EventCode: 5 [CONTEXT service_id=51 ]
01-08 12:58:25.463 13834 13938 E bzhu : bzfw: 29503
01-08 12:58:25.463 13834 13938 E bzhu : at bzir.a(:com.google.android.gms@234914013@23.49.14 (040400-590296185):119)
01-08 12:58:25.463 13834 13938 E bzhu : at bzib.b(:com.google.android.gms@234914013@23.49.14 (040400-590296185):206)
01-08 12:58:25.463 13834 13938 E bzhu : at bzhz.h(:com.google.android.gms@234914013@23.49.14 (040400-590296185):3)
01-08 12:58:25.463 13834 13938 E bzhu : at bzhu.g(:com.google.android.gms@234914013@23.49.14 (040400-590296185):18)
01-08 12:58:25.463 13834 13938 E bzhu : at bzhu.f(:com.google.android.gms@234914013@23.49.14 (040400-590296185):11)
01-08 12:58:25.463 13834 13938 E bzhu : at bgdv.fn(:com.google.android.gms@234914013@23.49.14 (040400-590296185):1)
01-08 12:58:25.463 13834 13938 E bzhu : at bgeg.run(:com.google.android.gms@234914013@23.49.14 (040400-590296185):100)
01-08 12:58:25.463 13834 13938 E bzhu : at ding.run(:com.google.android.gms@234914013@23.49.14 (040400-590296185):13)
01-08 12:58:25.463 13834 13938 E bzhu : at akhl.c(:com.google.android.gms@234914013@23.49.14 (040400-590296185):50)
01-08 12:58:25.463 13834 13938 E bzhu : at akhl.run(:com.google.android.gms@234914013@23.49.14 (040400-590296185):97)
01-08 12:58:25.463 13834 13938 E bzhu : at java.util.concurrent.ThreadPoolExecutor.runWorker(ThreadPoolExecutor.java:1162)
01-08 12:58:25.463 13834 13938 E bzhu : at java.util.concurrent.ThreadPoolExecutor$Worker.run(ThreadPoolExecutor.java:636)
01-08 12:58:25.463 13834 13938 E bzhu : at aknb.run(:com.google.android.gms@234914013@23.49.14 (040400-590296185):8)
01-08 12:58:25.463 13834 13938 E bzhu : at java.lang.Thread.run(Thread.java:764)
01-08 12:58:25.463 13834 13938 W AsyncOperation: operation=CommitToConfigurationOperationCall, opStatusCode=29503 [CONTEXT service_id=51 ]
01-08 12:58:25.463 13834 13938 W AsyncOperation: OperationException[Status{statusCode=unknown status code: 29503, resolution=null}]
01-08 12:58:25.463 13834 13938 W AsyncOperation: at bzhu.g(:com.google.android.gms@234914013@23.49.14 (040400-590296185):48)
01-08 12:58:25.463 13834 13938 W AsyncOperation: at bzhu.f(:com.google.android.gms@234914013@23.49.14 (040400-590296185):11)
01-08 12:58:25.463 13834 13938 W AsyncOperation: at bgdv.fn(:com.google.android.gms@234914013@23.49.14 (040400-590296185):1)
01-08 12:58:25.463 13834 13938 W AsyncOperation: at bgeg.run(:com.google.android.gms@234914013@23.49.14 (040400-590296185):100)
01-08 12:58:25.463 13834 13938 W AsyncOperation: at ding.run(:com.google.android.gms@234914013@23.49.14 (040400-590296185):13)
01-08 12:58:25.463 13834 13938 W AsyncOperation: at akhl.c(:com.google.android.gms@234914013@23.49.14 (040400-590296185):50)
01-08 12:58:25.463 13834 13938 W AsyncOperation: at akhl.run(:com.google.android.gms@234914013@23.49.14 (040400-590296185):97)
01-08 12:58:25.463 13834 13938 W AsyncOperation: at java.util.concurrent.ThreadPoolExecutor.runWorker(ThreadPoolExecutor.java:1162)
01-08 12:58:25.463 13834 13938 W AsyncOperation: at java.util.concurrent.ThreadPoolExecutor$Worker.run(ThreadPoolExecutor.java:636)
01-08 12:58:25.463 13834 13938 W AsyncOperation: at aknb.run(:com.google.android.gms@234914013@23.49.14 (040400-590296185):8)
01-08 12:58:25.463 13834 13938 W AsyncOperation: at java.lang.Thread.run(Thread.java:764)
01-08 12:58:25.484 24785 24959 W ResourceType: For resource 0x7f15056d, entry index(1389) is beyond type entryCount(380)
01-08 12:58:25.484 24785 24959 W ResourceType: For resource 0x7f1505e2, entry index(1506) is beyond type entryCount(380)
01-08 12:58:25.484 24785 24959 W ResourceType: For resource 0x7f15051c, entry index(1308) is beyond type entryCount(380)
01-08 12:58:25.490 24752 25025 W zygote64: Skipping duplicate class check due to unsupported classloader
01-08 12:58:25.505 13834 21313 E bzhu : Phenotype API error. Event # egkr@e6883f97, EventCode: 5 [CONTEXT service_id=51 ]
01-08 12:58:25.505 13834 21313 E bzhu : bzfw: 29503
01-08 12:58:25.505 13834 21313 E bzhu : at bzir.a(:com.google.android.gms@234914013@23.49.14 (040400-590296185):119)
01-08 12:58:25.505 13834 21313 E bzhu : at bzib.b(:com.google.android.gms@234914013@23.49.14 (040400-590296185):206)
01-08 12:58:25.505 13834 21313 E bzhu : at bzhz.h(:com.google.android.gms@234914013@23.49.14 (040400-590296185):3)
01-08 12:58:25.505 13834 21313 E bzhu : at bzhu.g(:com.google.android.gms@234914013@23.49.14 (040400-590296185):18)
01-08 12:58:25.505 13834 21313 E bzhu : at bzhu.f(:com.google.android.gms@234914013@23.49.14 (040400-590296185):11)
01-08 12:58:25.505 13834 21313 E bzhu : at bgdv.fn(:com.google.android.gms@234914013@23.49.14 (040400-590296185):1)
01-08 12:58:25.505 13834 21313 E bzhu : at bgeg.run(:com.google.android.gms@234914013@23.49.14 (040400-590296185):100)
01-08 12:58:25.505 13834 21313 E bzhu : at ding.run(:com.google.android.gms@234914013@23.49.14 (040400-590296185):13)
01-08 12:58:25.505 13834 21313 E bzhu : at akhl.c(:com.google.android.gms@234914013@23.49.14 (040400-590296185):50)
01-08 12:58:25.505 13834 21313 E bzhu : at akhl.run(:com.google.android.gms@234914013@23.49.14 (040400-590296185):97)
01-08 12:58:25.505 13834 21313 E bzhu : at java.util.concurrent.ThreadPoolExecutor.runWorker(ThreadPoolExecutor.java:1162)
01-08 12:58:25.505 13834 21313 E bzhu : at java.util.concurrent.ThreadPoolExecutor$Worker.run(ThreadPoolExecutor.java:636)
01-08 12:58:25.505 13834 21313 E bzhu : at aknb.run(:com.google.android.gms@234914013@23.49.14 (040400-590296185):8)
01-08 12:58:25.505 13834 21313 E bzhu : at java.lang.Thread.run(Thread.java:764)
01-08 12:58:25.505 13834 13938 E bzhu : Phenotype API error. Event # egkr@a7944a47, EventCode: 5 [CONTEXT service_id=51 ]
01-08 12:58:25.505 13834 13938 E bzhu : bzfw: 29503
01-08 12:58:25.505 13834 13938 E bzhu : at bzir.a(:com.google.android.gms@234914013@23.49.14 (040400-590296185):119)
01-08 12:58:25.505 13834 13938 E bzhu : at bzib.b(:com.google.android.gms@234914013@23.49.14 (040400-590296185):206)
01-08 12:58:25.505 13834 13938 E bzhu : at bzhz.h(:com.google.android.gms@234914013@23.49.14 (040400-590296185):3)
01-08 12:58:25.505 13834 13938 E bzhu : at bzhu.g(:com.google.android.gms@234914013@23.49.14 (040400-590296185):18)
01-08 12:58:25.505 13834 13938 E bzhu : at bzhu.f(:com.google.android.gms@234914013@23.49.14 (040400-590296185):11)
01-08 12:58:25.505 13834 13938 E bzhu : at bgdv.fn(:com.google.android.gms@234914013@23.49.14 (040400-590296185):1)
01-08 12:58:25.505 13834 13938 E bzhu : at bgeg.run(:com.google.android.gms@234914013@23.49.14 (040400-590296185):100)
01-08 12:58:25.505 13834 13938 E bzhu : at ding.run(:com.google.android.gms@234914013@23.49.14 (040400-590296185):13)
01-08 12:58:25.505 13834 13938 E bzhu : at akhl.c(:com.google.android.gms@234914013@23.49.14 (040400-590296185):50)
01-08 12:58:25.505 13834 13938 E bzhu : at akhl.run(:com.google.android.gms@234914013@23.49.14 (040400-590296185):97)
01-08 12:58:25.505 13834 13938 E bzhu : at java.util.concurrent.ThreadPoolExecutor.runWorker(ThreadPoolExecutor.java:1162)
01-08 12:58:25.505 13834 13938 E bzhu : at java.util.concurrent.ThreadPoolExecutor$Worker.run(ThreadPoolExecutor.java:636)
01-08 12:58:25.505 13834 13938 E bzhu : at aknb.run(:com.google.android.gms@234914013@23.49.14 (040400-590296185):8)
01-08 12:58:25.505 13834 13938 E bzhu : at java.lang.Thread.run(Thread.java:764)
01-08 12:58:25.506 13834 13938 W AsyncOperation: operation=CommitToConfigurationOperationCall, opStatusCode=29503 [CONTEXT service_id=51 ]
01-08 12:58:25.506 13834 13938 W AsyncOperation: OperationException[Status{statusCode=unknown status code: 29503, resolution=null}]
01-08 12:58:25.506 13834 13938 W AsyncOperation: at bzhu.g(:com.google.android.gms@234914013@23.49.14 (040400-590296185):48)
01-08 12:58:25.506 13834 13938 W AsyncOperation: at bzhu.f(:com.google.android.gms@234914013@23.49.14 (040400-590296185):11)
01-08 12:58:25.506 13834 13938 W AsyncOperation: at bgdv.fn(:com.google.android.gms@234914013@23.49.14 (040400-590296185):1)
01-08 12:58:25.506 13834 13938 W AsyncOperation: at bgeg.run(:com.google.android.gms@234914013@23.49.14 (040400-590296185):100)
01-08 12:58:25.506 13834 13938 W AsyncOperation: at ding.run(:com.google.android.gms@234914013@23.49.14 (040400-590296185):13)
01-08 12:58:25.506 13834 13938 W AsyncOperation: at akhl.c(:com.google.android.gms@234914013@23.49.14 (040400-590296185):50)
01-08 12:58:25.506 13834 13938 W AsyncOperation: at akhl.run(:com.google.android.gms@234914013@23.49.14 (040400-590296185):97)
01-08 12:58:25.506 13834 13938 W AsyncOperation: at java.util.concurrent.ThreadPoolExecutor.runWorker(ThreadPoolExecutor.java:1162)
01-08 12:58:25.506 13834 13938 W AsyncOperation: at java.util.concurrent.ThreadPoolExecutor$Worker.run(ThreadPoolExecutor.java:636)
01-08 12:58:25.506 13834 13938 W AsyncOperation: at aknb.run(:com.google.android.gms@234914013@23.49.14 (040400-590296185):8)
01-08 12:58:25.506 13834 13938 W AsyncOperation: at java.lang.Thread.run(Thread.java:764)
01-08 12:58:25.507 13834 21313 W AsyncOperation: operation=CommitToConfigurationOperationCall, opStatusCode=29503 [CONTEXT service_id=51 ]
01-08 12:58:25.507 13834 21313 W AsyncOperation: OperationException[Status{statusCode=unknown status code: 29503, resolution=null}]
01-08 12:58:25.507 13834 21313 W AsyncOperation: at bzhu.g(:com.google.android.gms@234914013@23.49.14 (040400-590296185):48)
01-08 12:58:25.507 13834 21313 W AsyncOperation: at bzhu.f(:com.google.android.gms@234914013@23.49.14 (040400-590296185):11)
01-08 12:58:25.507 13834 21313 W AsyncOperation: at bgdv.fn(:com.google.android.gms@234914013@23.49.14 (040400-590296185):1)
01-08 12:58:25.507 13834 21313 W AsyncOperation: at bgeg.run(:com.google.android.gms@234914013@23.49.14 (040400-590296185):100)
01-08 12:58:25.507 13834 21313 W AsyncOperation: at ding.run(:com.google.android.gms@234914013@23.49.14 (040400-590296185):13)
01-08 12:58:25.507 13834 21313 W AsyncOperation: at akhl.c(:com.google.android.gms@234914013@23.49.14 (040400-590296185):50)
01-08 12:58:25.507 13834 21313 W AsyncOperation: at akhl.run(:com.google.android.gms@234914013@23.49.14 (040400-590296185):97)
01-08 12:58:25.507 13834 21313 W AsyncOperation: at java.util.concurrent.ThreadPoolExecutor.runWorker(ThreadPoolExecutor.java:1162)
01-08 12:58:25.507 13834 21313 W AsyncOperation: at java.util.concurrent.ThreadPoolExecutor$Worker.run(ThreadPoolExecutor.java:636)
01-08 12:58:25.507 13834 21313 W AsyncOperation: at aknb.run(:com.google.android.gms@234914013@23.49.14 (040400-590296185):8)
01-08 12:58:25.507 13834 21313 W AsyncOperation: at java.lang.Thread.run(Thread.java:764)
01-08 12:58:25.507 13834 13938 E bzhu : Phenotype API error. Event # egkr@4fcd65e1, EventCode: 5 [CONTEXT service_id=51 ]
01-08 12:58:25.507 13834 13938 E bzhu : bzfw: 29503
01-08 12:58:25.507 13834 13938 E bzhu : at bzir.a(:com.google.android.gms@234914013@23.49.14 (040400-590296185):119)
01-08 12:58:25.507 13834 13938 E bzhu : at bzib.b(:com.google.android.gms@234914013@23.49.14 (040400-590296185):206)
01-08 12:58:25.507 13834 13938 E bzhu : at bzhz.h(:com.google.android.gms@234914013@23.49.14 (040400-590296185):3)
01-08 12:58:25.507 13834 13938 E bzhu : at bzhu.g(:com.google.android.gms@234914013@23.49.14 (040400-590296185):18)
01-08 12:58:25.507 13834 13938 E bzhu : at bzhu.f(:com.google.android.gms@234914013@23.49.14 (040400-590296185):11)
01-08 12:58:25.507 13834 13938 E bzhu : at bgdv.fn(:com.google.android.gms@234914013@23.49.14 (040400-590296185):1)
01-08 12:58:25.507 13834 13938 E bzhu : at bgeg.run(:com.google.android.gms@234914013@23.49.14 (040400-590296185):100)
01-08 12:58:25.507 13834 13938 E bzhu : at ding.run(:com.google.android.gms@234914013@23.49.14 (040400-590296185):13)
01-08 12:58:25.507 13834 13938 E bzhu : at akhl.c(:com.google.android.gms@234914013@23.49.14 (040400-590296185):50)
01-08 12:58:25.507 13834 13938 E bzhu : at akhl.run(:com.google.android.gms@234914013@23.49.14 (040400-590296185):97)
01-08 12:58:25.507 13834 13938 E bzhu : at java.util.concurrent.ThreadPoolExecutor.runWorker(ThreadPoolExecutor.java:1162)
01-08 12:58:25.507 13834 13938 E bzhu : at java.util.concurrent.ThreadPoolExecutor$Worker.run(ThreadPoolExecutor.java:636)
01-08 12:58:25.507 13834 13938 E bzhu : at aknb.run(:com.google.android.gms@234914013@23.49.14 (040400-590296185):8)
01-08 12:58:25.507 13834 13938 E bzhu : at java.lang.Thread.run(Thread.java:764)
01-08 12:58:25.507 13834 13938 W AsyncOperation: operation=CommitToConfigurationOperationCall, opStatusCode=29503 [CONTEXT service_id=51 ]
01-08 12:58:25.507 13834 13938 W AsyncOperation: OperationException[Status{statusCode=unknown status code: 29503, resolution=null}]
01-08 12:58:25.507 13834 13938 W AsyncOperation: at bzhu.g(:com.google.android.gms@234914013@23.49.14 (040400-590296185):48)
01-08 12:58:25.507 13834 13938 W AsyncOperation: at bzhu.f(:com.google.android.gms@234914013@23.49.14 (040400-590296185):11)
01-08 12:58:25.507 13834 13938 W AsyncOperation: at bgdv.fn(:com.google.android.gms@234914013@23.49.14 (040400-590296185):1)
01-08 12:58:25.507 13834 13938 W AsyncOperation: at bgeg.run(:com.google.android.gms@234914013@23.49.14 (040400-590296185):100)
01-08 12:58:25.507 13834 13938 W AsyncOperation: at ding.run(:com.google.android.gms@234914013@23.49.14 (040400-590296185):13)
01-08 12:58:25.507 13834 13938 W AsyncOperation: at akhl.c(:com.google.android.gms@234914013@23.49.14 (040400-590296185):50)
01-08 12:58:25.507 13834 13938 W AsyncOperation: at akhl.run(:com.google.android.gms@234914013@23.49.14 (040400-590296185):97)
01-08 12:58:25.507 13834 13938 W AsyncOperation: at java.util.concurrent.ThreadPoolExecutor.runWorker(ThreadPoolExecutor.java:1162)
01-08 12:58:25.507 13834 13938 W AsyncOperation: at java.util.concurrent.ThreadPoolExecutor$Worker.run(ThreadPoolExecutor.java:636)
01-08 12:58:25.507 13834 13938 W AsyncOperation: at aknb.run(:com.google.android.gms@234914013@23.49.14 (040400-590296185):8)
01-08 12:58:25.507 13834 13938 W AsyncOperation: at java.lang.Thread.run(Thread.java:764)
01-08 12:58:25.509 13834 21313 E bzhu : Phenotype API error. Event # egkr@ac9d30b9, EventCode: 5 [CONTEXT service_id=51 ]
01-08 12:58:25.509 13834 21313 E bzhu : bzfw: 29503
01-08 12:58:25.509 13834 21313 E bzhu : at bzir.a(:com.google.android.gms@234914013@23.49.14 (040400-590296185):119)
01-08 12:58:25.509 13834 21313 E bzhu : at bzib.b(:com.google.android.gms@234914013@23.49.14 (040400-590296185):206)
01-08 12:58:25.509 13834 21313 E bzhu : at bzhz.h(:com.google.android.gms@234914013@23.49.14 (040400-590296185):3)
01-08 12:58:25.509 13834 21313 E bzhu : at bzhu.g(:com.google.android.gms@234914013@23.49.14 (040400-590296185):18)
01-08 12:58:25.509 13834 21313 E bzhu : at bzhu.f(:com.google.android.gms@234914013@23.49.14 (040400-590296185):11)
01-08 12:58:25.509 13834 21313 E bzhu : at bgdv.fn(:com.google.android.gms@234914013@23.49.14 (040400-590296185):1)
01-08 12:58:25.509 13834 21313 E bzhu : at bgeg.run(:com.google.android.gms@234914013@23.49.14 (040400-590296185):100)
01-08 12:58:25.509 13834 21313 E bzhu : at ding.run(:com.google.android.gms@234914013@23.49.14 (040400-590296185):13)
01-08 12:58:25.509 13834 21313 E bzhu : at akhl.c(:com.google.android.gms@234914013@23.49.14 (040400-590296185):50)
01-08 12:58:25.509 13834 21313 E bzhu : at akhl.run(:com.google.android.gms@234914013@23.49.14 (040400-590296185):97)
01-08 12:58:25.509 13834 21313 E bzhu : at java.util.concurrent.ThreadPoolExecutor.runWorker(ThreadPoolExecutor.java:1162)
01-08 12:58:25.509 13834 21313 E bzhu : at java.util.concurrent.ThreadPoolExecutor$Worker.run(ThreadPoolExecutor.java:636)
01-08 12:58:25.509 13834 21313 E bzhu : at aknb.run(:com.google.android.gms@234914013@23.49.14 (040400-590296185):8)
01-08 12:58:25.509 13834 21313 E bzhu : at java.lang.Thread.run(Thread.java:764)
01-08 12:58:25.510 13834 21313 W AsyncOperation: operation=CommitToConfigurationOperationCall, opStatusCode=29503 [CONTEXT service_id=51 ]
01-08 12:58:25.510 13834 21313 W AsyncOperation: OperationException[Status{statusCode=unknown status code: 29503, resolution=null}]
01-08 12:58:25.510 13834 21313 W AsyncOperation: at bzhu.g(:com.google.android.gms@234914013@23.49.14 (040400-590296185):48)
01-08 12:58:25.510 13834 21313 W AsyncOperation: at bzhu.f(:com.google.android.gms@234914013@23.49.14 (040400-590296185):11)
01-08 12:58:25.510 13834 21313 W AsyncOperation: at bgdv.fn(:com.google.android.gms@234914013@23.49.14 (040400-590296185):1)
01-08 12:58:25.510 13834 21313 W AsyncOperation: at bgeg.run(:com.google.android.gms@234914013@23.49.14 (040400-590296185):100)
01-08 12:58:25.510 13834 21313 W AsyncOperation: at ding.run(:com.google.android.gms@234914013@23.49.14 (040400-590296185):13)
01-08 12:58:25.510 13834 21313 W AsyncOperation: at akhl.c(:com.google.android.gms@234914013@23.49.14 (040400-590296185):50)
01-08 12:58:25.510 13834 21313 W AsyncOperation: at akhl.run(:com.google.android.gms@234914013@23.49.14 (040400-590296185):97)
01-08 12:58:25.510 13834 21313 W AsyncOperation: at java.util.concurrent.ThreadPoolExecutor.runWorker(ThreadPoolExecutor.java:1162)
01-08 12:58:25.510 13834 21313 W AsyncOperation: at java.util.concurrent.ThreadPoolExecutor$Worker.run(ThreadPoolExecutor.java:636)
01-08 12:58:25.510 13834 21313 W AsyncOperation: at aknb.run(:com.google.android.gms@234914013@23.49.14 (040400-590296185):8)
01-08 12:58:25.510 13834 21313 W AsyncOperation: at java.lang.Thread.run(Thread.java:764)
01-08 12:58:25.562 13834 24163 E GmsConnectionFactory: UID for network attribution might be misset for tag 805307399 [CONTEXT service_id=39 ]
01-08 12:58:25.562 13834 24163 E GmsConnectionFactory: dlds: FULL
01-08 12:58:25.562 13834 24163 E GmsConnectionFactory: at a.N(:com.google.android.gms@234914013@23.49.14 (040400-590296185):9)
01-08 12:58:25.562 13834 24163 E GmsConnectionFactory: at awfn.a(:com.google.android.gms@234914013@23.49.14 (040400-590296185):148)
01-08 12:58:25.562 13834 24163 E GmsConnectionFactory: at azgh.c(:com.google.android.gms@234914013@23.49.14 (040400-590296185):119)
01-08 12:58:25.562 13834 24163 E GmsConnectionFactory: at azfy.d(:com.google.android.gms@234914013@23.49.14 (040400-590296185):11)
01-08 12:58:25.562 13834 24163 E GmsConnectionFactory: at azgd.a(:com.google.android.gms@234914013@23.49.14 (040400-590296185):4)
01-08 12:58:25.562 13834 24163 E GmsConnectionFactory: at azfy.b(:com.google.android.gms@234914013@23.49.14 (040400-590296185):86)
01-08 12:58:25.562 13834 24163 E GmsConnectionFactory: at azfy.execute(:com.google.android.gms@234914013@23.49.14 (040400-590296185):8)
01-08 12:58:25.562 13834 24163 E GmsConnectionFactory: at azfy.execute(:com.google.android.gms@234914013@23.49.14 (040400-590296185):5)
01-08 12:58:25.562 13834 24163 E GmsConnectionFactory: at axkq.h(:com.google.android.gms@234914013@23.49.14 (040400-590296185):522)
01-08 12:58:25.562 13834 24163 E GmsConnectionFactory: at axkk.run(:com.google.android.gms@234914013@23.49.14 (040400-590296185):13)
01-08 12:58:25.562 13834 24163 E GmsConnectionFactory: at akhl.c(:com.google.android.gms@234914013@23.49.14 (040400-590296185):50)
01-08 12:58:25.562 13834 24163 E GmsConnectionFactory: at akhl.run(:com.google.android.gms@234914013@23.49.14 (040400-590296185):76)
01-08 12:58:25.562 13834 24163 E GmsConnectionFactory: at java.util.concurrent.ThreadPoolExecutor.runWorker(ThreadPoolExecutor.java:1162)
01-08 12:58:25.562 13834 24163 E GmsConnectionFactory: at java.util.concurrent.ThreadPoolExecutor$Worker.run(ThreadPoolExecutor.java:636)
01-08 12:58:25.562 13834 24163 E GmsConnectionFactory: at aknb.run(:com.google.android.gms@234914013@23.49.14 (040400-590296185):8)
01-08 12:58:25.562 13834 24163 E GmsConnectionFactory: at java.lang.Thread.run(Thread.java:764)
01-08 12:58:25.652 13834 24163 W Conscrypt: Could not set socket write timeout: java.net.SocketException: Socket closed
01-08 12:58:25.652 13834 24163 W Conscrypt: at com.google.android.gms.org.conscrypt.Platform.setSocketWriteTimeout(:com.google.android.gms@234914013@23.49.14 (040400-590296185):226)
01-08 12:58:25.652 13834 24163 W Conscrypt: at com.google.android.gms.org.conscrypt.ConscryptFileDescriptorSocket.setSoWriteTimeout(:com.google.android.gms@234914013@23.49.14 (040400-590296185):4)
01-08 12:58:25.663 13834 13846 I FontLog : (REDACTED) Received query %s, URI %s
01-08 12:58:25.663 13834 13846 I FontLog : (REDACTED) Query [%s] resolved to %s
01-08 12:58:25.664 13834 13846 I FontLog : (REDACTED) Font PFD returned from cache for %s
01-08 12:58:25.664 13834 13846 I FontLog : (REDACTED) Fetch %s end status %s
01-08 12:58:25.686 20640 20640 I Finsky : [2] aayi.onStartJob(128): SCH: job service start with id 9597.
01-08 12:58:25.689 24770 24895 W ResourceType: For resource 0x7f15054c, entry index(1356) is beyond type entryCount(381)
01-08 12:58:25.689 24770 24895 W ResourceType: For resource 0x7f1505cc, entry index(1484) is beyond type entryCount(381)
01-08 12:58:25.689 24770 24895 W ResourceType: For resource 0x7f1504f4, entry index(1268) is beyond type entryCount(381)
01-08 12:58:25.714 13834 24163 W Conscrypt: Could not set socket write timeout: java.net.SocketException: Socket closed
01-08 12:58:25.714 13834 24163 W Conscrypt: at com.google.android.gms.org.conscrypt.Platform.setSocketWriteTimeout(:com.google.android.gms@234914013@23.49.14 (040400-590296185):226)
01-08 12:58:25.714 13834 24163 W Conscrypt: at com.google.android.gms.org.conscrypt.ConscryptFileDescriptorSocket.setSoWriteTimeout(:com.google.android.gms@234914013@23.49.14 (040400-590296185):4)
01-08 12:58:25.721 24770 24783 W ejd : (Possibly expected) - Error changing state for [com.google.android.apps.docs.common.storagebackend.StorageBackendContentProvider, com.google.android.apps.docs.drive.directsharing.ChooserTargetService, com.google.android.apps.docs.common.shareitem.UploadMenuActivity, com.google.android.apps.viewer.PdfViewerActivity, com.google.android.apps.viewer.ProjectorActivity, com.google.android.apps.docs.drive.filepicker.GetMetadataActivity, com.google.android.apps.docs.drive.capture.DocScannerActivity, com.google.android.apps.docs.shortcut.ScanToDriveActivity, com.google.android.apps.docs.androidshortcuts.ScanToDriveActivity, com.google.android.apps.docs.androidshortcuts.CreateShortcutActivity, com.google.android.apps.docs.androidshortcuts.CreateDocumentScanShortcutActivity, com.google.android.apps.docs.common.androidshortcuts.ScanToDriveActivity, com.google.android.apps.docs.common.androidshortcuts.CreateShortcutActivity, com.google.android.apps.docs.common.androidshortcuts.CreateDocumentScanShortcutActivity, com.google.android.apps.docs.drive.widget.WidgetConfigureActivity, com.google.android.apps.docs.drive.widget.CakemixAppWidgetProvider, com.google.android.apps.docs.editors.ritz.conversion.RitzOnlineImportActivity, com.google.android.apps.docs.editors.punch.conversion.PunchOnlineImportActivity]
01-08 12:58:25.756 24752 25025 W ResourceType: ResTable_typeSpec entry count inconsistent: given 84, previously 87
01-08 12:58:25.756 24752 25025 W ResourceType: ResTable_typeSpec entry count inconsistent: given 168, previously 172
01-08 12:58:25.760 24752 25025 W ResourceType: ResTable_typeSpec entry count inconsistent: given 3232, previously 3252
01-08 12:58:25.760 24752 25025 W ResourceType: ResTable_typeSpec entry count inconsistent: given 485, previously 4619
01-08 12:58:25.769 24752 25025 W zygote64: Unsupported class loader
01-08 12:58:25.776 13834 21200 I FontLog : (REDACTED) Received query %s, URI %s
01-08 12:58:25.777 13834 21200 I FontLog : (REDACTED) Query [%s] resolved to %s
01-08 12:58:25.777 13834 21200 I FontLog : (REDACTED) Font PFD returned from cache for %s
01-08 12:58:25.778 13834 21200 I FontLog : (REDACTED) Fetch %s end status %s
01-08 12:58:25.791 24770 25047 W ResourceType: For resource 0x7f070416, entry index(1046) is beyond type entryCount(965)
01-08 12:58:25.802 24752 25025 W zygote64: Skipping duplicate class check due to unsupported classloader
01-08 12:58:25.804 13834 13879 I FontLog : (REDACTED) Pulling font file for id = %d, cache size = %d
01-08 12:58:25.830 13834 13938 E bzhu : Phenotype API error. Event # egkr@244ef139, EventCode: 5 [CONTEXT service_id=51 ]
01-08 12:58:25.830 13834 13938 E bzhu : bzfw: 29503
