01-07 15:58:37.155 12852 17254 W PackageParser: Unknown element under : queries at /data/user_de/0/com.google.android.gms/app_chimera/m/000001dc/dl-AdsFdrDynamite.integ_234310602020000.apk Binary XML file line #15
01-07 15:58:38.036 941 951 D ConnectivityService: requestNetwork for uid/pid:10008/17323 NetworkRequest [ TRACK_DEFAULT id=237, [ Capabilities: INTERNET&NOT_RESTRICTED&TRUSTED&NOT_VPN] ]
01-07 15:58:38.961 12852 13135 W PackageParser: Unknown element under : queries at /data/user_de/0/com.google.android.gms/app_chimera/m/00000202/DynamiteModulesC.apk Binary XML file line #15
01-07 15:58:38.980 12852 13135 W PackageParser: Unknown element under : queries at /data/user_de/0/com.google.android.gms/app_chimera/m/000001dc/dl-AdsFdrDynamite.integ_234310602020000.apk Binary XML file line #15
01-07 15:58:39.061 941 1080 I ActivityManager: Killing 16784:com.android.providers.calendar/u0a1 (adj 904): empty #17
01-07 15:58:39.062 941 1582 W BroadcastQueue: Background execution not allowed: receiving Intent { act=android.net.conn.NETWORK_CONDITIONS_MEASURED flg=0x10 (has extras) } to com.google.android.gms/.chimera.GmsIntentOperationService$PersistentTrustedReceiver
01-07 15:58:39.387 17077 17167 E ActivityThread: Failed to find provider info for com.google.android.instantapps.supervisor.SupervisorArchiveProvider
01-07 15:58:39.393 941 1192 I ActivityManager: Killing 16884:com.google.android.apps.wallpaper/u0a94 (adj 904): empty #17
01-07 15:58:39.491 941 1024 D ConnectivityService: reportNetworkConnectivity(100, false) by 10025
01-07 15:58:39.544 941 1024 D ConnectivityService: NetworkAgentInfo [WIFI () - 100] validation passed
01-07 15:58:39.544 941 955 W BroadcastQueue: Background execution not allowed: receiving Intent { act=android.net.conn.NETWORK_CONDITIONS_MEASURED flg=0x10 (has extras) } to com.google.android.gms/.chimera.GmsIntentOperationService$PersistentTrustedReceiver
01-07 15:58:40.653 941 1585 I ActivityManager: Killing 16484:android.process.media/u0a6 (adj 904): empty #17
01-07 15:58:41.599 941 1080 D ConnectivityService: requestNetwork for uid/pid:10018/15833 NetworkRequest [ TRACK_DEFAULT id=238, [ Capabilities: INTERNET&NOT_RESTRICTED&TRUSTED&NOT_VPN] ]
01-07 15:58:43.156 941 958 E BatteryExternalStatsWorker: modem info is invalid: ModemActivityInfo{ mTimestamp=0 mSleepTimeMs=0 mIdleTimeMs=0 mTxTimeMs[]=[0, 0, 0, 0, 0] mRxTimeMs=0 mEnergyUsed=0}
01-07 15:58:43.774 941 955 W BroadcastQueue: Background execution not allowed: receiving Intent { act=android.intent.action.DROPBOX_ENTRY_ADDED flg=0x10 (has extras) } to com.google.android.gms/.stats.service.DropBoxEntryAddedReceiver
01-07 15:58:43.774 941 955 W BroadcastQueue: Background execution not allowed: receiving Intent { act=android.intent.action.DROPBOX_ENTRY_ADDED flg=0x10 (has extras) } to com.google.android.gms/.chimera.GmsIntentOperationService$PersistentTrustedReceiver
01-07 15:58:43.904 941 955 W BroadcastQueue: Background execution not allowed: receiving Intent { act=android.intent.action.DROPBOX_ENTRY_ADDED flg=0x10 (has extras) } to com.google.android.gms/.stats.service.DropBoxEntryAddedReceiver
01-07 15:58:43.904 941 955 W BroadcastQueue: Background execution not allowed: receiving Intent { act=android.intent.action.DROPBOX_ENTRY_ADDED flg=0x10 (has extras) } to com.google.android.gms/.chimera.GmsIntentOperationService$PersistentTrustedReceiver
01-07 15:58:44.083 941 1080 I ActivityManager: Start proc 17510:android.process.acore/u0a3 for content provider com.android.providers.contacts/.ContactsProvider2
01-07 15:58:45.946 941 951 W ActivityManager: Unable to start service Intent { act=com.google.android.gms.home.service.START pkg=com.google.android.gms } U=0: not found
01-07 15:58:45.947 941 13817 W ActivityManager: Unbind failed: could not find connection for android.os.BinderProxy@c5e65f6
01-07 15:58:47.725 941 1080 D ConnectivityService: requestNetwork for uid/pid:10009/12852 NetworkRequest [ TRACK_DEFAULT id=240, [ Capabilities: INTERNET&NOT_RESTRICTED&TRUSTED&NOT_VPN] ]
01-07 15:58:51.011 941 1406 I ActivityManager: Killing 16900:com.google.android.apps.books/u0a62 (adj 904): empty #17
01-07 15:59:05.975 941 1787 I ActivityManager: Killing 15466:com.android.chrome:sandboxed_process0/u0a34i29 (adj 906): empty #17
01-07 15:59:05.998 941 1585 W ActivityManager: Scheduling restart of crashed service com.android.chrome/org.chromium.content.app.SandboxedProcessService0 in 1000ms
01-07 15:59:06.004 941 958 D KernelUidCpuTimeReader: Removing uids 99029-99029
01-07 15:59:07.711 941 951 I ActivityManager: Killing 15442:com.android.chrome:privileged_process0/u0a34 (adj 904): empty #17
01-07 15:59:07.750 941 1192 W ActivityManager: Scheduling restart of crashed service com.android.chrome/org.chromium.content.app.PrivilegedProcessService0 in 1000ms
01-07 15:59:19.492 941 1024 D ConnectivityService: releasing NetworkRequest [ REQUEST id=235, [ Transports: CELLULAR Capabilities: INTERNET&NOT_RESTRICTED&TRUSTED&NOT_VPN] ] (release request)
01-07 15:59:19.648 941 970 I ActivityManager: Start proc 17591:com.android.defcontainer/u0a5 for service com.android.defcontainer/.DefaultContainerService
01-07 15:59:19.872 941 970 W PackageParser: Unknown element under : queries at /data/app/vmdl223300426.tmp/base.apk Binary XML file line #71
01-07 15:59:30.005 941 955 D KernelUidCpuTimeReader: Removing uids 99029-99029
01-07 15:59:30.006 941 955 D BatteryStatsImpl: Got readings for an isolated uid with no mapping to owning uid: 99029
01-07 15:59:32.539 941 955 I ActivityManager: Force stopping com.google.android.apps.docs.editors.docs appid=10085 user=-1: installPackageLI
01-07 15:59:32.636 941 970 I PackageManager: Package com.google.android.apps.docs.editors.docs codePath changed from /data/app/com.google.android.apps.docs.editors.docs-VgsnfxrggysHdMekBAzaSA== to /data/app/com.google.android.apps.docs.editors.docs-jLb6pwcaGvqBU8uWlggHbA==; Retaining data and using new
01-07 15:59:32.637 941 970 W PackageManager: Code path for com.google.android.apps.docs.editors.docs changing from /data/app/com.google.android.apps.docs.editors.docs-VgsnfxrggysHdMekBAzaSA== to /data/app/com.google.android.apps.docs.editors.docs-jLb6pwcaGvqBU8uWlggHbA==
01-07 15:59:32.638 941 970 W PackageManager: Resource path for com.google.android.apps.docs.editors.docs changing from /data/app/com.google.android.apps.docs.editors.docs-VgsnfxrggysHdMekBAzaSA== to /data/app/com.google.android.apps.docs.editors.docs-jLb6pwcaGvqBU8uWlggHbA==
01-07 15:59:32.722 941 970 W PackageManager: Privileged permission android.permission.MANAGE_SOUND_TRIGGER for package com.google.android.googlequicksearchbox - not in privapp-permissions whitelist
01-07 15:59:32.722 941 970 W PackageManager: Privileged permission android.permission.SET_MEDIA_KEY_LISTENER for package com.google.android.googlequicksearchbox - not in privapp-permissions whitelist
01-07 15:59:32.722 941 970 W PackageManager: Privileged permission android.permission.SET_VOLUME_KEY_LONG_PRESS_LISTENER for package com.google.android.googlequicksearchbox - not in privapp-permissions whitelist
01-07 15:59:32.722 941 970 W PackageManager: Privileged permission android.permission.MANAGE_USB for package com.google.android.googlequicksearchbox - not in privapp-permissions whitelist
01-07 15:59:32.722 941 970 W PackageManager: Privileged permission android.permission.PACKAGE_USAGE_STATS for package com.google.android.googlequicksearchbox - not in privapp-permissions whitelist
01-07 15:59:32.722 941 970 W PackageManager: Privileged permission android.permission.CONTROL_INCALL_EXPERIENCE for package com.google.android.googlequicksearchbox - not in privapp-permissions whitelist
01-07 15:59:32.722 941 970 W PackageManager: Privileged permission android.permission.WRITE_APN_SETTINGS for package com.google.android.googlequicksearchbox - not in privapp-permissions whitelist
01-07 15:59:32.723 941 970 W PackageManager: Privileged permission android.permission.READ_PRIVILEGED_PHONE_STATE for package com.android.vending - not in privapp-permissions whitelist
01-07 15:59:32.723 941 970 W PackageManager: Privileged permission android.permission.BACKUP for package com.android.vending - not in privapp-permissions whitelist
01-07 15:59:32.724 941 970 W PackageManager: Privileged permission android.permission.SUBSTITUTE_NOTIFICATION_APP_NAME for package com.android.vending - not in privapp-permissions whitelist
01-07 15:59:32.724 941 970 W PackageManager: Privileged permission android.permission.REBOOT for package com.android.vending - not in privapp-permissions whitelist
01-07 15:59:32.724 941 970 W PackageManager: Privileged permission android.permission.CHANGE_OVERLAY_PACKAGES for package com.android.vending - not in privapp-permissions whitelist
01-07 15:59:32.725 941 970 W PackageManager: Privileged permission android.permission.FORCE_STOP_PACKAGES for package com.google.android.gms - not in privapp-permissions whitelist
01-07 15:59:32.726 941 970 W PackageManager: Privileged permission android.permission.ALLOCATE_AGGRESSIVE for package com.google.android.gms - not in privapp-permissions whitelist
01-07 15:59:32.726 941 970 W PackageManager: Privileged permission android.permission.MODIFY_DAY_NIGHT_MODE for package com.google.android.gms - not in privapp-permissions whitelist
01-07 15:59:32.726 941 970 W PackageManager: Privileged permission android.permission.MEDIA_CONTENT_CONTROL for package com.google.android.gms - not in privapp-permissions whitelist
01-07 15:59:32.727 941 970 W PackageManager: Privileged permission android.permission.PACKAGE_USAGE_STATS for package com.google.android.apps.turbo - not in privapp-permissions whitelist
01-07 15:59:32.729 941 970 W PackageManager: Privileged permission android.permission.READ_PRIVILEGED_PHONE_STATE for package com.google.android.apps.gcs - not in privapp-permissions whitelist
01-07 15:59:32.812 941 1776 I ActivityManager: Killing 15871:com.google.android.calendar/u0a31 (adj 906): empty #17
01-07 15:59:33.063 941 970 I ActivityManager: Force stopping com.google.android.apps.docs.editors.docs appid=10085 user=0: pkg removed
01-07 15:59:33.073 941 970 I ActivityManager: Force stopping com.google.android.apps.docs.editors.docs appid=10085 user=0: pkg removed
01-07 15:59:33.090 941 955 W BroadcastQueue: Background execution not allowed: receiving Intent { act=android.intent.action.PACKAGE_REMOVED dat=package:com.google.android.apps.docs.editors.docs flg=0x4000010 (has extras) } to com.android.musicfx/.Compatibility$Receiver
01-07 15:59:33.102 941 955 W BroadcastQueue: Background execution not allowed: receiving Intent { act=android.intent.action.PACKAGE_REMOVED dat=package:com.google.android.apps.docs.editors.docs flg=0x4000010 (has extras) } to com.android.vending/com.google.android.finsky.packagemonitor.impl.PackageMonitorReceiverImpl$RegisteredReceiver
01-07 15:59:33.102 941 955 W BroadcastQueue: Background execution not allowed: receiving Intent { act=android.intent.action.PACKAGE_REMOVED dat=package:com.google.android.apps.docs.editors.docs flg=0x4000010 (has extras) } to com.android.vending/com.google.android.finsky.packagemonitor.backgroundimpl.BackgroundPackageMonitorReceiverImpl$RegisteredReceiver
01-07 15:59:33.103 941 955 W BroadcastQueue: Background execution not allowed: receiving Intent { act=android.intent.action.PACKAGE_REMOVED dat=package:com.google.android.apps.docs.editors.docs flg=0x4000010 (has extras) } to com.android.vending/com.google.android.finsky.instantapps.appmanagement.InstantAppRemoveMonitor
01-07 15:59:33.103 941 955 W BroadcastQueue: Background execution not allowed: receiving Intent { act=android.intent.action.PACKAGE_REMOVED dat=package:com.google.android.apps.docs.editors.docs flg=0x4000010 (has extras) } to com.google.android.apps.maps/com.google.android.libraries.social.peoplekit.thirdparty.viewcontrollers.ThirdPartyReceiver
01-07 15:59:33.103 941 955 W BroadcastQueue: Background execution not allowed: receiving Intent { act=android.intent.action.PACKAGE_REMOVED dat=package:com.google.android.apps.docs.editors.docs flg=0x4000010 (has extras) } to com.google.android.apps.photos/com.google.android.libraries.social.peoplekit.thirdparty.viewcontrollers.ThirdPartyReceiver
01-07 15:59:33.104 941 955 W BroadcastQueue: Background execution not allowed: receiving Intent { act=android.intent.action.PACKAGE_REMOVED dat=package:com.google.android.apps.docs.editors.docs flg=0x4000010 (has extras) } to com.google.android.gms/.games.chimera.GamesSystemBroadcastReceiverProxy
01-07 15:59:33.104 941 955 W BroadcastQueue: Background execution not allowed: receiving Intent { act=android.intent.action.PACKAGE_REMOVED dat=package:com.google.android.apps.docs.editors.docs flg=0x4000010 (has extras) } to com.google.android.gms/.chimera.GmsIntentOperationService$PersistentTrustedReceiver
01-07 15:59:33.118 941 955 W BroadcastQueue: Background execution not allowed: receiving Intent { act=android.intent.action.PACKAGE_REMOVED dat=package:com.google.android.apps.docs.editors.docs flg=0x4000010 (has extras) } to com.google.android.googlequicksearchbox/com.google.android.apps.gsa.googlequicksearchbox.GelStubAppWatcher
01-07 15:59:33.118 941 955 W BroadcastQueue: Background execution not allowed: receiving Intent { act=android.intent.action.PACKAGE_REMOVED dat=package:com.google.android.apps.docs.editors.docs flg=0x4000010 (has extras) } to com.google.android.videos/com.google.android.libraries.social.peoplekit.thirdparty.viewcontrollers.ThirdPartyReceiver
01-07 15:59:33.151 941 941 I ActivityManager: Start proc 17642:com.android.keychain/1000 for service com.android.keychain/.KeyChainService
01-07 15:59:33.402 941 29230 I ActivityManager: Killing 15366:com.android.chrome/u0a34 (adj 906): empty #17
01-07 15:59:33.489 941 13817 D ConnectivityService: ConnectivityService NetworkRequestInfo binderDied(NetworkRequest [ LISTEN id=209, [ Capabilities: INTERNET&NOT_RESTRICTED&TRUSTED&FOREGROUND] ], android.os.BinderProxy@73fd4a5)
01-07 15:59:33.489 941 1192 D ConnectivityService: ConnectivityService NetworkRequestInfo binderDied(NetworkRequest [ LISTEN id=211, [ Capabilities: INTERNET&NOT_RESTRICTED&TRUSTED&FOREGROUND] ], android.os.BinderProxy@217029c)
01-07 15:59:33.601 941 1080 W BroadcastQueue: Background execution not allowed: receiving Intent { act=android.intent.action.PACKAGE_ADDED dat=package:com.google.android.apps.docs.editors.docs flg=0x4000010 (has extras) } to com.android.musicfx/.Compatibility$Receiver
01-07 15:59:33.602 941 955 W BroadcastQueue: Background execution not allowed: receiving Intent { act=android.intent.action.PACKAGE_ADDED dat=package:com.google.android.apps.docs.editors.docs flg=0x4000010 (has extras) } to com.android.vending/com.google.android.finsky.packagemonitor.impl.PackageMonitorReceiverImpl$RegisteredReceiver
01-07 15:59:33.603 941 955 W BroadcastQueue: Background execution not allowed: receiving Intent { act=android.intent.action.PACKAGE_ADDED dat=package:com.google.android.apps.docs.editors.docs flg=0x4000010 (has extras) } to com.android.vending/com.google.android.finsky.packagemonitor.backgroundimpl.BackgroundPackageMonitorReceiverImpl$RegisteredReceiver
01-07 15:59:33.603 941 955 W BroadcastQueue: Background execution not allowed: receiving Intent { act=android.intent.action.PACKAGE_ADDED dat=package:com.google.android.apps.docs.editors.docs flg=0x4000010 (has extras) } to com.google.android.gms/.games.chimera.GamesSystemBroadcastReceiverProxy
01-07 15:59:33.608 941 955 W BroadcastQueue: Background execution not allowed: receiving Intent { act=android.intent.action.PACKAGE_ADDED dat=package:com.google.android.apps.docs.editors.docs flg=0x4000010 (has extras) } to com.google.android.gms/.gass.chimera.PackageChangeBroadcastReceiver
01-07 15:59:33.609 941 955 W BroadcastQueue: Background execution not allowed: receiving Intent { act=android.intent.action.PACKAGE_ADDED dat=package:com.google.android.apps.docs.editors.docs flg=0x4000010 (has extras) } to com.google.android.gms/.chimera.GmsIntentOperationService$PersistentTrustedReceiver
01-07 15:59:33.609 941 955 W BroadcastQueue: Background execution not allowed: receiving Intent { act=android.intent.action.PACKAGE_ADDED dat=package:com.google.android.apps.docs.editors.docs flg=0x4000010 (has extras) } to com.google.android.googlequicksearchbox/com.google.android.apps.gsa.googlequicksearchbox.GelStubAppWatcher
01-07 15:59:33.766 941 1787 W BroadcastQueue: Background execution not allowed: receiving Intent { act=android.intent.action.PACKAGE_REPLACED dat=package:com.google.android.apps.docs.editors.docs flg=0x4000010 (has extras) } to com.android.musicfx/.Compatibility$Receiver
01-07 15:59:33.766 941 955 W BroadcastQueue: Background execution not allowed: receiving Intent { act=android.intent.action.PACKAGE_REPLACED dat=package:com.google.android.apps.docs.editors.docs flg=0x4000010 (has extras) } to com.google.android.apps.photos/.account.full.FetchAccountPropertiesAppUpgradeBroadcastReceiver
01-07 15:59:33.766 941 955 W BroadcastQueue: Background execution not allowed: receiving Intent { act=android.intent.action.PACKAGE_REPLACED dat=package:com.google.android.apps.docs.editors.docs flg=0x4000010 (has extras) } to com.google.android.apps.photos/.account.full.SyncAccountsForLoginBroadcastReceiver
01-07 15:59:33.766 941 955 W BroadcastQueue: Background execution not allowed: receiving Intent { act=android.intent.action.PACKAGE_REPLACED dat=package:com.google.android.apps.docs.editors.docs flg=0x4000010 (has extras) } to com.google.android.apps.photos/.notificationchannels.AppUpdateBroadcastReceiver
01-07 15:59:33.767 941 955 W BroadcastQueue: Background execution not allowed: receiving Intent { act=android.intent.action.PACKAGE_REPLACED dat=package:com.google.android.apps.docs.editors.docs flg=0x4000010 (has extras) } to com.google.android.gms/.gass.chimera.PackageChangeBroadcastReceiver
01-07 15:59:33.767 941 955 W BroadcastQueue: Background execution not allowed: receiving Intent { act=android.intent.action.PACKAGE_REPLACED dat=package:com.google.android.apps.docs.editors.docs flg=0x4000010 (has extras) } to com.google.android.gms/.chimera.GmsIntentOperationService$PersistentTrustedReceiver
01-07 15:59:33.767 941 955 W BroadcastQueue: Background execution not allowed: receiving Intent { act=android.intent.action.PACKAGE_REPLACED dat=package:com.google.android.apps.docs.editors.docs flg=0x4000010 (has extras) } to com.google.android.googlequicksearchbox/com.google.android.apps.gsa.googlequicksearchbox.GelStubAppWatcher
01-07 15:59:33.789 941 955 I ActivityManager: Start proc 17680:com.google.android.apps.docs.editors.docs/u0a85 for broadcast com.google.android.apps.docs.editors.docs/com.google.android.apps.docs.notification.common.NotificationChannelReceiver
01-07 15:59:34.751 941 941 I Telecom : DefaultDialerCache: Refreshing default dialer for user 0: now null: DDC.oR@AGM
01-07 15:59:35.248 941 952 D ConnectivityService: Returning BLOCKED NetworkInfo to uid=10085
01-07 15:59:36.387 941 1585 I ActivityManager: Killing 17062:com.easybrain.jigsaw.puzzles/u0a199 (adj 906): empty #17
01-07 15:59:36.601 941 29230 D ConnectivityService: ConnectivityService NetworkRequestInfo binderDied(NetworkRequest [ LISTEN id=234, [ Capabilities: INTERNET&NOT_RESTRICTED&TRUSTED&NOT_VPN&FOREGROUND] ], android.os.BinderProxy@c401e97)
01-07 15:59:36.601 941 1585 D ConnectivityService: ConnectivityService NetworkRequestInfo binderDied(NetworkRequest [ LISTEN id=228, [ Capabilities: INTERNET&NOT_RESTRICTED&TRUSTED&NOT_VPN&FOREGROUND] ], android.os.BinderProxy@693884)
01-07 15:59:36.601 941 13817 D ConnectivityService: ConnectivityService NetworkRequestInfo binderDied(NetworkRequest [ LISTEN id=229, [ Capabilities: INTERNET&NOT_RESTRICTED&TRUSTED&NOT_VPN&FOREGROUND] ], android.os.BinderProxy@61d786d)
01-07 15:59:36.601 941 952 D ConnectivityService: ConnectivityService NetworkRequestInfo binderDied(NetworkRequest [ LISTEN id=230, [ Capabilities: INTERNET&NOT_RESTRICTED&TRUSTED&NOT_VPN&FOREGROUND] ], android.os.BinderProxy@68baca2)
01-07 15:59:36.601 941 1585 D ConnectivityService: ConnectivityService NetworkRequestInfo binderDied(NetworkRequest [ LISTEN id=231, [ Capabilities: INTERNET&NOT_RESTRICTED&TRUSTED&NOT_VPN&FOREGROUND] ], android.os.BinderProxy@f5e0d33)
01-07 15:59:36.601 941 13817 D ConnectivityService: ConnectivityService NetworkRequestInfo binderDied(NetworkRequest [ LISTEN id=232, [ Capabilities: INTERNET&NOT_RESTRICTED&TRUSTED&NOT_VPN&FOREGROUND] ], android.os.BinderProxy@b8358f0)
01-07 15:59:36.601 941 952 D ConnectivityService: ConnectivityService NetworkRequestInfo binderDied(NetworkRequest [ LISTEN id=233, [ Capabilities: INTERNET&NOT_RESTRICTED&TRUSTED&NOT_VPN&FOREGROUND] ], android.os.BinderProxy@5a62e69)
01-07 15:59:36.601 941 1585 D ConnectivityService: ConnectivityService NetworkRequestInfo binderDied(NetworkRequest [ LISTEN id=227, [ Capabilities: INTERNET&NOT_RESTRICTED&TRUSTED&NOT_VPN&FOREGROUND] ], android.os.BinderProxy@81bf0ee)
01-07 15:59:36.601 941 13817 D ConnectivityService: ConnectivityService NetworkRequestInfo binderDied(NetworkRequest [ LISTEN id=226, [ Capabilities: INTERNET&NOT_RESTRICTED&TRUSTED&NOT_VPN&FOREGROUND] ], android.os.BinderProxy@d62498f)
01-07 15:59:36.601 941 952 D ConnectivityService: ConnectivityService NetworkRequestInfo binderDied(NetworkRequest [ LISTEN id=223, [ Capabilities: INTERNET&NOT_RESTRICTED&TRUSTED&NOT_VPN&FOREGROUND] ], android.os.BinderProxy@8dd141c)
01-07 15:59:36.601 941 951 D ConnectivityService: ConnectivityService NetworkRequestInfo binderDied(NetworkRequest [ LISTEN id=225, [ Capabilities: INTERNET&NOT_RESTRICTED&TRUSTED&NOT_VPN&FOREGROUND] ], android.os.BinderProxy@bea4825)
01-07 15:59:36.601 941 952 D ConnectivityService: ConnectivityService NetworkRequestInfo binderDied(NetworkRequest [ LISTEN id=224, [ Capabilities: INTERNET&NOT_RESTRICTED&TRUSTED&NOT_VPN&FOREGROUND] ], android.os.BinderProxy@65a2dfa)
01-07 15:59:36.601 941 1192 D ConnectivityService: ConnectivityService NetworkRequestInfo binderDied(NetworkRequest [ LISTEN id=222, [ Capabilities: INTERNET&NOT_RESTRICTED&TRUSTED&NOT_VPN&FOREGROUND] ], android.os.BinderProxy@7c3efab)
01-07 15:59:36.603 941 13817 I ActivityManager: Killing 17284:com.android.chrome:sandboxed_process0/u0a199i30 (adj 0): isolated not needed
01-07 15:59:36.666 941 958 D KernelUidCpuTimeReader: Removing uids 99030-99030
01-07 15:59:36.821 941 1776 D ConnectivityService: requestNetwork for uid/pid:10085/17680 NetworkRequest [ TRACK_DEFAULT id=241, [ Capabilities: INTERNET&NOT_RESTRICTED&TRUSTED&NOT_VPN] ]
01-07 15:59:38.051 941 1406 E NotificationService: Suppressing notification from package by user request.
01-07 15:59:38.135 941 955 D KernelUidCpuTimeReader: Removing uids 99030-99030
01-07 15:59:38.136 941 955 D BatteryStatsImpl: Got readings for an isolated uid with no mapping to owning uid: 99030
01-07 15:59:46.698 941 941 I Telecom : DefaultDialerCache: Refreshing default dialer for user 0: now null: DDC.oR@AGU
01-07 15:59:52.628 941 970 W PackageParser: Unknown element under : queries at /data/app/vmdl47724090.tmp/base.apk Binary XML file line #59
01-07 15:59:56.987 941 955 I ActivityManager: Force stopping com.gamma.scan appid=10074 user=-1: installPackageLI
01-07 15:59:57.100 941 970 I PackageManager: Package com.gamma.scan codePath changed from /data/app/com.gamma.scan-XhBRSQeKXBdjde3W5DH8Jw== to /data/app/com.gamma.scan-S1B9rY-8FEvbUOYWGhY-kw==; Retaining data and using new
01-07 15:59:57.101 941 970 W PackageManager: Code path for com.gamma.scan changing from /data/app/com.gamma.scan-XhBRSQeKXBdjde3W5DH8Jw== to /data/app/com.gamma.scan-S1B9rY-8FEvbUOYWGhY-kw==
01-07 15:59:57.102 941 970 W PackageManager: Resource path for com.gamma.scan changing from /data/app/com.gamma.scan-XhBRSQeKXBdjde3W5DH8Jw== to /data/app/com.gamma.scan-S1B9rY-8FEvbUOYWGhY-kw==
01-07 15:59:57.329 941 1787 I ActivityManager: Killing 17226:com.easybrain.jigsaw.puzzles:fcm/u0a199 (adj 906): empty #17
01-07 15:59:57.555 941 970 I ActivityManager: Force stopping com.gamma.scan appid=10074 user=0: pkg removed
01-07 15:59:57.560 941 970 I ActivityManager: Force stopping com.gamma.scan appid=10074 user=0: pkg removed
01-07 15:59:57.579 941 955 W BroadcastQueue: Background execution not allowed: receiving Intent { act=android.intent.action.PACKAGE_REMOVED dat=package:com.gamma.scan flg=0x4000010 (has extras) } to com.android.musicfx/.Compatibility$Receiver
01-07 15:59:57.579 941 955 W BroadcastQueue: Background execution not allowed: receiving Intent { act=android.intent.action.PACKAGE_REMOVED dat=package:com.gamma.scan flg=0x4000010 (has extras) } to com.android.vending/com.google.android.finsky.packagemonitor.impl.PackageMonitorReceiverImpl$RegisteredReceiver
01-07 15:59:57.580 941 955 W BroadcastQueue: Background execution not allowed: receiving Intent { act=android.intent.action.PACKAGE_REMOVED dat=package:com.gamma.scan flg=0x4000010 (has extras) } to com.android.vending/com.google.android.finsky.packagemonitor.backgroundimpl.BackgroundPackageMonitorReceiverImpl$RegisteredReceiver
01-07 15:59:57.580 941 955 W BroadcastQueue: Background execution not allowed: receiving Intent { act=android.intent.action.PACKAGE_REMOVED dat=package:com.gamma.scan flg=0x4000010 (has extras) } to com.android.vending/com.google.android.finsky.instantapps.appmanagement.InstantAppRemoveMonitor
01-07 15:59:57.593 941 955 W BroadcastQueue: Background execution not allowed: receiving Intent { act=android.intent.action.PACKAGE_REMOVED dat=package:com.gamma.scan flg=0x4000010 (has extras) } to com.google.android.apps.maps/com.google.android.libraries.social.peoplekit.thirdparty.viewcontrollers.ThirdPartyReceiver
01-07 15:59:57.594 941 955 W BroadcastQueue: Background execution not allowed: receiving Intent { act=android.intent.action.PACKAGE_REMOVED dat=package:com.gamma.scan flg=0x4000010 (has extras) } to com.google.android.apps.photos/com.google.android.libraries.social.peoplekit.thirdparty.viewcontrollers.ThirdPartyReceiver
01-07 15:59:57.594 941 955 W BroadcastQueue: Background execution not allowed: receiving Intent { act=android.intent.action.PACKAGE_REMOVED dat=package:com.gamma.scan flg=0x4000010 (has extras) } to com.google.android.gms/.games.chimera.GamesSystemBroadcastReceiverProxy
01-07 15:59:57.594 941 955 W BroadcastQueue: Background execution not allowed: receiving Intent { act=android.intent.action.PACKAGE_REMOVED dat=package:com.gamma.scan flg=0x4000010 (has extras) } to com.google.android.gms/.chimera.GmsIntentOperationService$PersistentTrustedReceiver
01-07 15:59:57.594 941 955 W BroadcastQueue: Background execution not allowed: receiving Intent { act=android.intent.action.PACKAGE_REMOVED dat=package:com.gamma.scan flg=0x4000010 (has extras) } to com.google.android.googlequicksearchbox/com.google.android.apps.gsa.googlequicksearchbox.GelStubAppWatcher
01-07 15:59:57.595 941 955 W BroadcastQueue: Background execution not allowed: receiving Intent { act=android.intent.action.PACKAGE_REMOVED dat=package:com.gamma.scan flg=0x4000010 (has extras) } to com.google.android.videos/com.google.android.libraries.social.peoplekit.thirdparty.viewcontrollers.ThirdPartyReceiver
01-07 15:59:57.842 941 941 I Telecom : DefaultDialerCache: Refreshing default dialer for user 0: now null: DDC.oR@AGk
01-07 15:59:57.960 941 952 W BroadcastQueue: Background execution not allowed: receiving Intent { act=android.intent.action.PACKAGE_ADDED dat=package:com.gamma.scan flg=0x4000010 (has extras) } to com.android.musicfx/.Compatibility$Receiver
01-07 15:59:57.961 941 955 W BroadcastQueue: Background execution not allowed: receiving Intent { act=android.intent.action.PACKAGE_ADDED dat=package:com.gamma.scan flg=0x4000010 (has extras) } to com.android.vending/com.google.android.finsky.packagemonitor.impl.PackageMonitorReceiverImpl$RegisteredReceiver
01-07 15:59:57.961 941 955 W BroadcastQueue: Background execution not allowed: receiving Intent { act=android.intent.action.PACKAGE_ADDED dat=package:com.gamma.scan flg=0x4000010 (has extras) } to com.android.vending/com.google.android.finsky.packagemonitor.backgroundimpl.BackgroundPackageMonitorReceiverImpl$RegisteredReceiver
01-07 15:59:57.961 941 955 W BroadcastQueue: Background execution not allowed: receiving Intent { act=android.intent.action.PACKAGE_ADDED dat=package:com.gamma.scan flg=0x4000010 (has extras) } to com.google.android.gms/.games.chimera.GamesSystemBroadcastReceiverProxy
01-07 15:59:57.961 941 955 W BroadcastQueue: Background execution not allowed: receiving Intent { act=android.intent.action.PACKAGE_ADDED dat=package:com.gamma.scan flg=0x4000010 (has extras) } to com.google.android.gms/.gass.chimera.PackageChangeBroadcastReceiver
01-07 15:59:57.961 941 955 W BroadcastQueue: Background execution not allowed: receiving Intent { act=android.intent.action.PACKAGE_ADDED dat=package:com.gamma.scan flg=0x4000010 (has extras) } to com.google.android.gms/.chimera.GmsIntentOperationService$PersistentTrustedReceiver
01-07 15:59:57.961 941 955 W BroadcastQueue: Background execution not allowed: receiving Intent { act=android.intent.action.PACKAGE_ADDED dat=package:com.gamma.scan flg=0x4000010 (has extras) } to com.google.android.googlequicksearchbox/com.google.android.apps.gsa.googlequicksearchbox.GelStubAppWatcher
01-07 15:59:58.065 941 1080 W BroadcastQueue: Background execution not allowed: receiving Intent { act=android.intent.action.PACKAGE_REPLACED dat=package:com.gamma.scan flg=0x4000010 (has extras) } to com.android.musicfx/.Compatibility$Receiver
01-07 15:59:58.065 941 955 W BroadcastQueue: Background execution not allowed: receiving Intent { act=android.intent.action.PACKAGE_REPLACED dat=package:com.gamma.scan flg=0x4000010 (has extras) } to com.google.android.apps.photos/.account.full.FetchAccountPropertiesAppUpgradeBroadcastReceiver
01-07 15:59:58.065 941 955 W BroadcastQueue: Background execution not allowed: receiving Intent { act=android.intent.action.PACKAGE_REPLACED dat=package:com.gamma.scan flg=0x4000010 (has extras) } to com.google.android.apps.photos/.account.full.SyncAccountsForLoginBroadcastReceiver
01-07 15:59:58.065 941 955 W BroadcastQueue: Background execution not allowed: receiving Intent { act=android.intent.action.PACKAGE_REPLACED dat=package:com.gamma.scan flg=0x4000010 (has extras) } to com.google.android.apps.photos/.notificationchannels.AppUpdateBroadcastReceiver
01-07 15:59:58.066 941 955 W BroadcastQueue: Background execution not allowed: receiving Intent { act=android.intent.action.PACKAGE_REPLACED dat=package:com.gamma.scan flg=0x4000010 (has extras) } to com.google.android.gms/.gass.chimera.PackageChangeBroadcastReceiver
01-07 15:59:58.066 941 955 W BroadcastQueue: Background execution not allowed: receiving Intent { act=android.intent.action.PACKAGE_REPLACED dat=package:com.gamma.scan flg=0x4000010 (has extras) } to com.google.android.gms/.chimera.GmsIntentOperationService$PersistentTrustedReceiver
01-07 15:59:58.066 941 955 W BroadcastQueue: Background execution not allowed: receiving Intent { act=android.intent.action.PACKAGE_REPLACED dat=package:com.gamma.scan flg=0x4000010 (has extras) } to com.google.android.googlequicksearchbox/com.google.android.apps.gsa.googlequicksearchbox.GelStubAppWatcher
01-07 15:59:58.964 941 1191 E NotificationService: Suppressing notification from package by user request.
01-07 16:00:24.246 941 970 W PackageParser: Unknown element under : queries at /data/app/vmdl1371523108.tmp/base.apk Binary XML file line #89
01-07 16:00:24.254 941 970 W PackageParser: Unknown element under : property at /data/app/vmdl1371523108.tmp/base.apk Binary XML file line #214
01-07 16:00:24.262 941 970 W PackageParser: Unknown element under : uses-sdk at /data/app/vmdl1371523108.tmp/split_auxiliary_search.apk Binary XML file line #3
01-07 16:00:24.262 941 970 W PackageParser: Unknown element under : module at /data/app/vmdl1371523108.tmp/split_auxiliary_search.apk Binary XML file line #5
01-07 16:00:24.262 941 970 W PackageParser: Unknown element under : uses-split at /data/app/vmdl1371523108.tmp/split_auxiliary_search.apk Binary XML file line #11
01-07 16:00:24.266 941 970 W PackageParser: Unknown element under : uses-sdk at /data/app/vmdl1371523108.tmp/split_cablev2_authenticator.apk Binary XML file line #3
01-07 16:00:24.267 941 970 W PackageParser: Unknown element under : module at /data/app/vmdl1371523108.tmp/split_cablev2_authenticator.apk Binary XML file line #5
01-07 16:00:24.267 941 970 W PackageParser: Unknown element under : uses-split at /data/app/vmdl1371523108.tmp/split_cablev2_authenticator.apk Binary XML file line #11
01-07 16:00:24.270 941 970 W PackageParser: Unknown element under : uses-sdk at /data/app/vmdl1371523108.tmp/split_chrome.apk Binary XML file line #3
01-07 16:00:24.271 941 970 W PackageParser: Unknown element under : module at /data/app/vmdl1371523108.tmp/split_chrome.apk Binary XML file line #5
01-07 16:00:24.278 941 970 W PackageParser: Unknown element under : property at /data/app/vmdl1371523108.tmp/split_chrome.apk Binary XML file line #636
01-07 16:00:24.278 941 970 W PackageParser: No actions in intent filter at /data/app/vmdl1371523108.tmp/split_chrome.apk Binary XML file line #639
01-07 16:00:24.284 941 970 W PackageParser: Unknown element under : uses-sdk at /data/app/vmdl1371523108.tmp/split_feedv2.apk Binary XML file line #3
01-07 16:00:24.284 941 970 W PackageParser: Unknown element under : module at /data/app/vmdl1371523108.tmp/split_feedv2.apk Binary XML file line #5
01-07 16:00:24.285 941 970 W PackageParser: Unknown element under : uses-split at /data/app/vmdl1371523108.tmp/split_feedv2.apk Binary XML file line #13
01-07 16:00:24.287 941 970 W PackageParser: Unknown element under : uses-sdk at /data/app/vmdl1371523108.tmp/split_image_editor.apk Binary XML file line #3
01-07 16:00:24.287 941 970 W PackageParser: Unknown element under : module at /data/app/vmdl1371523108.tmp/split_image_editor.apk Binary XML file line #5
01-07 16:00:24.287 941 970 W PackageParser: Unknown element under : uses-split at /data/app/vmdl1371523108.tmp/split_image_editor.apk Binary XML file line #11
01-07 16:00:24.289 941 970 W PackageParser: Unknown element under : uses-sdk at /data/app/vmdl1371523108.tmp/split_read_aloud_playback.apk Binary XML file line #3
01-07 16:00:24.289 941 970 W PackageParser: Unknown element under : module at /data/app/vmdl1371523108.tmp/split_read_aloud_playback.apk Binary XML file line #5
01-07 16:00:24.289 941 970 W PackageParser: Unknown element under : uses-permission at /data/app/vmdl1371523108.tmp/split_read_aloud_playback.apk Binary XML file line #9
01-07 16:00:24.289 941 970 W PackageParser: Unknown element under : uses-split at /data/app/vmdl1371523108.tmp/split_read_aloud_playback.apk Binary XML file line #13
01-07 16:00:24.291 941 970 W PackageParser: Unknown element under : uses-sdk at /data/app/vmdl1371523108.tmp/split_survey.apk Binary XML file line #3
01-07 16:00:24.292 941 970 W PackageParser: Unknown element under : module at /data/app/vmdl1371523108.tmp/split_survey.apk Binary XML file line #5
01-07 16:00:24.292 941 970 W PackageParser: Unknown element under : uses-split at /data/app/vmdl1371523108.tmp/split_survey.apk Binary XML file line #27
01-07 16:00:57.669 941 955 I ActivityManager: Force stopping com.android.chrome appid=10034 user=-1: installPackageLI
01-07 16:00:57.669 941 955 I ActivityManager: Killing 17264:com.android.chrome:webview_service/u0a34 (adj 904): stop com.android.chrome
01-07 16:00:57.669 941 955 W ActivityManager: Scheduling restart of crashed service com.android.chrome/org.chromium.android_webview.services.MetricsBridgeService in 1000ms
01-07 16:00:57.673 941 955 I ActivityManager: Killing 17380:com.android.chrome:webview_apk/u0a34 (adj 904): stop com.android.chrome
01-07 16:00:57.675 941 955 I ActivityManager: Killing 1586:com.google.android.googlequicksearchbox:search/u0a25 (adj 500): stop com.android.chrome
01-07 16:00:57.676 941 955 W ActivityManager: Scheduling restart of crashed service com.google.android.googlequicksearchbox/com.google.android.apps.gsa.nowoverlayservice.DrawerOverlayService in 1000ms
01-07 16:00:57.676 941 955 W ActivityManager: Scheduling restart of crashed service com.google.android.googlequicksearchbox/com.google.android.apps.gsa.shared.util.keepalive.StandaloneKeepAlive$KeepAliveService in 11000ms
01-07 16:00:57.700 941 970 W PackageManager: Trying to update system app code path from /data/app/com.android.chrome-VoQGRhXw0j232IelcniKgQ== to /data/app/com.android.chrome-oMwVwFYe5ZgmVejs_s0GDw==
01-07 16:00:57.703 941 970 W PackageManager: Code path for com.android.chrome changing from /data/app/com.android.chrome-VoQGRhXw0j232IelcniKgQ== to /data/app/com.android.chrome-oMwVwFYe5ZgmVejs_s0GDw==
01-07 16:00:57.703 941 970 W PackageManager: Resource path for com.android.chrome changing from /data/app/com.android.chrome-VoQGRhXw0j232IelcniKgQ== to /data/app/com.android.chrome-oMwVwFYe5ZgmVejs_s0GDw==
01-07 16:00:57.793 941 970 W PackageManager: Privileged permission android.permission.MANAGE_SOUND_TRIGGER for package com.google.android.googlequicksearchbox - not in privapp-permissions whitelist
01-07 16:00:57.793 941 970 W PackageManager: Privileged permission android.permission.SET_MEDIA_KEY_LISTENER for package com.google.android.googlequicksearchbox - not in privapp-permissions whitelist
01-07 16:00:57.793 941 970 W PackageManager: Privileged permission android.permission.SET_VOLUME_KEY_LONG_PRESS_LISTENER for package com.google.android.googlequicksearchbox - not in privapp-permissions whitelist
01-07 16:00:57.793 941 970 W PackageManager: Privileged permission android.permission.MANAGE_USB for package com.google.android.googlequicksearchbox - not in privapp-permissions whitelist
01-07 16:00:57.793 941 970 W PackageManager: Privileged permission android.permission.PACKAGE_USAGE_STATS for package com.google.android.googlequicksearchbox - not in privapp-permissions whitelist
01-07 16:00:57.794 941 1191 D ConnectivityService: ConnectivityService NetworkRequestInfo binderDied(NetworkRequest [ LISTEN id=19, [ Capabilities: INTERNET&NOT_RESTRICTED&TRUSTED] ], android.os.BinderProxy@9d1a2a2)
01-07 16:00:57.794 941 951 D ConnectivityService: ConnectivityService NetworkRequestInfo binderDied(NetworkRequest [ TRACK_DEFAULT id=218, [ Capabilities: INTERNET&NOT_RESTRICTED&TRUSTED&NOT_VPN] ], android.os.BinderProxy@5313ef0)
01-07 16:00:57.794 941 951 D ConnectivityService: ConnectivityService NetworkRequestInfo binderDied(NetworkRequest [ TRACK_DEFAULT id=7, [ Capabilities: INTERNET&NOT_RESTRICTED&TRUSTED&NOT_VPN] ], android.os.BinderProxy@4c51c69)
01-07 16:00:57.795 941 970 W PackageManager: Privileged permission android.permission.CONTROL_INCALL_EXPERIENCE for package com.google.android.googlequicksearchbox - not in privapp-permissions whitelist
01-07 16:00:57.795 941 1080 D ConnectivityService: ConnectivityService NetworkRequestInfo binderDied(NetworkRequest [ LISTEN id=20, [ Capabilities: INTERNET&NOT_RESTRICTED&TRUSTED] ], android.os.BinderProxy@8cb46ee)
01-07 16:00:57.795 941 970 W PackageManager: Privileged permission android.permission.WRITE_APN_SETTINGS for package com.google.android.googlequicksearchbox - not in privapp-permissions whitelist
01-07 16:00:57.795 941 1024 D ConnectivityService: releasing NetworkRequest [ TRACK_DEFAULT id=218, [ Capabilities: INTERNET&NOT_RESTRICTED&TRUSTED&NOT_VPN] ] (release request)
01-07 16:00:57.796 941 970 W PackageManager: Privileged permission android.permission.READ_PRIVILEGED_PHONE_STATE for package com.android.vending - not in privapp-permissions whitelist
01-07 16:00:57.796 941 970 W PackageManager: Privileged permission android.permission.BACKUP for package com.android.vending - not in privapp-permissions whitelist
01-07 16:00:57.796 941 970 W PackageManager: Privileged permission android.permission.SUBSTITUTE_NOTIFICATION_APP_NAME for package com.android.vending - not in privapp-permissions whitelist
01-07 16:00:57.796 941 970 W PackageManager: Privileged permission android.permission.REBOOT for package com.android.vending - not in privapp-permissions whitelist
01-07 16:00:57.796 941 970 W PackageManager: Privileged permission android.permission.CHANGE_OVERLAY_PACKAGES for package com.android.vending - not in privapp-permissions whitelist
01-07 16:00:57.796 941 1024 D ConnectivityService: releasing NetworkRequest [ TRACK_DEFAULT id=7, [ Capabilities: INTERNET&NOT_RESTRICTED&TRUSTED&NOT_VPN] ] (release request)
01-07 16:00:57.798 941 1191 I WindowManager: WIN DEATH: Window{f7e99cc u0 com.google.android.apps.pixelclauncher/com.google.android.apps.nexuslauncher.NexusLauncherActivity}
01-07 16:00:57.801 941 970 W PackageManager: Privileged permission android.permission.FORCE_STOP_PACKAGES for package com.google.android.gms - not in privapp-permissions whitelist
01-07 16:00:57.801 941 970 W PackageManager: Privileged permission android.permission.ALLOCATE_AGGRESSIVE for package com.google.android.gms - not in privapp-permissions whitelist
01-07 16:00:57.802 941 970 W PackageManager: Privileged permission android.permission.MODIFY_DAY_NIGHT_MODE for package com.google.android.gms - not in privapp-permissions whitelist
01-07 16:00:57.802 941 970 W PackageManager: Privileged permission android.permission.MEDIA_CONTENT_CONTROL for package com.google.android.gms - not in privapp-permissions whitelist
01-07 16:00:57.803 941 970 W PackageManager: Privileged permission android.permission.PACKAGE_USAGE_STATS for package com.google.android.apps.turbo - not in privapp-permissions whitelist
01-07 16:00:57.804 941 970 W PackageManager: Privileged permission android.permission.READ_PRIVILEGED_PHONE_STATE for package com.google.android.apps.gcs - not in privapp-permissions whitelist
01-07 16:00:57.835 941 964 W ActivityManager: setHasOverlayUi called on unknown pid: 1586
01-07 16:00:58.172 941 970 I ActivityManager: Force stopping com.android.chrome appid=10034 user=0: pkg removed
01-07 16:00:58.179 941 955 W BroadcastQueue: Background execution not allowed: receiving Intent { act=android.intent.action.PACKAGE_REMOVED dat=package:com.android.chrome flg=0x4000010 (has extras) } to com.android.musicfx/.Compatibility$Receiver
01-07 16:00:58.180 941 955 W BroadcastQueue: Background execution not allowed: receiving Intent { act=android.intent.action.PACKAGE_REMOVED dat=package:com.android.chrome flg=0x4000010 (has extras) } to com.android.vending/com.google.android.finsky.packagemonitor.impl.PackageMonitorReceiverImpl$RegisteredReceiver
01-07 16:00:58.180 941 955 W BroadcastQueue: Background execution not allowed: receiving Intent { act=android.intent.action.PACKAGE_REMOVED dat=package:com.android.chrome flg=0x4000010 (has extras) } to com.android.vending/com.google.android.finsky.packagemonitor.backgroundimpl.BackgroundPackageMonitorReceiverImpl$RegisteredReceiver
01-07 16:00:58.180 941 955 W BroadcastQueue: Background execution not allowed: receiving Intent { act=android.intent.action.PACKAGE_REMOVED dat=package:com.android.chrome flg=0x4000010 (has extras) } to com.android.vending/com.google.android.finsky.instantapps.appmanagement.InstantAppRemoveMonitor
01-07 16:00:58.181 941 955 W BroadcastQueue: Background execution not allowed: receiving Intent { act=android.intent.action.PACKAGE_REMOVED dat=package:com.android.chrome flg=0x4000010 (has extras) } to com.google.android.apps.maps/com.google.android.libraries.social.peoplekit.thirdparty.viewcontrollers.ThirdPartyReceiver
01-07 16:00:58.181 941 955 W BroadcastQueue: Background execution not allowed: receiving Intent { act=android.intent.action.PACKAGE_REMOVED dat=package:com.android.chrome flg=0x4000010 (has extras) } to com.google.android.apps.photos/com.google.android.libraries.social.peoplekit.thirdparty.viewcontrollers.ThirdPartyReceiver
01-07 16:00:58.182 941 970 I ActivityManager: Force stopping com.android.chrome appid=10034 user=0: pkg removed
01-07 16:00:58.212 941 951 I ActivityManager: Start proc 17964:com.google.android.googlequicksearchbox:search/u0a25 for service com.google.android.googlequicksearchbox/com.google.android.apps.gsa.search.core.service.SearchService
01-07 16:00:58.215 941 955 W BroadcastQueue: Background execution not allowed: receiving Intent { act=android.intent.action.PACKAGE_REMOVED dat=package:com.android.chrome flg=0x4000010 (has extras) } to com.google.android.gms/.games.chimera.GamesSystemBroadcastReceiverProxy
01-07 16:00:58.227 941 955 W BroadcastQueue: Background execution not allowed: receiving Intent { act=android.intent.action.PACKAGE_REMOVED dat=package:com.android.chrome flg=0x4000010 (has extras) } to com.google.android.gms/.chimera.GmsIntentOperationService$PersistentTrustedReceiver
01-07 16:00:58.227 941 955 W BroadcastQueue: Background execution not allowed: receiving Intent { act=android.intent.action.PACKAGE_REMOVED dat=package:com.android.chrome flg=0x4000010 (has extras) } to com.google.android.googlequicksearchbox/com.google.android.apps.gsa.googlequicksearchbox.GelStubAppWatcher
01-07 16:00:58.227 941 955 W BroadcastQueue: Background execution not allowed: receiving Intent { act=android.intent.action.PACKAGE_REMOVED dat=package:com.android.chrome flg=0x4000010 (has extras) } to com.google.android.videos/com.google.android.libraries.social.peoplekit.thirdparty.viewcontrollers.ThirdPartyReceiver
01-07 16:00:58.553 941 941 E ActivityManager: Already have existing proc ProcessRecord{1f0b914 1106:WebViewLoader-armeabi-v7a/1037} when adding ProcessRecord{55b15bd 0:WebViewLoader-armeabi-v7a/1037}
01-07 16:00:58.662 941 941 I ActivityManager: Start proc 18008:WebViewLoader-armeabi-v7a/1037 [android.webkit.WebViewLibraryLoader$RelroFileCreator] for
01-07 16:00:58.662 941 941 E ActivityManager: Already have existing proc ProcessRecord{1aa5280 1111:WebViewLoader-arm64-v8a/1037} when adding ProcessRecord{9a850b9 0:WebViewLoader-arm64-v8a/1037}
01-07 16:00:58.686 941 941 I ActivityManager: Start proc 18014:WebViewLoader-arm64-v8a/1037 [android.webkit.WebViewLibraryLoader$RelroFileCreator] for
01-07 16:00:58.714 941 1080 I ActivityManager: Start proc 18023:com.android.chrome/u0a34 for service com.android.chrome/com.google.ipc.invalidation.ticl.android2.channel.GcmRegistrationTaskService
01-07 16:00:58.746 941 1582 W BroadcastQueue: Background execution not allowed: receiving Intent { act=android.intent.action.PACKAGE_ADDED dat=package:com.android.chrome flg=0x4000010 (has extras) } to com.android.musicfx/.Compatibility$Receiver
01-07 16:00:58.748 941 955 W BroadcastQueue: Background execution not allowed: receiving Intent { act=android.intent.action.PACKAGE_ADDED dat=package:com.android.chrome flg=0x4000010 (has extras) } to com.android.vending/com.google.android.finsky.packagemonitor.impl.PackageMonitorReceiverImpl$RegisteredReceiver
01-07 16:00:58.748 941 955 W BroadcastQueue: Background execution not allowed: receiving Intent { act=android.intent.action.PACKAGE_ADDED dat=package:com.android.chrome flg=0x4000010 (has extras) } to com.android.vending/com.google.android.finsky.packagemonitor.backgroundimpl.BackgroundPackageMonitorReceiverImpl$RegisteredReceiver
01-07 16:00:58.748 941 955 W BroadcastQueue: Background execution not allowed: receiving Intent { act=android.intent.action.PACKAGE_ADDED dat=package:com.android.chrome flg=0x4000010 (has extras) } to com.google.android.gms/.games.chimera.GamesSystemBroadcastReceiverProxy
01-07 16:00:58.748 941 955 W BroadcastQueue: Background execution not allowed: receiving Intent { act=android.intent.action.PACKAGE_ADDED dat=package:com.android.chrome flg=0x4000010 (has extras) } to com.google.android.gms/.gass.chimera.PackageChangeBroadcastReceiver
01-07 16:00:58.748 941 955 W BroadcastQueue: Background execution not allowed: receiving Intent { act=android.intent.action.PACKAGE_ADDED dat=package:com.android.chrome flg=0x4000010 (has extras) } to com.google.android.gms/.chimera.GmsIntentOperationService$PersistentTrustedReceiver
01-07 16:00:58.748 941 955 W BroadcastQueue: Background execution not allowed: receiving Intent { act=android.intent.action.PACKAGE_ADDED dat=package:com.android.chrome flg=0x4000010 (has extras) } to com.google.android.googlequicksearchbox/com.google.android.apps.gsa.googlequicksearchbox.GelStubAppWatcher
01-07 16:00:58.838 941 13817 W BroadcastQueue: Background execution not allowed: receiving Intent { act=android.intent.action.PACKAGE_REPLACED dat=package:com.android.chrome flg=0x4000010 (has extras) } to com.android.musicfx/.Compatibility$Receiver
01-07 16:00:58.838 941 955 W BroadcastQueue: Background execution not allowed: receiving Intent { act=android.intent.action.PACKAGE_REPLACED dat=package:com.android.chrome flg=0x4000010 (has extras) } to com.google.android.apps.photos/.account.full.FetchAccountPropertiesAppUpgradeBroadcastReceiver
01-07 16:00:58.838 941 955 W BroadcastQueue: Background execution not allowed: receiving Intent { act=android.intent.action.PACKAGE_REPLACED dat=package:com.android.chrome flg=0x4000010 (has extras) } to com.google.android.apps.photos/.account.full.SyncAccountsForLoginBroadcastReceiver
01-07 16:00:58.838 941 955 W BroadcastQueue: Background execution not allowed: receiving Intent { act=android.intent.action.PACKAGE_REPLACED dat=package:com.android.chrome flg=0x4000010 (has extras) } to com.google.android.apps.photos/.notificationchannels.AppUpdateBroadcastReceiver
01-07 16:00:58.840 941 955 W BroadcastQueue: Background execution not allowed: receiving Intent { act=android.intent.action.PACKAGE_REPLACED dat=package:com.android.chrome flg=0x4000010 (has extras) } to com.google.android.gms/.gass.chimera.PackageChangeBroadcastReceiver
