01-08 12:56:56.230 841 1506 D /system/bin/audioserver: connect control (val=360) to eq2:33 (in)
01-08 12:56:56.230 841 1506 D /system/bin/audioserver: connect control (val=2) to eq2:34 (in)
01-08 12:56:56.230 841 1506 D /system/bin/audioserver: connect control (val=-4) to eq2:35 (in)
01-08 12:56:56.230 841 1506 D /system/bin/audioserver: connect control (val=6) to eq2:36 (in)
01-08 12:56:56.230 841 1506 D /system/bin/audioserver: connect control (val=1300) to eq2:37 (in)
01-08 12:56:56.230 841 1506 D /system/bin/audioserver: connect control (val=3) to eq2:38 (in)
01-08 12:56:56.230 841 1506 D /system/bin/audioserver: connect control (val=-4) to eq2:39 (in)
01-08 12:56:56.230 841 1506 D /system/bin/audioserver: connect control (val=6) to eq2:40 (in)
01-08 12:56:56.230 841 1506 D /system/bin/audioserver: connect control (val=1000) to eq2:41 (in)
01-08 12:56:56.230 841 1506 D /system/bin/audioserver: connect control (val=2) to eq2:42 (in)
01-08 12:56:56.230 841 1506 D /system/bin/audioserver: connect control (val=-4) to eq2:43 (in)
01-08 12:56:56.230 841 1506 D /system/bin/audioserver: connect control (val=6) to eq2:44 (in)
01-08 12:56:56.231 841 1506 D /system/bin/audioserver: connect control (val=360) to eq2:45 (in)
01-08 12:56:56.231 841 1506 D /system/bin/audioserver: connect control (val=1) to eq2:46 (in)
01-08 12:56:56.231 841 1506 D /system/bin/audioserver: connect control (val=-3) to eq2:47 (in)
01-08 12:56:56.231 841 1506 D /system/bin/audioserver: connect control (val=6) to eq2:48 (in)
01-08 12:56:56.231 841 1506 D /system/bin/audioserver: connect control (val=1200) to eq2:49 (in)
01-08 12:56:56.231 841 1506 D /system/bin/audioserver: connect control (val=2) to eq2:50 (in)
01-08 12:56:56.231 841 1506 D /system/bin/audioserver: connect control (val=-5) to eq2:51 (in)
01-08 12:56:56.231 841 1506 D /system/bin/audioserver: connect control (val=6) to eq2:52 (in)
01-08 12:56:56.231 841 1506 D /system/bin/audioserver: connect control (val=2200) to eq2:53 (in)
01-08 12:56:56.231 841 1506 D /system/bin/audioserver: connect control (val=7) to eq2:54 (in)
01-08 12:56:56.231 841 1506 D /system/bin/audioserver: connect control (val=-9) to eq2:55 (in)
01-08 12:56:56.231 841 1506 D /system/bin/audioserver: connect control (val=6) to eq2:56 (in)
01-08 12:56:56.231 841 1506 D /system/bin/audioserver: connect control (val=2200) to eq2:57 (in)
01-08 12:56:56.231 841 1506 D /system/bin/audioserver: connect control (val=7) to eq2:58 (in)
01-08 12:56:56.231 841 1506 D /system/bin/audioserver: connect control (val=-9) to eq2:59 (in)
01-08 12:56:56.231 841 1506 D /system/bin/audioserver: connect control (val=5) to eq2:60 (in)
01-08 12:56:56.231 841 1506 D /system/bin/audioserver: connect control (val=6000) to eq2:61 (in)
01-08 12:56:56.231 841 1506 D /system/bin/audioserver: connect control (val=0) to eq2:62 (in)
01-08 12:56:56.231 841 1506 D /system/bin/audioserver: connect control (val=-2) to eq2:63 (in)
01-08 12:56:56.231 841 1506 D /system/bin/audioserver: connect control (val=5) to eq2:64 (in)
01-08 12:56:56.231 841 1506 D /system/bin/audioserver: connect control (val=6000) to eq2:65 (in)
01-08 12:56:56.231 841 1506 D /system/bin/audioserver: connect control (val=1) to eq2:66 (in)
01-08 12:56:56.231 841 1506 D /system/bin/audioserver: connect control (val=-2) to eq2:67 (in)
01-08 12:56:56.231 841 1506 D /system/bin/audioserver: connect audio buf 0 to output_sink:0 (in)
01-08 12:56:56.231 841 1506 D /system/bin/audioserver: connect audio buf 1 to output_sink:1 (in)
01-08 12:56:56.265 841 1506 W StreamHAL: Error from HAL stream in function get_presentation_position: Operation not permitted
01-08 12:56:56.365 23757 23757 I CAM_GcaActivity: [957762a] GcaActivity#onPause
01-08 12:56:56.427 188 188 W gralloc : Unmapped producer usage 900
01-08 12:56:56.463 188 6203 W gralloc : Unmapped producer usage 900
01-08 12:56:56.471 23757 23757 I CAM_FusedLocProvider: FusedLocationApi#removeLocationUpdates
01-08 12:56:56.475 1043 1043 D Avrcp : AvrcpServiceBroadcastReceiver-> Action: android.intent.action.PACKAGE_CHANGED
01-08 12:56:56.475 1043 1043 D Avrcp : AvrcpServiceBroadcastReceiver-> packageName: com.google.android.talk
01-08 12:56:56.475 1043 1043 D Avrcp : packageName: com.google.android.talk removed: false
01-08 12:56:56.477 1043 1043 D Avrcp : isBrowsableListUpdated: false
01-08 12:56:56.488 188 315 W gralloc : Unmapped producer usage 900
01-08 12:56:56.532 1152 1152 D ImsResolver: maybeAddedImsService, packageName: com.google.android.talk
01-08 12:56:56.687 192 192 D SurfaceFlinger: duplicate layer name: changing com.google.android.apps.pixelclauncher/com.google.android.apps.nexuslauncher.NexusLauncherActivity to com.google.android.apps.pixelclauncher/com.google.android.apps.nexuslauncher.NexusLauncherActivity#1
01-08 12:56:56.691 188 314 W gralloc : Unmapped producer usage 900
01-08 12:56:56.734 188 188 W gralloc : Unmapped producer usage 900
01-08 12:56:56.750 188 6203 W gralloc : Unmapped producer usage 900
01-08 12:56:56.823 188 315 W gralloc : Unmapped consumer usage 200
01-08 12:56:56.823 188 315 W gralloc : Unmapped producer usage 900
01-08 12:56:56.880 941 955 I ActivityManager: Start proc 24128:com.android.chrome:webview_service/u0a34 for service com.android.chrome/org.chromium.android_webview.services.MetricsBridgeService
01-08 12:56:57.023 941 964 I chatty : uid=1000(system) android.display expire 10 lines
01-08 12:56:57.088 1133 1133 D zz : UtWallpaperService$UtEngine.onVisibilityChanged() true
01-08 12:56:57.115 1133 1133 D zz : UtRenderer.onVisible()
01-08 12:56:57.116 1133 1133 W zz : WeatherManager.doGet() no permissions
01-08 12:56:57.122 1133 1133 W zz : SunriseUtil.doGet() no permissions
01-08 12:56:57.155 1133 1133 V zz : TimelapseRenderer$1.onReceive() got sunrise broadcast - false
01-08 12:56:57.264 941 941 I chatty : uid=1000 system_server expire 22 lines
01-08 12:56:57.287 188 314 W gralloc : Unmapped consumer usage 200
01-08 12:56:57.287 188 314 W gralloc : Unmapped producer usage 900
01-08 12:56:57.317 1481 1606 W OpenGLRenderer: Incorrectly called buildLayer on View: ShortcutAndWidgetContainer, destroying layer...
01-08 12:56:57.317 1481 1606 W OpenGLRenderer: Incorrectly called buildLayer on View: ShortcutAndWidgetContainer, destroying layer...
01-08 12:56:57.445 17964 17964 I Choreographer: Skipped 50 frames! The application may be doing too much work on its main thread.
01-08 12:56:57.446 188 188 W gralloc : Unmapped consumer usage 200
01-08 12:56:57.446 188 188 W gralloc : Unmapped producer usage 900
01-08 12:56:57.623 188 6203 W gralloc : Unmapped consumer usage 200
01-08 12:56:57.623 188 6203 W gralloc : Unmapped producer usage 100
01-08 12:56:57.680 24066 24093 I zygote : Waiting for a blocking GC ProfileSaver
01-08 12:56:57.721 24066 24093 I zygote : WaitForGcToComplete blocked ProfileSaver on HeapTrim for 40.880ms
01-08 12:56:57.770 188 315 W gralloc : Unmapped consumer usage 200
01-08 12:56:57.770 188 315 W gralloc : Unmapped producer usage 900
01-08 12:56:57.906 941 1009 I chatty : uid=1000(system) InputReader expire 1 line
01-08 12:56:58.032 941 954 I chatty : uid=1000(system) android.bg expire 30 lines
01-08 12:56:58.044 13834 13845 I zygote64: Background concurrent copying GC freed 106176(4MB) AllocSpace objects, 2(72KB) LOS objects, 49% free, 14MB/29MB, paused 19.850ms total 1.302s
01-08 12:56:58.053 1089 1100 I zygote64: NativeAlloc concurrent copying GC freed 11028(784KB) AllocSpace objects, 0(0B) LOS objects, 49% free, 4MB/9MB, paused 74us total 178.424ms
01-08 12:56:58.138 1065 1065 I GoogleInputMethodService: GoogleInputMethodService.onFinishInput():3206
01-08 12:56:58.181 24128 24128 I cr_SplitCompatApp: Launched version=120.0.6099.193 minSdkVersion=1 isBundle=true processName=com.android.chrome:webview_service isIsolated=false
01-08 12:56:58.235 1065 1065 I GoogleInputMethodService: GoogleInputMethodService.updateDeviceLockedStatus():2147 repeatCheckTimes = 0, locked = false
01-08 12:56:58.269 941 2709 I chatty : uid=1000(system) RenderThread expire 4 lines
01-08 12:56:58.320 13834 24144 I Fitness : (REDACTED) OnPackageChangedOperation got intent: %s
01-08 12:56:58.370 941 1583 D ConnectivityService: requestNetwork for uid/pid:10058/22438 NetworkRequest [ TRACK_DEFAULT id=311, [ Capabilities: INTERNET&NOT_RESTRICTED&TRUSTED&NOT_VPN] ]
01-08 12:56:58.375 1065 1065 I GoogleInputMethodService: GoogleInputMethodService.onStartInput():1894 onStartInput(EditorInfo{EditorInfo{packageName=com.google.android.apps.pixelclauncher, inputType=0, inputTypeString=NULL, enableLearning=false, autoCorrection=false, autoComplete=false, imeOptions=0, privateImeOptions=null, actionName=UNSPECIFIED, actionLabel=null, initialSelStart=-1, initialSelEnd=-1, initialCapsMode=0, label=null, fieldId=-1, fieldName=null, extras=null, hintText=null, hintLocales=[]}}, false)
01-08 12:56:58.376 1065 1065 I GoogleInputMethodService: GoogleInputMethodService.updateDeviceLockedStatus():2147 repeatCheckTimes = 1, locked = false
01-08 12:56:58.403 941 1019 I chatty : uid=1000(system) WifiStateMachin expire 4 lines
01-08 12:56:58.404 941 1039 I chatty : uid=1000(system) EthernetService expire 2 lines
01-08 12:56:58.420 1152 1152 D PhoneSwitcherNetworkRequstListener: got request NetworkRequest [ TRACK_DEFAULT id=311, [ Capabilities: INTERNET&NOT_RESTRICTED&TRUSTED&NOT_VPN] ] with score 60
01-08 12:56:58.502 23757 23757 I CAM_GcaActivity: [957762a] GcaActivity#onStop
01-08 12:56:58.613 842 2375 I CameraLatencyHistogram: Stream 0 dequeueBuffer latency histogram (150) samples:
01-08 12:56:58.614 842 2375 I CameraLatencyHistogram: 5 10 15 20 25 30 35 40 45 inf (max ms)
01-08 12:56:58.614 842 2375 I CameraLatencyHistogram: 96.00 2.00 1.33 0.67 0.00 0.00 0.00 0.00 0.00 0.00 (%)
01-08 12:56:58.653 23757 23862 W CAM2PORT_AndCamAgntImp: Releasing camera without any camera opened.
01-08 12:56:58.663 23757 23757 I CAM_GcaActivity: [957762a] GcaActivity#onDestroy
01-08 12:56:58.671 23757 23862 W CAM2PORT_AndCamAgntImp: Releasing camera without any camera opened.
01-08 12:56:58.672 23757 23757 I CAM_SoundPlayer: Closing SoundPool
01-08 12:56:58.692 842 940 D Camera3-Device: Set real time priority for request queue thread (tid 23971)
01-08 12:56:59.102 13834 24144 I Fitness : (REDACTED) FitCleanupIntentOperation received Intent %s
01-08 12:56:59.130 1065 1065 I GoogleInputMethodService: GoogleInputMethodService.onFinishInput():3206
01-08 12:56:59.131 941 950 I chatty : uid=1000(system) HeapTaskDaemon expire 3 lines
01-08 12:56:59.131 1065 1065 I GoogleInputMethodService: GoogleInputMethodService.updateDeviceLockedStatus():2147 repeatCheckTimes = 0, locked = false
01-08 12:56:59.131 1065 1065 I GoogleInputMethodService: GoogleInputMethodService.onStartInput():1894 onStartInput(EditorInfo{EditorInfo{packageName=com.google.android.apps.pixelclauncher, inputType=0, inputTypeString=NULL, enableLearning=false, autoCorrection=false, autoComplete=false, imeOptions=0, privateImeOptions=null, actionName=UNSPECIFIED, actionLabel=null, initialSelStart=-1, initialSelEnd=-1, initialCapsMode=0, label=null, fieldId=2131623976, fieldName=null, extras=null, hintText=null, hintLocales=[]}}, false)
01-08 12:56:59.132 1065 1065 I GoogleInputMethodService: GoogleInputMethodService.updateDeviceLockedStatus():2147 repeatCheckTimes = 1, locked = false
01-08 12:56:59.198 941 1405 I ActivityManager: Killing 23164:com.android.chrome:webview_apk/u0a34 (adj 904): empty #17
01-08 12:56:59.199 941 957 I chatty : uid=1000(system) ActivityManager expire 12 lines
01-08 12:56:59.376 13834 13910 W AlarmManager: alarm window unlikely to be respected [CONTEXT service_id=231 ]
01-08 12:56:59.376 13834 13910 W AlarmManager: java.lang.IllegalArgumentException: alarm "NetworkLocationLocator" has short window length
01-08 12:56:59.376 13834 13910 W AlarmManager: at bgaj.b(:com.google.android.gms@234914013@23.49.14 (040400-590296185):45)
01-08 12:56:59.376 13834 13910 W AlarmManager: at dcsl.f(:com.google.android.gms@234914013@23.49.14 (040400-590296185):121)
01-08 12:56:59.376 13834 13910 W AlarmManager: at dcor.e(:com.google.android.gms@234914013@23.49.14 (040400-590296185):106)
01-08 12:56:59.376 13834 13910 W AlarmManager: at dcor.h(:com.google.android.gms@234914013@23.49.14 (040400-590296185):239)
01-08 12:56:59.376 13834 13910 W AlarmManager: at dcor.g(:com.google.android.gms@234914013@23.49.14 (040400-590296185):364)
01-08 12:56:59.376 13834 13910 W AlarmManager: at dczn.x(:com.google.android.gms@234914013@23.49.14 (040400-590296185):9)
01-08 12:56:59.376 13834 13910 W AlarmManager: at dczf.x(:com.google.android.gms@234914013@23.49.14 (040400-590296185):22)
01-08 12:56:59.376 13834 13910 W AlarmManager: at dcro.handleMessage(:com.google.android.gms@234914013@23.49.14 (040400-590296185):651)
01-08 12:56:59.376 13834 13910 W AlarmManager: at android.os.Handler.dispatchMessage(Handler.java:106)
01-08 12:56:59.376 13834 13910 W AlarmManager: at bgpp.lx(:com.google.android.gms@234914013@23.49.14 (040400-590296185):1)
01-08 12:56:59.376 13834 13910 W AlarmManager: at bgpp.dispatchMessage(:com.google.android.gms@234914013@23.49.14 (040400-590296185):143)
01-08 12:56:59.376 13834 13910 W AlarmManager: at android.os.Looper.loop(Looper.java:164)
01-08 12:56:59.376 13834 13910 W AlarmManager: at android.os.HandlerThread.run(HandlerThread.java:65)
01-08 12:56:59.568 941 1024 D ConnectivityService: releasing NetworkRequest [ TRACK_DEFAULT id=311, [ Capabilities: INTERNET&NOT_RESTRICTED&TRUSTED&NOT_VPN] ] (release request)
01-08 12:56:59.661 842 2374 I Camera3-Device: disconnect: E
01-08 12:56:59.661 842 2374 I CameraLatencyHistogram: ProcessCaptureRequest latency histogram (150) samples:
01-08 12:56:59.661 842 2374 I CameraLatencyHistogram: 40 80 120 160 200 240 280 320 360 inf (max ms)
01-08 12:56:59.661 842 2374 I CameraLatencyHistogram: 8.00 91.33 0.67 0.00 0.00 0.00 0.00 0.00 0.00 0.00 (%)
01-08 12:56:59.876 12852 19067 I Icing : Indexing com.google.android.gms-apps from com.google.android.gms
01-08 12:56:59.885 13834 21313 W ChimeraUtils: Module com.google.android.gms.nearby_en missing resource null(0)
01-08 12:56:59.912 842 2374 E Error : pp3dDestroy: NvRmChannelClose is skipped on null channel handle
01-08 12:56:59.912 842 2374 E Error : pp3dDestroy: NvRmlClose is skipped on null rm handle
01-08 12:56:59.956 842 2374 I Camera3-Device: disconnect: X
01-08 12:56:59.956 842 2374 I Camera3-Device: disconnect: E
01-08 12:56:59.964 842 2374 I CameraService: disconnect: Disconnected client for camera 0 for PID 23757
01-08 12:56:59.992 12852 19067 I Icing : Indexing done com.google.android.gms-apps
01-08 12:56:59.995 13834 21313 W ChimeraUtils: Module com.google.android.gms.nearby_en missing resource null(0)
01-08 12:57:00.182 841 1506 D audio_route: Apply path: speaker
01-08 12:57:00.184 941 21177 I ActivityManager: START u0 {act=android.intent.action.MAIN cat=[android.intent.category.LAUNCHER] flg=0x10200000 cmp=io.qt.qtdesignviewer/org.qtproject.qt.android.bindings.QtActivity bnds=[859,1588][1280,1818]} from uid 10090
01-08 12:57:00.185 841 1506 I audio_cras_dsp: pipeline created
01-08 12:57:00.185 841 1506 D /system/bin/audioserver: instantiate source
01-08 12:57:00.185 841 1506 D /system/bin/audioserver: instantiate drc
01-08 12:57:00.185 841 1506 D /system/bin/audioserver: instantiate eq2
01-08 12:57:00.185 841 1506 D /system/bin/audioserver: instantiate sink
01-08 12:57:00.185 841 1506 D /system/bin/audioserver: connect audio buf 0 to output_source:0 (out)
01-08 12:57:00.185 841 1506 D /system/bin/audioserver: connect audio buf 1 to output_source:1 (out)
01-08 12:57:00.185 841 1506 D /system/bin/audioserver: connect audio buf 0 to drc:0 (in)
01-08 12:57:00.185 841 1506 D /system/bin/audioserver: connect audio buf 1 to drc:1 (in)
01-08 12:57:00.185 841 1506 D /system/bin/audioserver: connect audio buf 0 to drc:2 (out)
01-08 12:57:00.185 841 1506 D /system/bin/audioserver: connect audio buf 1 to drc:3 (out)
01-08 12:57:00.185 841 1506 D /system/bin/audioserver: connect control (val=1) to drc:4 (in)
01-08 12:57:00.185 841 1506 D /system/bin/audioserver: connect control (val=0) to drc:5 (in)
01-08 12:57:00.185 841 1506 D /system/bin/audioserver: connect control (val=1) to drc:6 (in)
01-08 12:57:00.185 841 1506 D /system/bin/audioserver: connect control (val=-36) to drc:7 (in)
01-08 12:57:00.185 841 1506 D /system/bin/audioserver: connect control (val=18) to drc:8 (in)
01-08 12:57:00.185 841 1506 D /system/bin/audioserver: connect control (val=20) to drc:9 (in)
01-08 12:57:00.185 841 1506 D /system/bin/audioserver: connect control (val=0.003) to drc:10 (in)
01-08 12:57:00.185 841 1506 D /system/bin/audioserver: connect control (val=0.2) to drc:11 (in)
01-08 12:57:00.185 841 1506 D /system/bin/audioserver: connect control (val=3) to drc:12 (in)
01-08 12:57:00.185 841 1506 D /system/bin/audioserver: connect control (val=450) to drc:13 (in)
01-08 12:57:00.185 841 1506 D /system/bin/audioserver: connect control (val=1) to drc:14 (in)
01-08 12:57:00.185 841 1506 D /system/bin/audioserver: connect control (val=-33) to drc:15 (in)
01-08 12:57:00.185 841 1506 D /system/bin/audioserver: connect control (val=20) to drc:16 (in)
01-08 12:57:00.186 841 1506 D /system/bin/audioserver: connect control (val=23) to drc:17 (in)
01-08 12:57:00.186 841 1506 D /system/bin/audioserver: connect control (val=0.003) to drc:18 (in)
01-08 12:57:00.186 841 1506 D /system/bin/audioserver: connect control (val=0.2) to drc:19 (in)
01-08 12:57:00.186 841 1506 D /system/bin/audioserver: connect control (val=6) to drc:20 (in)
01-08 12:57:00.186 841 1506 D /system/bin/audioserver: connect control (val=2200) to drc:21 (in)
01-08 12:57:00.186 841 1506 D /system/bin/audioserver: connect control (val=1) to drc:22 (in)
01-08 12:57:00.186 841 1506 D /system/bin/audioserver: connect control (val=-18) to drc:23 (in)
01-08 12:57:00.186 841 1506 D /system/bin/audioserver: connect control (val=20) to drc:24 (in)
01-08 12:57:00.186 841 1506 D /system/bin/audioserver: connect control (val=6) to drc:25 (in)
01-08 12:57:00.186 841 1506 D /system/bin/audioserver: connect control (val=0.003) to drc:26 (in)
01-08 12:57:00.186 841 1506 D /system/bin/audioserver: connect control (val=0.2) to drc:27 (in)
01-08 12:57:00.186 841 1506 D /system/bin/audioserver: connect control (val=-1) to drc:28 (in)
01-08 12:57:00.186 841 1506 D /system/bin/audioserver: connect audio buf 0 to eq2:0 (in)
01-08 12:57:00.186 841 1506 D /system/bin/audioserver: connect audio buf 1 to eq2:1 (in)
01-08 12:57:00.186 841 1506 D /system/bin/audioserver: connect audio buf 0 to eq2:2 (out)
01-08 12:57:00.186 841 1506 D /system/bin/audioserver: connect audio buf 1 to eq2:3 (out)
01-08 12:57:00.186 841 1506 D /system/bin/audioserver: connect control (val=2) to eq2:4 (in)
01-08 12:57:00.186 841 1506 D /system/bin/audioserver: connect control (val=330) to eq2:5 (in)
01-08 12:57:00.186 841 1506 D /system/bin/audioserver: connect control (val=0) to eq2:6 (in)
01-08 12:57:00.186 841 1506 D /system/bin/audioserver: connect control (val=0) to eq2:7 (in)
01-08 12:57:00.186 841 1506 D /system/bin/audioserver: connect control (val=2) to eq2:8 (in)
01-08 12:57:00.186 841 1506 D /system/bin/audioserver: connect control (val=330) to eq2:9 (in)
01-08 12:57:00.186 841 1506 D /system/bin/audioserver: connect control (val=0) to eq2:10 (in)
01-08 12:57:00.186 841 1506 D /system/bin/audioserver: connect control (val=0) to eq2:11 (in)
01-08 12:57:00.186 841 1506 D /system/bin/audioserver: connect control (val=6) to eq2:12 (in)
01-08 12:57:00.186 841 1506 D /system/bin/audioserver: connect control (val=550) to eq2:13 (in)
01-08 12:57:00.186 841 1506 D /system/bin/audioserver: connect control (val=3) to eq2:14 (in)
01-08 12:57:00.186 841 1506 D /system/bin/audioserver: connect control (val=-10) to eq2:15 (in)
01-08 12:57:00.187 841 1506 D /system/bin/audioserver: connect control (val=6) to eq2:16 (in)
01-08 12:57:00.187 841 1506 D /system/bin/audioserver: connect control (val=550) to eq2:17 (in)
01-08 12:57:00.187 841 1506 D /system/bin/audioserver: connect control (val=3) to eq2:18 (in)
01-08 12:57:00.187 841 1506 D /system/bin/audioserver: connect control (val=-10) to eq2:19 (in)
01-08 12:57:00.187 841 1506 D /system/bin/audioserver: connect control (val=6) to eq2:20 (in)
01-08 12:57:00.187 841 1506 D /system/bin/audioserver: connect control (val=740) to eq2:21 (in)
01-08 12:57:00.187 841 1506 D /system/bin/audioserver: connect control (val=3) to eq2:22 (in)
01-08 12:57:00.187 841 1506 D /system/bin/audioserver: connect control (val=-8) to eq2:23 (in)
01-08 12:57:00.187 841 1506 D /system/bin/audioserver: connect control (val=6) to eq2:24 (in)
01-08 12:57:00.187 841 1506 D /system/bin/audioserver: connect control (val=750) to eq2:25 (in)
01-08 12:57:00.187 841 1506 D /system/bin/audioserver: connect control (val=3) to eq2:26 (in)
01-08 12:57:00.187 841 1506 D /system/bin/audioserver: connect control (val=-6) to eq2:27 (in)
01-08 12:57:00.187 841 1506 D /system/bin/audioserver: connect control (val=6) to eq2:28 (in)
01-08 12:57:00.187 841 1506 D /system/bin/audioserver: connect control (val=1000) to eq2:29 (in)
01-08 12:57:00.187 841 1506 D /system/bin/audioserver: connect control (val=3) to eq2:30 (in)
01-08 12:57:00.187 841 1506 D /system/bin/audioserver: connect control (val=-3) to eq2:31 (in)
01-08 12:57:00.187 841 1506 D /system/bin/audioserver: connect control (val=6) to eq2:32 (in)
01-08 12:57:00.187 841 1506 D /system/bin/audioserver: connect control (val=360) to eq2:33 (in)
01-08 12:57:00.187 841 1506 D /system/bin/audioserver: connect control (val=2) to eq2:34 (in)
01-08 12:57:00.187 841 1506 D /system/bin/audioserver: connect control (val=-4) to eq2:35 (in)
01-08 12:57:00.187 841 1506 D /system/bin/audioserver: connect control (val=6) to eq2:36 (in)
01-08 12:57:00.187 841 1506 D /system/bin/audioserver: connect control (val=1300) to eq2:37 (in)
01-08 12:57:00.187 841 1506 D /system/bin/audioserver: connect control (val=3) to eq2:38 (in)
01-08 12:57:00.187 841 1506 D /system/bin/audioserver: connect control (val=-4) to eq2:39 (in)
01-08 12:57:00.187 841 1506 D /system/bin/audioserver: connect control (val=6) to eq2:40 (in)
01-08 12:57:00.187 841 1506 D /system/bin/audioserver: connect control (val=1000) to eq2:41 (in)
01-08 12:57:00.187 841 1506 D /system/bin/audioserver: connect control (val=2) to eq2:42 (in)
01-08 12:57:00.188 841 1506 D /system/bin/audioserver: connect control (val=-4) to eq2:43 (in)
01-08 12:57:00.188 841 1506 D /system/bin/audioserver: connect control (val=6) to eq2:44 (in)
01-08 12:57:00.188 841 1506 D /system/bin/audioserver: connect control (val=360) to eq2:45 (in)
01-08 12:57:00.188 841 1506 D /system/bin/audioserver: connect control (val=1) to eq2:46 (in)
01-08 12:57:00.188 841 1506 D /system/bin/audioserver: connect control (val=-3) to eq2:47 (in)
01-08 12:57:00.188 841 1506 D /system/bin/audioserver: connect control (val=6) to eq2:48 (in)
01-08 12:57:00.188 841 1506 D /system/bin/audioserver: connect control (val=1200) to eq2:49 (in)
01-08 12:57:00.188 841 1506 D /system/bin/audioserver: connect control (val=2) to eq2:50 (in)
01-08 12:57:00.188 841 1506 D /system/bin/audioserver: connect control (val=-5) to eq2:51 (in)
01-08 12:57:00.188 841 1506 D /system/bin/audioserver: connect control (val=6) to eq2:52 (in)
01-08 12:57:00.188 841 1506 D /system/bin/audioserver: connect control (val=2200) to eq2:53 (in)
01-08 12:57:00.188 841 1506 D /system/bin/audioserver: connect control (val=7) to eq2:54 (in)
01-08 12:57:00.188 841 1506 D /system/bin/audioserver: connect control (val=-9) to eq2:55 (in)
01-08 12:57:00.188 841 1506 D /system/bin/audioserver: connect control (val=6) to eq2:56 (in)
01-08 12:57:00.188 841 1506 D /system/bin/audioserver: connect control (val=2200) to eq2:57 (in)
01-08 12:57:00.188 841 1506 D /system/bin/audioserver: connect control (val=7) to eq2:58 (in)
01-08 12:57:00.188 841 1506 D /system/bin/audioserver: connect control (val=-9) to eq2:59 (in)
01-08 12:57:00.188 841 1506 D /system/bin/audioserver: connect control (val=5) to eq2:60 (in)
01-08 12:57:00.188 841 1506 D /system/bin/audioserver: connect control (val=6000) to eq2:61 (in)
01-08 12:57:00.188 841 1506 D /system/bin/audioserver: connect control (val=0) to eq2:62 (in)
01-08 12:57:00.188 841 1506 D /system/bin/audioserver: connect control (val=-2) to eq2:63 (in)
01-08 12:57:00.188 841 1506 D /system/bin/audioserver: connect control (val=5) to eq2:64 (in)
01-08 12:57:00.188 841 1506 D /system/bin/audioserver: connect control (val=6000) to eq2:65 (in)
01-08 12:57:00.188 841 1506 D /system/bin/audioserver: connect control (val=1) to eq2:66 (in)
01-08 12:57:00.188 841 1506 D /system/bin/audioserver: connect control (val=-2) to eq2:67 (in)
01-08 12:57:00.188 841 1506 D /system/bin/audioserver: connect audio buf 0 to output_sink:0 (in)
01-08 12:57:00.188 841 1506 D /system/bin/audioserver: connect audio buf 1 to output_sink:1 (in)
01-08 12:57:00.218 841 1506 W StreamHAL: Error from HAL stream in function get_presentation_position: Operation not permitted
01-08 12:57:00.234 188 314 W gralloc : Unmapped producer usage 900
01-08 12:57:00.236 941 991 I chatty : uid=1000(system) android.anim expire 4 lines
01-08 12:57:00.275 188 188 W gralloc : Unmapped consumer usage 200
01-08 12:57:00.275 188 188 W gralloc : Unmapped producer usage 900
01-08 12:57:00.375 188 6203 W gralloc : Unmapped producer usage 100
01-08 12:57:00.539 192 262 W ServiceManager: Permission failure: android.permission.ACCESS_SURFACE_FLINGER from uid=10472 pid=23487
01-08 12:57:00.539 192 262 D PermissionCache: checking android.permission.ACCESS_SURFACE_FLINGER for uid=10472 => denied (2990 us)
01-08 12:57:00.539 192 262 E SurfaceFlinger: Permission Denial: can't openGlobalTransaction pid=23487, uid<=10472
01-08 12:57:00.539 23487 23487 E BpSurfaceComposerClient: Failed to transact (-1)
01-08 12:57:00.540 192 260 E SurfaceFlinger: Permission Denial: can't openGlobalTransaction pid=23487, uid<=10472
01-08 12:57:00.540 23487 23487 E BpSurfaceComposerClient: Failed to transact (-1)
01-08 12:57:00.551 1065 1065 I GoogleInputMethodService: GoogleInputMethodService.onFinishInput():3206
01-08 12:57:00.551 1065 1065 I GoogleInputMethodService: GoogleInputMethodService.updateDeviceLockedStatus():2147 repeatCheckTimes = 0, locked = false
01-08 12:57:00.551 1065 1065 I GoogleInputMethodService: GoogleInputMethodService.onStartInput():1894 onStartInput(EditorInfo{EditorInfo{packageName=io.qt.qtdesignviewer, inputType=0, inputTypeString=NULL, enableLearning=false, autoCorrection=false, autoComplete=false, imeOptions=0, privateImeOptions=null, actionName=UNSPECIFIED, actionLabel=null, initialSelStart=-1, initialSelEnd=-1, initialCapsMode=0, label=null, fieldId=-1, fieldName=null, extras=null, hintText=null, hintLocales=[]}}, false)
01-08 12:57:00.552 1065 1065 I GoogleInputMethodService: GoogleInputMethodService.updateDeviceLockedStatus():2147 repeatCheckTimes = 1, locked = false
01-08 12:57:00.554 188 315 W gralloc : Unmapped consumer usage 200
01-08 12:57:00.554 188 315 W gralloc : Unmapped producer usage 900
01-08 12:57:00.613 941 941 I Telecom : DefaultDialerCache: Refreshing default dialer for user 0: now null: DDC.oR@AIo
01-08 12:57:00.637 1133 1133 D zz : UtWallpaperService$UtEngine.onVisibilityChanged() false
01-08 12:57:00.658 1133 1133 D zz : UtRenderer.onNotVisible()
01-08 12:57:00.667 941 1582 I ActivityManager: Killing 23408:com.google.android.apps.turbo:aab/u0a93 (adj 904): empty #17
01-08 12:57:00.688 192 636 E SurfaceFlinger: Failed to find layer (SurfaceView - io.qt.qtdesignviewer/org.qtproject.qt.android.bindings.QtActivity#0) in layer parent (no-parent).
01-08 12:57:00.688 192 636 E SurfaceFlinger: Failed to find layer (Background for - SurfaceView - io.qt.qtdesignviewer/org.qtproject.qt.android.bindings.QtActivity#0) in layer parent (no-parent).
01-08 12:57:00.722 188 314 W gralloc : Unmapped consumer usage 200
01-08 12:57:00.722 188 314 W gralloc : Unmapped producer usage 900
01-08 12:57:00.725 188 188 W gralloc : Unmapped consumer usage 200
01-08 12:57:00.725 188 188 W gralloc : Unmapped producer usage 900
01-08 12:57:00.832 188 6203 W gralloc : Unmapped consumer usage 200
01-08 12:57:00.832 188 6203 W gralloc : Unmapped producer usage 900
01-08 12:57:00.842 188 315 W gralloc : Unmapped consumer usage 200
01-08 12:57:00.842 188 315 W gralloc : Unmapped producer usage 900
01-08 12:57:01.287 941 951 D ConnectivityService: requestNetwork for uid/pid:10050/23550 NetworkRequest [ TRACK_DEFAULT id=312, [ Capabilities: INTERNET&NOT_RESTRICTED&TRUSTED&NOT_VPN] ]
01-08 12:57:01.289 1152 1152 D PhoneSwitcherNetworkRequstListener: got request NetworkRequest [ TRACK_DEFAULT id=312, [ Capabilities: INTERNET&NOT_RESTRICTED&TRUSTED&NOT_VPN] ] with score 60
01-08 12:57:01.512 12852 12852 D BoundBrokerSvc: onUnbind: Intent { act=com.google.android.gms.measurement.START pkg=com.google.android.gms }
01-08 12:57:02.075 941 1008 I ActivityManager: START u0 {act=android.intent.action.MAIN cat=[android.intent.category.HOME] flg=0x10200000 cmp=com.google.android.apps.pixelclauncher/com.google.android.apps.nexuslauncher.NexusLauncherActivity (has extras)} from uid 1000
01-08 12:57:02.098 188 314 W gralloc : Unmapped producer usage 900
01-08 12:57:02.100 192 401 E BufferQueueProducer: [SurfaceView - io.qt.qtdesignviewer/org.qtproject.qt.android.bindings.QtActivity#0] disconnect: not connected (req=1)
01-08 12:57:02.100 23487 23503 W libEGL : EGLNativeWindowType 0x6f5fb6b010 disconnect failed
01-08 12:57:02.100 188 188 W gralloc : Unmapped producer usage 900
01-08 12:57:02.102 188 315 W gralloc : Unmapped producer usage 900
01-08 12:57:02.111 188 314 W gralloc : Unmapped consumer usage 200
01-08 12:57:02.112 188 314 W gralloc : Unmapped producer usage 900
01-08 12:57:02.130 192 192 D SurfaceFlinger: duplicate layer name: changing com.google.android.apps.pixelclauncher/com.google.android.apps.nexuslauncher.NexusLauncherActivity to com.google.android.apps.pixelclauncher/com.google.android.apps.nexuslauncher.NexusLauncherActivity#1
01-08 12:57:02.135 188 188 W gralloc : Unmapped producer usage 900
01-08 12:57:02.137 188 6203 W gralloc : Unmapped producer usage 900
01-08 12:57:02.140 188 315 W gralloc : Unmapped producer usage 900
01-08 12:57:02.150 188 314 W gralloc : Unmapped consumer usage 200
01-08 12:57:02.151 188 314 W gralloc : Unmapped producer usage 900
01-08 12:57:02.166 1133 1133 D zz : UtWallpaperService$UtEngine.onVisibilityChanged() true
01-08 12:57:02.178 188 188 W gralloc : Unmapped consumer usage 200
01-08 12:57:02.178 188 188 W gralloc : Unmapped producer usage 100
01-08 12:57:02.195 188 6203 W gralloc : Unmapped consumer usage 200
01-08 12:57:02.195 188 6203 W gralloc : Unmapped producer usage 900
01-08 12:57:02.196 1065 1065 I GoogleInputMethodService: GoogleInputMethodService.onFinishInput():3206
01-08 12:57:02.197 1065 1065 I GoogleInputMethodService: GoogleInputMethodService.updateDeviceLockedStatus():2147 repeatCheckTimes = 0, locked = false
01-08 12:57:02.197 1065 1065 I GoogleInputMethodService: GoogleInputMethodService.onStartInput():1894 onStartInput(EditorInfo{EditorInfo{packageName=com.google.android.apps.pixelclauncher, inputType=0, inputTypeString=NULL, enableLearning=false, autoCorrection=false, autoComplete=false, imeOptions=0, privateImeOptions=null, actionName=UNSPECIFIED, actionLabel=null, initialSelStart=-1, initialSelEnd=-1, initialCapsMode=0, label=null, fieldId=-1, fieldName=null, extras=null, hintText=null, hintLocales=[]}}, false)
01-08 12:57:02.197 1065 1065 I GoogleInputMethodService: GoogleInputMethodService.updateDeviceLockedStatus():2147 repeatCheckTimes = 1, locked = false
01-08 12:57:02.206 188 315 W gralloc : Unmapped consumer usage 200
01-08 12:57:02.206 188 315 W gralloc : Unmapped producer usage 900
01-08 12:57:02.279 1133 1133 D zz : UtRenderer.onVisible()
01-08 12:57:02.280 1133 1133 W zz : WeatherManager.doGet() no permissions
01-08 12:57:02.281 1133 1133 W zz : SunriseUtil.doGet() no permissions
01-08 12:57:02.281 1133 1133 V zz : TimelapseRenderer$1.onReceive() got sunrise broadcast - false
01-08 12:57:02.657 1481 1606 W OpenGLRenderer: Incorrectly called buildLayer on View: ShortcutAndWidgetContainer, destroying layer...
01-08 12:57:02.657 1481 1606 W OpenGLRenderer: Incorrectly called buildLayer on View: ShortcutAndWidgetContainer, destroying layer...
01-08 12:57:02.971 842 940 I Camera2ClientBase: Closed Camera 0. Client was: com.google.android.GoogleCamera (PID 23757, UID 10041)
01-08 12:57:03.251 941 13817 I ActivityManager: START u0 {act=android.intent.action.MAIN cat=[android.intent.category.LAUNCHER] flg=0x10200000 cmp=com.google.android.GoogleCamera/com.android.camera.CameraLauncher bnds=[1928,1528][2252,1688]} from uid 10090
01-08 12:57:03.297 23757 23757 I CAM_GcaActivity: [2be3ea] GcaActivity#onCreate
01-08 12:57:03.297 23757 23757 I CAM_Instrumentation: CameraActivity: App OnCreate duration: 158ms
01-08 12:57:03.297 23757 23757 I CAM_Instrumentation: CameraActivity: App OnCreate End to Activity OnCreate Start: 14653ms
01-08 12:57:03.305 23757 23832 I CAM_PermissionsChecker: Checking for critical permissions.
01-08 12:57:03.305 23757 23757 I CAM_CameraUiInflater: Initializing Window Flags
01-08 12:57:03.306 23757 23832 I CAM_ActivityStartup: Future@31d86fa: DONE: PermissionsStartup
01-08 12:57:03.321 23757 23832 I CAM_ActivityStartup: Future@b0b5597: DONE: DcimFolderStart
01-08 12:57:03.321 23757 23832 I CAM_ActivityStartup: Future@aae2470: DONE: WaitForCameraDevices
01-08 12:57:03.322 23757 23832 I CAM_SoundPlayer: Creating SoundPool
01-08 12:57:03.325 23757 23836 I CAM_CptModuleCfgBldr: Selected configuration for camera (CameraId{Api2='0',Api1:0}): ActiveModuleConfig{cameraId=CameraId{Api2='0',Api1:0}, cameraFacing=BACK, aspectRatio=AspectRatio[4:3], captureResolution=3280x2460, viewfinderConfig=ViewfinderConfig{cameraFacing=BACK, viewfinderAspectRatio=AspectRatio[4:3], viewfinderResolution=1440x1080}}
01-08 12:57:03.325 23757 23836 I CAM_CameraDeviceMgr: Opening new Camera: 0
01-08 12:57:03.325 23757 23836 I CAM_ActivityStartup: Future@2dc54d5: DONE: ModeStartup
01-08 12:57:03.325 23757 23836 I CAM_ActivityStartup: Initialization completed.
01-08 12:57:03.325 23757 23844 I CAM_CameraOpener: onCameraAvailable: 0
01-08 12:57:03.333 23757 23831 I CAM_Instrumentation: OneCameraSession: OneCamera Initialize to OneCamera Create: 5ms
01-08 12:57:03.333 23757 23831 I CAM_McdlOneCameraOpnr: Opening Camera: CameraId{Api2='0',Api1:0}
01-08 12:57:03.333 23757 23831 I CAM_CameraDeviceMgr: Attaching to already open Camera: 0
01-08 12:57:03.334 23757 23831 E CAM_OneCamFtrCnfgCrtr: Unknown device or support level: 1 / dragon
01-08 12:57:03.334 842 940 I CameraService: CameraService::connect call (PID -1 "com.google.android.GoogleCamera", camera ID 0) for HAL version default and Camera API version 2
01-08 12:57:03.335 842 940 I Camera2ClientBase: Camera 0: Opened. Client: com.google.android.GoogleCamera (PID 23757, UID 10041)
01-08 12:57:03.335 842 940 I CameraDeviceClient: CameraDeviceClient 0: Opened
01-08 12:57:03.345 23757 23831 I CAM_OneCameraSelector: Selected picture configuration: PictureSizeCalculator.Configuration{desired size=3280x2460, large image reader=ImageReaderFormat{ImageFormat=JPEG, Size=3280x2460}, full-size image reader=ImageReaderFormat{ImageFormat=JPEG, Size=3280x2460}, reprocessing output image reader=Optional.absent(), crop=Rect(0, 0 - 3280, 2460)}
01-08 12:57:03.345 23757 23831 I CAM_OneCameraSelector: Selected limitedJpeg OneCamera configuration.
01-08 12:57:03.398 23757 23831 I CAM_Instrumentation: OneCameraSession: OneCamera Created duration: 65ms
01-08 12:57:03.398 23757 23831 I CAM_Capture1CC: Starting OneCamera
01-08 12:57:03.398 23757 23831 I CAM_Instrumentation: OneCameraSession: OneCamera Created to OneCamera Start: 0ms
01-08 12:57:03.402 23757 24181 V NuMediaExtractor: setDataSource fd=43 (/system/app/GoogleCamera/GoogleCamera.apk), offset=45672020, length=6526
01-08 12:57:03.408 23757 23757 I CAM_CameraUiInflater: Initializing Camera Ui
01-08 12:57:03.418 842 940 D vndksupport: Loading /vendor/lib/hw/gralloc.tegra.so from current namespace instead of sphal namespace.
01-08 12:57:03.420 188 314 W gralloc : Unmapped producer usage 900
01-08 12:57:03.430 842 940 I /system/bin/cameraserver: android::hardware::configstore::V1_0::ISurfaceFlingerConfigs::hasWideColorDisplay retrieved: 0 (default)
01-08 12:57:03.465 23757 24181 V NuMediaExtractor: track of type 'audio/vorbis' does not publish bitrate
01-08 12:57:03.474 188 188 W gralloc : Unmapped consumer usage 200
01-08 12:57:03.474 188 188 W gralloc : Unmapped producer usage 900
01-08 12:57:03.535 853 866 I OMXMaster: makeComponentInstance(OMX.google.vorbis.decoder) in android.hardwar process
01-08 12:57:03.558 842 940 D NvOsDebugPrintf: NvPclStateControllerOpen: NvPclHwModule list[0]: A44_rear_4BA808P1 position0
01-08 12:57:03.558 842 940 D NvOsDebugPrintf: NvPclStateControllerOpen: NvPclHwModule list[1]: A44_front_4BF215T1 position1
01-08 12:57:03.561 842 940 D NvOsDebugPrintf: On-sensor flash not supported.
01-08 12:57:03.578 23757 23757 I CAM_CameraUiInflater: Initializing Action Bar
01-08 12:57:03.582 842 940 D NvOsDebugPrintf: CAM-SWAP: serial no file can't be opened to get serial number
01-08 12:57:03.590 23757 23757 I CAM_Instrumentation: CameraActivity: OnCreate duration: 292ms
01-08 12:57:03.591 23757 23836 I CAM_ActivityUiStartup: Future@7583442: DONE: ActivityStartup
01-08 12:57:03.593 23757 23757 I CAM_GcaActivity: [2be3ea] GcaActivity#onStart
01-08 12:57:03.593 23757 23757 I CAM_Instrumentation: CameraActivity: OnCreate End to OnResume Start: 3ms
01-08 12:57:03.593 23757 23757 I CAM_GcaActivity: [2be3ea] GcaActivity#onResume
01-08 12:57:03.596 23757 23757 I CAM_Instrumentation: CameraActivity: OnResume duration: 2ms
01-08 12:57:03.633 842 940 D NvOsDebugPrintf: Blob: Blob Version = 1, 4, 0
01-08 12:57:03.633 842 940 D NvOsDebugPrintf: Blob: Program Number = 114
01-08 12:57:03.633 842 940 D NvOsDebugPrintf: Blob: Tool Version = 2, 15, 3
01-08 12:57:03.633 842 940 D NvOsDebugPrintf: Blob: Config File Date = 10993596009661071360
01-08 12:57:03.633 842 940 D NvOsDebugPrintf: Blob: fuse ID matched!
01-08 12:57:03.633 842 940 D NvOsDebugPrintf: Blob: SUCCESS? -- factory data fuse id is zero. Set as valid!
01-08 12:57:03.638 842 940 D NvOsDebugPrintf: CAM-SWAP: serial no file can't be opened to get serial number
01-08 12:57:03.676 842 940 D NvOsDebugPrintf: Blob: Blob Version = 1, 4, 0
01-08 12:57:03.676 842 940 D NvOsDebugPrintf: Blob: Program Number = 114
01-08 12:57:03.676 842 940 D NvOsDebugPrintf: Blob: Tool Version = 2, 15, 3
01-08 12:57:03.676 842 940 D NvOsDebugPrintf: Blob: Config File Date = 10993596009661071360
01-08 12:57:03.676 842 940 D NvOsDebugPrintf: Blob: fuse ID matched!
01-08 12:57:03.676 842 940 D NvOsDebugPrintf: Blob: SUCCESS? -- factory data fuse id is zero. Set as valid!
01-08 12:57:03.688 842 24229 D NvOsDebugPrintf: getDisplayOrientation: Failed to read tegra display device mode.
01-08 12:57:03.691 842 24229 I NvDeviceOrientation: initialize Sensor Manager init time: 6
01-08 12:57:03.696 23757 23849 I CAM_CameraOpener: Camera device 0 was opened successfully.
01-08 12:57:03.697 23757 23832 I CAM_CmrCptrSssnCrtr: Creating capture session for outputs: [DeferredOutputConfig{outputConfiguration=android.hardware.camera2.params.OutputConfiguration@e8ac0fd9}, AndroidOutputConfig{outputConfiguration=android.hardware.camera2.params.OutputConfiguration@29251a5e}]
01-08 12:57:03.697 23757 23832 I CAM_CmrCptrSssnCrtr: Creating regular capture session from output configurations.
01-08 12:57:03.712 853 866 E OMXNodeInstance: getConfig(0xed5a3e00:google.vorbis.decoder, ConfigAndroidVendorExtension(0x6f100004)) ERROR: Undefined(0x80001001)
01-08 12:57:03.731 188 6203 W gralloc : Unmapped producer usage 900
01-08 12:57:03.733 188 315 W gralloc : Unmapped producer usage 900
01-08 12:57:03.735 188 314 W gralloc : Unmapped producer usage 900
01-08 12:57:03.757 23757 24181 V NuMediaExtractor: setDataSource fd=45 (/system/app/GoogleCamera/GoogleCamera.apk), offset=45666324, length=5629
01-08 12:57:03.758 842 2374 D NvOsDebugPrintf: NvPclNvOdmWriteStateSensor: Set new sensor mode [Id: 0 (3280x2460)]
01-08 12:57:03.764 23757 24181 V NuMediaExtractor: track of type 'audio/vorbis' does not publish bitrate
01-08 12:57:03.768 853 1355 I OMXMaster: makeComponentInstance(OMX.google.vorbis.decoder) in android.hardwar process
01-08 12:57:03.770 853 1355 E OMXNodeInstance: getConfig(0xed1a00c0:google.vorbis.decoder, ConfigAndroidVendorExtension(0x6f100004)) ERROR: Undefined(0x80001001)
01-08 12:57:03.817 842 2374 E Camera3-Device: configureStreams: Stream 1: DataSpace override not allowed for format 0x21
01-08 12:57:03.818 842 2374 D Camera3-Device: Set real time priority for request queue thread (tid 24232)
01-08 12:57:03.822 23757 24234 I CAM_Instrumentation: CameraCaptureSession: Create duration: 124ms
01-08 12:57:03.833 1133 1133 D zz : UtWallpaperService$UtEngine.onVisibilityChanged() false
01-08 12:57:03.838 23757 24181 V NuMediaExtractor: setDataSource fd=46 (/system/app/GoogleCamera/GoogleCamera.apk), offset=45659000, length=7256
01-08 12:57:03.845 23757 24181 V NuMediaExtractor: track of type 'audio/vorbis' does not publish bitrate
01-08 12:57:03.849 853 2393 I OMXMaster: makeComponentInstance(OMX.google.vorbis.decoder) in android.hardwar process
01-08 12:57:03.851 853 1355 E OMXNodeInstance: getConfig(0xed5a3d40:google.vorbis.decoder, ConfigAndroidVendorExtension(0x6f100004)) ERROR: Undefined(0x80001001)
01-08 12:57:03.852 1133 1133 D zz : UtRenderer.onNotVisible()
01-08 12:57:03.891 23757 23757 I CAM_ViewfinderSV1: startViewfinder with config: ViewfinderConfig{cameraFacing=BACK, viewfinderAspectRatio=AspectRatio[4:3], viewfinderResolution=1440x1080}
01-08 12:57:03.891 23757 23757 I CAM_ViewfinderSV1: Reconfiguring surface because config is not the same as the previous surface config.
01-08 12:57:03.891 23757 23757 I CAM_ViewfinderSV1: Activity layout is not stable yet, delaying configuration: 0x0
01-08 12:57:03.894 12852 12852 D BoundBrokerSvc: onUnbind: Intent { act=com.google.android.gms.panorama.service.START pkg=com.google.android.gms }
01-08 12:57:03.902 23757 24181 V NuMediaExtractor: setDataSource fd=47 (/system/app/GoogleCamera/GoogleCamera.apk), offset=45678608, length=13466
01-08 12:57:03.907 23757 24181 V NuMediaExtractor: track of type 'audio/vorbis' does not publish bitrate
01-08 12:57:03.908 853 2393 I OMXMaster: makeComponentInstance(OMX.google.vorbis.decoder) in android.hardwar process
01-08 12:57:03.909 853 2393 E OMXNodeInstance: getConfig(0xed5a3f20:google.vorbis.decoder, ConfigAndroidVendorExtension(0x6f100004)) ERROR: Undefined(0x80001001)
01-08 12:57:03.935 23757 23757 I CAM_ViewfinderSV1: Setting configuration for the SurfaceHolder and containing FrameLayout.
01-08 12:57:03.938 23757 23757 W View : requestLayout() improperly called by android.widget.FrameLayout{f9f0a01 V.E...... ......I. 0,0-0,0 #7f110192 app:id/viewfinder_frame} during layout: running second layout pass
01-08 12:57:03.938 23757 23757 W View : requestLayout() improperly called by android.view.SurfaceView{989c0a6 V.E...... ......I. 0,0-0,0} during layout: running second layout pass
01-08 12:57:03.944 23757 23757 I CAM_Instrumentation: ViewfinderSession: Surface Created duration: 53ms
01-08 12:57:03.944 23757 23757 I CAM_ViewfinderSV1: Setting fixed size after surfaceChanged event: 1440x1080
01-08 12:57:03.944 23757 23757 I CAM_ViewfinderSV1: Surface is consumable, and a previous future exists. Completing future: Surface(name=null)/@0xebdcae7
01-08 12:57:03.944 23757 23757 I CAM_Instrumentation: ViewfinderSession: Surface Start to Surface Ready: 53ms
01-08 12:57:03.945 23757 23757 I CAM_CmrCptrSssnCrtr: Deferred futures complete.
01-08 12:57:03.945 23757 23757 I CAM_CmrCptrSssnCrtr: Finishing deferred output configuration.
01-08 12:57:03.945 842 940 W CameraDeviceClient: createSurfaceFromGbp: Camera 0 with consumer usage flag: 2304: Forcing asynchronous mode for stream
01-08 12:57:03.945 842 940 W CameraDeviceClient: createSurfaceFromGbp: Camera 0: Overriding format 0x4 to IMPLEMENTATION_DEFINED
01-08 12:57:03.947 188 188 W gralloc : Unmapped consumer usage 200
01-08 12:57:03.947 188 188 W gralloc : Unmapped producer usage 900
01-08 12:57:03.972 23757 24181 V NuMediaExtractor: setDataSource fd=51 (/system/app/GoogleCamera/GoogleCamera.apk), offset=45692136, length=6869
01-08 12:57:03.984 23757 24181 V NuMediaExtractor: track of type 'audio/vorbis' does not publish bitrate
01-08 12:57:03.994 1065 1065 I GoogleInputMethodService: GoogleInputMethodService.onFinishInput():3206
01-08 12:57:03.995 1065 1065 I GoogleInputMethodService: GoogleInputMethodService.updateDeviceLockedStatus():2147 repeatCheckTimes = 0, locked = false
01-08 12:57:03.996 188 6203 W gralloc : Unmapped consumer usage 20000
01-08 12:57:03.996 188 6203 W gralloc : Unmapped producer usage 900
01-08 12:57:03.996 1065 1065 I GoogleInputMethodService: GoogleInputMethodService.onStartInput():1894 onStartInput(EditorInfo{EditorInfo{packageName=com.google.android.GoogleCamera, inputType=0, inputTypeString=NULL, enableLearning=false, autoCorrection=false, autoComplete=false, imeOptions=0, privateImeOptions=null, actionName=UNSPECIFIED, actionLabel=null, initialSelStart=-1, initialSelEnd=-1, initialCapsMode=0, label=null, fieldId=2131820678, fieldName=null, extras=null, hintText=null, hintLocales=[]}}, false)
01-08 12:57:03.997 1065 1065 I GoogleInputMethodService: GoogleInputMethodService.updateDeviceLockedStatus():2147 repeatCheckTimes = 1, locked = false
01-08 12:57:04.001 188 315 W gralloc : Unmapped consumer usage 200
01-08 12:57:04.001 188 315 W gralloc : Unmapped producer usage 900
01-08 12:57:04.007 188 314 W gralloc : Unmapped consumer usage 20000
01-08 12:57:04.007 188 314 W gralloc : Unmapped producer usage 900
01-08 12:57:04.010 188 188 W gralloc : Unmapped consumer usage 20000
01-08 12:57:04.010 188 188 W gralloc : Unmapped producer usage 900
01-08 12:57:04.036 853 1165 I OMXMaster: makeComponentInstance(OMX.google.vorbis.decoder) in android.hardwar process
01-08 12:57:04.040 853 866 E OMXNodeInstance: getConfig(0xed5a3d40:google.vorbis.decoder, ConfigAndroidVendorExtension(0x6f100004)) ERROR: Undefined(0x80001001)
01-08 12:57:04.059 188 6203 W gralloc : Unmapped consumer usage 20000
01-08 12:57:04.059 188 6203 W gralloc : Unmapped producer usage 900
01-08 12:57:04.066 23757 23757 I CAM_FusedLocProvider: Start location updates.
01-08 12:57:04.124 188 314 W gralloc : Unmapped consumer usage 20000
01-08 12:57:04.124 188 314 W gralloc : Unmapped producer usage 900
01-08 12:57:04.134 23757 24181 V NuMediaExtractor: setDataSource fd=52 (/system/app/GoogleCamera/GoogleCamera.apk), offset=45784584, length=7295
01-08 12:57:04.146 23757 24181 V NuMediaExtractor: track of type 'audio/vorbis' does not publish bitrate
01-08 12:57:04.156 941 1776 W AlarmManager: Alarms must either supply a PendingIntent or an AlarmReceiver
01-08 12:57:04.170 853 1355 I OMXMaster: makeComponentInstance(OMX.google.vorbis.decoder) in android.hardwar process
01-08 12:57:04.174 853 1355 E OMXNodeInstance: getConfig(0xed5a3f20:google.vorbis.decoder, ConfigAndroidVendorExtension(0x6f100004)) ERROR: Undefined(0x80001001)
01-08 12:57:04.179 188 315 W gralloc : Unmapped consumer usage 20000
01-08 12:57:04.179 188 315 W gralloc : Unmapped producer usage 900
01-08 12:57:04.181 12852 12852 D BoundBrokerSvc: onUnbind: Intent { act=com.google.android.gms.potokens.service.START dat=chimera-action: cmp=com.google.android.gms/.chimera.GmsApiService }
01-08 12:57:04.215 23757 24181 V NuMediaExtractor: setDataSource fd=53 (/system/app/GoogleCamera/GoogleCamera.apk), offset=45763996, length=10853
01-08 12:57:04.222 23757 24181 V NuMediaExtractor: track of type 'audio/vorbis' does not publish bitrate
01-08 12:57:04.223 188 188 W gralloc : Unmapped consumer usage 20000
01-08 12:57:04.223 188 188 W gralloc : Unmapped producer usage 900
01-08 12:57:04.224 853 1355 I OMXMaster: makeComponentInstance(OMX.google.vorbis.decoder) in android.hardwar process
01-08 12:57:04.225 853 1355 E OMXNodeInstance: getConfig(0xed5a39e0:google.vorbis.decoder, ConfigAndroidVendorExtension(0x6f100004)) ERROR: Undefined(0x80001001)
01-08 12:57:04.257 188 6203 W gralloc : Unmapped consumer usage 20000
01-08 12:57:04.257 188 6203 W gralloc : Unmapped producer usage 900
01-08 12:57:04.266 23757 24181 V NuMediaExtractor: setDataSource fd=54 (/system/app/GoogleCamera/GoogleCamera.apk), offset=45774912, length=9610
01-08 12:57:04.272 23757 24181 V NuMediaExtractor: track of type 'audio/vorbis' does not publish bitrate
01-08 12:57:04.274 853 866 I OMXMaster: makeComponentInstance(OMX.google.vorbis.decoder) in android.hardwar process
01-08 12:57:04.275 853 866 E OMXNodeInstance: getConfig(0xed5a3860:google.vorbis.decoder, ConfigAndroidVendorExtension(0x6f100004)) ERROR: Undefined(0x80001001)
01-08 12:57:04.353 842 24210 D FD_API__CASCADEDETECT: ExtMemCascadeClassifier::setMemBuffer: buffer=0x0xda3cfe02, bufferSize=4279818, now membuffer.size=4279818
01-08 12:57:04.353 842 24210 D FD_API__CASCADEDETECT: ExtMemCascadeClassifier::setMemBuffer: buffer=0x0xda7e4c0c, bufferSize=4279818, now membuffer.size=4279818
01-08 12:57:04.362 23757 24248 I CAM_Instrumentation: CameraCaptureSession: First capture request sent to first capture result received: 370ms
01-08 12:57:04.363 23757 23831 I CAM_Capture1CC: OneCamera started!
01-08 12:57:04.363 23757 23831 I CAM_Instrumentation: OneCameraSession: OneCamera Started duration: 964ms
01-08 12:57:04.363 23757 23757 I CAM_ActivityUiStartup: Future@6830d3f: DONE: ModeUiStartup
01-08 12:57:04.363 188 314 W gralloc : Unmapped consumer usage 20000
01-08 12:57:04.363 188 314 W gralloc : Unmapped producer usage 900
