01-06 16:32:58.699 941 29230 W ActivityManager: Scheduling restart of crashed service com.google.android.gms/com.google.android.location.fused.FusedLocationService in 100134ms
01-06 16:32:58.699 941 29230 W ActivityManager: Scheduling restart of crashed service com.google.android.gms/.auth.setup.devicesignals.LockScreenService in 110134ms
01-06 16:32:58.699 941 29230 W ActivityManager: Scheduling restart of crashed service com.google.android.gms/.instantapps.service.InstantAppsService in 120134ms
01-06 16:32:58.699 941 29230 W ActivityManager: Scheduling restart of crashed service com.google.android.gms/com.google.android.location.network.NetworkLocationService in 130133ms
01-06 16:32:58.700 941 29230 W ActivityManager: Scheduling restart of crashed service com.google.android.gms/com.google.android.location.internal.PendingIntentCallbackService in 140133ms
01-06 16:32:58.700 941 29230 W ActivityManager: Scheduling restart of crashed service com.google.android.gms/.nearby.sharing.SendSurfaceService in 140133ms
01-06 16:32:58.700 941 29230 W ActivityManager: Scheduling restart of crashed service com.google.android.gms/com.google.location.nearby.direct.service.NearbyDirectService in 150133ms
01-06 16:32:58.700 941 29230 W ActivityManager: Scheduling restart of crashed service com.google.android.gms/com.google.android.location.internal.server.GoogleLocationService in 150133ms
01-06 16:32:58.700 941 29230 W ActivityManager: Scheduling restart of crashed service com.google.android.gms/.gcm.nts.SchedulerService in 160133ms
01-06 16:32:58.700 941 29230 W ActivityManager: Scheduling restart of crashed service com.google.android.gms/.clearcut.debug.ClearcutDebugDumpService in 170133ms
01-06 16:32:58.700 941 29230 W ActivityManager: Scheduling restart of crashed service com.google.android.gms/.nearby.sharing.ReceiveSurfaceService in 180132ms
01-06 16:32:58.700 941 29230 W ActivityManager: Scheduling restart of crashed service com.google.android.gms/.lockbox.service.LockboxBrokerService in 190132ms
01-06 16:32:58.700 941 29230 W ActivityManager: Scheduling restart of crashed service com.google.android.gms/.stats.eastworld.EastworldService in 200132ms
01-06 16:32:58.700 941 29230 W ActivityManager: Scheduling restart of crashed service com.google.android.gms/com.google.android.location.internal.server.HardwareArProviderService in 210132ms
01-06 16:32:58.700 941 29230 W ActivityManager: Scheduling restart of crashed service com.google.android.gms/.location.geocode.GeocodeService in 220132ms
01-06 16:32:58.701 941 29230 W ActivityManager: Scheduling restart of crashed service com.google.android.gms/.auth.trustagent.GoogleTrustAgent in 230132ms
01-06 16:32:58.701 941 29230 W ActivityManager: Scheduling restart of crashed service com.google.android.gms/.gcm.GcmService in 240132ms
01-06 16:32:58.701 941 29230 W ActivityManager: Scheduling restart of crashed service com.google.android.gms/.backup.component.D2dTransportService in 250132ms
01-06 16:32:58.701 941 29230 W ActivityManager: Scheduling restart of crashed service com.google.android.gms/com.google.android.contextmanager.service.ContextManagerService in 260132ms
01-06 16:32:58.701 941 29230 W ActivityManager: Scheduling restart of crashed service com.google.android.gms/.nearby.exposurenotification.service.ExposureMatchingService in 270132ms
01-06 16:32:58.701 941 29230 W ActivityManager: Scheduling restart of crashed service com.google.android.gms/.auth.GetToken in 280132ms
01-06 16:32:58.701 941 29230 W ActivityManager: Scheduling restart of crashed service com.google.android.gms/.fido.fido2.pollux.CableAuthenticatorService in 290132ms
01-06 16:32:58.701 941 29230 W ActivityManager: Scheduling restart of crashed service com.google.android.gms/.thunderbird.EmergencyPersistentService in 300132ms
01-06 16:32:58.701 941 29230 W ActivityManager: Scheduling restart of crashed service com.google.android.gms/.nearby.messages.service.NearbyMessagesService in 310131ms
01-06 16:32:58.701 941 29230 W ActivityManager: Scheduling restart of crashed service com.google.android.gms/.location.persistent.LocationPersistentService in 320131ms
01-06 16:32:58.701 941 29230 W ActivityManager: Scheduling restart of crashed service com.google.android.gms/.tron.CollectionService in 330131ms
01-06 16:32:58.701 941 29230 W ActivityManager: Scheduling restart of crashed service com.google.android.gms/.nearby.discovery.service.DiscoveryService in 340131ms
01-06 16:32:58.702 941 29230 W ActivityManager: Scheduling restart of crashed service com.google.android.gms/.common.stats.GmsCoreStatsService in 340131ms
01-06 16:32:58.702 941 29230 I ActivityManager: Killing 13766:com.android.chrome/u0a34 (adj 300): depends on provider com.google.android.gms/.chimera.container.GmsModuleProvider in dying proc com.google.android.gms.persistent (adj 0)
01-06 16:32:58.723 941 941 W BackupTransportManager: Disconnected from transport com.google.android.gms/.backup.component.D2dTransportService
01-06 16:32:58.726 941 941 D BackupTransportManager: Scheduled explicit rebinding for com.google.android.gms/.backup.component.D2dTransportService in 300000ms
01-06 16:32:58.727 941 941 W BackupTransportManager: Disconnected from transport com.google.android.gms/.backup.BackupTransportService
01-06 16:32:58.727 941 941 D BackupTransportManager: Scheduled explicit rebinding for com.google.android.gms/.backup.BackupTransportService in 300000ms
01-06 16:32:58.850 941 955 I ActivityManager: Start proc 13818:com.android.chrome:webview_service/u0a34 for service com.android.chrome/org.chromium.android_webview.services.MetricsBridgeService
01-06 16:32:58.982 941 952 I ActivityManager: Killing 12971:com.android.chrome:webview_apk/u0a34 (adj 906): empty #17
01-06 16:32:59.027 941 1585 I ActivityManager: Start proc 13834:com.google.android.gms.persistent/u0a9 for service com.google.android.gms/.chimera.PersistentDirectBootAwareApiService
01-06 16:32:59.205 941 1405 I ActivityManager: Killing 13059:com.google.android.contacts/u0a10 (adj 906): empty #17
01-06 16:33:00.262 941 941 D BackupTransportManager: Bound to transport: com.google.android.gms/.backup.BackupTransportService
01-06 16:33:00.739 941 952 W AlarmManager: Alarms must either supply a PendingIntent or an AlarmReceiver
01-06 16:33:00.757 941 13817 W AlarmManager: Window length 1383505805513941504ms suspiciously long; limiting to 1 hour
01-06 16:33:00.758 941 941 D BackupTransportManager: Bound to transport: com.google.android.gms/.backup.component.D2dTransportService
01-06 16:33:01.459 941 951 W AlarmManager: Window length 1383505805513941248ms suspiciously long; limiting to 1 hour
01-06 16:33:01.592 941 13817 W AlarmManager: Alarms must either supply a PendingIntent or an AlarmReceiver
01-06 16:33:01.630 941 29230 I ActivityManager: Killing 13213:com.google.android.marvin.talkback/u0a69 (adj 904): empty #17
01-06 16:33:01.632 941 29230 I ActivityManager: Killing 12750:android.process.media/u0a6 (adj 906): empty #18
01-06 16:33:01.633 941 29230 I ActivityManager: Killing 12374:android.process.acore/u0a3 (adj 906): empty #19
01-06 16:33:01.633 941 29230 I ActivityManager: Killing 12440:com.android.vending:instant_app_installer/u0a18 (adj 906): empty #20
01-06 16:33:01.841 941 1405 D ConnectivityService: ConnectivityService NetworkRequestInfo binderDied(NetworkRequest [ LISTEN id=192, [ Capabilities: INTERNET&NOT_RESTRICTED&TRUSTED] ], android.os.BinderProxy@2f1baa0)
01-06 16:33:03.338 941 1192 D ConnectivityService: requestNetwork for uid/pid:10050/13456 NetworkRequest [ TRACK_DEFAULT id=196, [ Capabilities: INTERNET&NOT_RESTRICTED&TRUSTED&NOT_VPN] ]
01-06 16:33:15.213 941 1024 D ConnectivityService: releasing NetworkRequest [ REQUEST id=190, [ Transports: CELLULAR Capabilities: INTERNET&NOT_RESTRICTED&TRUSTED&NOT_VPN] ] (release request)
01-06 16:33:28.181 941 1442 D BackupManagerService: Timeout message received for token=51422521
01-06 16:33:28.189 941 1442 V BackupManagerService: Cancel: token=51422521
01-06 16:33:28.189 941 1442 I PerformBackupTask: Cancel backing up com.android.chrome
01-06 16:33:28.217 941 1442 D PerformBackupTask: starting key/value backup of BackupRequest{pkg=com.google.android.apps.photos}
01-06 16:33:28.276 941 1442 I ActivityManager: Start proc 13981:com.google.android.apps.photos/u0a58 for backup com.google.android.apps.photos/.kvbackup.PhotosBackupAgent
01-06 16:33:28.276 941 1442 D BackupManagerService: awaiting agent for ApplicationInfo{4c70890 com.google.android.apps.photos}
01-06 16:33:29.147 941 1192 D BackupManagerService: agentConnected pkg=com.google.android.apps.photos agent=android.os.BinderProxy@cbab589
01-06 16:33:29.148 941 1442 I BackupManagerService: got agent android.app.IBackupAgent$Stub$Proxy@fc5398e
01-06 16:33:29.148 941 1442 D PerformBackupTask: invokeAgentForBackup on com.google.android.apps.photos
01-06 16:33:29.151 941 1442 E PerformBackupTask: Error invoking for backup on com.google.android.apps.photos. android.os.DeadObjectException
01-06 16:33:29.155 941 1442 W PerformBackupTask: Unable to contact transport for recommended backoff: null
01-06 16:33:29.291 941 1442 I BackupManagerService: K/V backup pass finished.
01-06 16:35:40.255 941 1585 D ConnectivityService: requestNetwork for uid/pid:10058/13981 NetworkRequest [ TRACK_DEFAULT id=197, [ Capabilities: INTERNET&NOT_RESTRICTED&TRUSTED&NOT_VPN] ]
01-06 16:36:14.647 941 1583 I ActivityManager: Killing 13269:com.google.android.play.games/u0a60 (adj 906): empty #17
01-06 16:36:56.514 941 1787 I ActivityManager: Killing 13301:com.android.connectivity.metrics/u0a70 (adj 906): empty #17
01-06 18:35:41.119 941 955 W ProcessCpuTracker: Skipping unknown process pid 14153
01-06 18:35:41.119 941 955 W ProcessCpuTracker: Skipping unknown process pid 14154
01-06 19:25:40.306 941 958 E BatteryExternalStatsWorker: modem info is invalid: ModemActivityInfo{ mTimestamp=0 mSleepTimeMs=0 mIdleTimeMs=0 mTxTimeMs[]=[0, 0, 0, 0, 0] mRxTimeMs=0 mEnergyUsed=0}
01-06 22:00:00.109 941 941 D ConditionProviders.SCP: onReceive ScheduleConditionProvider.EVALUATE
01-06 22:00:00.114 941 941 D ConditionProviders.SCP: notifyCondition condition://android/schedule?days=6.7&start=23.30&end=10.0&exitAtAlarm=false STATE_FALSE reason=!meetsSchedule
01-06 22:00:00.114 941 941 D ConditionProviders.SCP: notifyCondition condition://android/schedule?days=1.2.3.4.5&start=22.0&end=7.0&exitAtAlarm=false STATE_FALSE reason=!meetsSchedule
01-06 22:00:00.116 941 941 D ConditionProviders.SCP: Scheduling evaluate for Sat Jan 06 23:30:00 GMT+01:00 2024 (1704580200000), in +1h29m59s891ms, now=Sat Jan 06 22:00:00 GMT+01:00 2024 (1704574800109)
01-06 22:25:57.134 941 1583 W AlarmManager: Alarms must either supply a PendingIntent or an AlarmReceiver
01-06 22:25:57.170 941 29230 I ActivityManager: Start proc 14288:com.google.android.apps.maps:server_recovery_process_scheduled/u0a54 for broadcast com.google.android.apps.maps/com.google.android.apps.gmm.plugins.serverrecovery.ScheduledRecoverySignalHandlerImpl
01-06 22:25:57.197 941 1582 I ActivityManager: Start proc 14301:android.process.media/u0a6 for content provider com.android.providers.downloads/.DownloadProvider
01-06 22:25:57.238 941 941 I ActivityManager: Start proc 14314:com.android.vending:instant_app_installer/u0a18 for service com.android.vending/com.google.android.finsky.instantapps.InstantAppHygieneService
01-06 22:25:57.989 941 1787 D ConnectivityService: requestNetwork for uid/pid:10025/1586 NetworkRequest [ TRACK_DEFAULT id=198, [ Capabilities: INTERNET&NOT_RESTRICTED&TRUSTED&NOT_VPN] ]
01-06 22:25:58.655 941 1080 D ConnectivityService: Returning UNBLOCKED NetworkInfo to uid=10082
01-06 22:25:58.818 941 1585 I ActivityManager: Start proc 14378:com.google.android.GoogleCamera/u0a41 for content provider com.google.android.GoogleCamera/com.google.android.apps.camera.specialtypes.CameraSpecialTypesProvider
01-06 22:25:59.201 941 941 I ActivityManager: Start proc 14401:com.google.android.apps.docs/u0a39 for service com.google.android.apps.docs/com.google.android.libraries.internal.growth.growthkit.internal.jobs.impl.GrowthKitJobService
01-06 22:25:59.205 941 1787 I ActivityManager: Killing 13163:com.google.android.apps.gcs/u0a8 (adj 906): empty #17
01-06 22:25:59.278 941 941 I ActivityManager: Start proc 14419:com.google.android.apps.turbo:aab/u0a93 for service com.google.android.apps.turbo/com.google.android.libraries.smartbattery.common.phenotype.UpdatePhenotypeFlagsJob
01-06 22:25:59.293 941 1582 D ConnectivityService: ConnectivityService NetworkRequestInfo binderDied(NetworkRequest [ TRACK_DEFAULT id=194, [ Capabilities: INTERNET&NOT_RESTRICTED&TRUSTED&NOT_VPN] ], android.os.BinderProxy@1ba5d2)
01-06 22:25:59.294 941 1024 D ConnectivityService: releasing NetworkRequest [ TRACK_DEFAULT id=194, [ Capabilities: INTERNET&NOT_RESTRICTED&TRUSTED&NOT_VPN] ] (release request)
01-06 22:25:59.486 941 13817 I ActivityManager: Process com.google.android.apps.maps:server_recovery_process_scheduled (pid 14288) has died: cch CEM
01-06 22:25:59.622 941 951 W ActivityManager: No permission grants found for com.google.android.apps.photos
01-06 22:25:59.623 941 1776 W ActivityManager: No permission grants found for com.google.android.apps.photos
01-06 22:25:59.659 941 941 I ActivityManager: Start proc 14449:com.google.android.configupdater/u0a2 for service com.google.android.configupdater/.MainJobService
01-06 22:25:59.982 941 941 I ActivityManager: Start proc 14475:com.google.android.contacts/u0a10 for service com.google.android.contacts/com.google.android.libraries.internal.growth.growthkit.internal.jobs.impl.GrowthKitJobService
01-06 22:26:00.214 941 1192 W ActivityManager: No permission grants found for com.google.android.apps.photos
01-06 22:26:00.253 941 941 I ActivityManager: Start proc 14499:com.google.android.play.games/u0a60 for service com.google.android.play.games/com.google.android.libraries.internal.growth.growthkit.internal.jobs.impl.GrowthKitJobService
01-06 22:26:00.253 941 1405 W ActivityManager: No permission grants found for com.google.android.apps.photos
01-06 22:26:00.261 941 1024 D ConnectivityService: releasing NetworkRequest [ TRACK_DEFAULT id=198, [ Capabilities: INTERNET&NOT_RESTRICTED&TRUSTED&NOT_VPN] ] (release request)
01-06 22:26:00.299 941 13817 D ConnectivityService: Returning UNBLOCKED NetworkInfo to uid=10085
01-06 22:26:00.455 941 1787 I ActivityManager: Start proc 14528:android.process.acore/u0a3 for content provider com.android.providers.contacts/.ContactsProvider2
01-06 22:26:00.536 941 29230 W ActivityManager: No permission grants found for com.google.android.apps.photos
01-06 22:26:00.566 941 1191 W ActivityManager: No permission grants found for com.google.android.apps.photos
01-06 22:26:01.124 941 941 I ActivityManager: Start proc 14575:com.google.android.tts/u0a47 for service com.google.android.tts/androidx.work.impl.background.systemjob.SystemJobService
01-06 22:26:01.377 941 1405 D ConnectivityService: Returning UNBLOCKED NetworkInfo to uid=10039
01-06 22:26:01.594 941 941 I ActivityManager: Start proc 14609:com.google.android.videos/u0a66 for service com.google.android.videos/com.google.android.libraries.internal.growth.growthkit.internal.jobs.impl.GrowthKitJobService
01-06 22:26:01.656 941 951 D ConnectivityService: Returning UNBLOCKED NetworkInfo to uid=10060
01-06 22:26:02.428 941 941 I ActivityManager: Start proc 14648:com.google.android.apps.docs.editors.sheets/u0a81 for service com.google.android.apps.docs.editors.sheets/com.google.android.libraries.internal.growth.growthkit.internal.jobs.impl.GrowthKitJobService
01-06 22:26:02.615 941 941 I ActivityManager: Start proc 14680:com.google.android.keep/u0a84 for service com.google.android.keep/com.google.android.libraries.internal.growth.growthkit.internal.jobs.impl.GrowthKitJobService
01-06 22:26:03.571 941 1406 I ActivityManager: Killing 13358:com.google.android.partnersetup/u0a14 (adj 906): empty #17
01-06 22:26:03.715 941 1776 D ConnectivityService: Returning UNBLOCKED NetworkInfo to uid=10066
01-06 22:26:04.128 941 29230 I ActivityManager: Killing 13434:com.google.android.apps.cloudprint/u0a35 (adj 906): empty #17
01-06 22:26:04.183 941 1583 D ConnectivityService: requestNetwork for uid/pid:10066/14609 NetworkRequest [ TRACK_DEFAULT id=200, [ Capabilities: INTERNET&NOT_RESTRICTED&TRUSTED&NOT_VPN] ]
01-06 22:26:04.417 941 1080 I ActivityManager: Killing 13456:com.google.android.talk/u0a50 (adj 906): empty #17
01-06 22:26:04.607 941 1585 D ConnectivityService: ConnectivityService NetworkRequestInfo binderDied(NetworkRequest [ TRACK_DEFAULT id=196, [ Capabilities: INTERNET&NOT_RESTRICTED&TRUSTED&NOT_VPN] ], android.os.BinderProxy@3ca0364)
01-06 22:26:04.607 941 1024 D ConnectivityService: releasing NetworkRequest [ TRACK_DEFAULT id=196, [ Capabilities: INTERNET&NOT_RESTRICTED&TRUSTED&NOT_VPN] ] (release request)
01-06 22:26:04.867 941 1583 W ActivityManager: Scheduling restart of crashed service com.google.android.partnersetup/.InstalledAppJobService in 1000ms
01-06 22:26:04.951 941 1080 D ConnectivityService: Returning UNBLOCKED NetworkInfo to uid=10081
01-06 22:26:05.925 941 955 I ActivityManager: Start proc 14856:com.google.android.partnersetup/u0a14 for service com.google.android.partnersetup/.InstalledAppJobService
01-06 22:26:10.801 941 941 I ActivityManager: Start proc 14991:com.google.android.apps.maps/u0a54 for service com.google.android.apps.maps/com.google.android.apps.gmm.cloudmessage.chime.common.GmmChimeTaskService
01-06 22:26:11.354 941 951 I ActivityManager: Killing 13697:com.google.android.deskclock/u0a61 (adj 906): empty #17
01-06 22:26:11.774 941 941 I Telecom : DefaultDialerCache: Refreshing default dialer for user 0: now null: DDC.oR@AFg
01-06 22:26:12.990 941 1405 I ActivityManager: Killing 13818:com.android.chrome:webview_service/u0a34 (adj 906): empty #17
01-06 22:26:13.186 941 1191 D ConnectivityService: requestNetwork for uid/pid:10054/14991 NetworkRequest [ TRACK_DEFAULT id=201, [ Capabilities: INTERNET&NOT_RESTRICTED&TRUSTED&NOT_VPN] ]
01-06 22:26:13.337 941 941 I ActivityManager: Start proc 15099:com.google.android.youtube/u0a68 for service com.google.android.youtube/androidx.work.impl.background.systemjob.SystemJobService
01-06 22:26:14.427 941 1191 I ActivityManager: Killing 12122:com.android.vending:background/u0a18 (adj 906): empty #17
01-06 22:26:15.147 941 1080 D ConnectivityService: ConnectivityService NetworkRequestInfo binderDied(NetworkRequest [ TRACK_DEFAULT id=174, [ Capabilities: INTERNET&NOT_RESTRICTED&TRUSTED&NOT_VPN] ], android.os.BinderProxy@a040fac)
01-06 22:26:15.147 941 1024 D ConnectivityService: releasing NetworkRequest [ TRACK_DEFAULT id=174, [ Capabilities: INTERNET&NOT_RESTRICTED&TRUSTED&NOT_VPN] ] (release request)
01-06 22:26:15.190 941 941 I ActivityManager: Start proc 15145:com.google.android.apps.gcs/u0a8 for service com.google.android.apps.gcs/androidx.work.impl.background.systemjob.SystemJobService
01-06 22:26:15.268 941 1191 I ActivityManager: Killing 12768:com.android.vending:quick_launch/u0a18 (adj 906): empty #17
01-06 22:26:15.753 941 1080 D ConnectivityService: Returning UNBLOCKED NetworkInfo to uid=10054
01-06 22:26:16.150 941 13817 D ConnectivityService: Returning UNBLOCKED NetworkInfo to uid=10008
01-06 22:26:16.175 941 1585 D ConnectivityService: requestNetwork for uid/pid:10008/15145 NetworkRequest [ TRACK_DEFAULT id=204, [ Capabilities: INTERNET&NOT_RESTRICTED&TRUSTED&NOT_VPN] ]
01-06 22:26:16.388 941 941 I ActivityManager: Start proc 15192:com.google.android.talk/u0a50 for service com.google.android.talk/androidx.work.impl.background.systemjob.SystemJobService
01-06 22:26:16.389 941 956 W Looper : Dispatch took 103ms on android.ui, h=Handler (com.android.server.am.ActivityManagerService$UiHandler) {8cdbb90} cb=null msg=53
01-06 22:26:16.398 941 1787 I ActivityManager: Killing 13723:com.google.android.apps.genie.geniewidget/u0a83 (adj 906): empty #17
01-06 22:26:16.454 941 29230 D ConnectivityService: ConnectivityService NetworkRequestInfo binderDied(NetworkRequest [ LISTEN id=195, [ Capabilities: NOT_RESTRICTED&TRUSTED&NOT_VPN&FOREGROUND] ], android.os.BinderProxy@6bf583c)
01-06 22:26:17.029 941 1582 D ConnectivityService: Returning UNBLOCKED NetworkInfo to uid=10050
01-06 22:26:17.124 941 29230 D ConnectivityService: Returning UNBLOCKED NetworkInfo to uid=10068
01-06 22:26:17.180 941 1582 I ActivityManager: Killing 13981:com.google.android.apps.photos/u0a58 (adj 906): empty #17
01-06 22:26:17.343 941 1405 D ConnectivityService: ConnectivityService NetworkRequestInfo binderDied(NetworkRequest [ TRACK_DEFAULT id=197, [ Capabilities: INTERNET&NOT_RESTRICTED&TRUSTED&NOT_VPN] ], android.os.BinderProxy@7fe55a6)
01-06 22:26:17.343 941 1024 D ConnectivityService: releasing NetworkRequest [ TRACK_DEFAULT id=197, [ Capabilities: INTERNET&NOT_RESTRICTED&TRUSTED&NOT_VPN] ] (release request)
01-06 22:26:17.746 941 1582 I ActivityManager: Killing 14301:android.process.media/u0a6 (adj 906): empty #17
01-06 22:26:18.004 941 13817 D ConnectivityService: requestNetwork for uid/pid:10068/15099 NetworkRequest [ TRACK_DEFAULT id=207, [ Capabilities: INTERNET&NOT_RESTRICTED&TRUSTED&NOT_VPN] ]
01-06 22:26:18.241 941 29230 D ConnectivityService: requestNetwork for uid/pid:10068/15099 NetworkRequest [ TRACK_DEFAULT id=208, [ Capabilities: INTERNET&NOT_RESTRICTED&TRUSTED&NOT_VPN] ]
01-06 22:26:18.639 941 1024 D ConnectivityService: releasing NetworkRequest [ TRACK_DEFAULT id=204, [ Capabilities: INTERNET&NOT_RESTRICTED&TRUSTED&NOT_VPN] ] (release request)
01-06 22:26:18.655 941 958 E BatteryExternalStatsWorker: modem info is invalid: ModemActivityInfo{ mTimestamp=0 mSleepTimeMs=0 mIdleTimeMs=0 mTxTimeMs[]=[0, 0, 0, 0, 0] mRxTimeMs=0 mEnergyUsed=0}
01-06 22:26:19.264 941 955 W BroadcastQueue: Permission Denial: broadcasting Intent { act=android.net.conn.CONNECTIVITY_CHANGE flg=0x4000010 (has extras) } from null (pid=-1, uid=-1) requires com.google.android.youtube.DYNAMIC_RECEIVER_NOT_EXPORTED_PERMISSION due to registered receiver BroadcastFilter{8e74ffd u0 ReceiverList{9fc7454 15099 com.google.android.youtube/10068/u0 remote:48ea7a7}}
01-06 22:26:20.521 941 955 W BroadcastQueue: Background execution not allowed: receiving Intent { act=android.intent.action.DROPBOX_ENTRY_ADDED flg=0x10 (has extras) } to com.google.android.gms/.stats.service.DropBoxEntryAddedReceiver
01-06 22:26:20.521 941 955 W BroadcastQueue: Background execution not allowed: receiving Intent { act=android.intent.action.DROPBOX_ENTRY_ADDED flg=0x10 (has extras) } to com.google.android.gms/.chimera.GmsIntentOperationService$PersistentTrustedReceiver
01-06 22:26:20.972 941 1583 I ActivityManager: Start proc 15366:com.android.chrome/u0a34 for service com.android.chrome/org.chromium.chrome.browser.customtabs.CustomTabsConnectionService
01-06 22:26:21.301 941 1582 I ActivityManager: Killing 14378:com.google.android.GoogleCamera/u0a41 (adj 906): empty #17
01-06 22:26:21.376 15099 15275 E ActivityThread: Failed to find provider info for com.google.android.apps.wellbeing.api
01-06 22:26:21.458 941 955 W BroadcastQueue: Background execution not allowed: receiving Intent { act=android.intent.action.DROPBOX_ENTRY_ADDED flg=0x10 (has extras) } to com.google.android.gms/.stats.service.DropBoxEntryAddedReceiver
01-06 22:26:21.459 941 955 W BroadcastQueue: Background execution not allowed: receiving Intent { act=android.intent.action.DROPBOX_ENTRY_ADDED flg=0x10 (has extras) } to com.google.android.gms/.chimera.GmsIntentOperationService$PersistentTrustedReceiver
01-06 22:26:22.125 941 1192 I ActivityManager: Killing 14856:com.google.android.partnersetup/u0a14 (adj 906): empty #17
01-06 22:26:22.235 941 1583 I ActivityManager: Killing 14528:android.process.acore/u0a3 (adj 906): empty #17
01-06 22:26:23.916 941 29230 I ActivityManager: Start proc 15442:com.android.chrome:privileged_process0/u0a34 for service com.android.chrome/org.chromium.content.app.PrivilegedProcessService0
01-06 22:26:24.297 941 13817 I ActivityManager: Killing 14575:com.google.android.tts/u0a47 (adj 906): empty #17
01-06 22:26:25.181 941 1585 I ActivityManager: Start proc 15466:com.android.chrome:sandboxed_process0/u0i29 for webview_service com.android.chrome/org.chromium.content.app.SandboxedProcessService0
01-06 22:26:26.168 941 1583 I ActivityManager: Killing 14314:com.android.vending:instant_app_installer/u0a18 (adj 906): empty #17
01-06 22:26:26.549 941 1776 D ConnectivityService: requestNetwork for uid/pid:10068/15099 NetworkRequest [ TRACK_DEFAULT id=210, [ Capabilities: INTERNET&NOT_RESTRICTED&TRUSTED&NOT_VPN] ]
01-06 22:26:27.741 941 941 I Telecom : DefaultDialerCache: Refreshing default dialer for user 0: now null: DDC.oR@AFk
01-06 22:26:29.576 941 1192 I ActivityManager: Killing 13521:com.google.android.apps.docs.editors.docs/u0a85 (adj 906): empty #17
01-06 22:26:29.933 941 1192 I ActivityManager: Killing 14609:com.google.android.videos/u0a66 (adj 906): empty #17
01-06 22:26:30.025 941 1585 D ConnectivityService: ConnectivityService NetworkRequestInfo binderDied(NetworkRequest [ TRACK_DEFAULT id=200, [ Capabilities: INTERNET&NOT_RESTRICTED&TRUSTED&NOT_VPN] ], android.os.BinderProxy@f081ea4)
01-06 22:26:30.026 941 1024 D ConnectivityService: releasing NetworkRequest [ TRACK_DEFAULT id=200, [ Capabilities: INTERNET&NOT_RESTRICTED&TRUSTED&NOT_VPN] ] (release request)
01-06 22:26:30.035 941 1080 I ActivityManager: Killing 11765:com.google.process.gapps/u0a9 (adj 906): empty #17
01-06 22:26:30.087 941 1024 D ConnectivityService: releasing NetworkRequest [ TRACK_DEFAULT id=210, [ Capabilities: INTERNET&NOT_RESTRICTED&TRUSTED&NOT_VPN] ] (release request)
01-06 22:29:59.341 941 1080 D ConnectivityService: requestNetwork for uid/pid:10050/15192 NetworkRequest [ TRACK_DEFAULT id=212, [ Capabilities: INTERNET&NOT_RESTRICTED&TRUSTED&NOT_VPN] ]
01-06 22:30:08.353 941 1406 D ConnectivityService: Returning BLOCKED NetworkInfo to uid=10018
01-06 22:35:40.359 941 29230 I ActivityManager: Killing 13614:com.google.android.apps.docs.editors.slides/u0a82 (adj 906): empty #17
01-06 22:45:42.776 941 1582 D ConnectivityService: Returning BLOCKED NetworkInfo to uid=10008
01-06 22:45:42.779 941 1405 D ConnectivityService: requestNetwork for uid/pid:10008/15145 NetworkRequest [ TRACK_DEFAULT id=213, [ Capabilities: INTERNET&NOT_RESTRICTED&TRUSTED&NOT_VPN] ]
01-06 22:51:20.544 941 1024 D ConnectivityService: reportNetworkConnectivity(100, false) by 10009
01-06 22:51:20.717 941 1024 D ConnectivityService: NetworkAgentInfo [WIFI () - 100] validation passed
01-06 22:51:20.718 941 955 W BroadcastQueue: Background execution not allowed: receiving Intent { act=android.net.conn.NETWORK_CONDITIONS_MEASURED flg=0x10 (has extras) } to com.google.android.gms/.chimera.GmsIntentOperationService$PersistentTrustedReceiver
01-06 23:18:47.518 941 952 I ActivityManager: Killing 14419:com.google.android.apps.turbo:aab/u0a93 (adj 906): empty #17
01-06 23:30:00.127 941 941 D ConditionProviders.SCP: onReceive ScheduleConditionProvider.EVALUATE
01-06 23:30:00.129 941 941 D ConditionProviders.SCP: notifyCondition condition://android/schedule?days=6.7&start=23.30&end=10.0&exitAtAlarm=false STATE_TRUE reason=meetsSchedule
01-06 23:30:00.129 941 941 D ConditionProviders.SCP: notifyCondition condition://android/schedule?days=1.2.3.4.5&start=22.0&end=7.0&exitAtAlarm=false STATE_FALSE reason=!meetsSchedule
01-06 23:30:00.130 941 941 D ConditionProviders.SCP: Scheduling evaluate for Sun Jan 07 07:00:00 GMT+01:00 2024 (1704607200000), in +7h29m59s873ms, now=Sat Jan 06 23:30:00 GMT+01:00 2024 (1704580200127)
01-07 00:56:27.180 941 1405 D ConnectivityService: Returning BLOCKED NetworkInfo to uid=10068
01-07 00:56:27.189 941 29230 D ConnectivityService: requestNetwork for uid/pid:10068/15099 NetworkRequest [ TRACK_DEFAULT id=214, [ Capabilities: INTERNET&NOT_RESTRICTED&TRUSTED&NOT_VPN] ]
01-07 01:05:41.542 941 958 E BatteryExternalStatsWorker: modem info is invalid: ModemActivityInfo{ mTimestamp=0 mSleepTimeMs=0 mIdleTimeMs=0 mTxTimeMs[]=[0, 0, 0, 0, 0] mRxTimeMs=0 mEnergyUsed=0}
01-07 01:26:25.381 941 955 W ProcessCpuTracker: Skipping unknown process pid 15712
01-07 01:26:25.382 941 955 W ProcessCpuTracker: Skipping unknown process pid 15713
01-07 01:56:26.116 941 955 W ProcessCpuTracker: Skipping unknown process pid 15730
01-07 01:56:26.117 941 955 W ProcessCpuTracker: Skipping unknown process pid 15731
01-07 02:11:03.347 941 954 I UsageStatsService: User[0] Flushing usage stats to disk
01-07 02:55:40.349 941 955 W ProcessCpuTracker: Skipping unknown process pid 15770
01-07 02:55:40.350 941 955 W ProcessCpuTracker: Skipping unknown process pid 15771
01-07 04:18:42.402 941 1787 W AlarmManager: Alarms must either supply a PendingIntent or an AlarmReceiver
01-07 04:18:42.465 941 941 I ActivityManager: Start proc 15833:com.android.vending:background/u0a18 for service com.android.vending/com.google.android.finsky.scheduler.process.backgroundimpl.PhoneskyJobServiceBackground
01-07 04:18:42.488 941 941 I ActivityManager: Start proc 15844:com.google.android.apps.photos/u0a58 for service com.google.android.apps.photos/.dbprocessor.impl.DatabaseProcessorJobService
01-07 04:18:42.511 941 941 I ActivityManager: Start proc 15853:com.android.vending:instant_app_installer/u0a18 for service com.android.vending/com.google.android.finsky.instantapps.metrics.LogFlushJob
01-07 04:18:42.527 941 1582 W BroadcastQueue: Background execution not allowed: receiving Intent { act=android.intent.action.DATE_CHANGED flg=0x20200010 } to com.google.android.calendar/com.android.calendar.widget.CalendarAppWidgetProvider
01-07 04:18:42.527 941 955 W BroadcastQueue: Background execution not allowed: receiving Intent { act=android.intent.action.DATE_CHANGED flg=0x20200010 } to com.google.android.calendar/.widgetmonth.MonthViewWidgetProvider
01-07 04:18:42.533 941 955 W BroadcastQueue: Background execution not allowed: receiving Intent { act=android.intent.action.DATE_CHANGED flg=0x20200010 } to com.google.android.calendar/com.google.android.apps.calendar.usernotifications.NotificationsRelevantUpdatesReceiver
01-07 04:18:42.536 941 955 W BroadcastQueue: Background execution not allowed: receiving Intent { act=android.intent.action.DATE_CHANGED flg=0x20200010 } to com.google.android.gms/.chimera.GmsIntentOperationService$PersistentTrustedReceiver
01-07 04:18:42.566 941 955 I ActivityManager: Start proc 15871:com.google.android.calendar/u0a31 for broadcast com.google.android.calendar/com.android.calendar.widget.CalendarAppWidgetProvider
01-07 04:18:42.948 941 1405 D ConnectivityService: Returning UNBLOCKED NetworkInfo to uid=10018
01-07 04:18:43.245 941 1080 I ActivityManager: Start proc 15904:android.process.acore/u0a3 for content provider com.android.providers.contacts/.ContactsProvider2
01-07 04:18:43.319 941 952 I ActivityManager: Start proc 15917:com.google.android.googlequicksearchbox:train/u0a25 for service com.google.android.googlequicksearchbox/com.google.frameworks.client.data.android.server.tiktok.TrainProcessEndpointService
01-07 04:18:44.690 941 13817 D ConnectivityService: requestNetwork for uid/pid:10025/1586 NetworkRequest [ TRACK_DEFAULT id=215, [ Capabilities: INTERNET&NOT_RESTRICTED&TRUSTED&NOT_VPN] ]
01-07 04:18:44.808 941 13817 I ActivityManager: Start proc 15975:com.android.providers.calendar/u0a1 for content provider com.android.providers.calendar/.CalendarProvider2
01-07 04:18:46.551 12852 15951 W PackageParser: Unknown element under : queries at /data/user_de/0/com.google.android.gms/app_chimera/m/00000202/DynamiteModulesC.apk Binary XML file line #15
01-07 04:18:46.620 12852 15951 W PackageParser: Unknown element under : queries at /data/user_de/0/com.google.android.gms/app_chimera/m/000001dc/dl-AdsFdrDynamite.integ_234310602020000.apk Binary XML file line #15
01-07 04:18:47.223 941 29230 I ActivityManager: Start proc 16057:com.android.vending:quick_launch/u0a18 for service com.android.vending/com.google.frameworks.client.data.android.server.play.QuickLaunchProcessEndpointService
01-07 04:18:47.302 941 1582 D ConnectivityService: requestNetwork for uid/pid:10058/15844 NetworkRequest [ TRACK_DEFAULT id=216, [ Capabilities: INTERNET&NOT_RESTRICTED&TRUSTED&NOT_VPN] ]
01-07 04:18:49.464 941 958 E BatteryExternalStatsWorker: modem info is invalid: ModemActivityInfo{ mTimestamp=0 mSleepTimeMs=0 mIdleTimeMs=0 mTxTimeMs[]=[0, 0, 0, 0, 0] mRxTimeMs=0 mEnergyUsed=0}
01-07 04:18:49.591 941 1024 D ConnectivityService: releasing NetworkRequest [ TRACK_DEFAULT id=215, [ Capabilities: INTERNET&NOT_RESTRICTED&TRUSTED&NOT_VPN] ] (release request)
01-07 04:18:50.192 941 1585 I ActivityManager: Start proc 16107:com.google.process.gapps/u0a9 for content provider com.google.android.gsf/.settings.GoogleSettingsProvider
01-07 04:18:53.722 941 1787 W BroadcastQueue: Background execution not allowed: receiving Intent { act=android.intent.action.DROPBOX_ENTRY_ADDED flg=0x10 (has extras) } to com.google.android.gms/.stats.service.DropBoxEntryAddedReceiver
01-07 04:18:53.723 941 955 W BroadcastQueue: Background execution not allowed: receiving Intent { act=android.intent.action.DROPBOX_ENTRY_ADDED flg=0x10 (has extras) } to com.google.android.gms/.chimera.GmsIntentOperationService$PersistentTrustedReceiver
01-07 04:18:53.723 941 955 W BroadcastQueue: Background execution not allowed: receiving Intent { act=android.intent.action.DROPBOX_ENTRY_ADDED flg=0x10 (has extras) } to com.google.android.gms/.stats.service.DropBoxEntryAddedReceiver
01-07 04:18:53.723 941 955 W BroadcastQueue: Background execution not allowed: receiving Intent { act=android.intent.action.DROPBOX_ENTRY_ADDED flg=0x10 (has extras) } to com.google.android.gms/.chimera.GmsIntentOperationService$PersistentTrustedReceiver
01-07 04:18:53.839 941 1080 I ActivityManager: Killing 14401:com.google.android.apps.docs/u0a39 (adj 904): empty #17
01-07 04:18:53.839 941 1080 I ActivityManager: Killing 14648:com.google.android.apps.docs.editors.sheets/u0a81 (adj 904): empty #18
01-07 04:18:53.839 941 1080 I ActivityManager: Killing 14449:com.google.android.configupdater/u0a2 (adj 906): empty #19
01-07 04:18:58.151 941 1191 I ActivityManager: Killing 14499:com.google.android.play.games/u0a60 (adj 904): empty #17
01-07 04:18:58.190 941 1582 D ConnectivityService: ConnectivityService NetworkRequestInfo binderDied(NetworkRequest [ LISTEN id=202, [ Capabilities: INTERNET&NOT_RESTRICTED&TRUSTED&FOREGROUND] ], android.os.BinderProxy@2d162b)
01-07 04:19:06.821 941 1406 I ActivityManager: Killing 15145:com.google.android.apps.gcs/u0a8 (adj 904): empty #17
01-07 04:19:06.823 941 1406 I ActivityManager: Killing 14991:com.google.android.apps.maps/u0a54 (adj 906): empty #18
01-07 04:19:06.900 941 1405 D ConnectivityService: ConnectivityService NetworkRequestInfo binderDied(NetworkRequest [ TRACK_DEFAULT id=213, [ Capabilities: INTERNET&NOT_RESTRICTED&TRUSTED&NOT_VPN] ], android.os.BinderProxy@2e60c21)
01-07 04:19:06.900 941 1024 D ConnectivityService: releasing NetworkRequest [ TRACK_DEFAULT id=213, [ Capabilities: INTERNET&NOT_RESTRICTED&TRUSTED&NOT_VPN] ] (release request)
01-07 04:19:06.918 941 951 D ConnectivityService: ConnectivityService NetworkRequestInfo binderDied(NetworkRequest [ LISTEN id=203, [ Capabilities: INTERNET&NOT_RESTRICTED&TRUSTED] ], android.os.BinderProxy@664ea07)
01-07 04:19:06.918 941 1583 D ConnectivityService: ConnectivityService NetworkRequestInfo binderDied(NetworkRequest [ TRACK_DEFAULT id=201, [ Capabilities: INTERNET&NOT_RESTRICTED&TRUSTED&NOT_VPN] ], android.os.BinderProxy@62b6846)
01-07 04:19:06.919 941 1024 D ConnectivityService: releasing NetworkRequest [ TRACK_DEFAULT id=201, [ Capabilities: INTERNET&NOT_RESTRICTED&TRUSTED&NOT_VPN] ] (release request)
01-07 04:19:13.235 941 1080 I ActivityManager: Killing 15192:com.google.android.talk/u0a50 (adj 904): empty #17
01-07 04:19:13.289 941 13817 D ConnectivityService: ConnectivityService NetworkRequestInfo binderDied(NetworkRequest [ TRACK_DEFAULT id=212, [ Capabilities: INTERNET&NOT_RESTRICTED&TRUSTED&NOT_VPN] ], android.os.BinderProxy@aff734)
01-07 04:19:13.289 941 1024 D ConnectivityService: releasing NetworkRequest [ TRACK_DEFAULT id=212, [ Capabilities: INTERNET&NOT_RESTRICTED&TRUSTED&NOT_VPN] ] (release request)
01-07 04:22:45.258 941 956 W Looper : Dispatch took 504ms on android.ui, h=Handler (com.android.server.am.ActivityManagerService$UiHandler) {8cdbb90} cb=null msg=53
01-07 05:35:41.858 941 952 I ActivityManager: Killing 14680:com.google.android.keep/u0a84 (adj 904): empty #17
01-07 06:41:30.721 941 1583 I ActivityManager: Killing 14475:com.google.android.contacts/u0a10 (adj 904): empty #17
01-07 06:41:30.762 941 1582 D ConnectivityService: ConnectivityService NetworkRequestInfo binderDied(NetworkRequest [ LISTEN id=205, [ Capabilities: INTERNET&NOT_RESTRICTED&TRUSTED] ], android.os.BinderProxy@a4ca3d0)
01-07 07:00:00.344 941 941 D ConditionProviders.SCP: onReceive ScheduleConditionProvider.EVALUATE
01-07 07:00:00.345 941 941 D ConditionProviders.SCP: notifyCondition condition://android/schedule?days=6.7&start=23.30&end=10.0&exitAtAlarm=false STATE_TRUE reason=meetsSchedule
01-07 07:00:00.345 941 941 D ConditionProviders.SCP: notifyCondition condition://android/schedule?days=1.2.3.4.5&start=22.0&end=7.0&exitAtAlarm=false STATE_FALSE reason=!meetsSchedule
01-07 07:00:00.347 941 941 D ConditionProviders.SCP: Scheduling evaluate for Sun Jan 07 10:00:00 GMT+01:00 2024 (1704618000000), in +2h59m59s656ms, now=Sun Jan 07 07:00:00 GMT+01:00 2024 (1704607200344)
01-07 07:41:31.146 941 955 W ProcessCpuTracker: Skipping unknown process pid 16347
01-07 07:41:31.147 941 955 W ProcessCpuTracker: Skipping unknown process pid 16348
01-07 08:11:06.721 941 958 E BatteryExternalStatsWorker: modem info is invalid: ModemActivityInfo{ mTimestamp=0 mSleepTimeMs=0 mIdleTimeMs=0 mTxTimeMs[]=[0, 0, 0, 0, 0] mRxTimeMs=0 mEnergyUsed=0}
01-07 09:15:41.117 941 955 W ProcessCpuTracker: Skipping unknown process pid 16399
01-07 09:15:41.118 941 955 W ProcessCpuTracker: Skipping unknown process pid 16400
01-07 10:00:00.352 941 941 D ConditionProviders.SCP: onReceive ScheduleConditionProvider.EVALUATE
01-07 10:00:00.353 941 941 D ConditionProviders.SCP: notifyCondition condition://android/schedule?days=6.7&start=23.30&end=10.0&exitAtAlarm=false STATE_FALSE reason=!meetsSchedule
01-07 10:00:00.353 941 941 D ConditionProviders.SCP: notifyCondition condition://android/schedule?days=1.2.3.4.5&start=22.0&end=7.0&exitAtAlarm=false STATE_FALSE reason=!meetsSchedule
01-07 10:00:00.355 941 941 D ConditionProviders.SCP: Scheduling evaluate for Sun Jan 07 22:00:00 GMT+01:00 2024 (1704661200000), in +11h59m59s648ms, now=Sun Jan 07 10:00:00 GMT+01:00 2024 (1704618000352)
01-07 10:09:19.395 941 955 I ActivityManager: Start proc 16436:com.google.android.apps.maps:server_recovery_process_scheduled/u0a54 for broadcast com.google.android.apps.maps/com.google.android.apps.gmm.plugins.serverrecovery.ScheduledRecoverySignalHandlerImpl
01-07 10:09:19.413 941 1582 W AlarmManager: Alarms must either supply a PendingIntent or an AlarmReceiver
01-07 10:09:19.476 941 941 I ActivityManager: Start proc 16452:com.google.android.gm/u0a63 for service com.google.android.gm/com.google.android.libraries.notifications.entrypoints.scheduled.ScheduledTaskService
01-07 10:09:20.518 941 1192 I ActivityManager: Start proc 16484:android.process.media/u0a6 for content provider com.android.providers.media/.MediaProvider
01-07 10:09:20.530 941 951 D ConnectivityService: requestNetwork for uid/pid:10025/1586 NetworkRequest [ TRACK_DEFAULT id=218, [ Capabilities: INTERNET&NOT_RESTRICTED&TRUSTED&NOT_VPN] ]
01-07 10:09:20.916 941 1192 I ActivityManager: Start proc 16501:com.google.android.GoogleCamera/u0a41 for content provider com.google.android.GoogleCamera/com.google.android.apps.camera.specialtypes.CameraSpecialTypesProvider
01-07 10:09:20.947 941 1585 I ActivityManager: Killing 15099:com.google.android.youtube/u0a68 (adj 906): empty #17
01-07 10:09:21.088 941 1585 D ConnectivityService: ConnectivityService NetworkRequestInfo binderDied(NetworkRequest [ LISTEN id=206, [ Capabilities: INTERNET&NOT_RESTRICTED&TRUSTED&FOREGROUND] ], android.os.BinderProxy@d88fe7c)
01-07 10:09:21.088 941 951 D ConnectivityService: ConnectivityService NetworkRequestInfo binderDied(NetworkRequest [ TRACK_DEFAULT id=207, [ Capabilities: INTERNET&NOT_RESTRICTED&TRUSTED&NOT_VPN] ], android.os.BinderProxy@4bbe16f)
01-07 10:09:21.088 941 952 D ConnectivityService: ConnectivityService NetworkRequestInfo binderDied(NetworkRequest [ TRACK_DEFAULT id=208, [ Capabilities: INTERNET&NOT_RESTRICTED&TRUSTED&NOT_VPN] ], android.os.BinderProxy@c65305)
01-07 10:09:21.088 941 952 D ConnectivityService: ConnectivityService NetworkRequestInfo binderDied(NetworkRequest [ TRACK_DEFAULT id=214, [ Capabilities: INTERNET&NOT_RESTRICTED&TRUSTED&NOT_VPN] ], android.os.BinderProxy@c9b0f5a)
01-07 10:09:21.088 941 1024 D ConnectivityService: releasing NetworkRequest [ TRACK_DEFAULT id=208, [ Capabilities: INTERNET&NOT_RESTRICTED&TRUSTED&NOT_VPN] ] (release request)
01-07 10:09:21.091 941 1024 D ConnectivityService: releasing NetworkRequest [ TRACK_DEFAULT id=214, [ Capabilities: INTERNET&NOT_RESTRICTED&TRUSTED&NOT_VPN] ] (release request)
01-07 10:09:21.093 941 1024 D ConnectivityService: releasing NetworkRequest [ TRACK_DEFAULT id=207, [ Capabilities: INTERNET&NOT_RESTRICTED&TRUSTED&NOT_VPN] ] (release request)
01-07 10:09:21.298 16452 16452 D ActivityThread: Loading provider com.google.android.gm.sapi: com.google.android.gm.sapi.SapiUiProvider
01-07 10:09:21.410 941 1776 W ActivityManager: No permission grants found for com.google.android.apps.photos
01-07 10:09:21.416 941 1776 W ActivityManager: No permission grants found for com.google.android.apps.photos
01-07 10:09:21.418 941 1191 I ActivityManager: Killing 15904:android.process.acore/u0a3 (adj 906): empty #17
01-07 10:09:21.579 941 951 I ActivityManager: Process com.google.android.apps.maps:server_recovery_process_scheduled (pid 16436) has died: cch+2CEM
01-07 10:09:21.702 941 1405 W ActivityManager: No permission grants found for com.google.android.apps.photos
01-07 10:09:21.706 941 1776 W ActivityManager: No permission grants found for com.google.android.apps.photos
01-07 10:09:21.772 941 1080 W ActivityManager: No permission grants found for com.google.android.apps.photos
01-07 10:09:21.773 941 1080 W ActivityManager: No permission grants found for com.google.android.apps.photos
01-07 10:09:22.176 941 951 D ConnectivityService: requestNetwork for uid/pid:10063/16452 NetworkRequest [ TRACK_DEFAULT id=219, [ Capabilities: INTERNET&NOT_RESTRICTED&TRUSTED&NOT_VPN] ]
01-07 10:09:23.809 941 958 E BatteryExternalStatsWorker: modem info is invalid: ModemActivityInfo{ mTimestamp=0 mSleepTimeMs=0 mIdleTimeMs=0 mTxTimeMs[]=[0, 0, 0, 0, 0] mRxTimeMs=0 mEnergyUsed=0}
01-07 10:09:24.587 941 955 W BroadcastQueue: Background execution not allowed: receiving Intent { act=android.intent.action.DROPBOX_ENTRY_ADDED flg=0x10 (has extras) } to com.google.android.gms/.stats.service.DropBoxEntryAddedReceiver
01-07 10:09:24.587 941 955 W BroadcastQueue: Background execution not allowed: receiving Intent { act=android.intent.action.DROPBOX_ENTRY_ADDED flg=0x10 (has extras) } to com.google.android.gms/.chimera.GmsIntentOperationService$PersistentTrustedReceiver
01-07 10:09:24.812 941 955 W BroadcastQueue: Background execution not allowed: receiving Intent { act=android.intent.action.DROPBOX_ENTRY_ADDED flg=0x10 (has extras) } to com.google.android.gms/.stats.service.DropBoxEntryAddedReceiver
01-07 10:09:24.812 941 955 W BroadcastQueue: Background execution not allowed: receiving Intent { act=android.intent.action.DROPBOX_ENTRY_ADDED flg=0x10 (has extras) } to com.google.android.gms/.chimera.GmsIntentOperationService$PersistentTrustedReceiver
01-07 10:09:46.057 941 951 I ActivityManager: Killing 15975:com.android.providers.calendar/u0a1 (adj 906): empty #17
01-07 10:11:36.556 941 955 W ProcessCpuTracker: Skipping unknown process pid 16652
01-07 14:10:48.411 941 954 I UsageStatsService: User[0] Rolling over usage stats
01-07 14:10:48.411 941 954 I UsageStatsService: User[0] Flushing usage stats to disk
01-07 14:10:48.427 941 1030 I ActivityManager: Start proc 16784:com.android.providers.calendar/u0a1 for content provider com.android.providers.calendar/.CalendarProvider2
01-07 14:10:48.558 941 954 I UsageStatsService: User[0] Rollover scheduled @ 2024-01-08 14:10:49(1704719449342)
01-07 14:10:48.558 941 954 I UsageStatsService: User[0] Rolling over usage stats complete. Took 147 milliseconds
01-07 14:55:40.526 941 958 E BatteryExternalStatsWorker: modem info is invalid: ModemActivityInfo{ mTimestamp=0 mSleepTimeMs=0 mIdleTimeMs=0 mTxTimeMs[]=[0, 0, 0, 0, 0] mRxTimeMs=0 mEnergyUsed=0}
01-07 15:01:54.821 941 13817 I ActivityManager: Killing 15853:com.android.vending:instant_app_installer/u0a18 (adj 906): empty #17
01-07 15:58:20.409 941 1192 W AlarmManager: Alarms must either supply a PendingIntent or an AlarmReceiver
01-07 15:58:20.432 941 1192 W AlarmManager: Alarms must either supply a PendingIntent or an AlarmReceiver
01-07 15:58:20.776 941 1080 I ActivityManager: Start proc 16884:com.google.android.apps.wallpaper/u0a94 for broadcast com.google.android.apps.wallpaper/.module.DailyLoggingAlarmReceiver
01-07 15:58:20.883 941 941 I ActivityManager: Start proc 16900:com.google.android.apps.books/u0a62 for service com.google.android.apps.books/com.google.android.libraries.notifications.entrypoints.scheduled.ScheduledTaskService
01-07 15:58:28.995 941 1585 I ActivityManager: Start proc 17062:com.easybrain.jigsaw.puzzles/u0a199 for broadcast com.easybrain.jigsaw.puzzles/com.google.firebase.iid.FirebaseInstanceIdReceiver
01-07 15:58:29.234 941 951 I ActivityManager: Start proc 17077:com.android.vending:instant_app_installer/u0a18 for service com.android.vending/com.google.android.finsky.instantapps.statussync.EnabledStatusSyncService
01-07 15:58:31.893 12192 12252 E ActivityThread: Failed to find provider info for com.google.android.wearable.settings
01-07 15:58:32.611 12192 12252 I chatty : uid=10018(com.android.vending) identical 17 lines
01-07 15:58:32.655 12192 12252 E ActivityThread: Failed to find provider info for com.google.android.wearable.settings
01-07 15:58:32.732 941 1776 I ActivityManager: Start proc 17226:com.easybrain.jigsaw.puzzles:fcm/u0a199 for service com.easybrain.jigsaw.puzzles/com.easybrain.fcm.FcmMessagingService
01-07 15:58:32.734 12192 12252 E ActivityThread: Failed to find provider info for com.google.android.wearable.settings
01-07 15:58:33.755 12192 12252 I chatty : uid=10018(com.android.vending) identical 20 lines
01-07 15:58:33.770 12192 12252 E ActivityThread: Failed to find provider info for com.google.android.wearable.settings
01-07 15:58:33.858 941 952 I ActivityManager: Start proc 17264:com.android.chrome:webview_service/u0a34 for service com.android.chrome/org.chromium.android_webview.services.VariationsSeedServer
01-07 15:58:33.859 12192 12252 E ActivityThread: Failed to find provider info for com.google.android.wearable.settings
01-07 15:58:34.118 12192 12252 I chatty : uid=10018(com.android.vending) identical 2 lines
01-07 15:58:34.202 12192 12252 E ActivityThread: Failed to find provider info for com.google.android.wearable.settings
01-07 15:58:34.218 941 1787 I ActivityManager: Start proc 17284:com.android.chrome:sandboxed_process0/u0i30 for webview_service com.easybrain.jigsaw.puzzles/org.chromium.content.app.SandboxedProcessService0
01-07 15:58:34.264 12192 12252 E ActivityThread: Failed to find provider info for com.google.android.wearable.settings
01-07 15:58:34.449 941 1585 I ActivityManager: Start proc 17299:com.android.connectivity.metrics/u0a70 for broadcast com.android.connectivity.metrics/.SnapshotSchedulingReceiver
01-07 15:58:34.462 12192 12252 E ActivityThread: Failed to find provider info for com.google.android.wearable.settings
01-07 15:58:34.543 12192 12252 I chatty : uid=10018(com.android.vending) identical 1 line
01-07 15:58:34.611 12192 12252 E ActivityThread: Failed to find provider info for com.google.android.wearable.settings
01-07 15:58:35.028 941 1582 D ConnectivityService: requestNetwork for uid/pid:10025/1586 NetworkRequest [ REQUEST id=235, [ Transports: CELLULAR Capabilities: INTERNET&NOT_RESTRICTED&TRUSTED&NOT_VPN] ]
01-07 15:58:35.055 941 1024 D ConnectivityService: reportNetworkConnectivity(100, false) by 10025
01-07 15:58:35.063 941 1406 I ActivityManager: Start proc 17323:com.google.android.apps.gcs/u0a8 for broadcast com.google.android.apps.gcs/com.google.android.libraries.vpn.gcs.core.receiver.PhenotypeConfigChangedReceiver
01-07 15:58:35.084 941 1406 I ActivityManager: Killing 15917:com.google.android.googlequicksearchbox:train/u0a25 (adj 906): empty #17
01-07 15:58:35.316 941 1024 D ConnectivityService: NetworkAgentInfo [WIFI () - 100] validation passed
01-07 15:58:36.320 941 952 I ActivityManager: Start proc 17380:com.android.chrome:webview_apk/u0a34 for service com.android.chrome/org.chromium.android_webview.nonembedded.AwComponentUpdateService
01-07 15:58:36.584 941 1192 I ActivityManager: Killing 16501:com.google.android.GoogleCamera/u0a41 (adj 906): empty #17
01-07 15:58:36.718 941 29230 I ActivityManager: Start proc 17404:com.google.android.partnersetup/u0a14 for broadcast com.google.android.partnersetup/.RlzPingBroadcastReceiver
01-07 15:58:36.854 941 1191 D CryptdConnector: SND -> {7 cryptfs getpwtype}
01-07 15:58:36.867 172 177 D VoldCryptCmdListener: cryptfs getpwtype
01-07 15:58:36.888 941 1012 D CryptdConnector: RCV <- {213 7 pin}
01-07 15:58:37.056 12852 17254 W PackageParser: Unknown element under : queries at /data/user_de/0/com.google.android.gms/app_chimera/m/00000202/DynamiteModulesC.apk Binary XML file line #15
