01-08 12:58:28.859 24785 25110 I Cello : [25110:NonCelloThread] token_bucket.cc:223:Create TokenBucket initialized with max_bucket_size of 300, with each request requiring 10 tokens
01-08 12:58:28.859 24785 25110 I chatty : uid=10081(com.google.android.apps.docs.editors.sheets) CelloTaskRunner identical 1 line
01-08 12:58:28.859 24785 25110 I Cello : [25110:NonCelloThread] token_bucket.cc:223:Create TokenBucket initialized with max_bucket_size of 300, with each request requiring 10 tokens
01-08 12:58:28.874 13834 13972 W Conscrypt: Could not set socket write timeout: java.net.SocketException: Socket closed
01-08 12:58:28.874 13834 13972 W Conscrypt: at com.google.android.gms.org.conscrypt.Platform.setSocketWriteTimeout(:com.google.android.gms@234914013@23.49.14 (040400-590296185):226)
01-08 12:58:28.874 13834 13972 W Conscrypt: at com.google.android.gms.org.conscrypt.ConscryptFileDescriptorSocket.setSoWriteTimeout(:com.google.android.gms@234914013@23.49.14 (040400-590296185):4)
01-08 12:58:28.888 24785 25110 I Cello : [25110:NonCelloThread] init_helper.cc:544:MaybeResyncLocalState Detected no change in default fields, default team drive fields, or existing fields returned by the backend.
01-08 12:58:28.892 24770 25112 I Cello : [25112:NonCelloThread] token_bucket.cc:223:Create TokenBucket initialized with max_bucket_size of 300, with each request requiring 10 tokens
01-08 12:58:28.892 24770 25112 I chatty : uid=10085(com.google.android.apps.docs.editors.docs) CelloTaskRunner identical 1 line
01-08 12:58:28.892 24770 25112 I Cello : [25112:NonCelloThread] token_bucket.cc:223:Create TokenBucket initialized with max_bucket_size of 300, with each request requiring 10 tokens
01-08 12:58:28.903 24785 25110 I Cello : [25110:NonCelloThread] sync_engine.cc:2332:MaybeStartRepeatingPushTaskTimer Starting repeating push task timer with interval 30000ms
01-08 12:58:28.936 24770 25112 I Cello : [25112:NonCelloThread] init_helper.cc:544:MaybeResyncLocalState Detected no change in default fields, default team drive fields, or existing fields returned by the backend.
01-08 12:58:28.955 24770 25112 I Cello : [25112:NonCelloThread] sync_engine.cc:2332:MaybeStartRepeatingPushTaskTimer Starting repeating push task timer with interval 30000ms
01-08 12:58:29.049 24770 24780 W zygote64: Suspending all threads took: 6.487ms
01-08 12:58:29.142 24785 25110 I Cello : [25110:NonCelloThread] fetch_task.cc:651:RunInternal Largest local change id for My Drive at startup: -2
01-08 12:58:29.162 24770 25112 I Cello : [25112:NonCelloThread] fetch_task.cc:651:RunInternal Largest local change id for My Drive at startup: -2
01-08 12:58:29.222 24803 24885 W zygote64: Verification of void cox.run() took 175.201ms
01-08 12:58:29.241 941 29230 I ActivityManager: Killing 21115:com.android.vending:background/u0a18 (adj 906): empty #17
01-08 12:58:29.241 941 957 W zygote64: kill(-21115, 9) failed: No such process
01-08 12:58:29.267 941 1191 D ConnectivityService: ConnectivityService NetworkRequestInfo binderDied(NetworkRequest [ TRACK_DEFAULT id=271, [ Capabilities: INTERNET&NOT_RESTRICTED&TRUSTED&NOT_VPN] ], android.os.BinderProxy@f34ed8f)
01-08 12:58:29.267 941 1024 D ConnectivityService: releasing NetworkRequest [ TRACK_DEFAULT id=271, [ Capabilities: INTERNET&NOT_RESTRICTED&TRUSTED&NOT_VPN] ] (release request)
01-08 12:58:29.286 941 957 W zygote64: kill(-21115, 9) failed: No such process
01-08 12:58:29.286 941 957 I zygote64: Successfully killed process cgroup uid 10018 pid 21115 in 45ms
01-08 12:58:29.323 24803 24853 V NativeCrypto: Registering com/google/android/gms/org/conscrypt/NativeCrypto's 302 native methods...
01-08 12:58:29.349 24785 24798 W zygote64: Suspending all threads took: 19.893ms
01-08 12:58:29.361 941 21161 I ActivityManager: Killing 23568:com.google.android.youtube/u0a68 (adj 906): empty #17
01-08 12:58:29.362 941 957 W zygote64: kill(-23568, 9) failed: No such process
01-08 12:58:29.394 24785 24793 I zygote64: Do partial code cache collection, code=59KB, data=44KB
01-08 12:58:29.405 941 957 W zygote64: kill(-23568, 9) failed: No such process
01-08 12:58:29.422 24785 24793 I zygote64: After code cache collection, code=47KB, data=42KB
01-08 12:58:29.422 24785 24793 I zygote64: Increasing code cache capacity to 256KB
01-08 12:58:29.445 941 957 W zygote64: kill(-23568, 9) failed: No such process
01-08 12:58:29.464 24770 24889 W DynamiteModule: Local module descriptor class for com.google.android.gms.providerinstaller.dynamite not found.
01-08 12:58:29.475 941 1192 D ConnectivityService: ConnectivityService NetworkRequestInfo binderDied(NetworkRequest [ TRACK_DEFAULT id=309, [ Capabilities: INTERNET&NOT_RESTRICTED&TRUSTED&NOT_VPN] ], android.os.BinderProxy@584e81c)
01-08 12:58:29.475 941 13817 D ConnectivityService: ConnectivityService NetworkRequestInfo binderDied(NetworkRequest [ TRACK_DEFAULT id=308, [ Capabilities: INTERNET&NOT_RESTRICTED&TRUSTED&NOT_VPN] ], android.os.BinderProxy@9f78c25)
01-08 12:58:29.475 941 951 D ConnectivityService: ConnectivityService NetworkRequestInfo binderDied(NetworkRequest [ LISTEN id=307, [ Capabilities: INTERNET&NOT_RESTRICTED&TRUSTED&FOREGROUND] ], android.os.BinderProxy@4b821fa)
01-08 12:58:29.475 941 1024 D ConnectivityService: releasing NetworkRequest [ TRACK_DEFAULT id=308, [ Capabilities: INTERNET&NOT_RESTRICTED&TRUSTED&NOT_VPN] ] (release request)
01-08 12:58:29.475 941 1024 D ConnectivityService: releasing NetworkRequest [ TRACK_DEFAULT id=309, [ Capabilities: INTERNET&NOT_RESTRICTED&TRUSTED&NOT_VPN] ] (release request)
01-08 12:58:29.490 941 957 W zygote64: kill(-23568, 9) failed: No such process
01-08 12:58:29.490 941 957 I zygote64: Successfully killed process cgroup uid 10068 pid 23568 in 128ms
01-08 12:58:29.494 13834 13970 W ProviderHelper: Unknown dynamite feature providerinstaller.dynamite
01-08 12:58:29.503 24770 24889 W ProviderInstaller: Failed to load providerinstaller module: No acceptable module com.google.android.gms.providerinstaller.dynamite found. Local version is 0 and remote version is 0.
01-08 12:58:29.556 24803 24813 I zygote64: ThreadFlipBegin blocked for 13.935ms
01-08 12:58:29.565 24803 24847 I zygote64: IncrementDisableThreadFlip blocked for 20.201ms
01-08 12:58:29.587 24803 24885 W KeepSyncerImpl: ExecutorService shutting down with 0 pending tasks.
01-08 12:58:29.622 24785 24955 W DynamiteModule: Local module descriptor class for com.google.android.gms.providerinstaller.dynamite not found.
01-08 12:58:29.622 24770 24889 W ResourceType: ResTable_typeSpec entry count inconsistent: given 84, previously 87
01-08 12:58:29.622 24770 24889 W ResourceType: ResTable_typeSpec entry count inconsistent: given 168, previously 172
01-08 12:58:29.623 24770 24889 W ResourceType: ResTable_typeSpec entry count inconsistent: given 3232, previously 3252
01-08 12:58:29.623 24770 24889 W ResourceType: ResTable_typeSpec entry count inconsistent: given 485, previously 4619
01-08 12:58:29.628 13834 13847 W ProviderHelper: Unknown dynamite feature providerinstaller.dynamite
01-08 12:58:29.629 24770 24889 I zygote64: The ClassLoaderContext is a special shared library.
01-08 12:58:29.630 24770 24889 I zygote64: The ClassLoaderContext is a special shared library.
01-08 12:58:29.644 24785 24955 W ProviderInstaller: Failed to load providerinstaller module: No acceptable module com.google.android.gms.providerinstaller.dynamite found. Local version is 0 and remote version is 0.
01-08 12:58:29.655 24785 24955 W ResourceType: ResTable_typeSpec entry count inconsistent: given 84, previously 87
01-08 12:58:29.655 24785 24955 W ResourceType: ResTable_typeSpec entry count inconsistent: given 168, previously 172
01-08 12:58:29.655 24785 24955 W ResourceType: ResTable_typeSpec entry count inconsistent: given 3232, previously 3252
01-08 12:58:29.655 24785 24955 W ResourceType: ResTable_typeSpec entry count inconsistent: given 485, previously 4619
01-08 12:58:29.656 24803 24853 I ProviderInstaller: Installed default security provider GmsCore_OpenSSL
01-08 12:58:29.659 24770 24889 V NativeCrypto: Registering com/google/android/gms/org/conscrypt/NativeCrypto's 302 native methods...
01-08 12:58:29.668 24785 24955 I zygote64: The ClassLoaderContext is a special shared library.
01-08 12:58:29.669 24785 24955 I zygote64: The ClassLoaderContext is a special shared library.
01-08 12:58:29.693 24785 24955 V NativeCrypto: Registering com/google/android/gms/org/conscrypt/NativeCrypto's 302 native methods...
01-08 12:58:29.707 24770 24889 I ProviderInstaller: Installed default security provider GmsCore_OpenSSL
01-08 12:58:29.726 24785 24955 D NetworkSecurityConfig: Using Network Security Config from resource network_security_config debugBuild: false
01-08 12:58:29.728 24785 24955 I ProviderInstaller: Installed default security provider GmsCore_OpenSSL
01-08 12:58:29.870 13834 13972 I Backup : [BackupHttpRequestUtil] Http Response Code: 200
01-08 12:58:29.872 941 954 E memtrack: Couldn't load memtrack module
01-08 12:58:29.872 941 954 W android.os.Debug: failed to get memory consumption info: -1
01-08 12:58:29.880 13834 13972 I Backup : [GmsBackupTransport] Backup finished for com.google.android.inputmethod.latin
01-08 12:58:29.881 941 1442 D PerformBackupTask: starting key/value backup of BackupRequest{pkg=com.google.android.calendar}
01-08 12:58:29.892 941 1442 I ActivityManager: Start proc 25163:com.google.android.calendar/u0a31 for backup com.google.android.calendar/.backup.CalendarBackupAgent
01-08 12:58:29.892 941 1442 D BackupManagerService: awaiting agent for ApplicationInfo{7078606 com.google.android.calendar}
01-08 12:58:29.982 25163 25163 W ResourceType: ResTable_typeSpec entry count inconsistent: given 2134, previously 2255
01-08 12:58:29.982 25163 25163 W ResourceType: ResTable_typeSpec entry count inconsistent: given 1164, previously 1224
01-08 12:58:29.982 25163 25163 W ResourceType: ResTable_typeSpec entry count inconsistent: given 375, previously 2644