01-08 12:56:48.922 23757 23848 V NuMediaExtractor: track of type 'audio/vorbis' does not publish bitrate
01-08 12:56:48.930 23568 23802 I chatty : uid=10068(com.google.android.youtube) ThreadPoolForeg expire 1 line
01-08 12:56:48.943 188 6203 W gralloc : Unmapped producer usage 900
01-08 12:56:48.947 23757 23860 D NvOsDebugPrintf: NvRmPrivGetChipPlatform: Could not read platform information
01-08 12:56:48.947 23757 23860 D NvOsDebugPrintf: Expected on kernels without fuse support, using silicon
01-08 12:56:48.954 23757 23860 D vndksupport: Loading /vendor/lib64/hw/gralloc.tegra.so from current namespace instead of sphal namespace.
01-08 12:56:48.955 188 188 W gralloc : Unmapped producer usage 900
01-08 12:56:48.958 188 6203 W gralloc : Unmapped producer usage 900
01-08 12:56:48.969 163 163 W /system/bin/hwservicemanager: getTransport: Cannot find entry android.hardware.configstore@1.0::ISurfaceFlingerConfigs/default in either framework or device manifest.
01-08 12:56:48.971 23757 23860 I zygote64: android::hardware::configstore::V1_0::ISurfaceFlingerConfigs::hasWideColorDisplay retrieved: 0
01-08 12:56:48.972 23757 23860 I OpenGLRenderer: Initialized EGL, version 1.4
01-08 12:56:48.972 23757 23860 D OpenGLRenderer: Swap behavior 2
01-08 12:56:48.990 23568 23573 I chatty : uid=10068(com.google.android.youtube) Jit thread pool expire 3 lines
01-08 12:56:48.994 941 1585 I chatty : uid=1000(system) Binder:941_A expire 3 lines
01-08 12:56:49.017 853 1165 I OMXMaster: makeComponentInstance(OMX.google.vorbis.decoder) in android.hardwar process
01-08 12:56:49.061 23568 23797 I chatty : uid=10068(com.google.android.youtube) expire 4 lines
01-08 12:56:49.106 842 2375 D vndksupport: Loading /vendor/lib/hw/gralloc.tegra.so from current namespace instead of sphal namespace.
01-08 12:56:49.124 842 2375 I /system/bin/cameraserver: android::hardware::configstore::V1_0::ISurfaceFlingerConfigs::hasWideColorDisplay retrieved: 0 (default)
01-08 12:56:49.183 941 952 D ConnectivityService: requestNetwork for uid/pid:10068/23568 NetworkRequest [ TRACK_DEFAULT id=309, [ Capabilities: INTERNET&NOT_RESTRICTED&TRUSTED&NOT_VPN] ]
01-08 12:56:49.184 941 1019 I chatty : uid=1000(system) WifiStateMachin expire 3 lines
01-08 12:56:49.184 941 1039 I chatty : uid=1000(system) EthernetService expire 1 line
01-08 12:56:49.185 1152 1152 D PhoneSwitcherNetworkRequstListener: got request NetworkRequest [ TRACK_DEFAULT id=309, [ Capabilities: INTERNET&NOT_RESTRICTED&TRUSTED&NOT_VPN] ] with score 60
01-08 12:56:49.188 23568 23774 I chatty : uid=10068(com.google.android.youtube) yt-critical Thr expire 20 lines
01-08 12:56:49.188 23568 23774 I zygote64: at java.lang.Class java.lang.ClassLoader.loadClass(java.lang.String, boolean) (ClassLoader.java:379)
01-08 12:56:49.188 23568 23774 I zygote64: at java.lang.Class java.lang.ClassLoader.loadClass(java.lang.String) (ClassLoader.java:312)
01-08 12:56:49.188 23568 23774 I zygote64: at void fpd.r(android.content.Context, boolean) (PG:6)
01-08 12:56:49.188 23568 23774 I zygote64: at fpe fpe.v(java.lang.String, android.content.Context, boolean) (PG:1)
01-08 12:56:49.188 23568 23774 I zygote64: at void nzs.(java.lang.String, android.content.Context, boolean) (PG:5)
01-08 12:56:49.188 23568 23774 I zygote64: at void agxm.(java.lang.String, android.content.Context, boolean, boolean) (PG:6)
01-08 12:56:49.188 23568 23774 I zygote64: at java.lang.Object vqc.a() (PG:24)
01-08 12:56:49.188 23568 23774 I zygote64: at java.lang.Object ajre.a() (PG:1)
01-08 12:56:49.188 23568 23774 I zygote64: at java.lang.String vqe.e() (PG:1)
01-08 12:56:49.188 23568 23774 I zygote64: at java.lang.String vqg.k() (PG:5)
01-08 12:56:49.188 23568 23774 I zygote64: at java.lang.String vqg.f() (PG:8)
01-08 12:56:49.188 23568 23774 I zygote64: at void vqg.h() (PG:1)
01-08 12:56:49.188 23568 23774 I zygote64: at void fhz.run() (PG:18)
01-08 12:56:49.188 23568 23774 I zygote64: at void xfa.run() (PG:7)
01-08 12:56:49.188 23568 23774 I zygote64: at void ajjn.run() (PG:3)
01-08 12:56:49.188 23568 23774 I zygote64: at void akjh.run() (PG:24)
01-08 12:56:49.188 23568 23774 I zygote64: at void qfk.run() (PG:16)
01-08 12:56:49.188 23568 23774 I zygote64: at void java.lang.Thread.run() (Thread.java:764)
01-08 12:56:49.188 23568 23774 I zygote64: at void qgm.run() (PG:5)
01-08 12:56:49.188 23568 23774 I zygote64:
01-08 12:56:49.189 23568 23774 I zygote64: Rejecting re-init on previously-failed class java.lang.Class: java.lang.NoClassDefFoundError: Failed resolution of: Landroid/app/AppOpsManager$OnOpActiveChangedListener;
01-08 12:56:49.189 23568 23774 I zygote64: at void fpd.r(android.content.Context, boolean) (PG:6)
01-08 12:56:49.189 23568 23774 I zygote64: at fpe fpe.v(java.lang.String, android.content.Context, boolean) (PG:1)
01-08 12:56:49.189 23568 23774 I zygote64: at void nzs.(java.lang.String, android.content.Context, boolean) (PG:5)
01-08 12:56:49.189 23568 23774 I zygote64: at void agxm.(java.lang.String, android.content.Context, boolean, boolean) (PG:6)
01-08 12:56:49.189 23568 23774 I zygote64: at java.lang.Object vqc.a() (PG:24)
01-08 12:56:49.189 23568 23774 I zygote64: at java.lang.Object ajre.a() (PG:1)
01-08 12:56:49.189 23568 23774 I zygote64: at java.lang.String vqe.e() (PG:1)
01-08 12:56:49.189 23568 23774 I zygote64: at java.lang.String vqg.k() (PG:5)
01-08 12:56:49.189 23568 23774 I zygote64: at java.lang.String vqg.f() (PG:8)
01-08 12:56:49.189 23568 23774 I zygote64: at void vqg.h() (PG:1)
01-08 12:56:49.189 23568 23774 I zygote64: at void fhz.run() (PG:18)
01-08 12:56:49.189 23568 23774 I zygote64: at void xfa.run() (PG:7)
01-08 12:56:49.189 23568 23774 I zygote64: at void ajjn.run() (PG:3)
01-08 12:56:49.189 23568 23774 I zygote64: at void akjh.run() (PG:24)
01-08 12:56:49.189 23568 23774 I zygote64: at void qfk.run() (PG:16)
01-08 12:56:49.189 23568 23774 I zygote64: at void java.lang.Thread.run() (Thread.java:764)
01-08 12:56:49.189 23568 23774 I zygote64: at void qgm.run() (PG:5)
01-08 12:56:49.189 23568 23774 I zygote64: Caused by: java.lang.ClassNotFoundException: Didn't find class "android.app.AppOpsManager$OnOpActiveChangedListener" on path: DexPathList[[zip file "/data/app/com.google.android.youtube-xC_e5TXxrTQAIV-LQf5INQ==/base.apk", zip file "/data/app/com.google.android.youtube-xC_e5TXxrTQAIV-LQf5INQ==/split_config.arm64_v8a.apk", zip file "/data/app/com.google.android.youtube-xC_e5TXxrTQAIV-LQf5INQ==/split_config.en.apk", zip file "/data/app/com.google.android.youtube-xC_e5TXxrTQAIV-LQf5INQ==/split_config.xhdpi.apk"],nativeLibraryDirectories=[/data/app/com.google.android.youtube-xC_e5TXxrTQAIV-LQf5INQ==/lib/arm64, /data/app/com.google.android.youtube-xC_e5TXxrTQAIV-LQf5INQ==/base.apk!/lib/arm64-v8a, /data/app/com.google.android.youtube-xC_e5TXxrTQAIV-LQf5INQ==/split_config.arm64_v8a.apk!/lib/arm64-v8a, /data/app/com.google.android.youtube-xC_e5TXxrTQAIV-LQf5INQ==/split_config.en.apk!/lib/arm64-v8a, /data/app/com.google.android.youtube-xC_e5TXxrTQAIV-LQf5INQ==/split_config.xhdpi.apk!/lib/arm64-v8a, /system/lib64, /ven
01-08 12:56:49.189 23568 23774 I zygote64: at java.lang.Class dalvik.system.BaseDexClassLoader.findClass(java.lang.String) (BaseDexClassLoader.java:125)
01-08 12:56:49.189 23568 23774 I zygote64: at java.lang.Class java.lang.ClassLoader.loadClass(java.lang.String, boolean) (ClassLoader.java:379)
01-08 12:56:49.189 23568 23774 I zygote64: at java.lang.Class java.lang.ClassLoader.loadClass(java.lang.String) (ClassLoader.java:312)
01-08 12:56:49.189 23568 23774 I zygote64: at void fpd.r(android.content.Context, boolean) (PG:6)
01-08 12:56:49.189 23568 23774 I zygote64: at fpe fpe.v(java.lang.String, android.content.Context, boolean) (PG:1)
01-08 12:56:49.189 23568 23774 I zygote64: at void nzs.(java.lang.String, android.content.Context, boolean) (PG:5)
01-08 12:56:49.189 23568 23774 I zygote64: at void agxm.(java.lang.String, android.content.Context, boolean, boolean) (PG:6)
01-08 12:56:49.189 23568 23774 I zygote64: at java.lang.Object vqc.a() (PG:24)
01-08 12:56:49.189 23568 23774 I zygote64: at java.lang.Object ajre.a() (PG:1)
01-08 12:56:49.189 23568 23774 I zygote64: at java.lang.String vqe.e() (PG:1)
01-08 12:56:49.189 23568 23774 I zygote64: at java.lang.String vqg.k() (PG:5)
01-08 12:56:49.189 23568 23774 I zygote64: at java.lang.String vqg.f() (PG:8)
01-08 12:56:49.189 23568 23774 I zygote64: at void vqg.h() (PG:1)
01-08 12:56:49.189 23568 23774 I zygote64: at void fhz.run() (PG:18)
01-08 12:56:49.189 23568 23774 I zygote64: at void xfa.run() (PG:7)
01-08 12:56:49.189 23568 23774 I zygote64: at void ajjn.run() (PG:3)
01-08 12:56:49.189 23568 23774 I zygote64: at void akjh.run() (PG:24)
01-08 12:56:49.189 23568 23774 I zygote64: at void qfk.run() (PG:16)
01-08 12:56:49.189 23568 23774 I zygote64: at void java.lang.Thread.run() (Thread.java:764)
01-08 12:56:49.189 23568 23774 I zygote64: at void qgm.run() (PG:5)
01-08 12:56:49.189 23568 23774 I zygote64:
01-08 12:56:49.189 23568 23774 I zygote64: Rejecting re-init on previously-failed class java.lang.Class: java.lang.NoClassDefFoundError: Failed resolution of: Landroid/app/AppOpsManager$OnOpActiveChangedListener;
01-08 12:56:49.189 23568 23774 I zygote64: at void fpd.r(android.content.Context, boolean) (PG:6)
01-08 12:56:49.189 23568 23774 I zygote64: at fpe fpe.v(java.lang.String, android.content.Context, boolean) (PG:1)
01-08 12:56:49.189 23568 23774 I zygote64: at void nzs.(java.lang.String, android.content.Context, boolean) (PG:5)
01-08 12:56:49.189 23568 23774 I zygote64: at void agxm.(java.lang.String, android.content.Context, boolean, boolean) (PG:6)
01-08 12:56:49.189 23568 23774 I zygote64: at java.lang.Object vqc.a() (PG:24)
01-08 12:56:49.189 23568 23774 I zygote64: at java.lang.Object ajre.a() (PG:1)
01-08 12:56:49.189 23568 23774 I zygote64: at java.lang.String vqe.e() (PG:1)
01-08 12:56:49.189 23568 23774 I zygote64: at java.lang.String vqg.k() (PG:5)
01-08 12:56:49.189 23568 23774 I zygote64: at java.lang.String vqg.f() (PG:8)
01-08 12:56:49.189 23568 23774 I zygote64: at void vqg.h() (PG:1)
01-08 12:56:49.189 23568 23774 I zygote64: at void fhz.run() (PG:18)
01-08 12:56:49.189 23568 23774 I zygote64: at void xfa.run() (PG:7)
01-08 12:56:49.189 23568 23774 I zygote64: at void ajjn.run() (PG:3)
01-08 12:56:49.189 23568 23774 I zygote64: at void akjh.run() (PG:24)
01-08 12:56:49.189 23568 23774 I zygote64: at void qfk.run() (PG:16)
01-08 12:56:49.189 23568 23774 I zygote64: at void java.lang.Thread.run() (Thread.java:764)
01-08 12:56:49.189 23568 23774 I zygote64: at void qgm.run() (PG:5)
01-08 12:56:49.189 23568 23774 I zygote64: Caused by: java.lang.ClassNotFoundException: Didn't find class "android.app.AppOpsManager$OnOpActiveChangedListener" on path: DexPathList[[zip file "/data/app/com.google.android.youtube-xC_e5TXxrTQAIV-LQf5INQ==/base.apk", zip file "/data/app/com.google.android.youtube-xC_e5TXxrTQAIV-LQf5INQ==/split_config.arm64_v8a.apk", zip file "/data/app/com.google.android.youtube-xC_e5TXxrTQAIV-LQf5INQ==/split_config.en.apk", zip file "/data/app/com.google.android.youtube-xC_e5TXxrTQAIV-LQf5INQ==/split_config.xhdpi.apk"],nativeLibraryDirectories=[/data/app/com.google.android.youtube-xC_e5TXxrTQAIV-LQf5INQ==/lib/arm64, /data/app/com.google.android.youtube-xC_e5TXxrTQAIV-LQf5INQ==/base.apk!/lib/arm64-v8a, /data/app/com.google.android.youtube-xC_e5TXxrTQAIV-LQf5INQ==/split_config.arm64_v8a.apk!/lib/arm64-v8a, /data/app/com.google.android.youtube-xC_e5TXxrTQAIV-LQf5INQ==/split_config.en.apk!/lib/arm64-v8a, /data/app/com.google.android.youtube-xC_e5TXxrTQAIV-LQf5INQ==/split_config.xhdpi.apk!/lib/arm64-v8a, /system/lib64, /ven
01-08 12:56:49.189 23568 23774 I zygote64: at java.lang.Class dalvik.system.BaseDexClassLoader.findClass(java.lang.String) (BaseDexClassLoader.java:125)
01-08 12:56:49.189 23568 23774 I zygote64: at java.lang.Class java.lang.ClassLoader.loadClass(java.lang.String, boolean) (ClassLoader.java:379)
01-08 12:56:49.189 23568 23774 I zygote64: at java.lang.Class java.lang.ClassLoader.loadClass(java.lang.String) (ClassLoader.java:312)
01-08 12:56:49.189 23568 23774 I zygote64: at void fpd.r(android.content.Context, boolean) (PG:6)
01-08 12:56:49.189 23568 23774 I zygote64: at fpe fpe.v(java.lang.String, android.content.Context, boolean) (PG:1)
01-08 12:56:49.189 23568 23774 I zygote64: at void nzs.(java.lang.String, android.content.Context, boolean) (PG:5)
01-08 12:56:49.189 23568 23774 I zygote64: at void agxm.(java.lang.String, android.content.Context, boolean, boolean) (PG:6)
01-08 12:56:49.189 23568 23774 I zygote64: at java.lang.Object vqc.a() (PG:24)
01-08 12:56:49.189 23568 23774 I zygote64: at java.lang.Object ajre.a() (PG:1)
01-08 12:56:49.189 23568 23774 I zygote64: at java.lang.String vqe.e() (PG:1)
01-08 12:56:49.189 23568 23774 I zygote64: at java.lang.String vqg.k() (PG:5)
01-08 12:56:49.189 23568 23774 I zygote64: at java.lang.String vqg.f() (PG:8)
01-08 12:56:49.189 23568 23774 I zygote64: at void vqg.h() (PG:1)
01-08 12:56:49.189 23568 23774 I zygote64: at void fhz.run() (PG:18)
01-08 12:56:49.189 23568 23774 I zygote64: at void xfa.run() (PG:7)
01-08 12:56:49.189 23568 23774 I zygote64: at void ajjn.run() (PG:3)
01-08 12:56:49.189 23568 23774 I zygote64: at void akjh.run() (PG:24)
01-08 12:56:49.189 23568 23774 I zygote64: at void qfk.run() (PG:16)
01-08 12:56:49.189 23568 23774 I zygote64: at void java.lang.Thread.run() (Thread.java:764)
01-08 12:56:49.189 23568 23774 I zygote64: at void qgm.run() (PG:5)
01-08 12:56:49.189 23568 23774 I zygote64:
01-08 12:56:49.208 23568 23774 I zygote64: Rejecting re-init on previously-failed class java.lang.Class: java.lang.NoClassDefFoundError: Failed resolution of: Landroid/content/pm/PackageManager$OnChecksumsReadyListener;
01-08 12:56:49.208 23568 23774 I zygote64: at java.util.List fpd.t(fpw, android.content.Context, aluz, flu) (PG:5)
01-08 12:56:49.208 23568 23774 I zygote64: at java.util.List fpe.t(fpw, android.content.Context, aluz, flu) (PG:1)
01-08 12:56:49.208 23568 23774 I zygote64: at aluz fpd.l(android.content.Context, flu) (PG:11)
01-08 12:56:49.208 23568 23774 I zygote64: at java.lang.String fpa.q(android.content.Context, java.lang.String, int, android.view.View, android.app.Activity, byte[]) (PG:8)
01-08 12:56:49.208 23568 23774 I zygote64: at java.lang.String fpa.f(android.content.Context, byte[]) (PG:3)
01-08 12:56:49.208 23568 23774 I zygote64: at java.lang.String nzs.b(ows, byte[]) (PG:2)
01-08 12:56:49.208 23568 23774 I zygote64: at java.lang.String agxm.x(android.content.Context, byte[]) (PG:2)
01-08 12:56:49.208 23568 23774 I zygote64: at java.lang.String vqe.e() (PG:2)
01-08 12:56:49.208 23568 23774 I zygote64: at java.lang.String vqg.k() (PG:5)
01-08 12:56:49.208 23568 23774 I zygote64: at java.lang.String vqg.f() (PG:8)
01-08 12:56:49.208 23568 23774 I zygote64: at void vqg.h() (PG:1)
01-08 12:56:49.208 23568 23774 I zygote64: at void fhz.run() (PG:18)
01-08 12:56:49.208 23568 23774 I zygote64: at void xfa.run() (PG:7)
01-08 12:56:49.208 23568 23774 I zygote64: at void ajjn.run() (PG:3)
01-08 12:56:49.208 23568 23774 I zygote64: at void akjh.run() (PG:24)
01-08 12:56:49.208 23568 23774 I zygote64: at void qfk.run() (PG:16)
01-08 12:56:49.208 23568 23774 I zygote64: at void java.lang.Thread.run() (Thread.java:764)
01-08 12:56:49.208 23568 23774 I zygote64: at void qgm.run() (PG:5)
01-08 12:56:49.208 23568 23774 I zygote64: Caused by: java.lang.ClassNotFoundException: Didn't find class "android.content.pm.PackageManager$OnChecksumsReadyListener" on path: DexPathList[[zip file "/data/app/com.google.android.youtube-xC_e5TXxrTQAIV-LQf5INQ==/base.apk", zip file "/data/app/com.google.android.youtube-xC_e5TXxrTQAIV-LQf5INQ==/split_config.arm64_v8a.apk", zip file "/data/app/com.google.android.youtube-xC_e5TXxrTQAIV-LQf5INQ==/split_config.en.apk", zip file "/data/app/com.google.android.youtube-xC_e5TXxrTQAIV-LQf5INQ==/split_config.xhdpi.apk"],nativeLibraryDirectories=[/data/app/com.google.android.youtube-xC_e5TXxrTQAIV-LQf5INQ==/lib/arm64, /data/app/com.google.android.youtube-xC_e5TXxrTQAIV-LQf5INQ==/base.apk!/lib/arm64-v8a, /data/app/com.google.android.youtube-xC_e5TXxrTQAIV-LQf5INQ==/split_config.arm64_v8a.apk!/lib/arm64-v8a, /data/app/com.google.android.youtube-xC_e5TXxrTQAIV-LQf5INQ==/split_config.en.apk!/lib/arm64-v8a, /data/app/com.google.android.youtube-xC_e5TXxrTQAIV-LQf5INQ==/split_config.xhdpi.apk!/lib/arm64-v8a, /system/lib6
01-08 12:56:49.208 23568 23774 I zygote64: at java.lang.Class dalvik.system.BaseDexClassLoader.findClass(java.lang.String) (BaseDexClassLoader.java:125)
01-08 12:56:49.208 23568 23774 I zygote64: at java.lang.Class java.lang.ClassLoader.loadClass(java.lang.String, boolean) (ClassLoader.java:379)
01-08 12:56:49.208 23568 23774 I zygote64: at java.lang.Class java.lang.ClassLoader.loadClass(java.lang.String) (ClassLoader.java:312)
01-08 12:56:49.208 23568 23774 I zygote64: at java.util.List fpd.t(fpw, android.content.Context, aluz, flu) (PG:5)
01-08 12:56:49.208 23568 23774 I zygote64: at java.util.List fpe.t(fpw, android.content.Context, aluz, flu) (PG:1)
01-08 12:56:49.208 23568 23774 I zygote64: at aluz fpd.l(android.content.Context, flu) (PG:11)
01-08 12:56:49.208 23568 23774 I zygote64: at java.lang.String fpa.q(android.content.Context, java.lang.String, int, android.view.View, android.app.Activity, byte[]) (PG:8)
01-08 12:56:49.208 23568 23774 I zygote64: at java.lang.String fpa.f(android.content.Context, byte[]) (PG:3)
01-08 12:56:49.208 23568 23774 I zygote64: at java.lang.String nzs.b(ows, byte[]) (PG:2)
01-08 12:56:49.208 23568 23774 I zygote64: at java.lang.String agxm.x(android.content.Context, byte[]) (PG:2)
01-08 12:56:49.208 23568 23774 I zygote64: at java.lang.String vqe.e() (PG:2)
01-08 12:56:49.208 23568 23774 I zygote64: at java.lang.String vqg.k() (PG:5)
01-08 12:56:49.208 23568 23774 I zygote64: at java.lang.String vqg.f() (PG:8)
01-08 12:56:49.208 23568 23774 I zygote64: at void vqg.h() (PG:1)
01-08 12:56:49.208 23568 23774 I zygote64: at void fhz.run() (PG:18)
01-08 12:56:49.208 23568 23774 I zygote64: at void xfa.run() (PG:7)
01-08 12:56:49.208 23568 23774 I zygote64: at void ajjn.run() (PG:3)
01-08 12:56:49.208 23568 23774 I zygote64: at void akjh.run() (PG:24)
01-08 12:56:49.208 23568 23774 I zygote64: at void qfk.run() (PG:16)
01-08 12:56:49.208 23568 23774 I zygote64: at void java.lang.Thread.run() (Thread.java:764)
01-08 12:56:49.208 23568 23774 I zygote64: at void qgm.run() (PG:5)
01-08 12:56:49.208 23568 23774 I zygote64:
01-08 12:56:49.209 23568 23774 I zygote64: Rejecting re-init on previously-failed class java.lang.Class: java.lang.NoClassDefFoundError: Failed resolution of: Landroid/content/pm/PackageManager$OnChecksumsReadyListener;
01-08 12:56:49.209 23568 23774 I zygote64: at java.util.List fpd.t(fpw, android.content.Context, aluz, flu) (PG:5)
01-08 12:56:49.209 23568 23774 I zygote64: at java.util.List fpe.t(fpw, android.content.Context, aluz, flu) (PG:1)
01-08 12:56:49.209 23568 23774 I zygote64: at aluz fpd.l(android.content.Context, flu) (PG:11)
01-08 12:56:49.209 23568 23774 I zygote64: at java.lang.String fpa.q(android.content.Context, java.lang.String, int, android.view.View, android.app.Activity, byte[]) (PG:8)
01-08 12:56:49.209 23568 23774 I zygote64: at java.lang.String fpa.f(android.content.Context, byte[]) (PG:3)
01-08 12:56:49.209 23568 23774 I zygote64: at java.lang.String nzs.b(ows, byte[]) (PG:2)
01-08 12:56:49.209 23568 23774 I zygote64: at java.lang.String agxm.x(android.content.Context, byte[]) (PG:2)
01-08 12:56:49.209 23568 23774 I zygote64: at java.lang.String vqe.e() (PG:2)
01-08 12:56:49.209 23568 23774 I zygote64: at java.lang.String vqg.k() (PG:5)
01-08 12:56:49.209 23568 23774 I zygote64: at java.lang.String vqg.f() (PG:8)
01-08 12:56:49.209 23568 23774 I zygote64: at void vqg.h() (PG:1)
01-08 12:56:49.209 23568 23774 I zygote64: at void fhz.run() (PG:18)
01-08 12:56:49.209 23568 23774 I zygote64: at void xfa.run() (PG:7)
01-08 12:56:49.209 23568 23774 I zygote64: at void ajjn.run() (PG:3)
01-08 12:56:49.209 23568 23774 I zygote64: at void akjh.run() (PG:24)
01-08 12:56:49.209 23568 23774 I zygote64: at void qfk.run() (PG:16)
01-08 12:56:49.209 23568 23774 I zygote64: at void java.lang.Thread.run() (Thread.java:764)
01-08 12:56:49.209 23568 23774 I zygote64: at void qgm.run() (PG:5)
01-08 12:56:49.209 23568 23774 I zygote64: Caused by: java.lang.ClassNotFoundException: Didn't find class "android.content.pm.PackageManager$OnChecksumsReadyListener" on path: DexPathList[[zip file "/data/app/com.google.android.youtube-xC_e5TXxrTQAIV-LQf5INQ==/base.apk", zip file "/data/app/com.google.android.youtube-xC_e5TXxrTQAIV-LQf5INQ==/split_config.arm64_v8a.apk", zip file "/data/app/com.google.android.youtube-xC_e5TXxrTQAIV-LQf5INQ==/split_config.en.apk", zip file "/data/app/com.google.android.youtube-xC_e5TXxrTQAIV-LQf5INQ==/split_config.xhdpi.apk"],nativeLibraryDirectories=[/data/app/com.google.android.youtube-xC_e5TXxrTQAIV-LQf5INQ==/lib/arm64, /data/app/com.google.android.youtube-xC_e5TXxrTQAIV-LQf5INQ==/base.apk!/lib/arm64-v8a, /data/app/com.google.android.youtube-xC_e5TXxrTQAIV-LQf5INQ==/split_config.arm64_v8a.apk!/lib/arm64-v8a, /data/app/com.google.android.youtube-xC_e5TXxrTQAIV-LQf5INQ==/split_config.en.apk!/lib/arm64-v8a, /data/app/com.google.android.youtube-xC_e5TXxrTQAIV-LQf5INQ==/split_config.xhdpi.apk!/lib/arm64-v8a, /system/lib6
01-08 12:56:49.209 23568 23774 I zygote64: at java.lang.Class dalvik.system.BaseDexClassLoader.findClass(java.lang.String) (BaseDexClassLoader.java:125)
01-08 12:56:49.209 23568 23774 I zygote64: at java.lang.Class java.lang.ClassLoader.loadClass(java.lang.String, boolean) (ClassLoader.java:379)
01-08 12:56:49.209 23568 23774 I zygote64: at java.lang.Class java.lang.ClassLoader.loadClass(java.lang.String) (ClassLoader.java:312)
01-08 12:56:49.209 23568 23774 I zygote64: at java.util.List fpd.t(fpw, android.content.Context, aluz, flu) (PG:5)
01-08 12:56:49.209 23568 23774 I zygote64: at java.util.List fpe.t(fpw, android.content.Context, aluz, flu) (PG:1)
01-08 12:56:49.209 23568 23774 I zygote64: at aluz fpd.l(android.content.Context, flu) (PG:11)
01-08 12:56:49.209 23568 23774 I zygote64: at java.lang.String fpa.q(android.content.Context, java.lang.String, int, android.view.View, android.app.Activity, byte[]) (PG:8)
01-08 12:56:49.209 23568 23774 I zygote64: at java.lang.String fpa.f(android.content.Context, byte[]) (PG:3)
01-08 12:56:49.209 23568 23774 I zygote64: at java.lang.String nzs.b(ows, byte[]) (PG:2)
01-08 12:56:49.209 23568 23774 I zygote64: at java.lang.String agxm.x(android.content.Context, byte[]) (PG:2)
01-08 12:56:49.209 23568 23774 I zygote64: at java.lang.String vqe.e() (PG:2)
01-08 12:56:49.209 23568 23774 I zygote64: at java.lang.String vqg.k() (PG:5)
01-08 12:56:49.209 23568 23774 I zygote64: at java.lang.String vqg.f() (PG:8)
01-08 12:56:49.209 23568 23774 I zygote64: at void vqg.h() (PG:1)
01-08 12:56:49.209 23568 23774 I zygote64: at void fhz.run() (PG:18)
01-08 12:56:49.209 23568 23774 I zygote64: at void xfa.run() (PG:7)
01-08 12:56:49.209 23568 23774 I zygote64: at void ajjn.run() (PG:3)
01-08 12:56:49.209 23568 23774 I zygote64: at void akjh.run() (PG:24)
01-08 12:56:49.209 23568 23774 I zygote64: at void qfk.run() (PG:16)
01-08 12:56:49.209 23568 23774 I zygote64: at void java.lang.Thread.run() (Thread.java:764)
01-08 12:56:49.209 23568 23774 I zygote64: at void qgm.run() (PG:5)
01-08 12:56:49.209 23568 23774 I zygote64:
01-08 12:56:49.209 23568 23774 I zygote64: Rejecting re-init on previously-failed class java.lang.Class: java.lang.NoClassDefFoundError: Failed resolution of: Landroid/content/pm/PackageManager$OnChecksumsReadyListener;
01-08 12:56:49.209 23568 23774 I zygote64: at java.util.List fpd.t(fpw, android.content.Context, aluz, flu) (PG:5)
01-08 12:56:49.209 23568 23774 I zygote64: at java.util.List fpe.t(fpw, android.content.Context, aluz, flu) (PG:1)
01-08 12:56:49.209 23568 23774 I zygote64: at aluz fpd.l(android.content.Context, flu) (PG:11)
01-08 12:56:49.209 23568 23774 I zygote64: at java.lang.String fpa.q(android.content.Context, java.lang.String, int, android.view.View, android.app.Activity, byte[]) (PG:8)
01-08 12:56:49.209 23568 23774 I zygote64: at java.lang.String fpa.f(android.content.Context, byte[]) (PG:3)
01-08 12:56:49.209 23568 23774 I zygote64: at java.lang.String nzs.b(ows, byte[]) (PG:2)
01-08 12:56:49.209 23568 23774 I zygote64: at java.lang.String agxm.x(android.content.Context, byte[]) (PG:2)
01-08 12:56:49.209 23568 23774 I zygote64: at java.lang.String vqe.e() (PG:2)
01-08 12:56:49.209 23568 23774 I zygote64: at java.lang.String vqg.k() (PG:5)
01-08 12:56:49.209 23568 23774 I zygote64: at java.lang.String vqg.f() (PG:8)
01-08 12:56:49.209 23568 23774 I zygote64: at void vqg.h() (PG:1)
01-08 12:56:49.209 23568 23774 I zygote64: at void fhz.run() (PG:18)
01-08 12:56:49.209 23568 23774 I zygote64: at void xfa.run() (PG:7)
01-08 12:56:49.209 23568 23774 I zygote64: at void ajjn.run() (PG:3)
01-08 12:56:49.209 23568 23774 I zygote64: at void akjh.run() (PG:24)
01-08 12:56:49.209 23568 23774 I zygote64: at void qfk.run() (PG:16)
01-08 12:56:49.209 23568 23774 I zygote64: at void java.lang.Thread.run() (Thread.java:764)
01-08 12:56:49.209 23568 23774 I zygote64: at void qgm.run() (PG:5)
01-08 12:56:49.209 23568 23774 I zygote64: Caused by: java.lang.ClassNotFoundException: Didn't find class "android.content.pm.PackageManager$OnChecksumsReadyListener" on path: DexPathList[[zip file "/data/app/com.google.android.youtube-xC_e5TXxrTQAIV-LQf5INQ==/base.apk", zip file "/data/app/com.google.android.youtube-xC_e5TXxrTQAIV-LQf5INQ==/split_config.arm64_v8a.apk", zip file "/data/app/com.google.android.youtube-xC_e5TXxrTQAIV-LQf5INQ==/split_config.en.apk", zip file "/data/app/com.google.android.youtube-xC_e5TXxrTQAIV-LQf5INQ==/split_config.xhdpi.apk"],nativeLibraryDirectories=[/data/app/com.google.android.youtube-xC_e5TXxrTQAIV-LQf5INQ==/lib/arm64, /data/app/com.google.android.youtube-xC_e5TXxrTQAIV-LQf5INQ==/base.apk!/lib/arm64-v8a, /data/app/com.google.android.youtube-xC_e5TXxrTQAIV-LQf5INQ==/split_config.arm64_v8a.apk!/lib/arm64-v8a, /data/app/com.google.android.youtube-xC_e5TXxrTQAIV-LQf5INQ==/split_config.en.apk!/lib/arm64-v8a, /data/app/com.google.android.youtube-xC_e5TXxrTQAIV-LQf5INQ==/split_config.xhdpi.apk!/lib/arm64-v8a, /system/lib6
01-08 12:56:49.209 23568 23774 I zygote64: at java.lang.Class dalvik.system.BaseDexClassLoader.findClass(java.lang.String) (BaseDexClassLoader.java:125)
01-08 12:56:49.209 23568 23774 I zygote64: at java.lang.Class java.lang.ClassLoader.loadClass(java.lang.String, boolean) (ClassLoader.java:379)
01-08 12:56:49.209 23568 23774 I zygote64: at java.lang.Class java.lang.ClassLoader.loadClass(java.lang.String) (ClassLoader.java:312)
01-08 12:56:49.209 23568 23774 I zygote64: at java.util.List fpd.t(fpw, android.content.Context, aluz, flu) (PG:5)
01-08 12:56:49.209 23568 23774 I zygote64: at java.util.List fpe.t(fpw, android.content.Context, aluz, flu) (PG:1)
01-08 12:56:49.209 23568 23774 I zygote64: at aluz fpd.l(android.content.Context, flu) (PG:11)
01-08 12:56:49.209 23568 23774 I zygote64: at java.lang.String fpa.q(android.content.Context, java.lang.String, int, android.view.View, android.app.Activity, byte[]) (PG:8)
01-08 12:56:49.209 23568 23774 I zygote64: at java.lang.String fpa.f(android.content.Context, byte[]) (PG:3)
01-08 12:56:49.209 23568 23774 I zygote64: at java.lang.String nzs.b(ows, byte[]) (PG:2)
01-08 12:56:49.209 23568 23774 I zygote64: at java.lang.String agxm.x(android.content.Context, byte[]) (PG:2)
01-08 12:56:49.209 23568 23774 I zygote64: at java.lang.String vqe.e() (PG:2)
01-08 12:56:49.209 23568 23774 I zygote64: at java.lang.String vqg.k() (PG:5)
01-08 12:56:49.209 23568 23774 I zygote64: at java.lang.String vqg.f() (PG:8)
01-08 12:56:49.209 23568 23774 I zygote64: at void vqg.h() (PG:1)
01-08 12:56:49.209 23568 23774 I zygote64: at void fhz.run() (PG:18)
01-08 12:56:49.209 23568 23774 I zygote64: at void xfa.run() (PG:7)
01-08 12:56:49.209 23568 23774 I zygote64: at void ajjn.run() (PG:3)
01-08 12:56:49.209 23568 23774 I zygote64: at void akjh.run() (PG:24)
01-08 12:56:49.209 23568 23774 I zygote64: at void qfk.run() (PG:16)
01-08 12:56:49.209 23568 23774 I zygote64: at void java.lang.Thread.run() (Thread.java:764)
01-08 12:56:49.209 23568 23774 I zygote64: at void qgm.run() (PG:5)
01-08 12:56:49.209 23568 23774 I zygote64:
01-08 12:56:49.226 842 2375 D NvOsDebugPrintf: NvPclStateControllerOpen: NvPclHwModule list[0]: A44_rear_4BA808P1 position0
01-08 12:56:49.226 842 2375 D NvOsDebugPrintf: NvPclStateControllerOpen: NvPclHwModule list[1]: A44_front_4BF215T1 position1
01-08 12:56:49.228 842 2375 D NvOsDebugPrintf: On-sensor flash not supported.
01-08 12:56:49.251 853 866 E OMXNodeInstance: getConfig(0xed5a3800:google.vorbis.decoder, ConfigAndroidVendorExtension(0x6f100004)) ERROR: Undefined(0x80001001)
01-08 12:56:49.254 842 2375 D NvOsDebugPrintf: CAM-SWAP: serial no file can't be opened to get serial number
01-08 12:56:49.311 842 2375 D NvOsDebugPrintf: Blob: Blob Version = 1, 4, 0
01-08 12:56:49.311 842 2375 D NvOsDebugPrintf: Blob: Program Number = 114
01-08 12:56:49.311 842 2375 D NvOsDebugPrintf: Blob: Tool Version = 2, 15, 3
01-08 12:56:49.311 842 2375 D NvOsDebugPrintf: Blob: Config File Date = 10993596009661071360
01-08 12:56:49.311 842 2375 D NvOsDebugPrintf: Blob: fuse ID matched!
01-08 12:56:49.311 842 2375 D NvOsDebugPrintf: Blob: SUCCESS? -- factory data fuse id is zero. Set as valid!
01-08 12:56:49.311 23757 23757 W CAM_Log : Tag FilmstripDeleteController is 6 chars longer than limit.
01-08 12:56:49.328 848 871 D MediaAnalyticsService: MediaAnalyticsService::newSummarizerSet
01-08 12:56:49.330 23757 23848 V NuMediaExtractor: setDataSource fd=46 (/system/app/GoogleCamera/GoogleCamera.apk), offset=45666324, length=5629
01-08 12:56:49.339 23757 23848 V NuMediaExtractor: track of type 'audio/vorbis' does not publish bitrate
01-08 12:56:49.340 853 866 I OMXMaster: makeComponentInstance(OMX.google.vorbis.decoder) in android.hardwar process
01-08 12:56:49.341 853 866 E OMXNodeInstance: getConfig(0xed5a3860:google.vorbis.decoder, ConfigAndroidVendorExtension(0x6f100004)) ERROR: Undefined(0x80001001)
01-08 12:56:49.347 842 2375 D NvOsDebugPrintf: CAM-SWAP: serial no file can't be opened to get serial number
01-08 12:56:49.375 23893 23893 V StudioTransport: Server listening on unix:@AndroidStudioTransport port:1
01-08 12:56:49.389 23757 23848 V NuMediaExtractor: setDataSource fd=45 (/system/app/GoogleCamera/GoogleCamera.apk), offset=45659000, length=7256
01-08 12:56:49.393 23757 23848 V NuMediaExtractor: track of type 'audio/vorbis' does not publish bitrate
01-08 12:56:49.394 853 866 I OMXMaster: makeComponentInstance(OMX.google.vorbis.decoder) in android.hardwar process
01-08 12:56:49.395 853 866 E OMXNodeInstance: getConfig(0xed1a0420:google.vorbis.decoder, ConfigAndroidVendorExtension(0x6f100004)) ERROR: Undefined(0x80001001)
01-08 12:56:49.396 842 2375 D NvOsDebugPrintf: Blob: Blob Version = 1, 4, 0
01-08 12:56:49.396 842 2375 D NvOsDebugPrintf: Blob: Program Number = 114
01-08 12:56:49.396 842 2375 D NvOsDebugPrintf: Blob: Tool Version = 2, 15, 3
01-08 12:56:49.396 842 2375 D NvOsDebugPrintf: Blob: Config File Date = 10993596009661071360
01-08 12:56:49.396 842 2375 D NvOsDebugPrintf: Blob: fuse ID matched!
01-08 12:56:49.396 842 2375 D NvOsDebugPrintf: Blob: SUCCESS? -- factory data fuse id is zero. Set as valid!
01-08 12:56:49.415 23757 23848 V NuMediaExtractor: setDataSource fd=47 (/system/app/GoogleCamera/GoogleCamera.apk), offset=45678608, length=13466
01-08 12:56:49.436 23757 23757 I CAM_MemoryManager: Max native memory: 409000000 bytes. (409MB).
01-08 12:56:49.450 23757 23848 V NuMediaExtractor: track of type 'audio/vorbis' does not publish bitrate
01-08 12:56:49.455 853 866 I OMXMaster: makeComponentInstance(OMX.google.vorbis.decoder) in android.hardwar process
01-08 12:56:49.460 853 866 E OMXNodeInstance: getConfig(0xed5a38c0:google.vorbis.decoder, ConfigAndroidVendorExtension(0x6f100004)) ERROR: Undefined(0x80001001)
01-08 12:56:49.463 842 23964 D NvOsDebugPrintf: getDisplayOrientation: Failed to read tegra display device mode.
01-08 12:56:49.465 842 23964 I NvDeviceOrientation: initialize Sensor Manager init time: 13
01-08 12:56:49.494 23757 23849 I CAM_CameraOpener: Camera device 0 was opened successfully.
01-08 12:56:49.497 23757 23836 I CAM_CmrCptrSssnCrtr: Creating capture session for outputs: [DeferredOutputConfig{outputConfiguration=android.hardware.camera2.params.OutputConfiguration@e8ac0fd9}, AndroidOutputConfig{outputConfiguration=android.hardware.camera2.params.OutputConfiguration@f1add55}]
01-08 12:56:49.498 23757 23836 I CAM_CmrCptrSssnCrtr: Creating regular capture session from output configurations.
01-08 12:56:49.512 23757 23848 V NuMediaExtractor: setDataSource fd=48 (/system/app/GoogleCamera/GoogleCamera.apk), offset=45692136, length=6869
01-08 12:56:49.518 941 1583 I ActivityManager: Killing 23219:com.android.connectivity.metrics/u0a70 (adj 904): empty #17
01-08 12:56:49.518 941 957 I chatty : uid=1000(system) ActivityManager expire 3 lines
01-08 12:56:49.521 23757 23848 V NuMediaExtractor: track of type 'audio/vorbis' does not publish bitrate
01-08 12:56:49.528 853 2393 I OMXMaster: makeComponentInstance(OMX.google.vorbis.decoder) in android.hardwar process
01-08 12:56:49.530 853 2393 E OMXNodeInstance: getConfig(0xed5a3440:google.vorbis.decoder, ConfigAndroidVendorExtension(0x6f100004)) ERROR: Undefined(0x80001001)
01-08 12:56:49.580 23757 23848 V NuMediaExtractor: setDataSource fd=49 (/system/app/GoogleCamera/GoogleCamera.apk), offset=45784584, length=7295
01-08 12:56:49.581 23757 23832 I VideoCapabilities: Unsupported profile 4 for video/mp4v-es
01-08 12:56:49.584 23757 23848 V NuMediaExtractor: track of type 'audio/vorbis' does not publish bitrate
01-08 12:56:49.585 23757 23832 W VideoCapabilities: Unrecognized level 0 for video/x-vnd.on2.vp8
01-08 12:56:49.586 23757 23771 I zygote64: Background concurrent copying GC freed 8825(1096KB) AllocSpace objects, 8(148KB) LOS objects, 50% free, 2MB/4MB, paused 728us total 103.715ms
01-08 12:56:49.592 853 853 I OMXMaster: makeComponentInstance(OMX.google.vorbis.decoder) in android.hardwar process
01-08 12:56:49.594 853 2393 E OMXNodeInstance: getConfig(0xed1a0420:google.vorbis.decoder, ConfigAndroidVendorExtension(0x6f100004)) ERROR: Undefined(0x80001001)
01-08 12:56:49.603 23757 23757 I CAM_ViewfinderSV0: startViewfinder with config: ViewfinderConfig{cameraFacing=BACK, viewfinderAspectRatio=AspectRatio[4:3], viewfinderResolution=1440x1080}
01-08 12:56:49.603 23757 23757 I CAM_ViewfinderSV0: Reconfiguring surface because config is not the same as the previous surface config.
01-08 12:56:49.603 23757 23757 I CAM_ViewfinderSV0: Activity layout is not stable yet, delaying configuration: 0x0
01-08 12:56:49.610 23757 23757 I Choreographer: Skipped 40 frames! The application may be doing too much work on its main thread.
01-08 12:56:49.622 23757 23757 I CAM_ViewfinderSV0: Setting configuration for the SurfaceHolder and containing FrameLayout.
01-08 12:56:49.624 23757 23757 W View : requestLayout() improperly called by android.widget.FrameLayout{b3ab421 V.E...... ......I. 0,0-0,0 #7f110192 app:id/viewfinder_frame} during layout: running second layout pass
01-08 12:56:49.624 23757 23757 W View : requestLayout() improperly called by android.view.SurfaceView{d66f046 V.E...... ......I. 0,0-0,0} during layout: running second layout pass
01-08 12:56:49.630 941 1787 D ConnectivityService: requestNetwork for uid/pid:10068/23568 NetworkRequest [ TRACK_DEFAULT id=310, [ Capabilities: INTERNET&NOT_RESTRICTED&TRUSTED&NOT_VPN] ]
01-08 12:56:49.632 941 1019 I chatty : uid=1000(system) WifiStateMachin expire 1 line
01-08 12:56:49.632 941 1039 I chatty : uid=1000(system) EthernetService expire 1 line
01-08 12:56:49.632 1152 1152 D PhoneSwitcherNetworkRequstListener: got request NetworkRequest [ TRACK_DEFAULT id=310, [ Capabilities: INTERNET&NOT_RESTRICTED&TRUSTED&NOT_VPN] ] with score 60
01-08 12:56:49.640 23757 23757 I CAM_Instrumentation: ViewfinderSession: Surface Created duration: 37ms
01-08 12:56:49.641 23757 23757 I CAM_ViewfinderSV0: Setting fixed size after surfaceChanged event: 1440x1080
01-08 12:56:49.641 23757 23757 I CAM_ViewfinderSV0: Surface is consumable, and a previous future exists. Completing future: Surface(name=null)/@0xe2dd207
01-08 12:56:49.641 23757 23757 I CAM_Instrumentation: ViewfinderSession: Surface Start to Surface Ready: 37ms
01-08 12:56:49.650 188 188 W gralloc : Unmapped consumer usage 200
01-08 12:56:49.650 188 188 W gralloc : Unmapped producer usage 900
01-08 12:56:49.688 163 163 W /system/bin/hwservicemanager: getTransport: Cannot find entry android.hardware.graphics.mapper@2.0::IMapper/default in either framework or device manifest.
01-08 12:56:49.689 23757 23860 D vndksupport: Loading /vendor/lib64/hw/android.hardware.graphics.mapper@2.0-impl.so from current namespace instead of sphal namespace.
01-08 12:56:49.690 23757 23860 D vndksupport: Loading /vendor/lib64/hw/gralloc.tegra.so from current namespace instead of sphal namespace.
01-08 12:56:49.691 23757 23860 D vndksupport: Loading /vendor/lib64/hw/gralloc.tegra.so from current namespace instead of sphal namespace.
01-08 12:56:49.736 23757 23848 V NuMediaExtractor: setDataSource fd=50 (/system/app/GoogleCamera/GoogleCamera.apk), offset=45763996, length=10853
01-08 12:56:49.741 842 940 D NvOsDebugPrintf: NvPclNvOdmWriteStateSensor: Set new sensor mode [Id: 0 (3280x2460)]
01-08 12:56:49.747 23757 23848 V NuMediaExtractor: track of type 'audio/vorbis' does not publish bitrate
01-08 12:56:49.751 853 2393 I OMXMaster: makeComponentInstance(OMX.google.vorbis.decoder) in android.hardwar process
01-08 12:56:49.752 853 2393 E OMXNodeInstance: getConfig(0xed5a3ec0:google.vorbis.decoder, ConfigAndroidVendorExtension(0x6f100004)) ERROR: Undefined(0x80001001)
01-08 12:56:49.851 23757 23848 V NuMediaExtractor: setDataSource fd=51 (/system/app/GoogleCamera/GoogleCamera.apk), offset=45774912, length=9610
01-08 12:56:49.856 23757 23848 V NuMediaExtractor: track of type 'audio/vorbis' does not publish bitrate
01-08 12:56:49.860 853 866 I OMXMaster: makeComponentInstance(OMX.google.vorbis.decoder) in android.hardwar process
01-08 12:56:49.865 853 866 E OMXNodeInstance: getConfig(0xed5a38c0:google.vorbis.decoder, ConfigAndroidVendorExtension(0x6f100004)) ERROR: Undefined(0x80001001)
01-08 12:56:49.886 188 6203 W gralloc : Unmapped consumer usage 200
01-08 12:56:49.886 188 6203 W gralloc : Unmapped producer usage 900
01-08 12:56:49.896 941 964 I chatty : uid=1000(system) android.display expire 1 line
01-08 12:56:49.898 1065 1065 I GoogleInputMethodService: GoogleInputMethodService.onFinishInput():3206
01-08 12:56:49.899 1065 1065 I GoogleInputMethodService: GoogleInputMethodService.updateDeviceLockedStatus():2147 repeatCheckTimes = 0, locked = false
01-08 12:56:49.899 1065 1065 I GoogleInputMethodService: GoogleInputMethodService.onStartInput():1894 onStartInput(EditorInfo{EditorInfo{packageName=com.google.android.GoogleCamera, inputType=0, inputTypeString=NULL, enableLearning=false, autoCorrection=false, autoComplete=false, imeOptions=0, privateImeOptions=null, actionName=UNSPECIFIED, actionLabel=null, initialSelStart=-1, initialSelEnd=-1, initialCapsMode=0, label=null, fieldId=2131820678, fieldName=null, extras=null, hintText=null, hintLocales=[]}}, false)
01-08 12:56:49.899 1065 1065 I GoogleInputMethodService: GoogleInputMethodService.updateDeviceLockedStatus():2147 repeatCheckTimes = 1, locked = false
01-08 12:56:49.925 23757 23757 I CAM_UsageStats: GooglePlayServices connected.
01-08 12:56:49.967 23757 23757 I CAM_FusedLocProvider: Start location updates.
01-08 12:56:50.000 23757 23848 V NuMediaExtractor: setDataSource fd=52 (/system/app/GoogleCamera/GoogleCamera.apk), offset=45807868, length=18273
01-08 12:56:50.017 23757 23848 V NuMediaExtractor: track of type 'audio/vorbis' does not publish bitrate
01-08 12:56:50.019 853 866 I OMXMaster: makeComponentInstance(OMX.google.vorbis.decoder) in android.hardwar process
01-08 12:56:50.021 853 866 E OMXNodeInstance: getConfig(0xed5a3860:google.vorbis.decoder, ConfigAndroidVendorExtension(0x6f100004)) ERROR: Undefined(0x80001001)
01-08 12:56:50.027 842 940 E Camera3-Device: configureStreams: Stream 1: DataSpace override not allowed for format 0x21
01-08 12:56:50.031 842 940 D Camera3-Device: Set real time priority for request queue thread (tid 23971)
01-08 12:56:50.034 23757 23973 I CAM_Instrumentation: CameraCaptureSession: Create duration: 535ms
01-08 12:56:50.035 23757 23973 I CAM_CmrCptrSssnCrtr: Deferred futures complete.
01-08 12:56:50.035 23757 23973 I CAM_CmrCptrSssnCrtr: Finishing deferred output configuration.
01-08 12:56:50.040 842 2374 W CameraDeviceClient: createSurfaceFromGbp: Camera 0 with consumer usage flag: 2304: Forcing asynchronous mode for stream
01-08 12:56:50.040 842 2374 W CameraDeviceClient: createSurfaceFromGbp: Camera 0: Overriding format 0x4 to IMPLEMENTATION_DEFINED
01-08 12:56:50.046 188 315 W gralloc : Unmapped consumer usage 20000
01-08 12:56:50.046 188 315 W gralloc : Unmapped producer usage 900
01-08 12:56:50.057 188 314 W gralloc : Unmapped consumer usage 20000
01-08 12:56:50.057 188 314 W gralloc : Unmapped producer usage 900
01-08 12:56:50.060 188 188 W gralloc : Unmapped consumer usage 20000
01-08 12:56:50.060 188 188 W gralloc : Unmapped producer usage 900
01-08 12:56:50.071 188 6203 W gralloc : Unmapped consumer usage 20000
01-08 12:56:50.071 188 6203 W gralloc : Unmapped producer usage 900
01-08 12:56:50.125 23757 23848 V NuMediaExtractor: setDataSource fd=53 (/system/app/GoogleCamera/GoogleCamera.apk), offset=45826200, length=9560
01-08 12:56:50.132 23757 23848 V NuMediaExtractor: track of type 'audio/vorbis' does not publish bitrate
01-08 12:56:50.140 188 315 W gralloc : Unmapped consumer usage 20000
01-08 12:56:50.140 188 315 W gralloc : Unmapped producer usage 900
01-08 12:56:50.143 853 1165 I OMXMaster: makeComponentInstance(OMX.google.vorbis.decoder) in android.hardwar process
01-08 12:56:50.145 853 853 E OMXNodeInstance: getConfig(0xed5a3f20:google.vorbis.decoder, ConfigAndroidVendorExtension(0x6f100004)) ERROR: Undefined(0x80001001)
01-08 12:56:50.173 188 314 W gralloc : Unmapped consumer usage 20000
01-08 12:56:50.173 188 314 W gralloc : Unmapped producer usage 900
01-08 12:56:50.211 23757 23848 V NuMediaExtractor: setDataSource fd=55 (/system/app/GoogleCamera/GoogleCamera.apk), offset=45791940, length=15866
01-08 12:56:50.217 23757 23848 V NuMediaExtractor: track of type 'audio/vorbis' does not publish bitrate
01-08 12:56:50.220 853 866 I OMXMaster: makeComponentInstance(OMX.google.vorbis.decoder) in android.hardwar process
01-08 12:56:50.221 853 1165 E OMXNodeInstance: getConfig(0xed1a0360:google.vorbis.decoder, ConfigAndroidVendorExtension(0x6f100004)) ERROR: Undefined(0x80001001)
01-08 12:56:50.249 23568 24019 W zygote64: Unsupported class loader
01-08 12:56:50.260 23757 23848 V NuMediaExtractor: setDataSource fd=56 (/system/app/GoogleCamera/GoogleCamera.apk), offset=45751764, length=12171
01-08 12:56:50.262 23568 24019 W zygote64: Skipping duplicate class check due to unsupported classloader
01-08 12:56:50.272 23757 23848 V NuMediaExtractor: track of type 'audio/vorbis' does not publish bitrate
01-08 12:56:50.273 188 188 W gralloc : Unmapped consumer usage 20000
01-08 12:56:50.273 188 188 W gralloc : Unmapped producer usage 900
01-08 12:56:50.277 853 1165 I OMXMaster: makeComponentInstance(OMX.google.vorbis.decoder) in android.hardwar process
01-08 12:56:50.279 853 1165 E OMXNodeInstance: getConfig(0xed5a3e00:google.vorbis.decoder, ConfigAndroidVendorExtension(0x6f100004)) ERROR: Undefined(0x80001001)
01-08 12:56:50.307 188 6203 W gralloc : Unmapped consumer usage 20000
01-08 12:56:50.308 188 6203 W gralloc : Unmapped producer usage 900
01-08 12:56:50.370 842 23942 D FD_API__CASCADEDETECT: ExtMemCascadeClassifier::setMemBuffer: buffer=0x0xda3cfe02, bufferSize=4279818, now membuffer.size=4279818
01-08 12:56:50.370 842 23942 D FD_API__CASCADEDETECT: ExtMemCascadeClassifier::setMemBuffer: buffer=0x0xda7e4c0c, bufferSize=4279818, now membuffer.size=4279818
01-08 12:56:50.383 188 315 W gralloc : Unmapped consumer usage 20000
01-08 12:56:50.383 188 315 W gralloc : Unmapped producer usage 900
01-08 12:56:50.399 23757 24005 I CAM_Instrumentation: CameraCaptureSession: First capture request sent to first capture result received: 355ms
01-08 12:56:50.400 23757 23833 I CAM_Capture1CC: OneCamera started!
01-08 12:56:50.400 23757 24005 I CAM_Instrumentation: CameraCaptureSession: first capture result received to second capture result received: 2ms
01-08 12:56:50.400 23757 23833 I CAM_Instrumentation: OneCameraSession: OneCamera Started duration: 1558ms
01-08 12:56:50.401 23757 24005 I CAM_FrameJank: JANK! Time between frames (99.967ms) increased by 202.6768216149561% over the expected delta (33.02763636363636ms)
01-08 12:56:50.402 23757 23757 I CAM_ActivityUiStartup: Future@d1fd972: DONE: ModeUiStartup
01-08 12:56:50.411 188 314 W gralloc : Unmapped consumer usage 200
01-08 12:56:50.411 188 314 W gralloc : Unmapped producer usage 900
01-08 12:56:50.472 23757 23757 I CAM_CdrCharacteristics: checkResolutionListOrder: [FPS_60] = []
01-08 12:56:50.472 23757 23757 I CAM_CdrCharacteristics: checkResolutionListOrder: [FPS_30] = [RES_1080P, RES_720P, RES_CIF, RES_QCIF]
01-08 12:56:50.472 23757 23757 I CAM_CdrCharacteristics: checkResolutionListOrder: [FPS_120] = []
01-08 12:56:50.472 23757 23757 I CAM_CdrCharacteristics: checkResolutionListOrder: [FPS_240] = []
01-08 12:56:50.482 23757 23848 V NuMediaExtractor: setDataSource fd=59 (/system/app/GoogleCamera/GoogleCamera.apk), offset=45724472, length=27223
01-08 12:56:50.500 23757 23848 V NuMediaExtractor: track of type 'audio/vorbis' does not publish bitrate
01-08 12:56:50.504 853 1165 I OMXMaster: makeComponentInstance(OMX.google.vorbis.decoder) in android.hardwar process
01-08 12:56:50.506 853 853 E OMXNodeInstance: getConfig(0xed5a3c20:google.vorbis.decoder, ConfigAndroidVendorExtension(0x6f100004)) ERROR: Undefined(0x80001001)
01-08 12:56:50.534 23757 23757 I CAM_CameraUiStatechart: Capture state enter
01-08 12:56:50.549 941 21177 I chatty : uid=1000(system) Binder:941_10 expire 1 line
01-08 12:56:50.573 23757 23848 V NuMediaExtractor: setDataSource fd=60 (/system/app/GoogleCamera/GoogleCamera.apk), offset=45700136, length=19122
01-08 12:56:50.584 23757 23848 V NuMediaExtractor: track of type 'audio/vorbis' does not publish bitrate
01-08 12:56:50.588 853 853 I OMXMaster: makeComponentInstance(OMX.google.vorbis.decoder) in android.hardwar process
01-08 12:56:50.591 853 853 E OMXNodeInstance: getConfig(0xed5a3d40:google.vorbis.decoder, ConfigAndroidVendorExtension(0x6f100004)) ERROR: Undefined(0x80001001)
01-08 12:56:50.616 23757 23862 W CAM2PORT_AndCamAgntImp: Releasing camera without any camera opened.
01-08 12:56:50.616 23757 23757 I CAM_SimpleModuleAgent: Creating module: PhotoModule
01-08 12:56:50.616 23757 23757 W CAM_Log : Tag MediaActionSoundPlayerImpl is 7 chars longer than limit.
01-08 12:56:50.620 941 1405 W AlarmManager: Alarms must either supply a PendingIntent or an AlarmReceiver
01-08 12:56:50.632 23757 23757 I CAM_Instrumentation: ModeSwitch: Mode Switch duration: 0ms
01-08 12:56:50.633 23757 23757 I CAM_CameraActivity: Double twist gesture is enabled.
01-08 12:56:50.641 23757 23848 V NuMediaExtractor: setDataSource fd=68 (/system/app/GoogleCamera/GoogleCamera.apk), offset=45719344, length=5056
01-08 12:56:50.645 23757 23757 I CAM_CameraActivity: Double twist gesture is enabled.
01-08 12:56:50.649 23757 23848 V NuMediaExtractor: track of type 'audio/vorbis' does not publish bitrate
01-08 12:56:50.651 853 853 I OMXMaster: makeComponentInstance(OMX.google.vorbis.decoder) in android.hardwar process
01-08 12:56:50.652 853 853 E OMXNodeInstance: getConfig(0xed5a3ce0:google.vorbis.decoder, ConfigAndroidVendorExtension(0x6f100004)) ERROR: Undefined(0x80001001)
01-08 12:56:50.682 189 189 I WifiHAL : Got channel list with 13 channels
01-08 12:56:50.683 189 189 I WifiHAL : Got channel list with 4 channels
01-08 12:56:50.683 189 189 I WifiHAL : Got channel list with 15 channels
01-08 12:56:50.689 23568 24031 I FA : App measurement initialized, version: 82050
01-08 12:56:50.689 23568 24031 I FA : To enable debug logging run: adb shell setprop log.tag.FA VERBOSE
01-08 12:56:50.689 23568 24031 I FA : To enable faster debug mode event logging run:
01-08 12:56:50.689 23568 24031 I FA : adb shell setprop debug.firebase.analytics.app com.google.android.youtube
01-08 12:56:50.693 23757 23757 I CAM_CptModuleCfgBldr: Selected configuration for camera (CameraId{Api2='0',Api1:0}): ActiveModuleConfig{cameraId=CameraId{Api2='0',Api1:0}, cameraFacing=BACK, aspectRatio=AspectRatio[4:3], captureResolution=3280x2460, viewfinderConfig=ViewfinderConfig{cameraFacing=BACK, viewfinderAspectRatio=AspectRatio[4:3], viewfinderResolution=1440x1080}}
01-08 12:56:50.693 23757 23757 W CAM_PrimaryShutter: transitionToCapture while ShutterButtonMode is PHOTO
01-08 12:56:50.696 23757 23757 I CAM_Capture1CC: Camera with the same configuration is already open, returning it.
01-08 12:56:50.700 23568 23617 I zygote64: Waiting for a blocking GC ProfileSaver
01-08 12:56:50.728 12852 12852 D BoundBrokerSvc: onBind: Intent { act=com.google.android.gms.panorama.service.START pkg=com.google.android.gms }
01-08 12:56:50.729 12852 12852 D BoundBrokerSvc: Loading bound service for intent: Intent { act=com.google.android.gms.panorama.service.START pkg=com.google.android.gms }
01-08 12:56:50.740 941 1776 I chatty : uid=1000(system) Binder:941_B expire 2 lines
01-08 12:56:50.756 23757 23757 I CAM_CameraActivity: Double twist gesture is enabled.
