04-10 08:33:53.362 1726 2213 D BLASTSyncEngine: startSyncSet SyncGroup = com.android.server.wm.BLASTSyncEngine$SyncGroup@50befe2,parallel = false,alreadyRunning = false,Callers=com.android.server.wm.BLASTSyncEngine.startSyncSet:442 com.android.server.wm.Transition.startCollecting:572 com.android.server.wm.TransitionController.moveToCollecting:331 com.android.server.wm.TransitionController.createAndStartCollecting:1447 com.android.server.wm.ActivityStarter.startActivityUnchecked:1548 com.android.server.wm.ActivityStarter.executeRequest:1385 com.android.server.wm.ActivityStarter.execute:778 com.android.server.wm.ActivityStartController.startHomeActivity:198 com.android.server.wm.RootWindowContainer.startHomeOnTaskDisplayArea:1507 com.android.server.wm.RootWindowContainer.lambda$startHomeOnDisplay$11:1446 com.android.server.wm.RootWindowContainer.$r8$lambda$zDbqLY8yVs2-CTsfHP7FhguhRoM:0 com.android.server.wm.RootWindowContainer$$ExternalSyntheticLambda5.apply:0 com.android.server.wm.TaskDisplayArea.reduceOnAllTaskDisplayAreas:514 com.android.server.wm.DisplayArea.reduceOnAllTaskDisplayAreas:527 com.android.server.wm.DisplayArea.reduceOnAllTaskDisplayAreas:527
04-10 08:33:53.364 1726 2213 I ActivityTaskManager: START u0 {act=android.intent.action.MAIN cat=[android.intent.category.HOME] flg=0x10000100 cmp=com.nothing.launcher/com.android.searchlauncher.SearchLauncher (has extras)} with LAUNCH_SINGLE_TASK from uid 0 pid 0 (BAL_ALLOW_ALLOWLISTED_UID) result code=3
04-10 08:33:53.365 2840 12665 D KeyguardService: setOccluded(false)
04-10 08:33:53.365 2840 12665 D KeyguardViewMediator: setOccluded(false)
04-10 08:33:53.365 2840 12665 D KeyguardViewMediator: setOccluded false
04-10 08:33:53.365 1726 2915 D NtWindowManagerService: getActiveRecentsLayerTaskId: ar=ActivityRecord{f0703da u0 com.spintec.qt.form500.poc/.My7000App t629} taskId=629
04-10 08:33:53.365 3294 3294 I NT-StateManager: onStateTransitionStart StateManager: StateManager(mLastStableState:Normal, mCurrentStableState:Background, mState:Overview, mRestState:Normal, isInTransition:false)
04-10 08:33:53.366 3294 3294 I NT-StateManager: onStateTransitionEnd StateManager: StateManager(mLastStableState:Normal, mCurrentStableState:Overview, mState:Overview, mRestState:Normal, isInTransition:false)
04-10 08:33:53.366 3294 3441 I ImeTracker: com.nothing.launcher:212f90d: onRequestHide at ORIGIN_CLIENT_HIDE_SOFT_INPUT reason HIDE_SOFT_INPUT
04-10 08:33:53.366 3294 3441 I ImeTracker: com.nothing.launcher:212f90d: onFailed at PHASE_CLIENT_VIEW_SERVED
04-10 08:33:53.368 1402 12635 I QC2C2DEngine: calcYSize: unsupported or RGB color format, RGBA8888_UBWC(-1040187392)
04-10 08:33:53.368 1354 1354 I sensors-hal: flush:271, android.sensor.accelerometer/11
04-10 08:33:53.368 1354 1354 I sensors-hal: send_sync_sensor_request:361, send sync request
04-10 08:33:53.368 1354 1354 I sensors-hal: send_sync_sensor_request:387, wait for notification of response
04-10 08:33:53.369 1354 2789 I sensors-hal: ssc_conn_resp_cb:676, resp_value = 0
04-10 08:33:53.369 1354 1354 I sensors-hal: send_sync_sensor_request:393, takes 0 ms to receive the response with 0
04-10 08:33:53.369 1354 1354 I sensors-hal: flush:277, android.sensor.accelerometer/11 completed
04-10 08:33:53.369 2840 2853 V ShellRecents: [92713087] RecentsController.screenshotTask: taskId=629
04-10 08:33:53.369 2840 6453 V ShellRecents: [92713087] RecentsController.detachNavigationBarFromApp
04-10 08:33:53.369 2840 2898 D WindowManagerShell: onActivityRestartAttempt: ComponentInfo{com.nothing.launcher/com.android.searchlauncher.SearchLauncher}
04-10 08:33:53.371 1385 4310 E ANDR-PERF-LM: VmRssMeter:: start() 453: Could not find pid, can not collect vmrss data
04-10 08:33:53.372 3294 3443 D QuickstepModelDelegate: notifyAppTargetEvent action=1 launchLocation=
04-10 08:33:53.373 2840 2840 I vol.VolumeDialogImpl: mDialog.dismiss() reason: volume_controller from: com.android.systemui.volume.VolumeDialogImpl$15.onDismissRequested:3226
04-10 08:33:53.374 2840 2840 D KeyguardViewMediator: handleSetOccluded(false)
04-10 08:33:53.374 2840 2840 D KeyguardViewMediator: isOccluded=false,mPowerGestureIntercepted=false
04-10 08:33:53.377 2840 2840 D ShadeControllerImpl: animateCollapse(): mExpandedVisible=falseflags=0
04-10 08:33:53.379 1385 4311 E ANDR-PERF-LM: VmRssMeter:: start() 453: Could not find pid, can not collect vmrss data
04-10 08:33:53.379 1385 4311 E ANDR-PERF-LM: AdaptiveLaunch: writeToDataBase() 64: Meter aborted or could not get meter data for this run
04-10 08:33:53.385 1402 12635 I QC2C2DEngine: calcYSize: unsupported or RGB color format, RGBA8888_UBWC(-1040187392)
04-10 08:33:53.390 3294 3319 W System : A resource failed to call release.
04-10 08:33:53.390 3294 3319 W System : A resource failed to call release.
04-10 08:33:53.390 3294 3319 W System : A resource failed to call release.
04-10 08:33:53.391 3294 3319 W System : A resource failed to call release.
04-10 08:33:53.391 3294 3319 W System : A resource failed to call release.
04-10 08:33:53.391 3294 3319 W System : A resource failed to call release.
04-10 08:33:53.391 3294 3319 W System : A resource failed to call release.
04-10 08:33:53.391 3294 3319 W System : A resource failed to call release.
04-10 08:33:53.391 3294 3319 W System : A resource failed to call release.
04-10 08:33:53.391 3294 3319 W System : A resource failed to call release.
04-10 08:33:53.392 3294 3294 I NT-NTDragLayer: onMeasure consumed 0
04-10 08:33:53.393 3294 3294 I NT-NTDragLayer: onLayout consumed 1
04-10 08:33:53.394 3294 3294 I NT-NTDragLayer: dispatchDraw consumed 1
04-10 08:33:53.395 3294 3294 I NT-StateManager: onStateTransitionStart StateManager: StateManager(mLastStableState:Normal, mCurrentStableState:Overview, mState:Normal, mRestState:Normal, isInTransition:true)
04-10 08:33:53.396 1354 1354 I sensors-hal: batch:242, android.sensor.accelerometer/11, period=50000000, max_latency=0
04-10 08:33:53.396 1354 1354 I sensors-hal: set_config:68, sample_period_ns is adjusted to 50000000 based on min/max delay_ns
04-10 08:33:53.396 1354 1354 I sensors-hal: batch:251, android.sensor.accelerometer/11, period=50000000, max_latency=0 request completed
04-10 08:33:53.396 5695 5695 I A : onResume
04-10 08:33:53.401 3294 3294 I NT-InputConsumerProxy: AL-1283: Destroy InputConsumerProxy, UnRegister input listener.
04-10 08:33:53.401 2840 2840 D ShadeControllerImpl: animateCollapse(): mExpandedVisible=falseflags=0
04-10 08:33:53.402 2840 2840 I vol.VolumeDialogImpl: mDialog.dismiss() reason: volume_controller from: com.android.systemui.volume.VolumeDialogImpl$15.onDismissRequested:3226
04-10 08:33:53.402 2840 2840 D vol.VolumeDialogImpl: dismissH: skipping dismiss because isAnimatingDismiss is true and showingStateInconsistent is false
04-10 08:33:53.402 3294 3443 D QuickstepModelDelegate: notifyAppTargetEvent action=1 launchLocation=workspace/5/[-1,-1]/[1,1]
04-10 08:33:53.404 2840 2898 V ShellRecents: [92713087] RecentsController.finishInner: toHome=true userLeave=true willFinishToHome=true state=0
04-10 08:33:53.404 2840 2898 V ShellRecents: normal finish
04-10 08:33:53.404 2840 2898 V ShellRecents: [92713087] RecentsController.cleanup
04-10 08:33:53.405 2840 2898 V WindowManagerShell: Transition animation finished (aborted=false), notifying core (#65)android.os.BinderProxy@55a084c@1
04-10 08:33:53.407 1726 2212 V WindowManager: Finish Transition #65: created at
04-10 08:33:52.866 collect-started=0.673ms started=0.767ms ready=6.007ms sent=71.684ms finished=540.394ms
04-10 08:33:53.408 1726 4943 D ActivityTrigger: ActivityTrigger activityPauseTrigger
04-10 08:33:53.408 1402 12635 I QC2C2DEngine: calcYSize: unsupported or RGB color format, RGBA8888_UBWC(-1040187392)
04-10 08:33:53.412 2840 2898 V WindowManagerShell: Track 1 became idle
04-10 08:33:53.412 2840 2898 V WindowManagerShell: All active transition animations finished
04-10 08:33:53.415 4733 4733 I Qt5.My7000App: My7000App::onPause() called
04-10 08:33:53.415 2840 2850 W System : A resource failed to call release.
04-10 08:33:53.415 2840 2850 W System : A resource failed to call release.
04-10 08:33:53.415 2840 2850 W System : A resource failed to call release.
04-10 08:33:53.415 2840 2850 W System : A resource failed to call release.
04-10 08:33:53.415 2840 2850 W System : A resource failed to call release.
04-10 08:33:53.415 2840 2850 W System : A resource failed to call release.
04-10 08:33:53.415 2840 2850 W System : A resource failed to call HardwareBuffer.close.
04-10 08:33:53.416 2840 2850 W System : A resource failed to call release.
04-10 08:33:53.416 2840 2850 W System : A resource failed to call release.
04-10 08:33:53.416 2840 2850 W System : A resource failed to call HardwareBuffer.close.
04-10 08:33:53.416 2840 2850 W System : A resource failed to call HardwareBuffer.close.
04-10 08:33:53.416 2840 2850 W System : A resource failed to call release.
04-10 08:33:53.416 2840 2850 W System : A resource failed to call release.
04-10 08:33:53.416 2840 2850 W System : A resource failed to call release.
04-10 08:33:53.416 2840 2850 W System : A resource failed to call release.
04-10 08:33:53.416 2840 2850 W System : A resource failed to call HardwareBuffer.close.
04-10 08:33:53.416 2840 2850 W System : A resource failed to call HardwareBuffer.close.
04-10 08:33:53.416 2840 2850 W System : A resource failed to call release.
04-10 08:33:53.416 2840 2850 W System : A resource failed to call release.
04-10 08:33:53.416 2840 2850 W System : A resource failed to call release.
04-10 08:33:53.416 2840 2850 W System : A resource failed to call release.
04-10 08:33:53.416 2840 2850 W System : A resource failed to call release.
04-10 08:33:53.416 2840 2850 W System : A resource failed to call HardwareBuffer.close.
04-10 08:33:53.416 2840 2850 W System : A resource failed to call HardwareBuffer.close.
04-10 08:33:53.416 2840 2850 W System : A resource failed to call release.
04-10 08:33:53.416 2840 2850 W System : A resource failed to call release.
04-10 08:33:53.416 2840 2850 W System : A resource failed to call release.
04-10 08:33:53.416 2840 2850 W System : A resource failed to call release.
04-10 08:33:53.416 2840 2850 W System : A resource failed to call release.
04-10 08:33:53.416 2840 2850 W System : A resource failed to call HardwareBuffer.close.
04-10 08:33:53.416 2840 2850 W System : A resource failed to call HardwareBuffer.close.
04-10 08:33:53.416 2840 2850 W System : A resource failed to call release.
04-10 08:33:53.416 2840 2850 W System : A resource failed to call release.
04-10 08:33:53.416 2840 2850 W System : A resource failed to call release.
04-10 08:33:53.416 2840 2850 W System : A resource failed to call release.
04-10 08:33:53.416 2840 2850 W System : A resource failed to call HardwareBuffer.close.
04-10 08:33:53.416 2840 2850 W System : A resource failed to call HardwareBuffer.close.
04-10 08:33:53.416 2840 2850 W System : A resource failed to call release.
04-10 08:33:53.416 2840 2850 W System : A resource failed to call release.
04-10 08:33:53.416 2840 2850 W System : A resource failed to call release.
04-10 08:33:53.416 2840 2850 W System : A resource failed to call release.
04-10 08:33:53.417 4733 12671 D libForm500Crash_POC_arm64-v8a.so: Application state changed to Qt::ApplicationInactive
04-10 08:33:53.423 1726 2216 V WindowManager: Unknown focus tokens, dropping reportFocusChanged
04-10 08:33:53.423 3239 3295 W DynamicDDSService: appName is not found in cache: com.spintec.qt.form500.poc
04-10 08:33:53.433 1726 2216 D NtPerfTraceManagerImpl: packageName = com.nothing.launcher, taskId = 628
04-10 08:33:53.434 1402 12635 I QC2C2DEngine: calcYSize: unsupported or RGB color format, RGBA8888_UBWC(-1040187392)
04-10 08:33:53.443 4733 4733 E BufferQueueProducer: [SurfaceView[com.spintec.qt.form500.poc/com.spintec.qt.form500.poc.My7000App]#57(BLAST Consumer)57](id:127d00000039,api:0,p:-1,c:4733) disconnect: not connected (req=2)
04-10 08:33:53.444 1402 12635 I QC2C2DEngine: calcYSize: unsupported or RGB color format, RGBA8888_UBWC(-1040187392)
04-10 08:33:53.453 1726 4943 I ImeTracker: com.nothing.launcher:3944c787: onRequestHide at ORIGIN_SERVER_HIDE_INPUT reason HIDE_UNSPECIFIED_WINDOW
04-10 08:33:53.453 1726 4943 I ImeTracker: com.nothing.launcher:3944c787: onCancelled at PHASE_SERVER_SHOULD_HIDE
04-10 08:33:53.455 6287 6287 I GoogleInputMethodService: GoogleInputMethodService.onFinishInput():3096
04-10 08:33:53.456 6287 6287 I GoogleInputMethodService: GoogleInputMethodService.updateDeviceLockedStatus():2210 repeatCheckTimes = 0, locked = false
04-10 08:33:53.456 6287 6287 I GoogleInputMethodService: GoogleInputMethodService.onStartInput():1950 onStartInput(EditorInfo{EditorInfo{packageName=com.nothing.launcher, inputType=0, inputTypeString=NULL, enableLearning=false, autoCorrection=false, autoComplete=false, imeOptions=0, privateImeOptions=null, actionName=UNSPECIFIED, actionLabel=null, initialSelStart=-1, initialSelEnd=-1, initialCapsMode=0, label=null, fieldId=0, fieldName=null, extras=null, hintText=null, hintLocales=[]}}, false)
04-10 08:33:53.456 6287 6287 I GoogleInputMethodService: GoogleInputMethodService.updateDeviceLockedStatus():2210 repeatCheckTimes = 1, locked = false
04-10 08:33:53.457 6287 6287 I AndroidIME: InputBundleManager.loadActiveInputBundleId():450 loadActiveInputBundleId: und-Latn-x-password, password
04-10 08:33:53.458 1726 5826 W PackageConfigPersister: App-specific configuration not found for packageName: com.nothing.launcher and userId: 0
04-10 08:33:53.467 1402 12635 I QC2C2DEngine: calcYSize: unsupported or RGB color format, RGBA8888_UBWC(-1040187392)
04-10 08:33:53.471 4733 4733 I Qt5.My7000App: My7000App::onStop() called
04-10 08:33:53.472 1402 12635 I QC2C2DEngine: calcYSize: unsupported or RGB color format, RGBA8888_UBWC(-1040187392)
04-10 08:33:53.472 4733 4733 I Qt5.My7000App: My7000App::onStop() after super called
04-10 08:33:53.475 4733 12671 D libForm500Crash_POC_arm64-v8a.so: Application state changed to Qt::ApplicationSuspended
04-10 08:33:53.478 1402 12635 I QC2C2DEngine: calcYSize: unsupported or RGB color format, RGBA8888_UBWC(-1040187392)
04-10 08:33:53.490 1402 12635 I QC2Comp : [avcE_18] Stats: Pending(2) i/p-done(0) Works: Q: 2054/Done 2052|Work-Rate: Q(53.6/s Avg=37.0/s) Done(53.197/s Avg=36.935/s)| Stream: 115.93fps 3.7Mbps
04-10 08:33:53.490 1402 12635 I QC2Comp : Mem-usage: [In-2D: 65 bufs 292.500 MB] [1D-20: 8 bufs 11.969 MB]
04-10 08:33:53.490 1402 12635 I QC2Comp : Total Mem-usage: 304.469 MB
04-10 08:33:53.495 1402 12635 I QC2C2DEngine: calcYSize: unsupported or RGB color format, RGBA8888_UBWC(-1040187392)
04-10 08:33:53.508 1402 12635 I QC2C2DEngine: calcYSize: unsupported or RGB color format, RGBA8888_UBWC(-1040187392)
04-10 08:33:53.522 1402 12635 I QC2C2DEngine: calcYSize: unsupported or RGB color format, RGBA8888_UBWC(-1040187392)
04-10 08:33:53.538 1402 12635 I QC2C2DEngine: calcYSize: unsupported or RGB color format, RGBA8888_UBWC(-1040187392)
04-10 08:33:53.550 1402 12635 I QC2C2DEngine: calcYSize: unsupported or RGB color format, RGBA8888_UBWC(-1040187392)
04-10 08:33:53.565 1402 12635 I QC2C2DEngine: calcYSize: unsupported or RGB color format, RGBA8888_UBWC(-1040187392)
04-10 08:33:53.579 1402 12635 I QC2C2DEngine: calcYSize: unsupported or RGB color format, RGBA8888_UBWC(-1040187392)
04-10 08:33:53.597 1402 12635 I QC2C2DEngine: calcYSize: unsupported or RGB color format, RGBA8888_UBWC(-1040187392)
04-10 08:33:53.609 1402 12635 I QC2C2DEngine: calcYSize: unsupported or RGB color format, RGBA8888_UBWC(-1040187392)
04-10 08:33:53.619 1402 12635 I QC2C2DEngine: calcYSize: unsupported or RGB color format, RGBA8888_UBWC(-1040187392)
04-10 08:33:53.634 1402 12635 I QC2C2DEngine: calcYSize: unsupported or RGB color format, RGBA8888_UBWC(-1040187392)
04-10 08:33:53.647 1402 12635 I QC2C2DEngine: calcYSize: unsupported or RGB color format, RGBA8888_UBWC(-1040187392)
04-10 08:33:53.658 1402 12635 I QC2C2DEngine: calcYSize: unsupported or RGB color format, RGBA8888_UBWC(-1040187392)
04-10 08:33:53.661 3294 3294 I NT-StateManager: onStateTransitionEnd StateManager: StateManager(mLastStableState:Normal, mCurrentStableState:Normal, mState:Normal, mRestState:null, isInTransition:true)
04-10 08:33:53.671 1402 12635 I QC2C2DEngine: calcYSize: unsupported or RGB color format, RGBA8888_UBWC(-1040187392)
04-10 08:33:53.682 2840 2840 D vol.VolumeDialogImpl: hideRingerDrawer - drawer is already hide
04-10 08:33:53.682 1402 12635 I QC2C2DEngine: calcYSize: unsupported or RGB color format, RGBA8888_UBWC(-1040187392)
04-10 08:33:53.683 1726 3838 D AS.AudioService: Volume controller visible: false
04-10 08:33:53.692 1402 12635 I QC2C2DEngine: calcYSize: unsupported or RGB color format, RGBA8888_UBWC(-1040187392)
04-10 08:33:53.711 1402 12635 I QC2C2DEngine: calcYSize: unsupported or RGB color format, RGBA8888_UBWC(-1040187392)
04-10 08:33:53.715 1402 12635 I QC2C2DEngine: calcYSize: unsupported or RGB color format, RGBA8888_UBWC(-1040187392)
04-10 08:33:53.715 1726 1740 I system_server: NativeAlloc concurrent copying GC freed 698993(25MB) AllocSpace objects, 0(0B) LOS objects, 66% free, 48MB/144MB, paused 87us,97us total 114.550ms
04-10 08:33:53.720 1726 1742 W System : A resource failed to call HardwareBuffer.close.
04-10 08:33:53.720 1726 1742 W System : A resource failed to call HardwareBuffer.close.
04-10 08:33:53.720 1726 1742 W System : A resource failed to call HardwareBuffer.close.
04-10 08:33:53.720 1726 1742 W System : A resource failed to call HardwareBuffer.close.
04-10 08:33:53.720 1726 1742 W System : A resource failed to call HardwareBuffer.close.
04-10 08:33:53.720 1726 1742 W System : A resource failed to call HardwareBuffer.close.
04-10 08:33:53.720 1726 1742 W System : A resource failed to call HardwareBuffer.close.
04-10 08:33:53.721 1726 1742 W System : A resource failed to call HardwareBuffer.close.
04-10 08:33:53.721 1726 1742 W System : A resource failed to call HardwareBuffer.close.
04-10 08:33:53.721 1726 1742 W System : A resource failed to call HardwareBuffer.close.
04-10 08:33:53.721 1726 1742 W System : A resource failed to call HardwareBuffer.close.
04-10 08:33:53.721 1726 1742 W System : A resource failed to call HardwareBuffer.close.
04-10 08:33:53.722 1726 1742 W System : A resource failed to call HardwareBuffer.close.
04-10 08:33:53.722 1726 1742 W System : A resource failed to call HardwareBuffer.close.
04-10 08:33:53.722 1402 12635 I QC2C2DEngine: calcYSize: unsupported or RGB color format, RGBA8888_UBWC(-1040187392)
04-10 08:33:53.732 1402 12635 I QC2C2DEngine: calcYSize: unsupported or RGB color format, RGBA8888_UBWC(-1040187392)
04-10 08:33:53.752 1402 12635 I QC2C2DEngine: calcYSize: unsupported or RGB color format, RGBA8888_UBWC(-1040187392)
04-10 08:33:53.756 1402 12635 I QC2C2DEngine: calcYSize: unsupported or RGB color format, RGBA8888_UBWC(-1040187392)
04-10 08:33:53.763 1402 12635 I QC2C2DEngine: calcYSize: unsupported or RGB color format, RGBA8888_UBWC(-1040187392)
04-10 08:33:53.783 1402 12635 I QC2C2DEngine: calcYSize: unsupported or RGB color format, RGBA8888_UBWC(-1040187392)
04-10 08:33:53.788 1402 12635 I QC2C2DEngine: calcYSize: unsupported or RGB color format, RGBA8888_UBWC(-1040187392)
04-10 08:33:53.794 1402 12635 I QC2C2DEngine: calcYSize: unsupported or RGB color format, RGBA8888_UBWC(-1040187392)
04-10 08:33:53.805 1402 12635 I QC2C2DEngine: calcYSize: unsupported or RGB color format, RGBA8888_UBWC(-1040187392)
04-10 08:33:53.815 1402 12635 I QC2C2DEngine: calcYSize: unsupported or RGB color format, RGBA8888_UBWC(-1040187392)
04-10 08:33:53.827 1402 12635 I QC2C2DEngine: calcYSize: unsupported or RGB color format, RGBA8888_UBWC(-1040187392)
04-10 08:33:53.900 608 608 W [FTS_TS]fts_input_report_b: [B]P0(912, 1657)[p:5,tm:64] DOWN!
04-10 08:33:53.985 608 608 W [FTS_TS]fts_input_report_b: [B]P0 UP!
04-10 08:33:53.985 608 608 W [FTS_TS]fts_input_report_b: [B]Points All Up!
04-10 08:33:53.992 3294 3294 I NT-ItemClickHandler: ItemClickHandler.onClick
04-10 08:33:53.999 1726 3838 D BLASTSyncEngine: startSyncSet SyncGroup = com.android.server.wm.BLASTSyncEngine$SyncGroup@b98a019,parallel = false,alreadyRunning = false,Callers=com.android.server.wm.BLASTSyncEngine.startSyncSet:442 com.android.server.wm.Transition.startCollecting:572 com.android.server.wm.TransitionController.moveToCollecting:331 com.android.server.wm.TransitionController.createAndStartCollecting:1447 com.android.server.wm.ActivityStarter.startActivityUnchecked:1548 com.android.server.wm.ActivityStarter.executeRequest:1385 com.android.server.wm.ActivityStarter.execute:778 com.android.server.wm.ActivityTaskManagerService.startActivityAsUser:1329 com.android.server.wm.ActivityTaskManagerService.startActivityAsUser:1272 com.android.server.wm.ActivityTaskManagerService.startActivity:1247 android.app.IActivityTaskManager$Stub.onTransact:929 com.android.server.wm.ActivityTaskManagerService.onTransact:5621 android.os.Binder.execTransactInternal:1339 android.os.Binder.execTransact:1275
04-10 08:33:54.003 1726 3838 V NtGameModeImpl: onAppFocusChanged: pkg=com.spintec.qt.form500.poc, uid=10341, category=-1
04-10 08:33:54.003 1726 3838 D NtPopUpViewImpl: PopUpView: onAppFocusChanged: newTask=Task{dc5400b #629 type=standard A=10341:com.spintec.qt.form500.poc}, showDimmer=false
04-10 08:33:54.003 1726 3838 D NtDimmerWindow: NtDimmerWindow.enterPinnedWindowWindowingMode: You can only enter PinnedWindow from Windowform. task=Task{2dbc4fe #1 type=home}
04-10 08:33:54.003 1726 3838 D NtWindowformEdgeBarHelper: setTask true
04-10 08:33:54.007 1726 3838 D ActivityTrigger: ActivityTrigger activityPauseTrigger
04-10 08:33:54.007 2817 5016 D TopAppSceneDetector: currentFocusApp=com.spintec.qt.form500.poc
04-10 08:33:54.009 1726 3838 I ActivityTaskManager: START u0 {act=android.intent.action.MAIN cat=[android.intent.category.LAUNCHER] flg=0x10200000 cmp=com.spintec.qt.form500.poc/.My7000App bnds=[782,1516][1024,1792]} with LAUNCH_SINGLE_TOP from uid 10183 pid 3294 (BAL_ALLOW_ALLOWLISTED_COMPONENT) result code=2
04-10 08:33:54.012 2840 2898 V WindowManagerShell: Transition requested: android.os.BinderProxy@506b149 TransitionRequestInfo { type = OPEN, triggerTask = TaskInfo{userId=0 taskId=629 displayId=0 isRunning=true baseIntent=Intent { act=android.intent.action.MAIN cat=[android.intent.category.LAUNCHER] flg=0x10200000 cmp=com.spintec.qt.form500.poc/.My7000App } baseActivity=ComponentInfo{com.spintec.qt.form500.poc/com.spintec.qt.form500.poc.My7000App} topActivity=ComponentInfo{com.spintec.qt.form500.poc/com.spintec.qt.form500.poc.My7000App} origActivity=null realActivity=ComponentInfo{com.spintec.qt.form500.poc/com.spintec.qt.form500.poc.My7000App} numActivities=1 lastActiveTime=373990 supportsMultiWindow=true resizeMode=1 isResizeable=true minWidth=-1 minHeight=-1 defaultMinSize=220 token=WCT{android.window.IWindowContainerToken$Stub$Proxy@553ea4e} topActivityType=1 pictureInPictureParams=null shouldDockBigOverlays=false launchIntoPipHostTaskId=-1 lastParentTaskIdBeforePip=-1 displayCutoutSafeInsets=Rect(0, 136 - 0, 0) topActivityInfo=ActivityInfo{c72b76f com.spintec.qt.form500.poc.My7000App} launchCookies=[android.os.BinderProxy@f961c7c] positionInParent=Point(0, 0) parentTaskId=-1 isFocused=true isVisible=false isVisibleRequested=false isSleeping=false topActivityInSizeCompat=false topActivityEligibleForLetterboxEducation= false topActivityLetterboxed= false isFromDoubleTap= false topActivityLetterboxVerticalPosition= -1 topActivityLetterboxHorizontalPosition= -1 topActivityLetterboxWidth=-1 topActivityLetterboxHeight=-1 locusId=null displayAreaFeatureId=1 cameraCompatControlState=hidden}, remoteTransition = RemoteTransition { remoteTransition = android.window.IRemoteTransition$Stub$Proxy@3801905, appThread = android.app.IApplicationThread$Stub$Proxy@4085d5a, debugName = QuickstepLaunch }, displayChange = null }
04-10 08:33:54.012 2840 2898 V WindowManagerShell: RemoteTransition directly requested for android.os.BinderProxy@506b149: RemoteTransition { remoteTransition = android.window.IRemoteTransition$Stub$Proxy@3801905, appThread = android.app.IApplicationThread$Stub$Proxy@4085d5a, debugName = QuickstepLaunch }
04-10 08:33:54.012 2840 2898 V WindowManagerShell: handleRequest com.android.wm.shell.transition.RemoteTransitionHandler@f067dac handled
04-10 08:33:54.014 2840 2898 D WindowManagerShell: onActivityRestartAttempt: ComponentInfo{com.spintec.qt.form500.poc/com.spintec.qt.form500.poc.My7000App}
04-10 08:33:54.012 3294 3443 D QuickstepModelDelegate: notifyAppTargetEvent action=1 launchLocation=workspace/5/[3,5]/[1,1]
04-10 08:33:54.014 1402 12635 I QC2C2DEngine: calcYSize: unsupported or RGB color format, RGBA8888_UBWC(-1040187392)
04-10 08:33:54.015 1726 3838 W WindowManager: Failed looking up window session=Session{1c27e3c 2840:u0a10199} callers=com.android.server.wm.WindowManagerService.windowForClientLocked:6155 com.android.server.wm.WindowManagerService.removeWindow:2001 com.android.server.wm.Session.remove:231
04-10 08:33:54.016 2817 5016 D NearbyDetector: onTopActivityChanged: top class name: com.android.searchlauncher.SearchLauncher
04-10 08:33:54.016 2817 5016 D NearbyDetector: onTopActivityChanged: top class name: com.spintec.qt.form500.poc.My7000App
04-10 08:33:54.017 2817 5016 D GameSceneDetector: Failed to call isBoostTypeGame: java.lang.NoSuchMethodException: android.util.BoostFramework.perfGetFeedback []
04-10 08:33:54.017 2817 5016 D GameSceneDetector: onTopChanged=com.spintec.qt.form500.poc, isBoostTypeGame=false, isCategoryGame=false
04-10 08:33:54.017 2817 5016 D SceneManager: TopAPP=com.spintec.qt.form500.poc, category=-1
04-10 08:33:54.017 1726 2915 E Transition: Trying to add a ready-group twice: Display{#0 state=ON size=1080x2400 ROTATION_0}
04-10 08:33:54.018 1319 3739 D vendor.qti.bluetooth@1.0-wake_lock: Acquire wakelock is acquired
04-10 08:33:54.021 1385 1554 W ANDR-PERF-LM: MetaMeter: handlePrimaryAsync() 118: AdaptLaunch MetaMeter. No MeterMgr Available to handle this Primary Async. !!!!
04-10 08:33:54.021 1385 1554 W ANDR-PERF-LM: MetaMeter: handlePrimaryAsync() 118: AdaptLaunch MetaMeter. No MeterMgr Available to handle this Primary Async. !!!!
04-10 08:33:54.021 3037 3743 I bt_stack: [INFO:btm_ble_gap.cc(3253)] btm_ble_process_adv_pkt_cont Data Complete 63:d6:05:85:71:95
04-10 08:33:54.021 3037 3743 I bt_stack: [INFO:btm_ble_gap.cc(3253)] btm_ble_process_adv_pkt_cont Data Complete 63:d6:05:85:71:95
04-10 08:33:54.021 3037 3743 D bt_btm_ble: bool parse_adv_audio_uuids_from_adv_pkt(const uint8_t *, size_t, uint8_t): tmap_cap_pts: false
04-10 08:33:54.023 3294 3294 I NT-TopTaskTracker: Call back onTaskMovedToFront taskId = 629
04-10 08:33:54.027 1433 1433 I BpBinder: onLastStrongRef automatically unlinking death recipients:
04-10 08:33:54.029 1402 12635 I QC2C2DEngine: calcYSize: unsupported or RGB color format, RGBA8888_UBWC(-1040187392)
04-10 08:33:54.030 2840 2935 V SnapshotDrawerUtils: Drawing snapshot surface sizeMismatch=false
04-10 08:33:54.031 4733 4733 I Qt5.My7000App: My7000App::onResume() called
04-10 08:33:54.031 4733 12671 D libForm500Crash_POC_arm64-v8a.so: Application state changed to Qt::ApplicationActive
04-10 08:33:54.036 1726 2212 V WindowManager: Sent Transition #67 createdAt=04-10 08:33:53.999 via request=TransitionRequestInfo { type = OPEN, triggerTask = TaskInfo{userId=0 taskId=629 displayId=0 isRunning=true baseIntent=Intent { act=android.intent.action.MAIN cat=[android.intent.category.LAUNCHER] flg=0x10200000 cmp=com.spintec.qt.form500.poc/.My7000App } baseActivity=ComponentInfo{com.spintec.qt.form500.poc/com.spintec.qt.form500.poc.My7000App} topActivity=ComponentInfo{com.spintec.qt.form500.poc/com.spintec.qt.form500.poc.My7000App} origActivity=null realActivity=ComponentInfo{com.spintec.qt.form500.poc/com.spintec.qt.form500.poc.My7000App} numActivities=1 lastActiveTime=373990 supportsMultiWindow=true resizeMode=1 isResizeable=true minWidth=-1 minHeight=-1 defaultMinSize=220 token=WCT{RemoteToken{6ce9df5 Task{dc5400b #629 type=standard A=10341:com.spintec.qt.form500.poc}}} topActivityType=1 pictureInPictureParams=null shouldDockBigOverlays=false launchIntoPipHostTaskId=-1 lastParentTaskIdBeforePip=-1 displayCutoutSafeInsets=Rect(0, 136 - 0, 0) topActivityInfo=ActivityInfo{a98178a com.spintec.qt.form500.poc.My7000App} launchCookies=[android.os.BinderProxy@a0d52b7] positionInParent=Point(0, 0) parentTaskId=-1 isFocused=true isVisible=false isVisibleRequested=false isSleeping=false topActivityInSizeCompat=false topActivityEligibleForLetterboxEducation= false topActivityLetterboxed= false isFromDoubleTap= false topActivityLetterboxVerticalPosition= -1 topActivityLetterboxHorizontalPosition= -1 topActivityLetterboxWidth=-1 topActivityLetterboxHeight=-1 locusId=null displayAreaFeatureId=1 cameraCompatControlState=hidden}, remoteTransition = RemoteTransition { remoteTransition = android.window.IRemoteTransition$Stub$Proxy@76a2a24, appThread = android.app.IApplicationThread$Stub$Proxy@ce3198d, debugName = QuickstepLaunch }, displayChange = null }
04-10 08:33:54.036 1726 2212 V WindowManager: startWCT=WindowContainerTransaction { changes = {} hops = [] errorCallbackToken=null taskFragmentOrganizer=null }
04-10 08:33:54.037 1726 2212 V WindowManager: info={id=67 t=OPEN f=0x0 trk=0 r=[0@Point(0, 0)] c=[{WCT{RemoteToken{6ce9df5 Task{dc5400b #629 type=standard A=10341:com.spintec.qt.form500.poc}}} m=TO_FRONT f=MOVE_TO_TOP leash=Surface(name=Task=629)/@0x2a116df sb=Rect(0, 0 - 1080, 2400) eb=Rect(0, 0 - 1080, 2400) d=0},{WCT{RemoteToken{3176405 Task{2dbc4fe #1 type=home}}} m=TO_BACK f=SHOW_WALLPAPER leash=Surface(name=Task=1)/@0xceec555 sb=Rect(0, 0 - 1080, 2400) eb=Rect(0, 0 - 1080, 2400) d=0}]}
04-10 08:33:54.038 2840 2898 V WindowManagerShell: onTransitionReady android.os.BinderProxy@506b149: {id=67 t=OPEN f=0x0 trk=0 r=[0@Point(0, 0)] c=[{WCT{android.window.IWindowContainerToken$Stub$Proxy@1842567} m=TO_FRONT f=MOVE_TO_TOP leash=Surface(name=Task=629)/@0xa668468 sb=Rect(0, 0 - 1080, 2400) eb=Rect(0, 0 - 1080, 2400) d=0},{WCT{android.window.IWindowContainerToken$Stub$Proxy@d537f14} m=TO_BACK f=SHOW_WALLPAPER leash=Surface(name=Task=1)/@0xa6e4081 sb=Rect(0, 0 - 1080, 2400) eb=Rect(0, 0 - 1080, 2400) d=0}]}
04-10 08:33:54.038 2840 2898 V WindowManagerShell: Playing animation for (#67)android.os.BinderProxy@506b149@0
04-10 08:33:54.038 2840 2898 V WindowManagerShell: try firstHandler com.android.wm.shell.transition.DefaultMixedHandler@a890bd
04-10 08:33:54.039 2840 2898 V WindowManagerShell: Delegate animation for #67 to RemoteTransition { remoteTransition = android.window.IRemoteTransition$Stub$Proxy@3801905, appThread = android.app.IApplicationThread$Stub$Proxy@4085d5a, debugName = QuickstepLaunch }
04-10 08:33:54.040 2840 2898 V WindowManagerShell: animated by firstHandler
04-10 08:33:54.041 3294 3294 I NT-TransitionSmoothHelper: clear
04-10 08:33:54.045 1402 12635 I QC2C2DEngine: calcYSize: unsupported or RGB color format, RGBA8888_UBWC(-1040187392)
04-10 08:33:54.048 4733 12667 E OpenGLRenderer: Unable to match the desired swap behavior.
04-10 08:33:54.048 3294 3294 I NT-NTDragLayer: onMeasure consumed 0
04-10 08:33:54.048 1402 12635 I QC2C2DEngine: calcYSize: unsupported or RGB color format, RGBA8888_UBWC(-1040187392)
04-10 08:33:54.048 3294 3294 I NT-NTDragLayer: onLayout consumed 0
04-10 08:33:54.048 3294 3294 I NT-NTDragLayer: dispatchDraw consumed 0
04-10 08:33:54.051 4733 4733 I SurfaceView: surfaceview vote min fps
04-10 08:33:54.059 1402 12635 I QC2C2DEngine: calcYSize: unsupported or RGB color format, RGBA8888_UBWC(-1040187392)
04-10 08:33:54.060 1726 2212 W ziparchive: Unable to open '/data/app/~~VXJMSZcnXxXOCkvo99yEnQ==/com.spintec.qt.form500.poc-K4cmV_bINLx0_037uJu7OA==/base.dm': No such file or directory
04-10 08:33:54.065 1726 2216 D NtPerfTraceManagerImpl: packageName = com.spintec.qt.form500.poc, taskId = 629
04-10 08:33:54.069 4733 4733 I SurfaceView: surfaceview vote min fps
04-10 08:33:54.073 1402 12635 I QC2C2DEngine: calcYSize: unsupported or RGB color format, RGBA8888_UBWC(-1040187392)
04-10 08:33:54.079 1402 12635 I QC2C2DEngine: calcYSize: unsupported or RGB color format, RGBA8888_UBWC(-1040187392)
04-10 08:33:54.083 1726 3838 I ImeTracker: com.spintec.qt.form500.poc:78b1f433: onRequestHide at ORIGIN_SERVER_HIDE_INPUT reason HIDE_UNSPECIFIED_WINDOW
04-10 08:33:54.083 1726 3838 I ImeTracker: com.spintec.qt.form500.poc:78b1f433: onCancelled at PHASE_SERVER_SHOULD_HIDE
04-10 08:33:54.087 1402 12635 I QC2C2DEngine: calcYSize: unsupported or RGB color format, RGBA8888_UBWC(-1040187392)
04-10 08:33:54.089 6287 6287 I GoogleInputMethodService: GoogleInputMethodService.onFinishInput():3096
04-10 08:33:54.089 6287 6287 I GoogleInputMethodService: GoogleInputMethodService.updateDeviceLockedStatus():2210 repeatCheckTimes = 0, locked = false
04-10 08:33:54.090 6287 6287 I GoogleInputMethodService: GoogleInputMethodService.onStartInput():1950 onStartInput(EditorInfo{EditorInfo{packageName=com.spintec.qt.form500.poc, inputType=0, inputTypeString=NULL, enableLearning=false, autoCorrection=false, autoComplete=false, imeOptions=0, privateImeOptions=null, actionName=UNSPECIFIED, actionLabel=null, initialSelStart=-1, initialSelEnd=-1, initialCapsMode=0, label=null, fieldId=0, fieldName=null, extras=null, hintText=null, hintLocales=[]}}, false)
04-10 08:33:54.091 6287 6287 I GoogleInputMethodService: GoogleInputMethodService.updateDeviceLockedStatus():2210 repeatCheckTimes = 1, locked = false
04-10 08:33:54.091 6287 6287 I AndroidIME: InputBundleManager.loadActiveInputBundleId():450 loadActiveInputBundleId: und-Latn-x-password, password
04-10 08:33:54.093 1726 2915 W PackageConfigPersister: App-specific configuration not found for packageName: com.spintec.qt.form500.poc and userId: 0
04-10 08:33:54.105 1402 12635 I QC2C2DEngine: calcYSize: unsupported or RGB color format, RGBA8888_UBWC(-1040187392)
04-10 08:33:54.108 1726 2216 D NtPerfTraceManagerImpl: packageName = com.spintec.qt.form500.poc, taskId = 629
04-10 08:33:54.110 1726 2915 I ImeTracker: com.spintec.qt.form500.poc:576fd03c: onRequestHide at ORIGIN_SERVER_HIDE_INPUT reason HIDE_SAME_WINDOW_FOCUSED_WITHOUT_EDITOR
04-10 08:33:54.110 1726 2915 I ImeTracker: com.spintec.qt.form500.poc:576fd03c: onCancelled at PHASE_SERVER_SHOULD_HIDE
04-10 08:33:54.111 1402 12635 I QC2C2DEngine: calcYSize: unsupported or RGB color format, RGBA8888_UBWC(-1040187392)
04-10 08:33:54.111 6287 6287 I GoogleInputMethodService: GoogleInputMethodService.onFinishInput():3096
04-10 08:33:54.112 6287 6287 I GoogleInputMethodService: GoogleInputMethodService.updateDeviceLockedStatus():2210 repeatCheckTimes = 0, locked = false
04-10 08:33:54.112 6287 6287 I GoogleInputMethodService: GoogleInputMethodService.onStartInput():1950 onStartInput(EditorInfo{EditorInfo{packageName=com.spintec.qt.form500.poc, inputType=0, inputTypeString=NULL, enableLearning=false, autoCorrection=false, autoComplete=false, imeOptions=0, privateImeOptions=null, actionName=UNSPECIFIED, actionLabel=null, initialSelStart=-1, initialSelEnd=-1, initialCapsMode=0, label=null, fieldId=0, fieldName=null, extras=null, hintText=null, hintLocales=[]}}, false)
04-10 08:33:54.113 6287 6287 I GoogleInputMethodService: GoogleInputMethodService.updateDeviceLockedStatus():2210 repeatCheckTimes = 1, locked = false
04-10 08:33:54.113 6287 6287 I AndroidIME: InputBundleManager.loadActiveInputBundleId():450 loadActiveInputBundleId: und-Latn-x-password, password
04-10 08:33:54.113 1726 3838 W PackageConfigPersister: App-specific configuration not found for packageName: com.spintec.qt.form500.poc and userId: 0
04-10 08:33:54.117 5695 5695 I A : onPause
04-10 08:33:54.120 1402 12635 I QC2C2DEngine: calcYSize: unsupported or RGB color format, RGBA8888_UBWC(-1040187392)
04-10 08:33:54.138 1363 3450 I WifiHAL : event received NL80211_CMD_VENDOR, vendor_id = 0x1374, subcmd = 0xd
04-10 08:33:54.138 1858 1858 I cnss-daemon: nl80211 response handler invoked
04-10 08:33:54.138 1858 1858 I cnss-daemon: nl80211_response_handler: cmd 103, vendorID 4980, subcmd 13 received
04-10 08:33:54.143 1402 12635 I QC2C2DEngine: calcYSize: unsupported or RGB color format, RGBA8888_UBWC(-1040187392)
04-10 08:33:54.162 1402 12635 I QC2C2DEngine: calcYSize: unsupported or RGB color format, RGBA8888_UBWC(-1040187392)
04-10 08:33:54.186 1402 12635 I QC2C2DEngine: calcYSize: unsupported or RGB color format, RGBA8888_UBWC(-1040187392)
04-10 08:33:54.210 1319 3529 D vendor.qti.bluetooth@1.0-wake_lock: Release wakelock is released
04-10 08:33:54.212 1402 12635 I QC2C2DEngine: calcYSize: unsupported or RGB color format, RGBA8888_UBWC(-1040187392)
04-10 08:33:54.236 1402 12635 I QC2C2DEngine: calcYSize: unsupported or RGB color format, RGBA8888_UBWC(-1040187392)
04-10 08:33:54.263 1402 12635 I QC2C2DEngine: calcYSize: unsupported or RGB color format, RGBA8888_UBWC(-1040187392)
04-10 08:33:54.283 1402 12635 I QC2C2DEngine: calcYSize: unsupported or RGB color format, RGBA8888_UBWC(-1040187392)
04-10 08:33:54.306 1402 12635 I QC2C2DEngine: calcYSize: unsupported or RGB color format, RGBA8888_UBWC(-1040187392)
04-10 08:33:54.325 1402 12635 I QC2C2DEngine: calcYSize: unsupported or RGB color format, RGBA8888_UBWC(-1040187392)
04-10 08:33:54.346 1402 12635 I QC2C2DEngine: calcYSize: unsupported or RGB color format, RGBA8888_UBWC(-1040187392)
04-10 08:33:54.365 1402 12635 I QC2C2DEngine: calcYSize: unsupported or RGB color format, RGBA8888_UBWC(-1040187392)
04-10 08:33:54.384 1402 12635 I QC2C2DEngine: calcYSize: unsupported or RGB color format, RGBA8888_UBWC(-1040187392)
04-10 08:33:54.401 1402 12635 I QC2C2DEngine: calcYSize: unsupported or RGB color format, RGBA8888_UBWC(-1040187392)
04-10 08:33:54.420 1402 12635 I QC2C2DEngine: calcYSize: unsupported or RGB color format, RGBA8888_UBWC(-1040187392)
04-10 08:33:54.423 5135 5167 I NTWidget-Client: Receive method call: actionRefresh, widgetId = 1
04-10 08:33:54.428 608 608 W [FTS_TS]fts_input_report_b: [B]P0(821, 2335)[p:4,tm:64] DOWN!
04-10 08:33:54.427 5135 5135 I NTWidget-Client: Call handleCardRefresh, target method = onHostViewResumed
04-10 08:33:54.429 4007 4007 D BoundBrokerSvc: onUnbind: Intent { act=com.google.android.mobstore.service.START pkg=com.google.android.gms }
04-10 08:33:54.430 5135 5569 I NTWidget-: Ensure service valid cost time = 0, checkResult = true
04-10 08:33:54.433 5268 5481 I NTWidget-CardWidgetService: getWidgetOptions, widgetId = 1
04-10 08:33:54.436 5135 5135 I CardLab-: Widget 1 find options: width = 936, height = 210
04-10 08:33:54.437 5135 5135 I CardLab-: spanX = 4
04-10 08:33:54.437 5135 5135 I CardLab-: ContainerWidth = 936
04-10 08:33:54.437 5135 5135 I CardLab-: Display weather and date-------------
04-10 08:33:54.438 5135 5733 I CardLab-: Start to query weather data.
04-10 08:33:54.438 1726 2617 D VibratorManagerService: vibrate uid =10199, opPkg = com.android.systemui, reason = null, attrs = VibrationAttributes: Usage=TOUCH Audio Usage= USAGE_UNKNOWN Flags=0
04-10 08:33:54.438 1726 2617 D RichTapVibratorService: none richtap effect, do nothing!!
04-10 08:33:54.438 1726 2617 D VibratorManagerService: Starting vibrate for vibration 51
04-10 08:33:54.439 1726 2617 D VibratorManagerService: Vibration for uid=10199 and with attrs=VibrationAttributes: Usage=TOUCH Audio Usage= USAGE_UNKNOWN Flags=0 ended with status IGNORED_FOR_SETTINGS
04-10 08:33:54.439 5135 5135 I CardLab-: Widget 1 no need refresh, return null cardInfo!!!!!!!
04-10 08:33:54.443 1402 12635 I QC2C2DEngine: calcYSize: unsupported or RGB color format, RGBA8888_UBWC(-1040187392)
04-10 08:33:54.444 5649 5696 I NTWeather-ShareProvider: Call method query_weather_info from pkg = com.nothing.hearthstone
04-10 08:33:54.444 5649 5862 I NTWeather-RequestWeatherNotice: Request Weather Notice doWork
04-10 08:33:54.456 1402 12635 I QC2C2DEngine: calcYSize: unsupported or RGB color format, RGBA8888_UBWC(-1040187392)
04-10 08:33:54.465 5135 5733 I CardLab-: WeatherManager weather queried = Mostly cloudy, isWeatherChanged = false
04-10 08:33:54.476 1402 12635 I QC2C2DEngine: calcYSize: unsupported or RGB color format, RGBA8888_UBWC(-1040187392)
04-10 08:33:54.495 1402 12635 I QC2C2DEngine: calcYSize: unsupported or RGB color format, RGBA8888_UBWC(-1040187392)
04-10 08:33:54.513 1402 12635 I QC2C2DEngine: calcYSize: unsupported or RGB color format, RGBA8888_UBWC(-1040187392)
04-10 08:33:54.534 608 608 W [FTS_TS]fts_input_report_b: [B]P0 UP!
04-10 08:33:54.534 608 608 W [FTS_TS]fts_input_report_b: [B]Points All Up!
04-10 08:33:54.541 1402 12635 I QC2C2DEngine: calcYSize: unsupported or RGB color format, RGBA8888_UBWC(-1040187392)
04-10 08:33:54.550 2840 2840 D ShadeControllerImpl: animateCollapse(): mExpandedVisible=falseflags=2
04-10 08:33:54.551 4007 4007 D BoundBrokerSvc: onUnbind: Intent { act=com.google.android.gms.mdisync.service.START dat=chimera-action:/... cmp=com.google.android.gms/.chimera.GmsApiService }
04-10 08:33:54.552 2840 2840 I vol.VolumeDialogImpl: mDialog.dismiss() reason: volume_controller from: com.android.systemui.volume.VolumeDialogImpl$15.onDismissRequested:3226
04-10 08:33:54.557 1402 12635 I QC2C2DEngine: calcYSize: unsupported or RGB color format, RGBA8888_UBWC(-1040187392)
04-10 08:33:54.562 3294 3294 I NT-StateManager: skip anim cancel
04-10 08:33:54.562 3294 3294 I NT-StateManager: onStateTransitionStart StateManager: StateManager(mLastStableState:Normal, mCurrentStableState:Normal, mState:Background, mRestState:Normal, isInTransition:false)
04-10 08:33:54.563 3294 3294 I NT-StateManager: onStateTransitionEnd StateManager: StateManager(mLastStableState:Normal, mCurrentStableState:Background, mState:Background, mRestState:Normal, isInTransition:false)
04-10 08:33:54.563 2840 2898 V ShellRecents: RecentsTransitionHandler.startRecentsTransition
04-10 08:33:54.564 2840 2898 V WindowManagerShell: Directly starting a new transition type=3 wct=WindowContainerTransaction { changes = {} hops = [{PendingIntent: options=Bundle[mParcelledData.dataSize=332]}] errorCallbackToken=null taskFragmentOrganizer=null } handler=com.android.wm.shell.recents.RecentsTransitionHandler@4c64980
04-10 08:33:54.565 3294 3294 I NT-NTDragLayer: onMeasure consumed 0
04-10 08:33:54.566 3294 3294 I NT-NTDragLayer: onLayout consumed 1
04-10 08:33:54.567 3294 3294 I NT-NTDragLayer: dispatchDraw consumed 0
04-10 08:33:54.568 1726 2617 D BLASTSyncEngine: startSyncSet SyncGroup = com.android.server.wm.BLASTSyncEngine$SyncGroup@52c743,parallel = true,alreadyRunning = false,Callers=com.android.server.wm.BLASTSyncEngine.startSyncSet:442 com.android.server.wm.Transition.startCollecting:572 com.android.server.wm.TransitionController.moveToCollecting:331 com.android.server.wm.TransitionController.startCollectOrQueue:1408 com.android.server.wm.WindowOrganizerController.startTransition:303 com.android.server.wm.WindowOrganizerController.startNewTransition:264 android.window.IWindowOrganizerController$Stub.onTransact:245 com.android.server.wm.WindowOrganizerController.onTransact:181 android.os.Binder.execTransactInternal:1339 android.os.Binder.execTransact:1275
04-10 08:33:54.572 1385 1554 W ANDR-PERF-LM: MetaMeter: handlePrimaryAsync() 118: AdaptLaunch MetaMeter. No MeterMgr Available to handle this Primary Async. !!!!
04-10 08:33:54.572 1385 1554 W ANDR-PERF-LM: MetaMeter: handlePrimaryAsync() 118: AdaptLaunch MetaMeter. No MeterMgr Available to handle this Primary Async. !!!!
04-10 08:33:54.572 1726 2617 D NtDimmerWindow: NtDimmerWindow.enterPinnedWindowWindowingMode: You can only enter PinnedWindow from Windowform. task=Task{dc5400b #629 type=standard A=10341:com.spintec.qt.form500.poc}
04-10 08:33:54.573 2840 2840 I vol.VolumeDialogImpl: mDialog.dismiss() reason: volume_controller from: com.android.systemui.volume.VolumeDialogImpl$15.onDismissRequested:3226
04-10 08:33:54.573 2840 2840 D vol.VolumeDialogImpl: dismissH: skipping dismiss because isAnimatingDismiss is true and showingStateInconsistent is false
04-10 08:33:54.574 2840 2840 D ShadeControllerImpl: animateCollapse(): mExpandedVisible=falseflags=2
04-10 08:33:54.574 1402 12635 I QC2C2DEngine: calcYSize: unsupported or RGB color format, RGBA8888_UBWC(-1040187392)
04-10 08:33:54.575 2840 2898 V ShellRecents: [245783135] RecentsController.setTransition: id=android.os.BinderProxy@d79cac
04-10 08:33:54.576 3294 3441 I NT-TransitionSmoothHelper: clear
04-10 08:33:54.578 2840 2898 V WindowManagerShell: Transition animation finished (aborted=false), notifying core (#67)android.os.BinderProxy@506b149@0
04-10 08:33:54.580 1726 2212 V WindowManager: Finish Transition #67: created at
04-10 08:33:53.999 collect-started=0.541ms request-sent=9.433ms started=13.871ms ready=21.935ms sent=36.022ms finished=580.894ms
04-10 08:33:54.582 2840 2898 V WindowManagerShell: Track 0 became idle
04-10 08:33:54.593 1402 12635 I QC2C2DEngine: calcYSize: unsupported or RGB color format, RGBA8888_UBWC(-1040187392)
04-10 08:33:54.594 3294 3294 I NT-TopTaskTracker: Found recent activity taskId = 628
04-10 08:33:54.610 1402 12635 I QC2C2DEngine: calcYSize: unsupported or RGB color format, RGBA8888_UBWC(-1040187392)
04-10 08:33:54.624 1402 12635 I QC2C2DEngine: calcYSize: unsupported or RGB color format, RGBA8888_UBWC(-1040187392)
04-10 08:33:54.631 1726 2212 V WindowManager: Sent Transition #68 createdAt=04-10 08:33:54.567
04-10 08:33:54.631 1726 2212 V WindowManager: startWCT=WindowContainerTransaction { changes = {} hops = [{PendingIntent: options=Bundle[{android.activity.splashScreenStyle=-1, android.activity.sourceInfo=android.app.ActivityOptions$SourceInfo@250949f, android.activity.transientLaunch=true}]}] errorCallbackToken=null taskFragmentOrganizer=null }
04-10 08:33:54.631 1726 2212 V WindowManager: info={id=68 t=TO_FRONT f=0x80 trk=1 r=[0@Point(0, 0)] c=[{WCT{RemoteToken{3176405 Task{2dbc4fe #1 type=home}}} m=TO_FRONT f=SHOW_WALLPAPER|MOVE_TO_TOP leash=Surface(name=Task=1)/@0xceec555 sb=Rect(0, 0 - 1080, 2400) eb=Rect(0, 0 - 1080, 2400) d=0},{WCT{RemoteToken{6ce9df5 Task{dc5400b #629 type=standard A=10341:com.spintec.qt.form500.poc}}} m=TO_BACK f=NONE leash=Surface(name=Task=629)/@0x2a116df sb=Rect(0, 0 - 1080, 2400) eb=Rect(0, 0 - 1080, 2400) d=0}]}
04-10 08:33:54.633 2840 2898 V WindowManagerShell: onTransitionReady android.os.BinderProxy@d79cac: {id=68 t=TO_FRONT f=0x80 trk=1 r=[0@Point(0, 0)] c=[{WCT{android.window.IWindowContainerToken$Stub$Proxy@f77d798} m=TO_FRONT f=SHOW_WALLPAPER|MOVE_TO_TOP leash=Surface(name=Task=1)/@0x6924d75 sb=Rect(0, 0 - 1080, 2400) eb=Rect(0, 0 - 1080, 2400) d=0},{WCT{android.window.IWindowContainerToken$Stub$Proxy@1474bf1} m=TO_BACK f=NONE leash=Surface(name=Task=629)/@0xd62d10a sb=Rect(0, 0 - 1080, 2400) eb=Rect(0, 0 - 1080, 2400) d=0}]}
04-10 08:33:54.633 2840 2898 V WindowManagerShell: Playing animation for (#68)android.os.BinderProxy@d79cac@1
04-10 08:33:54.634 2840 2898 V WindowManagerShell: try firstHandler com.android.wm.shell.recents.RecentsTransitionHandler@4c64980
04-10 08:33:54.635 2840 2898 V ShellRecents: [245783135] RecentsController.start
04-10 08:33:54.637 2840 2898 V ShellRecents: adding pausing leaf taskId=629 at layer=5
04-10 08:33:54.637 2840 2898 V ShellRecents: [245783135] RecentsController.start: calling onAnimationStart
04-10 08:33:54.638 1402 12635 I QC2C2DEngine: calcYSize: unsupported or RGB color format, RGBA8888_UBWC(-1040187392)
04-10 08:33:54.638 2840 2898 V WindowManagerShell: animated by firstHandler
04-10 08:33:54.640 3294 3294 D RemoteTargetGluer: appCount: 1 handleLength: 2
04-10 08:33:54.640 3294 3294 D RemoteTargetGluer: resizing handles
04-10 08:33:54.640 3294 3294 D RemoteTargetGluer: containsSplitTargets? false handleLength: 1 appsLength: 1
04-10 08:33:54.640 3294 3294 D RemoteTargetGluer: appCount: 1 handleLength: 2
04-10 08:33:54.640 3294 3294 D RemoteTargetGluer: resizing handles
04-10 08:33:54.640 3294 3294 D RemoteTargetGluer: containsSplitTargets? false handleLength: 1 appsLength: 1
04-10 08:33:54.641 3294 3294 I NT-InputConsumerProxy: AL-1283: Enable InputConsumerProxy, register consumer events.
04-10 08:33:54.641 1726 2669 E HandwritingModeController: Cannot get requestId: Handwriting was not initialized.
04-10 08:33:54.642 2840 2898 V ShellRecents: [245783135] RecentsController.setInputConsumerEnabled: set focus to recents
04-10 08:33:54.643 1726 5826 V NtGameModeImpl: onAppFocusChanged: pkg=com.nothing.launcher, uid=10183, category=-1
04-10 08:33:54.644 1726 5826 D NtPopUpViewImpl: PopUpView: onAppFocusChanged: newTask=Task{8a7144e #628 type=home I=com.nothing.launcher/com.android.searchlauncher.SearchLauncher}, showDimmer=false
04-10 08:33:54.644 1726 5826 D NtDimmerWindow: NtDimmerWindow.enterPinnedWindowWindowingMode: You can only enter PinnedWindow from Windowform. task=Task{dc5400b #629 type=standard A=10341:com.spintec.qt.form500.poc}
04-10 08:33:54.644 1726 5826 D NtWindowformEdgeBarHelper: setTask true
04-10 08:33:54.647 2817 5016 D TopAppSceneDetector: currentFocusApp=com.nothing.launcher
04-10 08:33:54.650 1726 2669 E HandwritingModeController: Cannot get requestId: Handwriting was not initialized.
04-10 08:33:54.653 2817 5016 D NearbyDetector: onTopActivityChanged: top class name: com.android.searchlauncher.SearchLauncher
04-10 08:33:54.653 2817 5016 D NearbyDetector: onTopActivityChanged: top class name: com.spintec.qt.form500.poc.My7000App
04-10 08:33:54.653 2817 5016 D GameSceneDetector: Failed to call isBoostTypeGame: java.lang.NoSuchMethodException: android.util.BoostFramework.perfGetFeedback []
04-10 08:33:54.653 2817 5016 D GameSceneDetector: onTopChanged=com.nothing.launcher, isBoostTypeGame=false, isCategoryGame=false
04-10 08:33:54.653 2817 5016 D SceneManager: TopAPP=com.nothing.launcher, category=-1
04-10 08:33:54.655 1402 12635 I QC2C2DEngine: calcYSize: unsupported or RGB color format, RGBA8888_UBWC(-1040187392)
04-10 08:33:54.657 1726 2669 E HandwritingModeController: Cannot get requestId: Handwriting was not initialized.
