04-10 08:33:25.178 3294 3294 W FrameTracker: Missed SF frame:UNKNOWN: 68, 49861, 56694740, CUJ=J
04-10 08:33:25.178 3294 3294 W FrameTracker: Missed SF frame:UNKNOWN: 68, 49883, 56206845, CUJ=J
04-10 08:33:25.178 3294 3294 W FrameTracker: Missed SF frame:UNKNOWN: 68, 49927, 48921411, CUJ=J
04-10 08:33:25.178 3294 3294 W FrameTracker: Missed SF frame:UNKNOWN: 68, 49948, 57113362, CUJ=J
04-10 08:33:25.178 3294 3294 W FrameTracker: Missed SF frame:UNKNOWN: 68, 49956, 69712136, CUJ=J
04-10 08:33:25.178 3294 3294 W FrameTracker: Missed SF frame:UNKNOWN: 68, 49971, 72427865, CUJ=J
04-10 08:33:25.178 3294 3294 W FrameTracker: Missed SF frame:UNKNOWN: 68, 49994, 65939167, CUJ=J
04-10 08:33:25.178 3294 3294 W FrameTracker: Missed SF frame:UNKNOWN: 68, 50011, 53165894, CUJ=J
04-10 08:33:25.178 3294 3294 W FrameTracker: Missing HWUI jank callback for vsyncId: 50026, CUJ=J
04-10 08:33:25.178 3294 3294 W FrameTracker: Missed SF frame:UNKNOWN: 68, 50041, 0, CUJ=J
04-10 08:33:25.178 3294 3294 W FrameTracker: Missing HWUI jank callback for vsyncId: 50041, CUJ=J
04-10 08:33:25.178 3294 3294 W FrameTracker: Missed SF frame:UNKNOWN: 68, 50086, 17518832, CUJ=J
04-10 08:33:25.178 3294 3294 W FrameTracker: Missed SF frame:UNKNOWN: 68, 50101, 30930564, CUJ=J
04-10 08:33:25.178 3294 3294 W FrameTracker: Missed SF frame:UNKNOWN: 68, 50117, 0, CUJ=J
04-10 08:33:25.178 3294 3294 W FrameTracker: Missing HWUI jank callback for vsyncId: 50117, CUJ=J
04-10 08:33:25.178 3294 3294 W FrameTracker: Missed SF frame:UNKNOWN: 68, 50132, 0, CUJ=J
04-10 08:33:25.178 3294 3294 W FrameTracker: Missing HWUI jank callback for vsyncId: 50132, CUJ=J
04-10 08:33:25.178 3294 3294 W FrameTracker: Missed SF frame:UNKNOWN: 68, 50147, 55249695, CUJ=J
04-10 08:33:25.178 3294 3294 W FrameTracker: Missed SF frame:UNKNOWN: 68, 50170, 46292614, CUJ=J
04-10 08:33:25.178 3294 3294 W FrameTracker: Missed SF frame:UNKNOWN: 66, 50184, 0, CUJ=J
04-10 08:33:25.178 3294 3294 W FrameTracker: Missing HWUI jank callback for vsyncId: 50184, CUJ=J
04-10 08:33:25.178 3294 3294 W FrameTracker: Missed SF frame:UNKNOWN: 66, 50221, 0, CUJ=J
04-10 08:33:25.178 3294 3294 W FrameTracker: Missing HWUI jank callback for vsyncId: 50221, CUJ=J
04-10 08:33:25.182 1402 12635 I QC2C2DEngine: calcYSize: unsupported or RGB color format, RGBA8888_UBWC(-1040187392)
04-10 08:33:25.187 1726 2915 W ProcessStats: Tracking association SourceState{76a1945 health.step.walk/10303 Fgs #5618} whose proc state 3 is better than process ProcessState{3f61b73 com.google.android.webview:sandboxed_process0:org.chromium.content.app.SandboxedProcessService0:0/10303 pkg=health.step.walk} proc state 10 (611 skipped)
04-10 08:33:25.189 1402 12635 I QC2C2DEngine: calcYSize: unsupported or RGB color format, RGBA8888_UBWC(-1040187392)
04-10 08:33:25.198 1402 12635 I QC2C2DEngine: calcYSize: unsupported or RGB color format, RGBA8888_UBWC(-1040187392)
04-10 08:33:25.223 1402 12635 I QC2C2DEngine: calcYSize: unsupported or RGB color format, RGBA8888_UBWC(-1040187392)
04-10 08:33:25.230 1402 12635 I QC2C2DEngine: calcYSize: unsupported or RGB color format, RGBA8888_UBWC(-1040187392)
04-10 08:33:25.237 1402 12635 I QC2C2DEngine: calcYSize: unsupported or RGB color format, RGBA8888_UBWC(-1040187392)
04-10 08:33:25.250 1402 12635 I QC2C2DEngine: calcYSize: unsupported or RGB color format, RGBA8888_UBWC(-1040187392)
04-10 08:33:25.271 1402 12635 I QC2C2DEngine: calcYSize: unsupported or RGB color format, RGBA8888_UBWC(-1040187392)
04-10 08:33:25.286 1402 12635 I QC2C2DEngine: calcYSize: unsupported or RGB color format, RGBA8888_UBWC(-1040187392)
04-10 08:33:25.303 1402 12635 I QC2C2DEngine: calcYSize: unsupported or RGB color format, RGBA8888_UBWC(-1040187392)
04-10 08:33:25.319 1402 12635 I QC2C2DEngine: calcYSize: unsupported or RGB color format, RGBA8888_UBWC(-1040187392)
04-10 08:33:25.329 1402 12635 I QC2C2DEngine: calcYSize: unsupported or RGB color format, RGBA8888_UBWC(-1040187392)
04-10 08:33:25.342 2840 2840 D vol.VolumeDialogImpl: hideRingerDrawer - drawer is already hide
04-10 08:33:25.343 1726 3838 D AS.AudioService: Volume controller visible: false
04-10 08:33:25.345 1402 12635 I QC2C2DEngine: calcYSize: unsupported or RGB color format, RGBA8888_UBWC(-1040187392)
04-10 08:33:25.351 3294 3294 I NT-StateManager: onStateTransitionEnd StateManager: StateManager(mLastStableState:Normal, mCurrentStableState:Normal, mState:Normal, mRestState:null, isInTransition:true)
04-10 08:33:25.359 1402 12635 I QC2C2DEngine: calcYSize: unsupported or RGB color format, RGBA8888_UBWC(-1040187392)
04-10 08:33:25.369 1402 12635 I QC2C2DEngine: calcYSize: unsupported or RGB color format, RGBA8888_UBWC(-1040187392)
04-10 08:33:25.389 1402 12635 I QC2C2DEngine: calcYSize: unsupported or RGB color format, RGBA8888_UBWC(-1040187392)
04-10 08:33:25.392 1402 12635 I QC2C2DEngine: calcYSize: unsupported or RGB color format, RGBA8888_UBWC(-1040187392)
04-10 08:33:25.399 1402 12635 I QC2C2DEngine: calcYSize: unsupported or RGB color format, RGBA8888_UBWC(-1040187392)
04-10 08:33:25.412 1402 12635 I QC2C2DEngine: calcYSize: unsupported or RGB color format, RGBA8888_UBWC(-1040187392)
04-10 08:33:25.424 1402 12635 I QC2C2DEngine: calcYSize: unsupported or RGB color format, RGBA8888_UBWC(-1040187392)
04-10 08:33:25.447 1402 12635 I QC2C2DEngine: calcYSize: unsupported or RGB color format, RGBA8888_UBWC(-1040187392)
04-10 08:33:25.460 1402 12635 I QC2C2DEngine: calcYSize: unsupported or RGB color format, RGBA8888_UBWC(-1040187392)
04-10 08:33:25.472 1402 12635 I QC2C2DEngine: calcYSize: unsupported or RGB color format, RGBA8888_UBWC(-1040187392)
04-10 08:33:25.483 1402 12635 I QC2C2DEngine: calcYSize: unsupported or RGB color format, RGBA8888_UBWC(-1040187392)
04-10 08:33:25.493 1402 12635 I QC2C2DEngine: calcYSize: unsupported or RGB color format, RGBA8888_UBWC(-1040187392)
04-10 08:33:25.505 1402 12635 I QC2C2DEngine: calcYSize: unsupported or RGB color format, RGBA8888_UBWC(-1040187392)
04-10 08:33:25.516 1402 12635 I QC2C2DEngine: calcYSize: unsupported or RGB color format, RGBA8888_UBWC(-1040187392)
04-10 08:33:25.616 608 608 W [FTS_TS]fts_input_report_b: [B]P0(938, 1683)[p:3,tm:48] DOWN!
04-10 08:33:25.706 608 608 W [FTS_TS]fts_input_report_b: [B]P0 UP!
04-10 08:33:25.706 608 608 W [FTS_TS]fts_input_report_b: [B]Points All Up!
04-10 08:33:25.713 3294 3294 I NT-ItemClickHandler: ItemClickHandler.onClick
04-10 08:33:25.722 1726 3838 D BLASTSyncEngine: startSyncSet SyncGroup = com.android.server.wm.BLASTSyncEngine$SyncGroup@81fedcb,parallel = false,alreadyRunning = false,Callers=com.android.server.wm.BLASTSyncEngine.startSyncSet:442 com.android.server.wm.Transition.startCollecting:572 com.android.server.wm.TransitionController.moveToCollecting:331 com.android.server.wm.TransitionController.createAndStartCollecting:1447 com.android.server.wm.ActivityStarter.startActivityUnchecked:1548 com.android.server.wm.ActivityStarter.executeRequest:1385 com.android.server.wm.ActivityStarter.execute:778 com.android.server.wm.ActivityTaskManagerService.startActivityAsUser:1329 com.android.server.wm.ActivityTaskManagerService.startActivityAsUser:1272 com.android.server.wm.ActivityTaskManagerService.startActivity:1247 android.app.IActivityTaskManager$Stub.onTransact:929 com.android.server.wm.ActivityTaskManagerService.onTransact:5621 android.os.Binder.execTransactInternal:1339 android.os.Binder.execTransact:1275
04-10 08:33:25.726 1726 3838 V NtGameModeImpl: onAppFocusChanged: pkg=com.spintec.qt.form500.poc, uid=10341, category=-1
04-10 08:33:25.727 1726 3838 D NtPopUpViewImpl: PopUpView: onAppFocusChanged: newTask=Task{dc5400b #629 type=standard A=10341:com.spintec.qt.form500.poc}, showDimmer=false
04-10 08:33:25.727 1726 3838 D NtDimmerWindow: NtDimmerWindow.enterPinnedWindowWindowingMode: You can only enter PinnedWindow from Windowform. task=Task{2dbc4fe #1 type=home}
04-10 08:33:25.727 1726 3838 D NtWindowformEdgeBarHelper: setTask true
04-10 08:33:25.730 2817 5016 D TopAppSceneDetector: currentFocusApp=com.spintec.qt.form500.poc
04-10 08:33:25.731 1726 3838 D ActivityTrigger: ActivityTrigger activityPauseTrigger
04-10 08:33:25.733 1726 3838 I ActivityTaskManager: START u0 {act=android.intent.action.MAIN cat=[android.intent.category.LAUNCHER] flg=0x10200000 cmp=com.spintec.qt.form500.poc/.My7000App bnds=[782,1516][1024,1792]} with LAUNCH_SINGLE_TOP from uid 10183 pid 3294 (BAL_ALLOW_ALLOWLISTED_COMPONENT) result code=2
04-10 08:33:25.734 3294 3443 D QuickstepModelDelegate: notifyAppTargetEvent action=1 launchLocation=workspace/5/[3,5]/[1,1]
04-10 08:33:25.735 1726 3838 W WindowManager: Failed looking up window session=Session{1c27e3c 2840:u0a10199} callers=com.android.server.wm.WindowManagerService.windowForClientLocked:6155 com.android.server.wm.WindowManagerService.removeWindow:2001 com.android.server.wm.Session.remove:231
04-10 08:33:25.741 2840 2898 V WindowManagerShell: Transition requested: android.os.BinderProxy@bb088d5 TransitionRequestInfo { type = OPEN, triggerTask = TaskInfo{userId=0 taskId=629 displayId=0 isRunning=true baseIntent=Intent { act=android.intent.action.MAIN cat=[android.intent.category.LAUNCHER] flg=0x10200000 cmp=com.spintec.qt.form500.poc/.My7000App } baseActivity=ComponentInfo{com.spintec.qt.form500.poc/com.spintec.qt.form500.poc.My7000App} topActivity=ComponentInfo{com.spintec.qt.form500.poc/com.spintec.qt.form500.poc.My7000App} origActivity=null realActivity=ComponentInfo{com.spintec.qt.form500.poc/com.spintec.qt.form500.poc.My7000App} numActivities=1 lastActiveTime=345681 supportsMultiWindow=true resizeMode=1 isResizeable=true minWidth=-1 minHeight=-1 defaultMinSize=220 token=WCT{android.window.IWindowContainerToken$Stub$Proxy@d9958ea} topActivityType=1 pictureInPictureParams=null shouldDockBigOverlays=false launchIntoPipHostTaskId=-1 lastParentTaskIdBeforePip=-1 displayCutoutSafeInsets=Rect(0, 136 - 0, 0) topActivityInfo=ActivityInfo{25e57db com.spintec.qt.form500.poc.My7000App} launchCookies=[android.os.BinderProxy@f525278] positionInParent=Point(0, 0) parentTaskId=-1 isFocused=true isVisible=false isVisibleRequested=false isSleeping=false topActivityInSizeCompat=false topActivityEligibleForLetterboxEducation= false topActivityLetterboxed= false isFromDoubleTap= false topActivityLetterboxVerticalPosition= -1 topActivityLetterboxHorizontalPosition= -1 topActivityLetterboxWidth=-1 topActivityLetterboxHeight=-1 locusId=null displayAreaFeatureId=1 cameraCompatControlState=hidden}, remoteTransition = RemoteTransition { remoteTransition = android.window.IRemoteTransition$Stub$Proxy@bfddd51, appThread = android.app.IApplicationThread$Stub$Proxy@22c19b6, debugName = QuickstepLaunch }, displayChange = null }
04-10 08:33:25.741 2840 2898 V WindowManagerShell: RemoteTransition directly requested for android.os.BinderProxy@bb088d5: RemoteTransition { remoteTransition = android.window.IRemoteTransition$Stub$Proxy@bfddd51, appThread = android.app.IApplicationThread$Stub$Proxy@22c19b6, debugName = QuickstepLaunch }
04-10 08:33:25.741 2840 2898 V WindowManagerShell: handleRequest com.android.wm.shell.transition.RemoteTransitionHandler@f067dac handled
04-10 08:33:25.744 1402 12635 I QC2C2DEngine: calcYSize: unsupported or RGB color format, RGBA8888_UBWC(-1040187392)
04-10 08:33:25.744 2840 2935 V SnapshotDrawerUtils: Drawing snapshot surface sizeMismatch=false
04-10 08:33:25.747 1385 1554 W ANDR-PERF-LM: MetaMeter: handlePrimaryAsync() 118: AdaptLaunch MetaMeter. No MeterMgr Available to handle this Primary Async. !!!!
04-10 08:33:25.747 1385 1554 W ANDR-PERF-LM: MetaMeter: handlePrimaryAsync() 118: AdaptLaunch MetaMeter. No MeterMgr Available to handle this Primary Async. !!!!
04-10 08:33:25.749 1726 3838 E Transition: Trying to add a ready-group twice: Display{#0 state=ON size=1080x2400 ROTATION_0}
04-10 08:33:25.755 2840 2898 D WindowManagerShell: onActivityRestartAttempt: ComponentInfo{com.spintec.qt.form500.poc/com.spintec.qt.form500.poc.My7000App}
04-10 08:33:25.755 3294 3294 I NT-TopTaskTracker: Call back onTaskMovedToFront taskId = 629
04-10 08:33:25.755 4733 4733 I Qt5.My7000App: My7000App::onResume() called
04-10 08:33:25.756 4733 12671 D libForm500Crash_POC_arm64-v8a.so: Application state changed to Qt::ApplicationActive
04-10 08:33:25.757 2817 5016 D NearbyDetector: onTopActivityChanged: top class name: com.android.searchlauncher.SearchLauncher
04-10 08:33:25.757 2817 5016 D NearbyDetector: onTopActivityChanged: top class name: com.spintec.qt.form500.poc.My7000App
04-10 08:33:25.757 2817 5016 D GameSceneDetector: Failed to call isBoostTypeGame: java.lang.NoSuchMethodException: android.util.BoostFramework.perfGetFeedback []
04-10 08:33:25.757 2817 5016 D GameSceneDetector: onTopChanged=com.spintec.qt.form500.poc, isBoostTypeGame=false, isCategoryGame=false
04-10 08:33:25.758 2817 5016 D SceneManager: TopAPP=com.spintec.qt.form500.poc, category=-1
04-10 08:33:25.759 1402 12635 I QC2C2DEngine: calcYSize: unsupported or RGB color format, RGBA8888_UBWC(-1040187392)
04-10 08:33:25.765 1726 2212 V WindowManager: Sent Transition #22 createdAt=04-10 08:33:25.722 via request=TransitionRequestInfo { type = OPEN, triggerTask = TaskInfo{userId=0 taskId=629 displayId=0 isRunning=true baseIntent=Intent { act=android.intent.action.MAIN cat=[android.intent.category.LAUNCHER] flg=0x10200000 cmp=com.spintec.qt.form500.poc/.My7000App } baseActivity=ComponentInfo{com.spintec.qt.form500.poc/com.spintec.qt.form500.poc.My7000App} topActivity=ComponentInfo{com.spintec.qt.form500.poc/com.spintec.qt.form500.poc.My7000App} origActivity=null realActivity=ComponentInfo{com.spintec.qt.form500.poc/com.spintec.qt.form500.poc.My7000App} numActivities=1 lastActiveTime=345681 supportsMultiWindow=true resizeMode=1 isResizeable=true minWidth=-1 minHeight=-1 defaultMinSize=220 token=WCT{RemoteToken{6ce9df5 Task{dc5400b #629 type=standard A=10341:com.spintec.qt.form500.poc}}} topActivityType=1 pictureInPictureParams=null shouldDockBigOverlays=false launchIntoPipHostTaskId=-1 lastParentTaskIdBeforePip=-1 displayCutoutSafeInsets=Rect(0, 136 - 0, 0) topActivityInfo=ActivityInfo{a98178a com.spintec.qt.form500.poc.My7000App} launchCookies=[android.os.BinderProxy@526a5c0] positionInParent=Point(0, 0) parentTaskId=-1 isFocused=true isVisible=false isVisibleRequested=false isSleeping=false topActivityInSizeCompat=false topActivityEligibleForLetterboxEducation= false topActivityLetterboxed= false isFromDoubleTap= false topActivityLetterboxVerticalPosition= -1 topActivityLetterboxHorizontalPosition= -1 topActivityLetterboxWidth=-1 topActivityLetterboxHeight=-1 locusId=null displayAreaFeatureId=1 cameraCompatControlState=hidden}, remoteTransition = RemoteTransition { remoteTransition = android.window.IRemoteTransition$Stub$Proxy@a7542f9, appThread = android.app.IApplicationThread$Stub$Proxy@3eb923e, debugName = QuickstepLaunch }, displayChange = null }
04-10 08:33:25.766 1726 2212 V WindowManager: startWCT=WindowContainerTransaction { changes = {} hops = [] errorCallbackToken=null taskFragmentOrganizer=null }
04-10 08:33:25.766 1726 2212 V WindowManager: info={id=22 t=OPEN f=0x0 trk=0 r=[0@Point(0, 0)] c=[{WCT{RemoteToken{6ce9df5 Task{dc5400b #629 type=standard A=10341:com.spintec.qt.form500.poc}}} m=TO_FRONT f=MOVE_TO_TOP leash=Surface(name=Task=629)/@0x2a116df sb=Rect(0, 0 - 1080, 2400) eb=Rect(0, 0 - 1080, 2400) d=0},{WCT{RemoteToken{3176405 Task{2dbc4fe #1 type=home}}} m=TO_BACK f=SHOW_WALLPAPER leash=Surface(name=Task=1)/@0xceec555 sb=Rect(0, 0 - 1080, 2400) eb=Rect(0, 0 - 1080, 2400) d=0}]}
04-10 08:33:25.766 2840 2898 V WindowManagerShell: onTransitionReady android.os.BinderProxy@bb088d5: {id=22 t=OPEN f=0x0 trk=0 r=[0@Point(0, 0)] c=[{WCT{android.window.IWindowContainerToken$Stub$Proxy@6dde753} m=TO_FRONT f=MOVE_TO_TOP leash=Surface(name=Task=629)/@0x961e24 sb=Rect(0, 0 - 1080, 2400) eb=Rect(0, 0 - 1080, 2400) d=0},{WCT{android.window.IWindowContainerToken$Stub$Proxy@628f890} m=TO_BACK f=SHOW_WALLPAPER leash=Surface(name=Task=1)/@0xf1fd8d sb=Rect(0, 0 - 1080, 2400) eb=Rect(0, 0 - 1080, 2400) d=0}]}
04-10 08:33:25.767 2840 2898 V WindowManagerShell: Playing animation for (#22)android.os.BinderProxy@bb088d5@0
04-10 08:33:25.767 2840 2898 V WindowManagerShell: try firstHandler com.android.wm.shell.transition.DefaultMixedHandler@a890bd
04-10 08:33:25.767 1433 1433 I BpBinder: onLastStrongRef automatically unlinking death recipients:
04-10 08:33:25.767 2840 2898 V WindowManagerShell: Delegate animation for #22 to RemoteTransition { remoteTransition = android.window.IRemoteTransition$Stub$Proxy@bfddd51, appThread = android.app.IApplicationThread$Stub$Proxy@22c19b6, debugName = QuickstepLaunch }
04-10 08:33:25.768 2840 2898 V WindowManagerShell: animated by firstHandler
04-10 08:33:25.770 1726 2216 D OomAdjuster: Not killing cached processes
04-10 08:33:25.771 3294 3294 I NT-TransitionSmoothHelper: clear
04-10 08:33:25.776 4733 12667 E OpenGLRenderer: Unable to match the desired swap behavior.
04-10 08:33:25.778 1402 12635 I QC2C2DEngine: calcYSize: unsupported or RGB color format, RGBA8888_UBWC(-1040187392)
04-10 08:33:25.778 3294 3294 I NT-NTDragLayer: onMeasure consumed 0
04-10 08:33:25.778 3294 3294 I NT-NTDragLayer: onLayout consumed 0
04-10 08:33:25.778 3294 3294 I NT-NTDragLayer: dispatchDraw consumed 0
04-10 08:33:25.781 1402 12635 I QC2C2DEngine: calcYSize: unsupported or RGB color format, RGBA8888_UBWC(-1040187392)
04-10 08:33:25.781 4733 4733 I SurfaceView: surfaceview vote min fps
04-10 08:33:25.789 1726 2212 W ziparchive: Unable to open '/data/app/~~VXJMSZcnXxXOCkvo99yEnQ==/com.spintec.qt.form500.poc-K4cmV_bINLx0_037uJu7OA==/base.dm': No such file or directory
04-10 08:33:25.791 1402 12635 I QC2C2DEngine: calcYSize: unsupported or RGB color format, RGBA8888_UBWC(-1040187392)
04-10 08:33:25.797 4733 4733 I SurfaceView: surfaceview vote min fps
04-10 08:33:25.816 1402 12635 I QC2C2DEngine: calcYSize: unsupported or RGB color format, RGBA8888_UBWC(-1040187392)
04-10 08:33:25.838 1402 12635 I QC2C2DEngine: calcYSize: unsupported or RGB color format, RGBA8888_UBWC(-1040187392)
04-10 08:33:25.838 5695 5695 I A : onPause
04-10 08:33:25.851 1402 12635 I QC2C2DEngine: calcYSize: unsupported or RGB color format, RGBA8888_UBWC(-1040187392)
04-10 08:33:25.866 1402 12635 I QC2C2DEngine: calcYSize: unsupported or RGB color format, RGBA8888_UBWC(-1040187392)
04-10 08:33:25.886 1402 12635 I QC2C2DEngine: calcYSize: unsupported or RGB color format, RGBA8888_UBWC(-1040187392)
04-10 08:33:25.902 1402 12635 I QC2C2DEngine: calcYSize: unsupported or RGB color format, RGBA8888_UBWC(-1040187392)
04-10 08:33:25.909 1726 2216 D NtPerfTraceManagerImpl: packageName = com.spintec.qt.form500.poc, taskId = 629
04-10 08:33:25.912 1726 2617 I ImeTracker: com.spintec.qt.form500.poc:f362891a: onRequestHide at ORIGIN_SERVER_HIDE_INPUT reason HIDE_UNSPECIFIED_WINDOW
04-10 08:33:25.912 1726 2617 I ImeTracker: com.spintec.qt.form500.poc:f362891a: onCancelled at PHASE_SERVER_SHOULD_HIDE
04-10 08:33:25.913 6287 6287 I GoogleInputMethodService: GoogleInputMethodService.onFinishInput():3096
04-10 08:33:25.914 6287 6287 I GoogleInputMethodService: GoogleInputMethodService.updateDeviceLockedStatus():2210 repeatCheckTimes = 0, locked = false
04-10 08:33:25.914 6287 6287 I GoogleInputMethodService: GoogleInputMethodService.onStartInput():1950 onStartInput(EditorInfo{EditorInfo{packageName=com.spintec.qt.form500.poc, inputType=0, inputTypeString=NULL, enableLearning=false, autoCorrection=false, autoComplete=false, imeOptions=0, privateImeOptions=null, actionName=UNSPECIFIED, actionLabel=null, initialSelStart=-1, initialSelEnd=-1, initialCapsMode=0, label=null, fieldId=0, fieldName=null, extras=null, hintText=null, hintLocales=[]}}, false)
04-10 08:33:25.915 6287 6287 I GoogleInputMethodService: GoogleInputMethodService.updateDeviceLockedStatus():2210 repeatCheckTimes = 1, locked = false
04-10 08:33:25.915 6287 6287 I AndroidIME: InputBundleManager.loadActiveInputBundleId():450 loadActiveInputBundleId: und-Latn-x-password, password
04-10 08:33:25.916 1726 7468 W PackageConfigPersister: App-specific configuration not found for packageName: com.spintec.qt.form500.poc and userId: 0
04-10 08:33:25.923 1402 12635 I QC2C2DEngine: calcYSize: unsupported or RGB color format, RGBA8888_UBWC(-1040187392)
04-10 08:33:25.936 3365 10511 I NearbyMediums: Found Fast Ble Advertisements :
04-10 08:33:25.936 3365 10511 I NearbyMediums: BleAdvertisement { version=2, socketVersion=2, serviceIdHash=null, data=[ 0x23 0x58 0x4f 0x5a 0x34 0x11 0x32 0x03 0xf1 0x6f 0xbb 0x39 0x7a 0x7e 0x41 0x72 0xbc 0xba 0xb3 0x0b 0x5e 0xc7 0x8c ], deviceToken=[ 0xd2 0x7c ] } : 3 times.
04-10 08:33:25.936 3365 10511 I NearbyMediums: Total 3 fast advertisements.
04-10 08:33:25.941 1402 12635 I QC2C2DEngine: calcYSize: unsupported or RGB color format, RGBA8888_UBWC(-1040187392)
04-10 08:33:25.965 1402 12635 I QC2C2DEngine: calcYSize: unsupported or RGB color format, RGBA8888_UBWC(-1040187392)
04-10 08:33:25.986 1402 12635 I QC2C2DEngine: calcYSize: unsupported or RGB color format, RGBA8888_UBWC(-1040187392)
04-10 08:33:26.007 1402 12635 I QC2C2DEngine: calcYSize: unsupported or RGB color format, RGBA8888_UBWC(-1040187392)
04-10 08:33:26.013 1858 1858 I cnss-daemon: nl80211 response handler invoked
04-10 08:33:26.013 1858 1858 I cnss-daemon: nl80211_response_handler: cmd 103, vendorID 4980, subcmd 13 received
04-10 08:33:26.014 1363 3450 I WifiHAL : event received NL80211_CMD_VENDOR, vendor_id = 0x1374, subcmd = 0xd
04-10 08:33:26.028 1402 12635 I QC2C2DEngine: calcYSize: unsupported or RGB color format, RGBA8888_UBWC(-1040187392)
04-10 08:33:26.046 1402 12635 I QC2C2DEngine: calcYSize: unsupported or RGB color format, RGBA8888_UBWC(-1040187392)
04-10 08:33:26.067 1402 12635 I QC2C2DEngine: calcYSize: unsupported or RGB color format, RGBA8888_UBWC(-1040187392)
04-10 08:33:26.092 1402 12635 I QC2C2DEngine: calcYSize: unsupported or RGB color format, RGBA8888_UBWC(-1040187392)
04-10 08:33:26.116 1402 12635 I QC2C2DEngine: calcYSize: unsupported or RGB color format, RGBA8888_UBWC(-1040187392)
04-10 08:33:26.119 5135 5167 I NTWidget-Client: Receive method call: actionRefresh, widgetId = 1
04-10 08:33:26.120 5135 5135 I NTWidget-Client: Call handleCardRefresh, target method = onHostViewResumed
04-10 08:33:26.121 5135 5538 I NTWidget-: Ensure service valid cost time = 0, checkResult = true
04-10 08:33:26.121 5268 5481 I NTWidget-CardWidgetService: getWidgetOptions, widgetId = 1
04-10 08:33:26.122 5135 5135 I CardLab-: Widget 1 find options: width = 936, height = 210
04-10 08:33:26.123 5135 5135 I CardLab-: spanX = 4
04-10 08:33:26.123 5135 5135 I CardLab-: ContainerWidth = 936
04-10 08:33:26.123 5135 5135 I CardLab-: Display weather and date-------------
04-10 08:33:26.123 5135 5733 I CardLab-: Start to query weather data.
04-10 08:33:26.125 5135 5135 I CardLab-: Widget 1 no need refresh, return null cardInfo!!!!!!!
04-10 08:33:26.126 5649 5696 I NTWeather-ShareProvider: Call method query_weather_info from pkg = com.nothing.hearthstone
04-10 08:33:26.126 5649 5862 I NTWeather-RequestWeatherNotice: Request Weather Notice doWork
04-10 08:33:26.142 1402 12635 I QC2C2DEngine: calcYSize: unsupported or RGB color format, RGBA8888_UBWC(-1040187392)
04-10 08:33:26.145 5135 5733 I CardLab-: WeatherManager weather queried = Mostly cloudy, isWeatherChanged = false
04-10 08:33:26.164 1402 12635 I QC2C2DEngine: calcYSize: unsupported or RGB color format, RGBA8888_UBWC(-1040187392)
04-10 08:33:26.184 1402 12635 I QC2C2DEngine: calcYSize: unsupported or RGB color format, RGBA8888_UBWC(-1040187392)
04-10 08:33:26.199 608 608 W [FTS_TS]fts_input_report_b: [B]P0(816, 2345)[p:3,tm:64] DOWN!
04-10 08:33:26.205 1726 2915 D VibratorManagerService: vibrate uid =10199, opPkg = com.android.systemui, reason = null, attrs = VibrationAttributes: Usage=TOUCH Audio Usage= USAGE_UNKNOWN Flags=0
04-10 08:33:26.206 1726 2915 D RichTapVibratorService: none richtap effect, do nothing!!
04-10 08:33:26.206 1726 2915 D VibratorManagerService: Starting vibrate for vibration 21
04-10 08:33:26.206 1726 2915 D VibratorManagerService: Vibration for uid=10199 and with attrs=VibrationAttributes: Usage=TOUCH Audio Usage= USAGE_UNKNOWN Flags=0 ended with status IGNORED_FOR_SETTINGS
04-10 08:33:26.212 1402 12635 I QC2C2DEngine: calcYSize: unsupported or RGB color format, RGBA8888_UBWC(-1040187392)
04-10 08:33:26.231 1402 12635 I QC2C2DEngine: calcYSize: unsupported or RGB color format, RGBA8888_UBWC(-1040187392)
04-10 08:33:26.252 1402 12635 I QC2C2DEngine: calcYSize: unsupported or RGB color format, RGBA8888_UBWC(-1040187392)
04-10 08:33:26.268 2599 2600 I android.hardware.thermal@2.0-service.qti: uevent triggered for sensor: quiet-therm-usr
04-10 08:33:26.268 2599 2600 I android.hardware.thermal@2.0-service.qti: uevent triggered for sensor: quiet-therm-usr
04-10 08:33:26.273 1402 12635 I QC2C2DEngine: calcYSize: unsupported or RGB color format, RGBA8888_UBWC(-1040187392)
04-10 08:33:26.293 1402 12635 I QC2C2DEngine: calcYSize: unsupported or RGB color format, RGBA8888_UBWC(-1040187392)
04-10 08:33:26.298 3294 3441 I NT-TransitionSmoothHelper: clear
04-10 08:33:26.299 3294 3294 I NT-NTDragLayer: onMeasure consumed 0
04-10 08:33:26.299 3294 3294 I NT-NTDragLayer: onLayout consumed 0
04-10 08:33:26.299 3294 3294 I NT-NTDragLayer: dispatchDraw consumed 0
04-10 08:33:26.300 2840 2898 V WindowManagerShell: Transition animation finished (aborted=false), notifying core (#22)android.os.BinderProxy@bb088d5@0
04-10 08:33:26.305 1726 2212 V WindowManager: Finish Transition #22: created at
04-10 08:33:25.722 collect-started=0.684ms request-sent=10.206ms started=32.757ms ready=32.715ms sent=42.458ms finished=581.429ms
04-10 08:33:26.307 2840 2898 V WindowManagerShell: Track 0 became idle
04-10 08:33:26.307 2840 2898 V WindowManagerShell: All active transition animations finished
04-10 08:33:26.310 3239 3295 W DynamicDDSService: appName is not found in cache: com.nothing.launcher
04-10 08:33:26.315 1402 12635 I QC2C2DEngine: calcYSize: unsupported or RGB color format, RGBA8888_UBWC(-1040187392)
04-10 08:33:26.317 3037 3518 I BtGatt.ScanManager: msg.what = 6
04-10 08:33:26.317 3037 3518 D BtGatt.ScanManager: uid 10127 isForeground true scanMode 1
04-10 08:33:26.317 3037 3518 D BtGatt.ScanManager: uid 10127 isForeground true scanMode 3
04-10 08:33:26.317 3037 3518 D BtGatt.ScanManager: uid 10127 isForeground true scanMode 3
04-10 08:33:26.320 608 608 W [FTS_TS]fts_input_report_b: [B]P0 UP!
04-10 08:33:26.320 608 608 W [FTS_TS]fts_input_report_b: [B]Points All Up!
04-10 08:33:26.332 1402 12635 I QC2C2DEngine: calcYSize: unsupported or RGB color format, RGBA8888_UBWC(-1040187392)
04-10 08:33:26.333 1433 1433 I RefreshRateSelector: Display 4630946480328692354 policy changed
04-10 08:33:26.333 1433 1433 I RefreshRateSelector: Previous: {defaultModeId=1, allowGroupSwitching=false, primaryRanges={physical=[0.00 Hz, inf Hz], render=[0.00 Hz, 120.00 Hz]}, appRequestRanges={physical=[0.00 Hz, inf Hz], render=[0.00 Hz, 120.00 Hz]}}
04-10 08:33:26.333 1433 1433 I RefreshRateSelector: Current: DisplayManagerPolicy{defaultModeId=0, allowGroupSwitching=false, primaryRanges={physical=[59.00 Hz, inf Hz], render=[59.00 Hz, 61.00 Hz]}, appRequestRanges={physical=[59.00 Hz, inf Hz], render=[59.00 Hz, 61.00 Hz]}}
04-10 08:33:26.333 1433 1433 I RefreshRateSelector: 1 mode changes were performed under the previous policy
04-10 08:33:26.334 1433 1433 W ComposerExtn: DisplayExtnImpl::SetActiveConfig: HWC Display 0 is not registered!
04-10 08:33:26.335 2840 2840 D ShadeControllerImpl: animateCollapse(): mExpandedVisible=falseflags=2
04-10 08:33:26.335 2840 2840 I vol.VolumeDialogImpl: mDialog.dismiss() reason: volume_controller from: com.android.systemui.volume.VolumeDialogImpl$15.onDismissRequested:3226
04-10 08:33:26.339 1375 1646 I SDM : HWDeviceDRM::UpdateMixerAttributes: Mixer WxH 1080x2400-0 for Peripheral
04-10 08:33:26.340 1375 1646 I SDM : HWCDisplay::SubmitDisplayConfig: Active configuration changed to: 0
04-10 08:33:26.341 361 361 I [FTS_TS/I]drm_notifier_callback: DRM event:2,blank:3
04-10 08:33:26.341 361 361 I [FTS_TS/I]drm_notifier_callback: DRM BLANK(3) do not need process
04-10 08:33:26.341 361 361 I goodix_fp: [info] goodix_fb_state_chg_callback go to the goodix_fb_state_chg_callback value = 2
04-10 08:33:26.341 361 361 I goodix_fp: goodix_fb_state_chg_callback defalut
04-10 08:33:26.342 361 361 I [drm:dsi_display_set_mode [msm_drm]] [msm-dsi-info]: mdp_transfer_time=15866, hactive=1080, vactive=2400, fps=60
04-10 08:33:26.347 1402 12635 I QC2C2DEngine: calcYSize: unsupported or RGB color format, RGBA8888_UBWC(-1040187392)
04-10 08:33:26.348 1726 2216 I DisplayDeviceRepository: Display device changed: DisplayDeviceInfo{"Built-in Screen": uniqueId="local:4630946480328692354", 1080 x 2400, modeId 1, renderFrameRate 60.000004, defaultModeId 1, supportedModes [{id=1, width=1080, height=2400, fps=60.000004, alternativeRefreshRates=[90.0, 120.00001], supportedHdrTypes=[2, 3, 4]}, {id=2, width=1080, height=2400, fps=120.00001, alternativeRefreshRates=[60.000004, 90.0], supportedHdrTypes=[2, 3, 4]}, {id=3, width=1080, height=2400, fps=90.0, alternativeRefreshRates=[60.000004, 120.00001], supportedHdrTypes=[2, 3, 4]}], colorMode 0, supportedColorModes [0, 7, 9], hdrCapabilities HdrCapabilities{mSupportedHdrTypes=[2, 3, 4], mMaxLuminance=500.0, mMaxAverageLuminance=500.0, mMinLuminance=0.0}, allmSupported false, gameContentTypeSupported false, density 420, 403.411 x 401.052 dpi, appVsyncOff 1000000, presDeadline 16666666, cutout DisplayCutout{insets=Rect(0, 136 - 0, 0) waterfall=Insets{left=0, top=0, right=0, bottom=0} boundingRect={Bounds=[Rect(0, 0 - 0, 0), Rect(0, 0 - 188, 136), Rect(0, 0 - 0, 0), Rect(0, 0 - 0, 0)]} cutoutPathParserInfo={CutoutPathParserInfo{displayWidth=1080 displayHeight=2400 physicalDisplayWidth=1080 physicalDisplayHeight=2400 density={2.625} cutoutSpec={M89.3,42.31 m0,26.19 a26.19,26.19 0 1,0 52.38,0 a26.19,26.19 0 1,0 -52.38,0 Z @left} rotation={0} scale={1.0} physicalPixelDisplaySizeRatio={1.0}}}}, touch INTERNAL, rotation 0, type INTERNAL, address {port=130, model=0x40446d49bdd652}, deviceProductInfo DeviceProductInfo{name=, manufacturerPnpId=QCM, productId=1, modelYear=null, manufactureDate=ManufactureDate{week=27, year=2006}, connectionToSinkType=0}, state ON, committedState ON, frameRateOverride , brightnessMinimum 0.0, brightnessMaximum 1.0, brightnessDefault 0.4, hdrSdrRatio NaN, roundedCorners RoundedCorners{[RoundedCorner{position=TopLeft, radius=115, center=Point(115, 115)}, RoundedCorner{position=TopRight, radius=115, center=Point(965, 115)}, RoundedCorner{position=BottomRight, radius=115, center=Point(965, 2285)}, RoundedCorner{position=BottomLeft, radius=115, center=Point(115, 2285)}]}, FLAG_ALLOWED_TO_BE_DEFAULT_DISPLAY, FLAG_ROTATES_WITH_CONTENT, FLAG_SECURE, FLAG_SUPPORTS_PROTECTED_BUFFERS, FLAG_TRUSTED, installOrientation 0, displayShape DisplayShape{ spec=-1893857183 displayWidth=1080 displayHeight=2400 physicalPixelDisplaySizeRatio=1.0 rotation=0 offsetX=0 offsetY=0 scale=1.0}}
04-10 08:33:26.351 1726 2216 D DisplayManagerService: Ignore redundant display event 0/2 to 10148/4738
04-10 08:33:26.351 1726 2216 D DisplayManagerService: Ignore redundant display event 0/2 to 10247/4819
04-10 08:33:26.351 1726 2216 D DisplayManagerService: Ignore redundant display event 0/2 to 10129/5172
04-10 08:33:26.351 1726 2216 D DisplayManagerService: Ignore redundant display event 0/2 to 10146/10064
04-10 08:33:26.351 1726 2216 D DisplayManagerService: Ignore redundant display event 0/2 to 10254/10294
04-10 08:33:26.351 1726 2216 D DisplayManagerService: Ignore redundant display event 0/2 to 10243/11292
04-10 08:33:26.352 2840 2958 D DisplayTrackerImpl: displayChangedListener onDisplayChanged
04-10 08:33:26.354 3037 3518 I BtGatt.ScanManager: msg.what = 7
04-10 08:33:26.354 3037 3518 D BtGatt.ScanManager: enter screen on
04-10 08:33:26.356 3294 3294 W NT-Launcher: onTrimMemory: level = 20
04-10 08:33:26.360 3294 3441 I ImeTracker: com.nothing.launcher:68076f15: onRequestHide at ORIGIN_CLIENT_HIDE_SOFT_INPUT reason HIDE_SOFT_INPUT
04-10 08:33:26.360 3294 3441 I ImeTracker: com.nothing.launcher:68076f15: onFailed at PHASE_CLIENT_VIEW_SERVED
04-10 08:33:26.360 5695 5695 I A : onStop
04-10 08:33:26.361 2840 2898 V ShellRecents: RecentsTransitionHandler.startRecentsTransition
04-10 08:33:26.361 2840 2898 V WindowManagerShell: Directly starting a new transition type=3 wct=WindowContainerTransaction { changes = {} hops = [{PendingIntent: options=Bundle[mParcelledData.dataSize=332]}] errorCallbackToken=null taskFragmentOrganizer=null } handler=com.android.wm.shell.recents.RecentsTransitionHandler@4c64980
04-10 08:33:26.363 1726 7468 D BLASTSyncEngine: startSyncSet SyncGroup = com.android.server.wm.BLASTSyncEngine$SyncGroup@b06a78f,parallel = true,alreadyRunning = false,Callers=com.android.server.wm.BLASTSyncEngine.startSyncSet:442 com.android.server.wm.Transition.startCollecting:572 com.android.server.wm.TransitionController.moveToCollecting:331 com.android.server.wm.TransitionController.startCollectOrQueue:1408 com.android.server.wm.WindowOrganizerController.startTransition:303 com.android.server.wm.WindowOrganizerController.startNewTransition:264 android.window.IWindowOrganizerController$Stub.onTransact:245 com.android.server.wm.WindowOrganizerController.onTransact:181 android.os.Binder.execTransactInternal:1339 android.os.Binder.execTransact:1275
04-10 08:33:26.365 1385 1554 W ANDR-PERF-LM: MetaMeter: handlePrimaryAsync() 118: AdaptLaunch MetaMeter. No MeterMgr Available to handle this Primary Async. !!!!
04-10 08:33:26.365 1385 1554 W ANDR-PERF-LM: MetaMeter: handlePrimaryAsync() 118: AdaptLaunch MetaMeter. No MeterMgr Available to handle this Primary Async. !!!!
04-10 08:33:26.366 1726 7468 D NtDimmerWindow: NtDimmerWindow.enterPinnedWindowWindowingMode: You can only enter PinnedWindow from Windowform. task=Task{dc5400b #629 type=standard A=10341:com.spintec.qt.form500.poc}
04-10 08:33:26.368 1726 2915 I ActivityTaskManager: Activity reported stop, but no longer stopping: ActivityRecord{59ed277 u0 com.nothing.launcher/com.android.searchlauncher.SearchLauncher t628} RESUMED
04-10 08:33:26.368 1726 2617 W ActivityTaskManager: Ignoring closeSystemDialogs recentapps from background process ProcessRecord{44fbd8c 3294:com.nothing.launcher/u0a183}
04-10 08:33:26.368 2840 2898 V ShellRecents: [199290315] RecentsController.setTransition: id=android.os.BinderProxy@d3b49a8
04-10 08:33:26.370 3294 3294 I NT-StateManager: onStateTransitionStart StateManager: StateManager(mLastStableState:Normal, mCurrentStableState:Normal, mState:Background, mRestState:Normal, isInTransition:false)
04-10 08:33:26.371 3294 3294 I NT-StateManager: onStateTransitionEnd StateManager: StateManager(mLastStableState:Normal, mCurrentStableState:Background, mState:Background, mRestState:Normal, isInTransition:false)
04-10 08:33:26.371 3294 3294 I NT-TopTaskTracker: Found recent activity taskId = 628
04-10 08:33:26.377 361 361 I [drm:dsi_panel_set_backlight [msm_drm]] [msm-dsi-info]: backlight type:2 lvl:1335
04-10 08:33:26.393 361 361 I [FTS_TS/I]drm_notifier_callback: DRM event:1,blank:3
04-10 08:33:26.393 361 361 I [FTS_TS/I]drm_notifier_callback: DRM BLANK(3) do not need process
04-10 08:33:26.401 1402 12635 I QC2C2DEngine: calcYSize: unsupported or RGB color format, RGBA8888_UBWC(-1040187392)
04-10 08:33:26.402 3294 5003 E OpenGLRenderer: Unable to match the desired swap behavior.
04-10 08:33:26.402 1433 1433 I RefreshRateSelector: Display 4630946480328692354 policy changed
04-10 08:33:26.402 1433 1433 I RefreshRateSelector: Previous: {defaultModeId=0, allowGroupSwitching=false, primaryRanges={physical=[59.00 Hz, inf Hz], render=[59.00 Hz, 61.00 Hz]}, appRequestRanges={physical=[59.00 Hz, inf Hz], render=[59.00 Hz, 61.00 Hz]}}
04-10 08:33:26.402 1433 1433 I RefreshRateSelector: Current: DisplayManagerPolicy{defaultModeId=1, allowGroupSwitching=false, primaryRanges={physical=[0.00 Hz, inf Hz], render=[0.00 Hz, 120.00 Hz]}, appRequestRanges={physical=[0.00 Hz, inf Hz], render=[0.00 Hz, 120.00 Hz]}}
04-10 08:33:26.402 1433 1433 I RefreshRateSelector: 1 mode changes were performed under the previous policy
04-10 08:33:26.403 1433 1433 W ComposerExtn: DisplayExtnImpl::SetActiveConfig: HWC Display 0 is not registered!
04-10 08:33:26.408 5695 6023 E OpenGLRenderer: Unable to match the desired swap behavior.
04-10 08:33:26.415 1726 2212 V WindowManager: Sent Transition #23 createdAt=04-10 08:33:26.362
04-10 08:33:26.415 1726 2212 V WindowManager: startWCT=WindowContainerTransaction { changes = {} hops = [{PendingIntent: options=Bundle[{android.activity.splashScreenStyle=-1, android.activity.sourceInfo=android.app.ActivityOptions$SourceInfo@e502dab, android.activity.transientLaunch=true}]}] errorCallbackToken=null taskFragmentOrganizer=null }
04-10 08:33:26.415 1726 2212 V WindowManager: info={id=23 t=TO_FRONT f=0x80 trk=0 r=[0@Point(0, 0)] c=[{WCT{RemoteToken{3176405 Task{2dbc4fe #1 type=home}}} m=TO_FRONT f=SHOW_WALLPAPER|MOVE_TO_TOP leash=Surface(name=Task=1)/@0xceec555 sb=Rect(0, 0 - 1080, 2400) eb=Rect(0, 0 - 1080, 2400) d=0},{WCT{RemoteToken{6ce9df5 Task{dc5400b #629 type=standard A=10341:com.spintec.qt.form500.poc}}} m=TO_BACK f=NONE leash=Surface(name=Task=629)/@0x2a116df sb=Rect(0, 0 - 1080, 2400) eb=Rect(0, 0 - 1080, 2400) d=0},{null m=TO_FRONT f=IS_WALLPAPER leash=Surface(name=WallpaperWindowToken{10a6634 token=android.os.Binder@96e7f46})/@0x74d573f sb=Rect(0, 0 - 1080, 2400) eb=Rect(0, 0 - 1080, 2400) d=0}]}
04-10 08:33:26.416 2840 2898 V WindowManagerShell: onTransitionReady android.os.BinderProxy@d3b49a8: {id=23 t=TO_FRONT f=0x80 trk=0 r=[0@Point(0, 0)] c=[{WCT{android.window.IWindowContainerToken$Stub$Proxy@c2a63fd} m=TO_FRONT f=SHOW_WALLPAPER|MOVE_TO_TOP leash=Surface(name=Task=1)/@0x29fbcc1 sb=Rect(0, 0 - 1080, 2400) eb=Rect(0, 0 - 1080, 2400) d=0},{WCT{android.window.IWindowContainerToken$Stub$Proxy@b31d8f2} m=TO_BACK f=NONE leash=Surface(name=Task=629)/@0x7cc5c66 sb=Rect(0, 0 - 1080, 2400) eb=Rect(0, 0 - 1080, 2400) d=0},{null m=TO_FRONT f=IS_WALLPAPER leash=Surface(name=WallpaperWindowToken{10a6634 token=android.os.Binder@96e7f46})/@0x30e9ba7 sb=Rect(0, 0 - 1080, 2400) eb=Rect(0, 0 - 1080, 2400) d=0}]}
04-10 08:33:26.416 2840 2898 V WindowManagerShell: Playing animation for (#23)android.os.BinderProxy@d3b49a8@0
04-10 08:33:26.417 2840 2898 V WindowManagerShell: try firstHandler com.android.wm.shell.recents.RecentsTransitionHandler@4c64980
04-10 08:33:26.418 2840 2898 V ShellRecents: [199290315] RecentsController.start
04-10 08:33:26.423 1375 1646 I SDM : HWDeviceDRM::UpdateMixerAttributes: Mixer WxH 1080x2400-0 for Peripheral
04-10 08:33:26.423 1375 1646 I SDM : HWCDisplay::SubmitDisplayConfig: Active configuration changed to: 1
04-10 08:33:26.424 2840 2898 V ShellRecents: adding pausing leaf taskId=629 at layer=8
04-10 08:33:26.426 2840 2898 V ShellRecents: [199290315] RecentsController.start: calling onAnimationStart
04-10 08:33:26.428 2840 2898 V WindowManagerShell: animated by firstHandler
04-10 08:33:26.425 361 361 I [FTS_TS/I]drm_notifier_callback: DRM event:2,blank:3
04-10 08:33:26.425 361 361 I [FTS_TS/I]drm_notifier_callback: DRM BLANK(3) do not need process
04-10 08:33:26.425 361 361 I goodix_fp: [info] goodix_fb_state_chg_callback go to the goodix_fb_state_chg_callback value = 2
04-10 08:33:26.425 361 361 I goodix_fp: goodix_fb_state_chg_callback defalut
04-10 08:33:26.426 361 361 I [drm:dsi_display_set_mode [msm_drm]] [msm-dsi-info]: mdp_transfer_time=7826, hactive=1080, vactive=2400, fps=120
04-10 08:33:26.430 3294 3294 I NT-InputConsumerProxy: AL-1283: Enable InputConsumerProxy, register consumer events.
04-10 08:33:26.430 3294 3294 D RemoteTargetGluer: appCount: 1 handleLength: 2
04-10 08:33:26.430 3294 3294 D RemoteTargetGluer: resizing handles
04-10 08:33:26.430 3294 3294 D RemoteTargetGluer: containsSplitTargets? false handleLength: 1 appsLength: 1
04-10 08:33:26.430 3294 3294 D RemoteTargetGluer: appCount: 1 handleLength: 2
04-10 08:33:26.430 3294 3294 D RemoteTargetGluer: resizing handles
04-10 08:33:26.430 3294 3294 D RemoteTargetGluer: containsSplitTargets? false handleLength: 1 appsLength: 1
04-10 08:33:26.431 1726 2669 E HandwritingModeController: Cannot get requestId: Handwriting was not initialized.
04-10 08:33:26.432 2840 2898 V ShellRecents: [199290315] RecentsController.setInputConsumerEnabled: set focus to recents
04-10 08:33:26.433 1402 12635 I QC2C2DEngine: calcYSize: unsupported or RGB color format, RGBA8888_UBWC(-1040187392)
04-10 08:33:26.434 1726 2669 E HandwritingModeController: Cannot get requestId: Handwriting was not initialized.
04-10 08:33:26.434 1726 2915 V NtGameModeImpl: onAppFocusChanged: pkg=com.nothing.launcher, uid=10183, category=-1
04-10 08:33:26.434 1726 2915 D NtPopUpViewImpl: PopUpView: onAppFocusChanged: newTask=Task{8a7144e #628 type=home I=com.nothing.launcher/com.android.searchlauncher.SearchLauncher}, showDimmer=false
04-10 08:33:26.434 1726 2915 D NtDimmerWindow: NtDimmerWindow.enterPinnedWindowWindowingMode: You can only enter PinnedWindow from Windowform. task=Task{dc5400b #629 type=standard A=10341:com.spintec.qt.form500.poc}
04-10 08:33:26.434 1726 2915 D NtWindowformEdgeBarHelper: setTask true
04-10 08:33:26.437 2817 5016 D TopAppSceneDetector: currentFocusApp=com.nothing.launcher
04-10 08:33:26.440 2840 2898 V ShellRecents: [199290315] RecentsController.setInputConsumerEnabled: set focus to recents
04-10 08:33:26.443 2817 5016 D NearbyDetector: onTopActivityChanged: top class name: com.android.searchlauncher.SearchLauncher
04-10 08:33:26.443 2817 5016 D NearbyDetector: onTopActivityChanged: top class name: com.spintec.qt.form500.poc.My7000App
04-10 08:33:26.443 2817 5016 D GameSceneDetector: Failed to call isBoostTypeGame: java.lang.NoSuchMethodException: android.util.BoostFramework.perfGetFeedback []
04-10 08:33:26.443 2817 5016 D GameSceneDetector: onTopChanged=com.nothing.launcher, isBoostTypeGame=false, isCategoryGame=false
04-10 08:33:26.443 2817 5016 D SceneManager: TopAPP=com.nothing.launcher, category=-1
04-10 08:33:26.445 361 361 I [drm:dsi_panel_set_backlight [msm_drm]] [msm-dsi-info]: backlight type:2 lvl:1335
04-10 08:33:26.448 1726 2216 I DisplayDeviceRepository: Display device changed: DisplayDeviceInfo{"Built-in Screen": uniqueId="local:4630946480328692354", 1080 x 2400, modeId 2, renderFrameRate 120.00001, defaultModeId 1, supportedModes [{id=1, width=1080, height=2400, fps=60.000004, alternativeRefreshRates=[90.0, 120.00001], supportedHdrTypes=[2, 3, 4]}, {id=2, width=1080, height=2400, fps=120.00001, alternativeRefreshRates=[60.000004, 90.0], supportedHdrTypes=[2, 3, 4]}, {id=3, width=1080, height=2400, fps=90.0, alternativeRefreshRates=[60.000004, 120.00001], supportedHdrTypes=[2, 3, 4]}], colorMode 0, supportedColorModes [0, 7, 9], hdrCapabilities HdrCapabilities{mSupportedHdrTypes=[2, 3, 4], mMaxLuminance=500.0, mMaxAverageLuminance=500.0, mMinLuminance=0.0}, allmSupported false, gameContentTypeSupported false, density 420, 403.411 x 401.052 dpi, appVsyncOff 1000000, presDeadline 13333333, cutout DisplayCutout{insets=Rect(0, 136 - 0, 0) waterfall=Insets{left=0, top=0, right=0, bottom=0} boundingRect={Bounds=[Rect(0, 0 - 0, 0), Rect(0, 0 - 188, 136), Rect(0, 0 - 0, 0), Rect(0, 0 - 0, 0)]} cutoutPathParserInfo={CutoutPathParserInfo{displayWidth=1080 displayHeight=2400 physicalDisplayWidth=1080 physicalDisplayHeight=2400 density={2.625} cutoutSpec={M89.3,42.31 m0,26.19 a26.19,26.19 0 1,0 52.38,0 a26.19,26.19 0 1,0 -52.38,0 Z @left} rotation={0} scale={1.0} physicalPixelDisplaySizeRatio={1.0}}}}, touch INTERNAL, rotation 0, type INTERNAL, address {port=130, model=0x40446d49bdd652}, deviceProductInfo DeviceProductInfo{name=, manufacturerPnpId=QCM, productId=1, modelYear=null, manufactureDate=ManufactureDate{week=27, year=2006}, connectionToSinkType=0}, state ON, committedState ON, frameRateOverride , brightnessMinimum 0.0, brightnessMaximum 1.0, brightnessDefault 0.4, hdrSdrRatio NaN, roundedCorners RoundedCorners{[RoundedCorner{position=TopLeft, radius=115, center=Point(115, 115)}, RoundedCorner{position=TopRight, radius=115, center=Point(965, 115)}, RoundedCorner{position=BottomRight, radius=115, center=Point(965, 2285)}, RoundedCorner{position=BottomLeft, radius=115, center=Point(115, 2285)}]}, FLAG_ALLOWED_TO_BE_DEFAULT_DISPLAY, FLAG_ROTATES_WITH_CONTENT, FLAG_SECURE, FLAG_SUPPORTS_PROTECTED_BUFFERS, FLAG_TRUSTED, installOrientation 0, displayShape DisplayShape{ spec=-1893857183 displayWidth=1080 displayHeight=2400 physicalPixelDisplaySizeRatio=1.0 rotation=0 offsetX=0 offsetY=0 scale=1.0}}
04-10 08:33:26.450 1402 12635 D BufferPoolAccessor2.0: bufferpool2 0xf1a43628 : 7(10981376 size) total buffers - 5(7843840 size) used buffers - 626/634 (recycle/alloc) - 18/629 (fetch/transfer)
04-10 08:33:26.451 1726 2216 D DisplayManagerService: Ignore redundant display event 0/2 to 10148/4738
04-10 08:33:26.451 1726 2216 D DisplayManagerService: Ignore redundant display event 0/2 to 10247/4819
04-10 08:33:26.451 1726 2216 D DisplayManagerService: Ignore redundant display event 0/2 to 10129/5172
04-10 08:33:26.451 1726 2216 D DisplayManagerService: Ignore redundant display event 0/2 to 10146/10064
04-10 08:33:26.451 1726 2216 D DisplayManagerService: Ignore redundant display event 0/2 to 10254/10294
04-10 08:33:26.451 1726 2216 D DisplayManagerService: Ignore redundant display event 0/2 to 10243/11292
04-10 08:33:26.453 2840 2958 D DisplayTrackerImpl: displayChangedListener onDisplayChanged
04-10 08:33:26.454 3037 3518 I BtGatt.ScanManager: msg.what = 7
04-10 08:33:26.454 3037 3518 D BtGatt.ScanManager: enter screen on
04-10 08:33:26.456 1726 2669 E HandwritingModeController: Cannot get requestId: Handwriting was not initialized.
04-10 08:33:26.458 1726 2216 V WindowManager: Unknown focus tokens, dropping reportFocusChanged
04-10 08:33:26.459 361 361 I [FTS_TS/I]drm_notifier_callback: DRM event:1,blank:3
04-10 08:33:26.459 361 361 I [FTS_TS/I]drm_notifier_callback: DRM BLANK(3) do not need process
04-10 08:33:26.468 1402 12635 I QC2C2DEngine: calcYSize: unsupported or RGB color format, RGBA8888_UBWC(-1040187392)
04-10 08:33:26.470 1433 1433 I BpBinder: onLastStrongRef automatically unlinking death recipients:
04-10 08:33:26.483 1402 12635 I QC2C2DEngine: calcYSize: unsupported or RGB color format, RGBA8888_UBWC(-1040187392)
04-10 08:33:26.512 1402 12635 I QC2C2DEngine: calcYSize: unsupported or RGB color format, RGBA8888_UBWC(-1040187392)
04-10 08:33:26.532 1402 12635 I QC2C2DEngine: calcYSize: unsupported or RGB color format, RGBA8888_UBWC(-1040187392)
04-10 08:33:26.553 1402 12635 I QC2C2DEngine: calcYSize: unsupported or RGB color format, RGBA8888_UBWC(-1040187392)
04-10 08:33:26.560 1433 1580 W HWComposer: Ignoring duplicate VSYNC event from HWC for display 4630946480328692354 (t=347141812000)
04-10 08:33:26.568 1433 1580 W HWComposer: Ignoring duplicate VSYNC event from HWC for display 4630946480328692354 (t=347150269000)
04-10 08:33:26.571 1402 12635 I QC2C2DEngine: calcYSize: unsupported or RGB color format, RGBA8888_UBWC(-1040187392)
04-10 08:33:26.576 1433 1580 W HWComposer: Ignoring duplicate VSYNC event from HWC for display 4630946480328692354 (t=347158485000)
04-10 08:33:26.585 1433 1580 W HWComposer: Ignoring duplicate VSYNC event from HWC for display 4630946480328692354 (t=347166826000)
04-10 08:33:26.590 1402 12635 I QC2C2DEngine: calcYSize: unsupported or RGB color format, RGBA8888_UBWC(-1040187392)
04-10 08:33:26.609 1402 12635 I QC2C2DEngine: calcYSize: unsupported or RGB color format, RGBA8888_UBWC(-1040187392)
04-10 08:33:26.633 1402 12635 I QC2C2DEngine: calcYSize: unsupported or RGB color format, RGBA8888_UBWC(-1040187392)
04-10 08:33:26.648 2840 2840 D vol.VolumeDialogImpl: hideRingerDrawer - drawer is already hide
04-10 08:33:26.648 1726 7468 D AS.AudioService: Volume controller visible: false
04-10 08:33:26.662 1402 12635 I QC2C2DEngine: calcYSize: unsupported or RGB color format, RGBA8888_UBWC(-1040187392)
04-10 08:33:26.679 1402 12635 I QC2C2DEngine: calcYSize: unsupported or RGB color format, RGBA8888_UBWC(-1040187392)
04-10 08:33:26.701 1402 12635 I QC2C2DEngine: calcYSize: unsupported or RGB color format, RGBA8888_UBWC(-1040187392)
04-10 08:33:26.718 1402 12635 I QC2C2DEngine: calcYSize: unsupported or RGB color format, RGBA8888_UBWC(-1040187392)
04-10 08:33:26.738 1402 12635 I QC2C2DEngine: calcYSize: unsupported or RGB color format, RGBA8888_UBWC(-1040187392)
04-10 08:33:26.754 1402 12635 I QC2C2DEngine: calcYSize: unsupported or RGB color format, RGBA8888_UBWC(-1040187392)
04-10 08:33:26.769 1385 4310 E ANDR-PERF-LM: VmRssMeter:: start() 453: Could not find pid, can not collect vmrss data
04-10 08:33:26.769 1385 4311 E ANDR-PERF-LM: VmRssMeter:: start() 453: Could not find pid, can not collect vmrss data
04-10 08:33:26.769 1385 4311 E ANDR-PERF-LM: AdaptiveLaunch: writeToDataBase() 64: Meter aborted or could not get meter data for this run
04-10 08:33:26.773 1402 12635 I QC2C2DEngine: calcYSize: unsupported or RGB color format, RGBA8888_UBWC(-1040187392)
04-10 08:33:26.792 1402 12635 I QC2C2DEngine: calcYSize: unsupported or RGB color format, RGBA8888_UBWC(-1040187392)
04-10 08:33:26.797 1726 5826 D NtWindowManagerService: getActiveRecentsLayerTaskId: ar=ActivityRecord{f0703da u0 com.spintec.qt.form500.poc/.My7000App t629} taskId=629
04-10 08:33:26.798 2840 2957 V ShellRecents: [199290315] RecentsController.screenshotTask: taskId=629
04-10 08:33:26.816 1402 12635 I QC2C2DEngine: calcYSize: unsupported or RGB color format, RGBA8888_UBWC(-1040187392)
04-10 08:33:26.843 1402 12635 I QC2C2DEngine: calcYSize: unsupported or RGB color format, RGBA8888_UBWC(-1040187392)
04-10 08:33:26.845 1726 5826 D NtWindowManagerService: getActiveRecentsLayerTaskId: ar=ActivityRecord{f0703da u0 com.spintec.qt.form500.poc/.My7000App t629} taskId=629
