04-10 08:33:18.009 2840 2898 V WindowManagerShell: Transition requested: android.os.BinderProxy@5b0ca6f TransitionRequestInfo { type = OPEN, triggerTask = TaskInfo{userId=0 taskId=629 displayId=0 isRunning=true baseIntent=Intent { act=android.intent.action.MAIN cat=[android.intent.category.LAUNCHER] flg=0x10200000 cmp=com.spintec.qt.form500.poc/.My7000App } baseActivity=ComponentInfo{com.spintec.qt.form500.poc/com.spintec.qt.form500.poc.My7000App} topActivity=ComponentInfo{com.spintec.qt.form500.poc/com.spintec.qt.form500.poc.My7000App} origActivity=null realActivity=ComponentInfo{com.spintec.qt.form500.poc/com.spintec.qt.form500.poc.My7000App} numActivities=1 lastActiveTime=337870 supportsMultiWindow=true resizeMode=1 isResizeable=true minWidth=-1 minHeight=-1 defaultMinSize=220 token=WCT{android.window.IWindowContainerToken$Stub$Proxy@ace337c} topActivityType=1 pictureInPictureParams=null shouldDockBigOverlays=false launchIntoPipHostTaskId=-1 lastParentTaskIdBeforePip=-1 displayCutoutSafeInsets=Rect(0, 136 - 0, 0) topActivityInfo=ActivityInfo{b63e405 com.spintec.qt.form500.poc.My7000App} launchCookies=[android.os.BinderProxy@9dfcc5a] positionInParent=Point(0, 0) parentTaskId=-1 isFocused=true isVisible=false isVisibleRequested=false isSleeping=false topActivityInSizeCompat=false topActivityEligibleForLetterboxEducation= false topActivityLetterboxed= false isFromDoubleTap= false topActivityLetterboxVerticalPosition= -1 topActivityLetterboxHorizontalPosition= -1 topActivityLetterboxWidth=-1 topActivityLetterboxHeight=-1 locusId=null displayAreaFeatureId=1 cameraCompatControlState=hidden}, remoteTransition = RemoteTransition { remoteTransition = android.window.IRemoteTransition$Stub$Proxy@c299e8b, appThread = android.app.IApplicationThread$Stub$Proxy@6890b68, debugName = QuickstepLaunch }, displayChange = null }
04-10 08:33:18.009 2840 2898 V WindowManagerShell: RemoteTransition directly requested for android.os.BinderProxy@5b0ca6f: RemoteTransition { remoteTransition = android.window.IRemoteTransition$Stub$Proxy@c299e8b, appThread = android.app.IApplicationThread$Stub$Proxy@6890b68, debugName = QuickstepLaunch }
04-10 08:33:18.009 2840 2898 V WindowManagerShell: handleRequest com.android.wm.shell.transition.RemoteTransitionHandler@f067dac handled
04-10 08:33:18.010 2817 5016 D NearbyDetector: onTopActivityChanged: top class name: com.android.searchlauncher.SearchLauncher
04-10 08:33:18.010 2817 5016 D NearbyDetector: onTopActivityChanged: top class name: com.spintec.qt.form500.poc.My7000App
04-10 08:33:18.010 2817 5016 D GameSceneDetector: Failed to call isBoostTypeGame: java.lang.NoSuchMethodException: android.util.BoostFramework.perfGetFeedback []
04-10 08:33:18.010 2817 5016 D GameSceneDetector: onTopChanged=com.spintec.qt.form500.poc, isBoostTypeGame=false, isCategoryGame=false
04-10 08:33:18.010 2817 5016 D SceneManager: TopAPP=com.spintec.qt.form500.poc, category=-1
04-10 08:33:18.009 1402 12635 I QC2C2DEngine: calcYSize: unsupported or RGB color format, RGBA8888_UBWC(-1040187392)
04-10 08:33:18.012 1385 1554 W ANDR-PERF-LM: MetaMeter: handlePrimaryAsync() 118: AdaptLaunch MetaMeter. No MeterMgr Available to handle this Primary Async. !!!!
04-10 08:33:18.012 1385 1554 W ANDR-PERF-LM: MetaMeter: handlePrimaryAsync() 118: AdaptLaunch MetaMeter. No MeterMgr Available to handle this Primary Async. !!!!
04-10 08:33:18.014 1726 7468 E Transition: Trying to add a ready-group twice: Display{#0 state=ON size=1080x2400 ROTATION_0}
04-10 08:33:18.023 2840 2935 V SnapshotDrawerUtils: Drawing snapshot surface sizeMismatch=false
04-10 08:33:18.025 1402 12635 I QC2C2DEngine: calcYSize: unsupported or RGB color format, RGBA8888_UBWC(-1040187392)
04-10 08:33:18.029 4733 4733 I Qt5.My7000App: My7000App::onResume() called
04-10 08:33:18.029 1726 2212 V WindowManager: Sent Transition #10 createdAt=04-10 08:33:17.991 via request=TransitionRequestInfo { type = OPEN, triggerTask = TaskInfo{userId=0 taskId=629 displayId=0 isRunning=true baseIntent=Intent { act=android.intent.action.MAIN cat=[android.intent.category.LAUNCHER] flg=0x10200000 cmp=com.spintec.qt.form500.poc/.My7000App } baseActivity=ComponentInfo{com.spintec.qt.form500.poc/com.spintec.qt.form500.poc.My7000App} topActivity=ComponentInfo{com.spintec.qt.form500.poc/com.spintec.qt.form500.poc.My7000App} origActivity=null realActivity=ComponentInfo{com.spintec.qt.form500.poc/com.spintec.qt.form500.poc.My7000App} numActivities=1 lastActiveTime=337870 supportsMultiWindow=true resizeMode=1 isResizeable=true minWidth=-1 minHeight=-1 defaultMinSize=220 token=WCT{RemoteToken{6ce9df5 Task{dc5400b #629 type=standard A=10341:com.spintec.qt.form500.poc}}} topActivityType=1 pictureInPictureParams=null shouldDockBigOverlays=false launchIntoPipHostTaskId=-1 lastParentTaskIdBeforePip=-1 displayCutoutSafeInsets=Rect(0, 136 - 0, 0) topActivityInfo=ActivityInfo{a98178a com.spintec.qt.form500.poc.My7000App} launchCookies=[android.os.BinderProxy@91d1cfd] positionInParent=Point(0, 0) parentTaskId=-1 isFocused=true isVisible=false isVisibleRequested=false isSleeping=false topActivityInSizeCompat=false topActivityEligibleForLetterboxEducation= false topActivityLetterboxed= false isFromDoubleTap= false topActivityLetterboxVerticalPosition= -1 topActivityLetterboxHorizontalPosition= -1 topActivityLetterboxWidth=-1 topActivityLetterboxHeight=-1 locusId=null displayAreaFeatureId=1 cameraCompatControlState=hidden}, remoteTransition = RemoteTransition { remoteTransition = android.window.IRemoteTransition$Stub$Proxy@6572c43, appThread = android.app.IApplicationThread$Stub$Proxy@16c72c0, debugName = QuickstepLaunch }, displayChange = null }
04-10 08:33:18.029 1726 2212 V WindowManager: startWCT=WindowContainerTransaction { changes = {} hops = [] errorCallbackToken=null taskFragmentOrganizer=null }
04-10 08:33:18.029 4733 12671 D libForm500Crash_POC_arm64-v8a.so: Application state changed to Qt::ApplicationActive
04-10 08:33:18.030 1726 2212 V WindowManager: info={id=10 t=OPEN f=0x0 trk=0 r=[0@Point(0, 0)] c=[{WCT{RemoteToken{6ce9df5 Task{dc5400b #629 type=standard A=10341:com.spintec.qt.form500.poc}}} m=TO_FRONT f=MOVE_TO_TOP leash=Surface(name=Task=629)/@0x2a116df sb=Rect(0, 0 - 1080, 2400) eb=Rect(0, 0 - 1080, 2400) d=0},{WCT{RemoteToken{3176405 Task{2dbc4fe #1 type=home}}} m=TO_BACK f=SHOW_WALLPAPER leash=Surface(name=Task=1)/@0xceec555 sb=Rect(0, 0 - 1080, 2400) eb=Rect(0, 0 - 1080, 2400) d=0}]}
04-10 08:33:18.031 2840 2898 V WindowManagerShell: onTransitionReady android.os.BinderProxy@5b0ca6f: {id=10 t=OPEN f=0x0 trk=0 r=[0@Point(0, 0)] c=[{WCT{android.window.IWindowContainerToken$Stub$Proxy@67fdf80} m=TO_FRONT f=MOVE_TO_TOP leash=Surface(name=Task=629)/@0xbef8ebd sb=Rect(0, 0 - 1080, 2400) eb=Rect(0, 0 - 1080, 2400) d=0},{WCT{android.window.IWindowContainerToken$Stub$Proxy@78b59b9} m=TO_BACK f=SHOW_WALLPAPER leash=Surface(name=Task=1)/@0x5ab8cb2 sb=Rect(0, 0 - 1080, 2400) eb=Rect(0, 0 - 1080, 2400) d=0}]}
04-10 08:33:18.031 2840 2898 V WindowManagerShell: Playing animation for (#10)android.os.BinderProxy@5b0ca6f@0
04-10 08:33:18.032 2840 2898 V WindowManagerShell: try firstHandler com.android.wm.shell.transition.DefaultMixedHandler@a890bd
04-10 08:33:18.032 2840 2898 V WindowManagerShell: Delegate animation for #10 to RemoteTransition { remoteTransition = android.window.IRemoteTransition$Stub$Proxy@c299e8b, appThread = android.app.IApplicationThread$Stub$Proxy@6890b68, debugName = QuickstepLaunch }
04-10 08:33:18.033 2840 2898 V WindowManagerShell: animated by firstHandler
04-10 08:33:18.034 1433 1433 I BpBinder: onLastStrongRef automatically unlinking death recipients:
04-10 08:33:18.037 3294 3294 I NT-TransitionSmoothHelper: clear
04-10 08:33:18.038 4978 5568 W AiAiAutofill: Failed to set whitelist for augmented autofill service.
04-10 08:33:18.038 4978 5568 W AiAiAutofill: java.lang.SecurityException: caller is not user's Augmented Autofill Service
04-10 08:33:18.038 4978 5568 W AiAiAutofill: at android.view.autofill.AutofillManager.setAugmentedAutofillWhitelist(AutofillManager.java:2676)
04-10 08:33:18.038 4978 5568 W AiAiAutofill: at bye.b(PG:66)
04-10 08:33:18.038 4978 5568 W AiAiAutofill: at byy.h(PG:81)
04-10 08:33:18.038 4978 5568 W AiAiAutofill: at bzl.a(PG:175)
04-10 08:33:18.038 4978 5568 W AiAiAutofill: at idr.a(PG:5)
04-10 08:33:18.038 4978 5568 W AiAiAutofill: at ieh.a(PG:58)
04-10 08:33:18.038 4978 5568 W AiAiAutofill: at mxk.a(PG:137)
04-10 08:33:18.038 4978 5568 W AiAiAutofill: at ihi.b(PG:78)
04-10 08:33:18.038 4978 5568 W AiAiAutofill: at ihi.a(PG:3)
04-10 08:33:18.038 4978 5568 W AiAiAutofill: at mwj.c(PG:277)
04-10 08:33:18.038 4978 5568 W AiAiAutofill: at mwi.b(PG:13)
04-10 08:33:18.038 4978 5568 W AiAiAutofill: at mmm.e(PG:14)
04-10 08:33:18.038 4978 5568 W AiAiAutofill: at kotlinx.coroutines.DispatchedTask.run(PG:114)
04-10 08:33:18.038 4978 5568 W AiAiAutofill: at java.util.concurrent.Executors$RunnableAdapter.call(Executors.java:487)
04-10 08:33:18.038 4978 5568 W AiAiAutofill: at kro.a(PG:3)
04-10 08:33:18.038 4978 5568 W AiAiAutofill: at kqq.run(PG:21)
04-10 08:33:18.038 4978 5568 W AiAiAutofill: at krp.run(PG:5)
04-10 08:33:18.038 4978 5568 W AiAiAutofill: at java.util.concurrent.Executors$RunnableAdapter.call(Executors.java:487)
04-10 08:33:18.038 4978 5568 W AiAiAutofill: at java.util.concurrent.FutureTask.run(FutureTask.java:264)
04-10 08:33:18.038 4978 5568 W AiAiAutofill: at java.util.concurrent.ScheduledThreadPoolExecutor$ScheduledFutureTask.run(ScheduledThreadPoolExecutor.java:307)
04-10 08:33:18.038 4978 5568 W AiAiAutofill: at java.util.concurrent.ThreadPoolExecutor.runWorker(ThreadPoolExecutor.java:1145)
04-10 08:33:18.038 4978 5568 W AiAiAutofill: at java.util.concurrent.ThreadPoolExecutor$Worker.run(ThreadPoolExecutor.java:644)
04-10 08:33:18.038 4978 5568 W AiAiAutofill: at dqg.run(PG:185)
04-10 08:33:18.038 4978 5568 W AiAiAutofill: at java.lang.Thread.run(Thread.java:1012)
04-10 08:33:18.042 1402 12635 I QC2C2DEngine: calcYSize: unsupported or RGB color format, RGBA8888_UBWC(-1040187392)
04-10 08:33:18.043 3294 3294 I NT-NTDragLayer: onMeasure consumed 0
04-10 08:33:18.043 3294 3294 I NT-NTDragLayer: onLayout consumed 0
04-10 08:33:18.043 3294 3294 I NT-NTDragLayer: dispatchDraw consumed 0
04-10 08:33:18.045 4733 12667 E OpenGLRenderer: Unable to match the desired swap behavior.
04-10 08:33:18.045 1402 12635 I QC2C2DEngine: calcYSize: unsupported or RGB color format, RGBA8888_UBWC(-1040187392)
04-10 08:33:18.048 4733 4733 I SurfaceView: surfaceview vote min fps
04-10 08:33:18.053 1726 2212 W ziparchive: Unable to open '/data/app/~~VXJMSZcnXxXOCkvo99yEnQ==/com.spintec.qt.form500.poc-K4cmV_bINLx0_037uJu7OA==/base.dm': No such file or directory
04-10 08:33:18.056 1402 12635 I QC2C2DEngine: calcYSize: unsupported or RGB color format, RGBA8888_UBWC(-1040187392)
04-10 08:33:18.062 4733 4733 I SurfaceView: surfaceview vote min fps
04-10 08:33:18.080 1402 12635 I QC2C2DEngine: calcYSize: unsupported or RGB color format, RGBA8888_UBWC(-1040187392)
04-10 08:33:18.091 1402 12635 I QC2C2DEngine: calcYSize: unsupported or RGB color format, RGBA8888_UBWC(-1040187392)
04-10 08:33:18.109 5695 5695 I A : onPause
04-10 08:33:18.111 1402 12635 I QC2C2DEngine: calcYSize: unsupported or RGB color format, RGBA8888_UBWC(-1040187392)
04-10 08:33:18.115 1402 12635 I QC2C2DEngine: calcYSize: unsupported or RGB color format, RGBA8888_UBWC(-1040187392)
04-10 08:33:18.125 1402 12635 I QC2C2DEngine: calcYSize: unsupported or RGB color format, RGBA8888_UBWC(-1040187392)
04-10 08:33:18.139 1402 12635 I QC2C2DEngine: calcYSize: unsupported or RGB color format, RGBA8888_UBWC(-1040187392)
04-10 08:33:18.151 1726 2216 D NtPerfTraceManagerImpl: packageName = com.spintec.qt.form500.poc, taskId = 629
04-10 08:33:18.154 1726 2915 I ImeTracker: com.spintec.qt.form500.poc:ae5d2ede: onRequestHide at ORIGIN_SERVER_HIDE_INPUT reason HIDE_UNSPECIFIED_WINDOW
04-10 08:33:18.154 1726 2915 I ImeTracker: com.spintec.qt.form500.poc:ae5d2ede: onCancelled at PHASE_SERVER_SHOULD_HIDE
04-10 08:33:18.161 6287 6287 I GoogleInputMethodService: GoogleInputMethodService.onFinishInput():3096
04-10 08:33:18.162 6287 6287 I GoogleInputMethodService: GoogleInputMethodService.updateDeviceLockedStatus():2210 repeatCheckTimes = 0, locked = false
04-10 08:33:18.162 6287 6287 I GoogleInputMethodService: GoogleInputMethodService.onStartInput():1950 onStartInput(EditorInfo{EditorInfo{packageName=com.spintec.qt.form500.poc, inputType=0, inputTypeString=NULL, enableLearning=false, autoCorrection=false, autoComplete=false, imeOptions=0, privateImeOptions=null, actionName=UNSPECIFIED, actionLabel=null, initialSelStart=-1, initialSelEnd=-1, initialCapsMode=0, label=null, fieldId=0, fieldName=null, extras=null, hintText=null, hintLocales=[]}}, false)
04-10 08:33:18.162 6287 6287 I GoogleInputMethodService: GoogleInputMethodService.updateDeviceLockedStatus():2210 repeatCheckTimes = 1, locked = false
04-10 08:33:18.163 6287 6287 I AndroidIME: InputBundleManager.loadActiveInputBundleId():450 loadActiveInputBundleId: und-Latn-x-password, password
04-10 08:33:18.164 1726 3358 W PackageConfigPersister: App-specific configuration not found for packageName: com.spintec.qt.form500.poc and userId: 0
04-10 08:33:18.166 1402 12635 I QC2C2DEngine: calcYSize: unsupported or RGB color format, RGBA8888_UBWC(-1040187392)
04-10 08:33:18.182 1402 12635 I QC2C2DEngine: calcYSize: unsupported or RGB color format, RGBA8888_UBWC(-1040187392)
04-10 08:33:18.207 1402 12635 I QC2C2DEngine: calcYSize: unsupported or RGB color format, RGBA8888_UBWC(-1040187392)
04-10 08:33:18.232 1402 12635 I QC2C2DEngine: calcYSize: unsupported or RGB color format, RGBA8888_UBWC(-1040187392)
04-10 08:33:18.256 1319 3739 D vendor.qti.bluetooth@1.0-wake_lock: Acquire wakelock is acquired
04-10 08:33:18.258 3037 3743 I bt_stack: [INFO:btm_ble_gap.cc(3253)] btm_ble_process_adv_pkt_cont Data Complete 63:d6:05:85:71:95
04-10 08:33:18.259 3037 3743 I bt_stack: [INFO:btm_ble_gap.cc(3253)] btm_ble_process_adv_pkt_cont Data Complete 63:d6:05:85:71:95
04-10 08:33:18.259 3037 3743 D bt_btm_ble: bool parse_adv_audio_uuids_from_adv_pkt(const uint8_t *, size_t, uint8_t): tmap_cap_pts: false
04-10 08:33:18.261 1402 12635 I QC2C2DEngine: calcYSize: unsupported or RGB color format, RGBA8888_UBWC(-1040187392)
04-10 08:33:18.279 1402 12635 I QC2C2DEngine: calcYSize: unsupported or RGB color format, RGBA8888_UBWC(-1040187392)
04-10 08:33:18.284 1726 3358 D ActivityManager: sync unfroze 5135 com.nothing.hearthstone for 7
04-10 08:33:18.286 5135 5167 I NTWidget-Client: Receive method call: actionRefresh, widgetId = 1
04-10 08:33:18.288 5135 5135 I NTWidget-Client: Call handleCardRefresh, target method = onHostViewResumed
04-10 08:33:18.289 5135 5569 I NTWidget-: Ensure service valid cost time = 0, checkResult = true
04-10 08:33:18.289 5268 5481 I NTWidget-CardWidgetService: getWidgetOptions, widgetId = 1
04-10 08:33:18.292 5135 5135 I CardLab-: Widget 1 find options: width = 936, height = 210
04-10 08:33:18.292 5135 5135 I CardLab-: spanX = 4
04-10 08:33:18.292 5135 5135 I CardLab-: ContainerWidth = 936
04-10 08:33:18.292 5135 5135 I CardLab-: Display weather and date-------------
04-10 08:33:18.293 5135 5733 I CardLab-: Start to query weather data.
04-10 08:33:18.294 5135 5135 I CardLab-: Widget 1 Weather Data needRefresh!!!
04-10 08:33:18.294 5135 5135 I CardLab-: Fetched weather icon type = 6
04-10 08:33:18.294 5135 5135 I CardLab-: Matched weather drawable = 2131231093
04-10 08:33:18.294 1726 3358 D ActivityManager: sync unfroze 5649 com.nothing.weather for 7
04-10 08:33:18.296 5649 5696 I NTWeather-ShareProvider: Call method query_weather_info from pkg = com.nothing.hearthstone
04-10 08:33:18.297 5268 5481 I NTWidget-Service: CardServiceCenter Provider receive call: updateAppWidget, 1, Bundle[mParcelledData.dataSize=5572],callingPackage = com.nothing.hearthstone
04-10 08:33:18.297 5268 5481 I NTWidget-Service: Same card info, skip to update widget : 1
04-10 08:33:18.298 5649 5862 I NTWeather-RequestWeatherNotice: Request Weather Notice doWork
04-10 08:33:18.301 1402 12635 I QC2C2DEngine: calcYSize: unsupported or RGB color format, RGBA8888_UBWC(-1040187392)
04-10 08:33:18.317 5135 5733 I CardLab-: WeatherManager weather queried = Mostly cloudy, isWeatherChanged = false
04-10 08:33:18.317 1402 12635 I QC2C2DEngine: calcYSize: unsupported or RGB color format, RGBA8888_UBWC(-1040187392)
04-10 08:33:18.335 1402 12635 I QC2C2DEngine: calcYSize: unsupported or RGB color format, RGBA8888_UBWC(-1040187392)
04-10 08:33:18.355 1402 12635 I QC2C2DEngine: calcYSize: unsupported or RGB color format, RGBA8888_UBWC(-1040187392)
04-10 08:33:18.368 1402 12635 I QC2C2DEngine: calcYSize: unsupported or RGB color format, RGBA8888_UBWC(-1040187392)
04-10 08:33:18.388 1402 12635 I QC2C2DEngine: calcYSize: unsupported or RGB color format, RGBA8888_UBWC(-1040187392)
04-10 08:33:18.406 1402 12635 I QC2C2DEngine: calcYSize: unsupported or RGB color format, RGBA8888_UBWC(-1040187392)
04-10 08:33:18.433 1402 12635 I QC2C2DEngine: calcYSize: unsupported or RGB color format, RGBA8888_UBWC(-1040187392)
04-10 08:33:18.449 1319 3529 D vendor.qti.bluetooth@1.0-wake_lock: Release wakelock is released
04-10 08:33:18.457 1402 12635 I QC2C2DEngine: calcYSize: unsupported or RGB color format, RGBA8888_UBWC(-1040187392)
04-10 08:33:18.478 1402 12635 I QC2C2DEngine: calcYSize: unsupported or RGB color format, RGBA8888_UBWC(-1040187392)
04-10 08:33:18.485 1402 12635 I QC2Comp : [avcE_18] Stats: Pending(1) i/p-done(0) Works: Q: 225/Done 224|Work-Rate: Q(43.6/s Avg=10.9/s) Done(43.368/s Avg=10.899/s)| Stream: 47.61fps 4.8Mbps
04-10 08:33:18.485 1402 12635 I QC2Comp : Mem-usage: [In-2D: 65 bufs 292.500 MB] [1D-20: 8 bufs 11.969 MB]
04-10 08:33:18.485 1402 12635 I QC2Comp : Total Mem-usage: 304.469 MB
04-10 08:33:18.488 3072 3576 I QcrilOemhookMsgTunnel: [0]processOemHookIndication length=24
04-10 08:33:18.488 3072 3576 I QcrilOemhookMsgTunnel: [0]rrc state: 0
04-10 08:33:18.493 3158 3644 D SarControl: disable: wifi_cell_rrc
04-10 08:33:18.493 3037 3037 D BluetoothAdapterService: RRC_STATE phone id: 0, state: 0
04-10 08:33:18.493 3037 3037 D BluetoothAdapterService: isPowerbackRequired mFactBuild = false,mInManulMode = false,mTelCountryCode = fi,mCountryCodeProp = empty,mEarPieceActive = false,mIsModemIdleState = true
04-10 08:33:18.494 3037 3037 D BluetoothAdapterService: Soft AP is on band: 1
04-10 08:33:18.495 3037 3037 D BluetoothVendorService: getPowerBackoff
04-10 08:33:18.495 3037 3037 D BluetoothVendorService: setPowerBackoff to: false
04-10 08:33:18.495 3037 3037 I BluetoothVendorJni: setPowerBackoffNative
04-10 08:33:18.495 3037 3037 I bt_btif_vendor: setPowerBackOffState :0
04-10 08:33:18.495 3037 3743 W bt_btm : btm_cb.is_power_backoff = 0
04-10 08:33:18.496 1319 1319 D vendor.qti.bluetooth@1.0-wake_lock: Acquire wakelock is acquired
04-10 08:33:18.500 1402 12635 I QC2C2DEngine: calcYSize: unsupported or RGB color format, RGBA8888_UBWC(-1040187392)
04-10 08:33:18.505 1319 1319 D vendor.qti.bluetooth@1.0-ibs_handler: DeviceWakeUp: Unblocked from waiting for FC, pthread_cond_timedwait ret = 0
04-10 08:33:18.518 1402 12635 I QC2C2DEngine: calcYSize: unsupported or RGB color format, RGBA8888_UBWC(-1040187392)
04-10 08:33:18.524 608 608 W [FTS_TS]fts_input_report_b: [B]P0(810, 2324)[p:2,tm:32] DOWN!
04-10 08:33:18.531 1726 3358 D VibratorManagerService: vibrate uid =10199, opPkg = com.android.systemui, reason = null, attrs = VibrationAttributes: Usage=TOUCH Audio Usage= USAGE_UNKNOWN Flags=0
04-10 08:33:18.531 1726 3358 D RichTapVibratorService: none richtap effect, do nothing!!
04-10 08:33:18.531 1726 3358 D VibratorManagerService: Starting vibrate for vibration 13
04-10 08:33:18.531 1726 3358 D VibratorManagerService: Vibration for uid=10199 and with attrs=VibrationAttributes: Usage=TOUCH Audio Usage= USAGE_UNKNOWN Flags=0 ended with status IGNORED_FOR_SETTINGS
04-10 08:33:18.538 1402 12635 I QC2C2DEngine: calcYSize: unsupported or RGB color format, RGBA8888_UBWC(-1040187392)
04-10 08:33:18.557 1402 12635 I QC2C2DEngine: calcYSize: unsupported or RGB color format, RGBA8888_UBWC(-1040187392)
04-10 08:33:18.560 3294 3441 I NT-TransitionSmoothHelper: clear
04-10 08:33:18.561 3294 3294 I NT-NTDragLayer: onMeasure consumed 0
04-10 08:33:18.561 3294 3294 I NT-NTDragLayer: onLayout consumed 0
04-10 08:33:18.561 3294 3294 I NT-NTDragLayer: dispatchDraw consumed 0
04-10 08:33:18.562 2840 2898 V WindowManagerShell: Transition animation finished (aborted=false), notifying core (#10)android.os.BinderProxy@5b0ca6f@0
04-10 08:33:18.564 1726 2212 V WindowManager: Finish Transition #10: created at
04-10 08:33:17.991 collect-started=0.421ms request-sent=10.81ms started=26.414ms ready=26.388ms sent=36.673ms finished=572.701ms
04-10 08:33:18.569 2840 2898 V WindowManagerShell: Track 0 became idle
04-10 08:33:18.569 2840 2898 V WindowManagerShell: All active transition animations finished
04-10 08:33:18.571 3239 3295 W DynamicDDSService: appName is not found in cache: com.nothing.launcher
04-10 08:33:18.578 3037 3518 I BtGatt.ScanManager: msg.what = 6
04-10 08:33:18.578 3037 3518 D BtGatt.ScanManager: uid 10127 isForeground true scanMode 1
04-10 08:33:18.578 3037 3518 D BtGatt.ScanManager: uid 10127 isForeground true scanMode 3
04-10 08:33:18.578 3037 3518 D BtGatt.ScanManager: uid 10127 isForeground true scanMode 3
04-10 08:33:18.582 1402 12635 I QC2C2DEngine: calcYSize: unsupported or RGB color format, RGBA8888_UBWC(-1040187392)
04-10 08:33:18.597 1433 1433 I RefreshRateSelector: Display 4630946480328692354 policy changed
04-10 08:33:18.597 1433 1433 I RefreshRateSelector: Previous: {defaultModeId=1, allowGroupSwitching=false, primaryRanges={physical=[0.00 Hz, inf Hz], render=[0.00 Hz, 120.00 Hz]}, appRequestRanges={physical=[0.00 Hz, inf Hz], render=[0.00 Hz, 120.00 Hz]}}
04-10 08:33:18.597 1433 1433 I RefreshRateSelector: Current: DisplayManagerPolicy{defaultModeId=0, allowGroupSwitching=false, primaryRanges={physical=[59.00 Hz, inf Hz], render=[59.00 Hz, 61.00 Hz]}, appRequestRanges={physical=[59.00 Hz, inf Hz], render=[59.00 Hz, 61.00 Hz]}}
04-10 08:33:18.597 1433 1433 I RefreshRateSelector: 1 mode changes were performed under the previous policy
04-10 08:33:18.598 1433 1433 W ComposerExtn: DisplayExtnImpl::SetActiveConfig: HWC Display 0 is not registered!
04-10 08:33:18.598 1402 12635 I QC2C2DEngine: calcYSize: unsupported or RGB color format, RGBA8888_UBWC(-1040187392)
04-10 08:33:18.606 1375 1646 I SDM : HWDeviceDRM::UpdateMixerAttributes: Mixer WxH 1080x2400-0 for Peripheral
04-10 08:33:18.606 1375 1646 I SDM : HWCDisplay::SubmitDisplayConfig: Active configuration changed to: 0
04-10 08:33:18.608 361 361 I [FTS_TS/I]drm_notifier_callback: DRM event:2,blank:3
04-10 08:33:18.608 361 361 I [FTS_TS/I]drm_notifier_callback: DRM BLANK(3) do not need process
04-10 08:33:18.608 361 361 I goodix_fp: [info] goodix_fb_state_chg_callback go to the goodix_fb_state_chg_callback value = 2
04-10 08:33:18.608 361 361 I goodix_fp: goodix_fb_state_chg_callback defalut
04-10 08:33:18.609 361 361 I [drm:dsi_display_set_mode [msm_drm]] [msm-dsi-info]: mdp_transfer_time=15866, hactive=1080, vactive=2400, fps=60
04-10 08:33:18.612 3294 3294 W NT-Launcher: onTrimMemory: level = 20
04-10 08:33:18.616 1402 12635 I QC2C2DEngine: calcYSize: unsupported or RGB color format, RGBA8888_UBWC(-1040187392)
04-10 08:33:18.616 1726 2216 I DisplayDeviceRepository: Display device changed: DisplayDeviceInfo{"Built-in Screen": uniqueId="local:4630946480328692354", 1080 x 2400, modeId 1, renderFrameRate 60.000004, defaultModeId 1, supportedModes [{id=1, width=1080, height=2400, fps=60.000004, alternativeRefreshRates=[90.0, 120.00001], supportedHdrTypes=[2, 3, 4]}, {id=2, width=1080, height=2400, fps=120.00001, alternativeRefreshRates=[60.000004, 90.0], supportedHdrTypes=[2, 3, 4]}, {id=3, width=1080, height=2400, fps=90.0, alternativeRefreshRates=[60.000004, 120.00001], supportedHdrTypes=[2, 3, 4]}], colorMode 0, supportedColorModes [0, 7, 9], hdrCapabilities HdrCapabilities{mSupportedHdrTypes=[2, 3, 4], mMaxLuminance=500.0, mMaxAverageLuminance=500.0, mMinLuminance=0.0}, allmSupported false, gameContentTypeSupported false, density 420, 403.411 x 401.052 dpi, appVsyncOff 1000000, presDeadline 16666666, cutout DisplayCutout{insets=Rect(0, 136 - 0, 0) waterfall=Insets{left=0, top=0, right=0, bottom=0} boundingRect={Bounds=[Rect(0, 0 - 0, 0), Rect(0, 0 - 188, 136), Rect(0, 0 - 0, 0), Rect(0, 0 - 0, 0)]} cutoutPathParserInfo={CutoutPathParserInfo{displayWidth=1080 displayHeight=2400 physicalDisplayWidth=1080 physicalDisplayHeight=2400 density={2.625} cutoutSpec={M89.3,42.31 m0,26.19 a26.19,26.19 0 1,0 52.38,0 a26.19,26.19 0 1,0 -52.38,0 Z @left} rotation={0} scale={1.0} physicalPixelDisplaySizeRatio={1.0}}}}, touch INTERNAL, rotation 0, type INTERNAL, address {port=130, model=0x40446d49bdd652}, deviceProductInfo DeviceProductInfo{name=, manufacturerPnpId=QCM, productId=1, modelYear=null, manufactureDate=ManufactureDate{week=27, year=2006}, connectionToSinkType=0}, state ON, committedState ON, frameRateOverride , brightnessMinimum 0.0, brightnessMaximum 1.0, brightnessDefault 0.4, hdrSdrRatio NaN, roundedCorners RoundedCorners{[RoundedCorner{position=TopLeft, radius=115, center=Point(115, 115)}, RoundedCorner{position=TopRight, radius=115, center=Point(965, 115)}, RoundedCorner{position=BottomRight, radius=115, center=Point(965, 2285)}, RoundedCorner{position=BottomLeft, radius=115, center=Point(115, 2285)}]}, FLAG_ALLOWED_TO_BE_DEFAULT_DISPLAY, FLAG_ROTATES_WITH_CONTENT, FLAG_SECURE, FLAG_SUPPORTS_PROTECTED_BUFFERS, FLAG_TRUSTED, installOrientation 0, displayShape DisplayShape{ spec=-1893857183 displayWidth=1080 displayHeight=2400 physicalPixelDisplaySizeRatio=1.0 rotation=0 offsetX=0 offsetY=0 scale=1.0}}
04-10 08:33:18.623 2840 2958 D DisplayTrackerImpl: displayChangedListener onDisplayChanged
04-10 08:33:18.623 1726 2216 D DisplayManagerService: Ignore redundant display event 0/2 to 10148/4738
04-10 08:33:18.623 1726 2216 D DisplayManagerService: Ignore redundant display event 0/2 to 10247/4819
04-10 08:33:18.623 1726 2216 D DisplayManagerService: Ignore redundant display event 0/2 to 10129/5172
04-10 08:33:18.623 1726 2216 D DisplayManagerService: Ignore redundant display event 0/2 to 10146/10064
04-10 08:33:18.623 1726 2216 D DisplayManagerService: Ignore redundant display event 0/2 to 10254/10294
04-10 08:33:18.623 1726 2216 D DisplayManagerService: Ignore redundant display event 0/2 to 10243/11292
04-10 08:33:18.627 3037 3518 I BtGatt.ScanManager: msg.what = 7
04-10 08:33:18.627 3037 3518 D BtGatt.ScanManager: enter screen on
04-10 08:33:18.627 5695 5695 I A : onStop
04-10 08:33:18.629 3294 3441 I ImeTracker: com.nothing.launcher:c9a894c8: onRequestHide at ORIGIN_CLIENT_HIDE_SOFT_INPUT reason HIDE_SOFT_INPUT
04-10 08:33:18.629 3294 3441 I ImeTracker: com.nothing.launcher:c9a894c8: onFailed at PHASE_CLIENT_VIEW_SERVED
04-10 08:33:18.633 608 608 W [FTS_TS]fts_input_report_b: [B]P0 UP!
04-10 08:33:18.633 608 608 W [FTS_TS]fts_input_report_b: [B]Points All Up!
04-10 08:33:18.641 2840 2898 V ShellRecents: RecentsTransitionHandler.startRecentsTransition
04-10 08:33:18.641 2840 2898 V WindowManagerShell: Directly starting a new transition type=3 wct=WindowContainerTransaction { changes = {} hops = [{PendingIntent: options=Bundle[mParcelledData.dataSize=332]}] errorCallbackToken=null taskFragmentOrganizer=null } handler=com.android.wm.shell.recents.RecentsTransitionHandler@4c64980
04-10 08:33:18.642 1726 2915 D BLASTSyncEngine: startSyncSet SyncGroup = com.android.server.wm.BLASTSyncEngine$SyncGroup@2d2ef25,parallel = true,alreadyRunning = false,Callers=com.android.server.wm.BLASTSyncEngine.startSyncSet:442 com.android.server.wm.Transition.startCollecting:572 com.android.server.wm.TransitionController.moveToCollecting:331 com.android.server.wm.TransitionController.startCollectOrQueue:1408 com.android.server.wm.WindowOrganizerController.startTransition:303 com.android.server.wm.WindowOrganizerController.startNewTransition:264 android.window.IWindowOrganizerController$Stub.onTransact:245 com.android.server.wm.WindowOrganizerController.onTransact:181 android.os.Binder.execTransactInternal:1339 android.os.Binder.execTransact:1275
04-10 08:33:18.645 1385 1554 W ANDR-PERF-LM: MetaMeter: handlePrimaryAsync() 118: AdaptLaunch MetaMeter. No MeterMgr Available to handle this Primary Async. !!!!
04-10 08:33:18.645 1385 1554 W ANDR-PERF-LM: MetaMeter: handlePrimaryAsync() 118: AdaptLaunch MetaMeter. No MeterMgr Available to handle this Primary Async. !!!!
04-10 08:33:18.644 361 361 I [drm:dsi_panel_set_backlight [msm_drm]] [msm-dsi-info]: backlight type:2 lvl:1335
04-10 08:33:18.646 1726 2915 D NtDimmerWindow: NtDimmerWindow.enterPinnedWindowWindowingMode: You can only enter PinnedWindow from Windowform. task=Task{dc5400b #629 type=standard A=10341:com.spintec.qt.form500.poc}
04-10 08:33:18.649 2840 2898 V ShellRecents: [170082427] RecentsController.setTransition: id=android.os.BinderProxy@8ca1e98
04-10 08:33:18.650 361 361 I [FTS_TS/I]drm_notifier_callback: DRM event:1,blank:3
04-10 08:33:18.655 3294 3294 I NT-StateManager: onStateTransitionStart StateManager: StateManager(mLastStableState:Normal, mCurrentStableState:Normal, mState:Background, mRestState:Normal, isInTransition:false)
04-10 08:33:18.656 3294 3294 I NT-StateManager: onStateTransitionEnd StateManager: StateManager(mLastStableState:Normal, mCurrentStableState:Background, mState:Background, mRestState:Normal, isInTransition:false)
04-10 08:33:18.650 361 361 I [FTS_TS/I]drm_notifier_callback: DRM BLANK(3) do not need process
04-10 08:33:18.658 3294 3294 I NT-TopTaskTracker: Found recent activity taskId = 628
04-10 08:33:18.661 1433 1433 I RefreshRateSelector: Display 4630946480328692354 policy changed
04-10 08:33:18.661 1433 1433 I RefreshRateSelector: Previous: {defaultModeId=0, allowGroupSwitching=false, primaryRanges={physical=[59.00 Hz, inf Hz], render=[59.00 Hz, 61.00 Hz]}, appRequestRanges={physical=[59.00 Hz, inf Hz], render=[59.00 Hz, 61.00 Hz]}}
04-10 08:33:18.661 1433 1433 I RefreshRateSelector: Current: DisplayManagerPolicy{defaultModeId=1, allowGroupSwitching=false, primaryRanges={physical=[0.00 Hz, inf Hz], render=[0.00 Hz, 120.00 Hz]}, appRequestRanges={physical=[0.00 Hz, inf Hz], render=[0.00 Hz, 120.00 Hz]}}
04-10 08:33:18.661 1433 1433 I RefreshRateSelector: 1 mode changes were performed under the previous policy
04-10 08:33:18.661 1433 1433 W ComposerExtn: DisplayExtnImpl::SetActiveConfig: HWC Display 0 is not registered!
04-10 08:33:18.662 1402 12635 I QC2C2DEngine: calcYSize: unsupported or RGB color format, RGBA8888_UBWC(-1040187392)
04-10 08:33:18.665 5695 6023 E OpenGLRenderer: Unable to match the desired swap behavior.
04-10 08:33:18.675 1433 1433 I BpBinder: onLastStrongRef automatically unlinking death recipients:
04-10 08:33:18.679 1375 1646 I SDM : HWDeviceDRM::UpdateMixerAttributes: Mixer WxH 1080x2400-0 for Peripheral
04-10 08:33:18.680 1375 1646 I SDM : HWCDisplay::SubmitDisplayConfig: Active configuration changed to: 1
04-10 08:33:18.681 361 361 I [FTS_TS/I]drm_notifier_callback: DRM event:2,blank:3
04-10 08:33:18.681 361 361 I [FTS_TS/I]drm_notifier_callback: DRM BLANK(3) do not need process
04-10 08:33:18.681 361 361 I goodix_fp: [info] goodix_fb_state_chg_callback go to the goodix_fb_state_chg_callback value = 2
04-10 08:33:18.681 361 361 I goodix_fp: goodix_fb_state_chg_callback defalut
04-10 08:33:18.684 3294 5003 E OpenGLRenderer: Unable to match the desired swap behavior.
04-10 08:33:18.683 361 361 I [drm:dsi_display_set_mode [msm_drm]] [msm-dsi-info]: mdp_transfer_time=7826, hactive=1080, vactive=2400, fps=120
04-10 08:33:18.688 1402 12635 I QC2C2DEngine: calcYSize: unsupported or RGB color format, RGBA8888_UBWC(-1040187392)
04-10 08:33:18.693 2840 2840 D ShadeControllerImpl: animateCollapse(): mExpandedVisible=falseflags=2
04-10 08:33:18.693 2840 2840 I vol.VolumeDialogImpl: mDialog.dismiss() reason: volume_controller from: com.android.systemui.volume.VolumeDialogImpl$15.onDismissRequested:3226
04-10 08:33:18.694 2840 2840 D ShadeControllerImpl: animateCollapse(): mExpandedVisible=falseflags=2
04-10 08:33:18.695 2840 2840 I vol.VolumeDialogImpl: mDialog.dismiss() reason: volume_controller from: com.android.systemui.volume.VolumeDialogImpl$15.onDismissRequested:3226
04-10 08:33:18.695 2840 2840 D vol.VolumeDialogImpl: dismissH: skipping dismiss because isAnimatingDismiss is true and showingStateInconsistent is false
04-10 08:33:18.697 2840 2898 V WindowManagerShell: onTransitionReady android.os.BinderProxy@8ca1e98: {id=11 t=TO_FRONT f=0x80 trk=0 r=[0@Point(0, 0)] c=[{WCT{android.window.IWindowContainerToken$Stub$Proxy@1bc8662} m=TO_FRONT f=SHOW_WALLPAPER|MOVE_TO_TOP leash=Surface(name=Task=1)/@0x15a12d6 sb=Rect(0, 0 - 1080, 2400) eb=Rect(0, 0 - 1080, 2400) d=0},{WCT{android.window.IWindowContainerToken$Stub$Proxy@343f3} m=TO_BACK f=NONE leash=Surface(name=Task=629)/@0xc9b6957 sb=Rect(0, 0 - 1080, 2400) eb=Rect(0, 0 - 1080, 2400) d=0},{null m=TO_FRONT f=IS_WALLPAPER leash=Surface(name=WallpaperWindowToken{10a6634 token=android.os.Binder@96e7f46})/@0x88e8c44 sb=Rect(0, 0 - 1080, 2400) eb=Rect(0, 0 - 1080, 2400) d=0}]}
04-10 08:33:18.697 2840 2898 V WindowManagerShell: Playing animation for (#11)android.os.BinderProxy@8ca1e98@0
04-10 08:33:18.697 2840 2898 V WindowManagerShell: try firstHandler com.android.wm.shell.recents.RecentsTransitionHandler@4c64980
04-10 08:33:18.697 2840 2898 V ShellRecents: [170082427] RecentsController.start
04-10 08:33:18.699 2840 2898 V ShellRecents: adding pausing leaf taskId=629 at layer=8
04-10 08:33:18.700 2840 2898 V ShellRecents: [170082427] RecentsController.start: calling onAnimationStart
04-10 08:33:18.701 1726 2212 V WindowManager: Sent Transition #11 createdAt=04-10 08:33:18.642
04-10 08:33:18.701 1726 2212 V WindowManager: startWCT=WindowContainerTransaction { changes = {} hops = [{PendingIntent: options=Bundle[{android.activity.splashScreenStyle=-1, android.activity.sourceInfo=android.app.ActivityOptions$SourceInfo@35b4a87, android.activity.transientLaunch=true}]}] errorCallbackToken=null taskFragmentOrganizer=null }
04-10 08:33:18.701 1726 2212 V WindowManager: info={id=11 t=TO_FRONT f=0x80 trk=0 r=[0@Point(0, 0)] c=[{WCT{RemoteToken{3176405 Task{2dbc4fe #1 type=home}}} m=TO_FRONT f=SHOW_WALLPAPER|MOVE_TO_TOP leash=Surface(name=Task=1)/@0xceec555 sb=Rect(0, 0 - 1080, 2400) eb=Rect(0, 0 - 1080, 2400) d=0},{WCT{RemoteToken{6ce9df5 Task{dc5400b #629 type=standard A=10341:com.spintec.qt.form500.poc}}} m=TO_BACK f=NONE leash=Surface(name=Task=629)/@0x2a116df sb=Rect(0, 0 - 1080, 2400) eb=Rect(0, 0 - 1080, 2400) d=0},{null m=TO_FRONT f=IS_WALLPAPER leash=Surface(name=WallpaperWindowToken{10a6634 token=android.os.Binder@96e7f46})/@0x74d573f sb=Rect(0, 0 - 1080, 2400) eb=Rect(0, 0 - 1080, 2400) d=0}]}
04-10 08:33:18.701 2840 2898 V WindowManagerShell: animated by firstHandler
04-10 08:33:18.701 361 361 I [drm:dsi_panel_set_backlight [msm_drm]] [msm-dsi-info]: backlight type:2 lvl:1335
04-10 08:33:18.704 3294 3294 I NT-InputConsumerProxy: AL-1283: Enable InputConsumerProxy, register consumer events.
04-10 08:33:18.704 3294 3294 D RemoteTargetGluer: appCount: 1 handleLength: 2
04-10 08:33:18.704 3294 3294 D RemoteTargetGluer: resizing handles
04-10 08:33:18.704 3294 3294 D RemoteTargetGluer: containsSplitTargets? false handleLength: 1 appsLength: 1
04-10 08:33:18.705 3294 3294 D RemoteTargetGluer: appCount: 1 handleLength: 2
04-10 08:33:18.705 3294 3294 D RemoteTargetGluer: resizing handles
04-10 08:33:18.705 3294 3294 D RemoteTargetGluer: containsSplitTargets? false handleLength: 1 appsLength: 1
04-10 08:33:18.706 1726 2669 E HandwritingModeController: Cannot get requestId: Handwriting was not initialized.
04-10 08:33:18.707 2840 2898 V ShellRecents: [170082427] RecentsController.setInputConsumerEnabled: set focus to recents
04-10 08:33:18.708 1726 2669 E HandwritingModeController: Cannot get requestId: Handwriting was not initialized.
04-10 08:33:18.708 1726 1744 V NtGameModeImpl: onAppFocusChanged: pkg=com.nothing.launcher, uid=10183, category=-1
04-10 08:33:18.708 1726 1744 D NtPopUpViewImpl: PopUpView: onAppFocusChanged: newTask=Task{8a7144e #628 type=home I=com.nothing.launcher/com.android.searchlauncher.SearchLauncher}, showDimmer=false
04-10 08:33:18.708 1726 1744 D NtDimmerWindow: NtDimmerWindow.enterPinnedWindowWindowingMode: You can only enter PinnedWindow from Windowform. task=Task{dc5400b #629 type=standard A=10341:com.spintec.qt.form500.poc}
04-10 08:33:18.708 1726 1744 D NtWindowformEdgeBarHelper: setTask true
04-10 08:33:18.711 2817 5016 D TopAppSceneDetector: currentFocusApp=com.nothing.launcher
04-10 08:33:18.712 2840 2898 V ShellRecents: [170082427] RecentsController.setInputConsumerEnabled: set focus to recents
04-10 08:33:18.713 1726 2216 I DisplayDeviceRepository: Display device changed: DisplayDeviceInfo{"Built-in Screen": uniqueId="local:4630946480328692354", 1080 x 2400, modeId 2, renderFrameRate 120.00001, defaultModeId 1, supportedModes [{id=1, width=1080, height=2400, fps=60.000004, alternativeRefreshRates=[90.0, 120.00001], supportedHdrTypes=[2, 3, 4]}, {id=2, width=1080, height=2400, fps=120.00001, alternativeRefreshRates=[60.000004, 90.0], supportedHdrTypes=[2, 3, 4]}, {id=3, width=1080, height=2400, fps=90.0, alternativeRefreshRates=[60.000004, 120.00001], supportedHdrTypes=[2, 3, 4]}], colorMode 0, supportedColorModes [0, 7, 9], hdrCapabilities HdrCapabilities{mSupportedHdrTypes=[2, 3, 4], mMaxLuminance=500.0, mMaxAverageLuminance=500.0, mMinLuminance=0.0}, allmSupported false, gameContentTypeSupported false, density 420, 403.411 x 401.052 dpi, appVsyncOff 1000000, presDeadline 13333333, cutout DisplayCutout{insets=Rect(0, 136 - 0, 0) waterfall=Insets{left=0, top=0, right=0, bottom=0} boundingRect={Bounds=[Rect(0, 0 - 0, 0), Rect(0, 0 - 188, 136), Rect(0, 0 - 0, 0), Rect(0, 0 - 0, 0)]} cutoutPathParserInfo={CutoutPathParserInfo{displayWidth=1080 displayHeight=2400 physicalDisplayWidth=1080 physicalDisplayHeight=2400 density={2.625} cutoutSpec={M89.3,42.31 m0,26.19 a26.19,26.19 0 1,0 52.38,0 a26.19,26.19 0 1,0 -52.38,0 Z @left} rotation={0} scale={1.0} physicalPixelDisplaySizeRatio={1.0}}}}, touch INTERNAL, rotation 0, type INTERNAL, address {port=130, model=0x40446d49bdd652}, deviceProductInfo DeviceProductInfo{name=, manufacturerPnpId=QCM, productId=1, modelYear=null, manufactureDate=ManufactureDate{week=27, year=2006}, connectionToSinkType=0}, state ON, committedState ON, frameRateOverride , brightnessMinimum 0.0, brightnessMaximum 1.0, brightnessDefault 0.4, hdrSdrRatio NaN, roundedCorners RoundedCorners{[RoundedCorner{position=TopLeft, radius=115, center=Point(115, 115)}, RoundedCorner{position=TopRight, radius=115, center=Point(965, 115)}, RoundedCorner{position=BottomRight, radius=115, center=Point(965, 2285)}, RoundedCorner{position=BottomLeft, radius=115, center=Point(115, 2285)}]}, FLAG_ALLOWED_TO_BE_DEFAULT_DISPLAY, FLAG_ROTATES_WITH_CONTENT, FLAG_SECURE, FLAG_SUPPORTS_PROTECTED_BUFFERS, FLAG_TRUSTED, installOrientation 0, displayShape DisplayShape{ spec=-1893857183 displayWidth=1080 displayHeight=2400 physicalPixelDisplaySizeRatio=1.0 rotation=0 offsetX=0 offsetY=0 scale=1.0}}
04-10 08:33:18.716 361 361 I [FTS_TS/I]drm_notifier_callback: DRM event:1,blank:3
04-10 08:33:18.716 1726 2216 D DisplayManagerService: Ignore redundant display event 0/2 to 10148/4738
04-10 08:33:18.716 361 361 I [FTS_TS/I]drm_notifier_callback: DRM BLANK(3) do not need process
04-10 08:33:18.716 1726 2216 D DisplayManagerService: Ignore redundant display event 0/2 to 10247/4819
04-10 08:33:18.716 1726 2216 D DisplayManagerService: Ignore redundant display event 0/2 to 10129/5172
04-10 08:33:18.716 1726 2216 D DisplayManagerService: Ignore redundant display event 0/2 to 10146/10064
04-10 08:33:18.716 1726 2216 D DisplayManagerService: Ignore redundant display event 0/2 to 10254/10294
04-10 08:33:18.716 1726 2216 D DisplayManagerService: Ignore redundant display event 0/2 to 10243/11292
04-10 08:33:18.717 2840 2958 D DisplayTrackerImpl: displayChangedListener onDisplayChanged
04-10 08:33:18.723 3037 3518 I BtGatt.ScanManager: msg.what = 7
04-10 08:33:18.724 3037 3518 D BtGatt.ScanManager: enter screen on
04-10 08:33:18.724 2817 5016 D NearbyDetector: onTopActivityChanged: top class name: com.android.searchlauncher.SearchLauncher
04-10 08:33:18.724 2817 5016 D NearbyDetector: onTopActivityChanged: top class name: com.spintec.qt.form500.poc.My7000App
04-10 08:33:18.725 2817 5016 D GameSceneDetector: Failed to call isBoostTypeGame: java.lang.NoSuchMethodException: android.util.BoostFramework.perfGetFeedback []
04-10 08:33:18.725 2817 5016 D GameSceneDetector: onTopChanged=com.nothing.launcher, isBoostTypeGame=false, isCategoryGame=false
04-10 08:33:18.725 2817 5016 D SceneManager: TopAPP=com.nothing.launcher, category=-1
04-10 08:33:18.732 1402 12635 I QC2C2DEngine: calcYSize: unsupported or RGB color format, RGBA8888_UBWC(-1040187392)
04-10 08:33:18.735 1726 2669 E HandwritingModeController: Cannot get requestId: Handwriting was not initialized.
04-10 08:33:18.758 1402 12635 I QC2C2DEngine: calcYSize: unsupported or RGB color format, RGBA8888_UBWC(-1040187392)
04-10 08:33:18.785 1402 12635 I QC2C2DEngine: calcYSize: unsupported or RGB color format, RGBA8888_UBWC(-1040187392)
04-10 08:33:18.806 1402 12635 I QC2C2DEngine: calcYSize: unsupported or RGB color format, RGBA8888_UBWC(-1040187392)
04-10 08:33:18.825 1402 12635 I QC2C2DEngine: calcYSize: unsupported or RGB color format, RGBA8888_UBWC(-1040187392)
04-10 08:33:18.848 1402 12635 I QC2C2DEngine: calcYSize: unsupported or RGB color format, RGBA8888_UBWC(-1040187392)
04-10 08:33:18.866 1402 12635 I QC2C2DEngine: calcYSize: unsupported or RGB color format, RGBA8888_UBWC(-1040187392)
04-10 08:33:18.891 1402 12635 I QC2C2DEngine: calcYSize: unsupported or RGB color format, RGBA8888_UBWC(-1040187392)
04-10 08:33:18.913 1402 12635 I QC2C2DEngine: calcYSize: unsupported or RGB color format, RGBA8888_UBWC(-1040187392)
04-10 08:33:18.931 1402 12635 I QC2C2DEngine: calcYSize: unsupported or RGB color format, RGBA8888_UBWC(-1040187392)
04-10 08:33:18.951 1402 12635 I QC2C2DEngine: calcYSize: unsupported or RGB color format, RGBA8888_UBWC(-1040187392)
04-10 08:33:18.965 1402 12635 I QC2C2DEngine: calcYSize: unsupported or RGB color format, RGBA8888_UBWC(-1040187392)
04-10 08:33:18.991 1402 12635 I QC2C2DEngine: calcYSize: unsupported or RGB color format, RGBA8888_UBWC(-1040187392)
04-10 08:33:19.002 2840 2840 D vol.VolumeDialogImpl: hideRingerDrawer - drawer is already hide
04-10 08:33:19.002 1726 7468 D AS.AudioService: Volume controller visible: false
04-10 08:33:19.016 1402 12635 I QC2C2DEngine: calcYSize: unsupported or RGB color format, RGBA8888_UBWC(-1040187392)
04-10 08:33:19.037 1402 12635 I QC2C2DEngine: calcYSize: unsupported or RGB color format, RGBA8888_UBWC(-1040187392)
04-10 08:33:19.043 1385 4310 E ANDR-PERF-LM: VmRssMeter:: start() 453: Could not find pid, can not collect vmrss data
04-10 08:33:19.046 1385 4311 E ANDR-PERF-LM: VmRssMeter:: start() 453: Could not find pid, can not collect vmrss data
04-10 08:33:19.046 1385 4311 E ANDR-PERF-LM: AdaptiveLaunch: writeToDataBase() 64: Meter aborted or could not get meter data for this run
04-10 08:33:19.061 1402 12635 I QC2C2DEngine: calcYSize: unsupported or RGB color format, RGBA8888_UBWC(-1040187392)
04-10 08:33:19.076 1402 12635 I QC2C2DEngine: calcYSize: unsupported or RGB color format, RGBA8888_UBWC(-1040187392)
04-10 08:33:19.084 1726 7468 D NtWindowManagerService: getActiveRecentsLayerTaskId: ar=ActivityRecord{f0703da u0 com.spintec.qt.form500.poc/.My7000App t629} taskId=629
04-10 08:33:19.085 2840 3975 V ShellRecents: [170082427] RecentsController.screenshotTask: taskId=629
04-10 08:33:19.093 1402 12635 I QC2C2DEngine: calcYSize: unsupported or RGB color format, RGBA8888_UBWC(-1040187392)
04-10 08:33:19.111 1402 12635 I QC2C2DEngine: calcYSize: unsupported or RGB color format, RGBA8888_UBWC(-1040187392)
04-10 08:33:19.117 608 608 W [FTS_TS]fts_input_report_b: [B]P0(554, 2323)[p:3,tm:48] DOWN!
04-10 08:33:19.124 1726 2915 D KeyCombinationManager: interceptKeyLocked() keyCode:3 count:0 down:true interactive:true eventTime:339705 mDownTimes={}
04-10 08:33:19.124 1726 2915 D VibratorManagerService: vibrate uid =1000, opPkg = android, reason = Virtual Key - Press, attrs = VibrationAttributes: Usage=TOUCH Audio Usage= USAGE_UNKNOWN Flags=0
04-10 08:33:19.124 1726 2915 D RichTapVibratorService: none richtap effect, do nothing!!
04-10 08:33:19.124 1726 2915 D VibratorManagerService: Starting vibrate for vibration 14
04-10 08:33:19.124 1726 2915 D VibratorManagerService: Vibration for uid=1000 and with attrs=VibrationAttributes: Usage=TOUCH Audio Usage= USAGE_UNKNOWN Flags=0 ended with status IGNORED_FOR_SETTINGS
04-10 08:33:19.127 1726 2915 D NtWindowManagerService: getActiveRecentsLayerTaskId: ar=ActivityRecord{f0703da u0 com.spintec.qt.form500.poc/.My7000App t629} taskId=629
04-10 08:33:19.128 3294 3294 I NT-StateManager: onStateTransitionStart StateManager: StateManager(mLastStableState:Normal, mCurrentStableState:Background, mState:Overview, mRestState:Normal, isInTransition:false)
04-10 08:33:19.129 1402 12635 I QC2C2DEngine: calcYSize: unsupported or RGB color format, RGBA8888_UBWC(-1040187392)
04-10 08:33:19.129 3294 3441 I ImeTracker: com.nothing.launcher:f7d3f703: onRequestHide at ORIGIN_CLIENT_HIDE_SOFT_INPUT reason HIDE_SOFT_INPUT
04-10 08:33:19.129 3294 3441 I ImeTracker: com.nothing.launcher:f7d3f703: onFailed at PHASE_CLIENT_VIEW_SERVED
04-10 08:33:19.130 3294 3294 I NT-StateManager: onStateTransitionEnd StateManager: StateManager(mLastStableState:Normal, mCurrentStableState:Overview, mState:Overview, mRestState:Normal, isInTransition:false)
04-10 08:33:19.135 3294 3294 I NT-NTDragLayer: onMeasure consumed 0
04-10 08:33:19.135 1354 1354 I sensors-hal: flush:271, android.sensor.accelerometer/11
04-10 08:33:19.135 1354 1354 I sensors-hal: send_sync_sensor_request:361, send sync request
04-10 08:33:19.136 1354 1354 I sensors-hal: send_sync_sensor_request:387, wait for notification of response
04-10 08:33:19.136 3294 3294 I NT-NTDragLayer: onLayout consumed 1
04-10 08:33:19.136 5695 5695 I A : onStart
04-10 08:33:19.136 1354 2789 I sensors-hal: ssc_conn_resp_cb:676, resp_value = 0
04-10 08:33:19.137 3294 3294 I NT-NTDragLayer: dispatchDraw consumed 1
04-10 08:33:19.138 1354 1354 I sensors-hal: send_sync_sensor_request:393, takes 2 ms to receive the response with 0
04-10 08:33:19.138 1354 1354 I sensors-hal: flush:277, android.sensor.accelerometer/11 completed
04-10 08:33:19.139 2840 2972 V ShellRecents: [170082427] RecentsController.detachNavigationBarFromApp
04-10 08:33:19.141 3294 3443 D QuickstepModelDelegate: notifyAppTargetEvent action=1 launchLocation=
04-10 08:33:19.142 5695 5695 I A : onResume
04-10 08:33:19.143 3037 3518 I BtGatt.ScanManager: msg.what = 6
04-10 08:33:19.143 3037 3518 D BtGatt.ScanManager: uid 10127 isForeground true scanMode 1
04-10 08:33:19.143 3037 3518 D BtGatt.ScanManager: uid 10127 isForeground true scanMode 3
04-10 08:33:19.143 3037 3518 D BtGatt.ScanManager: uid 10127 isForeground true scanMode 3
04-10 08:33:19.153 1402 12635 I QC2C2DEngine: calcYSize: unsupported or RGB color format, RGBA8888_UBWC(-1040187392)
04-10 08:33:19.164 1402 12635 I QC2C2DEngine: calcYSize: unsupported or RGB color format, RGBA8888_UBWC(-1040187392)
04-10 08:33:19.175 1402 12635 I QC2C2DEngine: calcYSize: unsupported or RGB color format, RGBA8888_UBWC(-1040187392)
04-10 08:33:19.198 1402 12635 I QC2C2DEngine: calcYSize: unsupported or RGB color format, RGBA8888_UBWC(-1040187392)
04-10 08:33:19.216 1402 12635 I QC2C2DEngine: calcYSize: unsupported or RGB color format, RGBA8888_UBWC(-1040187392)
04-10 08:33:19.218 608 608 W [FTS_TS]fts_input_report_b: [B]P0 UP!
04-10 08:33:19.218 608 608 W [FTS_TS]fts_input_report_b: [B]Points All Up!
04-10 08:33:19.220 1726 2617 D KeyCombinationManager: interceptKeyLocked() keyCode:3 count:0 down:false interactive:true eventTime:339802 mDownTimes={3=339705}
04-10 08:33:19.224 1726 2213 D WindowManager: startDockOrHome: startReason= startDockOrHome
04-10 08:33:19.228 1726 2213 D BLASTSyncEngine: startSyncSet SyncGroup = com.android.server.wm.BLASTSyncEngine$SyncGroup@d04589b,parallel = false,alreadyRunning = false,Callers=com.android.server.wm.BLASTSyncEngine.startSyncSet:442 com.android.server.wm.Transition.startCollecting:572 com.android.server.wm.TransitionController.moveToCollecting:331 com.android.server.wm.TransitionController.createAndStartCollecting:1447 com.android.server.wm.ActivityStarter.startActivityUnchecked:1548 com.android.server.wm.ActivityStarter.executeRequest:1385 com.android.server.wm.ActivityStarter.execute:778 com.android.server.wm.ActivityStartController.startHomeActivity:198 com.android.server.wm.RootWindowContainer.startHomeOnTaskDisplayArea:1507 com.android.server.wm.RootWindowContainer.lambda$startHomeOnDisplay$11:1446 com.android.server.wm.RootWindowContainer.$r8$lambda$zDbqLY8yVs2-CTsfHP7FhguhRoM:0 com.android.server.wm.RootWindowContainer$$ExternalSyntheticLambda5.apply:0 com.android.server.wm.TaskDisplayArea.reduceOnAllTaskDisplayAreas:514 com.android.server.wm.DisplayArea.reduceOnAllTaskDisplayAreas:527 com.android.server.wm.DisplayArea.reduceOnAllTaskDisplayAreas:527
04-10 08:33:19.229 2840 2840 D ShadeControllerImpl: animateCollapse(): mExpandedVisible=falseflags=0
04-10 08:33:19.229 2840 2840 I vol.VolumeDialogImpl: mDialog.dismiss() reason: volume_controller from: com.android.systemui.volume.VolumeDialogImpl$15.onDismissRequested:3226
04-10 08:33:19.231 2840 12665 D KeyguardService: setOccluded(false)
04-10 08:33:19.231 2840 12665 D KeyguardViewMediator: setOccluded(false)
04-10 08:33:19.231 2840 12665 D KeyguardViewMediator: setOccluded false
