04-10 08:33:28.287 1726 2212 V WindowManager: info={id=26 t=TO_FRONT f=0x80 trk=0 r=[0@Point(0, 0)] c=[{WCT{RemoteToken{3176405 Task{2dbc4fe #1 type=home}}} m=TO_FRONT f=MOVE_TO_TOP leash=Surface(name=Task=1)/@0xceec555 sb=Rect(0, 0 - 1080, 2400) eb=Rect(0, 0 - 1080, 2400) d=0},{WCT{RemoteToken{6ce9df5 Task{dc5400b #629 type=standard A=10341:com.spintec.qt.form500.poc}}} m=TO_BACK f=NONE leash=Surface(name=Task=629)/@0x2a116df sb=Rect(0, 0 - 1080, 2400) eb=Rect(0, 0 - 1080, 2400) d=0}]}
04-10 08:33:28.287 2840 2898 V ShellRecents: [118927265] RecentsController.start
04-10 08:33:28.288 2840 2898 V ShellRecents: adding pausing leaf taskId=629 at layer=5
04-10 08:33:28.288 2840 2898 V ShellRecents: [118927265] RecentsController.start: calling onAnimationStart
04-10 08:33:28.289 2840 2898 V WindowManagerShell: animated by firstHandler
04-10 08:33:28.289 5695 5695 I A : onStop
04-10 08:33:28.291 3037 3518 I BtGatt.ScanManager: msg.what = 6
04-10 08:33:28.291 3037 3518 D BtGatt.ScanManager: uid 10127 isForeground true scanMode 1
04-10 08:33:28.292 3037 3518 D BtGatt.ScanManager: uid 10127 isForeground true scanMode 3
04-10 08:33:28.292 3037 3518 D BtGatt.ScanManager: uid 10127 isForeground true scanMode 3
04-10 08:33:28.292 1726 7468 I ActivityTaskManager: Activity reported stop, but no longer stopping: ActivityRecord{59ed277 u0 com.nothing.launcher/com.android.searchlauncher.SearchLauncher t628} RESUMED
04-10 08:33:28.293 3294 3294 I NT-InputConsumerProxy: AL-1283: Enable InputConsumerProxy, register consumer events.
04-10 08:33:28.293 3294 3294 D RemoteTargetGluer: appCount: 1 handleLength: 2
04-10 08:33:28.293 3294 3294 D RemoteTargetGluer: resizing handles
04-10 08:33:28.293 3294 3294 D RemoteTargetGluer: containsSplitTargets? false handleLength: 1 appsLength: 1
04-10 08:33:28.293 3294 3294 D RemoteTargetGluer: appCount: 1 handleLength: 2
04-10 08:33:28.293 3294 3294 D RemoteTargetGluer: resizing handles
04-10 08:33:28.293 3294 3294 D RemoteTargetGluer: containsSplitTargets? false handleLength: 1 appsLength: 1
04-10 08:33:28.294 1726 2669 E HandwritingModeController: Cannot get requestId: Handwriting was not initialized.
04-10 08:33:28.295 1726 2669 E HandwritingModeController: Cannot get requestId: Handwriting was not initialized.
04-10 08:33:28.295 2840 2898 V ShellRecents: [118927265] RecentsController.setInputConsumerEnabled: set focus to recents
04-10 08:33:28.296 1726 5826 V NtGameModeImpl: onAppFocusChanged: pkg=com.nothing.launcher, uid=10183, category=-1
04-10 08:33:28.296 1726 5826 D NtPopUpViewImpl: PopUpView: onAppFocusChanged: newTask=Task{8a7144e #628 type=home I=com.nothing.launcher/com.android.searchlauncher.SearchLauncher}, showDimmer=false
04-10 08:33:28.296 1726 5826 D NtDimmerWindow: NtDimmerWindow.enterPinnedWindowWindowingMode: You can only enter PinnedWindow from Windowform. task=Task{dc5400b #629 type=standard A=10341:com.spintec.qt.form500.poc}
04-10 08:33:28.296 1726 5826 D NtWindowformEdgeBarHelper: setTask true
04-10 08:33:28.296 5695 5695 I A : onStart
04-10 08:33:28.298 2840 2898 V ShellRecents: [118927265] RecentsController.setInputConsumerEnabled: set focus to recents
04-10 08:33:28.298 2817 5016 D TopAppSceneDetector: currentFocusApp=com.nothing.launcher
04-10 08:33:28.299 5695 5695 I A : onResume
04-10 08:33:28.302 361 361 I [drm:dsi_panel_set_backlight [msm_drm]] [msm-dsi-info]: backlight type:2 lvl:1335
04-10 08:33:28.304 2817 5016 D NearbyDetector: onTopActivityChanged: top class name: com.android.searchlauncher.SearchLauncher
04-10 08:33:28.304 2817 5016 D NearbyDetector: onTopActivityChanged: top class name: com.spintec.qt.form500.poc.My7000App
04-10 08:33:28.305 2817 5016 D GameSceneDetector: Failed to call isBoostTypeGame: java.lang.NoSuchMethodException: android.util.BoostFramework.perfGetFeedback []
04-10 08:33:28.305 2817 5016 D GameSceneDetector: onTopChanged=com.nothing.launcher, isBoostTypeGame=false, isCategoryGame=false
04-10 08:33:28.305 2817 5016 D SceneManager: TopAPP=com.nothing.launcher, category=-1
04-10 08:33:28.305 3294 5003 E OpenGLRenderer: Unable to match the desired swap behavior.
04-10 08:33:28.318 361 361 I [FTS_TS/I]drm_notifier_callback: DRM event:1,blank:3
04-10 08:33:28.318 361 361 I [FTS_TS/I]drm_notifier_callback: DRM BLANK(3) do not need process
04-10 08:33:28.321 1726 2669 E HandwritingModeController: Cannot get requestId: Handwriting was not initialized.
04-10 08:33:28.329 1433 1433 I RefreshRateSelector: Display 4630946480328692354 policy changed
04-10 08:33:28.329 1433 1433 I RefreshRateSelector: Previous: {defaultModeId=0, allowGroupSwitching=false, primaryRanges={physical=[59.00 Hz, inf Hz], render=[59.00 Hz, 61.00 Hz]}, appRequestRanges={physical=[59.00 Hz, inf Hz], render=[59.00 Hz, 61.00 Hz]}}
04-10 08:33:28.329 1433 1433 I RefreshRateSelector: Current: DisplayManagerPolicy{defaultModeId=1, allowGroupSwitching=false, primaryRanges={physical=[0.00 Hz, inf Hz], render=[0.00 Hz, 120.00 Hz]}, appRequestRanges={physical=[0.00 Hz, inf Hz], render=[0.00 Hz, 120.00 Hz]}}
04-10 08:33:28.329 1433 1433 I RefreshRateSelector: 1 mode changes were performed under the previous policy
04-10 08:33:28.329 1402 12635 I QC2C2DEngine: calcYSize: unsupported or RGB color format, RGBA8888_UBWC(-1040187392)
04-10 08:33:28.329 1433 1433 W ComposerExtn: DisplayExtnImpl::SetActiveConfig: HWC Display 0 is not registered!
04-10 08:33:28.340 1726 2216 V WindowManager: Unknown focus tokens, dropping reportFocusChanged
04-10 08:33:28.341 1375 1646 I SDM : HWDeviceDRM::UpdateMixerAttributes: Mixer WxH 1080x2400-0 for Peripheral
04-10 08:33:28.341 1375 1646 I SDM : HWCDisplay::SubmitDisplayConfig: Active configuration changed to: 1
04-10 08:33:28.349 361 361 I [FTS_TS/I]drm_notifier_callback: DRM event:2,blank:3
04-10 08:33:28.349 361 361 I [FTS_TS/I]drm_notifier_callback: DRM BLANK(3) do not need process
04-10 08:33:28.349 361 361 I goodix_fp: [info] goodix_fb_state_chg_callback go to the goodix_fb_state_chg_callback value = 2
04-10 08:33:28.349 361 361 I goodix_fp: goodix_fb_state_chg_callback defalut
04-10 08:33:28.350 361 361 I [drm:dsi_display_set_mode [msm_drm]] [msm-dsi-info]: mdp_transfer_time=7826, hactive=1080, vactive=2400, fps=120
04-10 08:33:28.356 1402 12635 I QC2C2DEngine: calcYSize: unsupported or RGB color format, RGBA8888_UBWC(-1040187392)
04-10 08:33:28.358 1726 2216 I DisplayDeviceRepository: Display device changed: DisplayDeviceInfo{"Built-in Screen": uniqueId="local:4630946480328692354", 1080 x 2400, modeId 2, renderFrameRate 120.00001, defaultModeId 1, supportedModes [{id=1, width=1080, height=2400, fps=60.000004, alternativeRefreshRates=[90.0, 120.00001], supportedHdrTypes=[2, 3, 4]}, {id=2, width=1080, height=2400, fps=120.00001, alternativeRefreshRates=[60.000004, 90.0], supportedHdrTypes=[2, 3, 4]}, {id=3, width=1080, height=2400, fps=90.0, alternativeRefreshRates=[60.000004, 120.00001], supportedHdrTypes=[2, 3, 4]}], colorMode 0, supportedColorModes [0, 7, 9], hdrCapabilities HdrCapabilities{mSupportedHdrTypes=[2, 3, 4], mMaxLuminance=500.0, mMaxAverageLuminance=500.0, mMinLuminance=0.0}, allmSupported false, gameContentTypeSupported false, density 420, 403.411 x 401.052 dpi, appVsyncOff 1000000, presDeadline 13333333, cutout DisplayCutout{insets=Rect(0, 136 - 0, 0) waterfall=Insets{left=0, top=0, right=0, bottom=0} boundingRect={Bounds=[Rect(0, 0 - 0, 0), Rect(0, 0 - 188, 136), Rect(0, 0 - 0, 0), Rect(0, 0 - 0, 0)]} cutoutPathParserInfo={CutoutPathParserInfo{displayWidth=1080 displayHeight=2400 physicalDisplayWidth=1080 physicalDisplayHeight=2400 density={2.625} cutoutSpec={M89.3,42.31 m0,26.19 a26.19,26.19 0 1,0 52.38,0 a26.19,26.19 0 1,0 -52.38,0 Z @left} rotation={0} scale={1.0} physicalPixelDisplaySizeRatio={1.0}}}}, touch INTERNAL, rotation 0, type INTERNAL, address {port=130, model=0x40446d49bdd652}, deviceProductInfo DeviceProductInfo{name=, manufacturerPnpId=QCM, productId=1, modelYear=null, manufactureDate=ManufactureDate{week=27, year=2006}, connectionToSinkType=0}, state ON, committedState ON, frameRateOverride , brightnessMinimum 0.0, brightnessMaximum 1.0, brightnessDefault 0.4, hdrSdrRatio NaN, roundedCorners RoundedCorners{[RoundedCorner{position=TopLeft, radius=115, center=Point(115, 115)}, RoundedCorner{position=TopRight, radius=115, center=Point(965, 115)}, RoundedCorner{position=BottomRight, radius=115, center=Point(965, 2285)}, RoundedCorner{position=BottomLeft, radius=115, center=Point(115, 2285)}]}, FLAG_ALLOWED_TO_BE_DEFAULT_DISPLAY, FLAG_ROTATES_WITH_CONTENT, FLAG_SECURE, FLAG_SUPPORTS_PROTECTED_BUFFERS, FLAG_TRUSTED, installOrientation 0, displayShape DisplayShape{ spec=-1893857183 displayWidth=1080 displayHeight=2400 physicalPixelDisplaySizeRatio=1.0 rotation=0 offsetX=0 offsetY=0 scale=1.0}}
04-10 08:33:28.360 1726 2216 D DisplayManagerService: Ignore redundant display event 0/2 to 10148/4738
04-10 08:33:28.360 1726 2216 D DisplayManagerService: Ignore redundant display event 0/2 to 10247/4819
04-10 08:33:28.368 361 361 I [drm:dsi_panel_set_backlight [msm_drm]] [msm-dsi-info]: backlight type:2 lvl:1335
04-10 08:33:28.360 1726 2216 D DisplayManagerService: Ignore redundant display event 0/2 to 10129/5172
04-10 08:33:28.360 1726 2216 D DisplayManagerService: Ignore redundant display event 0/2 to 10146/10064
04-10 08:33:28.360 1726 2216 D DisplayManagerService: Ignore redundant display event 0/2 to 10254/10294
04-10 08:33:28.361 1726 2216 D DisplayManagerService: Ignore redundant display event 0/2 to 10243/11292
04-10 08:33:28.367 2840 2958 D DisplayTrackerImpl: displayChangedListener onDisplayChanged
04-10 08:33:28.367 3037 3518 I BtGatt.ScanManager: msg.what = 7
04-10 08:33:28.367 3037 3518 D BtGatt.ScanManager: enter screen on
04-10 08:33:28.375 361 361 I [FTS_TS/I]drm_notifier_callback: DRM event:1,blank:3
04-10 08:33:28.375 361 361 I [FTS_TS/I]drm_notifier_callback: DRM BLANK(3) do not need process
04-10 08:33:28.383 1402 12635 I QC2C2DEngine: calcYSize: unsupported or RGB color format, RGBA8888_UBWC(-1040187392)
04-10 08:33:28.413 1402 12635 I QC2C2DEngine: calcYSize: unsupported or RGB color format, RGBA8888_UBWC(-1040187392)
04-10 08:33:28.431 1402 12635 I QC2C2DEngine: calcYSize: unsupported or RGB color format, RGBA8888_UBWC(-1040187392)
04-10 08:33:28.451 1402 12635 I QC2C2DEngine: calcYSize: unsupported or RGB color format, RGBA8888_UBWC(-1040187392)
04-10 08:33:28.470 1402 12635 I QC2C2DEngine: calcYSize: unsupported or RGB color format, RGBA8888_UBWC(-1040187392)
04-10 08:33:28.486 1402 12635 I QC2Comp : [avcE_18] Stats: Pending(1) i/p-done(0) Works: Q: 731/Done 730|Work-Rate: Q(48.8/s Avg=23.9/s) Done(48.797/s Avg=23.893/s)| Stream: 52.66fps 3.0Mbps
04-10 08:33:28.486 1402 12635 I QC2Comp : Mem-usage: [In-2D: 65 bufs 292.500 MB] [1D-20: 8 bufs 11.969 MB]
04-10 08:33:28.486 1402 12635 I QC2Comp : Total Mem-usage: 304.469 MB
04-10 08:33:28.488 1402 12635 I QC2C2DEngine: calcYSize: unsupported or RGB color format, RGBA8888_UBWC(-1040187392)
04-10 08:33:28.506 1402 12635 I QC2C2DEngine: calcYSize: unsupported or RGB color format, RGBA8888_UBWC(-1040187392)
04-10 08:33:28.527 1402 12635 I QC2C2DEngine: calcYSize: unsupported or RGB color format, RGBA8888_UBWC(-1040187392)
04-10 08:33:28.530 2840 2840 D vol.VolumeDialogImpl: hideRingerDrawer - drawer is already hide
04-10 08:33:28.530 1726 1744 D AS.AudioService: Volume controller visible: false
04-10 08:33:28.545 1319 3739 D vendor.qti.bluetooth@1.0-wake_lock: Acquire wakelock is acquired
04-10 08:33:28.546 3037 3743 I bt_stack: [INFO:btm_ble_gap.cc(3253)] btm_ble_process_adv_pkt_cont Data Complete 63:d6:05:85:71:95
04-10 08:33:28.546 3037 3743 I bt_stack: [INFO:btm_ble_gap.cc(3253)] btm_ble_process_adv_pkt_cont Data Complete 63:d6:05:85:71:95
04-10 08:33:28.546 3037 3743 D bt_btm_ble: bool parse_adv_audio_uuids_from_adv_pkt(const uint8_t *, size_t, uint8_t): tmap_cap_pts: false
04-10 08:33:28.549 1402 12635 I QC2C2DEngine: calcYSize: unsupported or RGB color format, RGBA8888_UBWC(-1040187392)
04-10 08:33:28.571 1402 12635 I QC2C2DEngine: calcYSize: unsupported or RGB color format, RGBA8888_UBWC(-1040187392)
04-10 08:33:28.595 1402 12635 I QC2C2DEngine: calcYSize: unsupported or RGB color format, RGBA8888_UBWC(-1040187392)
04-10 08:33:28.612 1402 12635 I QC2C2DEngine: calcYSize: unsupported or RGB color format, RGBA8888_UBWC(-1040187392)
04-10 08:33:28.632 1402 12635 I QC2C2DEngine: calcYSize: unsupported or RGB color format, RGBA8888_UBWC(-1040187392)
04-10 08:33:28.647 608 608 W [FTS_TS]fts_input_report_b: [B]P0(546, 2324)[p:3,tm:32] DOWN!
04-10 08:33:28.650 1402 12635 I QC2C2DEngine: calcYSize: unsupported or RGB color format, RGBA8888_UBWC(-1040187392)
04-10 08:33:28.654 1726 2915 D NtWindowManagerService: getActiveRecentsLayerTaskId: ar=ActivityRecord{f0703da u0 com.spintec.qt.form500.poc/.My7000App t629} taskId=629
04-10 08:33:28.655 2840 3975 V ShellRecents: [118927265] RecentsController.screenshotTask: taskId=629
04-10 08:33:28.655 1726 1744 D KeyCombinationManager: interceptKeyLocked() keyCode:3 count:0 down:true interactive:true eventTime:349234 mDownTimes={}
04-10 08:33:28.655 1726 1744 D VibratorManagerService: vibrate uid =1000, opPkg = android, reason = Virtual Key - Press, attrs = VibrationAttributes: Usage=TOUCH Audio Usage= USAGE_UNKNOWN Flags=0
04-10 08:33:28.655 1726 1744 D RichTapVibratorService: none richtap effect, do nothing!!
04-10 08:33:28.655 1726 1744 D VibratorManagerService: Starting vibrate for vibration 24
04-10 08:33:28.655 1726 1744 D VibratorManagerService: Vibration for uid=1000 and with attrs=VibrationAttributes: Usage=TOUCH Audio Usage= USAGE_UNKNOWN Flags=0 ended with status IGNORED_FOR_SETTINGS
04-10 08:33:28.672 1402 12635 I QC2C2DEngine: calcYSize: unsupported or RGB color format, RGBA8888_UBWC(-1040187392)
04-10 08:33:28.694 1402 12635 I QC2C2DEngine: calcYSize: unsupported or RGB color format, RGBA8888_UBWC(-1040187392)
04-10 08:33:28.696 1726 5826 D NtWindowManagerService: getActiveRecentsLayerTaskId: ar=ActivityRecord{f0703da u0 com.spintec.qt.form500.poc/.My7000App t629} taskId=629
04-10 08:33:28.697 3294 3294 I NT-StateManager: onStateTransitionStart StateManager: StateManager(mLastStableState:Normal, mCurrentStableState:Background, mState:Overview, mRestState:Normal, isInTransition:false)
04-10 08:33:28.698 3294 3294 I NT-StateManager: onStateTransitionEnd StateManager: StateManager(mLastStableState:Normal, mCurrentStableState:Overview, mState:Overview, mRestState:Normal, isInTransition:false)
04-10 08:33:28.699 3294 3441 I ImeTracker: com.nothing.launcher:86980a5: onRequestHide at ORIGIN_CLIENT_HIDE_SOFT_INPUT reason HIDE_SOFT_INPUT
04-10 08:33:28.699 3294 3441 I ImeTracker: com.nothing.launcher:86980a5: onFailed at PHASE_CLIENT_VIEW_SERVED
04-10 08:33:28.701 1354 1354 I sensors-hal: flush:271, android.sensor.accelerometer/11
04-10 08:33:28.701 1354 1354 I sensors-hal: send_sync_sensor_request:361, send sync request
04-10 08:33:28.701 1354 1354 I sensors-hal: send_sync_sensor_request:387, wait for notification of response
04-10 08:33:28.701 1354 2789 I sensors-hal: ssc_conn_resp_cb:676, resp_value = 0
04-10 08:33:28.702 1354 1354 I sensors-hal: send_sync_sensor_request:393, takes 0 ms to receive the response with 0
04-10 08:33:28.702 1354 1354 I sensors-hal: flush:277, android.sensor.accelerometer/11 completed
04-10 08:33:28.702 2840 6453 V ShellRecents: [118927265] RecentsController.detachNavigationBarFromApp
04-10 08:33:28.702 3294 3443 D QuickstepModelDelegate: notifyAppTargetEvent action=1 launchLocation=
04-10 08:33:28.706 1385 4310 E ANDR-PERF-LM: VmRssMeter:: start() 453: Could not find pid, can not collect vmrss data
04-10 08:33:28.713 1402 12635 I QC2C2DEngine: calcYSize: unsupported or RGB color format, RGBA8888_UBWC(-1040187392)
04-10 08:33:28.719 1385 4311 E ANDR-PERF-LM: VmRssMeter:: start() 453: Could not find pid, can not collect vmrss data
04-10 08:33:28.719 1385 4311 E ANDR-PERF-LM: AdaptiveLaunch: writeToDataBase() 64: Meter aborted or could not get meter data for this run
04-10 08:33:28.731 1402 12635 I QC2C2DEngine: calcYSize: unsupported or RGB color format, RGBA8888_UBWC(-1040187392)
04-10 08:33:28.736 1319 3529 D vendor.qti.bluetooth@1.0-wake_lock: Release wakelock is released
04-10 08:33:28.744 608 608 W [FTS_TS]fts_input_report_b: [B]P0 UP!
04-10 08:33:28.744 608 608 W [FTS_TS]fts_input_report_b: [B]Points All Up!
04-10 08:33:28.746 1726 1744 D KeyCombinationManager: interceptKeyLocked() keyCode:3 count:0 down:false interactive:true eventTime:349327 mDownTimes={3=349234}
04-10 08:33:28.749 1402 12635 I QC2C2DEngine: calcYSize: unsupported or RGB color format, RGBA8888_UBWC(-1040187392)
04-10 08:33:28.754 1726 2213 D WindowManager: startDockOrHome: startReason= startDockOrHome
04-10 08:33:28.756 2840 2840 D ShadeControllerImpl: animateCollapse(): mExpandedVisible=falseflags=0
04-10 08:33:28.756 2840 2840 I vol.VolumeDialogImpl: mDialog.dismiss() reason: volume_controller from: com.android.systemui.volume.VolumeDialogImpl$15.onDismissRequested:3226
04-10 08:33:28.761 1726 2213 D BLASTSyncEngine: startSyncSet SyncGroup = com.android.server.wm.BLASTSyncEngine$SyncGroup@ae0f6c,parallel = false,alreadyRunning = false,Callers=com.android.server.wm.BLASTSyncEngine.startSyncSet:442 com.android.server.wm.Transition.startCollecting:572 com.android.server.wm.TransitionController.moveToCollecting:331 com.android.server.wm.TransitionController.createAndStartCollecting:1447 com.android.server.wm.ActivityStarter.startActivityUnchecked:1548 com.android.server.wm.ActivityStarter.executeRequest:1385 com.android.server.wm.ActivityStarter.execute:778 com.android.server.wm.ActivityStartController.startHomeActivity:198 com.android.server.wm.RootWindowContainer.startHomeOnTaskDisplayArea:1507 com.android.server.wm.RootWindowContainer.lambda$startHomeOnDisplay$11:1446 com.android.server.wm.RootWindowContainer.$r8$lambda$zDbqLY8yVs2-CTsfHP7FhguhRoM:0 com.android.server.wm.RootWindowContainer$$ExternalSyntheticLambda5.apply:0 com.android.server.wm.TaskDisplayArea.reduceOnAllTaskDisplayAreas:514 com.android.server.wm.DisplayArea.reduceOnAllTaskDisplayAreas:527 com.android.server.wm.DisplayArea.reduceOnAllTaskDisplayAreas:527
04-10 08:33:28.764 2840 3477 D KeyguardService: setOccluded(false)
04-10 08:33:28.764 1726 2213 I ActivityTaskManager: START u0 {act=android.intent.action.MAIN cat=[android.intent.category.HOME] flg=0x10000100 cmp=com.nothing.launcher/com.android.searchlauncher.SearchLauncher (has extras)} with LAUNCH_SINGLE_TASK from uid 0 pid 0 (BAL_ALLOW_ALLOWLISTED_UID) result code=3
04-10 08:33:28.764 2840 3477 D KeyguardViewMediator: setOccluded(false)
04-10 08:33:28.764 2840 3477 D KeyguardViewMediator: setOccluded false
04-10 08:33:28.765 2840 2840 D KeyguardViewMediator: handleSetOccluded(false)
04-10 08:33:28.765 2840 2840 D KeyguardViewMediator: isOccluded=false,mPowerGestureIntercepted=false
04-10 08:33:28.766 2840 2898 D WindowManagerShell: onActivityRestartAttempt: ComponentInfo{com.nothing.launcher/com.android.searchlauncher.SearchLauncher}
04-10 08:33:28.767 1402 12635 I QC2C2DEngine: calcYSize: unsupported or RGB color format, RGBA8888_UBWC(-1040187392)
04-10 08:33:28.782 1402 12635 I QC2C2DEngine: calcYSize: unsupported or RGB color format, RGBA8888_UBWC(-1040187392)
04-10 08:33:28.784 2840 3069 V ShellRecents: [118927265] RecentsController.screenshotTask: taskId=629
04-10 08:33:28.798 1402 12635 I QC2C2DEngine: calcYSize: unsupported or RGB color format, RGBA8888_UBWC(-1040187392)
04-10 08:33:28.805 3294 3294 I NT-NTDragLayer: onMeasure consumed 0
04-10 08:33:28.805 3294 3294 I NT-NTDragLayer: onLayout consumed 0
04-10 08:33:28.806 3294 3294 I NT-NTDragLayer: dispatchDraw consumed 0
04-10 08:33:28.808 3294 3294 I NT-StateManager: onStateTransitionStart StateManager: StateManager(mLastStableState:Normal, mCurrentStableState:Overview, mState:Normal, mRestState:Normal, isInTransition:true)
04-10 08:33:28.810 1354 1354 I sensors-hal: batch:242, android.sensor.accelerometer/11, period=50000000, max_latency=0
04-10 08:33:28.810 1354 1354 I sensors-hal: set_config:68, sample_period_ns is adjusted to 50000000 based on min/max delay_ns
04-10 08:33:28.810 1354 1354 I sensors-hal: batch:251, android.sensor.accelerometer/11, period=50000000, max_latency=0 request completed
04-10 08:33:28.811 2840 2840 D ShadeControllerImpl: animateCollapse(): mExpandedVisible=falseflags=0
04-10 08:33:28.811 2840 2840 I vol.VolumeDialogImpl: mDialog.dismiss() reason: volume_controller from: com.android.systemui.volume.VolumeDialogImpl$15.onDismissRequested:3226
04-10 08:33:28.811 2840 2840 D vol.VolumeDialogImpl: dismissH: skipping dismiss because isAnimatingDismiss is true and showingStateInconsistent is false
04-10 08:33:28.811 3294 3443 D QuickstepModelDelegate: notifyAppTargetEvent action=1 launchLocation=workspace/5/[-1,-1]/[1,1]
04-10 08:33:28.816 1402 12635 I QC2C2DEngine: calcYSize: unsupported or RGB color format, RGBA8888_UBWC(-1040187392)
04-10 08:33:28.818 3294 3294 I NT-InputConsumerProxy: AL-1283: Destroy InputConsumerProxy, UnRegister input listener.
04-10 08:33:28.819 2840 2898 V ShellRecents: [118927265] RecentsController.finishInner: toHome=true userLeave=true willFinishToHome=true state=0
04-10 08:33:28.819 2840 2898 V ShellRecents: normal finish
04-10 08:33:28.819 2840 2898 V ShellRecents: [118927265] RecentsController.cleanup
04-10 08:33:28.819 2840 2898 V WindowManagerShell: Transition animation finished (aborted=false), notifying core (#26)android.os.BinderProxy@5b205c6@0
04-10 08:33:28.822 1726 2212 V WindowManager: Finish Transition #26: created at
04-10 08:33:28.260 collect-started=0.388ms started=0.44ms ready=3.324ms sent=23.687ms finished=561.297ms
04-10 08:33:28.823 1726 1744 D ActivityTrigger: ActivityTrigger activityPauseTrigger
04-10 08:33:28.827 3294 3319 W System : A resource failed to call release.
04-10 08:33:28.827 3294 3319 W System : A resource failed to call release.
04-10 08:33:28.827 3294 3319 W System : A resource failed to call release.
04-10 08:33:28.828 3294 3319 W System : A resource failed to call release.
04-10 08:33:28.828 3294 3319 W System : A resource failed to call release.
04-10 08:33:28.828 3294 3319 W System : A resource failed to call release.
04-10 08:33:28.828 3294 3319 W System : A resource failed to call release.
04-10 08:33:28.828 2840 2898 V WindowManagerShell: Track 0 became idle
04-10 08:33:28.828 2840 2898 V WindowManagerShell: All active transition animations finished
04-10 08:33:28.833 1402 12635 I QC2C2DEngine: calcYSize: unsupported or RGB color format, RGBA8888_UBWC(-1040187392)
04-10 08:33:28.842 1726 2216 V WindowManager: Unknown focus tokens, dropping reportFocusChanged
04-10 08:33:28.844 4733 4733 E BufferQueueProducer: [SurfaceView[com.spintec.qt.form500.poc/com.spintec.qt.form500.poc.My7000App]#19(BLAST Consumer)19](id:127d00000013,api:0,p:-1,c:4733) disconnect: not connected (req=2)
04-10 08:33:28.852 1402 12635 I QC2C2DEngine: calcYSize: unsupported or RGB color format, RGBA8888_UBWC(-1040187392)
04-10 08:33:28.859 1726 2216 D NtPerfTraceManagerImpl: packageName = com.nothing.launcher, taskId = 628
04-10 08:33:28.859 4733 4733 I Qt5.My7000App: My7000App::onPause() called
04-10 08:33:28.860 4733 12671 D libForm500Crash_POC_arm64-v8a.so: Application state changed to Qt::ApplicationInactive
04-10 08:33:28.862 3239 3295 W DynamicDDSService: appName is not found in cache: com.spintec.qt.form500.poc
04-10 08:33:28.866 4733 4733 I Qt5.My7000App: My7000App::onStop() called
04-10 08:33:28.867 4733 12671 D libForm500Crash_POC_arm64-v8a.so: Application state changed to Qt::ApplicationSuspended
04-10 08:33:28.867 4733 4733 I Qt5.My7000App: My7000App::onStop() after super called
04-10 08:33:28.867 1402 12635 I QC2C2DEngine: calcYSize: unsupported or RGB color format, RGBA8888_UBWC(-1040187392)
04-10 08:33:28.883 1402 12635 I QC2C2DEngine: calcYSize: unsupported or RGB color format, RGBA8888_UBWC(-1040187392)
04-10 08:33:28.887 1726 1744 I ImeTracker: com.nothing.launcher:e2bed806: onRequestHide at ORIGIN_SERVER_HIDE_INPUT reason HIDE_UNSPECIFIED_WINDOW
04-10 08:33:28.887 1726 1744 I ImeTracker: com.nothing.launcher:e2bed806: onCancelled at PHASE_SERVER_SHOULD_HIDE
04-10 08:33:28.889 6287 6287 I GoogleInputMethodService: GoogleInputMethodService.onFinishInput():3096
04-10 08:33:28.890 6287 6287 I GoogleInputMethodService: GoogleInputMethodService.updateDeviceLockedStatus():2210 repeatCheckTimes = 0, locked = false
04-10 08:33:28.890 6287 6287 I GoogleInputMethodService: GoogleInputMethodService.onStartInput():1950 onStartInput(EditorInfo{EditorInfo{packageName=com.nothing.launcher, inputType=0, inputTypeString=NULL, enableLearning=false, autoCorrection=false, autoComplete=false, imeOptions=0, privateImeOptions=null, actionName=UNSPECIFIED, actionLabel=null, initialSelStart=-1, initialSelEnd=-1, initialCapsMode=0, label=null, fieldId=0, fieldName=null, extras=null, hintText=null, hintLocales=[]}}, false)
04-10 08:33:28.891 6287 6287 I GoogleInputMethodService: GoogleInputMethodService.updateDeviceLockedStatus():2210 repeatCheckTimes = 1, locked = false
04-10 08:33:28.892 6287 6287 I AndroidIME: InputBundleManager.loadActiveInputBundleId():450 loadActiveInputBundleId: und-Latn-x-password, password
04-10 08:33:28.892 1726 2915 W PackageConfigPersister: App-specific configuration not found for packageName: com.nothing.launcher and userId: 0
04-10 08:33:28.897 1402 12635 I QC2C2DEngine: calcYSize: unsupported or RGB color format, RGBA8888_UBWC(-1040187392)
04-10 08:33:28.909 1402 12635 I QC2C2DEngine: calcYSize: unsupported or RGB color format, RGBA8888_UBWC(-1040187392)
04-10 08:33:28.921 1402 12635 I QC2C2DEngine: calcYSize: unsupported or RGB color format, RGBA8888_UBWC(-1040187392)
04-10 08:33:28.934 1402 12635 I QC2C2DEngine: calcYSize: unsupported or RGB color format, RGBA8888_UBWC(-1040187392)
04-10 08:33:28.954 1402 12635 I QC2C2DEngine: calcYSize: unsupported or RGB color format, RGBA8888_UBWC(-1040187392)
04-10 08:33:28.970 1402 12635 I QC2C2DEngine: calcYSize: unsupported or RGB color format, RGBA8888_UBWC(-1040187392)
04-10 08:33:28.986 1402 12635 I QC2C2DEngine: calcYSize: unsupported or RGB color format, RGBA8888_UBWC(-1040187392)
04-10 08:33:28.996 1402 12635 I QC2C2DEngine: calcYSize: unsupported or RGB color format, RGBA8888_UBWC(-1040187392)
04-10 08:33:29.011 1402 12635 I QC2C2DEngine: calcYSize: unsupported or RGB color format, RGBA8888_UBWC(-1040187392)
04-10 08:33:29.028 1402 12635 I QC2C2DEngine: calcYSize: unsupported or RGB color format, RGBA8888_UBWC(-1040187392)
04-10 08:33:29.044 1402 12635 I QC2C2DEngine: calcYSize: unsupported or RGB color format, RGBA8888_UBWC(-1040187392)
04-10 08:33:29.059 1402 12635 I QC2C2DEngine: calcYSize: unsupported or RGB color format, RGBA8888_UBWC(-1040187392)
04-10 08:33:29.064 2840 2840 D vol.VolumeDialogImpl: hideRingerDrawer - drawer is already hide
04-10 08:33:29.064 1726 2617 D AS.AudioService: Volume controller visible: false
04-10 08:33:29.067 3294 3294 I NT-StateManager: onStateTransitionEnd StateManager: StateManager(mLastStableState:Normal, mCurrentStableState:Normal, mState:Normal, mRestState:null, isInTransition:true)
04-10 08:33:29.075 1402 12635 I QC2C2DEngine: calcYSize: unsupported or RGB color format, RGBA8888_UBWC(-1040187392)
04-10 08:33:29.087 1402 12635 I QC2C2DEngine: calcYSize: unsupported or RGB color format, RGBA8888_UBWC(-1040187392)
04-10 08:33:29.106 1402 12635 I QC2C2DEngine: calcYSize: unsupported or RGB color format, RGBA8888_UBWC(-1040187392)
04-10 08:33:29.109 1402 12635 I QC2C2DEngine: calcYSize: unsupported or RGB color format, RGBA8888_UBWC(-1040187392)
04-10 08:33:29.117 1402 12635 I QC2C2DEngine: calcYSize: unsupported or RGB color format, RGBA8888_UBWC(-1040187392)
04-10 08:33:29.129 1402 12635 I QC2C2DEngine: calcYSize: unsupported or RGB color format, RGBA8888_UBWC(-1040187392)
04-10 08:33:29.139 1402 12635 I QC2C2DEngine: calcYSize: unsupported or RGB color format, RGBA8888_UBWC(-1040187392)
04-10 08:33:29.153 1402 12635 I QC2C2DEngine: calcYSize: unsupported or RGB color format, RGBA8888_UBWC(-1040187392)
04-10 08:33:29.164 1402 12635 I QC2C2DEngine: calcYSize: unsupported or RGB color format, RGBA8888_UBWC(-1040187392)
04-10 08:33:29.175 1402 12635 I QC2C2DEngine: calcYSize: unsupported or RGB color format, RGBA8888_UBWC(-1040187392)
04-10 08:33:29.185 1402 12635 I QC2C2DEngine: calcYSize: unsupported or RGB color format, RGBA8888_UBWC(-1040187392)
04-10 08:33:29.195 1402 12635 I QC2C2DEngine: calcYSize: unsupported or RGB color format, RGBA8888_UBWC(-1040187392)
04-10 08:33:29.206 1402 12635 I QC2C2DEngine: calcYSize: unsupported or RGB color format, RGBA8888_UBWC(-1040187392)
04-10 08:33:29.220 1402 12635 I QC2C2DEngine: calcYSize: unsupported or RGB color format, RGBA8888_UBWC(-1040187392)
04-10 08:33:29.230 1402 12635 I QC2C2DEngine: calcYSize: unsupported or RGB color format, RGBA8888_UBWC(-1040187392)
04-10 08:33:29.241 1402 12635 I QC2C2DEngine: calcYSize: unsupported or RGB color format, RGBA8888_UBWC(-1040187392)
04-10 08:33:29.251 1402 12635 I QC2C2DEngine: calcYSize: unsupported or RGB color format, RGBA8888_UBWC(-1040187392)
04-10 08:33:29.262 1402 12635 I QC2C2DEngine: calcYSize: unsupported or RGB color format, RGBA8888_UBWC(-1040187392)
04-10 08:33:29.388 608 608 W [FTS_TS]fts_input_report_b: [B]P0(922, 1696)[p:3,tm:48] DOWN!
04-10 08:33:29.419 608 608 W [FTS_TS]fts_input_report_b: [B]P0 UP!
04-10 08:33:29.419 608 608 W [FTS_TS]fts_input_report_b: [B]Points All Up!
04-10 08:33:29.429 3294 3294 I NT-ItemClickHandler: ItemClickHandler.onClick
04-10 08:33:29.435 1726 7468 D BLASTSyncEngine: startSyncSet SyncGroup = com.android.server.wm.BLASTSyncEngine$SyncGroup@60a2b9c,parallel = false,alreadyRunning = false,Callers=com.android.server.wm.BLASTSyncEngine.startSyncSet:442 com.android.server.wm.Transition.startCollecting:572 com.android.server.wm.TransitionController.moveToCollecting:331 com.android.server.wm.TransitionController.createAndStartCollecting:1447 com.android.server.wm.ActivityStarter.startActivityUnchecked:1548 com.android.server.wm.ActivityStarter.executeRequest:1385 com.android.server.wm.ActivityStarter.execute:778 com.android.server.wm.ActivityTaskManagerService.startActivityAsUser:1329 com.android.server.wm.ActivityTaskManagerService.startActivityAsUser:1272 com.android.server.wm.ActivityTaskManagerService.startActivity:1247 android.app.IActivityTaskManager$Stub.onTransact:929 com.android.server.wm.ActivityTaskManagerService.onTransact:5621 android.os.Binder.execTransactInternal:1339 android.os.Binder.execTransact:1275
04-10 08:33:29.438 1726 7468 V NtGameModeImpl: onAppFocusChanged: pkg=com.spintec.qt.form500.poc, uid=10341, category=-1
04-10 08:33:29.438 1726 7468 D NtPopUpViewImpl: PopUpView: onAppFocusChanged: newTask=Task{dc5400b #629 type=standard A=10341:com.spintec.qt.form500.poc}, showDimmer=false
04-10 08:33:29.438 1726 7468 D NtDimmerWindow: NtDimmerWindow.enterPinnedWindowWindowingMode: You can only enter PinnedWindow from Windowform. task=Task{2dbc4fe #1 type=home}
04-10 08:33:29.438 1726 7468 D NtWindowformEdgeBarHelper: setTask true
04-10 08:33:29.440 1726 7468 D ActivityTrigger: ActivityTrigger activityPauseTrigger
04-10 08:33:29.442 1726 7468 I ActivityTaskManager: START u0 {act=android.intent.action.MAIN cat=[android.intent.category.LAUNCHER] flg=0x10200000 cmp=com.spintec.qt.form500.poc/.My7000App bnds=[782,1516][1024,1792]} with LAUNCH_SINGLE_TOP from uid 10183 pid 3294 (BAL_ALLOW_ALLOWLISTED_COMPONENT) result code=2
04-10 08:33:29.443 1726 2617 W WindowManager: Failed looking up window session=Session{1c27e3c 2840:u0a10199} callers=com.android.server.wm.WindowManagerService.windowForClientLocked:6155 com.android.server.wm.WindowManagerService.removeWindow:2001 com.android.server.wm.Session.remove:231
04-10 08:33:29.445 3294 3443 D QuickstepModelDelegate: notifyAppTargetEvent action=1 launchLocation=workspace/5/[3,5]/[1,1]
04-10 08:33:29.446 2817 5016 D TopAppSceneDetector: currentFocusApp=com.spintec.qt.form500.poc
04-10 08:33:29.447 2840 2898 D WindowManagerShell: onActivityRestartAttempt: ComponentInfo{com.spintec.qt.form500.poc/com.spintec.qt.form500.poc.My7000App}
04-10 08:33:29.448 1726 2915 E Transition: Trying to add a ready-group twice: Display{#0 state=ON size=1080x2400 ROTATION_0}
04-10 08:33:29.449 1385 1554 W ANDR-PERF-LM: MetaMeter: handlePrimaryAsync() 118: AdaptLaunch MetaMeter. No MeterMgr Available to handle this Primary Async. !!!!
04-10 08:33:29.449 1385 1554 W ANDR-PERF-LM: MetaMeter: handlePrimaryAsync() 118: AdaptLaunch MetaMeter. No MeterMgr Available to handle this Primary Async. !!!!
04-10 08:33:29.453 3294 3294 I NT-TopTaskTracker: Call back onTaskMovedToFront taskId = 629
04-10 08:33:29.455 1402 12635 I QC2C2DEngine: calcYSize: unsupported or RGB color format, RGBA8888_UBWC(-1040187392)
04-10 08:33:29.457 2840 2898 V WindowManagerShell: Transition requested: android.os.BinderProxy@c5b3738 TransitionRequestInfo { type = OPEN, triggerTask = TaskInfo{userId=0 taskId=629 displayId=0 isRunning=true baseIntent=Intent { act=android.intent.action.MAIN cat=[android.intent.category.LAUNCHER] flg=0x10200000 cmp=com.spintec.qt.form500.poc/.My7000App } baseActivity=ComponentInfo{com.spintec.qt.form500.poc/com.spintec.qt.form500.poc.My7000App} topActivity=ComponentInfo{com.spintec.qt.form500.poc/com.spintec.qt.form500.poc.My7000App} origActivity=null realActivity=ComponentInfo{com.spintec.qt.form500.poc/com.spintec.qt.form500.poc.My7000App} numActivities=1 lastActiveTime=349405 supportsMultiWindow=true resizeMode=1 isResizeable=true minWidth=-1 minHeight=-1 defaultMinSize=220 token=WCT{android.window.IWindowContainerToken$Stub$Proxy@af9c311} topActivityType=1 pictureInPictureParams=null shouldDockBigOverlays=false launchIntoPipHostTaskId=-1 lastParentTaskIdBeforePip=-1 displayCutoutSafeInsets=Rect(0, 136 - 0, 0) topActivityInfo=ActivityInfo{5ed6c76 com.spintec.qt.form500.poc.My7000App} launchCookies=[android.os.BinderProxy@f9cd79b] positionInParent=Point(0, 0) parentTaskId=-1 isFocused=true isVisible=false isVisibleRequested=false isSleeping=false topActivityInSizeCompat=false topActivityEligibleForLetterboxEducation= false topActivityLetterboxed= false isFromDoubleTap= false topActivityLetterboxVerticalPosition= -1 topActivityLetterboxHorizontalPosition= -1 topActivityLetterboxWidth=-1 topActivityLetterboxHeight=-1 locusId=null displayAreaFeatureId=1 cameraCompatControlState=hidden}, remoteTransition = RemoteTransition { remoteTransition = android.window.IRemoteTransition$Stub$Proxy@6675277, appThread = android.app.IApplicationThread$Stub$Proxy@4288ee4, debugName = QuickstepLaunch }, displayChange = null }
04-10 08:33:29.457 2840 2898 V WindowManagerShell: RemoteTransition directly requested for android.os.BinderProxy@c5b3738: RemoteTransition { remoteTransition = android.window.IRemoteTransition$Stub$Proxy@6675277, appThread = android.app.IApplicationThread$Stub$Proxy@4288ee4, debugName = QuickstepLaunch }
04-10 08:33:29.457 2840 2898 V WindowManagerShell: handleRequest com.android.wm.shell.transition.RemoteTransitionHandler@f067dac handled
04-10 08:33:29.457 4733 4733 I Qt5.My7000App: My7000App::onResume() called
04-10 08:33:29.458 4733 12671 D libForm500Crash_POC_arm64-v8a.so: Application state changed to Qt::ApplicationActive
04-10 08:33:29.462 2840 2935 V SnapshotDrawerUtils: Drawing snapshot surface sizeMismatch=false
04-10 08:33:29.465 2817 5016 D NearbyDetector: onTopActivityChanged: top class name: com.android.searchlauncher.SearchLauncher
04-10 08:33:29.465 2817 5016 D NearbyDetector: onTopActivityChanged: top class name: com.spintec.qt.form500.poc.My7000App
04-10 08:33:29.465 2817 5016 D GameSceneDetector: Failed to call isBoostTypeGame: java.lang.NoSuchMethodException: android.util.BoostFramework.perfGetFeedback []
04-10 08:33:29.465 2817 5016 D GameSceneDetector: onTopChanged=com.spintec.qt.form500.poc, isBoostTypeGame=false, isCategoryGame=false
04-10 08:33:29.465 2817 5016 D SceneManager: TopAPP=com.spintec.qt.form500.poc, category=-1
04-10 08:33:29.468 1402 12635 I QC2C2DEngine: calcYSize: unsupported or RGB color format, RGBA8888_UBWC(-1040187392)
04-10 08:33:29.471 1402 12635 I QC2C2DEngine: calcYSize: unsupported or RGB color format, RGBA8888_UBWC(-1040187392)
04-10 08:33:29.476 1726 2212 V WindowManager: Sent Transition #28 createdAt=04-10 08:33:29.435 via request=TransitionRequestInfo { type = OPEN, triggerTask = TaskInfo{userId=0 taskId=629 displayId=0 isRunning=true baseIntent=Intent { act=android.intent.action.MAIN cat=[android.intent.category.LAUNCHER] flg=0x10200000 cmp=com.spintec.qt.form500.poc/.My7000App } baseActivity=ComponentInfo{com.spintec.qt.form500.poc/com.spintec.qt.form500.poc.My7000App} topActivity=ComponentInfo{com.spintec.qt.form500.poc/com.spintec.qt.form500.poc.My7000App} origActivity=null realActivity=ComponentInfo{com.spintec.qt.form500.poc/com.spintec.qt.form500.poc.My7000App} numActivities=1 lastActiveTime=349405 supportsMultiWindow=true resizeMode=1 isResizeable=true minWidth=-1 minHeight=-1 defaultMinSize=220 token=WCT{RemoteToken{6ce9df5 Task{dc5400b #629 type=standard A=10341:com.spintec.qt.form500.poc}}} topActivityType=1 pictureInPictureParams=null shouldDockBigOverlays=false launchIntoPipHostTaskId=-1 lastParentTaskIdBeforePip=-1 displayCutoutSafeInsets=Rect(0, 136 - 0, 0) topActivityInfo=ActivityInfo{a98178a com.spintec.qt.form500.poc.My7000App} launchCookies=[android.os.BinderProxy@44fd107] positionInParent=Point(0, 0) parentTaskId=-1 isFocused=true isVisible=false isVisibleRequested=false isSleeping=false topActivityInSizeCompat=false topActivityEligibleForLetterboxEducation= false topActivityLetterboxed= false isFromDoubleTap= false topActivityLetterboxVerticalPosition= -1 topActivityLetterboxHorizontalPosition= -1 topActivityLetterboxWidth=-1 topActivityLetterboxHeight=-1 locusId=null displayAreaFeatureId=1 cameraCompatControlState=hidden}, remoteTransition = RemoteTransition { remoteTransition = android.window.IRemoteTransition$Stub$Proxy@a165234, appThread = android.app.IApplicationThread$Stub$Proxy@c5085d, debugName = QuickstepLaunch }, displayChange = null }
04-10 08:33:29.476 1726 2212 V WindowManager: startWCT=WindowContainerTransaction { changes = {} hops = [] errorCallbackToken=null taskFragmentOrganizer=null }
04-10 08:33:29.476 1726 2212 V WindowManager: info={id=28 t=OPEN f=0x0 trk=0 r=[0@Point(0, 0)] c=[{WCT{RemoteToken{6ce9df5 Task{dc5400b #629 type=standard A=10341:com.spintec.qt.form500.poc}}} m=TO_FRONT f=MOVE_TO_TOP leash=Surface(name=Task=629)/@0x2a116df sb=Rect(0, 0 - 1080, 2400) eb=Rect(0, 0 - 1080, 2400) d=0},{WCT{RemoteToken{3176405 Task{2dbc4fe #1 type=home}}} m=TO_BACK f=SHOW_WALLPAPER leash=Surface(name=Task=1)/@0xceec555 sb=Rect(0, 0 - 1080, 2400) eb=Rect(0, 0 - 1080, 2400) d=0}]}
04-10 08:33:29.477 2840 2898 V WindowManagerShell: onTransitionReady android.os.BinderProxy@c5b3738: {id=28 t=OPEN f=0x0 trk=0 r=[0@Point(0, 0)] c=[{WCT{android.window.IWindowContainerToken$Stub$Proxy@ce8c349} m=TO_FRONT f=MOVE_TO_TOP leash=Surface(name=Task=629)/@0x2bbda02 sb=Rect(0, 0 - 1080, 2400) eb=Rect(0, 0 - 1080, 2400) d=0},{WCT{android.window.IWindowContainerToken$Stub$Proxy@e11944e} m=TO_BACK f=SHOW_WALLPAPER leash=Surface(name=Task=1)/@0x5f49f13 sb=Rect(0, 0 - 1080, 2400) eb=Rect(0, 0 - 1080, 2400) d=0}]}
04-10 08:33:29.477 2840 2898 V WindowManagerShell: Playing animation for (#28)android.os.BinderProxy@c5b3738@0
04-10 08:33:29.477 2840 2898 V WindowManagerShell: try firstHandler com.android.wm.shell.transition.DefaultMixedHandler@a890bd
04-10 08:33:29.477 2840 2898 V WindowManagerShell: Delegate animation for #28 to RemoteTransition { remoteTransition = android.window.IRemoteTransition$Stub$Proxy@6675277, appThread = android.app.IApplicationThread$Stub$Proxy@4288ee4, debugName = QuickstepLaunch }
04-10 08:33:29.479 1402 12635 I QC2C2DEngine: calcYSize: unsupported or RGB color format, RGBA8888_UBWC(-1040187392)
04-10 08:33:29.480 1433 1433 I BpBinder: onLastStrongRef automatically unlinking death recipients:
04-10 08:33:29.481 2840 2898 V WindowManagerShell: animated by firstHandler
04-10 08:33:29.484 3294 3294 I NT-TransitionSmoothHelper: clear
04-10 08:33:29.487 4733 12667 E OpenGLRenderer: Unable to match the desired swap behavior.
04-10 08:33:29.487 3294 3294 I NT-NTDragLayer: onMeasure consumed 0
04-10 08:33:29.487 3294 3294 I NT-NTDragLayer: onLayout consumed 0
04-10 08:33:29.487 3294 3294 I NT-NTDragLayer: dispatchDraw consumed 0
04-10 08:33:29.490 1402 12635 I QC2C2DEngine: calcYSize: unsupported or RGB color format, RGBA8888_UBWC(-1040187392)
04-10 08:33:29.491 4733 4733 I SurfaceView: surfaceview vote min fps
04-10 08:33:29.498 1726 2212 W ziparchive: Unable to open '/data/app/~~VXJMSZcnXxXOCkvo99yEnQ==/com.spintec.qt.form500.poc-K4cmV_bINLx0_037uJu7OA==/base.dm': No such file or directory
04-10 08:33:29.502 1726 2216 D NtPerfTraceManagerImpl: packageName = com.spintec.qt.form500.poc, taskId = 629
04-10 08:33:29.506 4733 4733 I SurfaceView: surfaceview vote min fps
04-10 08:33:29.508 1402 12635 I QC2C2DEngine: calcYSize: unsupported or RGB color format, RGBA8888_UBWC(-1040187392)
04-10 08:33:29.517 1402 12635 I QC2C2DEngine: calcYSize: unsupported or RGB color format, RGBA8888_UBWC(-1040187392)
04-10 08:33:29.517 1726 5826 I ImeTracker: com.spintec.qt.form500.poc:9871ea58: onRequestHide at ORIGIN_SERVER_HIDE_INPUT reason HIDE_UNSPECIFIED_WINDOW
04-10 08:33:29.517 1726 5826 I ImeTracker: com.spintec.qt.form500.poc:9871ea58: onCancelled at PHASE_SERVER_SHOULD_HIDE
04-10 08:33:29.518 6287 6287 I GoogleInputMethodService: GoogleInputMethodService.onFinishInput():3096
04-10 08:33:29.519 6287 6287 I GoogleInputMethodService: GoogleInputMethodService.updateDeviceLockedStatus():2210 repeatCheckTimes = 0, locked = false
04-10 08:33:29.520 6287 6287 I GoogleInputMethodService: GoogleInputMethodService.onStartInput():1950 onStartInput(EditorInfo{EditorInfo{packageName=com.spintec.qt.form500.poc, inputType=0, inputTypeString=NULL, enableLearning=false, autoCorrection=false, autoComplete=false, imeOptions=0, privateImeOptions=null, actionName=UNSPECIFIED, actionLabel=null, initialSelStart=-1, initialSelEnd=-1, initialCapsMode=0, label=null, fieldId=0, fieldName=null, extras=null, hintText=null, hintLocales=[]}}, false)
04-10 08:33:29.520 6287 6287 I GoogleInputMethodService: GoogleInputMethodService.updateDeviceLockedStatus():2210 repeatCheckTimes = 1, locked = false
04-10 08:33:29.521 6287 6287 I AndroidIME: InputBundleManager.loadActiveInputBundleId():450 loadActiveInputBundleId: und-Latn-x-password, password
04-10 08:33:29.521 1726 1744 W PackageConfigPersister: App-specific configuration not found for packageName: com.spintec.qt.form500.poc and userId: 0
04-10 08:33:29.527 1402 12635 I QC2C2DEngine: calcYSize: unsupported or RGB color format, RGBA8888_UBWC(-1040187392)
04-10 08:33:29.542 1402 12635 I QC2C2DEngine: calcYSize: unsupported or RGB color format, RGBA8888_UBWC(-1040187392)
04-10 08:33:29.547 5695 5695 I A : onPause
04-10 08:33:29.561 1402 12635 I QC2C2DEngine: calcYSize: unsupported or RGB color format, RGBA8888_UBWC(-1040187392)
04-10 08:33:29.575 1402 12635 I QC2C2DEngine: calcYSize: unsupported or RGB color format, RGBA8888_UBWC(-1040187392)
04-10 08:33:29.590 1726 2216 D NtPerfTraceManagerImpl: packageName = com.spintec.qt.form500.poc, taskId = 629
04-10 08:33:29.592 1726 5944 I ImeTracker: com.spintec.qt.form500.poc:b2a7effd: onRequestHide at ORIGIN_SERVER_HIDE_INPUT reason HIDE_SAME_WINDOW_FOCUSED_WITHOUT_EDITOR
04-10 08:33:29.592 1726 5944 I ImeTracker: com.spintec.qt.form500.poc:b2a7effd: onCancelled at PHASE_SERVER_SHOULD_HIDE
04-10 08:33:29.593 6287 6287 I GoogleInputMethodService: GoogleInputMethodService.onFinishInput():3096
04-10 08:33:29.594 6287 6287 I GoogleInputMethodService: GoogleInputMethodService.updateDeviceLockedStatus():2210 repeatCheckTimes = 0, locked = false
04-10 08:33:29.595 6287 6287 I GoogleInputMethodService: GoogleInputMethodService.onStartInput():1950 onStartInput(EditorInfo{EditorInfo{packageName=com.spintec.qt.form500.poc, inputType=0, inputTypeString=NULL, enableLearning=false, autoCorrection=false, autoComplete=false, imeOptions=0, privateImeOptions=null, actionName=UNSPECIFIED, actionLabel=null, initialSelStart=-1, initialSelEnd=-1, initialCapsMode=0, label=null, fieldId=0, fieldName=null, extras=null, hintText=null, hintLocales=[]}}, false)
04-10 08:33:29.595 6287 6287 I GoogleInputMethodService: GoogleInputMethodService.updateDeviceLockedStatus():2210 repeatCheckTimes = 1, locked = false
04-10 08:33:29.596 6287 6287 I AndroidIME: InputBundleManager.loadActiveInputBundleId():450 loadActiveInputBundleId: und-Latn-x-password, password
04-10 08:33:29.596 1726 5826 W PackageConfigPersister: App-specific configuration not found for packageName: com.spintec.qt.form500.poc and userId: 0
04-10 08:33:29.605 1402 12635 I QC2C2DEngine: calcYSize: unsupported or RGB color format, RGBA8888_UBWC(-1040187392)
04-10 08:33:29.609 1402 12635 I QC2C2DEngine: calcYSize: unsupported or RGB color format, RGBA8888_UBWC(-1040187392)
04-10 08:33:29.621 1402 12635 I QC2C2DEngine: calcYSize: unsupported or RGB color format, RGBA8888_UBWC(-1040187392)
04-10 08:33:29.640 1402 12635 I QC2C2DEngine: calcYSize: unsupported or RGB color format, RGBA8888_UBWC(-1040187392)
04-10 08:33:29.658 1402 12635 I QC2C2DEngine: calcYSize: unsupported or RGB color format, RGBA8888_UBWC(-1040187392)
04-10 08:33:29.683 1402 12635 I QC2C2DEngine: calcYSize: unsupported or RGB color format, RGBA8888_UBWC(-1040187392)
04-10 08:33:29.704 1402 12635 I QC2C2DEngine: calcYSize: unsupported or RGB color format, RGBA8888_UBWC(-1040187392)
04-10 08:33:29.725 1402 12635 I QC2C2DEngine: calcYSize: unsupported or RGB color format, RGBA8888_UBWC(-1040187392)
04-10 08:33:29.745 1402 12635 I QC2C2DEngine: calcYSize: unsupported or RGB color format, RGBA8888_UBWC(-1040187392)
04-10 08:33:29.765 1402 12635 I QC2C2DEngine: calcYSize: unsupported or RGB color format, RGBA8888_UBWC(-1040187392)
04-10 08:33:29.784 1402 12635 I QC2C2DEngine: calcYSize: unsupported or RGB color format, RGBA8888_UBWC(-1040187392)
04-10 08:33:29.809 1402 12635 I QC2C2DEngine: calcYSize: unsupported or RGB color format, RGBA8888_UBWC(-1040187392)
04-10 08:33:29.834 1402 12635 I QC2C2DEngine: calcYSize: unsupported or RGB color format, RGBA8888_UBWC(-1040187392)
04-10 08:33:29.836 5135 5167 I NTWidget-Client: Receive method call: actionRefresh, widgetId = 1
04-10 08:33:29.837 5135 5135 I NTWidget-Client: Call handleCardRefresh, target method = onHostViewResumed
04-10 08:33:29.837 5135 5538 I NTWidget-: Ensure service valid cost time = 0, checkResult = true
04-10 08:33:29.838 5268 5481 I NTWidget-CardWidgetService: getWidgetOptions, widgetId = 1
04-10 08:33:29.839 5135 5135 I CardLab-: Widget 1 find options: width = 936, height = 210
04-10 08:33:29.840 5135 5135 I CardLab-: spanX = 4
04-10 08:33:29.840 5135 5135 I CardLab-: ContainerWidth = 936
04-10 08:33:29.840 5135 5135 I CardLab-: Display weather and date-------------
04-10 08:33:29.840 5135 5733 I CardLab-: Start to query weather data.
04-10 08:33:29.842 5135 5135 I CardLab-: Widget 1 no need refresh, return null cardInfo!!!!!!!
04-10 08:33:29.843 5649 5696 I NTWeather-ShareProvider: Call method query_weather_info from pkg = com.nothing.hearthstone
04-10 08:33:29.843 5649 5857 I NTWeather-RequestWeatherNotice: Request Weather Notice doWork
04-10 08:33:29.860 1402 12635 I QC2C2DEngine: calcYSize: unsupported or RGB color format, RGBA8888_UBWC(-1040187392)
04-10 08:33:29.862 5135 5733 I CardLab-: WeatherManager weather queried = Mostly cloudy, isWeatherChanged = false
04-10 08:33:29.883 1402 12635 I QC2C2DEngine: calcYSize: unsupported or RGB color format, RGBA8888_UBWC(-1040187392)
04-10 08:33:29.903 1402 12635 I QC2C2DEngine: calcYSize: unsupported or RGB color format, RGBA8888_UBWC(-1040187392)
04-10 08:33:29.923 1402 12635 I QC2C2DEngine: calcYSize: unsupported or RGB color format, RGBA8888_UBWC(-1040187392)
04-10 08:33:29.942 1402 12635 I QC2C2DEngine: calcYSize: unsupported or RGB color format, RGBA8888_UBWC(-1040187392)
04-10 08:33:29.969 1402 12635 I QC2C2DEngine: calcYSize: unsupported or RGB color format, RGBA8888_UBWC(-1040187392)
04-10 08:33:29.972 1319 3739 D vendor.qti.bluetooth@1.0-wake_lock: Acquire wakelock is acquired
04-10 08:33:29.974 3037 3743 I bt_stack: [INFO:btm_ble_gap.cc(3253)] btm_ble_process_adv_pkt_cont Data Complete 63:d6:05:85:71:95
04-10 08:33:29.974 3037 3743 I bt_stack: [INFO:btm_ble_gap.cc(3253)] btm_ble_process_adv_pkt_cont Data Complete 63:d6:05:85:71:95
04-10 08:33:29.974 3037 3743 D bt_btm_ble: bool parse_adv_audio_uuids_from_adv_pkt(const uint8_t *, size_t, uint8_t): tmap_cap_pts: false
04-10 08:33:29.990 1402 12635 I QC2C2DEngine: calcYSize: unsupported or RGB color format, RGBA8888_UBWC(-1040187392)
04-10 08:33:30.008 1402 12635 I QC2C2DEngine: calcYSize: unsupported or RGB color format, RGBA8888_UBWC(-1040187392)
04-10 08:33:30.013 3294 3441 I NT-TransitionSmoothHelper: clear
04-10 08:33:30.013 3294 3294 I NT-NTDragLayer: onMeasure consumed 0
04-10 08:33:30.013 3294 3294 I NT-NTDragLayer: onLayout consumed 0
04-10 08:33:30.013 3294 3294 I NT-NTDragLayer: dispatchDraw consumed 0
04-10 08:33:30.014 2840 2898 V WindowManagerShell: Transition animation finished (aborted=false), notifying core (#28)android.os.BinderProxy@c5b3738@0
04-10 08:33:30.015 1726 2212 V WindowManager: Finish Transition #28: created at
04-10 08:33:29.435 collect-started=0.396ms request-sent=6.801ms started=27.239ms ready=27.226ms sent=38.49ms finished=580.39ms
04-10 08:33:30.019 2840 2898 V WindowManagerShell: Track 0 became idle
04-10 08:33:30.019 2840 2898 V WindowManagerShell: All active transition animations finished
04-10 08:33:30.024 3239 3295 W DynamicDDSService: appName is not found in cache: com.nothing.launcher
04-10 08:33:30.031 1858 1858 I cnss-daemon: nl80211 response handler invoked
