04-10 08:33:36.214 361 361 I goodix_fp: [info] goodix_fb_state_chg_callback go to the goodix_fb_state_chg_callback value = 2
04-10 08:33:36.214 361 361 I goodix_fp: goodix_fb_state_chg_callback defalut
04-10 08:33:36.216 361 361 I [drm:dsi_display_set_mode [msm_drm]] [msm-dsi-info]: mdp_transfer_time=7826, hactive=1080, vactive=2400, fps=120
04-10 08:33:36.222 1402 12635 I QC2C2DEngine: calcYSize: unsupported or RGB color format, RGBA8888_UBWC(-1040187392)
04-10 08:33:36.227 2840 2898 V WindowManagerShell: onTransitionReady android.os.BinderProxy@991abad: {id=38 t=TO_FRONT f=0x80 trk=0 r=[0@Point(0, 0)] c=[{WCT{android.window.IWindowContainerToken$Stub$Proxy@476272e} m=TO_FRONT f=SHOW_WALLPAPER|MOVE_TO_TOP leash=Surface(name=Task=1)/@0xa22fee2 sb=Rect(0, 0 - 1080, 2400) eb=Rect(0, 0 - 1080, 2400) d=0},{WCT{android.window.IWindowContainerToken$Stub$Proxy@1d2e2cf} m=TO_BACK f=NONE leash=Surface(name=Task=629)/@0xf5b9273 sb=Rect(0, 0 - 1080, 2400) eb=Rect(0, 0 - 1080, 2400) d=0},{null m=TO_FRONT f=IS_WALLPAPER leash=Surface(name=WallpaperWindowToken{10a6634 token=android.os.Binder@96e7f46})/@0x88e9530 sb=Rect(0, 0 - 1080, 2400) eb=Rect(0, 0 - 1080, 2400) d=0}]}
04-10 08:33:36.227 2840 2898 V WindowManagerShell: Playing animation for (#38)android.os.BinderProxy@991abad@0
04-10 08:33:36.227 2840 2898 V WindowManagerShell: try firstHandler com.android.wm.shell.recents.RecentsTransitionHandler@4c64980
04-10 08:33:36.228 2840 2898 V ShellRecents: [26030276] RecentsController.start
04-10 08:33:36.229 1726 2212 V WindowManager: Sent Transition #38 createdAt=04-10 08:33:36.167
04-10 08:33:36.229 1726 2212 V WindowManager: startWCT=WindowContainerTransaction { changes = {} hops = [{PendingIntent: options=Bundle[{android.activity.splashScreenStyle=-1, android.activity.sourceInfo=android.app.ActivityOptions$SourceInfo@2f05cd4, android.activity.transientLaunch=true}]}] errorCallbackToken=null taskFragmentOrganizer=null }
04-10 08:33:36.230 2840 2898 V ShellRecents: adding pausing leaf taskId=629 at layer=8
04-10 08:33:36.230 1726 2212 V WindowManager: info={id=38 t=TO_FRONT f=0x80 trk=0 r=[0@Point(0, 0)] c=[{WCT{RemoteToken{3176405 Task{2dbc4fe #1 type=home}}} m=TO_FRONT f=SHOW_WALLPAPER|MOVE_TO_TOP leash=Surface(name=Task=1)/@0xceec555 sb=Rect(0, 0 - 1080, 2400) eb=Rect(0, 0 - 1080, 2400) d=0},{WCT{RemoteToken{6ce9df5 Task{dc5400b #629 type=standard A=10341:com.spintec.qt.form500.poc}}} m=TO_BACK f=NONE leash=Surface(name=Task=629)/@0x2a116df sb=Rect(0, 0 - 1080, 2400) eb=Rect(0, 0 - 1080, 2400) d=0},{null m=TO_FRONT f=IS_WALLPAPER leash=Surface(name=WallpaperWindowToken{10a6634 token=android.os.Binder@96e7f46})/@0x74d573f sb=Rect(0, 0 - 1080, 2400) eb=Rect(0, 0 - 1080, 2400) d=0}]}
04-10 08:33:36.230 2840 2898 V ShellRecents: [26030276] RecentsController.start: calling onAnimationStart
04-10 08:33:36.232 2840 2898 V WindowManagerShell: animated by firstHandler
04-10 08:33:36.234 1726 2216 I DisplayDeviceRepository: Display device changed: DisplayDeviceInfo{"Built-in Screen": uniqueId="local:4630946480328692354", 1080 x 2400, modeId 2, renderFrameRate 120.00001, defaultModeId 1, supportedModes [{id=1, width=1080, height=2400, fps=60.000004, alternativeRefreshRates=[90.0, 120.00001], supportedHdrTypes=[2, 3, 4]}, {id=2, width=1080, height=2400, fps=120.00001, alternativeRefreshRates=[60.000004, 90.0], supportedHdrTypes=[2, 3, 4]}, {id=3, width=1080, height=2400, fps=90.0, alternativeRefreshRates=[60.000004, 120.00001], supportedHdrTypes=[2, 3, 4]}], colorMode 0, supportedColorModes [0, 7, 9], hdrCapabilities HdrCapabilities{mSupportedHdrTypes=[2, 3, 4], mMaxLuminance=500.0, mMaxAverageLuminance=500.0, mMinLuminance=0.0}, allmSupported false, gameContentTypeSupported false, density 420, 403.411 x 401.052 dpi, appVsyncOff 1000000, presDeadline 13333333, cutout DisplayCutout{insets=Rect(0, 136 - 0, 0) waterfall=Insets{left=0, top=0, right=0, bottom=0} boundingRect={Bounds=[Rect(0, 0 - 0, 0), Rect(0, 0 - 188, 136), Rect(0, 0 - 0, 0), Rect(0, 0 - 0, 0)]} cutoutPathParserInfo={CutoutPathParserInfo{displayWidth=1080 displayHeight=2400 physicalDisplayWidth=1080 physicalDisplayHeight=2400 density={2.625} cutoutSpec={M89.3,42.31 m0,26.19 a26.19,26.19 0 1,0 52.38,0 a26.19,26.19 0 1,0 -52.38,0 Z @left} rotation={0} scale={1.0} physicalPixelDisplaySizeRatio={1.0}}}}, touch INTERNAL, rotation 0, type INTERNAL, address {port=130, model=0x40446d49bdd652}, deviceProductInfo DeviceProductInfo{name=, manufacturerPnpId=QCM, productId=1, modelYear=null, manufactureDate=ManufactureDate{week=27, year=2006}, connectionToSinkType=0}, state ON, committedState ON, frameRateOverride , brightnessMinimum 0.0, brightnessMaximum 1.0, brightnessDefault 0.4, hdrSdrRatio NaN, roundedCorners RoundedCorners{[RoundedCorner{position=TopLeft, radius=115, center=Point(115, 115)}, RoundedCorner{position=TopRight, radius=115, center=Point(965, 115)}, RoundedCorner{position=BottomRight, radius=115, center=Point(965, 2285)}, RoundedCorner{position=BottomLeft, radius=115, center=Point(115, 2285)}]}, FLAG_ALLOWED_TO_BE_DEFAULT_DISPLAY, FLAG_ROTATES_WITH_CONTENT, FLAG_SECURE, FLAG_SUPPORTS_PROTECTED_BUFFERS, FLAG_TRUSTED, installOrientation 0, displayShape DisplayShape{ spec=-1893857183 displayWidth=1080 displayHeight=2400 physicalPixelDisplaySizeRatio=1.0 rotation=0 offsetX=0 offsetY=0 scale=1.0}}
04-10 08:33:36.237 3294 3294 I NT-InputConsumerProxy: AL-1283: Enable InputConsumerProxy, register consumer events.
04-10 08:33:36.237 3294 3294 D RemoteTargetGluer: appCount: 1 handleLength: 2
04-10 08:33:36.237 3294 3294 D RemoteTargetGluer: resizing handles
04-10 08:33:36.237 3294 3294 D RemoteTargetGluer: containsSplitTargets? false handleLength: 1 appsLength: 1
04-10 08:33:36.237 1726 2216 D DisplayManagerService: Ignore redundant display event 0/2 to 10148/4738
04-10 08:33:36.237 1726 2216 D DisplayManagerService: Ignore redundant display event 0/2 to 10247/4819
04-10 08:33:36.237 1726 2216 D DisplayManagerService: Ignore redundant display event 0/2 to 10129/5172
04-10 08:33:36.234 361 361 I [drm:dsi_panel_set_backlight [msm_drm]] [msm-dsi-info]: backlight type:2 lvl:1335
04-10 08:33:36.237 1726 2216 D DisplayManagerService: Ignore redundant display event 0/2 to 10146/10064
04-10 08:33:36.238 1726 2216 D DisplayManagerService: Ignore redundant display event 0/2 to 10254/10294
04-10 08:33:36.238 1726 2216 D DisplayManagerService: Ignore redundant display event 0/2 to 10243/11292
04-10 08:33:36.238 3294 3294 D RemoteTargetGluer: appCount: 1 handleLength: 2
04-10 08:33:36.238 3294 3294 D RemoteTargetGluer: resizing handles
04-10 08:33:36.238 3294 3294 D RemoteTargetGluer: containsSplitTargets? false handleLength: 1 appsLength: 1
04-10 08:33:36.240 2840 2958 D DisplayTrackerImpl: displayChangedListener onDisplayChanged
04-10 08:33:36.242 3037 3518 I BtGatt.ScanManager: msg.what = 7
04-10 08:33:36.243 3037 3518 D BtGatt.ScanManager: enter screen on
04-10 08:33:36.244 2840 2898 V ShellRecents: [26030276] RecentsController.setInputConsumerEnabled: set focus to recents
04-10 08:33:36.245 1726 2669 E HandwritingModeController: Cannot get requestId: Handwriting was not initialized.
04-10 08:33:36.245 1726 2617 V NtGameModeImpl: onAppFocusChanged: pkg=com.nothing.launcher, uid=10183, category=-1
04-10 08:33:36.245 1726 2617 D NtPopUpViewImpl: PopUpView: onAppFocusChanged: newTask=Task{8a7144e #628 type=home I=com.nothing.launcher/com.android.searchlauncher.SearchLauncher}, showDimmer=false
04-10 08:33:36.245 361 361 I [FTS_TS/I]drm_notifier_callback: DRM event:1,blank:3
04-10 08:33:36.245 361 361 I [FTS_TS/I]drm_notifier_callback: DRM BLANK(3) do not need process
04-10 08:33:36.245 1726 2617 D NtDimmerWindow: NtDimmerWindow.enterPinnedWindowWindowingMode: You can only enter PinnedWindow from Windowform. task=Task{dc5400b #629 type=standard A=10341:com.spintec.qt.form500.poc}
04-10 08:33:36.245 1726 2617 D NtWindowformEdgeBarHelper: setTask true
04-10 08:33:36.249 1726 2669 E HandwritingModeController: Cannot get requestId: Handwriting was not initialized.
04-10 08:33:36.249 2840 2898 V ShellRecents: [26030276] RecentsController.setInputConsumerEnabled: set focus to recents
04-10 08:33:36.252 2817 5016 D TopAppSceneDetector: currentFocusApp=com.nothing.launcher
04-10 08:33:36.253 2817 5016 D NearbyDetector: onTopActivityChanged: top class name: com.android.searchlauncher.SearchLauncher
04-10 08:33:36.253 2817 5016 D NearbyDetector: onTopActivityChanged: top class name: com.spintec.qt.form500.poc.My7000App
04-10 08:33:36.253 2817 5016 D GameSceneDetector: Failed to call isBoostTypeGame: java.lang.NoSuchMethodException: android.util.BoostFramework.perfGetFeedback []
04-10 08:33:36.253 2817 5016 D GameSceneDetector: onTopChanged=com.nothing.launcher, isBoostTypeGame=false, isCategoryGame=false
04-10 08:33:36.253 2817 5016 D SceneManager: TopAPP=com.nothing.launcher, category=-1
04-10 08:33:36.254 1402 12635 I QC2C2DEngine: calcYSize: unsupported or RGB color format, RGBA8888_UBWC(-1040187392)
04-10 08:33:36.255 1726 2669 E HandwritingModeController: Cannot get requestId: Handwriting was not initialized.
04-10 08:33:36.267 1402 12635 I QC2C2DEngine: calcYSize: unsupported or RGB color format, RGBA8888_UBWC(-1040187392)
04-10 08:33:36.298 1402 12635 I QC2C2DEngine: calcYSize: unsupported or RGB color format, RGBA8888_UBWC(-1040187392)
04-10 08:33:36.317 1402 12635 I QC2C2DEngine: calcYSize: unsupported or RGB color format, RGBA8888_UBWC(-1040187392)
04-10 08:33:36.340 1402 12635 I QC2C2DEngine: calcYSize: unsupported or RGB color format, RGBA8888_UBWC(-1040187392)
04-10 08:33:36.345 1433 1580 W HWComposer: Ignoring duplicate VSYNC event from HWC for display 4630946480328692354 (t=356927254000)
04-10 08:33:36.353 1433 1580 W HWComposer: Ignoring duplicate VSYNC event from HWC for display 4630946480328692354 (t=356935593000)
04-10 08:33:36.361 1402 12635 I QC2C2DEngine: calcYSize: unsupported or RGB color format, RGBA8888_UBWC(-1040187392)
04-10 08:33:36.363 1433 1580 W HWComposer: Ignoring duplicate VSYNC event from HWC for display 4630946480328692354 (t=356944026000)
04-10 08:33:36.370 1433 1580 W HWComposer: Ignoring duplicate VSYNC event from HWC for display 4630946480328692354 (t=356952302000)
04-10 08:33:36.382 1402 12635 I QC2C2DEngine: calcYSize: unsupported or RGB color format, RGBA8888_UBWC(-1040187392)
04-10 08:33:36.401 1402 12635 I QC2C2DEngine: calcYSize: unsupported or RGB color format, RGBA8888_UBWC(-1040187392)
04-10 08:33:36.416 1402 12635 I QC2C2DEngine: calcYSize: unsupported or RGB color format, RGBA8888_UBWC(-1040187392)
04-10 08:33:36.435 1402 12635 I QC2C2DEngine: calcYSize: unsupported or RGB color format, RGBA8888_UBWC(-1040187392)
04-10 08:33:36.461 1402 12635 I QC2C2DEngine: calcYSize: unsupported or RGB color format, RGBA8888_UBWC(-1040187392)
04-10 08:33:36.480 2840 2840 D vol.VolumeDialogImpl: hideRingerDrawer - drawer is already hide
04-10 08:33:36.481 1726 3838 D AS.AudioService: Volume controller visible: false
04-10 08:33:36.489 1402 12635 I QC2C2DEngine: calcYSize: unsupported or RGB color format, RGBA8888_UBWC(-1040187392)
04-10 08:33:36.507 1402 12635 I QC2C2DEngine: calcYSize: unsupported or RGB color format, RGBA8888_UBWC(-1040187392)
04-10 08:33:36.515 2599 2600 I android.hardware.thermal@2.0-service.qti: uevent triggered for sensor: quiet-therm-usr
04-10 08:33:36.515 2599 2600 I android.hardware.thermal@2.0-service.qti: uevent triggered for sensor: quiet-therm-usr
04-10 08:33:36.527 1402 12635 I QC2C2DEngine: calcYSize: unsupported or RGB color format, RGBA8888_UBWC(-1040187392)
04-10 08:33:36.556 1402 12635 I QC2C2DEngine: calcYSize: unsupported or RGB color format, RGBA8888_UBWC(-1040187392)
04-10 08:33:36.561 1319 3739 D vendor.qti.bluetooth@1.0-wake_lock: Acquire wakelock is acquired
04-10 08:33:36.562 3037 3743 I bt_stack: [INFO:btm_ble_gap.cc(3253)] btm_ble_process_adv_pkt_cont Data Complete 63:d6:05:85:71:95
04-10 08:33:36.562 3037 3743 I bt_stack: [INFO:btm_ble_gap.cc(3253)] btm_ble_process_adv_pkt_cont Data Complete 63:d6:05:85:71:95
04-10 08:33:36.563 3037 3743 D bt_btm_ble: bool parse_adv_audio_uuids_from_adv_pkt(const uint8_t *, size_t, uint8_t): tmap_cap_pts: false
04-10 08:33:36.572 1385 4310 E ANDR-PERF-LM: VmRssMeter:: start() 453: Could not find pid, can not collect vmrss data
04-10 08:33:36.575 1402 12635 I QC2C2DEngine: calcYSize: unsupported or RGB color format, RGBA8888_UBWC(-1040187392)
04-10 08:33:36.580 1385 4311 E ANDR-PERF-LM: VmRssMeter:: start() 453: Could not find pid, can not collect vmrss data
04-10 08:33:36.580 1385 4311 E ANDR-PERF-LM: AdaptiveLaunch: writeToDataBase() 64: Meter aborted or could not get meter data for this run
04-10 08:33:36.595 1402 12635 I QC2C2DEngine: calcYSize: unsupported or RGB color format, RGBA8888_UBWC(-1040187392)
04-10 08:33:36.598 1726 3838 D NtWindowManagerService: getActiveRecentsLayerTaskId: ar=ActivityRecord{f0703da u0 com.spintec.qt.form500.poc/.My7000App t629} taskId=629
04-10 08:33:36.599 2840 3477 V ShellRecents: [26030276] RecentsController.screenshotTask: taskId=629
04-10 08:33:36.615 1402 12635 I QC2C2DEngine: calcYSize: unsupported or RGB color format, RGBA8888_UBWC(-1040187392)
04-10 08:33:36.636 1402 12635 I QC2C2DEngine: calcYSize: unsupported or RGB color format, RGBA8888_UBWC(-1040187392)
04-10 08:33:36.647 1726 3358 D NtWindowManagerService: getActiveRecentsLayerTaskId: ar=ActivityRecord{f0703da u0 com.spintec.qt.form500.poc/.My7000App t629} taskId=629
04-10 08:33:36.649 3294 3294 I NT-StateManager: onStateTransitionStart StateManager: StateManager(mLastStableState:Normal, mCurrentStableState:Background, mState:Overview, mRestState:Normal, isInTransition:false)
04-10 08:33:36.650 3294 3294 I NT-StateManager: onStateTransitionEnd StateManager: StateManager(mLastStableState:Normal, mCurrentStableState:Overview, mState:Overview, mRestState:Normal, isInTransition:false)
04-10 08:33:36.652 608 608 W [FTS_TS]fts_input_report_b: [B]P0(548, 2345)[p:4,tm:64] DOWN!
04-10 08:33:36.653 3294 3443 D QuickstepModelDelegate: notifyAppTargetEvent action=1 launchLocation=
04-10 08:33:36.655 3294 3441 I ImeTracker: com.nothing.launcher:3bc7a7b8: onRequestHide at ORIGIN_CLIENT_HIDE_SOFT_INPUT reason HIDE_SOFT_INPUT
04-10 08:33:36.655 3294 3441 I ImeTracker: com.nothing.launcher:3bc7a7b8: onFailed at PHASE_CLIENT_VIEW_SERVED
04-10 08:33:36.657 3294 3294 I NT-NTDragLayer: onMeasure consumed 0
04-10 08:33:36.657 1354 1354 I sensors-hal: flush:271, android.sensor.accelerometer/11
04-10 08:33:36.657 1354 1354 I sensors-hal: send_sync_sensor_request:361, send sync request
04-10 08:33:36.657 3294 3294 I NT-NTDragLayer: onLayout consumed 0
04-10 08:33:36.657 1354 1354 I sensors-hal: send_sync_sensor_request:387, wait for notification of response
04-10 08:33:36.658 1354 2789 I sensors-hal: ssc_conn_resp_cb:676, resp_value = 0
04-10 08:33:36.658 3294 3294 I NT-NTDragLayer: dispatchDraw consumed 1
04-10 08:33:36.658 5695 5695 I A : onStart
04-10 08:33:36.660 3037 3518 I BtGatt.ScanManager: msg.what = 6
04-10 08:33:36.660 3037 3518 D BtGatt.ScanManager: uid 10127 isForeground true scanMode 1
04-10 08:33:36.660 3037 3518 D BtGatt.ScanManager: uid 10127 isForeground true scanMode 3
04-10 08:33:36.660 1354 1354 I sensors-hal: send_sync_sensor_request:393, takes 2 ms to receive the response with 0
04-10 08:33:36.660 1354 1354 I sensors-hal: flush:277, android.sensor.accelerometer/11 completed
04-10 08:33:36.661 2840 3069 V ShellRecents: [26030276] RecentsController.detachNavigationBarFromApp
04-10 08:33:36.664 1726 2617 D KeyCombinationManager: interceptKeyLocked() keyCode:3 count:0 down:true interactive:true eventTime:357243 mDownTimes={}
04-10 08:33:36.664 1726 2617 D VibratorManagerService: vibrate uid =1000, opPkg = android, reason = Virtual Key - Press, attrs = VibrationAttributes: Usage=TOUCH Audio Usage= USAGE_UNKNOWN Flags=0
04-10 08:33:36.664 1726 2617 D RichTapVibratorService: none richtap effect, do nothing!!
04-10 08:33:36.664 1726 2617 D VibratorManagerService: Starting vibrate for vibration 32
04-10 08:33:36.664 1726 2617 D VibratorManagerService: Vibration for uid=1000 and with attrs=VibrationAttributes: Usage=TOUCH Audio Usage= USAGE_UNKNOWN Flags=0 ended with status IGNORED_FOR_SETTINGS
04-10 08:33:36.665 3037 3518 D BtGatt.ScanManager: uid 10127 isForeground true scanMode 3
04-10 08:33:36.667 1402 12635 I QC2C2DEngine: calcYSize: unsupported or RGB color format, RGBA8888_UBWC(-1040187392)
04-10 08:33:36.668 5695 5695 I A : onResume
04-10 08:33:36.676 1402 12635 I QC2C2DEngine: calcYSize: unsupported or RGB color format, RGBA8888_UBWC(-1040187392)
04-10 08:33:36.692 1402 12635 I QC2C2DEngine: calcYSize: unsupported or RGB color format, RGBA8888_UBWC(-1040187392)
04-10 08:33:36.711 1402 12640 D BufferPoolAccessor2.0: bufferpool2 0xf1a43628 : 7(10981376 size) total buffers - 6(9412608 size) used buffers - 1162/1170 (recycle/alloc) - 20/1163 (fetch/transfer)
04-10 08:33:36.717 1402 12635 I QC2C2DEngine: calcYSize: unsupported or RGB color format, RGBA8888_UBWC(-1040187392)
04-10 08:33:36.730 608 608 W [FTS_TS]fts_input_report_b: [B]P0 UP!
04-10 08:33:36.730 608 608 W [FTS_TS]fts_input_report_b: [B]Points All Up!
04-10 08:33:36.733 1726 2617 D KeyCombinationManager: interceptKeyLocked() keyCode:3 count:0 down:false interactive:true eventTime:357313 mDownTimes={3=357243}
04-10 08:33:36.737 1726 2213 D WindowManager: startDockOrHome: startReason= startDockOrHome
04-10 08:33:36.737 1402 12635 I QC2C2DEngine: calcYSize: unsupported or RGB color format, RGBA8888_UBWC(-1040187392)
04-10 08:33:36.741 1726 2213 D BLASTSyncEngine: startSyncSet SyncGroup = com.android.server.wm.BLASTSyncEngine$SyncGroup@3da5e3b,parallel = false,alreadyRunning = false,Callers=com.android.server.wm.BLASTSyncEngine.startSyncSet:442 com.android.server.wm.Transition.startCollecting:572 com.android.server.wm.TransitionController.moveToCollecting:331 com.android.server.wm.TransitionController.createAndStartCollecting:1447 com.android.server.wm.ActivityStarter.startActivityUnchecked:1548 com.android.server.wm.ActivityStarter.executeRequest:1385 com.android.server.wm.ActivityStarter.execute:778 com.android.server.wm.ActivityStartController.startHomeActivity:198 com.android.server.wm.RootWindowContainer.startHomeOnTaskDisplayArea:1507 com.android.server.wm.RootWindowContainer.lambda$startHomeOnDisplay$11:1446 com.android.server.wm.RootWindowContainer.$r8$lambda$zDbqLY8yVs2-CTsfHP7FhguhRoM:0 com.android.server.wm.RootWindowContainer$$ExternalSyntheticLambda5.apply:0 com.android.server.wm.TaskDisplayArea.reduceOnAllTaskDisplayAreas:514 com.android.server.wm.DisplayArea.reduceOnAllTaskDisplayAreas:527 com.android.server.wm.DisplayArea.reduceOnAllTaskDisplayAreas:527
04-10 08:33:36.743 1726 2213 I ActivityTaskManager: START u0 {act=android.intent.action.MAIN cat=[android.intent.category.HOME] flg=0x10000100 cmp=com.nothing.launcher/com.android.searchlauncher.SearchLauncher (has extras)} with LAUNCH_SINGLE_TASK from uid 0 pid 0 (BAL_ALLOW_ALLOWLISTED_UID) result code=3
04-10 08:33:36.745 2840 2853 D KeyguardService: setOccluded(false)
04-10 08:33:36.745 2840 2853 D KeyguardViewMediator: setOccluded(false)
04-10 08:33:36.745 2840 2853 D KeyguardViewMediator: setOccluded false
04-10 08:33:36.747 2840 2840 D ShadeControllerImpl: animateCollapse(): mExpandedVisible=falseflags=0
04-10 08:33:36.747 2840 2898 D WindowManagerShell: onActivityRestartAttempt: ComponentInfo{com.nothing.launcher/com.android.searchlauncher.SearchLauncher}
04-10 08:33:36.747 2840 2840 I vol.VolumeDialogImpl: mDialog.dismiss() reason: volume_controller from: com.android.systemui.volume.VolumeDialogImpl$15.onDismissRequested:3226
04-10 08:33:36.747 2840 2840 D KeyguardViewMediator: handleSetOccluded(false)
04-10 08:33:36.747 2840 2840 D KeyguardViewMediator: isOccluded=false,mPowerGestureIntercepted=false
04-10 08:33:36.752 1319 3529 D vendor.qti.bluetooth@1.0-wake_lock: Release wakelock is released
04-10 08:33:36.756 1402 12635 I QC2C2DEngine: calcYSize: unsupported or RGB color format, RGBA8888_UBWC(-1040187392)
04-10 08:33:36.771 1402 12635 I QC2C2DEngine: calcYSize: unsupported or RGB color format, RGBA8888_UBWC(-1040187392)
04-10 08:33:36.773 2840 2853 V ShellRecents: [26030276] RecentsController.screenshotTask: taskId=629
04-10 08:33:36.793 1402 12635 I QC2C2DEngine: calcYSize: unsupported or RGB color format, RGBA8888_UBWC(-1040187392)
04-10 08:33:36.803 2840 2840 I vol.VolumeDialogImpl: mDialog.dismiss() reason: volume_controller from: com.android.systemui.volume.VolumeDialogImpl$15.onDismissRequested:3226
04-10 08:33:36.803 2840 2840 D vol.VolumeDialogImpl: dismissH: skipping dismiss because isAnimatingDismiss is true and showingStateInconsistent is false
04-10 08:33:36.803 3294 3294 I NT-StateManager: onStateTransitionStart StateManager: StateManager(mLastStableState:Normal, mCurrentStableState:Overview, mState:Normal, mRestState:Normal, isInTransition:true)
04-10 08:33:36.805 2840 2840 D ShadeControllerImpl: animateCollapse(): mExpandedVisible=falseflags=0
04-10 08:33:36.805 1354 1354 I sensors-hal: batch:242, android.sensor.accelerometer/11, period=50000000, max_latency=0
04-10 08:33:36.805 1354 1354 I sensors-hal: set_config:68, sample_period_ns is adjusted to 50000000 based on min/max delay_ns
04-10 08:33:36.805 1354 1354 I sensors-hal: batch:251, android.sensor.accelerometer/11, period=50000000, max_latency=0 request completed
04-10 08:33:36.807 3294 3443 D QuickstepModelDelegate: notifyAppTargetEvent action=1 launchLocation=workspace/5/[-1,-1]/[1,1]
04-10 08:33:36.812 3294 3294 I NT-InputConsumerProxy: AL-1283: Destroy InputConsumerProxy, UnRegister input listener.
04-10 08:33:36.812 2840 2898 V ShellRecents: [26030276] RecentsController.finishInner: toHome=true userLeave=true willFinishToHome=true state=0
04-10 08:33:36.813 2840 2898 V ShellRecents: normal finish
04-10 08:33:36.813 2840 2898 V ShellRecents: [26030276] RecentsController.cleanup
04-10 08:33:36.813 1402 12635 I QC2C2DEngine: calcYSize: unsupported or RGB color format, RGBA8888_UBWC(-1040187392)
04-10 08:33:36.813 2840 2898 V WindowManagerShell: Transition animation finished (aborted=false), notifying core (#38)android.os.BinderProxy@991abad@0
04-10 08:33:36.815 1726 2212 V WindowManager: Finish Transition #38: created at
04-10 08:33:36.167 collect-started=0.523ms started=0.583ms ready=4.112ms sent=56.828ms finished=647.225ms
04-10 08:33:36.817 1726 3358 D ActivityTrigger: ActivityTrigger activityPauseTrigger
04-10 08:33:36.824 2840 2898 V WindowManagerShell: Track 0 became idle
04-10 08:33:36.825 2840 2898 V WindowManagerShell: All active transition animations finished
04-10 08:33:36.827 4733 4733 I Qt5.My7000App: My7000App::onPause() called
04-10 08:33:36.830 4733 12671 D libForm500Crash_POC_arm64-v8a.so: Application state changed to Qt::ApplicationInactive
04-10 08:33:36.831 1402 12635 I QC2C2DEngine: calcYSize: unsupported or RGB color format, RGBA8888_UBWC(-1040187392)
04-10 08:33:36.836 3239 3295 W DynamicDDSService: appName is not found in cache: com.spintec.qt.form500.poc
04-10 08:33:36.837 1726 2216 V WindowManager: Unknown focus tokens, dropping reportFocusChanged
04-10 08:33:36.838 1402 12635 I QC2C2DEngine: calcYSize: unsupported or RGB color format, RGBA8888_UBWC(-1040187392)
04-10 08:33:36.841 1726 2216 D NtPerfTraceManagerImpl: packageName = com.nothing.launcher, taskId = 628
04-10 08:33:36.853 1402 12635 I QC2C2DEngine: calcYSize: unsupported or RGB color format, RGBA8888_UBWC(-1040187392)
04-10 08:33:36.855 1726 2617 I ImeTracker: com.nothing.launcher:10239c50: onRequestHide at ORIGIN_SERVER_HIDE_INPUT reason HIDE_UNSPECIFIED_WINDOW
04-10 08:33:36.855 1726 2617 I ImeTracker: com.nothing.launcher:10239c50: onCancelled at PHASE_SERVER_SHOULD_HIDE
04-10 08:33:36.856 4733 4733 E BufferQueueProducer: [SurfaceView[com.spintec.qt.form500.poc/com.spintec.qt.form500.poc.My7000App]#30(BLAST Consumer)30](id:127d0000001e,api:0,p:-1,c:4733) disconnect: not connected (req=2)
04-10 08:33:36.857 6287 6287 I GoogleInputMethodService: GoogleInputMethodService.onFinishInput():3096
04-10 08:33:36.858 6287 6287 I GoogleInputMethodService: GoogleInputMethodService.updateDeviceLockedStatus():2210 repeatCheckTimes = 0, locked = false
04-10 08:33:36.858 6287 6287 I GoogleInputMethodService: GoogleInputMethodService.onStartInput():1950 onStartInput(EditorInfo{EditorInfo{packageName=com.nothing.launcher, inputType=0, inputTypeString=NULL, enableLearning=false, autoCorrection=false, autoComplete=false, imeOptions=0, privateImeOptions=null, actionName=UNSPECIFIED, actionLabel=null, initialSelStart=-1, initialSelEnd=-1, initialCapsMode=0, label=null, fieldId=0, fieldName=null, extras=null, hintText=null, hintLocales=[]}}, false)
04-10 08:33:36.858 6287 6287 I GoogleInputMethodService: GoogleInputMethodService.updateDeviceLockedStatus():2210 repeatCheckTimes = 1, locked = false
04-10 08:33:36.859 6287 6287 I AndroidIME: InputBundleManager.loadActiveInputBundleId():450 loadActiveInputBundleId: und-Latn-x-password, password
04-10 08:33:36.860 1726 2617 W PackageConfigPersister: App-specific configuration not found for packageName: com.nothing.launcher and userId: 0
04-10 08:33:36.874 1402 12635 I QC2C2DEngine: calcYSize: unsupported or RGB color format, RGBA8888_UBWC(-1040187392)
04-10 08:33:36.884 4733 4733 I Qt5.My7000App: My7000App::onStop() called
04-10 08:33:36.885 4733 4733 I Qt5.My7000App: My7000App::onStop() after super called
04-10 08:33:36.886 4733 12671 D libForm500Crash_POC_arm64-v8a.so: Application state changed to Qt::ApplicationSuspended
04-10 08:33:36.889 1402 12635 I QC2C2DEngine: calcYSize: unsupported or RGB color format, RGBA8888_UBWC(-1040187392)
04-10 08:33:36.895 1402 12635 I QC2C2DEngine: calcYSize: unsupported or RGB color format, RGBA8888_UBWC(-1040187392)
04-10 08:33:36.902 1402 12635 I QC2C2DEngine: calcYSize: unsupported or RGB color format, RGBA8888_UBWC(-1040187392)
04-10 08:33:36.922 1402 12635 I QC2C2DEngine: calcYSize: unsupported or RGB color format, RGBA8888_UBWC(-1040187392)
04-10 08:33:36.937 1402 12635 I QC2C2DEngine: calcYSize: unsupported or RGB color format, RGBA8888_UBWC(-1040187392)
04-10 08:33:36.950 1402 12635 I QC2C2DEngine: calcYSize: unsupported or RGB color format, RGBA8888_UBWC(-1040187392)
04-10 08:33:36.972 1402 12635 I QC2C2DEngine: calcYSize: unsupported or RGB color format, RGBA8888_UBWC(-1040187392)
04-10 08:33:36.987 1402 12635 I QC2C2DEngine: calcYSize: unsupported or RGB color format, RGBA8888_UBWC(-1040187392)
04-10 08:33:37.004 1402 12635 I QC2C2DEngine: calcYSize: unsupported or RGB color format, RGBA8888_UBWC(-1040187392)
04-10 08:33:37.019 1402 12635 I QC2C2DEngine: calcYSize: unsupported or RGB color format, RGBA8888_UBWC(-1040187392)
04-10 08:33:37.036 1402 12635 I QC2C2DEngine: calcYSize: unsupported or RGB color format, RGBA8888_UBWC(-1040187392)
04-10 08:33:37.049 1402 12635 I QC2C2DEngine: calcYSize: unsupported or RGB color format, RGBA8888_UBWC(-1040187392)
04-10 08:33:37.057 2840 2840 D vol.VolumeDialogImpl: hideRingerDrawer - drawer is already hide
04-10 08:33:37.058 1726 3358 D AS.AudioService: Volume controller visible: false
04-10 08:33:37.063 1402 12635 I QC2C2DEngine: calcYSize: unsupported or RGB color format, RGBA8888_UBWC(-1040187392)
04-10 08:33:37.068 3294 3294 I NT-StateManager: onStateTransitionEnd StateManager: StateManager(mLastStableState:Normal, mCurrentStableState:Normal, mState:Normal, mRestState:null, isInTransition:true)
04-10 08:33:37.073 1402 12635 I QC2C2DEngine: calcYSize: unsupported or RGB color format, RGBA8888_UBWC(-1040187392)
04-10 08:33:37.086 1402 12635 I QC2C2DEngine: calcYSize: unsupported or RGB color format, RGBA8888_UBWC(-1040187392)
04-10 08:33:37.097 1402 12635 I QC2C2DEngine: calcYSize: unsupported or RGB color format, RGBA8888_UBWC(-1040187392)
04-10 08:33:37.107 1402 12635 I QC2C2DEngine: calcYSize: unsupported or RGB color format, RGBA8888_UBWC(-1040187392)
04-10 08:33:37.120 1402 12635 I QC2C2DEngine: calcYSize: unsupported or RGB color format, RGBA8888_UBWC(-1040187392)
04-10 08:33:37.131 1402 12635 I QC2C2DEngine: calcYSize: unsupported or RGB color format, RGBA8888_UBWC(-1040187392)
04-10 08:33:37.143 1402 12635 I QC2C2DEngine: calcYSize: unsupported or RGB color format, RGBA8888_UBWC(-1040187392)
04-10 08:33:37.153 1402 12635 I QC2C2DEngine: calcYSize: unsupported or RGB color format, RGBA8888_UBWC(-1040187392)
04-10 08:33:37.163 1402 12635 I QC2C2DEngine: calcYSize: unsupported or RGB color format, RGBA8888_UBWC(-1040187392)
04-10 08:33:37.173 1402 12635 I QC2C2DEngine: calcYSize: unsupported or RGB color format, RGBA8888_UBWC(-1040187392)
04-10 08:33:37.184 1402 12635 I QC2C2DEngine: calcYSize: unsupported or RGB color format, RGBA8888_UBWC(-1040187392)
04-10 08:33:37.195 1402 12635 I QC2C2DEngine: calcYSize: unsupported or RGB color format, RGBA8888_UBWC(-1040187392)
04-10 08:33:37.205 1402 12635 I QC2C2DEngine: calcYSize: unsupported or RGB color format, RGBA8888_UBWC(-1040187392)
04-10 08:33:37.217 1402 12635 I QC2C2DEngine: calcYSize: unsupported or RGB color format, RGBA8888_UBWC(-1040187392)
04-10 08:33:37.227 1402 12635 I QC2C2DEngine: calcYSize: unsupported or RGB color format, RGBA8888_UBWC(-1040187392)
04-10 08:33:37.238 1402 12635 I QC2C2DEngine: calcYSize: unsupported or RGB color format, RGBA8888_UBWC(-1040187392)
04-10 08:33:37.249 1402 12635 I QC2C2DEngine: calcYSize: unsupported or RGB color format, RGBA8888_UBWC(-1040187392)
04-10 08:33:37.362 608 608 W [FTS_TS]fts_input_report_b: [B]P0(937, 1634)[p:3,tm:48] DOWN!
04-10 08:33:37.436 608 608 W [FTS_TS]fts_input_report_b: [B]P0 UP!
04-10 08:33:37.436 608 608 W [FTS_TS]fts_input_report_b: [B]Points All Up!
04-10 08:33:37.440 3294 3294 I NT-ItemClickHandler: ItemClickHandler.onClick
04-10 08:33:37.448 1726 3358 D BLASTSyncEngine: startSyncSet SyncGroup = com.android.server.wm.BLASTSyncEngine$SyncGroup@b1b4c2b,parallel = false,alreadyRunning = false,Callers=com.android.server.wm.BLASTSyncEngine.startSyncSet:442 com.android.server.wm.Transition.startCollecting:572 com.android.server.wm.TransitionController.moveToCollecting:331 com.android.server.wm.TransitionController.createAndStartCollecting:1447 com.android.server.wm.ActivityStarter.startActivityUnchecked:1548 com.android.server.wm.ActivityStarter.executeRequest:1385 com.android.server.wm.ActivityStarter.execute:778 com.android.server.wm.ActivityTaskManagerService.startActivityAsUser:1329 com.android.server.wm.ActivityTaskManagerService.startActivityAsUser:1272 com.android.server.wm.ActivityTaskManagerService.startActivity:1247 android.app.IActivityTaskManager$Stub.onTransact:929 com.android.server.wm.ActivityTaskManagerService.onTransact:5621 android.os.Binder.execTransactInternal:1339 android.os.Binder.execTransact:1275
04-10 08:33:37.451 1726 3358 V NtGameModeImpl: onAppFocusChanged: pkg=com.spintec.qt.form500.poc, uid=10341, category=-1
04-10 08:33:37.451 1726 3358 D NtPopUpViewImpl: PopUpView: onAppFocusChanged: newTask=Task{dc5400b #629 type=standard A=10341:com.spintec.qt.form500.poc}, showDimmer=false
04-10 08:33:37.451 1726 3358 D NtDimmerWindow: NtDimmerWindow.enterPinnedWindowWindowingMode: You can only enter PinnedWindow from Windowform. task=Task{2dbc4fe #1 type=home}
04-10 08:33:37.451 1726 3358 D NtWindowformEdgeBarHelper: setTask true
04-10 08:33:37.454 2817 5016 D TopAppSceneDetector: currentFocusApp=com.spintec.qt.form500.poc
04-10 08:33:37.455 1726 3358 D ActivityTrigger: ActivityTrigger activityPauseTrigger
04-10 08:33:37.457 1726 3358 I ActivityTaskManager: START u0 {act=android.intent.action.MAIN cat=[android.intent.category.LAUNCHER] flg=0x10200000 cmp=com.spintec.qt.form500.poc/.My7000App bnds=[782,1516][1024,1792]} with LAUNCH_SINGLE_TOP from uid 10183 pid 3294 (BAL_ALLOW_ALLOWLISTED_COMPONENT) result code=2
04-10 08:33:37.462 2840 2898 V WindowManagerShell: Transition requested: android.os.BinderProxy@18052f4 TransitionRequestInfo { type = OPEN, triggerTask = TaskInfo{userId=0 taskId=629 displayId=0 isRunning=true baseIntent=Intent { act=android.intent.action.MAIN cat=[android.intent.category.LAUNCHER] flg=0x10200000 cmp=com.spintec.qt.form500.poc/.My7000App } baseActivity=ComponentInfo{com.spintec.qt.form500.poc/com.spintec.qt.form500.poc.My7000App} topActivity=ComponentInfo{com.spintec.qt.form500.poc/com.spintec.qt.form500.poc.My7000App} origActivity=null realActivity=ComponentInfo{com.spintec.qt.form500.poc/com.spintec.qt.form500.poc.My7000App} numActivities=1 lastActiveTime=357399 supportsMultiWindow=true resizeMode=1 isResizeable=true minWidth=-1 minHeight=-1 defaultMinSize=220 token=WCT{android.window.IWindowContainerToken$Stub$Proxy@9a1da1d} topActivityType=1 pictureInPictureParams=null shouldDockBigOverlays=false launchIntoPipHostTaskId=-1 lastParentTaskIdBeforePip=-1 displayCutoutSafeInsets=Rect(0, 136 - 0, 0) topActivityInfo=ActivityInfo{9cce492 com.spintec.qt.form500.poc.My7000App} launchCookies=[android.os.BinderProxy@4cdfe63] positionInParent=Point(0, 0) parentTaskId=-1 isFocused=true isVisible=false isVisibleRequested=false isSleeping=false topActivityInSizeCompat=false topActivityEligibleForLetterboxEducation= false topActivityLetterboxed= false isFromDoubleTap= false topActivityLetterboxVerticalPosition= -1 topActivityLetterboxHorizontalPosition= -1 topActivityLetterboxWidth=-1 topActivityLetterboxHeight=-1 locusId=null displayAreaFeatureId=1 cameraCompatControlState=hidden}, remoteTransition = RemoteTransition { remoteTransition = android.window.IRemoteTransition$Stub$Proxy@2c9aa60, appThread = android.app.IApplicationThread$Stub$Proxy@806fb19, debugName = QuickstepLaunch }, displayChange = null }
04-10 08:33:37.462 2840 2898 V WindowManagerShell: RemoteTransition directly requested for android.os.BinderProxy@18052f4: RemoteTransition { remoteTransition = android.window.IRemoteTransition$Stub$Proxy@2c9aa60, appThread = android.app.IApplicationThread$Stub$Proxy@806fb19, debugName = QuickstepLaunch }
04-10 08:33:37.462 2840 2898 V WindowManagerShell: handleRequest com.android.wm.shell.transition.RemoteTransitionHandler@f067dac handled
04-10 08:33:37.463 2840 2898 D WindowManagerShell: onActivityRestartAttempt: ComponentInfo{com.spintec.qt.form500.poc/com.spintec.qt.form500.poc.My7000App}
04-10 08:33:37.464 3294 3294 I NT-TopTaskTracker: Call back onTaskMovedToFront taskId = 629
04-10 08:33:37.464 1402 12635 I QC2C2DEngine: calcYSize: unsupported or RGB color format, RGBA8888_UBWC(-1040187392)
04-10 08:33:37.465 3294 3443 D QuickstepModelDelegate: notifyAppTargetEvent action=1 launchLocation=workspace/5/[3,5]/[1,1]
04-10 08:33:37.465 1726 2915 W WindowManager: Failed looking up window session=Session{1c27e3c 2840:u0a10199} callers=com.android.server.wm.WindowManagerService.windowForClientLocked:6155 com.android.server.wm.WindowManagerService.removeWindow:2001 com.android.server.wm.Session.remove:231
04-10 08:33:37.466 1385 1554 W ANDR-PERF-LM: MetaMeter: handlePrimaryAsync() 118: AdaptLaunch MetaMeter. No MeterMgr Available to handle this Primary Async. !!!!
04-10 08:33:37.466 1385 1554 W ANDR-PERF-LM: MetaMeter: handlePrimaryAsync() 118: AdaptLaunch MetaMeter. No MeterMgr Available to handle this Primary Async. !!!!
04-10 08:33:37.467 1726 3358 E Transition: Trying to add a ready-group twice: Display{#0 state=ON size=1080x2400 ROTATION_0}
04-10 08:33:37.468 2817 5016 D NearbyDetector: onTopActivityChanged: top class name: com.android.searchlauncher.SearchLauncher
04-10 08:33:37.468 2817 5016 D NearbyDetector: onTopActivityChanged: top class name: com.spintec.qt.form500.poc.My7000App
04-10 08:33:37.468 2817 5016 D GameSceneDetector: Failed to call isBoostTypeGame: java.lang.NoSuchMethodException: android.util.BoostFramework.perfGetFeedback []
04-10 08:33:37.468 2817 5016 D GameSceneDetector: onTopChanged=com.spintec.qt.form500.poc, isBoostTypeGame=false, isCategoryGame=false
04-10 08:33:37.468 2817 5016 D SceneManager: TopAPP=com.spintec.qt.form500.poc, category=-1
04-10 08:33:37.475 4733 4733 I Qt5.My7000App: My7000App::onResume() called
04-10 08:33:37.477 4733 12671 D libForm500Crash_POC_arm64-v8a.so: Application state changed to Qt::ApplicationActive
04-10 08:33:37.479 1433 1433 I BpBinder: onLastStrongRef automatically unlinking death recipients:
04-10 08:33:37.481 1402 12635 I QC2C2DEngine: calcYSize: unsupported or RGB color format, RGBA8888_UBWC(-1040187392)
04-10 08:33:37.486 2840 2935 V SnapshotDrawerUtils: Drawing snapshot surface sizeMismatch=false
04-10 08:33:37.492 4733 12667 E OpenGLRenderer: Unable to match the desired swap behavior.
04-10 08:33:37.493 1726 2212 V WindowManager: Sent Transition #40 createdAt=04-10 08:33:37.447 via request=TransitionRequestInfo { type = OPEN, triggerTask = TaskInfo{userId=0 taskId=629 displayId=0 isRunning=true baseIntent=Intent { act=android.intent.action.MAIN cat=[android.intent.category.LAUNCHER] flg=0x10200000 cmp=com.spintec.qt.form500.poc/.My7000App } baseActivity=ComponentInfo{com.spintec.qt.form500.poc/com.spintec.qt.form500.poc.My7000App} topActivity=ComponentInfo{com.spintec.qt.form500.poc/com.spintec.qt.form500.poc.My7000App} origActivity=null realActivity=ComponentInfo{com.spintec.qt.form500.poc/com.spintec.qt.form500.poc.My7000App} numActivities=1 lastActiveTime=357399 supportsMultiWindow=true resizeMode=1 isResizeable=true minWidth=-1 minHeight=-1 defaultMinSize=220 token=WCT{RemoteToken{6ce9df5 Task{dc5400b #629 type=standard A=10341:com.spintec.qt.form500.poc}}} topActivityType=1 pictureInPictureParams=null shouldDockBigOverlays=false launchIntoPipHostTaskId=-1 lastParentTaskIdBeforePip=-1 displayCutoutSafeInsets=Rect(0, 136 - 0, 0) topActivityInfo=ActivityInfo{a98178a com.spintec.qt.form500.poc.My7000App} launchCookies=[android.os.BinderProxy@ba5281e] positionInParent=Point(0, 0) parentTaskId=-1 isFocused=true isVisible=false isVisibleRequested=false isSleeping=false topActivityInSizeCompat=false topActivityEligibleForLetterboxEducation= false topActivityLetterboxed= false isFromDoubleTap= false topActivityLetterboxVerticalPosition= -1 topActivityLetterboxHorizontalPosition= -1 topActivityLetterboxWidth=-1 topActivityLetterboxHeight=-1 locusId=null displayAreaFeatureId=1 cameraCompatControlState=hidden}, remoteTransition = RemoteTransition { remoteTransition = android.window.IRemoteTransition$Stub$Proxy@cbf68ff, appThread = android.app.IApplicationThread$Stub$Proxy@3b796cc, debugName = QuickstepLaunch }, displayChange = null }
04-10 08:33:37.493 1726 2212 V WindowManager: startWCT=WindowContainerTransaction { changes = {} hops = [] errorCallbackToken=null taskFragmentOrganizer=null }
04-10 08:33:37.493 1726 2212 V WindowManager: info={id=40 t=OPEN f=0x0 trk=0 r=[0@Point(0, 0)] c=[{WCT{RemoteToken{6ce9df5 Task{dc5400b #629 type=standard A=10341:com.spintec.qt.form500.poc}}} m=TO_FRONT f=MOVE_TO_TOP leash=Surface(name=Task=629)/@0x2a116df sb=Rect(0, 0 - 1080, 2400) eb=Rect(0, 0 - 1080, 2400) d=0},{WCT{RemoteToken{3176405 Task{2dbc4fe #1 type=home}}} m=TO_BACK f=SHOW_WALLPAPER leash=Surface(name=Task=1)/@0xceec555 sb=Rect(0, 0 - 1080, 2400) eb=Rect(0, 0 - 1080, 2400) d=0}]}
04-10 08:33:37.495 4733 4733 I SurfaceView: surfaceview vote min fps
04-10 08:33:37.495 2840 2898 V WindowManagerShell: onTransitionReady android.os.BinderProxy@18052f4: {id=40 t=OPEN f=0x0 trk=0 r=[0@Point(0, 0)] c=[{WCT{android.window.IWindowContainerToken$Stub$Proxy@bac73ea} m=TO_FRONT f=MOVE_TO_TOP leash=Surface(name=Task=629)/@0x9981dbf sb=Rect(0, 0 - 1080, 2400) eb=Rect(0, 0 - 1080, 2400) d=0},{WCT{android.window.IWindowContainerToken$Stub$Proxy@4bad6db} m=TO_BACK f=SHOW_WALLPAPER leash=Surface(name=Task=1)/@0xf8f0c8c sb=Rect(0, 0 - 1080, 2400) eb=Rect(0, 0 - 1080, 2400) d=0}]}
04-10 08:33:37.495 2840 2898 V WindowManagerShell: Playing animation for (#40)android.os.BinderProxy@18052f4@0
04-10 08:33:37.495 2840 2898 V WindowManagerShell: try firstHandler com.android.wm.shell.transition.DefaultMixedHandler@a890bd
04-10 08:33:37.496 2840 2898 V WindowManagerShell: Delegate animation for #40 to RemoteTransition { remoteTransition = android.window.IRemoteTransition$Stub$Proxy@2c9aa60, appThread = android.app.IApplicationThread$Stub$Proxy@806fb19, debugName = QuickstepLaunch }
04-10 08:33:37.497 2840 2898 V WindowManagerShell: animated by firstHandler
04-10 08:33:37.500 3294 3294 I NT-TransitionSmoothHelper: clear
04-10 08:33:37.500 1402 12635 I QC2C2DEngine: calcYSize: unsupported or RGB color format, RGBA8888_UBWC(-1040187392)
04-10 08:33:37.501 1726 2212 W ziparchive: Unable to open '/data/app/~~VXJMSZcnXxXOCkvo99yEnQ==/com.spintec.qt.form500.poc-K4cmV_bINLx0_037uJu7OA==/base.dm': No such file or directory
04-10 08:33:37.504 1402 12635 I QC2C2DEngine: calcYSize: unsupported or RGB color format, RGBA8888_UBWC(-1040187392)
04-10 08:33:37.505 3294 3294 I NT-NTDragLayer: onMeasure consumed 0
04-10 08:33:37.505 3294 3294 I NT-NTDragLayer: onLayout consumed 0
04-10 08:33:37.505 3294 3294 I NT-NTDragLayer: dispatchDraw consumed 0
04-10 08:33:37.510 4733 4733 I SurfaceView: surfaceview vote min fps
04-10 08:33:37.515 1402 12635 I QC2C2DEngine: calcYSize: unsupported or RGB color format, RGBA8888_UBWC(-1040187392)
04-10 08:33:37.532 1402 12635 I QC2C2DEngine: calcYSize: unsupported or RGB color format, RGBA8888_UBWC(-1040187392)
04-10 08:33:37.545 1402 12635 I QC2C2DEngine: calcYSize: unsupported or RGB color format, RGBA8888_UBWC(-1040187392)
04-10 08:33:37.560 1402 12635 I QC2C2DEngine: calcYSize: unsupported or RGB color format, RGBA8888_UBWC(-1040187392)
04-10 08:33:37.565 5695 5695 I A : onPause
04-10 08:33:37.579 1402 12635 I QC2C2DEngine: calcYSize: unsupported or RGB color format, RGBA8888_UBWC(-1040187392)
04-10 08:33:37.593 1402 12635 I QC2C2DEngine: calcYSize: unsupported or RGB color format, RGBA8888_UBWC(-1040187392)
04-10 08:33:37.613 1402 12635 I QC2C2DEngine: calcYSize: unsupported or RGB color format, RGBA8888_UBWC(-1040187392)
04-10 08:33:37.621 1726 2216 D NtPerfTraceManagerImpl: packageName = com.spintec.qt.form500.poc, taskId = 629
04-10 08:33:37.623 1726 2617 I ImeTracker: com.spintec.qt.form500.poc:d9d387f7: onRequestHide at ORIGIN_SERVER_HIDE_INPUT reason HIDE_UNSPECIFIED_WINDOW
04-10 08:33:37.623 1726 2617 I ImeTracker: com.spintec.qt.form500.poc:d9d387f7: onCancelled at PHASE_SERVER_SHOULD_HIDE
04-10 08:33:37.624 6287 6287 I GoogleInputMethodService: GoogleInputMethodService.onFinishInput():3096
04-10 08:33:37.625 6287 6287 I GoogleInputMethodService: GoogleInputMethodService.updateDeviceLockedStatus():2210 repeatCheckTimes = 0, locked = false
04-10 08:33:37.625 6287 6287 I GoogleInputMethodService: GoogleInputMethodService.onStartInput():1950 onStartInput(EditorInfo{EditorInfo{packageName=com.spintec.qt.form500.poc, inputType=0, inputTypeString=NULL, enableLearning=false, autoCorrection=false, autoComplete=false, imeOptions=0, privateImeOptions=null, actionName=UNSPECIFIED, actionLabel=null, initialSelStart=-1, initialSelEnd=-1, initialCapsMode=0, label=null, fieldId=0, fieldName=null, extras=null, hintText=null, hintLocales=[]}}, false)
04-10 08:33:37.626 6287 6287 I GoogleInputMethodService: GoogleInputMethodService.updateDeviceLockedStatus():2210 repeatCheckTimes = 1, locked = false
04-10 08:33:37.627 6287 6287 I AndroidIME: InputBundleManager.loadActiveInputBundleId():450 loadActiveInputBundleId: und-Latn-x-password, password
04-10 08:33:37.628 1726 2617 W PackageConfigPersister: App-specific configuration not found for packageName: com.spintec.qt.form500.poc and userId: 0
04-10 08:33:37.634 1402 12635 I QC2C2DEngine: calcYSize: unsupported or RGB color format, RGBA8888_UBWC(-1040187392)
04-10 08:33:37.660 1402 12635 I QC2C2DEngine: calcYSize: unsupported or RGB color format, RGBA8888_UBWC(-1040187392)
04-10 08:33:37.679 1402 12635 I QC2C2DEngine: calcYSize: unsupported or RGB color format, RGBA8888_UBWC(-1040187392)
04-10 08:33:37.697 1402 12635 I QC2C2DEngine: calcYSize: unsupported or RGB color format, RGBA8888_UBWC(-1040187392)
04-10 08:33:37.717 1402 12635 I QC2C2DEngine: calcYSize: unsupported or RGB color format, RGBA8888_UBWC(-1040187392)
04-10 08:33:37.737 1402 12635 I QC2C2DEngine: calcYSize: unsupported or RGB color format, RGBA8888_UBWC(-1040187392)
04-10 08:33:37.758 1402 12635 I QC2C2DEngine: calcYSize: unsupported or RGB color format, RGBA8888_UBWC(-1040187392)
04-10 08:33:37.779 1402 12635 I QC2C2DEngine: calcYSize: unsupported or RGB color format, RGBA8888_UBWC(-1040187392)
04-10 08:33:37.799 1402 12635 I QC2C2DEngine: calcYSize: unsupported or RGB color format, RGBA8888_UBWC(-1040187392)
04-10 08:33:37.819 1402 12635 I QC2C2DEngine: calcYSize: unsupported or RGB color format, RGBA8888_UBWC(-1040187392)
04-10 08:33:37.822 5135 5167 I NTWidget-Client: Receive method call: actionRefresh, widgetId = 1
04-10 08:33:37.823 5135 5135 I NTWidget-Client: Call handleCardRefresh, target method = onHostViewResumed
04-10 08:33:37.824 5135 5538 I NTWidget-: Ensure service valid cost time = 0, checkResult = true
04-10 08:33:37.824 5268 5481 I NTWidget-CardWidgetService: getWidgetOptions, widgetId = 1
04-10 08:33:37.827 5135 5135 I CardLab-: Widget 1 find options: width = 936, height = 210
04-10 08:33:37.827 5135 5135 I CardLab-: spanX = 4
04-10 08:33:37.827 5135 5135 I CardLab-: ContainerWidth = 936
04-10 08:33:37.827 5135 5135 I CardLab-: Display weather and date-------------
04-10 08:33:37.827 5135 5733 I CardLab-: Start to query weather data.
04-10 08:33:37.829 5135 5135 I CardLab-: Widget 1 no need refresh, return null cardInfo!!!!!!!
04-10 08:33:37.831 5649 5696 I NTWeather-ShareProvider: Call method query_weather_info from pkg = com.nothing.hearthstone
04-10 08:33:37.832 5649 5839 I NTWeather-RequestWeatherNotice: Request Weather Notice doWork
04-10 08:33:37.839 1402 12635 I QC2C2DEngine: calcYSize: unsupported or RGB color format, RGBA8888_UBWC(-1040187392)
04-10 08:33:37.851 5135 5733 I CardLab-: WeatherManager weather queried = Mostly cloudy, isWeatherChanged = false
04-10 08:33:37.857 1402 12635 I QC2C2DEngine: calcYSize: unsupported or RGB color format, RGBA8888_UBWC(-1040187392)
04-10 08:33:37.873 1402 12635 I QC2C2DEngine: calcYSize: unsupported or RGB color format, RGBA8888_UBWC(-1040187392)
04-10 08:33:37.891 1402 12635 I QC2C2DEngine: calcYSize: unsupported or RGB color format, RGBA8888_UBWC(-1040187392)
04-10 08:33:37.909 1402 12635 I QC2C2DEngine: calcYSize: unsupported or RGB color format, RGBA8888_UBWC(-1040187392)
04-10 08:33:37.929 1402 12635 I QC2C2DEngine: calcYSize: unsupported or RGB color format, RGBA8888_UBWC(-1040187392)
04-10 08:33:37.944 1402 12635 I QC2C2DEngine: calcYSize: unsupported or RGB color format, RGBA8888_UBWC(-1040187392)
04-10 08:33:37.969 1402 12635 I QC2C2DEngine: calcYSize: unsupported or RGB color format, RGBA8888_UBWC(-1040187392)
04-10 08:33:37.990 1319 3739 D vendor.qti.bluetooth@1.0-wake_lock: Acquire wakelock is acquired
04-10 08:33:37.992 3037 3743 I bt_stack: [INFO:btm_ble_gap.cc(3253)] btm_ble_process_adv_pkt_cont Data Complete 63:d6:05:85:71:95
04-10 08:33:37.992 3037 3743 I bt_stack: [INFO:btm_ble_gap.cc(3253)] btm_ble_process_adv_pkt_cont Data Complete 63:d6:05:85:71:95
04-10 08:33:37.992 3037 3743 D bt_btm_ble: bool parse_adv_audio_uuids_from_adv_pkt(const uint8_t *, size_t, uint8_t): tmap_cap_pts: false
04-10 08:33:37.999 1402 12635 I QC2C2DEngine: calcYSize: unsupported or RGB color format, RGBA8888_UBWC(-1040187392)
04-10 08:33:38.020 1402 12635 I QC2C2DEngine: calcYSize: unsupported or RGB color format, RGBA8888_UBWC(-1040187392)
04-10 08:33:38.025 3294 3441 I NT-TransitionSmoothHelper: clear
04-10 08:33:38.025 3294 3294 I NT-NTDragLayer: onMeasure consumed 0
04-10 08:33:38.025 3294 3294 I NT-NTDragLayer: onLayout consumed 0
04-10 08:33:38.026 3294 3294 I NT-NTDragLayer: dispatchDraw consumed 1
04-10 08:33:38.026 2840 2898 V WindowManagerShell: Transition animation finished (aborted=false), notifying core (#40)android.os.BinderProxy@18052f4@0
04-10 08:33:38.028 1726 2212 V WindowManager: Finish Transition #40: created at
04-10 08:33:37.447 collect-started=0.51ms request-sent=8.861ms started=15.046ms ready=23.781ms sent=45.169ms finished=580.045ms
04-10 08:33:38.033 2840 2898 V WindowManagerShell: Track 0 became idle
04-10 08:33:38.033 2840 2898 V WindowManagerShell: All active transition animations finished
04-10 08:33:38.035 3239 3295 W DynamicDDSService: appName is not found in cache: com.nothing.launcher
04-10 08:33:38.045 3037 3518 I BtGatt.ScanManager: msg.what = 6
04-10 08:33:38.045 3037 3518 D BtGatt.ScanManager: uid 10127 isForeground true scanMode 1
04-10 08:33:38.045 3037 3518 D BtGatt.ScanManager: uid 10127 isForeground true scanMode 3
04-10 08:33:38.045 3037 3518 D BtGatt.ScanManager: uid 10127 isForeground true scanMode 3
04-10 08:33:38.046 1402 12635 I QC2C2DEngine: calcYSize: unsupported or RGB color format, RGBA8888_UBWC(-1040187392)
04-10 08:33:38.060 1363 3450 I WifiHAL : event received NL80211_CMD_VENDOR, vendor_id = 0x1374, subcmd = 0xd
04-10 08:33:38.060 1858 1858 I cnss-daemon: nl80211 response handler invoked
04-10 08:33:38.060 1858 1858 I cnss-daemon: nl80211_response_handler: cmd 103, vendorID 4980, subcmd 13 received
04-10 08:33:38.066 1433 1433 I RefreshRateSelector: Display 4630946480328692354 policy changed
04-10 08:33:38.066 1433 1433 I RefreshRateSelector: Previous: {defaultModeId=1, allowGroupSwitching=false, primaryRanges={physical=[0.00 Hz, inf Hz], render=[0.00 Hz, 120.00 Hz]}, appRequestRanges={physical=[0.00 Hz, inf Hz], render=[0.00 Hz, 120.00 Hz]}}
04-10 08:33:38.066 1433 1433 I RefreshRateSelector: Current: DisplayManagerPolicy{defaultModeId=0, allowGroupSwitching=false, primaryRanges={physical=[59.00 Hz, inf Hz], render=[59.00 Hz, 61.00 Hz]}, appRequestRanges={physical=[59.00 Hz, inf Hz], render=[59.00 Hz, 61.00 Hz]}}
04-10 08:33:38.066 1433 1433 I RefreshRateSelector: 1 mode changes were performed under the previous policy
04-10 08:33:38.066 1433 1433 W ComposerExtn: DisplayExtnImpl::SetActiveConfig: HWC Display 0 is not registered!
