04-10 08:33:39.555 2840 2898 V WindowManagerShell: onTransitionReady android.os.BinderProxy@e8213f2: {id=43 t=OPEN f=0x0 trk=0 r=[0@Point(0, 0)] c=[{WCT{android.window.IWindowContainerToken$Stub$Proxy@441ffd8} m=TO_FRONT f=MOVE_TO_TOP leash=Surface(name=Task=629)/@0xac93cb5 sb=Rect(0, 0 - 1080, 2400) eb=Rect(0, 0 - 1080, 2400) d=0},{WCT{android.window.IWindowContainerToken$Stub$Proxy@51def31} m=TO_BACK f=SHOW_WALLPAPER leash=Surface(name=Task=1)/@0x12c2f4a sb=Rect(0, 0 - 1080, 2400) eb=Rect(0, 0 - 1080, 2400) d=0}]}
04-10 08:33:39.556 2840 2898 V WindowManagerShell: Playing animation for (#43)android.os.BinderProxy@e8213f2@0
04-10 08:33:39.556 2840 2898 V WindowManagerShell: try firstHandler com.android.wm.shell.transition.DefaultMixedHandler@a890bd
04-10 08:33:39.556 2840 2898 V WindowManagerShell: Delegate animation for #43 to RemoteTransition { remoteTransition = android.window.IRemoteTransition$Stub$Proxy@8997d3e, appThread = android.app.IApplicationThread$Stub$Proxy@977679f, debugName = QuickstepLaunch }
04-10 08:33:39.557 1726 2212 W ziparchive: Unable to open '/data/app/~~VXJMSZcnXxXOCkvo99yEnQ==/com.spintec.qt.form500.poc-K4cmV_bINLx0_037uJu7OA==/base.dm': No such file or directory
04-10 08:33:39.558 2840 2898 V WindowManagerShell: animated by firstHandler
04-10 08:33:39.559 1402 12635 I QC2C2DEngine: calcYSize: unsupported or RGB color format, RGBA8888_UBWC(-1040187392)
04-10 08:33:39.562 3294 3294 I NT-TransitionSmoothHelper: clear
04-10 08:33:39.564 3294 3294 I NT-NTDragLayer: onMeasure consumed 0
04-10 08:33:39.564 3294 3294 I NT-NTDragLayer: onLayout consumed 0
04-10 08:33:39.564 3294 3294 I NT-NTDragLayer: dispatchDraw consumed 0
04-10 08:33:39.564 4733 4733 I SurfaceView: surfaceview vote min fps
04-10 08:33:39.570 1433 1433 I BpBinder: onLastStrongRef automatically unlinking death recipients:
04-10 08:33:39.579 1402 12635 I QC2C2DEngine: calcYSize: unsupported or RGB color format, RGBA8888_UBWC(-1040187392)
04-10 08:33:39.583 1402 12635 I QC2C2DEngine: calcYSize: unsupported or RGB color format, RGBA8888_UBWC(-1040187392)
04-10 08:33:39.594 1402 12635 I QC2C2DEngine: calcYSize: unsupported or RGB color format, RGBA8888_UBWC(-1040187392)
04-10 08:33:39.612 5695 5695 I A : onPause
04-10 08:33:39.614 1402 12635 I QC2C2DEngine: calcYSize: unsupported or RGB color format, RGBA8888_UBWC(-1040187392)
04-10 08:33:39.614 1319 3529 D vendor.qti.bluetooth@1.0-wake_lock: Release wakelock is released
04-10 08:33:39.628 1402 12635 I QC2C2DEngine: calcYSize: unsupported or RGB color format, RGBA8888_UBWC(-1040187392)
04-10 08:33:39.641 1402 12635 I QC2C2DEngine: calcYSize: unsupported or RGB color format, RGBA8888_UBWC(-1040187392)
04-10 08:33:39.662 1402 12635 I QC2C2DEngine: calcYSize: unsupported or RGB color format, RGBA8888_UBWC(-1040187392)
04-10 08:33:39.668 1402 12635 I QC2C2DEngine: calcYSize: unsupported or RGB color format, RGBA8888_UBWC(-1040187392)
04-10 08:33:39.668 1726 2216 D NtPerfTraceManagerImpl: packageName = com.spintec.qt.form500.poc, taskId = 629
04-10 08:33:39.671 1726 2617 I ImeTracker: com.spintec.qt.form500.poc:ddea7fd: onRequestHide at ORIGIN_SERVER_HIDE_INPUT reason HIDE_UNSPECIFIED_WINDOW
04-10 08:33:39.671 1726 2617 I ImeTracker: com.spintec.qt.form500.poc:ddea7fd: onCancelled at PHASE_SERVER_SHOULD_HIDE
04-10 08:33:39.672 6287 6287 I GoogleInputMethodService: GoogleInputMethodService.onFinishInput():3096
04-10 08:33:39.673 6287 6287 I GoogleInputMethodService: GoogleInputMethodService.updateDeviceLockedStatus():2210 repeatCheckTimes = 0, locked = false
04-10 08:33:39.673 6287 6287 I GoogleInputMethodService: GoogleInputMethodService.onStartInput():1950 onStartInput(EditorInfo{EditorInfo{packageName=com.spintec.qt.form500.poc, inputType=0, inputTypeString=NULL, enableLearning=false, autoCorrection=false, autoComplete=false, imeOptions=0, privateImeOptions=null, actionName=UNSPECIFIED, actionLabel=null, initialSelStart=-1, initialSelEnd=-1, initialCapsMode=0, label=null, fieldId=0, fieldName=null, extras=null, hintText=null, hintLocales=[]}}, false)
04-10 08:33:39.673 6287 6287 I GoogleInputMethodService: GoogleInputMethodService.updateDeviceLockedStatus():2210 repeatCheckTimes = 1, locked = false
04-10 08:33:39.674 6287 6287 I AndroidIME: InputBundleManager.loadActiveInputBundleId():450 loadActiveInputBundleId: und-Latn-x-password, password
04-10 08:33:39.675 1726 2617 W PackageConfigPersister: App-specific configuration not found for packageName: com.spintec.qt.form500.poc and userId: 0
04-10 08:33:39.683 1402 12635 I QC2C2DEngine: calcYSize: unsupported or RGB color format, RGBA8888_UBWC(-1040187392)
04-10 08:33:39.699 1402 12635 I QC2C2DEngine: calcYSize: unsupported or RGB color format, RGBA8888_UBWC(-1040187392)
04-10 08:33:39.699 1433 1433 E TimeStats: [1100]-[com.nothing.launcher/com.android.searchlauncher.SearchLauncher#1100]-timeRecords is at its maximum size[64]. Ignore this when unittesting.
04-10 08:33:39.719 1402 12635 I QC2C2DEngine: calcYSize: unsupported or RGB color format, RGBA8888_UBWC(-1040187392)
04-10 08:33:39.732 1402 12635 I QC2C2DEngine: calcYSize: unsupported or RGB color format, RGBA8888_UBWC(-1040187392)
04-10 08:33:39.751 1402 12635 I QC2C2DEngine: calcYSize: unsupported or RGB color format, RGBA8888_UBWC(-1040187392)
04-10 08:33:39.779 1402 12635 I QC2C2DEngine: calcYSize: unsupported or RGB color format, RGBA8888_UBWC(-1040187392)
04-10 08:33:39.799 1402 12635 I QC2C2DEngine: calcYSize: unsupported or RGB color format, RGBA8888_UBWC(-1040187392)
04-10 08:33:39.820 1402 12635 I QC2C2DEngine: calcYSize: unsupported or RGB color format, RGBA8888_UBWC(-1040187392)
04-10 08:33:39.821 4978 4997 E native : E0000 00:00:1712727219.821537 4997 mmap.cc:233] Error during Unmap / munmap: Invalid argument
04-10 08:33:39.824 5135 5167 I NTWidget-Client: Receive method call: actionRefresh, widgetId = 1
04-10 08:33:39.825 5135 5135 I NTWidget-Client: Call handleCardRefresh, target method = onHostViewResumed
04-10 08:33:39.825 5135 5569 I NTWidget-: Ensure service valid cost time = 0, checkResult = true
04-10 08:33:39.826 5268 5481 I NTWidget-CardWidgetService: getWidgetOptions, widgetId = 1
04-10 08:33:39.829 5135 5135 I CardLab-: Widget 1 find options: width = 936, height = 210
04-10 08:33:39.829 5135 5135 I CardLab-: spanX = 4
04-10 08:33:39.829 5135 5135 I CardLab-: ContainerWidth = 936
04-10 08:33:39.829 5135 5135 I CardLab-: Display weather and date-------------
04-10 08:33:39.829 5135 5733 I CardLab-: Start to query weather data.
04-10 08:33:39.830 5649 5696 I NTWeather-ShareProvider: Call method query_weather_info from pkg = com.nothing.hearthstone
04-10 08:33:39.831 5135 5135 I CardLab-: Widget 1 no need refresh, return null cardInfo!!!!!!!
04-10 08:33:39.831 5649 5857 I NTWeather-RequestWeatherNotice: Request Weather Notice doWork
04-10 08:33:39.835 1402 12635 I QC2C2DEngine: calcYSize: unsupported or RGB color format, RGBA8888_UBWC(-1040187392)
04-10 08:33:39.852 5135 5733 I CardLab-: WeatherManager weather queried = Mostly cloudy, isWeatherChanged = false
04-10 08:33:39.855 1402 12635 I QC2C2DEngine: calcYSize: unsupported or RGB color format, RGBA8888_UBWC(-1040187392)
04-10 08:33:39.872 1402 12635 I QC2C2DEngine: calcYSize: unsupported or RGB color format, RGBA8888_UBWC(-1040187392)
04-10 08:33:39.890 1402 12635 I QC2C2DEngine: calcYSize: unsupported or RGB color format, RGBA8888_UBWC(-1040187392)
04-10 08:33:39.908 1402 12635 I QC2C2DEngine: calcYSize: unsupported or RGB color format, RGBA8888_UBWC(-1040187392)
04-10 08:33:39.931 1402 12635 I QC2C2DEngine: calcYSize: unsupported or RGB color format, RGBA8888_UBWC(-1040187392)
04-10 08:33:39.945 1402 12635 I QC2C2DEngine: calcYSize: unsupported or RGB color format, RGBA8888_UBWC(-1040187392)
04-10 08:33:39.968 1402 12635 I QC2C2DEngine: calcYSize: unsupported or RGB color format, RGBA8888_UBWC(-1040187392)
04-10 08:33:39.988 1402 12635 I QC2C2DEngine: calcYSize: unsupported or RGB color format, RGBA8888_UBWC(-1040187392)
04-10 08:33:40.010 1402 12635 I QC2C2DEngine: calcYSize: unsupported or RGB color format, RGBA8888_UBWC(-1040187392)
04-10 08:33:40.025 1726 7468 D VibratorManagerService: vibrate uid =10199, opPkg = com.android.systemui, reason = null, attrs = VibrationAttributes: Usage=TOUCH Audio Usage= USAGE_UNKNOWN Flags=0
04-10 08:33:40.025 1726 7468 D RichTapVibratorService: none richtap effect, do nothing!!
04-10 08:33:40.025 1726 7468 D VibratorManagerService: Starting vibrate for vibration 35
04-10 08:33:40.022 608 608 W [FTS_TS]fts_input_report_b: [B]P0(823, 2318)[p:2,tm:48] DOWN!
04-10 08:33:40.025 1726 7468 D VibratorManagerService: Vibration for uid=10199 and with attrs=VibrationAttributes: Usage=TOUCH Audio Usage= USAGE_UNKNOWN Flags=0 ended with status IGNORED_FOR_SETTINGS
04-10 08:33:40.031 1402 12635 I QC2C2DEngine: calcYSize: unsupported or RGB color format, RGBA8888_UBWC(-1040187392)
04-10 08:33:40.048 1402 12635 I QC2C2DEngine: calcYSize: unsupported or RGB color format, RGBA8888_UBWC(-1040187392)
04-10 08:33:40.062 1363 3450 I WifiHAL : event received NL80211_CMD_VENDOR, vendor_id = 0x1374, subcmd = 0xd
04-10 08:33:40.062 1858 1858 I cnss-daemon: nl80211 response handler invoked
04-10 08:33:40.062 1858 1858 I cnss-daemon: nl80211_response_handler: cmd 103, vendorID 4980, subcmd 13 received
04-10 08:33:40.068 1402 12635 I QC2C2DEngine: calcYSize: unsupported or RGB color format, RGBA8888_UBWC(-1040187392)
04-10 08:33:40.085 1402 12635 I QC2C2DEngine: calcYSize: unsupported or RGB color format, RGBA8888_UBWC(-1040187392)
04-10 08:33:40.090 3294 3441 I NT-TransitionSmoothHelper: clear
04-10 08:33:40.090 3294 3294 I NT-NTDragLayer: onMeasure consumed 0
04-10 08:33:40.090 3294 3294 I NT-NTDragLayer: onLayout consumed 0
04-10 08:33:40.091 3294 3294 I NT-NTDragLayer: dispatchDraw consumed 1
04-10 08:33:40.091 2840 2898 V WindowManagerShell: Transition animation finished (aborted=false), notifying core (#43)android.os.BinderProxy@e8213f2@0
04-10 08:33:40.093 1726 2212 V WindowManager: Finish Transition #43: created at
04-10 08:33:39.497 collect-started=0.668ms request-sent=10.097ms started=36.188ms ready=36.153ms sent=54.259ms finished=595.666ms
04-10 08:33:40.096 2840 2898 V WindowManagerShell: Track 0 became idle
04-10 08:33:40.096 2840 2898 V WindowManagerShell: All active transition animations finished
04-10 08:33:40.104 3239 3295 W DynamicDDSService: appName is not found in cache: com.nothing.launcher
04-10 08:33:40.108 1433 1433 I RefreshRateSelector: Display 4630946480328692354 policy changed
04-10 08:33:40.108 1433 1433 I RefreshRateSelector: Previous: {defaultModeId=1, allowGroupSwitching=false, primaryRanges={physical=[0.00 Hz, inf Hz], render=[0.00 Hz, 120.00 Hz]}, appRequestRanges={physical=[0.00 Hz, inf Hz], render=[0.00 Hz, 120.00 Hz]}}
04-10 08:33:40.108 1433 1433 I RefreshRateSelector: Current: DisplayManagerPolicy{defaultModeId=0, allowGroupSwitching=false, primaryRanges={physical=[59.00 Hz, inf Hz], render=[59.00 Hz, 61.00 Hz]}, appRequestRanges={physical=[59.00 Hz, inf Hz], render=[59.00 Hz, 61.00 Hz]}}
04-10 08:33:40.108 1433 1433 I RefreshRateSelector: 1 mode changes were performed under the previous policy
04-10 08:33:40.108 1433 1433 W ComposerExtn: DisplayExtnImpl::SetActiveConfig: HWC Display 0 is not registered!
04-10 08:33:40.108 3037 3518 I BtGatt.ScanManager: msg.what = 6
04-10 08:33:40.109 3037 3518 D BtGatt.ScanManager: uid 10127 isForeground true scanMode 1
04-10 08:33:40.109 3037 3518 D BtGatt.ScanManager: uid 10127 isForeground true scanMode 3
04-10 08:33:40.109 3037 3518 D BtGatt.ScanManager: uid 10127 isForeground true scanMode 3
04-10 08:33:40.109 1402 12635 I QC2C2DEngine: calcYSize: unsupported or RGB color format, RGBA8888_UBWC(-1040187392)
04-10 08:33:40.120 1375 1646 I SDM : HWDeviceDRM::UpdateMixerAttributes: Mixer WxH 1080x2400-0 for Peripheral
04-10 08:33:40.120 1375 1646 I SDM : HWCDisplay::SubmitDisplayConfig: Active configuration changed to: 0
04-10 08:33:40.119 608 608 W [FTS_TS]fts_input_report_b: [B]P0 UP!
04-10 08:33:40.119 608 608 W [FTS_TS]fts_input_report_b: [B]Points All Up!
04-10 08:33:40.121 361 361 I [FTS_TS/I]drm_notifier_callback: DRM event:2,blank:3
04-10 08:33:40.121 361 361 I [FTS_TS/I]drm_notifier_callback: DRM BLANK(3) do not need process
04-10 08:33:40.121 361 361 I goodix_fp: [info] goodix_fb_state_chg_callback go to the goodix_fb_state_chg_callback value = 2
04-10 08:33:40.121 361 361 I goodix_fp: goodix_fb_state_chg_callback defalut
04-10 08:33:40.123 361 361 I [drm:dsi_display_set_mode [msm_drm]] [msm-dsi-info]: mdp_transfer_time=15866, hactive=1080, vactive=2400, fps=60
04-10 08:33:40.128 1402 12635 I QC2C2DEngine: calcYSize: unsupported or RGB color format, RGBA8888_UBWC(-1040187392)
04-10 08:33:40.129 1726 2216 I DisplayDeviceRepository: Display device changed: DisplayDeviceInfo{"Built-in Screen": uniqueId="local:4630946480328692354", 1080 x 2400, modeId 1, renderFrameRate 60.000004, defaultModeId 1, supportedModes [{id=1, width=1080, height=2400, fps=60.000004, alternativeRefreshRates=[90.0, 120.00001], supportedHdrTypes=[2, 3, 4]}, {id=2, width=1080, height=2400, fps=120.00001, alternativeRefreshRates=[60.000004, 90.0], supportedHdrTypes=[2, 3, 4]}, {id=3, width=1080, height=2400, fps=90.0, alternativeRefreshRates=[60.000004, 120.00001], supportedHdrTypes=[2, 3, 4]}], colorMode 0, supportedColorModes [0, 7, 9], hdrCapabilities HdrCapabilities{mSupportedHdrTypes=[2, 3, 4], mMaxLuminance=500.0, mMaxAverageLuminance=500.0, mMinLuminance=0.0}, allmSupported false, gameContentTypeSupported false, density 420, 403.411 x 401.052 dpi, appVsyncOff 1000000, presDeadline 16666666, cutout DisplayCutout{insets=Rect(0, 136 - 0, 0) waterfall=Insets{left=0, top=0, right=0, bottom=0} boundingRect={Bounds=[Rect(0, 0 - 0, 0), Rect(0, 0 - 188, 136), Rect(0, 0 - 0, 0), Rect(0, 0 - 0, 0)]} cutoutPathParserInfo={CutoutPathParserInfo{displayWidth=1080 displayHeight=2400 physicalDisplayWidth=1080 physicalDisplayHeight=2400 density={2.625} cutoutSpec={M89.3,42.31 m0,26.19 a26.19,26.19 0 1,0 52.38,0 a26.19,26.19 0 1,0 -52.38,0 Z @left} rotation={0} scale={1.0} physicalPixelDisplaySizeRatio={1.0}}}}, touch INTERNAL, rotation 0, type INTERNAL, address {port=130, model=0x40446d49bdd652}, deviceProductInfo DeviceProductInfo{name=, manufacturerPnpId=QCM, productId=1, modelYear=null, manufactureDate=ManufactureDate{week=27, year=2006}, connectionToSinkType=0}, state ON, committedState ON, frameRateOverride , brightnessMinimum 0.0, brightnessMaximum 1.0, brightnessDefault 0.4, hdrSdrRatio NaN, roundedCorners RoundedCorners{[RoundedCorner{position=TopLeft, radius=115, center=Point(115, 115)}, RoundedCorner{position=TopRight, radius=115, center=Point(965, 115)}, RoundedCorner{position=BottomRight, radius=115, center=Point(965, 2285)}, RoundedCorner{position=BottomLeft, radius=115, center=Point(115, 2285)}]}, FLAG_ALLOWED_TO_BE_DEFAULT_DISPLAY, FLAG_ROTATES_WITH_CONTENT, FLAG_SECURE, FLAG_SUPPORTS_PROTECTED_BUFFERS, FLAG_TRUSTED, installOrientation 0, displayShape DisplayShape{ spec=-1893857183 displayWidth=1080 displayHeight=2400 physicalPixelDisplaySizeRatio=1.0 rotation=0 offsetX=0 offsetY=0 scale=1.0}}
04-10 08:33:40.132 1726 2216 D DisplayManagerService: Ignore redundant display event 0/2 to 10148/4738
04-10 08:33:40.132 1726 2216 D DisplayManagerService: Ignore redundant display event 0/2 to 10247/4819
04-10 08:33:40.132 1726 2216 D DisplayManagerService: Ignore redundant display event 0/2 to 10129/5172
04-10 08:33:40.133 1726 2216 D DisplayManagerService: Ignore redundant display event 0/2 to 10146/10064
04-10 08:33:40.133 1726 2216 D DisplayManagerService: Ignore redundant display event 0/2 to 10254/10294
04-10 08:33:40.133 1726 2216 D DisplayManagerService: Ignore redundant display event 0/2 to 10243/11292
04-10 08:33:40.135 3037 3518 I BtGatt.ScanManager: msg.what = 7
04-10 08:33:40.135 3037 3518 D BtGatt.ScanManager: enter screen on
04-10 08:33:40.136 2840 2958 D DisplayTrackerImpl: displayChangedListener onDisplayChanged
04-10 08:33:40.137 2840 2840 I vol.VolumeDialogImpl: mDialog.dismiss() reason: volume_controller from: com.android.systemui.volume.VolumeDialogImpl$15.onDismissRequested:3226
04-10 08:33:40.139 2840 2840 D ShadeControllerImpl: animateCollapse(): mExpandedVisible=falseflags=2
04-10 08:33:40.143 3294 3294 W NT-Launcher: onTrimMemory: level = 20
04-10 08:33:40.148 5695 5695 I A : onStop
04-10 08:33:40.149 2840 2898 V ShellRecents: RecentsTransitionHandler.startRecentsTransition
04-10 08:33:40.150 2840 2898 V WindowManagerShell: Directly starting a new transition type=3 wct=WindowContainerTransaction { changes = {} hops = [{PendingIntent: options=Bundle[mParcelledData.dataSize=332]}] errorCallbackToken=null taskFragmentOrganizer=null } handler=com.android.wm.shell.recents.RecentsTransitionHandler@4c64980
04-10 08:33:40.151 1726 1744 D BLASTSyncEngine: startSyncSet SyncGroup = com.android.server.wm.BLASTSyncEngine$SyncGroup@478869a,parallel = true,alreadyRunning = false,Callers=com.android.server.wm.BLASTSyncEngine.startSyncSet:442 com.android.server.wm.Transition.startCollecting:572 com.android.server.wm.TransitionController.moveToCollecting:331 com.android.server.wm.TransitionController.startCollectOrQueue:1408 com.android.server.wm.WindowOrganizerController.startTransition:303 com.android.server.wm.WindowOrganizerController.startNewTransition:264 android.window.IWindowOrganizerController$Stub.onTransact:245 com.android.server.wm.WindowOrganizerController.onTransact:181 android.os.Binder.execTransactInternal:1339 android.os.Binder.execTransact:1275
04-10 08:33:40.153 1385 1554 W ANDR-PERF-LM: MetaMeter: handlePrimaryAsync() 118: AdaptLaunch MetaMeter. No MeterMgr Available to handle this Primary Async. !!!!
04-10 08:33:40.154 1385 1554 W ANDR-PERF-LM: MetaMeter: handlePrimaryAsync() 118: AdaptLaunch MetaMeter. No MeterMgr Available to handle this Primary Async. !!!!
04-10 08:33:40.156 1726 1744 D NtDimmerWindow: NtDimmerWindow.enterPinnedWindowWindowingMode: You can only enter PinnedWindow from Windowform. task=Task{dc5400b #629 type=standard A=10341:com.spintec.qt.form500.poc}
04-10 08:33:40.156 3294 3441 I ImeTracker: com.nothing.launcher:b25e1c86: onRequestHide at ORIGIN_CLIENT_HIDE_SOFT_INPUT reason HIDE_SOFT_INPUT
04-10 08:33:40.156 3294 3294 I NT-StateManager: onStateTransitionStart StateManager: StateManager(mLastStableState:Normal, mCurrentStableState:Normal, mState:Background, mRestState:Normal, isInTransition:false)
04-10 08:33:40.156 3294 3441 I ImeTracker: com.nothing.launcher:b25e1c86: onFailed at PHASE_CLIENT_VIEW_SERVED
04-10 08:33:40.157 3294 3294 I NT-StateManager: onStateTransitionEnd StateManager: StateManager(mLastStableState:Normal, mCurrentStableState:Background, mState:Background, mRestState:Normal, isInTransition:false)
04-10 08:33:40.158 361 361 I [drm:dsi_panel_set_backlight [msm_drm]] [msm-dsi-info]: backlight type:2 lvl:1335
04-10 08:33:40.161 2840 2898 V ShellRecents: [217379312] RecentsController.setTransition: id=android.os.BinderProxy@5a25369
04-10 08:33:40.162 361 361 I [FTS_TS/I]drm_notifier_callback: DRM event:1,blank:3
04-10 08:33:40.162 361 361 I [FTS_TS/I]drm_notifier_callback: DRM BLANK(3) do not need process
04-10 08:33:40.168 1433 1433 I RefreshRateSelector: Display 4630946480328692354 policy changed
04-10 08:33:40.168 1433 1433 I RefreshRateSelector: Previous: {defaultModeId=0, allowGroupSwitching=false, primaryRanges={physical=[59.00 Hz, inf Hz], render=[59.00 Hz, 61.00 Hz]}, appRequestRanges={physical=[59.00 Hz, inf Hz], render=[59.00 Hz, 61.00 Hz]}}
04-10 08:33:40.168 1433 1433 I RefreshRateSelector: Current: DisplayManagerPolicy{defaultModeId=1, allowGroupSwitching=false, primaryRanges={physical=[0.00 Hz, inf Hz], render=[0.00 Hz, 120.00 Hz]}, appRequestRanges={physical=[0.00 Hz, inf Hz], render=[0.00 Hz, 120.00 Hz]}}
04-10 08:33:40.168 1433 1433 I RefreshRateSelector: 1 mode changes were performed under the previous policy
04-10 08:33:40.168 2840 2840 D ShadeControllerImpl: animateCollapse(): mExpandedVisible=falseflags=2
04-10 08:33:40.168 1433 1433 W ComposerExtn: DisplayExtnImpl::SetActiveConfig: HWC Display 0 is not registered!
04-10 08:33:40.168 2840 2840 I vol.VolumeDialogImpl: mDialog.dismiss() reason: volume_controller from: com.android.systemui.volume.VolumeDialogImpl$15.onDismissRequested:3226
04-10 08:33:40.169 2840 2840 D vol.VolumeDialogImpl: dismissH: skipping dismiss because isAnimatingDismiss is true and showingStateInconsistent is false
04-10 08:33:40.169 1402 12635 I QC2C2DEngine: calcYSize: unsupported or RGB color format, RGBA8888_UBWC(-1040187392)
04-10 08:33:40.189 1433 1433 I BpBinder: onLastStrongRef automatically unlinking death recipients:
04-10 08:33:40.196 3294 5003 E OpenGLRenderer: Unable to match the desired swap behavior.
04-10 08:33:40.196 1375 1646 I SDM : HWDeviceDRM::UpdateMixerAttributes: Mixer WxH 1080x2400-0 for Peripheral
04-10 08:33:40.196 1375 1646 I SDM : HWCDisplay::SubmitDisplayConfig: Active configuration changed to: 1
04-10 08:33:40.199 361 361 I [FTS_TS/I]drm_notifier_callback: DRM event:2,blank:3
04-10 08:33:40.202 5695 6023 E OpenGLRenderer: Unable to match the desired swap behavior.
04-10 08:33:40.199 361 361 I [FTS_TS/I]drm_notifier_callback: DRM BLANK(3) do not need process
04-10 08:33:40.199 361 361 I goodix_fp: [info] goodix_fb_state_chg_callback go to the goodix_fb_state_chg_callback value = 2
04-10 08:33:40.199 361 361 I goodix_fp: goodix_fb_state_chg_callback defalut
04-10 08:33:40.201 361 361 I [drm:dsi_display_set_mode [msm_drm]] [msm-dsi-info]: mdp_transfer_time=7826, hactive=1080, vactive=2400, fps=120
04-10 08:33:40.203 3294 3294 I NT-TopTaskTracker: Found recent activity taskId = 628
04-10 08:33:40.210 1726 2212 V WindowManager: Sent Transition #44 createdAt=04-10 08:33:40.150
04-10 08:33:40.210 1726 2212 V WindowManager: startWCT=WindowContainerTransaction { changes = {} hops = [{PendingIntent: options=Bundle[{android.activity.splashScreenStyle=-1, android.activity.sourceInfo=android.app.ActivityOptions$SourceInfo@917f9a7, android.activity.transientLaunch=true}]}] errorCallbackToken=null taskFragmentOrganizer=null }
04-10 08:33:40.210 1726 2212 V WindowManager: info={id=44 t=TO_FRONT f=0x80 trk=0 r=[0@Point(0, 0)] c=[{WCT{RemoteToken{3176405 Task{2dbc4fe #1 type=home}}} m=TO_FRONT f=SHOW_WALLPAPER|MOVE_TO_TOP leash=Surface(name=Task=1)/@0xceec555 sb=Rect(0, 0 - 1080, 2400) eb=Rect(0, 0 - 1080, 2400) d=0},{WCT{RemoteToken{6ce9df5 Task{dc5400b #629 type=standard A=10341:com.spintec.qt.form500.poc}}} m=TO_BACK f=NONE leash=Surface(name=Task=629)/@0x2a116df sb=Rect(0, 0 - 1080, 2400) eb=Rect(0, 0 - 1080, 2400) d=0},{null m=TO_FRONT f=IS_WALLPAPER leash=Surface(name=WallpaperWindowToken{10a6634 token=android.os.Binder@96e7f46})/@0x74d573f sb=Rect(0, 0 - 1080, 2400) eb=Rect(0, 0 - 1080, 2400) d=0}]}
04-10 08:33:40.210 1402 12635 I QC2C2DEngine: calcYSize: unsupported or RGB color format, RGBA8888_UBWC(-1040187392)
04-10 08:33:40.212 2840 2898 V WindowManagerShell: onTransitionReady android.os.BinderProxy@5a25369: {id=44 t=TO_FRONT f=0x80 trk=0 r=[0@Point(0, 0)] c=[{WCT{android.window.IWindowContainerToken$Stub$Proxy@4d6fefa} m=TO_FRONT f=SHOW_WALLPAPER|MOVE_TO_TOP leash=Surface(name=Task=1)/@0x7bdb1ee sb=Rect(0, 0 - 1080, 2400) eb=Rect(0, 0 - 1080, 2400) d=0},{WCT{android.window.IWindowContainerToken$Stub$Proxy@96ecab} m=TO_BACK f=NONE leash=Surface(name=Task=629)/@0x40f768f sb=Rect(0, 0 - 1080, 2400) eb=Rect(0, 0 - 1080, 2400) d=0},{null m=TO_FRONT f=IS_WALLPAPER leash=Surface(name=WallpaperWindowToken{10a6634 token=android.os.Binder@96e7f46})/@0x24f3d1c sb=Rect(0, 0 - 1080, 2400) eb=Rect(0, 0 - 1080, 2400) d=0}]}
04-10 08:33:40.212 2840 2898 V WindowManagerShell: Playing animation for (#44)android.os.BinderProxy@5a25369@0
04-10 08:33:40.213 2840 2898 V WindowManagerShell: try firstHandler com.android.wm.shell.recents.RecentsTransitionHandler@4c64980
04-10 08:33:40.213 2840 2898 V ShellRecents: [217379312] RecentsController.start
04-10 08:33:40.215 2840 2898 V ShellRecents: adding pausing leaf taskId=629 at layer=8
04-10 08:33:40.216 2840 2898 V ShellRecents: [217379312] RecentsController.start: calling onAnimationStart
04-10 08:33:40.216 2840 2898 V WindowManagerShell: animated by firstHandler
04-10 08:33:40.218 3294 3294 D RemoteTargetGluer: appCount: 1 handleLength: 2
04-10 08:33:40.218 3294 3294 D RemoteTargetGluer: resizing handles
04-10 08:33:40.218 3294 3294 D RemoteTargetGluer: containsSplitTargets? false handleLength: 1 appsLength: 1
04-10 08:33:40.218 3294 3294 D RemoteTargetGluer: appCount: 1 handleLength: 2
04-10 08:33:40.218 3294 3294 D RemoteTargetGluer: resizing handles
04-10 08:33:40.218 3294 3294 D RemoteTargetGluer: containsSplitTargets? false handleLength: 1 appsLength: 1
04-10 08:33:40.219 3294 3294 I NT-InputConsumerProxy: AL-1283: Enable InputConsumerProxy, register consumer events.
04-10 08:33:40.219 1726 2669 E HandwritingModeController: Cannot get requestId: Handwriting was not initialized.
04-10 08:33:40.220 2840 2898 V ShellRecents: [217379312] RecentsController.setInputConsumerEnabled: set focus to recents
04-10 08:33:40.220 1726 2669 E HandwritingModeController: Cannot get requestId: Handwriting was not initialized.
04-10 08:33:40.219 361 361 I [drm:dsi_panel_set_backlight [msm_drm]] [msm-dsi-info]: backlight type:2 lvl:1335
04-10 08:33:40.221 1726 1744 V NtGameModeImpl: onAppFocusChanged: pkg=com.nothing.launcher, uid=10183, category=-1
04-10 08:33:40.221 1726 1744 D NtPopUpViewImpl: PopUpView: onAppFocusChanged: newTask=Task{8a7144e #628 type=home I=com.nothing.launcher/com.android.searchlauncher.SearchLauncher}, showDimmer=false
04-10 08:33:40.221 1726 1744 D NtDimmerWindow: NtDimmerWindow.enterPinnedWindowWindowingMode: You can only enter PinnedWindow from Windowform. task=Task{dc5400b #629 type=standard A=10341:com.spintec.qt.form500.poc}
04-10 08:33:40.221 1726 1744 D NtWindowformEdgeBarHelper: setTask true
04-10 08:33:40.223 2817 5016 D TopAppSceneDetector: currentFocusApp=com.nothing.launcher
04-10 08:33:40.225 2817 5016 D NearbyDetector: onTopActivityChanged: top class name: com.android.searchlauncher.SearchLauncher
04-10 08:33:40.225 2817 5016 D NearbyDetector: onTopActivityChanged: top class name: com.spintec.qt.form500.poc.My7000App
04-10 08:33:40.225 2817 5016 D GameSceneDetector: Failed to call isBoostTypeGame: java.lang.NoSuchMethodException: android.util.BoostFramework.perfGetFeedback []
04-10 08:33:40.225 2817 5016 D GameSceneDetector: onTopChanged=com.nothing.launcher, isBoostTypeGame=false, isCategoryGame=false
04-10 08:33:40.225 2817 5016 D SceneManager: TopAPP=com.nothing.launcher, category=-1
04-10 08:33:40.225 1726 2216 I DisplayDeviceRepository: Display device changed: DisplayDeviceInfo{"Built-in Screen": uniqueId="local:4630946480328692354", 1080 x 2400, modeId 2, renderFrameRate 120.00001, defaultModeId 1, supportedModes [{id=1, width=1080, height=2400, fps=60.000004, alternativeRefreshRates=[90.0, 120.00001], supportedHdrTypes=[2, 3, 4]}, {id=2, width=1080, height=2400, fps=120.00001, alternativeRefreshRates=[60.000004, 90.0], supportedHdrTypes=[2, 3, 4]}, {id=3, width=1080, height=2400, fps=90.0, alternativeRefreshRates=[60.000004, 120.00001], supportedHdrTypes=[2, 3, 4]}], colorMode 0, supportedColorModes [0, 7, 9], hdrCapabilities HdrCapabilities{mSupportedHdrTypes=[2, 3, 4], mMaxLuminance=500.0, mMaxAverageLuminance=500.0, mMinLuminance=0.0}, allmSupported false, gameContentTypeSupported false, density 420, 403.411 x 401.052 dpi, appVsyncOff 1000000, presDeadline 13333333, cutout DisplayCutout{insets=Rect(0, 136 - 0, 0) waterfall=Insets{left=0, top=0, right=0, bottom=0} boundingRect={Bounds=[Rect(0, 0 - 0, 0), Rect(0, 0 - 188, 136), Rect(0, 0 - 0, 0), Rect(0, 0 - 0, 0)]} cutoutPathParserInfo={CutoutPathParserInfo{displayWidth=1080 displayHeight=2400 physicalDisplayWidth=1080 physicalDisplayHeight=2400 density={2.625} cutoutSpec={M89.3,42.31 m0,26.19 a26.19,26.19 0 1,0 52.38,0 a26.19,26.19 0 1,0 -52.38,0 Z @left} rotation={0} scale={1.0} physicalPixelDisplaySizeRatio={1.0}}}}, touch INTERNAL, rotation 0, type INTERNAL, address {port=130, model=0x40446d49bdd652}, deviceProductInfo DeviceProductInfo{name=, manufacturerPnpId=QCM, productId=1, modelYear=null, manufactureDate=ManufactureDate{week=27, year=2006}, connectionToSinkType=0}, state ON, committedState ON, frameRateOverride , brightnessMinimum 0.0, brightnessMaximum 1.0, brightnessDefault 0.4, hdrSdrRatio NaN, roundedCorners RoundedCorners{[RoundedCorner{position=TopLeft, radius=115, center=Point(115, 115)}, RoundedCorner{position=TopRight, radius=115, center=Point(965, 115)}, RoundedCorner{position=BottomRight, radius=115, center=Point(965, 2285)}, RoundedCorner{position=BottomLeft, radius=115, center=Point(115, 2285)}]}, FLAG_ALLOWED_TO_BE_DEFAULT_DISPLAY, FLAG_ROTATES_WITH_CONTENT, FLAG_SECURE, FLAG_SUPPORTS_PROTECTED_BUFFERS, FLAG_TRUSTED, installOrientation 0, displayShape DisplayShape{ spec=-1893857183 displayWidth=1080 displayHeight=2400 physicalPixelDisplaySizeRatio=1.0 rotation=0 offsetX=0 offsetY=0 scale=1.0}}
04-10 08:33:40.227 1726 2216 D DisplayManagerService: Ignore redundant display event 0/2 to 10148/4738
04-10 08:33:40.227 1726 2216 D DisplayManagerService: Ignore redundant display event 0/2 to 10247/4819
04-10 08:33:40.227 1726 2216 D DisplayManagerService: Ignore redundant display event 0/2 to 10129/5172
04-10 08:33:40.227 1726 2216 D DisplayManagerService: Ignore redundant display event 0/2 to 10146/10064
04-10 08:33:40.227 1726 2216 D DisplayManagerService: Ignore redundant display event 0/2 to 10254/10294
04-10 08:33:40.227 1726 2216 D DisplayManagerService: Ignore redundant display event 0/2 to 10243/11292
04-10 08:33:40.229 361 361 I [FTS_TS/I]drm_notifier_callback: DRM event:1,blank:3
04-10 08:33:40.229 361 361 I [FTS_TS/I]drm_notifier_callback: DRM BLANK(3) do not need process
04-10 08:33:40.230 2840 2958 D DisplayTrackerImpl: displayChangedListener onDisplayChanged
04-10 08:33:40.234 3037 3518 I BtGatt.ScanManager: msg.what = 7
04-10 08:33:40.234 3037 3518 D BtGatt.ScanManager: enter screen on
04-10 08:33:40.235 1726 2216 V WindowManager: Unknown focus tokens, dropping reportFocusChanged
04-10 08:33:40.243 1402 12635 I QC2C2DEngine: calcYSize: unsupported or RGB color format, RGBA8888_UBWC(-1040187392)
04-10 08:33:40.247 1726 2669 E HandwritingModeController: Cannot get requestId: Handwriting was not initialized.
04-10 08:33:40.273 1402 12635 I QC2C2DEngine: calcYSize: unsupported or RGB color format, RGBA8888_UBWC(-1040187392)
04-10 08:33:40.292 1402 12635 I QC2C2DEngine: calcYSize: unsupported or RGB color format, RGBA8888_UBWC(-1040187392)
04-10 08:33:40.312 1402 12635 I QC2C2DEngine: calcYSize: unsupported or RGB color format, RGBA8888_UBWC(-1040187392)
04-10 08:33:40.333 1402 12635 I QC2C2DEngine: calcYSize: unsupported or RGB color format, RGBA8888_UBWC(-1040187392)
04-10 08:33:40.352 1402 12635 I QC2C2DEngine: calcYSize: unsupported or RGB color format, RGBA8888_UBWC(-1040187392)
04-10 08:33:40.379 1402 12635 I QC2C2DEngine: calcYSize: unsupported or RGB color format, RGBA8888_UBWC(-1040187392)
04-10 08:33:40.398 1402 12635 I QC2C2DEngine: calcYSize: unsupported or RGB color format, RGBA8888_UBWC(-1040187392)
04-10 08:33:40.418 1402 12635 I QC2C2DEngine: calcYSize: unsupported or RGB color format, RGBA8888_UBWC(-1040187392)
04-10 08:33:40.437 1402 12635 I QC2C2DEngine: calcYSize: unsupported or RGB color format, RGBA8888_UBWC(-1040187392)
04-10 08:33:40.456 2840 2840 D vol.VolumeDialogImpl: hideRingerDrawer - drawer is already hide
04-10 08:33:40.456 1726 7463 D AS.AudioService: Volume controller visible: false
04-10 08:33:40.462 1402 12635 I QC2C2DEngine: calcYSize: unsupported or RGB color format, RGBA8888_UBWC(-1040187392)
04-10 08:33:40.483 1402 12635 I QC2C2DEngine: calcYSize: unsupported or RGB color format, RGBA8888_UBWC(-1040187392)
04-10 08:33:40.501 1402 12635 I QC2C2DEngine: calcYSize: unsupported or RGB color format, RGBA8888_UBWC(-1040187392)
04-10 08:33:40.530 1402 12635 I QC2C2DEngine: calcYSize: unsupported or RGB color format, RGBA8888_UBWC(-1040187392)
04-10 08:33:40.544 1385 4311 E ANDR-PERF-LM: VmRssMeter:: start() 453: Could not find pid, can not collect vmrss data
04-10 08:33:40.544 1385 4311 E ANDR-PERF-LM: AdaptiveLaunch: writeToDataBase() 64: Meter aborted or could not get meter data for this run
04-10 08:33:40.545 1385 4310 E ANDR-PERF-LM: VmRssMeter:: start() 453: Could not find pid, can not collect vmrss data
04-10 08:33:40.548 1402 12635 I QC2C2DEngine: calcYSize: unsupported or RGB color format, RGBA8888_UBWC(-1040187392)
04-10 08:33:40.568 1402 12635 I QC2C2DEngine: calcYSize: unsupported or RGB color format, RGBA8888_UBWC(-1040187392)
04-10 08:33:40.583 608 608 W [FTS_TS]fts_input_report_b: [B]P0(567, 2329)[p:4,tm:64] DOWN!
04-10 08:33:40.589 1402 12635 I QC2C2DEngine: calcYSize: unsupported or RGB color format, RGBA8888_UBWC(-1040187392)
04-10 08:33:40.591 1726 7468 D NtWindowManagerService: getActiveRecentsLayerTaskId: ar=ActivityRecord{f0703da u0 com.spintec.qt.form500.poc/.My7000App t629} taskId=629
04-10 08:33:40.592 2840 4452 V ShellRecents: [217379312] RecentsController.screenshotTask: taskId=629
04-10 08:33:40.592 1726 7463 D KeyCombinationManager: interceptKeyLocked() keyCode:3 count:0 down:true interactive:true eventTime:361169 mDownTimes={}
04-10 08:33:40.594 1726 7463 D VibratorManagerService: vibrate uid =1000, opPkg = android, reason = Virtual Key - Press, attrs = VibrationAttributes: Usage=TOUCH Audio Usage= USAGE_UNKNOWN Flags=0
04-10 08:33:40.594 1726 7463 D RichTapVibratorService: none richtap effect, do nothing!!
04-10 08:33:40.594 1726 7463 D VibratorManagerService: Starting vibrate for vibration 36
04-10 08:33:40.594 1726 7463 D VibratorManagerService: Vibration for uid=1000 and with attrs=VibrationAttributes: Usage=TOUCH Audio Usage= USAGE_UNKNOWN Flags=0 ended with status IGNORED_FOR_SETTINGS
04-10 08:33:40.604 1402 12635 I QC2C2DEngine: calcYSize: unsupported or RGB color format, RGBA8888_UBWC(-1040187392)
04-10 08:33:40.624 1402 12635 I QC2C2DEngine: calcYSize: unsupported or RGB color format, RGBA8888_UBWC(-1040187392)
04-10 08:33:40.639 1726 3208 D NtWindowManagerService: getActiveRecentsLayerTaskId: ar=ActivityRecord{f0703da u0 com.spintec.qt.form500.poc/.My7000App t629} taskId=629
04-10 08:33:40.640 3294 3294 I NT-StateManager: onStateTransitionStart StateManager: StateManager(mLastStableState:Normal, mCurrentStableState:Background, mState:Overview, mRestState:Normal, isInTransition:false)
04-10 08:33:40.641 3294 3294 I NT-StateManager: onStateTransitionEnd StateManager: StateManager(mLastStableState:Normal, mCurrentStableState:Overview, mState:Overview, mRestState:Normal, isInTransition:false)
04-10 08:33:40.643 3294 3441 I ImeTracker: com.nothing.launcher:3f9594d9: onRequestHide at ORIGIN_CLIENT_HIDE_SOFT_INPUT reason HIDE_SOFT_INPUT
04-10 08:33:40.644 3294 3441 I ImeTracker: com.nothing.launcher:3f9594d9: onFailed at PHASE_CLIENT_VIEW_SERVED
04-10 08:33:40.644 3294 3443 D QuickstepModelDelegate: notifyAppTargetEvent action=1 launchLocation=
04-10 08:33:40.646 1354 1354 I sensors-hal: flush:271, android.sensor.accelerometer/11
04-10 08:33:40.646 1354 1354 I sensors-hal: send_sync_sensor_request:361, send sync request
04-10 08:33:40.646 1354 1354 I sensors-hal: send_sync_sensor_request:387, wait for notification of response
04-10 08:33:40.647 1354 2789 I sensors-hal: ssc_conn_resp_cb:676, resp_value = 0
04-10 08:33:40.647 1354 1354 I sensors-hal: send_sync_sensor_request:393, takes 1 ms to receive the response with 0
04-10 08:33:40.647 1354 1354 I sensors-hal: flush:277, android.sensor.accelerometer/11 completed
04-10 08:33:40.648 2840 2853 V ShellRecents: [217379312] RecentsController.detachNavigationBarFromApp
04-10 08:33:40.649 3294 3294 I NT-NTDragLayer: onMeasure consumed 0
04-10 08:33:40.649 3294 3294 I NT-NTDragLayer: onLayout consumed 0
04-10 08:33:40.650 3037 3518 I BtGatt.ScanManager: msg.what = 6
04-10 08:33:40.650 3037 3518 D BtGatt.ScanManager: uid 10127 isForeground true scanMode 1
04-10 08:33:40.650 3037 3518 D BtGatt.ScanManager: uid 10127 isForeground true scanMode 3
04-10 08:33:40.650 3037 3518 D BtGatt.ScanManager: uid 10127 isForeground true scanMode 3
04-10 08:33:40.650 3294 3294 I NT-NTDragLayer: dispatchDraw consumed 0
04-10 08:33:40.652 1402 12635 I QC2C2DEngine: calcYSize: unsupported or RGB color format, RGBA8888_UBWC(-1040187392)
04-10 08:33:40.654 5695 5695 I A : onStart
04-10 08:33:40.657 5695 5695 I A : onResume
04-10 08:33:40.663 1402 12635 I QC2C2DEngine: calcYSize: unsupported or RGB color format, RGBA8888_UBWC(-1040187392)
04-10 08:33:40.672 608 608 W [FTS_TS]fts_input_report_b: [B]P0 UP!
04-10 08:33:40.672 608 608 W [FTS_TS]fts_input_report_b: [B]Points All Up!
04-10 08:33:40.676 1726 2915 D KeyCombinationManager: interceptKeyLocked() keyCode:3 count:0 down:false interactive:true eventTime:361257 mDownTimes={3=361169}
04-10 08:33:40.681 1402 12635 I QC2C2DEngine: calcYSize: unsupported or RGB color format, RGBA8888_UBWC(-1040187392)
04-10 08:33:40.682 1726 2213 D WindowManager: startDockOrHome: startReason= startDockOrHome
04-10 08:33:40.684 2840 2840 D ShadeControllerImpl: animateCollapse(): mExpandedVisible=falseflags=0
04-10 08:33:40.684 2840 2840 I vol.VolumeDialogImpl: mDialog.dismiss() reason: volume_controller from: com.android.systemui.volume.VolumeDialogImpl$15.onDismissRequested:3226
04-10 08:33:40.685 1726 2213 D BLASTSyncEngine: startSyncSet SyncGroup = com.android.server.wm.BLASTSyncEngine$SyncGroup@a57ddbb,parallel = false,alreadyRunning = false,Callers=com.android.server.wm.BLASTSyncEngine.startSyncSet:442 com.android.server.wm.Transition.startCollecting:572 com.android.server.wm.TransitionController.moveToCollecting:331 com.android.server.wm.TransitionController.createAndStartCollecting:1447 com.android.server.wm.ActivityStarter.startActivityUnchecked:1548 com.android.server.wm.ActivityStarter.executeRequest:1385 com.android.server.wm.ActivityStarter.execute:778 com.android.server.wm.ActivityStartController.startHomeActivity:198 com.android.server.wm.RootWindowContainer.startHomeOnTaskDisplayArea:1507 com.android.server.wm.RootWindowContainer.lambda$startHomeOnDisplay$11:1446 com.android.server.wm.RootWindowContainer.$r8$lambda$zDbqLY8yVs2-CTsfHP7FhguhRoM:0 com.android.server.wm.RootWindowContainer$$ExternalSyntheticLambda5.apply:0 com.android.server.wm.TaskDisplayArea.reduceOnAllTaskDisplayAreas:514 com.android.server.wm.DisplayArea.reduceOnAllTaskDisplayAreas:527 com.android.server.wm.DisplayArea.reduceOnAllTaskDisplayAreas:527
04-10 08:33:40.688 2840 4452 D KeyguardService: setOccluded(false)
04-10 08:33:40.688 2840 4452 D KeyguardViewMediator: setOccluded(false)
04-10 08:33:40.688 2840 4452 D KeyguardViewMediator: setOccluded false
04-10 08:33:40.688 1726 2213 I ActivityTaskManager: START u0 {act=android.intent.action.MAIN cat=[android.intent.category.HOME] flg=0x10000100 cmp=com.nothing.launcher/com.android.searchlauncher.SearchLauncher (has extras)} with LAUNCH_SINGLE_TASK from uid 0 pid 0 (BAL_ALLOW_ALLOWLISTED_UID) result code=3
04-10 08:33:40.688 2840 2840 D KeyguardViewMediator: handleSetOccluded(false)
04-10 08:33:40.688 2840 2840 D KeyguardViewMediator: isOccluded=false,mPowerGestureIntercepted=false
04-10 08:33:40.689 2840 2898 D WindowManagerShell: onActivityRestartAttempt: ComponentInfo{com.nothing.launcher/com.android.searchlauncher.SearchLauncher}
04-10 08:33:40.698 1402 12635 I QC2C2DEngine: calcYSize: unsupported or RGB color format, RGBA8888_UBWC(-1040187392)
04-10 08:33:40.701 2840 2853 V ShellRecents: [217379312] RecentsController.screenshotTask: taskId=629
04-10 08:33:40.715 1402 12635 I QC2C2DEngine: calcYSize: unsupported or RGB color format, RGBA8888_UBWC(-1040187392)
04-10 08:33:40.730 1402 12635 I QC2C2DEngine: calcYSize: unsupported or RGB color format, RGBA8888_UBWC(-1040187392)
04-10 08:33:40.743 2840 2840 D ShadeControllerImpl: animateCollapse(): mExpandedVisible=falseflags=0
04-10 08:33:40.743 3294 3294 I NT-StateManager: onStateTransitionStart StateManager: StateManager(mLastStableState:Normal, mCurrentStableState:Overview, mState:Normal, mRestState:Normal, isInTransition:true)
04-10 08:33:40.743 2840 2840 I vol.VolumeDialogImpl: mDialog.dismiss() reason: volume_controller from: com.android.systemui.volume.VolumeDialogImpl$15.onDismissRequested:3226
04-10 08:33:40.744 2840 2840 D vol.VolumeDialogImpl: dismissH: skipping dismiss because isAnimatingDismiss is true and showingStateInconsistent is false
04-10 08:33:40.744 1354 1354 I sensors-hal: batch:242, android.sensor.accelerometer/11, period=50000000, max_latency=0
04-10 08:33:40.744 1354 1354 I sensors-hal: set_config:68, sample_period_ns is adjusted to 50000000 based on min/max delay_ns
04-10 08:33:40.744 1354 1354 I sensors-hal: batch:251, android.sensor.accelerometer/11, period=50000000, max_latency=0 request completed
04-10 08:33:40.746 3294 3443 D QuickstepModelDelegate: notifyAppTargetEvent action=1 launchLocation=workspace/5/[-1,-1]/[1,1]
04-10 08:33:40.749 3294 3294 I NT-InputConsumerProxy: AL-1283: Destroy InputConsumerProxy, UnRegister input listener.
04-10 08:33:40.749 2840 2898 V ShellRecents: [217379312] RecentsController.finishInner: toHome=true userLeave=true willFinishToHome=true state=0
04-10 08:33:40.749 2840 2898 V ShellRecents: normal finish
04-10 08:33:40.750 2840 2898 V ShellRecents: [217379312] RecentsController.cleanup
04-10 08:33:40.750 2840 2898 V WindowManagerShell: Transition animation finished (aborted=false), notifying core (#44)android.os.BinderProxy@5a25369@0
04-10 08:33:40.751 1402 12635 I QC2C2DEngine: calcYSize: unsupported or RGB color format, RGBA8888_UBWC(-1040187392)
04-10 08:33:40.752 1726 2212 V WindowManager: Finish Transition #44: created at
04-10 08:33:40.150 collect-started=0.576ms started=0.675ms ready=5.32ms sent=58.945ms finished=601.342ms
04-10 08:33:40.753 1726 7463 D ActivityTrigger: ActivityTrigger activityPauseTrigger
04-10 08:33:40.757 2840 2898 V WindowManagerShell: Track 0 became idle
04-10 08:33:40.757 2840 2898 V WindowManagerShell: All active transition animations finished
04-10 08:33:40.758 4733 4733 E BufferQueueProducer: [SurfaceView[com.spintec.qt.form500.poc/com.spintec.qt.form500.poc.My7000App]#36(BLAST Consumer)36](id:127d00000024,api:0,p:-1,c:4733) disconnect: not connected (req=2)
04-10 08:33:40.769 1402 12635 I QC2C2DEngine: calcYSize: unsupported or RGB color format, RGBA8888_UBWC(-1040187392)
04-10 08:33:40.773 4733 4733 I Qt5.My7000App: My7000App::onPause() called
04-10 08:33:40.773 4733 12671 D libForm500Crash_POC_arm64-v8a.so: Application state changed to Qt::ApplicationInactive
04-10 08:33:40.776 3239 3295 W DynamicDDSService: appName is not found in cache: com.spintec.qt.form500.poc
04-10 08:33:40.779 1726 2216 D NtPerfTraceManagerImpl: packageName = com.nothing.launcher, taskId = 628
04-10 08:33:40.779 4733 4733 I Qt5.My7000App: My7000App::onStop() called
04-10 08:33:40.780 4733 4733 I Qt5.My7000App: My7000App::onStop() after super called
04-10 08:33:40.781 4733 12671 D libForm500Crash_POC_arm64-v8a.so: Application state changed to Qt::ApplicationSuspended
04-10 08:33:40.787 1402 12635 I QC2C2DEngine: calcYSize: unsupported or RGB color format, RGBA8888_UBWC(-1040187392)
04-10 08:33:40.801 1402 12635 I QC2C2DEngine: calcYSize: unsupported or RGB color format, RGBA8888_UBWC(-1040187392)
04-10 08:33:40.805 1726 7468 I ImeTracker: com.nothing.launcher:c1aafc9f: onRequestHide at ORIGIN_SERVER_HIDE_INPUT reason HIDE_UNSPECIFIED_WINDOW
04-10 08:33:40.805 1726 7468 I ImeTracker: com.nothing.launcher:c1aafc9f: onCancelled at PHASE_SERVER_SHOULD_HIDE
04-10 08:33:40.806 6287 6287 I GoogleInputMethodService: GoogleInputMethodService.onFinishInput():3096
04-10 08:33:40.808 6287 6287 I GoogleInputMethodService: GoogleInputMethodService.updateDeviceLockedStatus():2210 repeatCheckTimes = 0, locked = false
04-10 08:33:40.808 6287 6287 I GoogleInputMethodService: GoogleInputMethodService.onStartInput():1950 onStartInput(EditorInfo{EditorInfo{packageName=com.nothing.launcher, inputType=0, inputTypeString=NULL, enableLearning=false, autoCorrection=false, autoComplete=false, imeOptions=0, privateImeOptions=null, actionName=UNSPECIFIED, actionLabel=null, initialSelStart=-1, initialSelEnd=-1, initialCapsMode=0, label=null, fieldId=0, fieldName=null, extras=null, hintText=null, hintLocales=[]}}, false)
04-10 08:33:40.808 6287 6287 I GoogleInputMethodService: GoogleInputMethodService.updateDeviceLockedStatus():2210 repeatCheckTimes = 1, locked = false
04-10 08:33:40.809 6287 6287 I AndroidIME: InputBundleManager.loadActiveInputBundleId():450 loadActiveInputBundleId: und-Latn-x-password, password
04-10 08:33:40.810 1726 7468 W PackageConfigPersister: App-specific configuration not found for packageName: com.nothing.launcher and userId: 0
04-10 08:33:40.818 1402 12635 I QC2C2DEngine: calcYSize: unsupported or RGB color format, RGBA8888_UBWC(-1040187392)
04-10 08:33:40.839 1402 12635 I QC2C2DEngine: calcYSize: unsupported or RGB color format, RGBA8888_UBWC(-1040187392)
04-10 08:33:40.854 1402 12635 I QC2C2DEngine: calcYSize: unsupported or RGB color format, RGBA8888_UBWC(-1040187392)
04-10 08:33:40.871 1402 12635 I QC2C2DEngine: calcYSize: unsupported or RGB color format, RGBA8888_UBWC(-1040187392)
04-10 08:33:40.886 1402 12635 I QC2C2DEngine: calcYSize: unsupported or RGB color format, RGBA8888_UBWC(-1040187392)
04-10 08:33:40.899 1319 3739 D vendor.qti.bluetooth@1.0-wake_lock: Acquire wakelock is acquired
04-10 08:33:40.900 3037 3743 I bt_stack: [INFO:btm_ble_gap.cc(3253)] btm_ble_process_adv_pkt_cont Data Complete 63:d6:05:85:71:95
04-10 08:33:40.906 1402 12635 I QC2C2DEngine: calcYSize: unsupported or RGB color format, RGBA8888_UBWC(-1040187392)
04-10 08:33:40.921 1402 12635 I QC2C2DEngine: calcYSize: unsupported or RGB color format, RGBA8888_UBWC(-1040187392)
04-10 08:33:40.938 1402 12635 I QC2C2DEngine: calcYSize: unsupported or RGB color format, RGBA8888_UBWC(-1040187392)
04-10 08:33:40.939 3365 10511 I NearbyMediums: Found Fast Ble Advertisements :
04-10 08:33:40.939 3365 10511 I NearbyMediums: BleAdvertisement { version=2, socketVersion=2, serviceIdHash=null, data=[ 0x23 0x58 0x4f 0x5a 0x34 0x11 0x32 0x03 0xf1 0x6f 0xbb 0x39 0x7a 0x7e 0x41 0x72 0xbc 0xba 0xb3 0x0b 0x5e 0xc7 0x8c ], deviceToken=[ 0xd2 0x7c ] } : 3 times.
04-10 08:33:40.939 3365 10511 I NearbyMediums: Total 3 fast advertisements.
04-10 08:33:40.957 1402 12635 I QC2C2DEngine: calcYSize: unsupported or RGB color format, RGBA8888_UBWC(-1040187392)
04-10 08:33:40.970 1402 12635 I QC2C2DEngine: calcYSize: unsupported or RGB color format, RGBA8888_UBWC(-1040187392)
04-10 08:33:40.982 1402 12635 I QC2C2DEngine: calcYSize: unsupported or RGB color format, RGBA8888_UBWC(-1040187392)
04-10 08:33:40.989 2840 2840 D vol.VolumeDialogImpl: hideRingerDrawer - drawer is already hide
04-10 08:33:40.989 1726 2915 D AS.AudioService: Volume controller visible: false
04-10 08:33:40.992 1402 12635 I QC2C2DEngine: calcYSize: unsupported or RGB color format, RGBA8888_UBWC(-1040187392)
04-10 08:33:41.015 1402 12635 I QC2C2DEngine: calcYSize: unsupported or RGB color format, RGBA8888_UBWC(-1040187392)
04-10 08:33:41.017 3294 3294 I NT-StateManager: onStateTransitionEnd StateManager: StateManager(mLastStableState:Normal, mCurrentStableState:Normal, mState:Normal, mRestState:null, isInTransition:true)
04-10 08:33:41.029 1402 12635 I QC2C2DEngine: calcYSize: unsupported or RGB color format, RGBA8888_UBWC(-1040187392)
04-10 08:33:41.043 1402 12635 I QC2C2DEngine: calcYSize: unsupported or RGB color format, RGBA8888_UBWC(-1040187392)
04-10 08:33:41.060 1402 12635 I QC2C2DEngine: calcYSize: unsupported or RGB color format, RGBA8888_UBWC(-1040187392)
04-10 08:33:41.070 1726 1740 I system_server: NativeAlloc concurrent copying GC freed 729042(26MB) AllocSpace objects, 0(0B) LOS objects, 66% free, 48MB/144MB, paused 92us,171us total 115.359ms
04-10 08:33:41.074 1726 1742 W System : A resource failed to call HardwareBuffer.close.
04-10 08:33:41.074 1726 1742 W System : A resource failed to call HardwareBuffer.close.
04-10 08:33:41.074 1726 1742 W System : A resource failed to call HardwareBuffer.close.
04-10 08:33:41.074 1726 1742 W System : A resource failed to call HardwareBuffer.close.
04-10 08:33:41.074 1726 1742 W System : A resource failed to call HardwareBuffer.close.
04-10 08:33:41.075 1726 1742 W System : A resource failed to call HardwareBuffer.close.
04-10 08:33:41.075 1726 1742 W System : A resource failed to call HardwareBuffer.close.
04-10 08:33:41.075 1726 1742 W System : A resource failed to call HardwareBuffer.close.
04-10 08:33:41.075 1726 1742 W System : A resource failed to call HardwareBuffer.close.
04-10 08:33:41.075 1726 1742 W System : A resource failed to call HardwareBuffer.close.
04-10 08:33:41.075 1726 1742 W System : A resource failed to call HardwareBuffer.close.
04-10 08:33:41.075 1726 1742 W System : A resource failed to call HardwareBuffer.close.
04-10 08:33:41.075 1726 1742 W System : A resource failed to call HardwareBuffer.close.
04-10 08:33:41.075 1726 1742 W System : A resource failed to call HardwareBuffer.close.
04-10 08:33:41.079 1402 12635 I QC2C2DEngine: calcYSize: unsupported or RGB color format, RGBA8888_UBWC(-1040187392)
04-10 08:33:41.083 1402 12635 I QC2C2DEngine: calcYSize: unsupported or RGB color format, RGBA8888_UBWC(-1040187392)
04-10 08:33:41.089 1402 12635 I QC2C2DEngine: calcYSize: unsupported or RGB color format, RGBA8888_UBWC(-1040187392)
04-10 08:33:41.092 1319 3529 D vendor.qti.bluetooth@1.0-wake_lock: Release wakelock is released
04-10 08:33:41.101 1402 12635 I QC2C2DEngine: calcYSize: unsupported or RGB color format, RGBA8888_UBWC(-1040187392)
04-10 08:33:41.111 1402 12635 I QC2C2DEngine: calcYSize: unsupported or RGB color format, RGBA8888_UBWC(-1040187392)
