04-10 08:33:59.822 1433 1433 W ComposerExtn: DisplayExtnImpl::SetActiveConfig: HWC Display 0 is not registered!
04-10 08:33:59.823 1402 12635 I QC2C2DEngine: calcYSize: unsupported or RGB color format, RGBA8888_UBWC(-1040187392)
04-10 08:33:59.828 1375 1375 I SDM : HWDeviceDRM::UpdateMixerAttributes: Mixer WxH 1080x2400-0 for Peripheral
04-10 08:33:59.828 1375 1375 I SDM : HWCDisplay::SubmitDisplayConfig: Active configuration changed to: 0
04-10 08:33:59.831 361 361 I [FTS_TS/I]drm_notifier_callback: DRM event:2,blank:3
04-10 08:33:59.831 361 361 I [FTS_TS/I]drm_notifier_callback: DRM BLANK(3) do not need process
04-10 08:33:59.831 361 361 I goodix_fp: [info] goodix_fb_state_chg_callback go to the goodix_fb_state_chg_callback value = 2
04-10 08:33:59.831 361 361 I goodix_fp: goodix_fb_state_chg_callback defalut
04-10 08:33:59.832 361 361 I [drm:dsi_display_set_mode [msm_drm]] [msm-dsi-info]: mdp_transfer_time=15866, hactive=1080, vactive=2400, fps=60
04-10 08:33:59.836 1726 2216 I DisplayDeviceRepository: Display device changed: DisplayDeviceInfo{"Built-in Screen": uniqueId="local:4630946480328692354", 1080 x 2400, modeId 1, renderFrameRate 60.000004, defaultModeId 1, supportedModes [{id=1, width=1080, height=2400, fps=60.000004, alternativeRefreshRates=[90.0, 120.00001], supportedHdrTypes=[2, 3, 4]}, {id=2, width=1080, height=2400, fps=120.00001, alternativeRefreshRates=[60.000004, 90.0], supportedHdrTypes=[2, 3, 4]}, {id=3, width=1080, height=2400, fps=90.0, alternativeRefreshRates=[60.000004, 120.00001], supportedHdrTypes=[2, 3, 4]}], colorMode 0, supportedColorModes [0, 7, 9], hdrCapabilities HdrCapabilities{mSupportedHdrTypes=[2, 3, 4], mMaxLuminance=500.0, mMaxAverageLuminance=500.0, mMinLuminance=0.0}, allmSupported false, gameContentTypeSupported false, density 420, 403.411 x 401.052 dpi, appVsyncOff 1000000, presDeadline 16666666, cutout DisplayCutout{insets=Rect(0, 136 - 0, 0) waterfall=Insets{left=0, top=0, right=0, bottom=0} boundingRect={Bounds=[Rect(0, 0 - 0, 0), Rect(0, 0 - 188, 136), Rect(0, 0 - 0, 0), Rect(0, 0 - 0, 0)]} cutoutPathParserInfo={CutoutPathParserInfo{displayWidth=1080 displayHeight=2400 physicalDisplayWidth=1080 physicalDisplayHeight=2400 density={2.625} cutoutSpec={M89.3,42.31 m0,26.19 a26.19,26.19 0 1,0 52.38,0 a26.19,26.19 0 1,0 -52.38,0 Z @left} rotation={0} scale={1.0} physicalPixelDisplaySizeRatio={1.0}}}}, touch INTERNAL, rotation 0, type INTERNAL, address {port=130, model=0x40446d49bdd652}, deviceProductInfo DeviceProductInfo{name=, manufacturerPnpId=QCM, productId=1, modelYear=null, manufactureDate=ManufactureDate{week=27, year=2006}, connectionToSinkType=0}, state ON, committedState ON, frameRateOverride , brightnessMinimum 0.0, brightnessMaximum 1.0, brightnessDefault 0.4, hdrSdrRatio NaN, roundedCorners RoundedCorners{[RoundedCorner{position=TopLeft, radius=115, center=Point(115, 115)}, RoundedCorner{position=TopRight, radius=115, center=Point(965, 115)}, RoundedCorner{position=BottomRight, radius=115, center=Point(965, 2285)}, RoundedCorner{position=BottomLeft, radius=115, center=Point(115, 2285)}]}, FLAG_ALLOWED_TO_BE_DEFAULT_DISPLAY, FLAG_ROTATES_WITH_CONTENT, FLAG_SECURE, FLAG_SUPPORTS_PROTECTED_BUFFERS, FLAG_TRUSTED, installOrientation 0, displayShape DisplayShape{ spec=-1893857183 displayWidth=1080 displayHeight=2400 physicalPixelDisplaySizeRatio=1.0 rotation=0 offsetX=0 offsetY=0 scale=1.0}}
04-10 08:33:59.836 1402 12635 I QC2C2DEngine: calcYSize: unsupported or RGB color format, RGBA8888_UBWC(-1040187392)
04-10 08:33:59.838 1726 2216 D DisplayManagerService: Ignore redundant display event 0/2 to 10148/4738
04-10 08:33:59.838 1726 2216 D DisplayManagerService: Ignore redundant display event 0/2 to 10247/4819
04-10 08:33:59.838 1726 2216 D DisplayManagerService: Ignore redundant display event 0/2 to 10129/5172
04-10 08:33:59.838 1726 2216 D DisplayManagerService: Ignore redundant display event 0/2 to 10146/10064
04-10 08:33:59.838 1726 2216 D DisplayManagerService: Ignore redundant display event 0/2 to 10254/10294
04-10 08:33:59.838 1726 2216 D DisplayManagerService: Ignore redundant display event 0/2 to 10243/11292
04-10 08:33:59.839 3037 3518 I BtGatt.ScanManager: msg.what = 7
04-10 08:33:59.839 3037 3518 D BtGatt.ScanManager: enter screen on
04-10 08:33:59.840 2840 2958 D DisplayTrackerImpl: displayChangedListener onDisplayChanged
04-10 08:33:59.867 361 361 I [drm:dsi_panel_set_backlight [msm_drm]] [msm-dsi-info]: backlight type:2 lvl:1335
04-10 08:33:59.872 361 361 I [FTS_TS/I]drm_notifier_callback: DRM event:1,blank:3
04-10 08:33:59.872 361 361 I [FTS_TS/I]drm_notifier_callback: DRM BLANK(3) do not need process
04-10 08:33:59.884 1402 12635 I QC2C2DEngine: calcYSize: unsupported or RGB color format, RGBA8888_UBWC(-1040187392)
04-10 08:33:59.886 3294 3294 W NT-Launcher: onTrimMemory: level = 20
04-10 08:33:59.897 3294 3441 I ImeTracker: com.nothing.launcher:cff5773c: onRequestHide at ORIGIN_CLIENT_HIDE_SOFT_INPUT reason HIDE_SOFT_INPUT
04-10 08:33:59.898 3294 3441 I ImeTracker: com.nothing.launcher:cff5773c: onFailed at PHASE_CLIENT_VIEW_SERVED
04-10 08:33:59.898 5695 5695 I A : onStop
04-10 08:33:59.904 1402 12635 I QC2C2DEngine: calcYSize: unsupported or RGB color format, RGBA8888_UBWC(-1040187392)
04-10 08:33:59.917 1402 12635 I QC2C2DEngine: calcYSize: unsupported or RGB color format, RGBA8888_UBWC(-1040187392)
04-10 08:33:59.938 1402 12635 I QC2C2DEngine: calcYSize: unsupported or RGB color format, RGBA8888_UBWC(-1040187392)
04-10 08:33:59.994 608 608 W [FTS_TS]fts_input_report_b: [B]P0(813, 2368)[p:3,tm:48] DOWN!
04-10 08:33:59.998 1726 5826 D VibratorManagerService: vibrate uid =10199, opPkg = com.android.systemui, reason = null, attrs = VibrationAttributes: Usage=TOUCH Audio Usage= USAGE_UNKNOWN Flags=0
04-10 08:33:59.998 1726 5826 D RichTapVibratorService: none richtap effect, do nothing!!
04-10 08:33:59.998 1726 5826 D VibratorManagerService: Starting vibrate for vibration 57
04-10 08:33:59.998 1726 5826 D VibratorManagerService: Vibration for uid=10199 and with attrs=VibrationAttributes: Usage=TOUCH Audio Usage= USAGE_UNKNOWN Flags=0 ended with status IGNORED_FOR_SETTINGS
04-10 08:34:00.039 1402 12635 I QC2C2DEngine: calcYSize: unsupported or RGB color format, RGBA8888_UBWC(-1040187392)
04-10 08:34:00.052 1402 12635 I QC2C2DEngine: calcYSize: unsupported or RGB color format, RGBA8888_UBWC(-1040187392)
04-10 08:34:00.067 1402 12635 I QC2C2DEngine: calcYSize: unsupported or RGB color format, RGBA8888_UBWC(-1040187392)
04-10 08:34:00.089 1402 12635 I QC2C2DEngine: calcYSize: unsupported or RGB color format, RGBA8888_UBWC(-1040187392)
04-10 08:34:00.091 608 608 W [FTS_TS]fts_input_report_b: [B]P0 UP!
04-10 08:34:00.091 608 608 W [FTS_TS]fts_input_report_b: [B]Points All Up!
04-10 08:34:00.103 2840 2898 V ShellRecents: RecentsTransitionHandler.startRecentsTransition
04-10 08:34:00.104 2840 2898 V WindowManagerShell: Directly starting a new transition type=3 wct=WindowContainerTransaction { changes = {} hops = [{PendingIntent: options=Bundle[mParcelledData.dataSize=332]}] errorCallbackToken=null taskFragmentOrganizer=null } handler=com.android.wm.shell.recents.RecentsTransitionHandler@4c64980
04-10 08:34:00.105 1402 12635 I QC2C2DEngine: calcYSize: unsupported or RGB color format, RGBA8888_UBWC(-1040187392)
04-10 08:34:00.109 2840 2840 D ShadeControllerImpl: animateCollapse(): mExpandedVisible=falseflags=2
04-10 08:34:00.109 2840 2840 I vol.VolumeDialogImpl: mDialog.dismiss() reason: volume_controller from: com.android.systemui.volume.VolumeDialogImpl$15.onDismissRequested:3226
04-10 08:34:00.110 1726 7463 D BLASTSyncEngine: startSyncSet SyncGroup = com.android.server.wm.BLASTSyncEngine$SyncGroup@6df0694,parallel = true,alreadyRunning = false,Callers=com.android.server.wm.BLASTSyncEngine.startSyncSet:442 com.android.server.wm.Transition.startCollecting:572 com.android.server.wm.TransitionController.moveToCollecting:331 com.android.server.wm.TransitionController.startCollectOrQueue:1408 com.android.server.wm.WindowOrganizerController.startTransition:303 com.android.server.wm.WindowOrganizerController.startNewTransition:264 android.window.IWindowOrganizerController$Stub.onTransact:245 com.android.server.wm.WindowOrganizerController.onTransact:181 android.os.Binder.execTransactInternal:1339 android.os.Binder.execTransact:1275
04-10 08:34:00.112 2840 2840 I vol.VolumeDialogImpl: mDialog.dismiss() reason: volume_controller from: com.android.systemui.volume.VolumeDialogImpl$15.onDismissRequested:3226
04-10 08:34:00.112 2840 2840 D vol.VolumeDialogImpl: dismissH: skipping dismiss because isAnimatingDismiss is true and showingStateInconsistent is false
04-10 08:34:00.113 2840 2840 D ShadeControllerImpl: animateCollapse(): mExpandedVisible=falseflags=2
04-10 08:34:00.114 1385 1554 W ANDR-PERF-LM: MetaMeter: handlePrimaryAsync() 118: AdaptLaunch MetaMeter. No MeterMgr Available to handle this Primary Async. !!!!
04-10 08:34:00.114 1385 1554 W ANDR-PERF-LM: MetaMeter: handlePrimaryAsync() 118: AdaptLaunch MetaMeter. No MeterMgr Available to handle this Primary Async. !!!!
04-10 08:34:00.115 1726 7463 D NtDimmerWindow: NtDimmerWindow.enterPinnedWindowWindowingMode: You can only enter PinnedWindow from Windowform. task=Task{dc5400b #629 type=standard A=10341:com.spintec.qt.form500.poc}
04-10 08:34:00.117 2840 2898 V ShellRecents: [65777111] RecentsController.setTransition: id=android.os.BinderProxy@627b9ad
04-10 08:34:00.125 3294 3294 I NT-StateManager: onStateTransitionStart StateManager: StateManager(mLastStableState:Normal, mCurrentStableState:Normal, mState:Background, mRestState:Normal, isInTransition:false)
04-10 08:34:00.126 3294 3294 I NT-StateManager: onStateTransitionEnd StateManager: StateManager(mLastStableState:Normal, mCurrentStableState:Background, mState:Background, mRestState:Normal, isInTransition:false)
04-10 08:34:00.128 3294 3294 I NT-TopTaskTracker: Found recent activity taskId = 628
04-10 08:34:00.130 1433 1433 I RefreshRateSelector: Display 4630946480328692354 policy changed
04-10 08:34:00.130 1433 1433 I RefreshRateSelector: Previous: {defaultModeId=0, allowGroupSwitching=false, primaryRanges={physical=[59.00 Hz, inf Hz], render=[59.00 Hz, 61.00 Hz]}, appRequestRanges={physical=[59.00 Hz, inf Hz], render=[59.00 Hz, 61.00 Hz]}}
04-10 08:34:00.130 1433 1433 I RefreshRateSelector: Current: DisplayManagerPolicy{defaultModeId=1, allowGroupSwitching=false, primaryRanges={physical=[0.00 Hz, inf Hz], render=[0.00 Hz, 120.00 Hz]}, appRequestRanges={physical=[0.00 Hz, inf Hz], render=[0.00 Hz, 120.00 Hz]}}
04-10 08:34:00.130 1433 1433 I RefreshRateSelector: 1 mode changes were performed under the previous policy
04-10 08:34:00.131 1433 1433 W ComposerExtn: DisplayExtnImpl::SetActiveConfig: HWC Display 0 is not registered!
04-10 08:34:00.131 1402 12635 I QC2C2DEngine: calcYSize: unsupported or RGB color format, RGBA8888_UBWC(-1040187392)
04-10 08:34:00.135 5695 6023 E OpenGLRenderer: Unable to match the desired swap behavior.
04-10 08:34:00.148 1433 1433 I BpBinder: onLastStrongRef automatically unlinking death recipients:
04-10 08:34:00.149 1363 3450 I WifiHAL : event received NL80211_CMD_VENDOR, vendor_id = 0x1374, subcmd = 0xd
04-10 08:34:00.149 1858 1858 I cnss-daemon: nl80211 response handler invoked
04-10 08:34:00.149 1858 1858 I cnss-daemon: nl80211_response_handler: cmd 103, vendorID 4980, subcmd 13 received
04-10 08:34:00.152 1375 1375 I SDM : HWDeviceDRM::UpdateMixerAttributes: Mixer WxH 1080x2400-0 for Peripheral
04-10 08:34:00.152 1375 1375 I SDM : HWCDisplay::SubmitDisplayConfig: Active configuration changed to: 1
04-10 08:34:00.157 3294 5003 E OpenGLRenderer: Unable to match the desired swap behavior.
04-10 08:34:00.154 361 361 I [FTS_TS/I]drm_notifier_callback: DRM event:2,blank:3
04-10 08:34:00.154 361 361 I [FTS_TS/I]drm_notifier_callback: DRM BLANK(3) do not need process
04-10 08:34:00.154 361 361 I goodix_fp: [info] goodix_fb_state_chg_callback go to the goodix_fb_state_chg_callback value = 2
04-10 08:34:00.154 361 361 I goodix_fp: goodix_fb_state_chg_callback defalut
04-10 08:34:00.156 361 361 I [drm:dsi_display_set_mode [msm_drm]] [msm-dsi-info]: mdp_transfer_time=7826, hactive=1080, vactive=2400, fps=120
04-10 08:34:00.163 1402 12635 I QC2C2DEngine: calcYSize: unsupported or RGB color format, RGBA8888_UBWC(-1040187392)
04-10 08:34:00.170 2840 2898 V WindowManagerShell: onTransitionReady android.os.BinderProxy@627b9ad: {id=77 t=TO_FRONT f=0x80 trk=0 r=[0@Point(0, 0)] c=[{WCT{android.window.IWindowContainerToken$Stub$Proxy@6277d2e} m=TO_FRONT f=SHOW_WALLPAPER|MOVE_TO_TOP leash=Surface(name=Task=1)/@0x24af4e2 sb=Rect(0, 0 - 1080, 2400) eb=Rect(0, 0 - 1080, 2400) d=0},{WCT{android.window.IWindowContainerToken$Stub$Proxy@68880cf} m=TO_BACK f=NONE leash=Surface(name=Task=629)/@0x9535073 sb=Rect(0, 0 - 1080, 2400) eb=Rect(0, 0 - 1080, 2400) d=0},{null m=TO_FRONT f=IS_WALLPAPER leash=Surface(name=WallpaperWindowToken{10a6634 token=android.os.Binder@96e7f46})/@0x6ee7b30 sb=Rect(0, 0 - 1080, 2400) eb=Rect(0, 0 - 1080, 2400) d=0}]}
04-10 08:34:00.171 2840 2898 V WindowManagerShell: Playing animation for (#77)android.os.BinderProxy@627b9ad@0
04-10 08:34:00.171 2840 2898 V WindowManagerShell: try firstHandler com.android.wm.shell.recents.RecentsTransitionHandler@4c64980
04-10 08:34:00.172 2840 2898 V ShellRecents: [65777111] RecentsController.start
04-10 08:34:00.174 2840 2898 V ShellRecents: adding pausing leaf taskId=629 at layer=8
04-10 08:34:00.175 2840 2898 V ShellRecents: [65777111] RecentsController.start: calling onAnimationStart
04-10 08:34:00.174 361 361 I [drm:dsi_panel_set_backlight [msm_drm]] [msm-dsi-info]: backlight type:2 lvl:1335
04-10 08:34:00.176 1726 2212 V WindowManager: Sent Transition #77 createdAt=04-10 08:34:00.110
04-10 08:34:00.176 1726 2212 V WindowManager: startWCT=WindowContainerTransaction { changes = {} hops = [{PendingIntent: options=Bundle[{android.activity.splashScreenStyle=-1, android.activity.sourceInfo=android.app.ActivityOptions$SourceInfo@9bcc839, android.activity.transientLaunch=true}]}] errorCallbackToken=null taskFragmentOrganizer=null }
04-10 08:34:00.176 1726 2212 V WindowManager: info={id=77 t=TO_FRONT f=0x80 trk=0 r=[0@Point(0, 0)] c=[{WCT{RemoteToken{3176405 Task{2dbc4fe #1 type=home}}} m=TO_FRONT f=SHOW_WALLPAPER|MOVE_TO_TOP leash=Surface(name=Task=1)/@0xceec555 sb=Rect(0, 0 - 1080, 2400) eb=Rect(0, 0 - 1080, 2400) d=0},{WCT{RemoteToken{6ce9df5 Task{dc5400b #629 type=standard A=10341:com.spintec.qt.form500.poc}}} m=TO_BACK f=NONE leash=Surface(name=Task=629)/@0x2a116df sb=Rect(0, 0 - 1080, 2400) eb=Rect(0, 0 - 1080, 2400) d=0},{null m=TO_FRONT f=IS_WALLPAPER leash=Surface(name=WallpaperWindowToken{10a6634 token=android.os.Binder@96e7f46})/@0x74d573f sb=Rect(0, 0 - 1080, 2400) eb=Rect(0, 0 - 1080, 2400) d=0}]}
04-10 08:34:00.177 2840 2898 V WindowManagerShell: animated by firstHandler
04-10 08:34:00.178 1726 2216 I DisplayDeviceRepository: Display device changed: DisplayDeviceInfo{"Built-in Screen": uniqueId="local:4630946480328692354", 1080 x 2400, modeId 2, renderFrameRate 120.00001, defaultModeId 1, supportedModes [{id=1, width=1080, height=2400, fps=60.000004, alternativeRefreshRates=[90.0, 120.00001], supportedHdrTypes=[2, 3, 4]}, {id=2, width=1080, height=2400, fps=120.00001, alternativeRefreshRates=[60.000004, 90.0], supportedHdrTypes=[2, 3, 4]}, {id=3, width=1080, height=2400, fps=90.0, alternativeRefreshRates=[60.000004, 120.00001], supportedHdrTypes=[2, 3, 4]}], colorMode 0, supportedColorModes [0, 7, 9], hdrCapabilities HdrCapabilities{mSupportedHdrTypes=[2, 3, 4], mMaxLuminance=500.0, mMaxAverageLuminance=500.0, mMinLuminance=0.0}, allmSupported false, gameContentTypeSupported false, density 420, 403.411 x 401.052 dpi, appVsyncOff 1000000, presDeadline 13333333, cutout DisplayCutout{insets=Rect(0, 136 - 0, 0) waterfall=Insets{left=0, top=0, right=0, bottom=0} boundingRect={Bounds=[Rect(0, 0 - 0, 0), Rect(0, 0 - 188, 136), Rect(0, 0 - 0, 0), Rect(0, 0 - 0, 0)]} cutoutPathParserInfo={CutoutPathParserInfo{displayWidth=1080 displayHeight=2400 physicalDisplayWidth=1080 physicalDisplayHeight=2400 density={2.625} cutoutSpec={M89.3,42.31 m0,26.19 a26.19,26.19 0 1,0 52.38,0 a26.19,26.19 0 1,0 -52.38,0 Z @left} rotation={0} scale={1.0} physicalPixelDisplaySizeRatio={1.0}}}}, touch INTERNAL, rotation 0, type INTERNAL, address {port=130, model=0x40446d49bdd652}, deviceProductInfo DeviceProductInfo{name=, manufacturerPnpId=QCM, productId=1, modelYear=null, manufactureDate=ManufactureDate{week=27, year=2006}, connectionToSinkType=0}, state ON, committedState ON, frameRateOverride , brightnessMinimum 0.0, brightnessMaximum 1.0, brightnessDefault 0.4, hdrSdrRatio NaN, roundedCorners RoundedCorners{[RoundedCorner{position=TopLeft, radius=115, center=Point(115, 115)}, RoundedCorner{position=TopRight, radius=115, center=Point(965, 115)}, RoundedCorner{position=BottomRight, radius=115, center=Point(965, 2285)}, RoundedCorner{position=BottomLeft, radius=115, center=Point(115, 2285)}]}, FLAG_ALLOWED_TO_BE_DEFAULT_DISPLAY, FLAG_ROTATES_WITH_CONTENT, FLAG_SECURE, FLAG_SUPPORTS_PROTECTED_BUFFERS, FLAG_TRUSTED, installOrientation 0, displayShape DisplayShape{ spec=-1893857183 displayWidth=1080 displayHeight=2400 physicalPixelDisplaySizeRatio=1.0 rotation=0 offsetX=0 offsetY=0 scale=1.0}}
04-10 08:34:00.180 1726 2216 D DisplayManagerService: Ignore redundant display event 0/2 to 10148/4738
04-10 08:34:00.180 1726 2216 D DisplayManagerService: Ignore redundant display event 0/2 to 10247/4819
04-10 08:34:00.180 1726 2216 D DisplayManagerService: Ignore redundant display event 0/2 to 10129/5172
04-10 08:34:00.180 1726 2216 D DisplayManagerService: Ignore redundant display event 0/2 to 10146/10064
04-10 08:34:00.180 1726 2216 D DisplayManagerService: Ignore redundant display event 0/2 to 10254/10294
04-10 08:34:00.180 1726 2216 D DisplayManagerService: Ignore redundant display event 0/2 to 10243/11292
04-10 08:34:00.181 3294 3294 I NT-InputConsumerProxy: AL-1283: Enable InputConsumerProxy, register consumer events.
04-10 08:34:00.181 3294 3294 D RemoteTargetGluer: appCount: 1 handleLength: 2
04-10 08:34:00.181 3294 3294 D RemoteTargetGluer: resizing handles
04-10 08:34:00.181 3294 3294 D RemoteTargetGluer: containsSplitTargets? false handleLength: 1 appsLength: 1
04-10 08:34:00.183 3294 3294 D RemoteTargetGluer: appCount: 1 handleLength: 2
04-10 08:34:00.183 3294 3294 D RemoteTargetGluer: resizing handles
04-10 08:34:00.183 3294 3294 D RemoteTargetGluer: containsSplitTargets? false handleLength: 1 appsLength: 1
04-10 08:34:00.185 1726 2669 E HandwritingModeController: Cannot get requestId: Handwriting was not initialized.
04-10 08:34:00.185 2840 2898 V ShellRecents: [65777111] RecentsController.setInputConsumerEnabled: set focus to recents
04-10 08:34:00.186 1726 2669 E HandwritingModeController: Cannot get requestId: Handwriting was not initialized.
04-10 08:34:00.187 3037 3518 I BtGatt.ScanManager: msg.what = 7
04-10 08:34:00.187 3037 3518 D BtGatt.ScanManager: enter screen on
04-10 08:34:00.187 1726 7469 V NtGameModeImpl: onAppFocusChanged: pkg=com.nothing.launcher, uid=10183, category=-1
04-10 08:34:00.188 2840 2958 D DisplayTrackerImpl: displayChangedListener onDisplayChanged
04-10 08:34:00.188 1726 7469 D NtPopUpViewImpl: PopUpView: onAppFocusChanged: newTask=Task{8a7144e #628 type=home I=com.nothing.launcher/com.android.searchlauncher.SearchLauncher}, showDimmer=false
04-10 08:34:00.188 1726 7469 D NtDimmerWindow: NtDimmerWindow.enterPinnedWindowWindowingMode: You can only enter PinnedWindow from Windowform. task=Task{dc5400b #629 type=standard A=10341:com.spintec.qt.form500.poc}
04-10 08:34:00.188 1726 7469 D NtWindowformEdgeBarHelper: setTask true
04-10 08:34:00.191 2817 5016 D TopAppSceneDetector: currentFocusApp=com.nothing.launcher
04-10 08:34:00.192 2840 2898 V ShellRecents: [65777111] RecentsController.setInputConsumerEnabled: set focus to recents
04-10 08:34:00.196 1402 12635 I QC2C2DEngine: calcYSize: unsupported or RGB color format, RGBA8888_UBWC(-1040187392)
04-10 08:34:00.199 2817 5016 D NearbyDetector: onTopActivityChanged: top class name: com.spintec.qt.form500.poc.My7000App
04-10 08:34:00.199 2817 5016 D GameSceneDetector: Failed to call isBoostTypeGame: java.lang.NoSuchMethodException: android.util.BoostFramework.perfGetFeedback []
04-10 08:34:00.199 2817 5016 D GameSceneDetector: onTopChanged=com.nothing.launcher, isBoostTypeGame=false, isCategoryGame=false
04-10 08:34:00.199 1726 2669 E HandwritingModeController: Cannot get requestId: Handwriting was not initialized.
04-10 08:34:00.199 2817 5016 D SceneManager: TopAPP=com.nothing.launcher, category=-1
04-10 08:34:00.221 1402 12635 I QC2C2DEngine: calcYSize: unsupported or RGB color format, RGBA8888_UBWC(-1040187392)
04-10 08:34:00.247 1402 12635 I QC2C2DEngine: calcYSize: unsupported or RGB color format, RGBA8888_UBWC(-1040187392)
04-10 08:34:00.268 1385 4311 E ANDR-PERF-LM: VmRssMeter:: start() 453: Could not find pid, can not collect vmrss data
04-10 08:34:00.268 1385 4311 E ANDR-PERF-LM: AdaptiveLaunch: writeToDataBase() 64: Meter aborted or could not get meter data for this run
04-10 08:34:00.270 1385 4310 E ANDR-PERF-LM: VmRssMeter:: start() 453: Could not find pid, can not collect vmrss data
04-10 08:34:00.270 1402 12635 I QC2C2DEngine: calcYSize: unsupported or RGB color format, RGBA8888_UBWC(-1040187392)
04-10 08:34:00.284 1402 12635 I QC2C2DEngine: calcYSize: unsupported or RGB color format, RGBA8888_UBWC(-1040187392)
04-10 08:34:00.305 1402 12635 I QC2C2DEngine: calcYSize: unsupported or RGB color format, RGBA8888_UBWC(-1040187392)
04-10 08:34:00.329 1402 12635 I QC2C2DEngine: calcYSize: unsupported or RGB color format, RGBA8888_UBWC(-1040187392)
04-10 08:34:00.347 1402 12635 I QC2C2DEngine: calcYSize: unsupported or RGB color format, RGBA8888_UBWC(-1040187392)
04-10 08:34:00.367 1402 12635 I QC2C2DEngine: calcYSize: unsupported or RGB color format, RGBA8888_UBWC(-1040187392)
04-10 08:34:00.389 1402 12635 I QC2C2DEngine: calcYSize: unsupported or RGB color format, RGBA8888_UBWC(-1040187392)
04-10 08:34:00.409 1402 12635 I QC2C2DEngine: calcYSize: unsupported or RGB color format, RGBA8888_UBWC(-1040187392)
04-10 08:34:00.424 2840 2840 D vol.VolumeDialogImpl: hideRingerDrawer - drawer is already hide
04-10 08:34:00.425 1726 3838 D AS.AudioService: Volume controller visible: false
04-10 08:34:00.428 1402 12635 I QC2C2DEngine: calcYSize: unsupported or RGB color format, RGBA8888_UBWC(-1040187392)
04-10 08:34:00.454 1402 12635 I QC2C2DEngine: calcYSize: unsupported or RGB color format, RGBA8888_UBWC(-1040187392)
04-10 08:34:00.484 1402 12635 I QC2C2DEngine: calcYSize: unsupported or RGB color format, RGBA8888_UBWC(-1040187392)
04-10 08:34:00.507 1402 12635 I QC2C2DEngine: calcYSize: unsupported or RGB color format, RGBA8888_UBWC(-1040187392)
04-10 08:34:00.523 1402 12635 I QC2C2DEngine: calcYSize: unsupported or RGB color format, RGBA8888_UBWC(-1040187392)
04-10 08:34:00.542 1402 12635 I QC2C2DEngine: calcYSize: unsupported or RGB color format, RGBA8888_UBWC(-1040187392)
04-10 08:34:00.546 1726 3838 D NtWindowManagerService: getActiveRecentsLayerTaskId: ar=ActivityRecord{f0703da u0 com.spintec.qt.form500.poc/.My7000App t629} taskId=629
04-10 08:34:00.546 2840 4972 V ShellRecents: [65777111] RecentsController.screenshotTask: taskId=629
04-10 08:34:00.555 608 608 W [FTS_TS]fts_input_report_b: [B]P0(540, 2322)[p:5,tm:64] DOWN!
04-10 08:34:00.560 1726 2915 D KeyCombinationManager: interceptKeyLocked() keyCode:3 count:0 down:true interactive:true eventTime:381139 mDownTimes={}
04-10 08:34:00.560 1726 2915 D VibratorManagerService: vibrate uid =1000, opPkg = android, reason = Virtual Key - Press, attrs = VibrationAttributes: Usage=TOUCH Audio Usage= USAGE_UNKNOWN Flags=0
04-10 08:34:00.561 1726 2915 D RichTapVibratorService: none richtap effect, do nothing!!
04-10 08:34:00.561 1726 2915 D VibratorManagerService: Starting vibrate for vibration 58
04-10 08:34:00.562 1726 2915 D VibratorManagerService: Vibration for uid=1000 and with attrs=VibrationAttributes: Usage=TOUCH Audio Usage= USAGE_UNKNOWN Flags=0 ended with status IGNORED_FOR_SETTINGS
04-10 08:34:00.562 1402 12635 I QC2C2DEngine: calcYSize: unsupported or RGB color format, RGBA8888_UBWC(-1040187392)
04-10 08:34:00.583 1402 12635 I QC2C2DEngine: calcYSize: unsupported or RGB color format, RGBA8888_UBWC(-1040187392)
04-10 08:34:00.585 1726 3838 D NtWindowManagerService: getActiveRecentsLayerTaskId: ar=ActivityRecord{f0703da u0 com.spintec.qt.form500.poc/.My7000App t629} taskId=629
04-10 08:34:00.586 3294 3294 I NT-StateManager: onStateTransitionStart StateManager: StateManager(mLastStableState:Normal, mCurrentStableState:Background, mState:Overview, mRestState:Normal, isInTransition:false)
04-10 08:34:00.587 3294 3294 I NT-StateManager: onStateTransitionEnd StateManager: StateManager(mLastStableState:Normal, mCurrentStableState:Overview, mState:Overview, mRestState:Normal, isInTransition:false)
04-10 08:34:00.588 3294 3441 I ImeTracker: com.nothing.launcher:30932398: onRequestHide at ORIGIN_CLIENT_HIDE_SOFT_INPUT reason HIDE_SOFT_INPUT
04-10 08:34:00.588 3294 3441 I ImeTracker: com.nothing.launcher:30932398: onFailed at PHASE_CLIENT_VIEW_SERVED
04-10 08:34:00.590 1354 1354 I sensors-hal: flush:271, android.sensor.accelerometer/11
04-10 08:34:00.591 3294 3443 D QuickstepModelDelegate: notifyAppTargetEvent action=1 launchLocation=
04-10 08:34:00.593 3294 3294 I NT-NTDragLayer: onMeasure consumed 0
04-10 08:34:00.593 3294 3294 I NT-NTDragLayer: onLayout consumed 0
04-10 08:34:00.593 1354 1354 I sensors-hal: send_sync_sensor_request:361, send sync request
04-10 08:34:00.596 5695 5695 I A : onStart
04-10 08:34:00.596 3294 3294 I NT-NTDragLayer: dispatchDraw consumed 3
04-10 08:34:00.597 1354 1354 I sensors-hal: send_sync_sensor_request:387, wait for notification of response
04-10 08:34:00.597 3037 3518 I BtGatt.ScanManager: msg.what = 6
04-10 08:34:00.597 1354 2789 I sensors-hal: ssc_conn_resp_cb:676, resp_value = 0
04-10 08:34:00.597 3037 3518 D BtGatt.ScanManager: uid 10127 isForeground true scanMode 1
04-10 08:34:00.597 3037 3518 D BtGatt.ScanManager: uid 10127 isForeground true scanMode 3
04-10 08:34:00.597 3037 3518 D BtGatt.ScanManager: uid 10127 isForeground true scanMode 3
04-10 08:34:00.597 1354 1354 I sensors-hal: send_sync_sensor_request:393, takes 0 ms to receive the response with 0
04-10 08:34:00.597 1354 1354 I sensors-hal: flush:277, android.sensor.accelerometer/11 completed
04-10 08:34:00.599 2840 2853 V ShellRecents: [65777111] RecentsController.detachNavigationBarFromApp
04-10 08:34:00.599 5695 5695 I A : onResume
04-10 08:34:00.603 1402 12635 I QC2C2DEngine: calcYSize: unsupported or RGB color format, RGBA8888_UBWC(-1040187392)
04-10 08:34:00.617 1402 12635 I QC2C2DEngine: calcYSize: unsupported or RGB color format, RGBA8888_UBWC(-1040187392)
04-10 08:34:00.621 608 608 W [FTS_TS]fts_input_report_b: [B]P0 UP!
04-10 08:34:00.621 608 608 W [FTS_TS]fts_input_report_b: [B]Points All Up!
04-10 08:34:00.624 1726 5944 D KeyCombinationManager: interceptKeyLocked() keyCode:3 count:0 down:false interactive:true eventTime:381205 mDownTimes={3=381139}
04-10 08:34:00.627 1726 2213 D WindowManager: startDockOrHome: startReason= startDockOrHome
04-10 08:34:00.629 1402 12635 I QC2C2DEngine: calcYSize: unsupported or RGB color format, RGBA8888_UBWC(-1040187392)
04-10 08:34:00.630 1726 2213 D BLASTSyncEngine: startSyncSet SyncGroup = com.android.server.wm.BLASTSyncEngine$SyncGroup@c1b3cc4,parallel = false,alreadyRunning = false,Callers=com.android.server.wm.BLASTSyncEngine.startSyncSet:442 com.android.server.wm.Transition.startCollecting:572 com.android.server.wm.TransitionController.moveToCollecting:331 com.android.server.wm.TransitionController.createAndStartCollecting:1447 com.android.server.wm.ActivityStarter.startActivityUnchecked:1548 com.android.server.wm.ActivityStarter.executeRequest:1385 com.android.server.wm.ActivityStarter.execute:778 com.android.server.wm.ActivityStartController.startHomeActivity:198 com.android.server.wm.RootWindowContainer.startHomeOnTaskDisplayArea:1507 com.android.server.wm.RootWindowContainer.lambda$startHomeOnDisplay$11:1446 com.android.server.wm.RootWindowContainer.$r8$lambda$zDbqLY8yVs2-CTsfHP7FhguhRoM:0 com.android.server.wm.RootWindowContainer$$ExternalSyntheticLambda5.apply:0 com.android.server.wm.TaskDisplayArea.reduceOnAllTaskDisplayAreas:514 com.android.server.wm.DisplayArea.reduceOnAllTaskDisplayAreas:527 com.android.server.wm.DisplayArea.reduceOnAllTaskDisplayAreas:527
04-10 08:34:00.633 1726 2213 I ActivityTaskManager: START u0 {act=android.intent.action.MAIN cat=[android.intent.category.HOME] flg=0x10000100 cmp=com.nothing.launcher/com.android.searchlauncher.SearchLauncher (has extras)} with LAUNCH_SINGLE_TASK from uid 0 pid 0 (BAL_ALLOW_ALLOWLISTED_UID) result code=3
04-10 08:34:00.633 2840 3477 D KeyguardService: setOccluded(false)
04-10 08:34:00.633 2840 3477 D KeyguardViewMediator: setOccluded(false)
04-10 08:34:00.633 2840 3477 D KeyguardViewMediator: setOccluded false
04-10 08:34:00.634 2840 2898 D WindowManagerShell: onActivityRestartAttempt: ComponentInfo{com.nothing.launcher/com.android.searchlauncher.SearchLauncher}
04-10 08:34:00.635 2840 2840 D ShadeControllerImpl: animateCollapse(): mExpandedVisible=falseflags=0
04-10 08:34:00.635 2840 2840 I vol.VolumeDialogImpl: mDialog.dismiss() reason: volume_controller from: com.android.systemui.volume.VolumeDialogImpl$15.onDismissRequested:3226
04-10 08:34:00.635 2840 2840 D KeyguardViewMediator: handleSetOccluded(false)
04-10 08:34:00.635 2840 2840 D KeyguardViewMediator: isOccluded=false,mPowerGestureIntercepted=false
04-10 08:34:00.648 1402 12635 I QC2C2DEngine: calcYSize: unsupported or RGB color format, RGBA8888_UBWC(-1040187392)
04-10 08:34:00.663 1402 12635 I QC2C2DEngine: calcYSize: unsupported or RGB color format, RGBA8888_UBWC(-1040187392)
04-10 08:34:00.666 2840 3477 V ShellRecents: [65777111] RecentsController.screenshotTask: taskId=629
04-10 08:34:00.685 1402 12635 I QC2C2DEngine: calcYSize: unsupported or RGB color format, RGBA8888_UBWC(-1040187392)
04-10 08:34:00.696 2840 2840 I vol.VolumeDialogImpl: mDialog.dismiss() reason: volume_controller from: com.android.systemui.volume.VolumeDialogImpl$15.onDismissRequested:3226
04-10 08:34:00.696 2840 2840 D vol.VolumeDialogImpl: dismissH: skipping dismiss because isAnimatingDismiss is true and showingStateInconsistent is false
04-10 08:34:00.696 3294 3294 I NT-StateManager: onStateTransitionStart StateManager: StateManager(mLastStableState:Normal, mCurrentStableState:Overview, mState:Normal, mRestState:Normal, isInTransition:true)
04-10 08:34:00.697 1354 1354 I sensors-hal: batch:242, android.sensor.accelerometer/11, period=50000000, max_latency=0
04-10 08:34:00.697 1354 1354 I sensors-hal: set_config:68, sample_period_ns is adjusted to 50000000 based on min/max delay_ns
04-10 08:34:00.697 1354 1354 I sensors-hal: batch:251, android.sensor.accelerometer/11, period=50000000, max_latency=0 request completed
04-10 08:34:00.698 2840 2840 D ShadeControllerImpl: animateCollapse(): mExpandedVisible=falseflags=0
04-10 08:34:00.699 3294 3443 D QuickstepModelDelegate: notifyAppTargetEvent action=1 launchLocation=workspace/5/[-1,-1]/[1,1]
04-10 08:34:00.706 3294 3294 I NT-InputConsumerProxy: AL-1283: Destroy InputConsumerProxy, UnRegister input listener.
04-10 08:34:00.707 2840 2898 V ShellRecents: [65777111] RecentsController.finishInner: toHome=true userLeave=true willFinishToHome=true state=0
04-10 08:34:00.707 2840 2898 V ShellRecents: normal finish
04-10 08:34:00.707 2840 2898 V ShellRecents: [65777111] RecentsController.cleanup
04-10 08:34:00.707 2840 2898 V WindowManagerShell: Transition animation finished (aborted=false), notifying core (#77)android.os.BinderProxy@627b9ad@0
04-10 08:34:00.708 1402 12635 I QC2C2DEngine: calcYSize: unsupported or RGB color format, RGBA8888_UBWC(-1040187392)
04-10 08:34:00.709 1726 2212 V WindowManager: Finish Transition #77: created at
04-10 08:34:00.110 collect-started=0.866ms started=1.225ms ready=5.56ms sent=58.357ms finished=599.329ms
04-10 08:34:00.711 1726 2617 D ActivityTrigger: ActivityTrigger activityPauseTrigger
04-10 08:34:00.717 2840 2898 V WindowManagerShell: Track 0 became idle
04-10 08:34:00.717 2840 2898 V WindowManagerShell: All active transition animations finished
04-10 08:34:00.719 1726 2216 V WindowManager: Unknown focus tokens, dropping reportFocusChanged
04-10 08:34:00.725 1402 12635 I QC2C2DEngine: calcYSize: unsupported or RGB color format, RGBA8888_UBWC(-1040187392)
04-10 08:34:00.733 1726 2216 D NtPerfTraceManagerImpl: packageName = com.nothing.launcher, taskId = 628
04-10 08:34:00.735 4733 4733 E BufferQueueProducer: [SurfaceView[com.spintec.qt.form500.poc/com.spintec.qt.form500.poc.My7000App]#69(BLAST Consumer)69](id:127d00000045,api:0,p:-1,c:4733) disconnect: not connected (req=2)
04-10 08:34:00.741 1726 2617 I ImeTracker: com.nothing.launcher:15ccd7a7: onRequestHide at ORIGIN_SERVER_HIDE_INPUT reason HIDE_UNSPECIFIED_WINDOW
04-10 08:34:00.743 1726 2617 I ImeTracker: com.nothing.launcher:15ccd7a7: onCancelled at PHASE_SERVER_SHOULD_HIDE
04-10 08:34:00.744 1402 12635 I QC2C2DEngine: calcYSize: unsupported or RGB color format, RGBA8888_UBWC(-1040187392)
04-10 08:34:00.746 6287 6287 I GoogleInputMethodService: GoogleInputMethodService.onFinishInput():3096
04-10 08:34:00.747 6287 6287 I GoogleInputMethodService: GoogleInputMethodService.updateDeviceLockedStatus():2210 repeatCheckTimes = 0, locked = false
04-10 08:34:00.747 6287 6287 I GoogleInputMethodService: GoogleInputMethodService.onStartInput():1950 onStartInput(EditorInfo{EditorInfo{packageName=com.nothing.launcher, inputType=0, inputTypeString=NULL, enableLearning=false, autoCorrection=false, autoComplete=false, imeOptions=0, privateImeOptions=null, actionName=UNSPECIFIED, actionLabel=null, initialSelStart=-1, initialSelEnd=-1, initialCapsMode=0, label=null, fieldId=0, fieldName=null, extras=null, hintText=null, hintLocales=[]}}, false)
04-10 08:34:00.748 6287 6287 I GoogleInputMethodService: GoogleInputMethodService.updateDeviceLockedStatus():2210 repeatCheckTimes = 1, locked = false
04-10 08:34:00.749 6287 6287 I AndroidIME: InputBundleManager.loadActiveInputBundleId():450 loadActiveInputBundleId: und-Latn-x-password, password
04-10 08:34:00.749 1402 12635 I QC2C2DEngine: calcYSize: unsupported or RGB color format, RGBA8888_UBWC(-1040187392)
04-10 08:34:00.749 1726 7463 W PackageConfigPersister: App-specific configuration not found for packageName: com.nothing.launcher and userId: 0
04-10 08:34:00.763 1402 12635 I QC2C2DEngine: calcYSize: unsupported or RGB color format, RGBA8888_UBWC(-1040187392)
04-10 08:34:00.768 1402 12635 I QC2C2DEngine: calcYSize: unsupported or RGB color format, RGBA8888_UBWC(-1040187392)
04-10 08:34:00.770 4733 4733 I Qt5.My7000App: My7000App::onPause() called
04-10 08:34:00.771 4733 12671 D libForm500Crash_POC_arm64-v8a.so: Application state changed to Qt::ApplicationInactive
04-10 08:34:00.773 3239 3295 W DynamicDDSService: appName is not found in cache: com.spintec.qt.form500.poc
04-10 08:34:00.775 1402 12635 I QC2C2DEngine: calcYSize: unsupported or RGB color format, RGBA8888_UBWC(-1040187392)
04-10 08:34:00.783 4733 4733 I Qt5.My7000App: My7000App::onStop() called
04-10 08:34:00.784 4733 4733 I Qt5.My7000App: My7000App::onStop() after super called
04-10 08:34:00.785 4733 12671 D libForm500Crash_POC_arm64-v8a.so: Application state changed to Qt::ApplicationSuspended
04-10 08:34:00.793 1402 12635 I QC2C2DEngine: calcYSize: unsupported or RGB color format, RGBA8888_UBWC(-1040187392)
04-10 08:34:00.798 1402 12635 I QC2C2DEngine: calcYSize: unsupported or RGB color format, RGBA8888_UBWC(-1040187392)
04-10 08:34:00.804 1402 12635 I QC2C2DEngine: calcYSize: unsupported or RGB color format, RGBA8888_UBWC(-1040187392)
04-10 08:34:00.820 1402 12635 I QC2C2DEngine: calcYSize: unsupported or RGB color format, RGBA8888_UBWC(-1040187392)
04-10 08:34:00.826 1402 12635 I QC2C2DEngine: calcYSize: unsupported or RGB color format, RGBA8888_UBWC(-1040187392)
04-10 08:34:00.833 1402 12635 I QC2C2DEngine: calcYSize: unsupported or RGB color format, RGBA8888_UBWC(-1040187392)
04-10 08:34:00.848 1402 12635 I QC2C2DEngine: calcYSize: unsupported or RGB color format, RGBA8888_UBWC(-1040187392)
04-10 08:34:00.863 1402 12635 I QC2C2DEngine: calcYSize: unsupported or RGB color format, RGBA8888_UBWC(-1040187392)
04-10 08:34:00.879 1402 12635 I QC2C2DEngine: calcYSize: unsupported or RGB color format, RGBA8888_UBWC(-1040187392)
04-10 08:34:00.899 1402 12635 I QC2C2DEngine: calcYSize: unsupported or RGB color format, RGBA8888_UBWC(-1040187392)
04-10 08:34:00.916 1402 12635 I QC2C2DEngine: calcYSize: unsupported or RGB color format, RGBA8888_UBWC(-1040187392)
04-10 08:34:00.929 1402 12635 I QC2C2DEngine: calcYSize: unsupported or RGB color format, RGBA8888_UBWC(-1040187392)
04-10 08:34:00.940 2840 2840 D vol.VolumeDialogImpl: hideRingerDrawer - drawer is already hide
04-10 08:34:00.941 1726 7469 D AS.AudioService: Volume controller visible: false
04-10 08:34:00.942 3365 12478 I NearbyMediums: Found Fast Ble Advertisements :
04-10 08:34:00.942 3365 12478 I NearbyMediums: BleAdvertisement { version=2, socketVersion=2, serviceIdHash=null, data=[ 0x23 0x58 0x4f 0x5a 0x34 0x11 0x32 0x03 0xf1 0x6f 0xbb 0x39 0x7a 0x7e 0x41 0x72 0xbc 0xba 0xb3 0x0b 0x5e 0xc7 0x8c ], deviceToken=[ 0xd2 0x7c ] } : 4 times.
04-10 08:34:00.942 3365 12478 I NearbyMediums: Total 4 fast advertisements.
04-10 08:34:00.948 1402 12635 I QC2C2DEngine: calcYSize: unsupported or RGB color format, RGBA8888_UBWC(-1040187392)
04-10 08:34:00.952 3294 3294 I NT-StateManager: onStateTransitionEnd StateManager: StateManager(mLastStableState:Normal, mCurrentStableState:Normal, mState:Normal, mRestState:null, isInTransition:true)
04-10 08:34:00.961 1402 12635 I QC2C2DEngine: calcYSize: unsupported or RGB color format, RGBA8888_UBWC(-1040187392)
04-10 08:34:00.983 1402 12635 I QC2C2DEngine: calcYSize: unsupported or RGB color format, RGBA8888_UBWC(-1040187392)
04-10 08:34:00.996 1402 12635 I QC2C2DEngine: calcYSize: unsupported or RGB color format, RGBA8888_UBWC(-1040187392)
04-10 08:34:01.008 1402 12635 I QC2C2DEngine: calcYSize: unsupported or RGB color format, RGBA8888_UBWC(-1040187392)
04-10 08:34:01.019 1402 12635 I QC2C2DEngine: calcYSize: unsupported or RGB color format, RGBA8888_UBWC(-1040187392)
04-10 08:34:01.030 1402 12635 I QC2C2DEngine: calcYSize: unsupported or RGB color format, RGBA8888_UBWC(-1040187392)
04-10 08:34:01.041 1402 12635 I QC2C2DEngine: calcYSize: unsupported or RGB color format, RGBA8888_UBWC(-1040187392)
04-10 08:34:01.052 1402 12635 I QC2C2DEngine: calcYSize: unsupported or RGB color format, RGBA8888_UBWC(-1040187392)
04-10 08:34:01.063 1402 12635 I QC2C2DEngine: calcYSize: unsupported or RGB color format, RGBA8888_UBWC(-1040187392)
04-10 08:34:01.074 1402 12635 I QC2C2DEngine: calcYSize: unsupported or RGB color format, RGBA8888_UBWC(-1040187392)
04-10 08:34:01.085 1402 12635 I QC2C2DEngine: calcYSize: unsupported or RGB color format, RGBA8888_UBWC(-1040187392)
04-10 08:34:01.095 1402 12635 I QC2C2DEngine: calcYSize: unsupported or RGB color format, RGBA8888_UBWC(-1040187392)
04-10 08:34:01.106 1402 12635 I QC2C2DEngine: calcYSize: unsupported or RGB color format, RGBA8888_UBWC(-1040187392)
04-10 08:34:01.116 1402 12635 I QC2C2DEngine: calcYSize: unsupported or RGB color format, RGBA8888_UBWC(-1040187392)
04-10 08:34:01.136 1402 12635 I QC2C2DEngine: calcYSize: unsupported or RGB color format, RGBA8888_UBWC(-1040187392)
04-10 08:34:01.140 1402 12635 I QC2C2DEngine: calcYSize: unsupported or RGB color format, RGBA8888_UBWC(-1040187392)
04-10 08:34:01.697 5135 5167 I NTWidget-Client: Receive method call: actionRefresh, widgetId = 1
04-10 08:34:01.699 5135 5135 I NTWidget-Client: Call handleCardRefresh, target method = onHostViewResumed
04-10 08:34:01.700 5135 5538 I NTWidget-: Ensure service valid cost time = 0, checkResult = true
04-10 08:34:01.701 5268 5481 I NTWidget-CardWidgetService: getWidgetOptions, widgetId = 1
04-10 08:34:01.705 5135 5135 I CardLab-: Widget 1 find options: width = 936, height = 210
04-10 08:34:01.705 5135 5135 I CardLab-: spanX = 4
04-10 08:34:01.705 5135 5135 I CardLab-: ContainerWidth = 936
04-10 08:34:01.705 5135 5135 I CardLab-: Display weather and date-------------
04-10 08:34:01.706 5135 5733 I CardLab-: Start to query weather data.
04-10 08:34:01.708 5135 5135 I CardLab-: Widget 1 no need refresh, return null cardInfo!!!!!!!
04-10 08:34:01.710 5649 5696 I NTWeather-ShareProvider: Call method query_weather_info from pkg = com.nothing.hearthstone
04-10 08:34:01.711 5649 5858 I NTWeather-RequestWeatherNotice: Request Weather Notice doWork
04-10 08:34:01.744 5135 5733 I CardLab-: WeatherManager weather queried = Mostly cloudy, isWeatherChanged = false
04-10 08:34:02.009 1319 3739 D vendor.qti.bluetooth@1.0-wake_lock: Acquire wakelock is acquired
04-10 08:34:02.010 3037 3743 I bt_stack: [INFO:btm_ble_gap.cc(3253)] btm_ble_process_adv_pkt_cont Data Complete 63:d6:05:85:71:95
04-10 08:34:02.011 3037 3743 I bt_stack: [INFO:btm_ble_gap.cc(3253)] btm_ble_process_adv_pkt_cont Data Complete 63:d6:05:85:71:95
04-10 08:34:02.012 3037 3743 I bt_stack: [INFO:btm_ble_gap.cc(3253)] btm_ble_process_adv_pkt_cont Data Complete 63:d6:05:85:71:95
04-10 08:34:02.012 3037 3743 D bt_btm_ble: bool parse_adv_audio_uuids_from_adv_pkt(const uint8_t *, size_t, uint8_t): tmap_cap_pts: false
04-10 08:34:02.126 2599 2600 I android.hardware.thermal@2.0-service.qti: uevent triggered for sensor: quiet-therm-usr
04-10 08:34:02.128 2599 2600 I android.hardware.thermal@2.0-service.qti: uevent triggered for sensor: quiet-therm-usr
04-10 08:34:02.153 1363 3450 I WifiHAL : event received NL80211_CMD_VENDOR, vendor_id = 0x1374, subcmd = 0xd
04-10 08:34:02.153 1858 1858 I cnss-daemon: nl80211 response handler invoked
04-10 08:34:02.153 1858 1858 I cnss-daemon: nl80211_response_handler: cmd 103, vendorID 4980, subcmd 13 received
04-10 08:34:02.200 1319 3529 D vendor.qti.bluetooth@1.0-wake_lock: Release wakelock is released
04-10 08:34:02.684 237 237 I msm_vidc: err : ffffffff: .....: DBLP Set: status 0
04-10 08:34:03.406 13 13 I kworker/dying (349): highest shadow stack usage: 488 bytes
04-10 08:34:03.447 1319 3739 D vendor.qti.bluetooth@1.0-wake_lock: Acquire wakelock is acquired
04-10 08:34:03.449 3037 3743 I bt_stack: [INFO:btm_ble_gap.cc(3253)] btm_ble_process_adv_pkt_cont Data Complete 63:d6:05:85:71:95
04-10 08:34:03.450 3037 3743 I bt_stack: [INFO:btm_ble_gap.cc(3253)] btm_ble_process_adv_pkt_cont Data Complete 63:d6:05:85:71:95
04-10 08:34:03.450 3037 3743 D bt_btm_ble: bool parse_adv_audio_uuids_from_adv_pkt(const uint8_t *, size_t, uint8_t): tmap_cap_pts: false
04-10 08:34:03.496 1402 12635 I QC2Comp : [avcE_18] Stats: Pending(0) i/p-done(0) Works: Q: 2474/Done 2474|Work-Rate: Q(29.6/s Avg=37.7/s) Done(29.798/s Avg=37.735/s)| Stream: 110.46fps 2.0Mbps
04-10 08:34:03.496 1402 12635 I QC2Comp : Mem-usage: [In-2D: 65 bufs 292.500 MB] [1D-20: 8 bufs 11.969 MB]
04-10 08:34:03.496 1402 12635 I QC2Comp : Total Mem-usage: 304.469 MB
04-10 08:34:03.640 1319 3529 D vendor.qti.bluetooth@1.0-wake_lock: Release wakelock is released
04-10 08:34:03.676 12625 12644 I MPEG4Writer: setStartTimestampUs: 318616763
04-10 08:34:03.678 12625 12645 I MPEG4Writer: setStartTimestampUs: 318616763
04-10 08:34:03.678 12625 12625 D MPEG4Writer: reset()
04-10 08:34:03.678 12625 12625 D MPEG4Writer: Metadata track stopping. Stop source
04-10 08:34:03.678 12625 12625 D MPEG4Writer: Metadata track source stopping
04-10 08:34:03.678 12625 12625 D MPEG4Writer: Metadata track source stopped
04-10 08:34:03.678 12625 12645 V MediaWriter: Track event err/info msg:101, trackId:3, type:1000,val:-1011
04-10 08:34:03.679 12625 12645 W MPEG4Writer: 0-duration samples found: 1
04-10 08:34:03.679 12625 12643 V MediaWriter: Track event err/info msg:101, trackId:1, type:1000,val:-1011
04-10 08:34:03.679 12625 12645 I MPEG4Writer: Received total/0-length (1/0) buffers and encoded 1 frames. - Metadata
04-10 08:34:03.679 12625 12644 V MediaWriter: Track event err/info msg:101, trackId:2, type:1000,val:-1011
04-10 08:34:03.679 12625 12643 I MPEG4Writer: Received total/0-length (2474/0) buffers and encoded 2474 frames. - Video
04-10 08:34:03.680 12625 12625 D MPEG4Writer: Metadata track stopped. Status:0. Stop source
04-10 08:34:03.682 12625 12644 W MPEG4Writer: 0-duration samples found: 1
04-10 08:34:03.682 12625 12644 I MPEG4Writer: Received total/0-length (1/0) buffers and encoded 1 frames. - Metadata
04-10 08:34:03.682 12625 12625 D MPEG4Writer: Metadata track stopping. Stop source
04-10 08:34:03.682 12625 12625 D MPEG4Writer: Metadata track source stopping
04-10 08:34:03.682 12625 12625 D MPEG4Writer: Metadata track source stopped
04-10 08:34:03.683 12625 12625 D MPEG4Writer: Metadata track stopped. Status:0. Stop source
04-10 08:34:03.683 12625 12625 D MPEG4Writer: Video track stopping. Stop source
04-10 08:34:03.683 12625 12625 D MPEG4Writer: Video track source stopping
04-10 08:34:03.683 12625 12625 D MPEG4Writer: Video track source stopped
04-10 08:34:03.683 12625 12625 D MPEG4Writer: Video track stopped. Status:0. Stop source
04-10 08:34:03.683 12625 12625 D MPEG4Writer: Duration from tracks range is [0, 63107613] us
04-10 08:34:03.683 12625 12641 D MPEG4Writer: 0 chunks are written in the last batch
04-10 08:34:03.684 12625 12625 D MPEG4Writer: WriterThread stopped. Status:0
04-10 08:34:03.684 12625 12625 I MPEG4Writer: Adjust the moov start time from 318616763 us -> 318616763 us
04-10 08:34:03.686 12625 12625 I MPEG4Writer: The mp4 file will not be streamable.
04-10 08:34:03.686 12625 12625 I MPEG4Writer: MOOV atom was written to the file
04-10 08:34:03.686 12625 12625 D MPEG4Writer: release()
04-10 08:34:03.686 12625 12625 D MPEG4Writer: ftruncate mPreAllocateFileEndOffset:17988556 mOffset:17987134 mMdatEndOffset:17955556 diff:1422
04-10 08:34:03.824 12625 12625 D MPEG4Writer: final fsync() takes 136 ms, file size 17987134
04-10 08:34:03.824 12625 12625 D MPEG4Writer: MP4WtrCtrlHlpLooper stopped
04-10 08:34:03.824 12625 12625 D MPEG4Writer: Top 5 write durations(microseconds): #1:16008 #2:16072 #3:16704 #4:19947 #5:24001
04-10 08:34:03.831 1402 12635 I QC2V4l2Driver: [avcE_18] Closed device driver with fd: 7
04-10 08:34:03.831 12635 12635 I msm_vidc: high: 00000001: h264e: Closed video instance: 0000000000000000
04-10 08:34:03.834 12625 12627 W GraphicBufferSource: released unpopulated slots: [7, 8, 9, 10, 11, 12, 13, 14, 15, 16, 17, 18, 19, 20, 21, 22, 23, 24, 25, 26, 27, 28, 29, 30, 31, 32, 33, 34, 35, 36, 37, 38, 39, 40, 41, 42, 43, 44, 45, 46, 47, 48, 49, 50, 51, 52, 53, 54, 55, 56, 57, 58, 59, 60, 61, 62, 63]
04-10 08:34:03.839 1402 12635 I vendor.qti.media.c2@1.0-service: missing struct descriptor #Param::CoreIndex(-Vc01f) for field ubwcStats of struct #Param::CoreIndex(-Vc020)
04-10 08:34:03.839 1402 12635 I vendor.qti.media.c2@1.0-service: missing struct descriptor #Param::CoreIndex(--002) for field mastering of struct #Param::CoreIndex(--180a)
04-10 08:34:03.839 1402 12635 E VendorCaps: Failed to read platform default max picture width
04-10 08:34:03.839 1402 12635 I vendor.qti.media.c2@1.0-service: missing struct descriptor #Param::CoreIndex(--004) for field values of struct #Param::CoreIndex(F-12004)
04-10 08:34:03.842 1402 12635 I QC2Comp : [avcE_18] Stats: Pending(0) i/p-done(0) Works: Q: 2474/Done 2474|Work-Rate: Q(0.0/s Avg=37.5/s) Done(0.000/s Avg=37.537/s)| Stream: 110.46fps 2.0Mbps
04-10 08:34:03.842 1402 12635 I QC2Comp : Mem-usage: [In-2D: 65 bufs 292.500 MB] [1D-20: 8 bufs 11.969 MB]
04-10 08:34:03.842 1402 12635 I QC2Comp : Total Mem-usage: 304.469 MB
04-10 08:34:03.842 1402 12635 I QC2Comp : NOTE: handleReleaseCodec returning: 0 (OK=0)
04-10 08:34:03.842 1402 2237 I QC2Comp : NOTE: Release returning: 0 (OK=0)
04-10 08:34:03.843 12625 12630 I hw-BpHwBinder: onLastStrongRef automatically unlinking death recipients
04-10 08:34:03.843 1402 2237 I hw-BpHwBinder: onLastStrongRef automatically unlinking death recipients
04-10 08:34:03.843 1402 2237 I hw-BpHwBinder: onLastStrongRef automatically unlinking death recipients
04-10 08:34:03.843 1402 2237 I QC2CompStore: Deleting component(c2.qti.avc.encoder) id(18)
04-10 08:34:03.843 1402 2237 I QC2Comp : [avcE_18] Deallocated component c2.qti.avc.encoder [id=18]
04-10 08:34:03.843 1402 2237 E ANDR-PERF-TP: ~PerfThreadPool() 391: ~PerfThreadPool
04-10 08:34:03.844 1402 1649 D BufferPoolAccessor2.0: bufferpool2 0xf1a43628 : 0(0 size) total buffers - 0(0 size) used buffers - 2472/2480 (recycle/alloc) - 25/2474 (fetch/transfer)
04-10 08:34:03.845 12625 12625 D MediaCodec: flushMediametrics
04-10 08:34:03.880 1726 2233 D OomAdjuster: Not killing cached processes
04-10 08:34:03.882 1726 2233 D NtAmDebugConfig: checkNtSkipFreezing app=com.nothing.weather focused=com.nothing.launcher
04-10 08:34:03.895 12873 12873 I binder : 12873:12873 ioctl 40046210 7fd7b829c0 returned -22
04-10 08:34:03.899 1726 7463 I ActivityManager: Broadcasting: Intent { act=android.intent.action.MEDIA_SCANNER_SCAN_FILE dat=file:///... flg=0x400000 }
04-10 08:34:03.900 1726 7463 I ActivityManager: Enqueued broadcast Intent { act=android.intent.action.MEDIA_SCANNER_SCAN_FILE dat=file:///... flg=0x400000 }: 0
04-10 08:34:03.907 1726 2212 I ActivityManager: Broadcast completed: result=0
04-10 08:34:03.910 5015 6762 I MediaProvider: Begin Intent { act=android.intent.action.MEDIA_SCANNER_SCAN_FILE dat=file:///... flg=0x1400010 cmp=com.google.android.providers.media.module/com.android.providers.media.MediaService }
04-10 08:34:03.912 12625 12625 D ScreenRecord: success
04-10 08:34:03.913 1816 12446 I mediaserver: HeifPerfBoost Perf lock acquistion failed [0] ms
04-10 08:34:03.914 1816 12446 I ExtendedUtils: printFileName fd(11) -> /storage/emulated/0/QTBUG-108625.mp4
