--------- beginning of main
04-10 08:33:08.479 1402 12635 I QC2Comp : [avcE_18] Stats: Pending(0) i/p-done(0) Works: Q: 6/Done 6|Work-Rate: Q(0.2/s Avg=0.6/s) Done(0.200/s Avg=0.569/s)| Stream: 1.17fps 17.3Kbps
04-10 08:33:08.479 1402 12635 I QC2Comp : Mem-usage: [In-2D: 6 bufs 27.000 MB] [1D-20: 6 bufs 8.977 MB]
04-10 08:33:08.479 1402 12635 I QC2Comp : Total Mem-usage: 35.977 MB
04-10 08:33:08.709 1319 3739 D vendor.qti.bluetooth@1.0-wake_lock: Acquire wakelock is acquired
04-10 08:33:08.711 3037 3743 I bt_stack: [INFO:btm_ble_gap.cc(3253)] btm_ble_process_adv_pkt_cont Data Complete 63:d6:05:85:71:95
04-10 08:33:08.904 1319 3529 D vendor.qti.bluetooth@1.0-wake_lock: Release wakelock is released
04-10 08:33:08.980 3072 3576 I QcrilOemhookMsgTunnel: [0]processOemHookIndication length=24
04-10 08:33:08.980 3072 3576 I QcrilOemhookMsgTunnel: [0]rrc state: 1
04-10 08:33:08.986 3158 3644 D SarControl: enable: wifi_cell_rrc
04-10 08:33:08.987 3037 3037 D BluetoothAdapterService: RRC_STATE phone id: 0, state: 1
04-10 08:33:08.987 3037 3037 D BluetoothAdapterService: isPowerbackRequired mFactBuild = false,mInManulMode = false,mTelCountryCode = fi,mCountryCodeProp = empty,mEarPieceActive = false,mIsModemIdleState = false
04-10 08:33:08.989 3037 3037 D BluetoothAdapterService: Soft AP is on band: 1
04-10 08:33:08.990 3037 3037 D BluetoothVendorService: getPowerBackoff
04-10 08:33:08.990 3037 3037 D BluetoothVendorService: setPowerBackoff to: true
04-10 08:33:08.990 3037 3037 I BluetoothVendorJni: setPowerBackoffNative
04-10 08:33:08.990 3037 3037 I bt_btif_vendor: setPowerBackOffState :1
04-10 08:33:08.991 3037 3743 W bt_btm : btm_cb.is_power_backoff = 1
04-10 08:33:08.992 1319 1319 D vendor.qti.bluetooth@1.0-wake_lock: Acquire wakelock is acquired
04-10 08:33:09.002 1319 1319 D vendor.qti.bluetooth@1.0-ibs_handler: DeviceWakeUp: Unblocked from waiting for FC, pthread_cond_timedwait ret = 0 --------- beginning of kernel
04-10 08:33:09.092 0 0 W NOHZ : local_softirq_pending 08
04-10 08:33:09.092 0 0 W NOHZ : local_softirq_pending 08
04-10 08:33:09.374 3037 3743 I bt_stack: [INFO:btm_ble_gap.cc(3253)] btm_ble_process_adv_pkt_cont Data Complete 63:d6:05:85:71:95
04-10 08:33:09.374 3037 3743 I bt_stack: [INFO:btm_ble_gap.cc(3253)] btm_ble_process_adv_pkt_cont Data Complete 63:d6:05:85:71:95
04-10 08:33:09.374 3037 3743 I bt_stack: [INFO:btm_ble_gap.cc(3253)] btm_ble_process_adv_pkt_cont Data Complete 63:d6:05:85:71:95
04-10 08:33:09.374 3037 3743 D bt_btm_ble: bool parse_adv_audio_uuids_from_adv_pkt(const uint8_t *, size_t, uint8_t): tmap_cap_pts: false --------- beginning of system
04-10 08:33:09.920 1726 7468 D OomAdjuster: Not killing cached processes
04-10 08:33:09.953 1363 3450 I WifiHAL : event received NL80211_CMD_VENDOR, vendor_id = 0x1374, subcmd = 0xd
04-10 08:33:09.954 1858 1858 I cnss-daemon: nl80211 response handler invoked
04-10 08:33:09.954 1858 1858 I cnss-daemon: nl80211_response_handler: cmd 103, vendorID 4980, subcmd 13 received
04-10 08:33:10.154 1319 3529 D vendor.qti.bluetooth@1.0-wake_lock: Release wakelock is released
04-10 08:33:10.915 2599 2600 I android.hardware.thermal@2.0-service.qti: uevent triggered for sensor: quiet-therm-usr
04-10 08:33:10.915 2599 2600 I android.hardware.thermal@2.0-service.qti: uevent triggered for sensor: quiet-therm-usr
04-10 08:33:10.936 3365 10511 I NearbyMediums: Found Fast Ble Advertisements :
04-10 08:33:10.936 3365 10511 I NearbyMediums: BleAdvertisement { version=2, socketVersion=2, serviceIdHash=null, data=[ 0x23 0x58 0x4f 0x5a 0x34 0x11 0x32 0x03 0xf1 0x6f 0xbb 0x39 0x7a 0x7e 0x41 0x72 0xbc 0xba 0xb3 0x0b 0x5e 0xc7 0x8c ], deviceToken=[ 0xd2 0x7c ] } : 2 times.
04-10 08:33:10.936 3365 10511 I NearbyMediums: Total 2 fast advertisements.
04-10 08:33:10.986 1402 2193 D BufferPoolAccessor2.0: bufferpool2 0xf1a43628 : 6(9412608 size) total buffers - 5(7843840 size) used buffers - 6/12 (recycle/alloc) - 4/6 (fetch/transfer)
04-10 08:33:10.986 1402 2193 D BufferPoolAccessor2.0: evictor expired: 1, evicted: 1
04-10 08:33:11.675 1319 3739 D vendor.qti.bluetooth@1.0-wake_lock: Acquire wakelock is acquired
04-10 08:33:11.678 3037 3743 I bt_stack: [INFO:btm_ble_gap.cc(3253)] btm_ble_process_adv_pkt_cont Data Complete 63:d6:05:85:71:95
04-10 08:33:11.827 482 482 I sd 0 : 0:0:0: [sda] Synchronizing SCSI cache
04-10 08:33:11.870 1319 3529 D vendor.qti.bluetooth@1.0-wake_lock: Release wakelock is released
04-10 08:33:11.960 1363 3450 I WifiHAL : event received NL80211_CMD_VENDOR, vendor_id = 0x1374, subcmd = 0xd
04-10 08:33:11.960 1858 1858 I cnss-daemon: nl80211 response handler invoked
04-10 08:33:11.960 1858 1858 I cnss-daemon: nl80211_response_handler: cmd 103, vendorID 4980, subcmd 13 received
04-10 08:33:12.401 1341 1341 W healthd : soc_b:41, soc:41, soc_c:41, Vol:3876, Cur:344,chg_s:1,t_l:97,b_s:2,OffTlast:0,lcd_off:0,Vu:5018,Vw:0,pid:1341,brightness:3.260554,rmCap:1777
04-10 08:33:12.401 1341 1341 W healthd : battery l=41 v=3876 t=30.0 h=2 st=2 c=344548 fc=4347000 cc=9 chg=u
04-10 08:33:12.415 1341 1341 W healthd : soc_b:41, soc:41, soc_c:41, Vol:3876, Cur:344,chg_s:1,t_l:97,b_s:2,OffTlast:0,lcd_off:0,Vu:5018,Vw:0,pid:1341,brightness:3.260554,rmCap:1777
04-10 08:33:12.416 1341 1341 W HealthLoop: debug.nt.screen_brightness:3.260554
04-10 08:33:12.425 3090 3090 D QtiCarrierConfigHelper: WARNING, no carrier configs on phone Id: 1
04-10 08:33:12.427 2599 2599 I android.hardware.thermal@2.0-service.qti: Sensor Name:skintemp: 29.485. prev severity:0. cur severity:0 New severity:0
04-10 08:33:12.429 3072 3072 D DeviceStatisticsService: onReceive: action= android.intent.action.BATTERY_CHANGED
04-10 08:33:12.431 3072 3072 V DeviceStatisticsService: chargerType=2 batteryLevel=41 totalBatteryCapacity=4335300
04-10 08:33:12.431 3072 3072 D DeviceInfoHidlClient: isRadioOn()=true
04-10 08:33:12.431 3072 3072 I DeviceInfoHidlClient: isPowerInfoNeverSent=false batteryLevel=41 batteryLevelIndex=1 chargingMode=2 totalCapacity=4335300 powerSaveMode=false
04-10 08:33:12.432 2599 2599 I android.hardware.thermal@2.0-service.qti: Sensor Name:skintemp: 29.485. prev severity:0. cur severity:0 New severity:0
04-10 08:33:12.434 2840 4527 D PowerUI : can't show warning due to - plugged: true status unknown: false
04-10 08:33:12.471 1402 12635 I QC2C2DEngine: calcYSize: unsupported or RGB color format, RGBA8888_UBWC(-1040187392)
04-10 08:33:12.639 624 624 I logd : logdr: UID=2000 GID=2000 PID=12655 b tail=0 logMask=99 pid=0 start=0ns deadline=0ns
04-10 08:33:13.104 1319 3739 D vendor.qti.bluetooth@1.0-wake_lock: Acquire wakelock is acquired
04-10 08:33:13.107 3037 3743 I bt_stack: [INFO:btm_ble_gap.cc(3253)] btm_ble_process_adv_pkt_cont Data Complete 63:d6:05:85:71:95
04-10 08:33:13.107 3037 3743 I bt_stack: [INFO:btm_ble_gap.cc(3253)] btm_ble_process_adv_pkt_cont Data Complete 63:d6:05:85:71:95
04-10 08:33:13.107 3037 3743 I bt_stack: [INFO:btm_ble_gap.cc(3253)] btm_ble_process_adv_pkt_cont Data Complete 63:d6:05:85:71:95
04-10 08:33:13.107 3037 3743 D bt_btm_ble: bool parse_adv_audio_uuids_from_adv_pkt(const uint8_t *, size_t, uint8_t): tmap_cap_pts: false
04-10 08:33:13.298 1319 3529 D vendor.qti.bluetooth@1.0-wake_lock: Release wakelock is released
04-10 08:33:13.302 0 0 W NOHZ : local_softirq_pending 08
04-10 08:33:13.302 0 0 W NOHZ : local_softirq_pending 08
04-10 08:33:13.481 1402 12635 I QC2Comp : [avcE_18] Stats: Pending(0) i/p-done(0) Works: Q: 7/Done 7|Work-Rate: Q(0.2/s Avg=0.5/s) Done(0.200/s Avg=0.450/s)| Stream: 0.94fps 9.7Kbps
04-10 08:33:13.481 1402 12635 I QC2Comp : Mem-usage: [In-2D: 7 bufs 31.500 MB] [1D-20: 7 bufs 10.473 MB]
04-10 08:33:13.481 1402 12635 I QC2Comp : Total Mem-usage: 41.973 MB
04-10 08:33:13.961 1319 3739 D vendor.qti.bluetooth@1.0-wake_lock: Acquire wakelock is acquired
04-10 08:33:13.963 3037 3743 I bt_stack: [INFO:btm_ble_gap.cc(3253)] btm_ble_process_adv_pkt_cont Data Complete 63:d6:05:85:71:95
04-10 08:33:13.963 1858 1858 I cnss-daemon: nl80211 response handler invoked
04-10 08:33:13.964 1858 1858 I cnss-daemon: nl80211_response_handler: cmd 103, vendorID 4980, subcmd 13 received
04-10 08:33:13.964 3037 3743 I bt_stack: [INFO:btm_ble_gap.cc(3253)] btm_ble_process_adv_pkt_cont Data Complete 63:d6:05:85:71:95
04-10 08:33:13.964 3037 3743 D bt_btm_ble: bool parse_adv_audio_uuids_from_adv_pkt(const uint8_t *, size_t, uint8_t): tmap_cap_pts: false
04-10 08:33:13.964 1363 3450 I WifiHAL : event received NL80211_CMD_VENDOR, vendor_id = 0x1374, subcmd = 0xd
04-10 08:33:14.012 346 346 I msm_vidc: err : ffffffff: .....: DBLP Set: status 0
04-10 08:33:14.154 1319 3529 D vendor.qti.bluetooth@1.0-wake_lock: Release wakelock is released
04-10 08:33:15.055 608 608 W [FTS_TS]fts_input_report_b: [B]P0 UP!
04-10 08:33:15.055 608 608 W [FTS_TS]fts_input_report_b: [B]Points All Up!
04-10 08:33:15.073 3294 3294 I NT-ItemClickHandler: ItemClickHandler.onClick
04-10 08:33:15.082 1726 3358 D CompatibilityChangeReporter: Compat change id reported: 265464455; UID 10341; state: DISABLED
04-10 08:33:15.082 1726 3358 D CompatibilityChangeReporter: Compat change id reported: 265452344; UID 10341; state: DISABLED
04-10 08:33:15.082 1726 3358 D CompatibilityChangeReporter: Compat change id reported: 266124927; UID 10341; state: DISABLED
04-10 08:33:15.082 1726 3358 D CompatibilityChangeReporter: Compat change id reported: 265451093; UID 10341; state: DISABLED
04-10 08:33:15.082 1726 3358 D CompatibilityChangeReporter: Compat change id reported: 265456536; UID 10341; state: DISABLED
04-10 08:33:15.083 1726 3358 D CompatibilityChangeReporter: Compat change id reported: 255940284; UID 10341; state: DISABLED
04-10 08:33:15.083 1726 3358 D CompatibilityChangeReporter: Compat change id reported: 236283604; UID 10341; state: DISABLED
04-10 08:33:15.083 1726 3358 D CompatibilityChangeReporter: Compat change id reported: 263959004; UID 10341; state: DISABLED
04-10 08:33:15.083 1726 3358 D CompatibilityChangeReporter: Compat change id reported: 264304459; UID 10341; state: DISABLED
04-10 08:33:15.083 1726 3358 D CompatibilityChangeReporter: Compat change id reported: 264301586; UID 10341; state: DISABLED
04-10 08:33:15.083 1726 3358 D CompatibilityChangeReporter: Compat change id reported: 254631730; UID 10341; state: DISABLED
04-10 08:33:15.084 1726 3358 D CompatibilityChangeReporter: Compat change id reported: 273509367; UID 10341; state: DISABLED
04-10 08:33:15.084 1726 3358 D CompatibilityChangeReporter: Compat change id reported: 263259275; UID 10341; state: DISABLED
04-10 08:33:15.084 1726 3358 D CompatibilityChangeReporter: Compat change id reported: 174042980; UID 10341; state: DISABLED
04-10 08:33:15.084 1726 3358 D CompatibilityChangeReporter: Compat change id reported: 174042936; UID 10341; state: DISABLED
04-10 08:33:15.084 1726 3358 D CompatibilityChangeReporter: Compat change id reported: 181136395; UID 10341; state: DISABLED
04-10 08:33:15.091 1726 3358 D CompatibilityChangeReporter: Compat change id reported: 194480991; UID 10341; state: ENABLED
04-10 08:33:15.093 1726 3358 D BLASTSyncEngine: startSyncSet SyncGroup = com.android.server.wm.BLASTSyncEngine$SyncGroup@f4f4985,parallel = false,alreadyRunning = false,Callers=com.android.server.wm.BLASTSyncEngine.startSyncSet:442 com.android.server.wm.Transition.startCollecting:572 com.android.server.wm.TransitionController.moveToCollecting:331 com.android.server.wm.TransitionController.createAndStartCollecting:1447 com.android.server.wm.ActivityStarter.startActivityUnchecked:1548 com.android.server.wm.ActivityStarter.executeRequest:1385 com.android.server.wm.ActivityStarter.execute:778 com.android.server.wm.ActivityTaskManagerService.startActivityAsUser:1329 com.android.server.wm.ActivityTaskManagerService.startActivityAsUser:1272 com.android.server.wm.ActivityTaskManagerService.startActivity:1247 android.app.IActivityTaskManager$Stub.onTransact:929 com.android.server.wm.ActivityTaskManagerService.onTransact:5621 android.os.Binder.execTransactInternal:1339 android.os.Binder.execTransact:1275
04-10 08:33:15.095 1385 1554 E ANDR-PERF-LM: MetaMeter: handleAsync() 166: AdaptLaunch Invalid Async
04-10 08:33:15.095 1385 1554 E ANDR-PERF-LM: MetaMeter: handleAsync() 166: AdaptLaunch Invalid Async
04-10 08:33:15.096 1385 1554 E ANDR-PERF-LM: MetaMeter: handleAsync() 166: AdaptLaunch Invalid Async
04-10 08:33:15.096 1726 3358 E ANDR-PERF-JNI: com_qualcomm_qtiperformance_native_perf_io_prefetch_start
04-10 08:33:15.099 1402 12635 I QC2C2DEngine: calcYSize: unsupported or RGB color format, RGBA8888_UBWC(-1040187392)
04-10 08:33:15.099 1726 3358 D NtTaskWindowSurfaceInfo: PopUpView: onWindowingModeChanged 0->1 mTask=Task{dc5400b #629 type=standard}
04-10 08:33:15.101 1383 4330 E ANDR-IOP: io prefetch is disabled
04-10 08:33:15.102 1726 3358 D CompatibilityChangeReporter: Compat change id reported: 184838306; UID 10341; state: DISABLED
04-10 08:33:15.102 1726 3358 D CompatibilityChangeReporter: Compat change id reported: 185004937; UID 10341; state: DISABLED
04-10 08:33:15.104 1726 3358 D CompatibilityChangeReporter: Compat change id reported: 197654537; UID 10341; state: DISABLED
04-10 08:33:15.105 1726 3358 D NtAppLocker: onChange: mAppLockerType=0
04-10 08:33:15.105 3239 3382 I DynamicDDSService: handleMessage(ACTIVITY_INVOKE{appInfo=com.spintec.qt.form500.poc isFullScreen=}true)
04-10 08:33:15.105 1726 3358 D CompatibilityChangeReporter: Compat change id reported: 205907456; UID 10341; state: DISABLED
04-10 08:33:15.106 1726 3358 D ActivityTrigger: ActivityTrigger activityPauseTrigger
04-10 08:33:15.111 1726 3358 D CompatibilityChangeReporter: Compat change id reported: 194833441; UID 10341; state: DISABLED
04-10 08:33:15.111 1726 3358 I ActivityTaskManager: START u0 {act=android.intent.action.MAIN cat=[android.intent.category.LAUNCHER] flg=0x10200000 cmp=com.spintec.qt.form500.poc/.My7000App bnds=[782,1516][1024,1792]} with LAUNCH_SINGLE_TOP from uid 10183 pid 3294 (BAL_ALLOW_ALLOWLISTED_COMPONENT) result code=0
04-10 08:33:15.113 1726 3838 D CompatibilityChangeReporter: Compat change id reported: 168419799; UID 10341; state: DISABLED
04-10 08:33:15.113 1726 3838 D CompatibilityChangeReporter: Compat change id reported: 273564678; UID 10341; state: DISABLED
04-10 08:33:15.113 3294 3443 D QuickstepModelDelegate: notifyAppTargetEvent action=1 launchLocation=workspace/5/[3,5]/[1,1]
04-10 08:33:15.116 2840 2898 V WindowManagerShell: Transition requested: android.os.BinderProxy@d382c43 TransitionRequestInfo { type = OPEN, triggerTask = TaskInfo{userId=0 taskId=629 displayId=0 isRunning=true baseIntent=Intent { act=android.intent.action.MAIN cat=[android.intent.category.LAUNCHER] flg=0x10200000 cmp=com.spintec.qt.form500.poc/.My7000App } baseActivity=ComponentInfo{com.spintec.qt.form500.poc/com.spintec.qt.form500.poc.My7000App} topActivity=ComponentInfo{com.spintec.qt.form500.poc/com.spintec.qt.form500.poc.My7000App} origActivity=null realActivity=ComponentInfo{com.spintec.qt.form500.poc/com.spintec.qt.form500.poc.My7000App} numActivities=1 lastActiveTime=335692 supportsMultiWindow=true resizeMode=1 isResizeable=true minWidth=-1 minHeight=-1 defaultMinSize=220 token=WCT{android.window.IWindowContainerToken$Stub$Proxy@d3972c0} topActivityType=1 pictureInPictureParams=null shouldDockBigOverlays=false launchIntoPipHostTaskId=-1 lastParentTaskIdBeforePip=-1 displayCutoutSafeInsets=Rect(0, 136 - 0, 0) topActivityInfo=ActivityInfo{2ec8bf9 com.spintec.qt.form500.poc.My7000App} launchCookies=[android.os.BinderProxy@cf3a73e] positionInParent=Point(0, 0) parentTaskId=-1 isFocused=false isVisible=false isVisibleRequested=false isSleeping=false topActivityInSizeCompat=false topActivityEligibleForLetterboxEducation= false topActivityLetterboxed= false isFromDoubleTap= false topActivityLetterboxVerticalPosition= -1 topActivityLetterboxHorizontalPosition= -1 topActivityLetterboxWidth=-1 topActivityLetterboxHeight=-1 locusId=null displayAreaFeatureId=1 cameraCompatControlState=hidden}, remoteTransition = RemoteTransition { remoteTransition = android.window.IRemoteTransition$Stub$Proxy@8a7499f, appThread = android.app.IApplicationThread$Stub$Proxy@7a2faec, debugName = QuickstepLaunch }, displayChange = null }
04-10 08:33:15.116 2840 2898 V WindowManagerShell: RemoteTransition directly requested for android.os.BinderProxy@d382c43: RemoteTransition { remoteTransition = android.window.IRemoteTransition$Stub$Proxy@8a7499f, appThread = android.app.IApplicationThread$Stub$Proxy@7a2faec, debugName = QuickstepLaunch }
04-10 08:33:15.116 2840 2898 V WindowManagerShell: handleRequest com.android.wm.shell.transition.RemoteTransitionHandler@f067dac handled
04-10 08:33:15.118 1385 1554 W ANDR-PERF-LM: MetaMeter: handlePrimaryAsync() 118: AdaptLaunch MetaMeter. No MeterMgr Available to handle this Primary Async. !!!!
04-10 08:33:15.118 1385 1554 W ANDR-PERF-LM: MetaMeter: handlePrimaryAsync() 118: AdaptLaunch MetaMeter. No MeterMgr Available to handle this Primary Async. !!!!
04-10 08:33:15.118 1726 2915 I ActivityTaskManager: The Process com.spintec.qt.form500.poc Already Exists in BG. So sending its PID: 4733
04-10 08:33:15.119 1385 1554 E ANDR-PERF-LM: MetaMeter: handleAsync() 166: AdaptLaunch Invalid Async
04-10 08:33:15.121 1726 2915 V NtGameModeImpl: onAppFocusChanged: pkg=com.spintec.qt.form500.poc, uid=10341, category=-1
04-10 08:33:15.121 1726 2915 D NtPopUpViewImpl: PopUpView: onAppFocusChanged: newTask=Task{dc5400b #629 type=standard A=10341:com.spintec.qt.form500.poc}, showDimmer=false
04-10 08:33:15.121 1726 2915 D NtDimmerWindow: NtDimmerWindow.enterPinnedWindowWindowingMode: You can only enter PinnedWindow from Windowform. task=Task{2dbc4fe #1 type=home}
04-10 08:33:15.121 1726 2915 D NtWindowformEdgeBarHelper: setTask true
04-10 08:33:15.122 1726 2915 D ActivityManager: quick sync unfreeze 4733 for 1
04-10 08:33:15.124 2817 5016 D TopAppSceneDetector: currentFocusApp=com.spintec.qt.form500.poc
04-10 08:33:15.127 1726 2216 D ActivityManager: sync unfroze 4733 com.spintec.qt.form500.poc for 1
04-10 08:33:15.128 1726 2633 D CompatibilityChangeReporter: Compat change id reported: 265195908; UID 10341; state: ENABLED
04-10 08:33:15.128 1726 2216 D OomAdjuster: Not killing cached processes
04-10 08:33:15.129 1433 1433 I BpBinder: onLastStrongRef automatically unlinking death recipients:
04-10 08:33:15.129 3294 3294 I NT-TopTaskTracker: Call back onTaskMovedToFront taskId = 629
04-10 08:33:15.129 2840 2943 W System : ClassLoader referenced unknown path:
04-10 08:33:15.130 2840 2943 D nativeloader: Configuring clns-6 for other apk . target_sdk_version=30, uses_libraries=, library_path=/data/app/~~VXJMSZcnXxXOCkvo99yEnQ==/com.spintec.qt.form500.poc-K4cmV_bINLx0_037uJu7OA==/lib/arm64:/data/app/~~VXJMSZcnXxXOCkvo99yEnQ==/com.spintec.qt.form500.poc-K4cmV_bINLx0_037uJu7OA==/base.apk!/lib/arm64-v8a, permitted_path=/data:/mnt/expand
04-10 08:33:15.130 2840 2943 D nativeloader: Extending system_exposed_libraries: libbinauralrenderer_wrapper.qti.so:libhoaeffects.qti.so:libQOC.qti.so:libupdateprof.qti.so:libthermalclient.qti.so:libQOC.qti.so:libdiag_system.qti.so:libqape.qti.so:libqesdk_ndk_platform.qti.so:liblistenjni.qti.so
04-10 08:33:15.130 1726 2216 W ProcessStats: Tracking association SourceState{76a1945 health.step.walk/10303 Fgs #5484} whose proc state 3 is better than process ProcessState{3f61b73 com.google.android.webview:sandboxed_process0:org.chromium.content.app.SandboxedProcessService0:0/10303 pkg=health.step.walk} proc state 10 (47 skipped)
04-10 08:33:15.133 4978 5568 W AiAiAutofill: Failed to set whitelist for augmented autofill service.
04-10 08:33:15.133 4978 5568 W AiAiAutofill: java.lang.SecurityException: caller is not user's Augmented Autofill Service
04-10 08:33:15.133 4978 5568 W AiAiAutofill: at android.view.autofill.AutofillManager.setAugmentedAutofillWhitelist(AutofillManager.java:2676)
04-10 08:33:15.133 4978 5568 W AiAiAutofill: at bye.b(PG:66)
04-10 08:33:15.133 4978 5568 W AiAiAutofill: at byy.h(PG:81)
04-10 08:33:15.133 4978 5568 W AiAiAutofill: at bzl.a(PG:175)
04-10 08:33:15.133 4978 5568 W AiAiAutofill: at idr.a(PG:5)
04-10 08:33:15.133 4978 5568 W AiAiAutofill: at ieh.a(PG:58)
04-10 08:33:15.133 4978 5568 W AiAiAutofill: at mxk.a(PG:137)
04-10 08:33:15.133 4978 5568 W AiAiAutofill: at ihi.b(PG:78)
04-10 08:33:15.133 4978 5568 W AiAiAutofill: at ihi.a(PG:3)
04-10 08:33:15.133 4978 5568 W AiAiAutofill: at mwj.c(PG:277)
04-10 08:33:15.133 4978 5568 W AiAiAutofill: at mwi.b(PG:13)
04-10 08:33:15.133 4978 5568 W AiAiAutofill: at mmm.e(PG:14)
04-10 08:33:15.133 4978 5568 W AiAiAutofill: at kotlinx.coroutines.DispatchedTask.run(PG:114)
04-10 08:33:15.133 4978 5568 W AiAiAutofill: at java.util.concurrent.Executors$RunnableAdapter.call(Executors.java:487)
04-10 08:33:15.133 4978 5568 W AiAiAutofill: at kro.a(PG:3)
04-10 08:33:15.133 4978 5568 W AiAiAutofill: at kqq.run(PG:21)
04-10 08:33:15.133 4978 5568 W AiAiAutofill: at krp.run(PG:5)
04-10 08:33:15.133 4978 5568 W AiAiAutofill: at java.util.concurrent.Executors$RunnableAdapter.call(Executors.java:487)
04-10 08:33:15.133 4978 5568 W AiAiAutofill: at java.util.concurrent.FutureTask.run(FutureTask.java:264)
04-10 08:33:15.133 4978 5568 W AiAiAutofill: at java.util.concurrent.ScheduledThreadPoolExecutor$ScheduledFutureTask.run(ScheduledThreadPoolExecutor.java:307)
04-10 08:33:15.133 4978 5568 W AiAiAutofill: at java.util.concurrent.ThreadPoolExecutor.runWorker(ThreadPoolExecutor.java:1145)
04-10 08:33:15.133 4978 5568 W AiAiAutofill: at java.util.concurrent.ThreadPoolExecutor$Worker.run(ThreadPoolExecutor.java:644)
04-10 08:33:15.133 4978 5568 W AiAiAutofill: at dqg.run(PG:185)
04-10 08:33:15.133 4978 5568 W AiAiAutofill: at java.lang.Thread.run(Thread.java:1012)
04-10 08:33:15.133 1402 12635 I QC2C2DEngine: calcYSize: unsupported or RGB color format, RGBA8888_UBWC(-1040187392)
04-10 08:33:15.134 1726 5826 D CoreBackPreview: Window{3e183a6 u0 Splash Screen com.spintec.qt.form500.poc}: Setting back callback OnBackInvokedCallbackInfo{mCallback=android.window.IOnBackInvokedCallback$Stub$Proxy@dd9300, mPriority=0, mIsAnimationCallback=false}
04-10 08:33:15.141 2817 5016 D NearbyDetector: onTopActivityChanged: top class name: com.android.searchlauncher.SearchLauncher
04-10 08:33:15.141 2817 5016 D NearbyDetector: onTopActivityChanged: top class name: com.spintec.qt.form500.poc.My7000App
04-10 08:33:15.142 2840 2935 D NtViewRootImpl: mPopUpViewOffsets: offset=(0.0, 0.0), scale=(1.0, 1.0)
04-10 08:33:15.142 2840 2954 E OpenGLRenderer: Unable to match the desired swap behavior.
04-10 08:33:15.143 2817 5016 D GameSceneDetector: Failed to call isBoostTypeGame: java.lang.NoSuchMethodException: android.util.BoostFramework.perfGetFeedback []
04-10 08:33:15.144 2817 5016 D GameSceneDetector: onTopChanged=com.spintec.qt.form500.poc, isBoostTypeGame=false, isCategoryGame=false
04-10 08:33:15.144 2817 5016 D SceneManager: TopAPP=com.spintec.qt.form500.poc, category=-1
04-10 08:33:15.150 1402 12635 I QC2C2DEngine: calcYSize: unsupported or RGB color format, RGBA8888_UBWC(-1040187392)
04-10 08:33:15.155 1726 2212 V WindowManager: Sent Transition #7 createdAt=04-10 08:33:15.092 via request=TransitionRequestInfo { type = OPEN, triggerTask = TaskInfo{userId=0 taskId=629 displayId=0 isRunning=true baseIntent=Intent { act=android.intent.action.MAIN cat=[android.intent.category.LAUNCHER] flg=0x10200000 cmp=com.spintec.qt.form500.poc/.My7000App } baseActivity=ComponentInfo{com.spintec.qt.form500.poc/com.spintec.qt.form500.poc.My7000App} topActivity=ComponentInfo{com.spintec.qt.form500.poc/com.spintec.qt.form500.poc.My7000App} origActivity=null realActivity=ComponentInfo{com.spintec.qt.form500.poc/com.spintec.qt.form500.poc.My7000App} numActivities=1 lastActiveTime=335692 supportsMultiWindow=true resizeMode=1 isResizeable=true minWidth=-1 minHeight=-1 defaultMinSize=220 token=WCT{RemoteToken{6ce9df5 Task{dc5400b #629 type=standard A=10341:com.spintec.qt.form500.poc}}} topActivityType=1 pictureInPictureParams=null shouldDockBigOverlays=false launchIntoPipHostTaskId=-1 lastParentTaskIdBeforePip=-1 displayCutoutSafeInsets=Rect(0, 136 - 0, 0) topActivityInfo=ActivityInfo{a98178a com.spintec.qt.form500.poc.My7000App} launchCookies=[android.os.BinderProxy@8aa41fb] positionInParent=Point(0, 0) parentTaskId=-1 isFocused=false isVisible=false isVisibleRequested=false isSleeping=false topActivityInSizeCompat=false topActivityEligibleForLetterboxEducation= false topActivityLetterboxed= false isFromDoubleTap= false topActivityLetterboxVerticalPosition= -1 topActivityLetterboxHorizontalPosition= -1 topActivityLetterboxWidth=-1 topActivityLetterboxHeight=-1 locusId=null displayAreaFeatureId=1 cameraCompatControlState=hidden}, remoteTransition = RemoteTransition { remoteTransition = android.window.IRemoteTransition$Stub$Proxy@3bac218, appThread = android.app.IApplicationThread$Stub$Proxy@4382471, debugName = QuickstepLaunch }, displayChange = null }
04-10 08:33:15.155 1726 2212 V WindowManager: startWCT=WindowContainerTransaction { changes = {} hops = [] errorCallbackToken=null taskFragmentOrganizer=null }
04-10 08:33:15.155 1726 2212 V WindowManager: info={id=7 t=OPEN f=0x0 trk=0 r=[0@Point(0, 0)] c=[{WCT{RemoteToken{6ce9df5 Task{dc5400b #629 type=standard A=10341:com.spintec.qt.form500.poc}}} m=OPEN f=NONE leash=Surface(name=Task=629)/@0x2a116df sb=Rect(0, 0 - 1080, 2400) eb=Rect(0, 0 - 1080, 2400) d=0},{WCT{RemoteToken{3176405 Task{2dbc4fe #1 type=home}}} m=TO_BACK f=SHOW_WALLPAPER leash=Surface(name=Task=1)/@0xceec555 sb=Rect(0, 0 - 1080, 2400) eb=Rect(0, 0 - 1080, 2400) d=0}]}
04-10 08:33:15.155 1402 12635 I QC2C2DEngine: calcYSize: unsupported or RGB color format, RGBA8888_UBWC(-1040187392)
04-10 08:33:15.156 2840 2898 V WindowManagerShell: onTransitionReady android.os.BinderProxy@d382c43: {id=7 t=OPEN f=0x0 trk=0 r=[0@Point(0, 0)] c=[{WCT{android.window.IWindowContainerToken$Stub$Proxy@7fbd88f} m=OPEN f=NONE leash=Surface(name=Task=629)/@0xbef0bf0 sb=Rect(0, 0 - 1080, 2400) eb=Rect(0, 0 - 1080, 2400) d=0},{WCT{android.window.IWindowContainerToken$Stub$Proxy@fd0f71c} m=TO_BACK f=SHOW_WALLPAPER leash=Surface(name=Task=1)/@0x60b6569 sb=Rect(0, 0 - 1080, 2400) eb=Rect(0, 0 - 1080, 2400) d=0}]}
04-10 08:33:15.156 2840 2898 V WindowManagerShell: Playing animation for (#7)android.os.BinderProxy@d382c43@0
04-10 08:33:15.156 2840 2898 V WindowManagerShell: try firstHandler com.android.wm.shell.transition.DefaultMixedHandler@a890bd
04-10 08:33:15.156 2840 2898 V WindowManagerShell: Delegate animation for #7 to RemoteTransition { remoteTransition = android.window.IRemoteTransition$Stub$Proxy@8a7499f, appThread = android.app.IApplicationThread$Stub$Proxy@7a2faec, debugName = QuickstepLaunch }
04-10 08:33:15.157 2840 2898 V WindowManagerShell: animated by firstHandler
04-10 08:33:15.163 3294 3294 I NT-TransitionSmoothHelper: clear
04-10 08:33:15.167 3294 3294 I NT-NTDragLayer: onMeasure consumed 0
04-10 08:33:15.167 3294 3294 I NT-NTDragLayer: onLayout consumed 0
04-10 08:33:15.168 4733 4733 I Qt5.My7000App: My7000App::onCreate() called ....
04-10 08:33:15.168 3294 3294 I NT-NTDragLayer: dispatchDraw consumed 0
04-10 08:33:15.169 1402 12635 I QC2C2DEngine: calcYSize: unsupported or RGB color format, RGBA8888_UBWC(-1040187392)
04-10 08:33:15.172 1402 12635 I QC2C2DEngine: calcYSize: unsupported or RGB color format, RGBA8888_UBWC(-1040187392)
04-10 08:33:15.180 4733 4733 W System : ClassLoader referenced unknown path:
04-10 08:33:15.186 1402 12635 I QC2C2DEngine: calcYSize: unsupported or RGB color format, RGBA8888_UBWC(-1040187392)
04-10 08:33:15.189 1402 12635 I QC2C2DEngine: calcYSize: unsupported or RGB color format, RGBA8888_UBWC(-1040187392)
04-10 08:33:15.199 1402 12635 I QC2C2DEngine: calcYSize: unsupported or RGB color format, RGBA8888_UBWC(-1040187392)
04-10 08:33:15.203 1402 12635 I QC2C2DEngine: calcYSize: unsupported or RGB color format, RGBA8888_UBWC(-1040187392)
04-10 08:33:15.209 1402 12635 I QC2C2DEngine: calcYSize: unsupported or RGB color format, RGBA8888_UBWC(-1040187392)
04-10 08:33:15.213 4733 4733 D CompatibilityChangeReporter: Compat change id reported: 210923482; UID 10341; state: DISABLED
04-10 08:33:15.213 4733 4733 D CompatibilityChangeReporter: Compat change id reported: 37756858; UID 10341; state: ENABLED
04-10 08:33:15.218 5695 5695 I A : onPause
04-10 08:33:15.230 1402 12635 I QC2C2DEngine: calcYSize: unsupported or RGB color format, RGBA8888_UBWC(-1040187392)
04-10 08:33:15.233 1402 12635 I QC2C2DEngine: calcYSize: unsupported or RGB color format, RGBA8888_UBWC(-1040187392)
04-10 08:33:15.248 1402 12635 I QC2C2DEngine: calcYSize: unsupported or RGB color format, RGBA8888_UBWC(-1040187392)
04-10 08:33:15.249 5695 5709 V ClearcutMetricXmitter: Transmission is done.
04-10 08:33:15.250 4733 12671 I QtCore : Start
04-10 08:33:15.251 1402 12635 I QC2C2DEngine: calcYSize: unsupported or RGB color format, RGBA8888_UBWC(-1040187392)
04-10 08:33:15.257 1402 12635 I QC2C2DEngine: calcYSize: unsupported or RGB color format, RGBA8888_UBWC(-1040187392)
04-10 08:33:15.275 1402 12635 I QC2C2DEngine: calcYSize: unsupported or RGB color format, RGBA8888_UBWC(-1040187392)
04-10 08:33:15.277 1402 12635 I QC2C2DEngine: calcYSize: unsupported or RGB color format, RGBA8888_UBWC(-1040187392)
04-10 08:33:15.282 4733 12671 I Qt : qt started
04-10 08:33:15.292 1402 12635 I QC2C2DEngine: calcYSize: unsupported or RGB color format, RGBA8888_UBWC(-1040187392)
04-10 08:33:15.294 1402 12635 I QC2C2DEngine: calcYSize: unsupported or RGB color format, RGBA8888_UBWC(-1040187392)
04-10 08:33:15.307 4733 4733 D CompatibilityChangeReporter: Compat change id reported: 247079863; UID 10341; state: DISABLED
04-10 08:33:15.310 1402 12635 I QC2C2DEngine: calcYSize: unsupported or RGB color format, RGBA8888_UBWC(-1040187392)
04-10 08:33:15.313 4733 4733 I Qt5.My7000App: My7000App::onResume() called
04-10 08:33:15.313 1402 12635 I QC2C2DEngine: calcYSize: unsupported or RGB color format, RGBA8888_UBWC(-1040187392)
04-10 08:33:15.319 1402 12635 I QC2C2DEngine: calcYSize: unsupported or RGB color format, RGBA8888_UBWC(-1040187392)
04-10 08:33:15.320 4733 4733 D CompatibilityChangeReporter: Compat change id reported: 237531167; UID 10341; state: DISABLED
04-10 08:33:15.320 4733 12675 W ziparchive: Unable to open '/system/framework/QXPerformance.dm': No such file or directory
04-10 08:33:15.321 4733 12675 W ziparchive: Unable to open '/system/framework/QXPerformance.dm': No such file or directory
04-10 08:33:15.340 1726 3358 D CoreBackPreview: Window{14de1e5 u0 com.spintec.qt.form500.poc/com.spintec.qt.form500.poc.My7000App}: Setting back callback OnBackInvokedCallbackInfo{mCallback=android.window.IOnBackInvokedCallback$Stub$Proxy@369a091, mPriority=0, mIsAnimationCallback=false}
04-10 08:33:15.346 1402 12635 I QC2C2DEngine: calcYSize: unsupported or RGB color format, RGBA8888_UBWC(-1040187392)
04-10 08:33:15.348 1402 12635 I QC2C2DEngine: calcYSize: unsupported or RGB color format, RGBA8888_UBWC(-1040187392)
04-10 08:33:15.359 1433 2266 W ServiceManagerCppClient: Permission failure: android.permission.ROTATE_SURFACE_FLINGER from uid=10341 pid=0
04-10 08:33:15.359 1433 2266 D PermissionCache: checking android.permission.ROTATE_SURFACE_FLINGER for uid=10341 => denied (198 us)
04-10 08:33:15.359 1433 2266 W ServiceManagerCppClient: Permission failure: android.permission.INTERNAL_SYSTEM_WINDOW from uid=10341 pid=0
04-10 08:33:15.360 1433 2266 D PermissionCache: checking android.permission.INTERNAL_SYSTEM_WINDOW for uid=10341 => denied (142 us)
04-10 08:33:15.360 1433 2266 W ServiceManagerCppClient: Permission failure: android.permission.ACCESS_SURFACE_FLINGER from uid=10341 pid=0
04-10 08:33:15.360 1433 1583 W ServiceManagerCppClient: Permission failure: android.permission.ACCESS_SURFACE_FLINGER from uid=10341 pid=4733
04-10 08:33:15.360 1433 2266 D PermissionCache: checking android.permission.ACCESS_SURFACE_FLINGER for uid=10341 => denied (252 us)
04-10 08:33:15.360 1433 1583 D PermissionCache: checking android.permission.ACCESS_SURFACE_FLINGER for uid=10341 => denied (171 us)
04-10 08:33:15.363 4733 4733 D NtViewRootImpl: mPopUpViewOffsets: offset=(0.0, 0.0), scale=(1.0, 1.0)
04-10 08:33:15.363 4733 12667 I AdrenoGLES-0: QUALCOMM build : 82d27a90b3, I4ee8f6bced
04-10 08:33:15.363 4733 12667 I AdrenoGLES-0: Build Date : 07/12/23
04-10 08:33:15.363 4733 12667 I AdrenoGLES-0: OpenGL ES Shader Compiler Version: EV031.35.01.12
04-10 08:33:15.363 4733 12667 I AdrenoGLES-0: Local Branch :
04-10 08:33:15.363 4733 12667 I AdrenoGLES-0: Remote Branch : refs/tags/AU_LINUX_ANDROID_LA.UM.9.14.11.00.00.571.148
04-10 08:33:15.363 4733 12667 I AdrenoGLES-0: Remote Branch : NONE
04-10 08:33:15.363 4733 12667 I AdrenoGLES-0: Reconstruct Branch : NOTHING
04-10 08:33:15.363 4733 12667 I AdrenoGLES-0: Build Config : S P 10.0.7 AArch64
04-10 08:33:15.363 4733 12667 I AdrenoGLES-0: Driver Path : /vendor/lib64/egl/libGLESv2_adreno.so
04-10 08:33:15.368 1402 12635 I QC2C2DEngine: calcYSize: unsupported or RGB color format, RGBA8888_UBWC(-1040187392)
04-10 08:33:15.369 4733 12667 I AdrenoGLES-0: PFP: 0x016dc094, ME: 0x00000000
04-10 08:33:15.371 1402 12635 I QC2C2DEngine: calcYSize: unsupported or RGB color format, RGBA8888_UBWC(-1040187392)
04-10 08:33:15.383 1402 12635 I QC2C2DEngine: calcYSize: unsupported or RGB color format, RGBA8888_UBWC(-1040187392)
04-10 08:33:15.386 4733 12667 E OpenGLRenderer: Unable to match the desired swap behavior.
04-10 08:33:15.387 620 620 I servicemanager: Could not find android.hardware.graphics.allocator.IAllocator/default in the VINTF manifest.
04-10 08:33:15.389 1402 12635 I QC2C2DEngine: calcYSize: unsupported or RGB color format, RGBA8888_UBWC(-1040187392)
04-10 08:33:15.388 12677 12677 I binder : 4733:12677 ioctl 40046210 6d2c2b0604 returned -22
04-10 08:33:15.392 620 620 I servicemanager: Could not find android.hardware.graphics.allocator.IAllocator/default in the VINTF manifest.
04-10 08:33:15.409 1402 12635 I QC2C2DEngine: calcYSize: unsupported or RGB color format, RGBA8888_UBWC(-1040187392)
04-10 08:33:15.410 1726 2915 W ServiceManagerCppClient: Permission failure: android.permission.ROTATE_SURFACE_FLINGER from uid=10341 pid=0
04-10 08:33:15.410 1726 2915 D PermissionCache: checking android.permission.ROTATE_SURFACE_FLINGER for uid=10341 => denied (160 us)
04-10 08:33:15.410 1726 2915 W ServiceManagerCppClient: Permission failure: android.permission.INTERNAL_SYSTEM_WINDOW from uid=10341 pid=0
04-10 08:33:15.410 1726 2915 D PermissionCache: checking android.permission.INTERNAL_SYSTEM_WINDOW for uid=10341 => denied (54 us)
04-10 08:33:15.410 1726 2915 W ServiceManagerCppClient: Permission failure: android.permission.ACCESS_SURFACE_FLINGER from uid=10341 pid=0
04-10 08:33:15.410 1726 2915 D PermissionCache: checking android.permission.ACCESS_SURFACE_FLINGER for uid=10341 => denied (159 us)
04-10 08:33:15.416 1402 12635 I QC2C2DEngine: calcYSize: unsupported or RGB color format, RGBA8888_UBWC(-1040187392)
04-10 08:33:15.419 1726 2212 W ziparchive: Unable to open '/data/app/~~VXJMSZcnXxXOCkvo99yEnQ==/com.spintec.qt.form500.poc-K4cmV_bINLx0_037uJu7OA==/base.dm': No such file or directory
04-10 08:33:15.423 1726 2212 I ActivityTaskManager: Displayed com.spintec.qt.form500.poc/.My7000App for user 0: +337ms
04-10 08:33:15.430 1726 2216 D NtPerfTraceManagerImpl: packageName = com.spintec.qt.form500.poc, taskId = 629
04-10 08:33:15.431 1402 12635 I QC2C2DEngine: calcYSize: unsupported or RGB color format, RGBA8888_UBWC(-1040187392)
04-10 08:33:15.433 1726 5826 D CompatibilityChangeReporter: Compat change id reported: 214016041; UID 10341; state: DISABLED
04-10 08:33:15.434 1726 5826 I ImeTracker: com.spintec.qt.form500.poc:66184bb: onRequestHide at ORIGIN_SERVER_HIDE_INPUT reason HIDE_UNSPECIFIED_WINDOW
04-10 08:33:15.434 1726 5826 I ImeTracker: com.spintec.qt.form500.poc:66184bb: onCancelled at PHASE_SERVER_SHOULD_HIDE
04-10 08:33:15.440 6287 6287 I GoogleInputMethodService: GoogleInputMethodService.onFinishInput():3096
04-10 08:33:15.441 6287 6287 I GoogleInputMethodService: GoogleInputMethodService.updateDeviceLockedStatus():2210 repeatCheckTimes = 0, locked = false
04-10 08:33:15.441 6287 6287 I GoogleInputMethodService: GoogleInputMethodService.onStartInput():1950 onStartInput(EditorInfo{EditorInfo{packageName=com.spintec.qt.form500.poc, inputType=0, inputTypeString=NULL, enableLearning=false, autoCorrection=false, autoComplete=false, imeOptions=0, privateImeOptions=null, actionName=UNSPECIFIED, actionLabel=null, initialSelStart=-1, initialSelEnd=-1, initialCapsMode=0, label=null, fieldId=0, fieldName=null, extras=null, hintText=null, hintLocales=[]}}, false)
04-10 08:33:15.442 6287 6287 I GoogleInputMethodService: GoogleInputMethodService.updateDeviceLockedStatus():2210 repeatCheckTimes = 1, locked = false
04-10 08:33:15.442 6287 6287 I AndroidIME: InputBundleManager.loadActiveInputBundleId():450 loadActiveInputBundleId: und-Latn-x-password, password
04-10 08:33:15.442 1402 12635 I QC2C2DEngine: calcYSize: unsupported or RGB color format, RGBA8888_UBWC(-1040187392)
04-10 08:33:15.443 1726 3838 W PackageConfigPersister: App-specific configuration not found for packageName: com.spintec.qt.form500.poc and userId: 0
04-10 08:33:15.456 1402 12635 I QC2C2DEngine: calcYSize: unsupported or RGB color format, RGBA8888_UBWC(-1040187392)
04-10 08:33:15.475 1402 12635 I QC2C2DEngine: calcYSize: unsupported or RGB color format, RGBA8888_UBWC(-1040187392)
04-10 08:33:15.478 1402 12635 I QC2C2DEngine: calcYSize: unsupported or RGB color format, RGBA8888_UBWC(-1040187392)
04-10 08:33:15.492 1402 12635 I QC2C2DEngine: calcYSize: unsupported or RGB color format, RGBA8888_UBWC(-1040187392)
04-10 08:33:15.494 1402 12635 I QC2C2DEngine: calcYSize: unsupported or RGB color format, RGBA8888_UBWC(-1040187392)
04-10 08:33:15.512 1402 12635 I QC2C2DEngine: calcYSize: unsupported or RGB color format, RGBA8888_UBWC(-1040187392)
04-10 08:33:15.516 1402 12635 I QC2C2DEngine: calcYSize: unsupported or RGB color format, RGBA8888_UBWC(-1040187392)
04-10 08:33:15.529 1402 12635 I QC2C2DEngine: calcYSize: unsupported or RGB color format, RGBA8888_UBWC(-1040187392)
04-10 08:33:15.554 1402 12635 I QC2C2DEngine: calcYSize: unsupported or RGB color format, RGBA8888_UBWC(-1040187392)
04-10 08:33:15.561 4733 4733 I ImeTracker: com.spintec.qt.form500.poc:c276eaec: onRequestHide at ORIGIN_CLIENT_HIDE_SOFT_INPUT reason HIDE_SOFT_INPUT
04-10 08:33:15.562 4733 4733 I ImeTracker: com.spintec.qt.form500.poc:c276eaec: onFailed at PHASE_CLIENT_VIEW_SERVED
04-10 08:33:15.564 1402 12635 I QC2C2DEngine: calcYSize: unsupported or RGB color format, RGBA8888_UBWC(-1040187392)
04-10 08:33:15.574 1402 12635 I QC2C2DEngine: calcYSize: unsupported or RGB color format, RGBA8888_UBWC(-1040187392)
04-10 08:33:15.590 1402 12635 I QC2C2DEngine: calcYSize: unsupported or RGB color format, RGBA8888_UBWC(-1040187392)
04-10 08:33:15.600 1402 12635 I QC2C2DEngine: calcYSize: unsupported or RGB color format, RGBA8888_UBWC(-1040187392)
04-10 08:33:15.611 1402 12635 I QC2C2DEngine: calcYSize: unsupported or RGB color format, RGBA8888_UBWC(-1040187392)
04-10 08:33:15.621 1402 12635 I QC2C2DEngine: calcYSize: unsupported or RGB color format, RGBA8888_UBWC(-1040187392)
04-10 08:33:15.648 1402 12635 I QC2C2DEngine: calcYSize: unsupported or RGB color format, RGBA8888_UBWC(-1040187392)
04-10 08:33:15.651 1402 12635 I QC2C2DEngine: calcYSize: unsupported or RGB color format, RGBA8888_UBWC(-1040187392)
04-10 08:33:15.652 4733 4733 I SurfaceView: surfaceview vote min fps
04-10 08:33:15.658 1402 12635 I QC2C2DEngine: calcYSize: unsupported or RGB color format, RGBA8888_UBWC(-1040187392)
04-10 08:33:15.671 1402 12635 I QC2C2DEngine: calcYSize: unsupported or RGB color format, RGBA8888_UBWC(-1040187392)
04-10 08:33:15.681 1402 12635 I QC2C2DEngine: calcYSize: unsupported or RGB color format, RGBA8888_UBWC(-1040187392)
04-10 08:33:15.683 3294 3441 I NT-TransitionSmoothHelper: clear
04-10 08:33:15.683 3294 3294 I NT-NTDragLayer: onMeasure consumed 0
04-10 08:33:15.684 3294 3294 I NT-NTDragLayer: onLayout consumed 0
04-10 08:33:15.684 3294 3294 I NT-NTDragLayer: dispatchDraw consumed 0
04-10 08:33:15.684 2840 2898 V WindowManagerShell: Transition animation finished (aborted=false), notifying core (#7)android.os.BinderProxy@d382c43@0
04-10 08:33:15.686 1726 2212 V WindowManager: Finish Transition #7: created at
04-10 08:33:15.092 collect-started=0.32ms request-sent=18.31ms started=24.208ms ready=30.642ms sent=61.419ms finished=592.857ms
04-10 08:33:15.688 2840 2898 V WindowManagerShell: Track 0 became idle
04-10 08:33:15.688 2840 2898 V WindowManagerShell: All active transition animations finished
04-10 08:33:15.690 3239 3295 W DynamicDDSService: appName is not found in cache: com.nothing.launcher
04-10 08:33:15.693 3037 3518 I BtGatt.ScanManager: msg.what = 6
04-10 08:33:15.693 3037 3518 D BtGatt.ScanManager: uid 10127 isForeground true scanMode 1
04-10 08:33:15.693 3037 3518 D BtGatt.ScanManager: uid 10127 isForeground true scanMode 3
04-10 08:33:15.693 3037 3518 D BtGatt.ScanManager: uid 10127 isForeground true scanMode 3
04-10 08:33:15.699 4733 12671 D libForm500Crash_POC_arm64-v8a.so: Application state changed to Qt::ApplicationActive
04-10 08:33:15.704 1402 12635 I QC2C2DEngine: calcYSize: unsupported or RGB color format, RGBA8888_UBWC(-1040187392)
04-10 08:33:15.710 1433 1433 I RefreshRateSelector: Display 4630946480328692354 policy changed
04-10 08:33:15.710 1433 1433 I RefreshRateSelector: Previous: {defaultModeId=1, allowGroupSwitching=false, primaryRanges={physical=[0.00 Hz, inf Hz], render=[0.00 Hz, 120.00 Hz]}, appRequestRanges={physical=[0.00 Hz, inf Hz], render=[0.00 Hz, 120.00 Hz]}}
04-10 08:33:15.710 1433 1433 I RefreshRateSelector: Current: DisplayManagerPolicy{defaultModeId=0, allowGroupSwitching=false, primaryRanges={physical=[59.00 Hz, inf Hz], render=[59.00 Hz, 61.00 Hz]}, appRequestRanges={physical=[59.00 Hz, inf Hz], render=[59.00 Hz, 61.00 Hz]}}
04-10 08:33:15.710 1433 1433 I RefreshRateSelector: 0 mode changes were performed under the previous policy
04-10 08:33:15.710 1433 1433 W ComposerExtn: DisplayExtnImpl::SetActiveConfig: HWC Display 0 is not registered!
04-10 08:33:15.715 1375 1646 I SDM : HWDeviceDRM::UpdateMixerAttributes: Mixer WxH 1080x2400-0 for Peripheral
04-10 08:33:15.716 1375 1646 I SDM : HWCDisplay::SubmitDisplayConfig: Active configuration changed to: 0
04-10 08:33:15.718 361 361 I [FTS_TS/I]drm_notifier_callback: DRM event:2,blank:3
04-10 08:33:15.718 361 361 I [FTS_TS/I]drm_notifier_callback: DRM BLANK(3) do not need process
04-10 08:33:15.718 361 361 I goodix_fp: [info] goodix_fb_state_chg_callback go to the goodix_fb_state_chg_callback value = 2
04-10 08:33:15.718 361 361 I goodix_fp: goodix_fb_state_chg_callback defalut
04-10 08:33:15.719 361 361 I [drm:dsi_display_set_mode [msm_drm]] [msm-dsi-info]: mdp_transfer_time=15866, hactive=1080, vactive=2400, fps=60
04-10 08:33:15.722 1726 2216 I DisplayDeviceRepository: Display device changed: DisplayDeviceInfo{"Built-in Screen": uniqueId="local:4630946480328692354", 1080 x 2400, modeId 1, renderFrameRate 60.000004, defaultModeId 1, supportedModes [{id=1, width=1080, height=2400, fps=60.000004, alternativeRefreshRates=[90.0, 120.00001], supportedHdrTypes=[2, 3, 4]}, {id=2, width=1080, height=2400, fps=120.00001, alternativeRefreshRates=[60.000004, 90.0], supportedHdrTypes=[2, 3, 4]}, {id=3, width=1080, height=2400, fps=90.0, alternativeRefreshRates=[60.000004, 120.00001], supportedHdrTypes=[2, 3, 4]}], colorMode 0, supportedColorModes [0, 7, 9], hdrCapabilities HdrCapabilities{mSupportedHdrTypes=[2, 3, 4], mMaxLuminance=500.0, mMaxAverageLuminance=500.0, mMinLuminance=0.0}, allmSupported false, gameContentTypeSupported false, density 420, 403.411 x 401.052 dpi, appVsyncOff 1000000, presDeadline 16666666, cutout DisplayCutout{insets=Rect(0, 136 - 0, 0) waterfall=Insets{left=0, top=0, right=0, bottom=0} boundingRect={Bounds=[Rect(0, 0 - 0, 0), Rect(0, 0 - 188, 136), Rect(0, 0 - 0, 0), Rect(0, 0 - 0, 0)]} cutoutPathParserInfo={CutoutPathParserInfo{displayWidth=1080 displayHeight=2400 physicalDisplayWidth=1080 physicalDisplayHeight=2400 density={2.625} cutoutSpec={M89.3,42.31 m0,26.19 a26.19,26.19 0 1,0 52.38,0 a26.19,26.19 0 1,0 -52.38,0 Z @left} rotation={0} scale={1.0} physicalPixelDisplaySizeRatio={1.0}}}}, touch INTERNAL, rotation 0, type INTERNAL, address {port=130, model=0x40446d49bdd652}, deviceProductInfo DeviceProductInfo{name=, manufacturerPnpId=QCM, productId=1, modelYear=null, manufactureDate=ManufactureDate{week=27, year=2006}, connectionToSinkType=0}, state ON, committedState ON, frameRateOverride , brightnessMinimum 0.0, brightnessMaximum 1.0, brightnessDefault 0.4, hdrSdrRatio NaN, roundedCorners RoundedCorners{[RoundedCorner{position=TopLeft, radius=115, center=Point(115, 115)}, RoundedCorner{position=TopRight, radius=115, center=Point(965, 115)}, RoundedCorner{position=BottomRight, radius=115, center=Point(965, 2285)}, RoundedCorner{position=BottomLeft, radius=115, center=Point(115, 2285)}]}, FLAG_ALLOWED_TO_BE_DEFAULT_DISPLAY, FLAG_ROTATES_WITH_CONTENT, FLAG_SECURE, FLAG_SUPPORTS_PROTECTED_BUFFERS, FLAG_TRUSTED, installOrientation 0, displayShape DisplayShape{ spec=-1893857183 displayWidth=1080 displayHeight=2400 physicalPixelDisplaySizeRatio=1.0 rotation=0 offsetX=0 offsetY=0 scale=1.0}}
04-10 08:33:15.725 1402 12635 I QC2C2DEngine: calcYSize: unsupported or RGB color format, RGBA8888_UBWC(-1040187392)
04-10 08:33:15.726 1726 2915 D CompatibilityChangeReporter: Compat change id reported: 170503758; UID 10141; state: ENABLED
04-10 08:33:15.726 1726 7468 D CompatibilityChangeReporter: Compat change id reported: 170503758; UID 10303; state: ENABLED
04-10 08:33:15.728 1402 12635 I QC2C2DEngine: calcYSize: unsupported or RGB color format, RGBA8888_UBWC(-1040187392)
04-10 08:33:15.730 2840 2958 D DisplayTrackerImpl: displayChangedListener onDisplayChanged
04-10 08:33:15.730 3037 3518 I BtGatt.ScanManager: msg.what = 7
04-10 08:33:15.730 3037 3518 D BtGatt.ScanManager: enter screen on
04-10 08:33:15.732 3294 3294 W NT-Launcher: onTrimMemory: level = 20
04-10 08:33:15.735 3294 3441 I ImeTracker: com.nothing.launcher:fcec0f57: onRequestHide at ORIGIN_CLIENT_HIDE_SOFT_INPUT reason HIDE_SOFT_INPUT
04-10 08:33:15.735 3294 3441 I ImeTracker: com.nothing.launcher:fcec0f57: onFailed at PHASE_CLIENT_VIEW_SERVED
04-10 08:33:15.737 5695 5695 I A : onStop
04-10 08:33:15.757 361 361 I [drm:dsi_panel_set_backlight [msm_drm]] [msm-dsi-info]: backlight type:2 lvl:1335
04-10 08:33:15.757 361 361 I [FTS_TS/I]drm_notifier_callback: DRM event:1,blank:3
04-10 08:33:15.757 361 361 I [FTS_TS/I]drm_notifier_callback: DRM BLANK(3) do not need process
04-10 08:33:15.763 1402 12635 I QC2C2DEngine: calcYSize: unsupported or RGB color format, RGBA8888_UBWC(-1040187392)
04-10 08:33:15.783 1402 12635 I QC2C2DEngine: calcYSize: unsupported or RGB color format, RGBA8888_UBWC(-1040187392)
04-10 08:33:15.800 1402 12635 I QC2C2DEngine: calcYSize: unsupported or RGB color format, RGBA8888_UBWC(-1040187392)
04-10 08:33:15.806 2840 2935 W WindowOnBackDispatcher: sendCancelIfRunning: isInProgress=falsecallback=android.view.ViewRootImpl$$ExternalSyntheticLambda17@312cd97
04-10 08:33:15.807 1726 7468 D CoreBackPreview: Window{3e183a6 u0 Splash Screen com.spintec.qt.form500.poc EXITING}: Setting back callback null
04-10 08:33:15.807 1726 3838 W InputManager-JNI: Input channel object '3e183a6 Splash Screen com.spintec.qt.form500.poc (client)' was disposed without first being removed with the input manager!
04-10 08:33:15.818 1402 12635 I QC2C2DEngine: calcYSize: unsupported or RGB color format, RGBA8888_UBWC(-1040187392)
04-10 08:33:15.832 1402 12635 I QC2C2DEngine: calcYSize: unsupported or RGB color format, RGBA8888_UBWC(-1040187392)
04-10 08:33:15.850 1402 12635 I QC2C2DEngine: calcYSize: unsupported or RGB color format, RGBA8888_UBWC(-1040187392)
04-10 08:33:15.866 1402 12635 I QC2C2DEngine: calcYSize: unsupported or RGB color format, RGBA8888_UBWC(-1040187392)
04-10 08:33:15.882 1402 12635 I QC2C2DEngine: calcYSize: unsupported or RGB color format, RGBA8888_UBWC(-1040187392)
04-10 08:33:15.899 1402 12635 I QC2C2DEngine: calcYSize: unsupported or RGB color format, RGBA8888_UBWC(-1040187392)
04-10 08:33:15.916 1402 12635 I QC2C2DEngine: calcYSize: unsupported or RGB color format, RGBA8888_UBWC(-1040187392)
04-10 08:33:15.933 1402 12635 I QC2C2DEngine: calcYSize: unsupported or RGB color format, RGBA8888_UBWC(-1040187392)
04-10 08:33:15.935 3365 10511 I NearbyMediums: Found Fast Ble Advertisements :
04-10 08:33:15.935 3365 10511 I NearbyMediums: BleAdvertisement { version=2, socketVersion=2, serviceIdHash=null, data=[ 0x23 0x58 0x4f 0x5a 0x34 0x11 0x32 0x03 0xf1 0x6f 0xbb 0x39 0x7a 0x7e 0x41 0x72 0xbc 0xba 0xb3 0x0b 0x5e 0xc7 0x8c ], deviceToken=[ 0xd2 0x7c ] } : 2 times.
04-10 08:33:15.935 3365 10511 I NearbyMediums: Total 2 fast advertisements.
04-10 08:33:15.949 1402 12635 I QC2C2DEngine: calcYSize: unsupported or RGB color format, RGBA8888_UBWC(-1040187392)
04-10 08:33:15.962 1319 3739 D vendor.qti.bluetooth@1.0-wake_lock: Acquire wakelock is acquired
04-10 08:33:15.964 3037 3743 I bt_stack: [INFO:btm_ble_gap.cc(3253)] btm_ble_process_adv_pkt_cont Data Complete 63:d6:05:85:71:95
04-10 08:33:15.964 3037 3743 I bt_stack: [INFO:btm_ble_gap.cc(3253)] btm_ble_process_adv_pkt_cont Data Complete 63:d6:05:85:71:95
04-10 08:33:15.964 3037 3743 I bt_stack: [INFO:btm_ble_gap.cc(3253)] btm_ble_process_adv_pkt_cont Data Complete 63:d6:05:85:71:95
04-10 08:33:15.964 3037 3743 D bt_btm_ble: bool parse_adv_audio_uuids_from_adv_pkt(const uint8_t *, size_t, uint8_t): tmap_cap_pts: false
04-10 08:33:15.967 1402 12635 I QC2C2DEngine: calcYSize: unsupported or RGB color format, RGBA8888_UBWC(-1040187392)
04-10 08:33:15.973 1363 3450 I WifiHAL : event received NL80211_CMD_VENDOR, vendor_id = 0x1374, subcmd = 0xd
04-10 08:33:15.973 1858 1858 I cnss-daemon: nl80211 response handler invoked
