04-10 08:33:34.481 1402 12635 I QC2C2DEngine: calcYSize: unsupported or RGB color format, RGBA8888_UBWC(-1040187392)
04-10 08:33:34.500 1402 12635 I QC2C2DEngine: calcYSize: unsupported or RGB color format, RGBA8888_UBWC(-1040187392)
04-10 08:33:34.520 1402 12635 I QC2C2DEngine: calcYSize: unsupported or RGB color format, RGBA8888_UBWC(-1040187392)
04-10 08:33:34.536 1402 12635 I QC2C2DEngine: calcYSize: unsupported or RGB color format, RGBA8888_UBWC(-1040187392)
04-10 08:33:34.560 1402 12635 I QC2C2DEngine: calcYSize: unsupported or RGB color format, RGBA8888_UBWC(-1040187392)
04-10 08:33:34.579 1402 12635 I QC2C2DEngine: calcYSize: unsupported or RGB color format, RGBA8888_UBWC(-1040187392)
04-10 08:33:34.600 1402 12635 I QC2C2DEngine: calcYSize: unsupported or RGB color format, RGBA8888_UBWC(-1040187392)
04-10 08:33:34.617 1402 12635 I QC2C2DEngine: calcYSize: unsupported or RGB color format, RGBA8888_UBWC(-1040187392)
04-10 08:33:34.622 2840 2840 D vol.VolumeDialogImpl: hideRingerDrawer - drawer is already hide
04-10 08:33:34.625 1726 7468 D AS.AudioService: Volume controller visible: false
04-10 08:33:34.639 1402 12635 I QC2C2DEngine: calcYSize: unsupported or RGB color format, RGBA8888_UBWC(-1040187392)
04-10 08:33:34.642 1385 4311 E ANDR-PERF-LM: VmRssMeter:: start() 453: Could not find pid, can not collect vmrss data
04-10 08:33:34.642 1385 4311 E ANDR-PERF-LM: AdaptiveLaunch: writeToDataBase() 64: Meter aborted or could not get meter data for this run
04-10 08:33:34.643 1385 4310 E ANDR-PERF-LM: VmRssMeter:: start() 453: Could not find pid, can not collect vmrss data
04-10 08:33:34.653 1402 12635 I QC2C2DEngine: calcYSize: unsupported or RGB color format, RGBA8888_UBWC(-1040187392)
04-10 08:33:34.676 1402 12635 I QC2C2DEngine: calcYSize: unsupported or RGB color format, RGBA8888_UBWC(-1040187392)
04-10 08:33:34.680 1726 7468 D NtWindowManagerService: getActiveRecentsLayerTaskId: ar=ActivityRecord{f0703da u0 com.spintec.qt.form500.poc/.My7000App t629} taskId=629
04-10 08:33:34.680 2840 6453 V ShellRecents: [241487505] RecentsController.screenshotTask: taskId=629
04-10 08:33:34.689 608 608 W [FTS_TS]fts_input_report_b: [B]P0(567, 2321)[p:4,tm:64] DOWN!
04-10 08:33:34.697 1726 7468 D KeyCombinationManager: interceptKeyLocked() keyCode:3 count:0 down:true interactive:true eventTime:355275 mDownTimes={}
04-10 08:33:34.697 1726 7468 D VibratorManagerService: vibrate uid =1000, opPkg = android, reason = Virtual Key - Press, attrs = VibrationAttributes: Usage=TOUCH Audio Usage= USAGE_UNKNOWN Flags=0
04-10 08:33:34.697 1726 7468 D RichTapVibratorService: none richtap effect, do nothing!!
04-10 08:33:34.697 1726 7468 D VibratorManagerService: Starting vibrate for vibration 30
04-10 08:33:34.697 1726 7468 D VibratorManagerService: Vibration for uid=1000 and with attrs=VibrationAttributes: Usage=TOUCH Audio Usage= USAGE_UNKNOWN Flags=0 ended with status IGNORED_FOR_SETTINGS
04-10 08:33:34.705 1402 12635 I QC2C2DEngine: calcYSize: unsupported or RGB color format, RGBA8888_UBWC(-1040187392)
04-10 08:33:34.708 1726 7468 D NtWindowManagerService: getActiveRecentsLayerTaskId: ar=ActivityRecord{f0703da u0 com.spintec.qt.form500.poc/.My7000App t629} taskId=629
04-10 08:33:34.709 3294 3294 I NT-StateManager: onStateTransitionStart StateManager: StateManager(mLastStableState:Normal, mCurrentStableState:Background, mState:Overview, mRestState:Normal, isInTransition:false)
04-10 08:33:34.710 3294 3294 I NT-StateManager: onStateTransitionEnd StateManager: StateManager(mLastStableState:Normal, mCurrentStableState:Overview, mState:Overview, mRestState:Normal, isInTransition:false)
04-10 08:33:34.710 3294 3441 I ImeTracker: com.nothing.launcher:450d1451: onRequestHide at ORIGIN_CLIENT_HIDE_SOFT_INPUT reason HIDE_SOFT_INPUT
04-10 08:33:34.711 3294 3441 I ImeTracker: com.nothing.launcher:450d1451: onFailed at PHASE_CLIENT_VIEW_SERVED
04-10 08:33:34.715 1354 1354 I sensors-hal: flush:271, android.sensor.accelerometer/11
04-10 08:33:34.715 1354 1354 I sensors-hal: send_sync_sensor_request:361, send sync request
04-10 08:33:34.715 1354 1354 I sensors-hal: send_sync_sensor_request:387, wait for notification of response
04-10 08:33:34.715 1354 2789 I sensors-hal: ssc_conn_resp_cb:676, resp_value = 0
04-10 08:33:34.718 1354 1354 I sensors-hal: send_sync_sensor_request:393, takes 2 ms to receive the response with 0
04-10 08:33:34.718 1354 1354 I sensors-hal: flush:277, android.sensor.accelerometer/11 completed
04-10 08:33:34.718 2840 2972 V ShellRecents: [241487505] RecentsController.detachNavigationBarFromApp
04-10 08:33:34.723 3294 3294 I NT-NTDragLayer: onMeasure consumed 0
04-10 08:33:34.723 3294 3443 D QuickstepModelDelegate: notifyAppTargetEvent action=1 launchLocation=
04-10 08:33:34.723 3037 3518 I BtGatt.ScanManager: msg.what = 6
04-10 08:33:34.723 5695 5695 I A : onStart
04-10 08:33:34.723 3037 3518 D BtGatt.ScanManager: uid 10127 isForeground true scanMode 1
04-10 08:33:34.723 3037 3518 D BtGatt.ScanManager: uid 10127 isForeground true scanMode 3
04-10 08:33:34.723 3037 3518 D BtGatt.ScanManager: uid 10127 isForeground true scanMode 3
04-10 08:33:34.723 3294 3294 I NT-NTDragLayer: onLayout consumed 0
04-10 08:33:34.724 3294 3294 I NT-NTDragLayer: dispatchDraw consumed 0
04-10 08:33:34.727 5695 5695 I A : onResume
04-10 08:33:34.732 1402 12635 I QC2C2DEngine: calcYSize: unsupported or RGB color format, RGBA8888_UBWC(-1040187392)
04-10 08:33:34.738 1402 12635 I QC2C2DEngine: calcYSize: unsupported or RGB color format, RGBA8888_UBWC(-1040187392)
04-10 08:33:34.750 1402 12635 I QC2C2DEngine: calcYSize: unsupported or RGB color format, RGBA8888_UBWC(-1040187392)
04-10 08:33:34.761 1402 12635 I QC2C2DEngine: calcYSize: unsupported or RGB color format, RGBA8888_UBWC(-1040187392)
04-10 08:33:34.787 1402 12635 I QC2C2DEngine: calcYSize: unsupported or RGB color format, RGBA8888_UBWC(-1040187392)
04-10 08:33:34.791 608 608 W [FTS_TS]fts_input_report_b: [B]P0 UP!
04-10 08:33:34.791 608 608 W [FTS_TS]fts_input_report_b: [B]Points All Up!
04-10 08:33:34.794 1726 1745 D KeyCombinationManager: interceptKeyLocked() keyCode:3 count:0 down:false interactive:true eventTime:355375 mDownTimes={3=355275}
04-10 08:33:34.798 1726 2213 D WindowManager: startDockOrHome: startReason= startDockOrHome
04-10 08:33:34.803 1726 2213 D BLASTSyncEngine: startSyncSet SyncGroup = com.android.server.wm.BLASTSyncEngine$SyncGroup@b043e7b,parallel = false,alreadyRunning = false,Callers=com.android.server.wm.BLASTSyncEngine.startSyncSet:442 com.android.server.wm.Transition.startCollecting:572 com.android.server.wm.TransitionController.moveToCollecting:331 com.android.server.wm.TransitionController.createAndStartCollecting:1447 com.android.server.wm.ActivityStarter.startActivityUnchecked:1548 com.android.server.wm.ActivityStarter.executeRequest:1385 com.android.server.wm.ActivityStarter.execute:778 com.android.server.wm.ActivityStartController.startHomeActivity:198 com.android.server.wm.RootWindowContainer.startHomeOnTaskDisplayArea:1507 com.android.server.wm.RootWindowContainer.lambda$startHomeOnDisplay$11:1446 com.android.server.wm.RootWindowContainer.$r8$lambda$zDbqLY8yVs2-CTsfHP7FhguhRoM:0 com.android.server.wm.RootWindowContainer$$ExternalSyntheticLambda5.apply:0 com.android.server.wm.TaskDisplayArea.reduceOnAllTaskDisplayAreas:514 com.android.server.wm.DisplayArea.reduceOnAllTaskDisplayAreas:527 com.android.server.wm.DisplayArea.reduceOnAllTaskDisplayAreas:527
04-10 08:33:34.805 2840 2972 D KeyguardService: setOccluded(false)
04-10 08:33:34.805 2840 2972 D KeyguardViewMediator: setOccluded(false)
04-10 08:33:34.805 2840 2972 D KeyguardViewMediator: setOccluded false
04-10 08:33:34.805 1726 2213 I ActivityTaskManager: START u0 {act=android.intent.action.MAIN cat=[android.intent.category.HOME] flg=0x10000100 cmp=com.nothing.launcher/com.android.searchlauncher.SearchLauncher (has extras)} with LAUNCH_SINGLE_TASK from uid 0 pid 0 (BAL_ALLOW_ALLOWLISTED_UID) result code=3
04-10 08:33:34.806 2840 2898 D WindowManagerShell: onActivityRestartAttempt: ComponentInfo{com.nothing.launcher/com.android.searchlauncher.SearchLauncher}
04-10 08:33:34.808 1402 12635 I QC2C2DEngine: calcYSize: unsupported or RGB color format, RGBA8888_UBWC(-1040187392)
04-10 08:33:34.811 2840 2840 D ShadeControllerImpl: animateCollapse(): mExpandedVisible=falseflags=0
04-10 08:33:34.812 2840 2840 I vol.VolumeDialogImpl: mDialog.dismiss() reason: volume_controller from: com.android.systemui.volume.VolumeDialogImpl$15.onDismissRequested:3226
04-10 08:33:34.813 2840 2840 D KeyguardViewMediator: handleSetOccluded(false)
04-10 08:33:34.813 2840 2840 D KeyguardViewMediator: isOccluded=false,mPowerGestureIntercepted=false
04-10 08:33:34.820 1402 12635 I QC2C2DEngine: calcYSize: unsupported or RGB color format, RGBA8888_UBWC(-1040187392)
04-10 08:33:34.823 2840 6453 V ShellRecents: [241487505] RecentsController.screenshotTask: taskId=629
04-10 08:33:34.828 2840 2840 D ShadeControllerImpl: animateCollapse(): mExpandedVisible=falseflags=0
04-10 08:33:34.829 2840 2840 I vol.VolumeDialogImpl: mDialog.dismiss() reason: volume_controller from: com.android.systemui.volume.VolumeDialogImpl$15.onDismissRequested:3226
04-10 08:33:34.829 2840 2840 D vol.VolumeDialogImpl: dismissH: skipping dismiss because isAnimatingDismiss is true and showingStateInconsistent is false
04-10 08:33:34.836 1402 12635 I QC2C2DEngine: calcYSize: unsupported or RGB color format, RGBA8888_UBWC(-1040187392)
04-10 08:33:34.850 3294 3294 I NT-StateManager: onStateTransitionStart StateManager: StateManager(mLastStableState:Normal, mCurrentStableState:Overview, mState:Normal, mRestState:Normal, isInTransition:true)
04-10 08:33:34.852 1354 1354 I sensors-hal: batch:242, android.sensor.accelerometer/11, period=50000000, max_latency=0
04-10 08:33:34.852 1354 1354 I sensors-hal: set_config:68, sample_period_ns is adjusted to 50000000 based on min/max delay_ns
04-10 08:33:34.852 1354 1354 I sensors-hal: batch:251, android.sensor.accelerometer/11, period=50000000, max_latency=0 request completed
04-10 08:33:34.855 3294 3443 D QuickstepModelDelegate: notifyAppTargetEvent action=1 launchLocation=workspace/5/[-1,-1]/[1,1]
04-10 08:33:34.860 1402 12635 I QC2C2DEngine: calcYSize: unsupported or RGB color format, RGBA8888_UBWC(-1040187392)
04-10 08:33:34.879 1402 12635 I QC2C2DEngine: calcYSize: unsupported or RGB color format, RGBA8888_UBWC(-1040187392)
04-10 08:33:34.882 2840 2898 V ShellRecents: [241487505] RecentsController.finishInner: toHome=true userLeave=true willFinishToHome=true state=0
04-10 08:33:34.882 2840 2898 V ShellRecents: normal finish
04-10 08:33:34.882 2840 2898 V ShellRecents: [241487505] RecentsController.cleanup
04-10 08:33:34.882 2840 2898 V WindowManagerShell: Transition animation finished (aborted=false), notifying core (#35)android.os.BinderProxy@d0251f6@0
04-10 08:33:34.885 1726 2212 V WindowManager: Finish Transition #35: created at
04-10 08:33:34.244 collect-started=0.821ms started=0.89ms ready=5.854ms sent=46.608ms finished=640.191ms
04-10 08:33:34.886 1726 3838 D ActivityTrigger: ActivityTrigger activityPauseTrigger
04-10 08:33:34.889 2840 2898 V WindowManagerShell: Track 0 became idle
04-10 08:33:34.889 2840 2898 V WindowManagerShell: All active transition animations finished
04-10 08:33:34.900 1402 12635 I QC2C2DEngine: calcYSize: unsupported or RGB color format, RGBA8888_UBWC(-1040187392)
04-10 08:33:34.900 1726 2216 V WindowManager: Unknown focus tokens, dropping reportFocusChanged
04-10 08:33:34.901 3294 3294 I NT-InputConsumerProxy: AL-1283: Destroy InputConsumerProxy, UnRegister input listener.
04-10 08:33:34.905 1726 2216 D NtPerfTraceManagerImpl: packageName = com.nothing.launcher, taskId = 628
04-10 08:33:34.905 4733 4733 E BufferQueueProducer: [SurfaceView[com.spintec.qt.form500.poc/com.spintec.qt.form500.poc.My7000App]#28(BLAST Consumer)28](id:127d0000001c,api:0,p:-1,c:4733) disconnect: not connected (req=2)
04-10 08:33:34.916 1402 12635 I QC2C2DEngine: calcYSize: unsupported or RGB color format, RGBA8888_UBWC(-1040187392)
04-10 08:33:34.921 1726 5826 I ImeTracker: com.nothing.launcher:c86d543b: onRequestHide at ORIGIN_SERVER_HIDE_INPUT reason HIDE_UNSPECIFIED_WINDOW
04-10 08:33:34.921 1726 5826 I ImeTracker: com.nothing.launcher:c86d543b: onCancelled at PHASE_SERVER_SHOULD_HIDE
04-10 08:33:34.924 6287 6287 I GoogleInputMethodService: GoogleInputMethodService.onFinishInput():3096
04-10 08:33:34.925 1402 12635 I QC2C2DEngine: calcYSize: unsupported or RGB color format, RGBA8888_UBWC(-1040187392)
04-10 08:33:34.925 6287 6287 I GoogleInputMethodService: GoogleInputMethodService.updateDeviceLockedStatus():2210 repeatCheckTimes = 0, locked = false
04-10 08:33:34.925 6287 6287 I GoogleInputMethodService: GoogleInputMethodService.onStartInput():1950 onStartInput(EditorInfo{EditorInfo{packageName=com.nothing.launcher, inputType=0, inputTypeString=NULL, enableLearning=false, autoCorrection=false, autoComplete=false, imeOptions=0, privateImeOptions=null, actionName=UNSPECIFIED, actionLabel=null, initialSelStart=-1, initialSelEnd=-1, initialCapsMode=0, label=null, fieldId=0, fieldName=null, extras=null, hintText=null, hintLocales=[]}}, false)
04-10 08:33:34.926 6287 6287 I GoogleInputMethodService: GoogleInputMethodService.updateDeviceLockedStatus():2210 repeatCheckTimes = 1, locked = false
04-10 08:33:34.926 4733 4733 I Qt5.My7000App: My7000App::onPause() called
04-10 08:33:34.927 6287 6287 I AndroidIME: InputBundleManager.loadActiveInputBundleId():450 loadActiveInputBundleId: und-Latn-x-password, password
04-10 08:33:34.928 4733 12671 D libForm500Crash_POC_arm64-v8a.so: Application state changed to Qt::ApplicationInactive
04-10 08:33:34.928 1726 5826 W PackageConfigPersister: App-specific configuration not found for packageName: com.nothing.launcher and userId: 0
04-10 08:33:34.933 1402 12635 I QC2C2DEngine: calcYSize: unsupported or RGB color format, RGBA8888_UBWC(-1040187392)
04-10 08:33:34.935 3239 3295 W DynamicDDSService: appName is not found in cache: com.spintec.qt.form500.poc
04-10 08:33:34.938 1402 12635 I QC2C2DEngine: calcYSize: unsupported or RGB color format, RGBA8888_UBWC(-1040187392)
04-10 08:33:34.942 4733 4733 I Qt5.My7000App: My7000App::onStop() called
04-10 08:33:34.943 4733 4733 I Qt5.My7000App: My7000App::onStop() after super called
04-10 08:33:34.943 4733 12671 D libForm500Crash_POC_arm64-v8a.so: Application state changed to Qt::ApplicationSuspended
04-10 08:33:34.949 1402 12635 I QC2C2DEngine: calcYSize: unsupported or RGB color format, RGBA8888_UBWC(-1040187392)
04-10 08:33:34.954 1402 12635 I QC2C2DEngine: calcYSize: unsupported or RGB color format, RGBA8888_UBWC(-1040187392)
04-10 08:33:34.967 1402 12635 I QC2C2DEngine: calcYSize: unsupported or RGB color format, RGBA8888_UBWC(-1040187392)
04-10 08:33:34.972 1402 12635 I QC2C2DEngine: calcYSize: unsupported or RGB color format, RGBA8888_UBWC(-1040187392)
04-10 08:33:34.987 1402 12635 I QC2C2DEngine: calcYSize: unsupported or RGB color format, RGBA8888_UBWC(-1040187392)
04-10 08:33:34.991 1402 12635 I QC2C2DEngine: calcYSize: unsupported or RGB color format, RGBA8888_UBWC(-1040187392)
04-10 08:33:35.007 1402 12635 I QC2C2DEngine: calcYSize: unsupported or RGB color format, RGBA8888_UBWC(-1040187392)
04-10 08:33:35.014 1402 12635 I QC2C2DEngine: calcYSize: unsupported or RGB color format, RGBA8888_UBWC(-1040187392)
04-10 08:33:35.021 1402 12635 I QC2C2DEngine: calcYSize: unsupported or RGB color format, RGBA8888_UBWC(-1040187392)
04-10 08:33:35.037 1402 12635 I QC2C2DEngine: calcYSize: unsupported or RGB color format, RGBA8888_UBWC(-1040187392)
04-10 08:33:35.050 1402 12635 I QC2C2DEngine: calcYSize: unsupported or RGB color format, RGBA8888_UBWC(-1040187392)
04-10 08:33:35.072 1402 12635 I QC2C2DEngine: calcYSize: unsupported or RGB color format, RGBA8888_UBWC(-1040187392)
04-10 08:33:35.089 1402 12635 I QC2C2DEngine: calcYSize: unsupported or RGB color format, RGBA8888_UBWC(-1040187392)
04-10 08:33:35.107 1402 12635 I QC2C2DEngine: calcYSize: unsupported or RGB color format, RGBA8888_UBWC(-1040187392)
04-10 08:33:35.112 3294 3294 I NT-StateManager: onStateTransitionEnd StateManager: StateManager(mLastStableState:Normal, mCurrentStableState:Normal, mState:Normal, mRestState:null, isInTransition:true)
04-10 08:33:35.120 1402 12635 I QC2C2DEngine: calcYSize: unsupported or RGB color format, RGBA8888_UBWC(-1040187392)
04-10 08:33:35.123 2840 2840 D vol.VolumeDialogImpl: hideRingerDrawer - drawer is already hide
04-10 08:33:35.124 1726 3838 D AS.AudioService: Volume controller visible: false
04-10 08:33:35.132 1402 12635 I QC2C2DEngine: calcYSize: unsupported or RGB color format, RGBA8888_UBWC(-1040187392)
04-10 08:33:35.142 1402 12635 I QC2C2DEngine: calcYSize: unsupported or RGB color format, RGBA8888_UBWC(-1040187392)
04-10 08:33:35.159 1402 12635 I QC2C2DEngine: calcYSize: unsupported or RGB color format, RGBA8888_UBWC(-1040187392)
04-10 08:33:35.163 1402 12635 I QC2C2DEngine: calcYSize: unsupported or RGB color format, RGBA8888_UBWC(-1040187392)
04-10 08:33:35.170 1402 12635 I QC2C2DEngine: calcYSize: unsupported or RGB color format, RGBA8888_UBWC(-1040187392)
04-10 08:33:35.191 1402 12635 I QC2C2DEngine: calcYSize: unsupported or RGB color format, RGBA8888_UBWC(-1040187392)
04-10 08:33:35.194 1402 12635 I QC2C2DEngine: calcYSize: unsupported or RGB color format, RGBA8888_UBWC(-1040187392)
04-10 08:33:35.202 1402 12635 I QC2C2DEngine: calcYSize: unsupported or RGB color format, RGBA8888_UBWC(-1040187392)
04-10 08:33:35.213 1402 12635 I QC2C2DEngine: calcYSize: unsupported or RGB color format, RGBA8888_UBWC(-1040187392)
04-10 08:33:35.223 1402 12635 I QC2C2DEngine: calcYSize: unsupported or RGB color format, RGBA8888_UBWC(-1040187392)
04-10 08:33:35.234 1402 12635 I QC2C2DEngine: calcYSize: unsupported or RGB color format, RGBA8888_UBWC(-1040187392)
04-10 08:33:35.246 1402 12635 I QC2C2DEngine: calcYSize: unsupported or RGB color format, RGBA8888_UBWC(-1040187392)
04-10 08:33:35.257 1402 12635 I QC2C2DEngine: calcYSize: unsupported or RGB color format, RGBA8888_UBWC(-1040187392)
04-10 08:33:35.267 1402 12635 I QC2C2DEngine: calcYSize: unsupported or RGB color format, RGBA8888_UBWC(-1040187392)
04-10 08:33:35.279 1402 12635 I QC2C2DEngine: calcYSize: unsupported or RGB color format, RGBA8888_UBWC(-1040187392)
04-10 08:33:35.291 1402 12635 I QC2C2DEngine: calcYSize: unsupported or RGB color format, RGBA8888_UBWC(-1040187392)
04-10 08:33:35.301 1402 12635 I QC2C2DEngine: calcYSize: unsupported or RGB color format, RGBA8888_UBWC(-1040187392)
04-10 08:33:35.423 608 608 W [FTS_TS]fts_input_report_b: [B]P0(902, 1684)[p:3,tm:48] DOWN!
04-10 08:33:35.512 608 608 W [FTS_TS]fts_input_report_b: [B]P0 UP!
04-10 08:33:35.512 608 608 W [FTS_TS]fts_input_report_b: [B]Points All Up!
04-10 08:33:35.524 3294 3294 I NT-ItemClickHandler: ItemClickHandler.onClick
04-10 08:33:35.531 1726 3838 D BLASTSyncEngine: startSyncSet SyncGroup = com.android.server.wm.BLASTSyncEngine$SyncGroup@15403c8,parallel = false,alreadyRunning = false,Callers=com.android.server.wm.BLASTSyncEngine.startSyncSet:442 com.android.server.wm.Transition.startCollecting:572 com.android.server.wm.TransitionController.moveToCollecting:331 com.android.server.wm.TransitionController.createAndStartCollecting:1447 com.android.server.wm.ActivityStarter.startActivityUnchecked:1548 com.android.server.wm.ActivityStarter.executeRequest:1385 com.android.server.wm.ActivityStarter.execute:778 com.android.server.wm.ActivityTaskManagerService.startActivityAsUser:1329 com.android.server.wm.ActivityTaskManagerService.startActivityAsUser:1272 com.android.server.wm.ActivityTaskManagerService.startActivity:1247 android.app.IActivityTaskManager$Stub.onTransact:929 com.android.server.wm.ActivityTaskManagerService.onTransact:5621 android.os.Binder.execTransactInternal:1339 android.os.Binder.execTransact:1275
04-10 08:33:35.534 1726 3838 V NtGameModeImpl: onAppFocusChanged: pkg=com.spintec.qt.form500.poc, uid=10341, category=-1
04-10 08:33:35.535 1726 3838 D NtPopUpViewImpl: PopUpView: onAppFocusChanged: newTask=Task{dc5400b #629 type=standard A=10341:com.spintec.qt.form500.poc}, showDimmer=false
04-10 08:33:35.535 1726 3838 D NtDimmerWindow: NtDimmerWindow.enterPinnedWindowWindowingMode: You can only enter PinnedWindow from Windowform. task=Task{2dbc4fe #1 type=home}
04-10 08:33:35.535 1726 3838 D NtWindowformEdgeBarHelper: setTask true
04-10 08:33:35.538 2817 5016 D TopAppSceneDetector: currentFocusApp=com.spintec.qt.form500.poc
04-10 08:33:35.539 1726 3838 D ActivityTrigger: ActivityTrigger activityPauseTrigger
04-10 08:33:35.541 1726 3838 I ActivityTaskManager: START u0 {act=android.intent.action.MAIN cat=[android.intent.category.LAUNCHER] flg=0x10200000 cmp=com.spintec.qt.form500.poc/.My7000App bnds=[782,1516][1024,1792]} with LAUNCH_SINGLE_TOP from uid 10183 pid 3294 (BAL_ALLOW_ALLOWLISTED_COMPONENT) result code=2
04-10 08:33:35.543 3294 3443 D QuickstepModelDelegate: notifyAppTargetEvent action=1 launchLocation=workspace/5/[3,5]/[1,1]
04-10 08:33:35.544 2817 5016 D NearbyDetector: onTopActivityChanged: top class name: com.android.searchlauncher.SearchLauncher
04-10 08:33:35.544 2817 5016 D NearbyDetector: onTopActivityChanged: top class name: com.spintec.qt.form500.poc.My7000App
04-10 08:33:35.545 2817 5016 D GameSceneDetector: Failed to call isBoostTypeGame: java.lang.NoSuchMethodException: android.util.BoostFramework.perfGetFeedback []
04-10 08:33:35.545 2817 5016 D GameSceneDetector: onTopChanged=com.spintec.qt.form500.poc, isBoostTypeGame=false, isCategoryGame=false
04-10 08:33:35.545 2817 5016 D SceneManager: TopAPP=com.spintec.qt.form500.poc, category=-1
04-10 08:33:35.546 1385 1554 W ANDR-PERF-LM: MetaMeter: handlePrimaryAsync() 118: AdaptLaunch MetaMeter. No MeterMgr Available to handle this Primary Async. !!!!
04-10 08:33:35.546 1726 2617 E Transition: Trying to add a ready-group twice: Display{#0 state=ON size=1080x2400 ROTATION_0}
04-10 08:33:35.546 1385 1554 W ANDR-PERF-LM: MetaMeter: handlePrimaryAsync() 118: AdaptLaunch MetaMeter. No MeterMgr Available to handle this Primary Async. !!!!
04-10 08:33:35.546 2840 2898 D WindowManagerShell: onActivityRestartAttempt: ComponentInfo{com.spintec.qt.form500.poc/com.spintec.qt.form500.poc.My7000App}
04-10 08:33:35.552 1726 7468 W WindowManager: Failed looking up window session=Session{1c27e3c 2840:u0a10199} callers=com.android.server.wm.WindowManagerService.windowForClientLocked:6155 com.android.server.wm.WindowManagerService.removeWindow:2001 com.android.server.wm.Session.remove:231
04-10 08:33:35.553 1726 2216 W ProcessStats: Tracking association SourceState{76a1945 health.step.walk/10303 Fgs #5765} whose proc state 3 is better than process ProcessState{3f61b73 com.google.android.webview:sandboxed_process0:org.chromium.content.app.SandboxedProcessService0:0/10303 pkg=health.step.walk} proc state 10 (698 skipped)
04-10 08:33:35.554 3294 3294 I NT-TopTaskTracker: Call back onTaskMovedToFront taskId = 629
04-10 08:33:35.557 2840 2898 V WindowManagerShell: Transition requested: android.os.BinderProxy@2cb5ee7 TransitionRequestInfo { type = OPEN, triggerTask = TaskInfo{userId=0 taskId=629 displayId=0 isRunning=true baseIntent=Intent { act=android.intent.action.MAIN cat=[android.intent.category.LAUNCHER] flg=0x10200000 cmp=com.spintec.qt.form500.poc/.My7000App } baseActivity=ComponentInfo{com.spintec.qt.form500.poc/com.spintec.qt.form500.poc.My7000App} topActivity=ComponentInfo{com.spintec.qt.form500.poc/com.spintec.qt.form500.poc.My7000App} origActivity=null realActivity=ComponentInfo{com.spintec.qt.form500.poc/com.spintec.qt.form500.poc.My7000App} numActivities=1 lastActiveTime=355468 supportsMultiWindow=true resizeMode=1 isResizeable=true minWidth=-1 minHeight=-1 defaultMinSize=220 token=WCT{android.window.IWindowContainerToken$Stub$Proxy@52bfa94} topActivityType=1 pictureInPictureParams=null shouldDockBigOverlays=false launchIntoPipHostTaskId=-1 lastParentTaskIdBeforePip=-1 displayCutoutSafeInsets=Rect(0, 136 - 0, 0) topActivityInfo=ActivityInfo{c8af93d com.spintec.qt.form500.poc.My7000App} launchCookies=[android.os.BinderProxy@dc124a6] positionInParent=Point(0, 0) parentTaskId=-1 isFocused=true isVisible=false isVisibleRequested=false isSleeping=false topActivityInSizeCompat=false topActivityEligibleForLetterboxEducation= false topActivityLetterboxed= false isFromDoubleTap= false topActivityLetterboxVerticalPosition= -1 topActivityLetterboxHorizontalPosition= -1 topActivityLetterboxWidth=-1 topActivityLetterboxHeight=-1 locusId=null displayAreaFeatureId=1 cameraCompatControlState=hidden}, remoteTransition = RemoteTransition { remoteTransition = android.window.IRemoteTransition$Stub$Proxy@14ae532, appThread = android.app.IApplicationThread$Stub$Proxy@5650283, debugName = QuickstepLaunch }, displayChange = null }
04-10 08:33:35.557 2840 2898 V WindowManagerShell: RemoteTransition directly requested for android.os.BinderProxy@2cb5ee7: RemoteTransition { remoteTransition = android.window.IRemoteTransition$Stub$Proxy@14ae532, appThread = android.app.IApplicationThread$Stub$Proxy@5650283, debugName = QuickstepLaunch }
04-10 08:33:35.558 2840 2898 V WindowManagerShell: handleRequest com.android.wm.shell.transition.RemoteTransitionHandler@f067dac handled
04-10 08:33:35.558 4733 4733 I Qt5.My7000App: My7000App::onResume() called
04-10 08:33:35.558 4733 12671 D libForm500Crash_POC_arm64-v8a.so: Application state changed to Qt::ApplicationActive
04-10 08:33:35.560 1402 12635 I QC2C2DEngine: calcYSize: unsupported or RGB color format, RGBA8888_UBWC(-1040187392)
04-10 08:33:35.562 2840 2935 V SnapshotDrawerUtils: Drawing snapshot surface sizeMismatch=false
04-10 08:33:35.571 1726 2212 V WindowManager: Sent Transition #37 createdAt=04-10 08:33:35.531 via request=TransitionRequestInfo { type = OPEN, triggerTask = TaskInfo{userId=0 taskId=629 displayId=0 isRunning=true baseIntent=Intent { act=android.intent.action.MAIN cat=[android.intent.category.LAUNCHER] flg=0x10200000 cmp=com.spintec.qt.form500.poc/.My7000App } baseActivity=ComponentInfo{com.spintec.qt.form500.poc/com.spintec.qt.form500.poc.My7000App} topActivity=ComponentInfo{com.spintec.qt.form500.poc/com.spintec.qt.form500.poc.My7000App} origActivity=null realActivity=ComponentInfo{com.spintec.qt.form500.poc/com.spintec.qt.form500.poc.My7000App} numActivities=1 lastActiveTime=355468 supportsMultiWindow=true resizeMode=1 isResizeable=true minWidth=-1 minHeight=-1 defaultMinSize=220 token=WCT{RemoteToken{6ce9df5 Task{dc5400b #629 type=standard A=10341:com.spintec.qt.form500.poc}}} topActivityType=1 pictureInPictureParams=null shouldDockBigOverlays=false launchIntoPipHostTaskId=-1 lastParentTaskIdBeforePip=-1 displayCutoutSafeInsets=Rect(0, 136 - 0, 0) topActivityInfo=ActivityInfo{a98178a com.spintec.qt.form500.poc.My7000App} launchCookies=[android.os.BinderProxy@3e583e0] positionInParent=Point(0, 0) parentTaskId=-1 isFocused=true isVisible=false isVisibleRequested=false isSleeping=false topActivityInSizeCompat=false topActivityEligibleForLetterboxEducation= false topActivityLetterboxed= false isFromDoubleTap= false topActivityLetterboxVerticalPosition= -1 topActivityLetterboxHorizontalPosition= -1 topActivityLetterboxWidth=-1 topActivityLetterboxHeight=-1 locusId=null displayAreaFeatureId=1 cameraCompatControlState=hidden}, remoteTransition = RemoteTransition { remoteTransition = android.window.IRemoteTransition$Stub$Proxy@6279699, appThread = android.app.IApplicationThread$Stub$Proxy@213ed5e, debugName = QuickstepLaunch }, displayChange = null }
04-10 08:33:35.571 1726 2212 V WindowManager: startWCT=WindowContainerTransaction { changes = {} hops = [] errorCallbackToken=null taskFragmentOrganizer=null }
04-10 08:33:35.571 1726 2212 V WindowManager: info={id=37 t=OPEN f=0x0 trk=0 r=[0@Point(0, 0)] c=[{WCT{RemoteToken{6ce9df5 Task{dc5400b #629 type=standard A=10341:com.spintec.qt.form500.poc}}} m=TO_FRONT f=MOVE_TO_TOP leash=Surface(name=Task=629)/@0x2a116df sb=Rect(0, 0 - 1080, 2400) eb=Rect(0, 0 - 1080, 2400) d=0},{WCT{RemoteToken{3176405 Task{2dbc4fe #1 type=home}}} m=TO_BACK f=SHOW_WALLPAPER leash=Surface(name=Task=1)/@0xceec555 sb=Rect(0, 0 - 1080, 2400) eb=Rect(0, 0 - 1080, 2400) d=0}]}
04-10 08:33:35.572 2840 2898 V WindowManagerShell: onTransitionReady android.os.BinderProxy@2cb5ee7: {id=37 t=OPEN f=0x0 trk=0 r=[0@Point(0, 0)] c=[{WCT{android.window.IWindowContainerToken$Stub$Proxy@4d4082c} m=TO_FRONT f=MOVE_TO_TOP leash=Surface(name=Task=629)/@0xab2ec39 sb=Rect(0, 0 - 1080, 2400) eb=Rect(0, 0 - 1080, 2400) d=0},{WCT{android.window.IWindowContainerToken$Stub$Proxy@6cd12f5} m=TO_BACK f=SHOW_WALLPAPER leash=Surface(name=Task=1)/@0xf3e227e sb=Rect(0, 0 - 1080, 2400) eb=Rect(0, 0 - 1080, 2400) d=0}]}
04-10 08:33:35.572 2840 2898 V WindowManagerShell: Playing animation for (#37)android.os.BinderProxy@2cb5ee7@0
04-10 08:33:35.572 2840 2898 V WindowManagerShell: try firstHandler com.android.wm.shell.transition.DefaultMixedHandler@a890bd
04-10 08:33:35.572 2840 2898 V WindowManagerShell: Delegate animation for #37 to RemoteTransition { remoteTransition = android.window.IRemoteTransition$Stub$Proxy@14ae532, appThread = android.app.IApplicationThread$Stub$Proxy@5650283, debugName = QuickstepLaunch }
04-10 08:33:35.575 2840 2898 V WindowManagerShell: animated by firstHandler
04-10 08:33:35.578 3294 3294 I NT-TransitionSmoothHelper: clear
04-10 08:33:35.579 1402 12635 I QC2C2DEngine: calcYSize: unsupported or RGB color format, RGBA8888_UBWC(-1040187392)
04-10 08:33:35.580 3294 3294 I NT-NTDragLayer: onMeasure consumed 0
04-10 08:33:35.580 3294 3294 I NT-NTDragLayer: onLayout consumed 0
04-10 08:33:35.580 3294 3294 I NT-NTDragLayer: dispatchDraw consumed 0
04-10 08:33:35.582 1402 12635 I QC2C2DEngine: calcYSize: unsupported or RGB color format, RGBA8888_UBWC(-1040187392)
04-10 08:33:35.589 4733 12667 E OpenGLRenderer: Unable to match the desired swap behavior.
04-10 08:33:35.590 1402 12635 I QC2C2DEngine: calcYSize: unsupported or RGB color format, RGBA8888_UBWC(-1040187392)
04-10 08:33:35.594 4733 4733 I SurfaceView: surfaceview vote min fps
04-10 08:33:35.606 1402 12635 I QC2C2DEngine: calcYSize: unsupported or RGB color format, RGBA8888_UBWC(-1040187392)
04-10 08:33:35.607 1726 2212 W ziparchive: Unable to open '/data/app/~~VXJMSZcnXxXOCkvo99yEnQ==/com.spintec.qt.form500.poc-K4cmV_bINLx0_037uJu7OA==/base.dm': No such file or directory
04-10 08:33:35.620 1402 12635 I QC2C2DEngine: calcYSize: unsupported or RGB color format, RGBA8888_UBWC(-1040187392)
04-10 08:33:35.622 1433 1433 I BpBinder: onLastStrongRef automatically unlinking death recipients:
04-10 08:33:35.636 1402 12635 I QC2C2DEngine: calcYSize: unsupported or RGB color format, RGBA8888_UBWC(-1040187392)
04-10 08:33:35.641 1402 12635 I QC2C2DEngine: calcYSize: unsupported or RGB color format, RGBA8888_UBWC(-1040187392)
04-10 08:33:35.647 5695 5695 I A : onPause
04-10 08:33:35.656 1402 12635 I QC2C2DEngine: calcYSize: unsupported or RGB color format, RGBA8888_UBWC(-1040187392)
04-10 08:33:35.662 1402 12635 I QC2C2DEngine: calcYSize: unsupported or RGB color format, RGBA8888_UBWC(-1040187392)
04-10 08:33:35.662 1726 2216 D NtPerfTraceManagerImpl: packageName = com.spintec.qt.form500.poc, taskId = 629
04-10 08:33:35.664 1726 2617 I ImeTracker: com.spintec.qt.form500.poc:3729263b: onRequestHide at ORIGIN_SERVER_HIDE_INPUT reason HIDE_UNSPECIFIED_WINDOW
04-10 08:33:35.665 1726 2617 I ImeTracker: com.spintec.qt.form500.poc:3729263b: onCancelled at PHASE_SERVER_SHOULD_HIDE
04-10 08:33:35.666 6287 6287 I GoogleInputMethodService: GoogleInputMethodService.onFinishInput():3096
04-10 08:33:35.667 6287 6287 I GoogleInputMethodService: GoogleInputMethodService.updateDeviceLockedStatus():2210 repeatCheckTimes = 0, locked = false
04-10 08:33:35.667 6287 6287 I GoogleInputMethodService: GoogleInputMethodService.onStartInput():1950 onStartInput(EditorInfo{EditorInfo{packageName=com.spintec.qt.form500.poc, inputType=0, inputTypeString=NULL, enableLearning=false, autoCorrection=false, autoComplete=false, imeOptions=0, privateImeOptions=null, actionName=UNSPECIFIED, actionLabel=null, initialSelStart=-1, initialSelEnd=-1, initialCapsMode=0, label=null, fieldId=0, fieldName=null, extras=null, hintText=null, hintLocales=[]}}, false)
04-10 08:33:35.667 6287 6287 I GoogleInputMethodService: GoogleInputMethodService.updateDeviceLockedStatus():2210 repeatCheckTimes = 1, locked = false
04-10 08:33:35.668 6287 6287 I AndroidIME: InputBundleManager.loadActiveInputBundleId():450 loadActiveInputBundleId: und-Latn-x-password, password
04-10 08:33:35.668 1726 2617 W PackageConfigPersister: App-specific configuration not found for packageName: com.spintec.qt.form500.poc and userId: 0
04-10 08:33:35.676 1402 12635 I QC2C2DEngine: calcYSize: unsupported or RGB color format, RGBA8888_UBWC(-1040187392)
04-10 08:33:35.699 1402 12635 I QC2C2DEngine: calcYSize: unsupported or RGB color format, RGBA8888_UBWC(-1040187392)
04-10 08:33:35.717 1402 12635 I QC2C2DEngine: calcYSize: unsupported or RGB color format, RGBA8888_UBWC(-1040187392)
04-10 08:33:35.744 1402 12635 I QC2C2DEngine: calcYSize: unsupported or RGB color format, RGBA8888_UBWC(-1040187392)
04-10 08:33:35.763 1402 12635 I QC2C2DEngine: calcYSize: unsupported or RGB color format, RGBA8888_UBWC(-1040187392)
04-10 08:33:35.782 1402 12635 I QC2C2DEngine: calcYSize: unsupported or RGB color format, RGBA8888_UBWC(-1040187392)
04-10 08:33:35.802 1402 12635 I QC2C2DEngine: calcYSize: unsupported or RGB color format, RGBA8888_UBWC(-1040187392)
04-10 08:33:35.827 1402 12635 I QC2C2DEngine: calcYSize: unsupported or RGB color format, RGBA8888_UBWC(-1040187392)
04-10 08:33:35.853 1402 12635 I QC2C2DEngine: calcYSize: unsupported or RGB color format, RGBA8888_UBWC(-1040187392)
04-10 08:33:35.868 1726 2233 D OomAdjuster: Not killing cached processes
04-10 08:33:35.870 1726 2233 D NtAmDebugConfig: checkNtSkipFreezing app=com.nothing.weather focused=com.spintec.qt.form500.poc
04-10 08:33:35.876 1402 12635 I QC2C2DEngine: calcYSize: unsupported or RGB color format, RGBA8888_UBWC(-1040187392)
04-10 08:33:35.880 5135 5167 I NTWidget-Client: Receive method call: actionRefresh, widgetId = 1
04-10 08:33:35.881 5135 5135 I NTWidget-Client: Call handleCardRefresh, target method = onHostViewResumed
04-10 08:33:35.881 5135 5538 I NTWidget-: Ensure service valid cost time = 0, checkResult = true
04-10 08:33:35.882 5268 5481 I NTWidget-CardWidgetService: getWidgetOptions, widgetId = 1
04-10 08:33:35.884 5135 5135 I CardLab-: Widget 1 find options: width = 936, height = 210
04-10 08:33:35.884 5135 5135 I CardLab-: spanX = 4
04-10 08:33:35.884 5135 5135 I CardLab-: ContainerWidth = 936
04-10 08:33:35.884 5135 5135 I CardLab-: Display weather and date-------------
04-10 08:33:35.884 5135 5733 I CardLab-: Start to query weather data.
04-10 08:33:35.885 5135 5135 I CardLab-: Widget 1 no need refresh, return null cardInfo!!!!!!!
04-10 08:33:35.886 5649 5696 I NTWeather-ShareProvider: Call method query_weather_info from pkg = com.nothing.hearthstone
04-10 08:33:35.889 5649 5857 I NTWeather-RequestWeatherNotice: Request Weather Notice doWork
04-10 08:33:35.898 1402 12635 I QC2C2DEngine: calcYSize: unsupported or RGB color format, RGBA8888_UBWC(-1040187392)
04-10 08:33:35.909 5135 5733 I CardLab-: WeatherManager weather queried = Mostly cloudy, isWeatherChanged = false
04-10 08:33:35.917 1402 12635 I QC2C2DEngine: calcYSize: unsupported or RGB color format, RGBA8888_UBWC(-1040187392)
04-10 08:33:35.935 1402 12635 I QC2C2DEngine: calcYSize: unsupported or RGB color format, RGBA8888_UBWC(-1040187392)
04-10 08:33:35.938 3365 10511 I NearbyMediums: Found Fast Ble Advertisements :
04-10 08:33:35.938 3365 10511 I NearbyMediums: BleAdvertisement { version=2, socketVersion=2, serviceIdHash=null, data=[ 0x23 0x58 0x4f 0x5a 0x34 0x11 0x32 0x03 0xf1 0x6f 0xbb 0x39 0x7a 0x7e 0x41 0x72 0xbc 0xba 0xb3 0x0b 0x5e 0xc7 0x8c ], deviceToken=[ 0xd2 0x7c ] } : 3 times.
04-10 08:33:35.938 3365 10511 I NearbyMediums: Total 3 fast advertisements.
04-10 08:33:35.953 1402 12635 I QC2C2DEngine: calcYSize: unsupported or RGB color format, RGBA8888_UBWC(-1040187392)
04-10 08:33:35.978 1402 12635 I QC2C2DEngine: calcYSize: unsupported or RGB color format, RGBA8888_UBWC(-1040187392)
04-10 08:33:36.007 1402 12635 I QC2C2DEngine: calcYSize: unsupported or RGB color format, RGBA8888_UBWC(-1040187392)
04-10 08:33:36.028 1402 12635 I QC2C2DEngine: calcYSize: unsupported or RGB color format, RGBA8888_UBWC(-1040187392)
04-10 08:33:36.051 1402 12635 I QC2C2DEngine: calcYSize: unsupported or RGB color format, RGBA8888_UBWC(-1040187392)
04-10 08:33:36.060 608 608 W [FTS_TS]fts_input_report_b: [B]P0(808, 2366)[p:3,tm:48] DOWN!
04-10 08:33:36.063 1363 3450 I WifiHAL : event received NL80211_CMD_VENDOR, vendor_id = 0x1374, subcmd = 0xd
04-10 08:33:36.063 1858 1858 I cnss-daemon: nl80211 response handler invoked
04-10 08:33:36.063 1858 1858 I cnss-daemon: nl80211_response_handler: cmd 103, vendorID 4980, subcmd 13 received
04-10 08:33:36.065 1726 2915 D VibratorManagerService: vibrate uid =10199, opPkg = com.android.systemui, reason = null, attrs = VibrationAttributes: Usage=TOUCH Audio Usage= USAGE_UNKNOWN Flags=0
04-10 08:33:36.065 1726 2915 D RichTapVibratorService: none richtap effect, do nothing!!
04-10 08:33:36.065 1726 2915 D VibratorManagerService: Starting vibrate for vibration 31
04-10 08:33:36.065 1726 2915 D VibratorManagerService: Vibration for uid=10199 and with attrs=VibrationAttributes: Usage=TOUCH Audio Usage= USAGE_UNKNOWN Flags=0 ended with status IGNORED_FOR_SETTINGS
04-10 08:33:36.072 1402 12635 I QC2C2DEngine: calcYSize: unsupported or RGB color format, RGBA8888_UBWC(-1040187392)
04-10 08:33:36.091 1402 12635 I QC2C2DEngine: calcYSize: unsupported or RGB color format, RGBA8888_UBWC(-1040187392)
04-10 08:33:36.097 3294 3441 I NT-TransitionSmoothHelper: clear
04-10 08:33:36.098 3294 3294 I NT-NTDragLayer: onMeasure consumed 0
04-10 08:33:36.098 3294 3294 I NT-NTDragLayer: onLayout consumed 0
04-10 08:33:36.098 3294 3294 I NT-NTDragLayer: dispatchDraw consumed 0
04-10 08:33:36.100 2840 2898 V WindowManagerShell: Transition animation finished (aborted=false), notifying core (#37)android.os.BinderProxy@2cb5ee7@0
04-10 08:33:36.105 1726 2212 V WindowManager: Finish Transition #37: created at
04-10 08:33:35.531 collect-started=0.514ms request-sent=9.937ms started=34.561ms ready=34.546ms sent=39.131ms finished=572.876ms
04-10 08:33:36.108 2840 2898 V WindowManagerShell: Track 0 became idle
04-10 08:33:36.108 2840 2898 V WindowManagerShell: All active transition animations finished
04-10 08:33:36.110 1402 12635 I QC2C2DEngine: calcYSize: unsupported or RGB color format, RGBA8888_UBWC(-1040187392)
04-10 08:33:36.110 3239 3295 W DynamicDDSService: appName is not found in cache: com.nothing.launcher
04-10 08:33:36.116 3037 3518 I BtGatt.ScanManager: msg.what = 6
04-10 08:33:36.116 3037 3518 D BtGatt.ScanManager: uid 10127 isForeground true scanMode 1
04-10 08:33:36.116 3037 3518 D BtGatt.ScanManager: uid 10127 isForeground true scanMode 3
04-10 08:33:36.116 3037 3518 D BtGatt.ScanManager: uid 10127 isForeground true scanMode 3
04-10 08:33:36.130 1402 12635 I QC2C2DEngine: calcYSize: unsupported or RGB color format, RGBA8888_UBWC(-1040187392)
04-10 08:33:36.135 1433 1433 I RefreshRateSelector: Display 4630946480328692354 policy changed
04-10 08:33:36.135 1433 1433 I RefreshRateSelector: Previous: {defaultModeId=1, allowGroupSwitching=false, primaryRanges={physical=[0.00 Hz, inf Hz], render=[0.00 Hz, 120.00 Hz]}, appRequestRanges={physical=[0.00 Hz, inf Hz], render=[0.00 Hz, 120.00 Hz]}}
04-10 08:33:36.135 1433 1433 I RefreshRateSelector: Current: DisplayManagerPolicy{defaultModeId=0, allowGroupSwitching=false, primaryRanges={physical=[59.00 Hz, inf Hz], render=[59.00 Hz, 61.00 Hz]}, appRequestRanges={physical=[59.00 Hz, inf Hz], render=[59.00 Hz, 61.00 Hz]}}
04-10 08:33:36.135 1433 1433 I RefreshRateSelector: 1 mode changes were performed under the previous policy
04-10 08:33:36.135 1433 1433 W ComposerExtn: DisplayExtnImpl::SetActiveConfig: HWC Display 0 is not registered!
04-10 08:33:36.137 1375 1646 I SDM : HWDeviceDRM::UpdateMixerAttributes: Mixer WxH 1080x2400-0 for Peripheral
04-10 08:33:36.137 1375 1646 I SDM : HWCDisplay::SubmitDisplayConfig: Active configuration changed to: 0
04-10 08:33:36.139 361 361 I [FTS_TS/I]drm_notifier_callback: DRM event:2,blank:3
04-10 08:33:36.139 361 361 I [FTS_TS/I]drm_notifier_callback: DRM BLANK(3) do not need process
04-10 08:33:36.139 361 361 I goodix_fp: [info] goodix_fb_state_chg_callback go to the goodix_fb_state_chg_callback value = 2
04-10 08:33:36.139 361 361 I goodix_fp: goodix_fb_state_chg_callback defalut
04-10 08:33:36.140 361 361 I [drm:dsi_display_set_mode [msm_drm]] [msm-dsi-info]: mdp_transfer_time=15866, hactive=1080, vactive=2400, fps=60
04-10 08:33:36.143 3294 3294 W NT-Launcher: onTrimMemory: level = 20
04-10 08:33:36.146 1402 12635 I QC2C2DEngine: calcYSize: unsupported or RGB color format, RGBA8888_UBWC(-1040187392)
04-10 08:33:36.146 1726 2216 I DisplayDeviceRepository: Display device changed: DisplayDeviceInfo{"Built-in Screen": uniqueId="local:4630946480328692354", 1080 x 2400, modeId 1, renderFrameRate 60.000004, defaultModeId 1, supportedModes [{id=1, width=1080, height=2400, fps=60.000004, alternativeRefreshRates=[90.0, 120.00001], supportedHdrTypes=[2, 3, 4]}, {id=2, width=1080, height=2400, fps=120.00001, alternativeRefreshRates=[60.000004, 90.0], supportedHdrTypes=[2, 3, 4]}, {id=3, width=1080, height=2400, fps=90.0, alternativeRefreshRates=[60.000004, 120.00001], supportedHdrTypes=[2, 3, 4]}], colorMode 0, supportedColorModes [0, 7, 9], hdrCapabilities HdrCapabilities{mSupportedHdrTypes=[2, 3, 4], mMaxLuminance=500.0, mMaxAverageLuminance=500.0, mMinLuminance=0.0}, allmSupported false, gameContentTypeSupported false, density 420, 403.411 x 401.052 dpi, appVsyncOff 1000000, presDeadline 16666666, cutout DisplayCutout{insets=Rect(0, 136 - 0, 0) waterfall=Insets{left=0, top=0, right=0, bottom=0} boundingRect={Bounds=[Rect(0, 0 - 0, 0), Rect(0, 0 - 188, 136), Rect(0, 0 - 0, 0), Rect(0, 0 - 0, 0)]} cutoutPathParserInfo={CutoutPathParserInfo{displayWidth=1080 displayHeight=2400 physicalDisplayWidth=1080 physicalDisplayHeight=2400 density={2.625} cutoutSpec={M89.3,42.31 m0,26.19 a26.19,26.19 0 1,0 52.38,0 a26.19,26.19 0 1,0 -52.38,0 Z @left} rotation={0} scale={1.0} physicalPixelDisplaySizeRatio={1.0}}}}, touch INTERNAL, rotation 0, type INTERNAL, address {port=130, model=0x40446d49bdd652}, deviceProductInfo DeviceProductInfo{name=, manufacturerPnpId=QCM, productId=1, modelYear=null, manufactureDate=ManufactureDate{week=27, year=2006}, connectionToSinkType=0}, state ON, committedState ON, frameRateOverride , brightnessMinimum 0.0, brightnessMaximum 1.0, brightnessDefault 0.4, hdrSdrRatio NaN, roundedCorners RoundedCorners{[RoundedCorner{position=TopLeft, radius=115, center=Point(115, 115)}, RoundedCorner{position=TopRight, radius=115, center=Point(965, 115)}, RoundedCorner{position=BottomRight, radius=115, center=Point(965, 2285)}, RoundedCorner{position=BottomLeft, radius=115, center=Point(115, 2285)}]}, FLAG_ALLOWED_TO_BE_DEFAULT_DISPLAY, FLAG_ROTATES_WITH_CONTENT, FLAG_SECURE, FLAG_SUPPORTS_PROTECTED_BUFFERS, FLAG_TRUSTED, installOrientation 0, displayShape DisplayShape{ spec=-1893857183 displayWidth=1080 displayHeight=2400 physicalPixelDisplaySizeRatio=1.0 rotation=0 offsetX=0 offsetY=0 scale=1.0}}
04-10 08:33:36.148 1402 12635 I QC2C2DEngine: calcYSize: unsupported or RGB color format, RGBA8888_UBWC(-1040187392)
04-10 08:33:36.151 1726 2216 D DisplayManagerService: Ignore redundant display event 0/2 to 10148/4738
04-10 08:33:36.151 1726 2216 D DisplayManagerService: Ignore redundant display event 0/2 to 10247/4819
04-10 08:33:36.151 1726 2216 D DisplayManagerService: Ignore redundant display event 0/2 to 10129/5172
04-10 08:33:36.151 1726 2216 D DisplayManagerService: Ignore redundant display event 0/2 to 10146/10064
04-10 08:33:36.151 1726 2216 D DisplayManagerService: Ignore redundant display event 0/2 to 10254/10294
04-10 08:33:36.151 1726 2216 D DisplayManagerService: Ignore redundant display event 0/2 to 10243/11292
04-10 08:33:36.151 3037 3518 I BtGatt.ScanManager: msg.what = 7
04-10 08:33:36.151 3037 3518 D BtGatt.ScanManager: enter screen on
04-10 08:33:36.152 2840 2958 D DisplayTrackerImpl: displayChangedListener onDisplayChanged
04-10 08:33:36.154 3294 3441 I ImeTracker: com.nothing.launcher:f84586af: onRequestHide at ORIGIN_CLIENT_HIDE_SOFT_INPUT reason HIDE_SOFT_INPUT
04-10 08:33:36.154 3294 3441 I ImeTracker: com.nothing.launcher:f84586af: onFailed at PHASE_CLIENT_VIEW_SERVED
04-10 08:33:36.155 5695 5695 I A : onStop
04-10 08:33:36.158 608 608 W [FTS_TS]fts_input_report_b: [B]P0 UP!
04-10 08:33:36.158 608 608 W [FTS_TS]fts_input_report_b: [B]Points All Up!
04-10 08:33:36.165 2840 2840 D ShadeControllerImpl: animateCollapse(): mExpandedVisible=falseflags=2
04-10 08:33:36.165 2840 2840 I vol.VolumeDialogImpl: mDialog.dismiss() reason: volume_controller from: com.android.systemui.volume.VolumeDialogImpl$15.onDismissRequested:3226
04-10 08:33:36.167 2840 2898 V ShellRecents: RecentsTransitionHandler.startRecentsTransition
04-10 08:33:36.167 2840 2898 V WindowManagerShell: Directly starting a new transition type=3 wct=WindowContainerTransaction { changes = {} hops = [{PendingIntent: options=Bundle[mParcelledData.dataSize=332]}] errorCallbackToken=null taskFragmentOrganizer=null } handler=com.android.wm.shell.recents.RecentsTransitionHandler@4c64980
04-10 08:33:36.168 1726 2617 D BLASTSyncEngine: startSyncSet SyncGroup = com.android.server.wm.BLASTSyncEngine$SyncGroup@6e1191a,parallel = true,alreadyRunning = false,Callers=com.android.server.wm.BLASTSyncEngine.startSyncSet:442 com.android.server.wm.Transition.startCollecting:572 com.android.server.wm.TransitionController.moveToCollecting:331 com.android.server.wm.TransitionController.startCollectOrQueue:1408 com.android.server.wm.WindowOrganizerController.startTransition:303 com.android.server.wm.WindowOrganizerController.startNewTransition:264 android.window.IWindowOrganizerController$Stub.onTransact:245 com.android.server.wm.WindowOrganizerController.onTransact:181 android.os.Binder.execTransactInternal:1339 android.os.Binder.execTransact:1275
04-10 08:33:36.170 1385 1554 W ANDR-PERF-LM: MetaMeter: handlePrimaryAsync() 118: AdaptLaunch MetaMeter. No MeterMgr Available to handle this Primary Async. !!!!
04-10 08:33:36.170 1385 1554 W ANDR-PERF-LM: MetaMeter: handlePrimaryAsync() 118: AdaptLaunch MetaMeter. No MeterMgr Available to handle this Primary Async. !!!!
04-10 08:33:36.171 1726 2617 D NtDimmerWindow: NtDimmerWindow.enterPinnedWindowWindowingMode: You can only enter PinnedWindow from Windowform. task=Task{dc5400b #629 type=standard A=10341:com.spintec.qt.form500.poc}
04-10 08:33:36.175 2840 2898 V ShellRecents: [26030276] RecentsController.setTransition: id=android.os.BinderProxy@991abad
04-10 08:33:36.178 361 361 I [drm:dsi_panel_set_backlight [msm_drm]] [msm-dsi-info]: backlight type:2 lvl:1335
04-10 08:33:36.179 2840 2840 D ShadeControllerImpl: animateCollapse(): mExpandedVisible=falseflags=2
04-10 08:33:36.179 2840 2840 I vol.VolumeDialogImpl: mDialog.dismiss() reason: volume_controller from: com.android.systemui.volume.VolumeDialogImpl$15.onDismissRequested:3226
04-10 08:33:36.179 2840 2840 D vol.VolumeDialogImpl: dismissH: skipping dismiss because isAnimatingDismiss is true and showingStateInconsistent is false
04-10 08:33:36.180 3294 3294 I NT-StateManager: onStateTransitionStart StateManager: StateManager(mLastStableState:Normal, mCurrentStableState:Normal, mState:Background, mRestState:Normal, isInTransition:false)
04-10 08:33:36.181 3294 3294 I NT-StateManager: onStateTransitionEnd StateManager: StateManager(mLastStableState:Normal, mCurrentStableState:Background, mState:Background, mRestState:Normal, isInTransition:false)
04-10 08:33:36.182 3294 3294 I NT-TopTaskTracker: Found recent activity taskId = 628
04-10 08:33:36.185 361 361 I [FTS_TS/I]drm_notifier_callback: DRM event:1,blank:3
04-10 08:33:36.185 361 361 I [FTS_TS/I]drm_notifier_callback: DRM BLANK(3) do not need process
04-10 08:33:36.186 5695 6023 E OpenGLRenderer: Unable to match the desired swap behavior.
04-10 08:33:36.191 1402 12635 I QC2C2DEngine: calcYSize: unsupported or RGB color format, RGBA8888_UBWC(-1040187392)
04-10 08:33:36.192 1433 1433 I RefreshRateSelector: Display 4630946480328692354 policy changed
04-10 08:33:36.192 1433 1433 I RefreshRateSelector: Previous: {defaultModeId=0, allowGroupSwitching=false, primaryRanges={physical=[59.00 Hz, inf Hz], render=[59.00 Hz, 61.00 Hz]}, appRequestRanges={physical=[59.00 Hz, inf Hz], render=[59.00 Hz, 61.00 Hz]}}
04-10 08:33:36.192 1433 1433 I RefreshRateSelector: Current: DisplayManagerPolicy{defaultModeId=1, allowGroupSwitching=false, primaryRanges={physical=[0.00 Hz, inf Hz], render=[0.00 Hz, 120.00 Hz]}, appRequestRanges={physical=[0.00 Hz, inf Hz], render=[0.00 Hz, 120.00 Hz]}}
04-10 08:33:36.192 1433 1433 I RefreshRateSelector: 1 mode changes were performed under the previous policy
04-10 08:33:36.192 1433 1433 W ComposerExtn: DisplayExtnImpl::SetActiveConfig: HWC Display 0 is not registered!
04-10 08:33:36.206 1433 1433 I BpBinder: onLastStrongRef automatically unlinking death recipients:
04-10 08:33:36.212 1375 1646 I SDM : HWDeviceDRM::UpdateMixerAttributes: Mixer WxH 1080x2400-0 for Peripheral
04-10 08:33:36.212 1375 1646 I SDM : HWCDisplay::SubmitDisplayConfig: Active configuration changed to: 1
04-10 08:33:36.212 3294 5003 E OpenGLRenderer: Unable to match the desired swap behavior.
04-10 08:33:36.214 361 361 I [FTS_TS/I]drm_notifier_callback: DRM event:2,blank:3
04-10 08:33:36.214 361 361 I [FTS_TS/I]drm_notifier_callback: DRM BLANK(3) do not need process
