04-10 08:33:45.593 1375 1375 I SDM : HWCDisplay::SubmitDisplayConfig: Active configuration changed to: 1
04-10 08:33:45.595 361 361 I [FTS_TS/I]drm_notifier_callback: DRM event:2,blank:3
04-10 08:33:45.595 361 361 I [FTS_TS/I]drm_notifier_callback: DRM BLANK(3) do not need process
04-10 08:33:45.595 361 361 I goodix_fp: [info] goodix_fb_state_chg_callback go to the goodix_fb_state_chg_callback value = 2
04-10 08:33:45.595 361 361 I goodix_fp: goodix_fb_state_chg_callback defalut
04-10 08:33:45.597 361 361 I [drm:dsi_display_set_mode [msm_drm]] [msm-dsi-info]: mdp_transfer_time=7826, hactive=1080, vactive=2400, fps=120
04-10 08:33:45.604 1402 12635 I QC2C2DEngine: calcYSize: unsupported or RGB color format, RGBA8888_UBWC(-1040187392)
04-10 08:33:45.615 361 361 I [drm:dsi_panel_set_backlight [msm_drm]] [msm-dsi-info]: backlight type:2 lvl:1335
04-10 08:33:45.621 361 361 I [FTS_TS/I]drm_notifier_callback: DRM event:1,blank:3
04-10 08:33:45.621 361 361 I [FTS_TS/I]drm_notifier_callback: DRM BLANK(3) do not need process
04-10 08:33:45.635 1726 2216 I DisplayDeviceRepository: Display device changed: DisplayDeviceInfo{"Built-in Screen": uniqueId="local:4630946480328692354", 1080 x 2400, modeId 2, renderFrameRate 120.00001, defaultModeId 1, supportedModes [{id=1, width=1080, height=2400, fps=60.000004, alternativeRefreshRates=[90.0, 120.00001], supportedHdrTypes=[2, 3, 4]}, {id=2, width=1080, height=2400, fps=120.00001, alternativeRefreshRates=[60.000004, 90.0], supportedHdrTypes=[2, 3, 4]}, {id=3, width=1080, height=2400, fps=90.0, alternativeRefreshRates=[60.000004, 120.00001], supportedHdrTypes=[2, 3, 4]}], colorMode 0, supportedColorModes [0, 7, 9], hdrCapabilities HdrCapabilities{mSupportedHdrTypes=[2, 3, 4], mMaxLuminance=500.0, mMaxAverageLuminance=500.0, mMinLuminance=0.0}, allmSupported false, gameContentTypeSupported false, density 420, 403.411 x 401.052 dpi, appVsyncOff 1000000, presDeadline 13333333, cutout DisplayCutout{insets=Rect(0, 136 - 0, 0) waterfall=Insets{left=0, top=0, right=0, bottom=0} boundingRect={Bounds=[Rect(0, 0 - 0, 0), Rect(0, 0 - 188, 136), Rect(0, 0 - 0, 0), Rect(0, 0 - 0, 0)]} cutoutPathParserInfo={CutoutPathParserInfo{displayWidth=1080 displayHeight=2400 physicalDisplayWidth=1080 physicalDisplayHeight=2400 density={2.625} cutoutSpec={M89.3,42.31 m0,26.19 a26.19,26.19 0 1,0 52.38,0 a26.19,26.19 0 1,0 -52.38,0 Z @left} rotation={0} scale={1.0} physicalPixelDisplaySizeRatio={1.0}}}}, touch INTERNAL, rotation 0, type INTERNAL, address {port=130, model=0x40446d49bdd652}, deviceProductInfo DeviceProductInfo{name=, manufacturerPnpId=QCM, productId=1, modelYear=null, manufactureDate=ManufactureDate{week=27, year=2006}, connectionToSinkType=0}, state ON, committedState ON, frameRateOverride , brightnessMinimum 0.0, brightnessMaximum 1.0, brightnessDefault 0.4, hdrSdrRatio NaN, roundedCorners RoundedCorners{[RoundedCorner{position=TopLeft, radius=115, center=Point(115, 115)}, RoundedCorner{position=TopRight, radius=115, center=Point(965, 115)}, RoundedCorner{position=BottomRight, radius=115, center=Point(965, 2285)}, RoundedCorner{position=BottomLeft, radius=115, center=Point(115, 2285)}]}, FLAG_ALLOWED_TO_BE_DEFAULT_DISPLAY, FLAG_ROTATES_WITH_CONTENT, FLAG_SECURE, FLAG_SUPPORTS_PROTECTED_BUFFERS, FLAG_TRUSTED, installOrientation 0, displayShape DisplayShape{ spec=-1893857183 displayWidth=1080 displayHeight=2400 physicalPixelDisplaySizeRatio=1.0 rotation=0 offsetX=0 offsetY=0 scale=1.0}}
04-10 08:33:45.639 1726 2216 D DisplayManagerService: Ignore redundant display event 0/2 to 10148/4738
04-10 08:33:45.639 1726 2216 D DisplayManagerService: Ignore redundant display event 0/2 to 10247/4819
04-10 08:33:45.639 1726 2216 D DisplayManagerService: Ignore redundant display event 0/2 to 10129/5172
04-10 08:33:45.640 1726 2216 D DisplayManagerService: Ignore redundant display event 0/2 to 10146/10064
04-10 08:33:45.640 1726 2216 D DisplayManagerService: Ignore redundant display event 0/2 to 10254/10294
04-10 08:33:45.640 1726 2216 D DisplayManagerService: Ignore redundant display event 0/2 to 10243/11292
04-10 08:33:45.642 2840 2958 D DisplayTrackerImpl: displayChangedListener onDisplayChanged
04-10 08:33:45.649 3037 3518 I BtGatt.ScanManager: msg.what = 7
04-10 08:33:45.649 3037 3518 D BtGatt.ScanManager: enter screen on
04-10 08:33:45.659 1402 12635 I QC2C2DEngine: calcYSize: unsupported or RGB color format, RGBA8888_UBWC(-1040187392)
04-10 08:33:45.663 1433 1433 I BpBinder: onLastStrongRef automatically unlinking death recipients:
04-10 08:33:45.681 1402 12635 I QC2C2DEngine: calcYSize: unsupported or RGB color format, RGBA8888_UBWC(-1040187392)
04-10 08:33:45.701 1402 12635 I QC2C2DEngine: calcYSize: unsupported or RGB color format, RGBA8888_UBWC(-1040187392)
04-10 08:33:45.721 1402 12635 I QC2C2DEngine: calcYSize: unsupported or RGB color format, RGBA8888_UBWC(-1040187392)
04-10 08:33:45.746 1402 12635 I QC2C2DEngine: calcYSize: unsupported or RGB color format, RGBA8888_UBWC(-1040187392)
04-10 08:33:45.766 1402 12635 I QC2C2DEngine: calcYSize: unsupported or RGB color format, RGBA8888_UBWC(-1040187392)
04-10 08:33:45.785 1402 12635 I QC2C2DEngine: calcYSize: unsupported or RGB color format, RGBA8888_UBWC(-1040187392)
04-10 08:33:45.798 2840 2840 D vol.VolumeDialogImpl: hideRingerDrawer - drawer is already hide
04-10 08:33:45.798 1726 5944 D AS.AudioService: Volume controller visible: false
04-10 08:33:45.804 1402 12635 I QC2C2DEngine: calcYSize: unsupported or RGB color format, RGBA8888_UBWC(-1040187392)
04-10 08:33:45.823 1402 12635 I QC2C2DEngine: calcYSize: unsupported or RGB color format, RGBA8888_UBWC(-1040187392)
04-10 08:33:45.841 1402 12635 I QC2C2DEngine: calcYSize: unsupported or RGB color format, RGBA8888_UBWC(-1040187392)
04-10 08:33:45.860 1402 12635 I QC2C2DEngine: calcYSize: unsupported or RGB color format, RGBA8888_UBWC(-1040187392)
04-10 08:33:45.880 1402 12635 I QC2C2DEngine: calcYSize: unsupported or RGB color format, RGBA8888_UBWC(-1040187392)
04-10 08:33:45.898 1402 12635 I QC2C2DEngine: calcYSize: unsupported or RGB color format, RGBA8888_UBWC(-1040187392)
04-10 08:33:45.917 1402 12635 I QC2C2DEngine: calcYSize: unsupported or RGB color format, RGBA8888_UBWC(-1040187392)
04-10 08:33:45.923 1726 1744 D NtWindowManagerService: getActiveRecentsLayerTaskId: ar=ActivityRecord{f0703da u0 com.spintec.qt.form500.poc/.My7000App t629} taskId=629
04-10 08:33:45.925 2840 4972 V ShellRecents: [38895623] RecentsController.screenshotTask: taskId=629
04-10 08:33:45.932 1385 4311 E ANDR-PERF-LM: VmRssMeter:: start() 453: Could not find pid, can not collect vmrss data
04-10 08:33:45.932 1385 4311 E ANDR-PERF-LM: AdaptiveLaunch: writeToDataBase() 64: Meter aborted or could not get meter data for this run
04-10 08:33:45.935 1385 4310 E ANDR-PERF-LM: VmRssMeter:: start() 453: Could not find pid, can not collect vmrss data
04-10 08:33:45.934 608 608 W [FTS_TS]fts_input_report_b: [B]P0(563, 2345)[p:3,tm:64] DOWN!
04-10 08:33:45.941 3365 12478 I NearbyMediums: Found Fast Ble Advertisements :
04-10 08:33:45.941 3365 12478 I NearbyMediums: BleAdvertisement { version=2, socketVersion=2, serviceIdHash=null, data=[ 0x23 0x58 0x4f 0x5a 0x34 0x11 0x32 0x03 0xf1 0x6f 0xbb 0x39 0x7a 0x7e 0x41 0x72 0xbc 0xba 0xb3 0x0b 0x5e 0xc7 0x8c ], deviceToken=[ 0xd2 0x7c ] } : 4 times.
04-10 08:33:45.941 3365 12478 I NearbyMediums: Total 4 fast advertisements.
04-10 08:33:45.944 1726 4672 D KeyCombinationManager: interceptKeyLocked() keyCode:3 count:0 down:true interactive:true eventTime:366523 mDownTimes={}
04-10 08:33:45.944 1726 4672 D VibratorManagerService: vibrate uid =1000, opPkg = android, reason = Virtual Key - Press, attrs = VibrationAttributes: Usage=TOUCH Audio Usage= USAGE_UNKNOWN Flags=0
04-10 08:33:45.944 1726 4672 D RichTapVibratorService: none richtap effect, do nothing!!
04-10 08:33:45.944 1726 4672 D VibratorManagerService: Starting vibrate for vibration 42
04-10 08:33:45.944 1726 4672 D VibratorManagerService: Vibration for uid=1000 and with attrs=VibrationAttributes: Usage=TOUCH Audio Usage= USAGE_UNKNOWN Flags=0 ended with status IGNORED_FOR_SETTINGS
04-10 08:33:45.946 1402 12635 I QC2C2DEngine: calcYSize: unsupported or RGB color format, RGBA8888_UBWC(-1040187392)
04-10 08:33:45.966 1402 12635 I QC2C2DEngine: calcYSize: unsupported or RGB color format, RGBA8888_UBWC(-1040187392)
04-10 08:33:45.968 1726 1744 D NtWindowManagerService: getActiveRecentsLayerTaskId: ar=ActivityRecord{f0703da u0 com.spintec.qt.form500.poc/.My7000App t629} taskId=629
04-10 08:33:45.968 3294 3294 I NT-StateManager: onStateTransitionStart StateManager: StateManager(mLastStableState:Normal, mCurrentStableState:Background, mState:Overview, mRestState:Normal, isInTransition:false)
04-10 08:33:45.969 3294 3294 I NT-StateManager: onStateTransitionEnd StateManager: StateManager(mLastStableState:Normal, mCurrentStableState:Overview, mState:Overview, mRestState:Normal, isInTransition:false)
04-10 08:33:45.970 3294 3441 I ImeTracker: com.nothing.launcher:47c5b3b8: onRequestHide at ORIGIN_CLIENT_HIDE_SOFT_INPUT reason HIDE_SOFT_INPUT
04-10 08:33:45.970 3294 3441 I ImeTracker: com.nothing.launcher:47c5b3b8: onFailed at PHASE_CLIENT_VIEW_SERVED
04-10 08:33:45.971 3294 3443 D QuickstepModelDelegate: notifyAppTargetEvent action=1 launchLocation=
04-10 08:33:45.977 1354 1354 I sensors-hal: flush:271, android.sensor.accelerometer/11
04-10 08:33:45.977 1354 1354 I sensors-hal: send_sync_sensor_request:361, send sync request
04-10 08:33:45.978 1354 1354 I sensors-hal: send_sync_sensor_request:387, wait for notification of response
04-10 08:33:45.978 1354 2789 I sensors-hal: ssc_conn_resp_cb:676, resp_value = 0
04-10 08:33:45.979 3294 3294 I NT-NTDragLayer: onMeasure consumed 0
04-10 08:33:45.979 3294 3294 I NT-NTDragLayer: onLayout consumed 0
04-10 08:33:45.979 5695 5695 I A : onStart
04-10 08:33:45.980 3294 3294 I NT-NTDragLayer: dispatchDraw consumed 1
04-10 08:33:45.978 1354 1354 I sensors-hal: send_sync_sensor_request:393, takes 0 ms to receive the response with 0
04-10 08:33:45.980 1354 1354 I sensors-hal: flush:277, android.sensor.accelerometer/11 completed
04-10 08:33:45.982 5695 5695 I A : onResume
04-10 08:33:45.983 2840 4972 V ShellRecents: [38895623] RecentsController.detachNavigationBarFromApp
04-10 08:33:45.984 3037 3518 I BtGatt.ScanManager: msg.what = 6
04-10 08:33:45.985 3037 3518 D BtGatt.ScanManager: uid 10127 isForeground true scanMode 1
04-10 08:33:45.985 3037 3518 D BtGatt.ScanManager: uid 10127 isForeground true scanMode 3
04-10 08:33:45.985 3037 3518 D BtGatt.ScanManager: uid 10127 isForeground true scanMode 3
04-10 08:33:45.990 1402 12635 I QC2C2DEngine: calcYSize: unsupported or RGB color format, RGBA8888_UBWC(-1040187392)
04-10 08:33:46.001 1402 12635 I QC2C2DEngine: calcYSize: unsupported or RGB color format, RGBA8888_UBWC(-1040187392)
04-10 08:33:46.013 1402 12635 I QC2C2DEngine: calcYSize: unsupported or RGB color format, RGBA8888_UBWC(-1040187392)
04-10 08:33:46.016 1319 3739 D vendor.qti.bluetooth@1.0-wake_lock: Acquire wakelock is acquired
04-10 08:33:46.018 3037 3743 I bt_stack: [INFO:btm_ble_gap.cc(3253)] btm_ble_process_adv_pkt_cont Data Complete 63:d6:05:85:71:95
04-10 08:33:46.019 3037 3743 I bt_stack: [INFO:btm_ble_gap.cc(3253)] btm_ble_process_adv_pkt_cont Data Complete 63:d6:05:85:71:95
04-10 08:33:46.020 3037 3743 I bt_stack: [INFO:btm_ble_gap.cc(3253)] btm_ble_process_adv_pkt_cont Data Complete 63:d6:05:85:71:95
04-10 08:33:46.020 3037 3743 D bt_btm_ble: bool parse_adv_audio_uuids_from_adv_pkt(const uint8_t *, size_t, uint8_t): tmap_cap_pts: false
04-10 08:33:46.021 1726 1744 D KeyCombinationManager: interceptKeyLocked() keyCode:3 count:0 down:false interactive:true eventTime:366602 mDownTimes={3=366523}
04-10 08:33:46.016 608 608 W [FTS_TS]fts_input_report_b: [B]Points All Up!
04-10 08:33:46.026 1726 2213 D WindowManager: startDockOrHome: startReason= startDockOrHome
04-10 08:33:46.030 1726 2213 D BLASTSyncEngine: startSyncSet SyncGroup = com.android.server.wm.BLASTSyncEngine$SyncGroup@eed8048,parallel = false,alreadyRunning = false,Callers=com.android.server.wm.BLASTSyncEngine.startSyncSet:442 com.android.server.wm.Transition.startCollecting:572 com.android.server.wm.TransitionController.moveToCollecting:331 com.android.server.wm.TransitionController.createAndStartCollecting:1447 com.android.server.wm.ActivityStarter.startActivityUnchecked:1548 com.android.server.wm.ActivityStarter.executeRequest:1385 com.android.server.wm.ActivityStarter.execute:778 com.android.server.wm.ActivityStartController.startHomeActivity:198 com.android.server.wm.RootWindowContainer.startHomeOnTaskDisplayArea:1507 com.android.server.wm.RootWindowContainer.lambda$startHomeOnDisplay$11:1446 com.android.server.wm.RootWindowContainer.$r8$lambda$zDbqLY8yVs2-CTsfHP7FhguhRoM:0 com.android.server.wm.RootWindowContainer$$ExternalSyntheticLambda5.apply:0 com.android.server.wm.TaskDisplayArea.reduceOnAllTaskDisplayAreas:514 com.android.server.wm.DisplayArea.reduceOnAllTaskDisplayAreas:527 com.android.server.wm.DisplayArea.reduceOnAllTaskDisplayAreas:527
04-10 08:33:46.033 1402 12635 I QC2C2DEngine: calcYSize: unsupported or RGB color format, RGBA8888_UBWC(-1040187392)
04-10 08:33:46.033 2840 2957 D KeyguardService: setOccluded(false)
04-10 08:33:46.033 2840 2957 D KeyguardViewMediator: setOccluded(false)
04-10 08:33:46.033 2840 2957 D KeyguardViewMediator: setOccluded false
04-10 08:33:46.033 1726 2213 I ActivityTaskManager: START u0 {act=android.intent.action.MAIN cat=[android.intent.category.HOME] flg=0x10000100 cmp=com.nothing.launcher/com.android.searchlauncher.SearchLauncher (has extras)} with LAUNCH_SINGLE_TASK from uid 0 pid 0 (BAL_ALLOW_ALLOWLISTED_UID) result code=3
04-10 08:33:46.034 2840 2898 D WindowManagerShell: onActivityRestartAttempt: ComponentInfo{com.nothing.launcher/com.android.searchlauncher.SearchLauncher}
04-10 08:33:46.037 2840 2840 D ShadeControllerImpl: animateCollapse(): mExpandedVisible=falseflags=0
04-10 08:33:46.037 2840 2840 I vol.VolumeDialogImpl: mDialog.dismiss() reason: volume_controller from: com.android.systemui.volume.VolumeDialogImpl$15.onDismissRequested:3226
04-10 08:33:46.037 2840 2840 D KeyguardViewMediator: handleSetOccluded(false)
04-10 08:33:46.038 2840 2840 D KeyguardViewMediator: isOccluded=false,mPowerGestureIntercepted=false
04-10 08:33:46.049 1402 12635 I QC2C2DEngine: calcYSize: unsupported or RGB color format, RGBA8888_UBWC(-1040187392)
04-10 08:33:46.052 2840 2957 V ShellRecents: [38895623] RecentsController.screenshotTask: taskId=629
04-10 08:33:46.065 1402 12635 I QC2C2DEngine: calcYSize: unsupported or RGB color format, RGBA8888_UBWC(-1040187392)
04-10 08:33:46.075 2840 2840 D ShadeControllerImpl: animateCollapse(): mExpandedVisible=falseflags=0
04-10 08:33:46.076 3294 3294 I NT-StateManager: onStateTransitionStart StateManager: StateManager(mLastStableState:Normal, mCurrentStableState:Overview, mState:Normal, mRestState:Normal, isInTransition:true)
04-10 08:33:46.076 2840 2840 I vol.VolumeDialogImpl: mDialog.dismiss() reason: volume_controller from: com.android.systemui.volume.VolumeDialogImpl$15.onDismissRequested:3226
04-10 08:33:46.076 2840 2840 D vol.VolumeDialogImpl: dismissH: skipping dismiss because isAnimatingDismiss is true and showingStateInconsistent is false
04-10 08:33:46.077 1354 1354 I sensors-hal: batch:242, android.sensor.accelerometer/11, period=50000000, max_latency=0
04-10 08:33:46.077 1354 1354 I sensors-hal: set_config:68, sample_period_ns is adjusted to 50000000 based on min/max delay_ns
04-10 08:33:46.077 1354 1354 I sensors-hal: batch:251, android.sensor.accelerometer/11, period=50000000, max_latency=0 request completed
04-10 08:33:46.078 3294 3443 D QuickstepModelDelegate: notifyAppTargetEvent action=1 launchLocation=workspace/5/[-1,-1]/[1,1]
04-10 08:33:46.085 3294 3294 I NT-InputConsumerProxy: AL-1283: Destroy InputConsumerProxy, UnRegister input listener.
04-10 08:33:46.085 2840 2898 V ShellRecents: [38895623] RecentsController.finishInner: toHome=true userLeave=true willFinishToHome=true state=0
04-10 08:33:46.085 2840 2898 V ShellRecents: normal finish
04-10 08:33:46.085 2840 2898 V ShellRecents: [38895623] RecentsController.cleanup
04-10 08:33:46.085 1402 12635 I QC2C2DEngine: calcYSize: unsupported or RGB color format, RGBA8888_UBWC(-1040187392)
04-10 08:33:46.085 2840 2898 V WindowManagerShell: Transition animation finished (aborted=false), notifying core (#53)android.os.BinderProxy@e1fd534@0
04-10 08:33:46.089 1726 2212 V WindowManager: Finish Transition #53: created at
04-10 08:33:45.527 collect-started=0.315ms started=0.517ms ready=3.371ms sent=9.093ms finished=560.326ms
04-10 08:33:46.090 1726 3838 D ActivityTrigger: ActivityTrigger activityPauseTrigger
04-10 08:33:46.093 4733 4733 I Qt5.My7000App: My7000App::onPause() called
04-10 08:33:46.094 4733 12671 D libForm500Crash_POC_arm64-v8a.so: Application state changed to Qt::ApplicationInactive
04-10 08:33:46.095 2840 2898 V WindowManagerShell: Track 0 became idle
04-10 08:33:46.095 2840 2898 V WindowManagerShell: All active transition animations finished
04-10 08:33:46.101 3239 3295 W DynamicDDSService: appName is not found in cache: com.spintec.qt.form500.poc
04-10 08:33:46.102 1402 12635 I QC2C2DEngine: calcYSize: unsupported or RGB color format, RGBA8888_UBWC(-1040187392)
04-10 08:33:46.104 1363 3450 I WifiHAL : event received NL80211_CMD_VENDOR, vendor_id = 0x1374, subcmd = 0xd
04-10 08:33:46.104 1858 1858 I cnss-daemon: nl80211 response handler invoked
04-10 08:33:46.104 1858 1858 I cnss-daemon: nl80211_response_handler: cmd 103, vendorID 4980, subcmd 13 received
04-10 08:33:46.116 1726 2216 V WindowManager: Unknown focus tokens, dropping reportFocusChanged
04-10 08:33:46.121 1402 12635 I QC2C2DEngine: calcYSize: unsupported or RGB color format, RGBA8888_UBWC(-1040187392)
04-10 08:33:46.121 1726 2216 D NtPerfTraceManagerImpl: packageName = com.nothing.launcher, taskId = 628
04-10 08:33:46.122 4733 4733 E BufferQueueProducer: [SurfaceView[com.spintec.qt.form500.poc/com.spintec.qt.form500.poc.My7000App]#45(BLAST Consumer)45](id:127d0000002d,api:0,p:-1,c:4733) disconnect: not connected (req=2)
04-10 08:33:46.125 1726 4943 I ImeTracker: com.nothing.launcher:978e6465: onRequestHide at ORIGIN_SERVER_HIDE_INPUT reason HIDE_UNSPECIFIED_WINDOW
04-10 08:33:46.125 1726 4943 I ImeTracker: com.nothing.launcher:978e6465: onCancelled at PHASE_SERVER_SHOULD_HIDE
04-10 08:33:46.128 6287 6287 I GoogleInputMethodService: GoogleInputMethodService.onFinishInput():3096
04-10 08:33:46.129 6287 6287 I GoogleInputMethodService: GoogleInputMethodService.updateDeviceLockedStatus():2210 repeatCheckTimes = 0, locked = false
04-10 08:33:46.130 6287 6287 I GoogleInputMethodService: GoogleInputMethodService.onStartInput():1950 onStartInput(EditorInfo{EditorInfo{packageName=com.nothing.launcher, inputType=0, inputTypeString=NULL, enableLearning=false, autoCorrection=false, autoComplete=false, imeOptions=0, privateImeOptions=null, actionName=UNSPECIFIED, actionLabel=null, initialSelStart=-1, initialSelEnd=-1, initialCapsMode=0, label=null, fieldId=0, fieldName=null, extras=null, hintText=null, hintLocales=[]}}, false)
04-10 08:33:46.130 6287 6287 I GoogleInputMethodService: GoogleInputMethodService.updateDeviceLockedStatus():2210 repeatCheckTimes = 1, locked = false
04-10 08:33:46.131 6287 6287 I AndroidIME: InputBundleManager.loadActiveInputBundleId():450 loadActiveInputBundleId: und-Latn-x-password, password
04-10 08:33:46.132 1726 7463 W PackageConfigPersister: App-specific configuration not found for packageName: com.nothing.launcher and userId: 0
04-10 08:33:46.134 1402 12635 I QC2C2DEngine: calcYSize: unsupported or RGB color format, RGBA8888_UBWC(-1040187392)
04-10 08:33:46.143 1402 12635 I QC2C2DEngine: calcYSize: unsupported or RGB color format, RGBA8888_UBWC(-1040187392)
04-10 08:33:46.151 4733 4733 I Qt5.My7000App: My7000App::onStop() called
04-10 08:33:46.152 4733 4733 I Qt5.My7000App: My7000App::onStop() after super called
04-10 08:33:46.152 4733 12671 D libForm500Crash_POC_arm64-v8a.so: Application state changed to Qt::ApplicationSuspended
04-10 08:33:46.162 1402 12635 I QC2C2DEngine: calcYSize: unsupported or RGB color format, RGBA8888_UBWC(-1040187392)
04-10 08:33:46.176 1402 12635 I QC2C2DEngine: calcYSize: unsupported or RGB color format, RGBA8888_UBWC(-1040187392)
04-10 08:33:46.198 1402 12635 I QC2C2DEngine: calcYSize: unsupported or RGB color format, RGBA8888_UBWC(-1040187392)
04-10 08:33:46.202 3294 3294 W FrameTracker: Missed SF frame:UNKNOWN: 68, 78751, 0, CUJ=J
04-10 08:33:46.202 3294 3294 W FrameTracker: Missing HWUI jank callback for vsyncId: 78751, CUJ=J
04-10 08:33:46.203 3294 3294 W FrameTracker: Missed SF frame:UNKNOWN: 68, 78773, 0, CUJ=J
04-10 08:33:46.203 3294 3294 W FrameTracker: Missing HWUI jank callback for vsyncId: 78773, CUJ=J
04-10 08:33:46.203 3294 3294 W FrameTracker: Missed SF frame:UNKNOWN: 68, 78795, 4866663, CUJ=J
04-10 08:33:46.203 3294 3294 W FrameTracker: Missed SF frame:UNKNOWN: 68, 78831, 48280309, CUJ=J
04-10 08:33:46.203 3294 3294 W FrameTracker: Missed SF frame:UNKNOWN: 68, 78846, 60380119, CUJ=J
04-10 08:33:46.203 3294 3294 W FrameTracker: Missed SF frame:UNKNOWN: 68, 78861, 65451058, CUJ=J
04-10 08:33:46.203 3294 3294 W FrameTracker: Missed SF frame:UNKNOWN: 68, 78911, 61059952, CUJ=J
04-10 08:33:46.203 3294 3294 W FrameTracker: Missed SF frame:UNKNOWN: 68, 78955, 62106495, CUJ=J
04-10 08:33:46.203 3294 3294 W FrameTracker: Missed SF frame:UNKNOWN: 68, 78976, 65103370, CUJ=J
04-10 08:33:46.203 3294 3294 W FrameTracker: Missed SF frame:UNKNOWN: 68, 79020, 0, CUJ=J
04-10 08:33:46.203 3294 3294 W FrameTracker: Missing HWUI jank callback for vsyncId: 79020, CUJ=J
04-10 08:33:46.203 3294 3294 W FrameTracker: Missed SF frame:UNKNOWN: 68, 79050, 0, CUJ=J
04-10 08:33:46.203 3294 3294 W FrameTracker: Missing HWUI jank callback for vsyncId: 79050, CUJ=J
04-10 08:33:46.203 3294 3294 W FrameTracker: Missed SF frame:UNKNOWN: 68, 79064, 53876497, CUJ=J
04-10 08:33:46.203 3294 3294 W FrameTracker: Missed SF frame:UNKNOWN: 68, 79080, 50203089, CUJ=J
04-10 08:33:46.203 3294 3294 W FrameTracker: Missed SF frame:UNKNOWN: 68, 79095, 49692373, CUJ=J
04-10 08:33:46.203 3294 3294 W FrameTracker: Missed SF frame:UNKNOWN: 68, 79110, 51975283, CUJ=J
04-10 08:33:46.203 3294 3294 W FrameTracker: Missed SF frame:UNKNOWN: 68, 79124, 55191782, CUJ=J
04-10 08:33:46.203 3294 3294 W FrameTracker: Missed SF frame:UNKNOWN: 68, 79147, 48691028, CUJ=J
04-10 08:33:46.203 3294 3294 W FrameTracker: Missed SF frame:UNKNOWN: 68, 79162, 51739950, CUJ=J
04-10 08:33:46.203 3294 3294 W FrameTracker: Missed SF frame:UNKNOWN: 68, 79176, 62823334, CUJ=J
04-10 08:33:46.203 3294 3294 W FrameTracker: Missed SF frame:UNKNOWN: 68, 79236, 0, CUJ=J
04-10 08:33:46.203 3294 3294 W FrameTracker: Missing HWUI jank callback for vsyncId: 79236, CUJ=J
04-10 08:33:46.203 3294 3294 W FrameTracker: Missed SF frame:UNKNOWN: 68, 79244, 0, CUJ=J
04-10 08:33:46.203 3294 3294 W FrameTracker: Missing HWUI jank callback for vsyncId: 79244, CUJ=J
04-10 08:33:46.203 3294 3294 W FrameTracker: Missed SF frame:UNKNOWN: 68, 79259, 19882307, CUJ=J
04-10 08:33:46.203 3294 3294 W FrameTracker: Missed SF frame:UNKNOWN: 68, 79274, 30242219, CUJ=J
04-10 08:33:46.203 3294 3294 W FrameTracker: Missed SF frame:UNKNOWN: 68, 79281, 0, CUJ=J
04-10 08:33:46.203 3294 3294 W FrameTracker: Missing HWUI jank callback for vsyncId: 79281, CUJ=J
04-10 08:33:46.203 3294 3294 W FrameTracker: Missed SF frame:UNKNOWN: 66, 79303, 43237222, CUJ=J
04-10 08:33:46.203 3294 3294 W FrameTracker: Missing HWUI jank callback for vsyncId: 79331, CUJ=J
04-10 08:33:46.203 3294 3294 W FrameTracker: Missed SF frame:UNKNOWN: 66, 79397, 0, CUJ=J
04-10 08:33:46.203 3294 3294 W FrameTracker: Missing HWUI jank callback for vsyncId: 79397, CUJ=J
04-10 08:33:46.207 1319 3529 D vendor.qti.bluetooth@1.0-wake_lock: Release wakelock is released
04-10 08:33:46.215 1402 12635 I QC2C2DEngine: calcYSize: unsupported or RGB color format, RGBA8888_UBWC(-1040187392)
04-10 08:33:46.229 1402 12635 I QC2C2DEngine: calcYSize: unsupported or RGB color format, RGBA8888_UBWC(-1040187392)
04-10 08:33:46.245 1402 12635 I QC2C2DEngine: calcYSize: unsupported or RGB color format, RGBA8888_UBWC(-1040187392)
04-10 08:33:46.264 1402 12635 I QC2C2DEngine: calcYSize: unsupported or RGB color format, RGBA8888_UBWC(-1040187392)
04-10 08:33:46.281 1402 12635 I QC2C2DEngine: calcYSize: unsupported or RGB color format, RGBA8888_UBWC(-1040187392)
04-10 08:33:46.297 1402 12635 I QC2C2DEngine: calcYSize: unsupported or RGB color format, RGBA8888_UBWC(-1040187392)
04-10 08:33:46.311 1402 12635 I QC2C2DEngine: calcYSize: unsupported or RGB color format, RGBA8888_UBWC(-1040187392)
04-10 08:33:46.326 1402 12635 I QC2C2DEngine: calcYSize: unsupported or RGB color format, RGBA8888_UBWC(-1040187392)
04-10 08:33:46.339 1402 12635 I QC2C2DEngine: calcYSize: unsupported or RGB color format, RGBA8888_UBWC(-1040187392)
04-10 08:33:46.341 3294 3294 I NT-StateManager: onStateTransitionEnd StateManager: StateManager(mLastStableState:Normal, mCurrentStableState:Normal, mState:Normal, mRestState:null, isInTransition:true)
04-10 08:33:46.343 2840 2840 D vol.VolumeDialogImpl: hideRingerDrawer - drawer is already hide
04-10 08:33:46.344 1726 7469 D AS.AudioService: Volume controller visible: false
04-10 08:33:46.351 1402 12635 I QC2C2DEngine: calcYSize: unsupported or RGB color format, RGBA8888_UBWC(-1040187392)
04-10 08:33:46.372 1402 12635 I QC2C2DEngine: calcYSize: unsupported or RGB color format, RGBA8888_UBWC(-1040187392)
04-10 08:33:46.384 1402 12635 I QC2C2DEngine: calcYSize: unsupported or RGB color format, RGBA8888_UBWC(-1040187392)
04-10 08:33:46.395 1402 12635 I QC2C2DEngine: calcYSize: unsupported or RGB color format, RGBA8888_UBWC(-1040187392)
04-10 08:33:46.405 1402 12635 I QC2C2DEngine: calcYSize: unsupported or RGB color format, RGBA8888_UBWC(-1040187392)
04-10 08:33:46.418 1402 12635 I QC2C2DEngine: calcYSize: unsupported or RGB color format, RGBA8888_UBWC(-1040187392)
04-10 08:33:46.429 1402 12635 I QC2C2DEngine: calcYSize: unsupported or RGB color format, RGBA8888_UBWC(-1040187392)
04-10 08:33:46.440 1402 12635 I QC2C2DEngine: calcYSize: unsupported or RGB color format, RGBA8888_UBWC(-1040187392)
04-10 08:33:46.451 1402 12635 I QC2C2DEngine: calcYSize: unsupported or RGB color format, RGBA8888_UBWC(-1040187392)
04-10 08:33:46.462 1402 12635 I QC2C2DEngine: calcYSize: unsupported or RGB color format, RGBA8888_UBWC(-1040187392)
04-10 08:33:46.473 1402 12635 I QC2C2DEngine: calcYSize: unsupported or RGB color format, RGBA8888_UBWC(-1040187392)
04-10 08:33:46.483 1402 12635 I QC2C2DEngine: calcYSize: unsupported or RGB color format, RGBA8888_UBWC(-1040187392)
04-10 08:33:46.494 1402 12635 I QC2C2DEngine: calcYSize: unsupported or RGB color format, RGBA8888_UBWC(-1040187392)
04-10 08:33:46.515 1402 12635 I QC2C2DEngine: calcYSize: unsupported or RGB color format, RGBA8888_UBWC(-1040187392)
04-10 08:33:46.518 1402 12635 I QC2C2DEngine: calcYSize: unsupported or RGB color format, RGBA8888_UBWC(-1040187392)
04-10 08:33:46.526 1402 12635 I QC2C2DEngine: calcYSize: unsupported or RGB color format, RGBA8888_UBWC(-1040187392)
04-10 08:33:46.622 608 608 W [FTS_TS]fts_input_report_b: [B]P0(928, 1645)[p:6,tm:96] DOWN!
04-10 08:33:46.704 608 608 W [FTS_TS]fts_input_report_b: [B]P0 UP!
04-10 08:33:46.704 608 608 W [FTS_TS]fts_input_report_b: [B]Points All Up!
04-10 08:33:46.708 3294 3294 I NT-ItemClickHandler: ItemClickHandler.onClick
04-10 08:33:46.715 1726 4672 D BLASTSyncEngine: startSyncSet SyncGroup = com.android.server.wm.BLASTSyncEngine$SyncGroup@6187ab6,parallel = false,alreadyRunning = false,Callers=com.android.server.wm.BLASTSyncEngine.startSyncSet:442 com.android.server.wm.Transition.startCollecting:572 com.android.server.wm.TransitionController.moveToCollecting:331 com.android.server.wm.TransitionController.createAndStartCollecting:1447 com.android.server.wm.ActivityStarter.startActivityUnchecked:1548 com.android.server.wm.ActivityStarter.executeRequest:1385 com.android.server.wm.ActivityStarter.execute:778 com.android.server.wm.ActivityTaskManagerService.startActivityAsUser:1329 com.android.server.wm.ActivityTaskManagerService.startActivityAsUser:1272 com.android.server.wm.ActivityTaskManagerService.startActivity:1247 android.app.IActivityTaskManager$Stub.onTransact:929 com.android.server.wm.ActivityTaskManagerService.onTransact:5621 android.os.Binder.execTransactInternal:1339 android.os.Binder.execTransact:1275
04-10 08:33:46.719 1726 4672 V NtGameModeImpl: onAppFocusChanged: pkg=com.spintec.qt.form500.poc, uid=10341, category=-1
04-10 08:33:46.719 1726 4672 D NtPopUpViewImpl: PopUpView: onAppFocusChanged: newTask=Task{dc5400b #629 type=standard A=10341:com.spintec.qt.form500.poc}, showDimmer=false
04-10 08:33:46.719 1726 4672 D NtDimmerWindow: NtDimmerWindow.enterPinnedWindowWindowingMode: You can only enter PinnedWindow from Windowform. task=Task{2dbc4fe #1 type=home}
04-10 08:33:46.719 1726 4672 D NtWindowformEdgeBarHelper: setTask true
04-10 08:33:46.722 2817 5016 D TopAppSceneDetector: currentFocusApp=com.spintec.qt.form500.poc
04-10 08:33:46.722 1726 4672 D ActivityTrigger: ActivityTrigger activityPauseTrigger
04-10 08:33:46.724 1726 4672 I ActivityTaskManager: START u0 {act=android.intent.action.MAIN cat=[android.intent.category.LAUNCHER] flg=0x10200000 cmp=com.spintec.qt.form500.poc/.My7000App bnds=[782,1516][1024,1792]} with LAUNCH_SINGLE_TOP from uid 10183 pid 3294 (BAL_ALLOW_ALLOWLISTED_COMPONENT) result code=2
04-10 08:33:46.726 3294 3294 I NT-TopTaskTracker: Call back onTaskMovedToFront taskId = 629
04-10 08:33:46.728 2840 2898 V WindowManagerShell: Transition requested: android.os.BinderProxy@c07e591 TransitionRequestInfo { type = OPEN, triggerTask = TaskInfo{userId=0 taskId=629 displayId=0 isRunning=true baseIntent=Intent { act=android.intent.action.MAIN cat=[android.intent.category.LAUNCHER] flg=0x10200000 cmp=com.spintec.qt.form500.poc/.My7000App } baseActivity=ComponentInfo{com.spintec.qt.form500.poc/com.spintec.qt.form500.poc.My7000App} topActivity=ComponentInfo{com.spintec.qt.form500.poc/com.spintec.qt.form500.poc.My7000App} origActivity=null realActivity=ComponentInfo{com.spintec.qt.form500.poc/com.spintec.qt.form500.poc.My7000App} numActivities=1 lastActiveTime=366672 supportsMultiWindow=true resizeMode=1 isResizeable=true minWidth=-1 minHeight=-1 defaultMinSize=220 token=WCT{android.window.IWindowContainerToken$Stub$Proxy@6751cf6} topActivityType=1 pictureInPictureParams=null shouldDockBigOverlays=false launchIntoPipHostTaskId=-1 lastParentTaskIdBeforePip=-1 displayCutoutSafeInsets=Rect(0, 136 - 0, 0) topActivityInfo=ActivityInfo{af478f7 com.spintec.qt.form500.poc.My7000App} launchCookies=[android.os.BinderProxy@cfcf364] positionInParent=Point(0, 0) parentTaskId=-1 isFocused=true isVisible=false isVisibleRequested=false isSleeping=false topActivityInSizeCompat=false topActivityEligibleForLetterboxEducation= false topActivityLetterboxed= false isFromDoubleTap= false topActivityLetterboxVerticalPosition= -1 topActivityLetterboxHorizontalPosition= -1 topActivityLetterboxWidth=-1 topActivityLetterboxHeight=-1 locusId=null displayAreaFeatureId=1 cameraCompatControlState=hidden}, remoteTransition = RemoteTransition { remoteTransition = android.window.IRemoteTransition$Stub$Proxy@d3449cd, appThread = android.app.IApplicationThread$Stub$Proxy@f4e1282, debugName = QuickstepLaunch }, displayChange = null }
04-10 08:33:46.729 3294 3443 D QuickstepModelDelegate: notifyAppTargetEvent action=1 launchLocation=workspace/5/[3,5]/[1,1]
04-10 08:33:46.730 2817 5016 D NearbyDetector: onTopActivityChanged: top class name: com.android.searchlauncher.SearchLauncher
04-10 08:33:46.730 2817 5016 D NearbyDetector: onTopActivityChanged: top class name: com.spintec.qt.form500.poc.My7000App
04-10 08:33:46.730 2817 5016 D GameSceneDetector: Failed to call isBoostTypeGame: java.lang.NoSuchMethodException: android.util.BoostFramework.perfGetFeedback []
04-10 08:33:46.730 2817 5016 D GameSceneDetector: onTopChanged=com.spintec.qt.form500.poc, isBoostTypeGame=false, isCategoryGame=false
04-10 08:33:46.730 2817 5016 D SceneManager: TopAPP=com.spintec.qt.form500.poc, category=-1
04-10 08:33:46.731 1402 12635 I QC2C2DEngine: calcYSize: unsupported or RGB color format, RGBA8888_UBWC(-1040187392)
04-10 08:33:46.731 2840 2898 V WindowManagerShell: RemoteTransition directly requested for android.os.BinderProxy@c07e591: RemoteTransition { remoteTransition = android.window.IRemoteTransition$Stub$Proxy@d3449cd, appThread = android.app.IApplicationThread$Stub$Proxy@f4e1282, debugName = QuickstepLaunch }
04-10 08:33:46.731 2840 2898 V WindowManagerShell: handleRequest com.android.wm.shell.transition.RemoteTransitionHandler@f067dac handled
04-10 08:33:46.732 1726 4672 E Transition: Trying to add a ready-group twice: Display{#0 state=ON size=1080x2400 ROTATION_0}
04-10 08:33:46.737 1385 1554 W ANDR-PERF-LM: MetaMeter: handlePrimaryAsync() 118: AdaptLaunch MetaMeter. No MeterMgr Available to handle this Primary Async. !!!!
04-10 08:33:46.739 1385 1554 W ANDR-PERF-LM: MetaMeter: handlePrimaryAsync() 118: AdaptLaunch MetaMeter. No MeterMgr Available to handle this Primary Async. !!!!
04-10 08:33:46.739 4733 4733 I Qt5.My7000App: My7000App::onResume() called
04-10 08:33:46.741 4733 12671 D libForm500Crash_POC_arm64-v8a.so: Application state changed to Qt::ApplicationActive
04-10 08:33:46.742 1726 2216 D OomAdjuster: Not killing cached processes
04-10 08:33:46.745 1402 12635 I QC2C2DEngine: calcYSize: unsupported or RGB color format, RGBA8888_UBWC(-1040187392)
04-10 08:33:46.752 2840 2898 D WindowManagerShell: onActivityRestartAttempt: ComponentInfo{com.spintec.qt.form500.poc/com.spintec.qt.form500.poc.My7000App}
04-10 08:33:46.752 4733 12667 E OpenGLRenderer: Unable to match the desired swap behavior.
04-10 08:33:46.753 1726 7469 W WindowManager: Failed looking up window session=Session{1c27e3c 2840:u0a10199} callers=com.android.server.wm.WindowManagerService.windowForClientLocked:6155 com.android.server.wm.WindowManagerService.removeWindow:2001 com.android.server.wm.Session.remove:231
04-10 08:33:46.756 4733 4733 I SurfaceView: surfaceview vote min fps
04-10 08:33:46.757 2599 2600 I android.hardware.thermal@2.0-service.qti: uevent triggered for sensor: quiet-therm-usr
04-10 08:33:46.757 2599 2600 I android.hardware.thermal@2.0-service.qti: uevent triggered for sensor: quiet-therm-usr
04-10 08:33:46.758 1402 12635 I QC2C2DEngine: calcYSize: unsupported or RGB color format, RGBA8888_UBWC(-1040187392)
04-10 08:33:46.761 2840 2935 V SnapshotDrawerUtils: Drawing snapshot surface sizeMismatch=false
04-10 08:33:46.761 1726 2217 D TransitionController: inCollectingRecents: Transition=TransitionRecord{d8592af id=55 type=OPEN flags=0x0} wc=Window{2482a8e u0 SnapshotStartingWindow for taskId=629}
04-10 08:33:46.763 1726 2217 D TransitionController: inCollectingRecents: Transition=TransitionRecord{d8592af id=55 type=OPEN flags=0x0} wc=Window{2482a8e u0 SnapshotStartingWindow for taskId=629}
04-10 08:33:46.764 1726 2217 D TransitionController: inCollectingRecents: Transition=TransitionRecord{d8592af id=55 type=OPEN flags=0x0} wc=Window{2482a8e u0 SnapshotStartingWindow for taskId=629}
04-10 08:33:46.768 1726 2212 W ziparchive: Unable to open '/data/app/~~VXJMSZcnXxXOCkvo99yEnQ==/com.spintec.qt.form500.poc-K4cmV_bINLx0_037uJu7OA==/base.dm': No such file or directory
04-10 08:33:46.769 2840 2898 V WindowManagerShell: onTransitionReady android.os.BinderProxy@c07e591: {id=55 t=OPEN f=0x0 trk=0 r=[0@Point(0, 0)] c=[{WCT{android.window.IWindowContainerToken$Stub$Proxy@23b8fef} m=TO_FRONT f=MOVE_TO_TOP leash=Surface(name=Task=629)/@0xc47e1d0 sb=Rect(0, 0 - 1080, 2400) eb=Rect(0, 0 - 1080, 2400) d=0},{WCT{android.window.IWindowContainerToken$Stub$Proxy@b114afc} m=TO_BACK f=SHOW_WALLPAPER leash=Surface(name=Task=1)/@0x848b5c9 sb=Rect(0, 0 - 1080, 2400) eb=Rect(0, 0 - 1080, 2400) d=0}]}
04-10 08:33:46.770 2840 2898 V WindowManagerShell: Playing animation for (#55)android.os.BinderProxy@c07e591@0
04-10 08:33:46.771 2840 2898 V WindowManagerShell: try firstHandler com.android.wm.shell.transition.DefaultMixedHandler@a890bd
04-10 08:33:46.771 1402 12635 I QC2C2DEngine: calcYSize: unsupported or RGB color format, RGBA8888_UBWC(-1040187392)
04-10 08:33:46.771 1726 2212 V WindowManager: Sent Transition #55 createdAt=04-10 08:33:46.715 via request=TransitionRequestInfo { type = OPEN, triggerTask = TaskInfo{userId=0 taskId=629 displayId=0 isRunning=true baseIntent=Intent { act=android.intent.action.MAIN cat=[android.intent.category.LAUNCHER] flg=0x10200000 cmp=com.spintec.qt.form500.poc/.My7000App } baseActivity=ComponentInfo{com.spintec.qt.form500.poc/com.spintec.qt.form500.poc.My7000App} topActivity=ComponentInfo{com.spintec.qt.form500.poc/com.spintec.qt.form500.poc.My7000App} origActivity=null realActivity=ComponentInfo{com.spintec.qt.form500.poc/com.spintec.qt.form500.poc.My7000App} numActivities=1 lastActiveTime=366672 supportsMultiWindow=true resizeMode=1 isResizeable=true minWidth=-1 minHeight=-1 defaultMinSize=220 token=WCT{RemoteToken{6ce9df5 Task{dc5400b #629 type=standard A=10341:com.spintec.qt.form500.poc}}} topActivityType=1 pictureInPictureParams=null shouldDockBigOverlays=false launchIntoPipHostTaskId=-1 lastParentTaskIdBeforePip=-1 displayCutoutSafeInsets=Rect(0, 136 - 0, 0) topActivityInfo=ActivityInfo{a98178a com.spintec.qt.form500.poc.My7000App} launchCookies=[android.os.BinderProxy@da0619a] positionInParent=Point(0, 0) parentTaskId=-1 isFocused=true isVisible=false isVisibleRequested=false isSleeping=false topActivityInSizeCompat=false topActivityEligibleForLetterboxEducation= false topActivityLetterboxed= false isFromDoubleTap= false topActivityLetterboxVerticalPosition= -1 topActivityLetterboxHorizontalPosition= -1 topActivityLetterboxWidth=-1 topActivityLetterboxHeight=-1 locusId=null displayAreaFeatureId=1 cameraCompatControlState=hidden}, remoteTransition = RemoteTransition { remoteTransition = android.window.IRemoteTransition$Stub$Proxy@222aacb, appThread = android.app.IApplicationThread$Stub$Proxy@ccec2a8, debugName = QuickstepLaunch }, displayChange = null }
04-10 08:33:46.771 1726 2212 V WindowManager: startWCT=WindowContainerTransaction { changes = {} hops = [] errorCallbackToken=null taskFragmentOrganizer=null }
04-10 08:33:46.771 2840 2898 V WindowManagerShell: Delegate animation for #55 to RemoteTransition { remoteTransition = android.window.IRemoteTransition$Stub$Proxy@d3449cd, appThread = android.app.IApplicationThread$Stub$Proxy@f4e1282, debugName = QuickstepLaunch }
04-10 08:33:46.771 1726 2212 V WindowManager: info={id=55 t=OPEN f=0x0 trk=0 r=[0@Point(0, 0)] c=[{WCT{RemoteToken{6ce9df5 Task{dc5400b #629 type=standard A=10341:com.spintec.qt.form500.poc}}} m=TO_FRONT f=MOVE_TO_TOP leash=Surface(name=Task=629)/@0x2a116df sb=Rect(0, 0 - 1080, 2400) eb=Rect(0, 0 - 1080, 2400) d=0},{WCT{RemoteToken{3176405 Task{2dbc4fe #1 type=home}}} m=TO_BACK f=SHOW_WALLPAPER leash=Surface(name=Task=1)/@0xceec555 sb=Rect(0, 0 - 1080, 2400) eb=Rect(0, 0 - 1080, 2400) d=0}]}
04-10 08:33:46.773 4733 4733 I SurfaceView: surfaceview vote min fps
04-10 08:33:46.774 2840 2898 V WindowManagerShell: animated by firstHandler
04-10 08:33:46.775 1402 12635 I QC2C2DEngine: calcYSize: unsupported or RGB color format, RGBA8888_UBWC(-1040187392)
04-10 08:33:46.781 3294 3294 I NT-TransitionSmoothHelper: clear
04-10 08:33:46.785 1402 12635 I QC2C2DEngine: calcYSize: unsupported or RGB color format, RGBA8888_UBWC(-1040187392)
04-10 08:33:46.789 3294 3294 I NT-NTDragLayer: onMeasure consumed 0
04-10 08:33:46.789 3294 3294 I NT-NTDragLayer: onLayout consumed 0
04-10 08:33:46.789 3294 3294 I NT-NTDragLayer: dispatchDraw consumed 0
04-10 08:33:46.801 1433 1433 I BpBinder: onLastStrongRef automatically unlinking death recipients:
04-10 08:33:46.802 1402 12635 I QC2C2DEngine: calcYSize: unsupported or RGB color format, RGBA8888_UBWC(-1040187392)
04-10 08:33:46.806 1402 12635 I QC2C2DEngine: calcYSize: unsupported or RGB color format, RGBA8888_UBWC(-1040187392)
04-10 08:33:46.818 1402 12635 I QC2C2DEngine: calcYSize: unsupported or RGB color format, RGBA8888_UBWC(-1040187392)
04-10 08:33:46.821 1402 12635 I QC2C2DEngine: calcYSize: unsupported or RGB color format, RGBA8888_UBWC(-1040187392)
04-10 08:33:46.829 5695 5695 I A : onPause
04-10 08:33:46.840 1402 12635 I QC2C2DEngine: calcYSize: unsupported or RGB color format, RGBA8888_UBWC(-1040187392)
04-10 08:33:46.845 1402 12635 I QC2C2DEngine: calcYSize: unsupported or RGB color format, RGBA8888_UBWC(-1040187392)
04-10 08:33:46.853 1402 12635 I QC2C2DEngine: calcYSize: unsupported or RGB color format, RGBA8888_UBWC(-1040187392)
04-10 08:33:46.860 1726 2216 D NtPerfTraceManagerImpl: packageName = com.spintec.qt.form500.poc, taskId = 629
04-10 08:33:46.862 1726 5944 I ImeTracker: com.spintec.qt.form500.poc:5b4db6b3: onRequestHide at ORIGIN_SERVER_HIDE_INPUT reason HIDE_UNSPECIFIED_WINDOW
04-10 08:33:46.862 1726 5944 I ImeTracker: com.spintec.qt.form500.poc:5b4db6b3: onCancelled at PHASE_SERVER_SHOULD_HIDE
04-10 08:33:46.863 6287 6287 I GoogleInputMethodService: GoogleInputMethodService.onFinishInput():3096
04-10 08:33:46.864 6287 6287 I GoogleInputMethodService: GoogleInputMethodService.updateDeviceLockedStatus():2210 repeatCheckTimes = 0, locked = false
04-10 08:33:46.864 6287 6287 I GoogleInputMethodService: GoogleInputMethodService.onStartInput():1950 onStartInput(EditorInfo{EditorInfo{packageName=com.spintec.qt.form500.poc, inputType=0, inputTypeString=NULL, enableLearning=false, autoCorrection=false, autoComplete=false, imeOptions=0, privateImeOptions=null, actionName=UNSPECIFIED, actionLabel=null, initialSelStart=-1, initialSelEnd=-1, initialCapsMode=0, label=null, fieldId=0, fieldName=null, extras=null, hintText=null, hintLocales=[]}}, false)
04-10 08:33:46.865 6287 6287 I GoogleInputMethodService: GoogleInputMethodService.updateDeviceLockedStatus():2210 repeatCheckTimes = 1, locked = false
04-10 08:33:46.865 6287 6287 I AndroidIME: InputBundleManager.loadActiveInputBundleId():450 loadActiveInputBundleId: und-Latn-x-password, password
04-10 08:33:46.866 1726 4672 W PackageConfigPersister: App-specific configuration not found for packageName: com.spintec.qt.form500.poc and userId: 0
04-10 08:33:46.873 1402 12635 I QC2C2DEngine: calcYSize: unsupported or RGB color format, RGBA8888_UBWC(-1040187392)
04-10 08:33:46.891 1402 12635 I QC2C2DEngine: calcYSize: unsupported or RGB color format, RGBA8888_UBWC(-1040187392)
04-10 08:33:46.910 1402 12635 I QC2C2DEngine: calcYSize: unsupported or RGB color format, RGBA8888_UBWC(-1040187392)
04-10 08:33:46.925 1402 12635 I QC2C2DEngine: calcYSize: unsupported or RGB color format, RGBA8888_UBWC(-1040187392)
04-10 08:33:46.942 1402 12635 I QC2C2DEngine: calcYSize: unsupported or RGB color format, RGBA8888_UBWC(-1040187392)
04-10 08:33:46.963 1402 12635 I QC2C2DEngine: calcYSize: unsupported or RGB color format, RGBA8888_UBWC(-1040187392)
04-10 08:33:46.982 1402 12635 I QC2C2DEngine: calcYSize: unsupported or RGB color format, RGBA8888_UBWC(-1040187392)
04-10 08:33:47.003 1402 12635 I QC2C2DEngine: calcYSize: unsupported or RGB color format, RGBA8888_UBWC(-1040187392)
04-10 08:33:47.023 1402 12635 I QC2C2DEngine: calcYSize: unsupported or RGB color format, RGBA8888_UBWC(-1040187392)
04-10 08:33:47.043 1402 12635 I QC2C2DEngine: calcYSize: unsupported or RGB color format, RGBA8888_UBWC(-1040187392)
04-10 08:33:47.063 1402 12635 I QC2C2DEngine: calcYSize: unsupported or RGB color format, RGBA8888_UBWC(-1040187392)
04-10 08:33:47.083 1402 12635 I QC2C2DEngine: calcYSize: unsupported or RGB color format, RGBA8888_UBWC(-1040187392)
04-10 08:33:47.085 5135 5167 I NTWidget-Client: Receive method call: actionRefresh, widgetId = 1
04-10 08:33:47.086 5135 5135 I NTWidget-Client: Call handleCardRefresh, target method = onHostViewResumed
04-10 08:33:47.087 5135 5569 I NTWidget-: Ensure service valid cost time = 0, checkResult = true
04-10 08:33:47.087 5268 5481 I NTWidget-CardWidgetService: getWidgetOptions, widgetId = 1
04-10 08:33:47.089 5135 5135 I CardLab-: Widget 1 find options: width = 936, height = 210
04-10 08:33:47.090 5135 5135 I CardLab-: spanX = 4
04-10 08:33:47.090 5135 5135 I CardLab-: ContainerWidth = 936
04-10 08:33:47.090 5135 5135 I CardLab-: Display weather and date-------------
04-10 08:33:47.090 5135 5733 I CardLab-: Start to query weather data.
04-10 08:33:47.092 5135 5135 I CardLab-: Widget 1 no need refresh, return null cardInfo!!!!!!!
04-10 08:33:47.094 5649 5696 I NTWeather-ShareProvider: Call method query_weather_info from pkg = com.nothing.hearthstone
04-10 08:33:47.095 5649 5858 I NTWeather-RequestWeatherNotice: Request Weather Notice doWork
04-10 08:33:47.104 1402 12635 I QC2C2DEngine: calcYSize: unsupported or RGB color format, RGBA8888_UBWC(-1040187392)
04-10 08:33:47.114 5135 5733 I CardLab-: WeatherManager weather queried = Mostly cloudy, isWeatherChanged = false
04-10 08:33:47.122 1402 12635 I QC2C2DEngine: calcYSize: unsupported or RGB color format, RGBA8888_UBWC(-1040187392)
04-10 08:33:47.141 1402 12635 I QC2C2DEngine: calcYSize: unsupported or RGB color format, RGBA8888_UBWC(-1040187392)
04-10 08:33:47.159 1402 12635 I QC2C2DEngine: calcYSize: unsupported or RGB color format, RGBA8888_UBWC(-1040187392)
04-10 08:33:47.176 1402 12635 I QC2C2DEngine: calcYSize: unsupported or RGB color format, RGBA8888_UBWC(-1040187392)
04-10 08:33:47.196 1402 12635 I QC2C2DEngine: calcYSize: unsupported or RGB color format, RGBA8888_UBWC(-1040187392)
04-10 08:33:47.216 1402 12635 I QC2C2DEngine: calcYSize: unsupported or RGB color format, RGBA8888_UBWC(-1040187392)
04-10 08:33:47.218 608 608 W [FTS_TS]fts_input_report_b: [B]P0(820, 2359)[p:4,tm:64] DOWN!
04-10 08:33:47.224 1726 4672 D VibratorManagerService: vibrate uid =10199, opPkg = com.android.systemui, reason = null, attrs = VibrationAttributes: Usage=TOUCH Audio Usage= USAGE_UNKNOWN Flags=0
04-10 08:33:47.224 1726 4672 D RichTapVibratorService: none richtap effect, do nothing!!
04-10 08:33:47.224 1726 4672 D VibratorManagerService: Starting vibrate for vibration 43
04-10 08:33:47.224 1726 4672 D VibratorManagerService: Vibration for uid=10199 and with attrs=VibrationAttributes: Usage=TOUCH Audio Usage= USAGE_UNKNOWN Flags=0 ended with status IGNORED_FOR_SETTINGS
04-10 08:33:47.233 1402 12635 I QC2C2DEngine: calcYSize: unsupported or RGB color format, RGBA8888_UBWC(-1040187392)
04-10 08:33:47.253 1402 12635 I QC2C2DEngine: calcYSize: unsupported or RGB color format, RGBA8888_UBWC(-1040187392)
04-10 08:33:47.253 1402 12640 D BufferPoolAccessor2.0: bufferpool2 0xf1a43628 : 7(10981376 size) total buffers - 6(9412608 size) used buffers - 1716/1724 (recycle/alloc) - 22/1717 (fetch/transfer)
04-10 08:33:47.271 1402 12635 I QC2C2DEngine: calcYSize: unsupported or RGB color format, RGBA8888_UBWC(-1040187392)
04-10 08:33:47.291 1402 12635 I QC2C2DEngine: calcYSize: unsupported or RGB color format, RGBA8888_UBWC(-1040187392)
04-10 08:33:47.300 608 608 W [FTS_TS]fts_input_report_b: [B]P0 UP!
04-10 08:33:47.300 608 608 W [FTS_TS]fts_input_report_b: [B]Points All Up!
04-10 08:33:47.310 1402 12635 I QC2C2DEngine: calcYSize: unsupported or RGB color format, RGBA8888_UBWC(-1040187392)
04-10 08:33:47.313 3294 3441 I NT-TransitionSmoothHelper: clear
04-10 08:33:47.314 3294 3294 I NT-NTDragLayer: onMeasure consumed 0
04-10 08:33:47.314 3294 3294 I NT-NTDragLayer: onLayout consumed 0
04-10 08:33:47.314 3294 3294 I NT-NTDragLayer: dispatchDraw consumed 0
04-10 08:33:47.315 2840 2898 V WindowManagerShell: Transition animation finished (aborted=false), notifying core (#55)android.os.BinderProxy@c07e591@0
04-10 08:33:47.317 1726 2212 V WindowManager: Finish Transition #55: created at
04-10 08:33:46.715 collect-started=0.528ms request-sent=8.249ms started=36.429ms ready=36.408ms sent=51.743ms finished=601.912ms
04-10 08:33:47.321 2840 2840 D ShadeControllerImpl: animateCollapse(): mExpandedVisible=falseflags=2
04-10 08:33:47.321 2840 2898 V WindowManagerShell: Track 0 became idle
04-10 08:33:47.321 2840 2898 V WindowManagerShell: All active transition animations finished
04-10 08:33:47.322 2840 2840 I vol.VolumeDialogImpl: mDialog.dismiss() reason: volume_controller from: com.android.systemui.volume.VolumeDialogImpl$15.onDismissRequested:3226
04-10 08:33:47.326 3239 3295 W DynamicDDSService: appName is not found in cache: com.nothing.launcher
04-10 08:33:47.333 3037 3518 I BtGatt.ScanManager: msg.what = 6
04-10 08:33:47.333 3037 3518 D BtGatt.ScanManager: uid 10127 isForeground true scanMode 1
04-10 08:33:47.333 3037 3518 D BtGatt.ScanManager: uid 10127 isForeground true scanMode 3
04-10 08:33:47.333 3037 3518 D BtGatt.ScanManager: uid 10127 isForeground true scanMode 3
04-10 08:33:47.333 1402 12635 I QC2C2DEngine: calcYSize: unsupported or RGB color format, RGBA8888_UBWC(-1040187392)
04-10 08:33:47.343 1433 1433 I RefreshRateSelector: Display 4630946480328692354 policy changed
04-10 08:33:47.343 1433 1433 I RefreshRateSelector: Previous: {defaultModeId=1, allowGroupSwitching=false, primaryRanges={physical=[0.00 Hz, inf Hz], render=[0.00 Hz, 120.00 Hz]}, appRequestRanges={physical=[0.00 Hz, inf Hz], render=[0.00 Hz, 120.00 Hz]}}
04-10 08:33:47.343 1433 1433 I RefreshRateSelector: Current: DisplayManagerPolicy{defaultModeId=0, allowGroupSwitching=false, primaryRanges={physical=[59.00 Hz, inf Hz], render=[59.00 Hz, 61.00 Hz]}, appRequestRanges={physical=[59.00 Hz, inf Hz], render=[59.00 Hz, 61.00 Hz]}}
04-10 08:33:47.343 1433 1433 I RefreshRateSelector: 1 mode changes were performed under the previous policy
04-10 08:33:47.343 1433 1433 W ComposerExtn: DisplayExtnImpl::SetActiveConfig: HWC Display 0 is not registered!
04-10 08:33:47.343 1402 12635 I QC2C2DEngine: calcYSize: unsupported or RGB color format, RGBA8888_UBWC(-1040187392)
