05-07 16:44:28.113 1349 1809 D CompatibilityChangeReporter: Compat change id reported: 273564678; UID 10257; state: DISABLED
05-07 16:44:28.116 1349 1809 I ActivityManager: broadcastAllowList remove BroadcastFilter{8cfe217 10077/u0 ReceiverList{fa5f696 23501 com.microsoft.skydrive/10077/u0 remote:8b3a1b1}}
05-07 16:44:28.116 1349 1349 I Telecom : CarModeTracker: Package org.qtproject.example.hellogles3 is not tracked.: SSH.oR@A6U
05-07 16:44:28.119 1349 1349 I Telecom : InCallController: updateCarModeForConnections: car mode apps: : SSH.oR@A6U
05-07 16:44:28.124 25030 25030 I ndroid.keychain: Using CollectorTypeCC GC.
05-07 16:44:28.126 1349 1719 I CDM_CompanionDeviceManagerService: onPackageModified() u0/org.qtproject.example.hellogles3
05-07 16:44:28.126 1349 2105 I SdkSandboxManager: No SDKs used. Skipping SDK data reconcilation for CallingInfo{mUid=10257, mPackageName='org.qtproject.example.hellogles3, mAppProcessToken='null'}
05-07 16:44:28.127 1349 2046 I AppWidgetServiceImpl: Received broadcast: android.intent.action.PACKAGE_ADDED, Updates all providers with org.qtproject.example.hellogles3, userId: 0
05-07 16:44:28.128 1349 1889 D OverlayManager: reconcileSettingsForPackage pkgName=org.qtproject.example.hellogles3 userId=0
05-07 16:44:28.128 1349 1889 I OverlayManager: updateOverlaysForTarget() called with: targetPackage = [org.qtproject.example.hellogles3], userId = [0], flags = [0]
05-07 16:44:28.128 2145 2145 D CarrierSvcBindHelper: onPackageUpdateFinished: org.qtproject.example.hellogles3
05-07 16:44:28.128 872 872 D Zygote : Forked child process 25039
05-07 16:44:28.128 1349 1924 D SEP_UNION_SemDeviceInfoManagerService: Package org.qtproject.example.hellogles3 is removed on User 0
05-07 16:44:28.128 1349 1731 D LauncherAppsService: Calling onPackageRemoved: org.qtproject.example.hellogles3, EXTRA_REPLACING: true
05-07 16:44:28.129 1349 2046 I AppWidgetServiceImpl: queryIntentReceivers intent : Intent { act=android.appwidget.action.APPWIDGET_UPDATE pkg=org.qtproject.example.hellogles3 } userid : 0 flags : 268436608 result : 0
05-07 16:44:28.129 1349 1349 I Telecom : InCallController: update carmode current:UserHandle{0} parent:null: SSH.oR@A6U
05-07 16:44:28.129 2145 2145 D CarrierSvcBindHelper: No carrier app for: 0
05-07 16:44:28.129 2145 2145 D CarrierSvcBindHelper: onPackageModified: org.qtproject.example.hellogles3
05-07 16:44:28.130 2145 2145 D CarrierSvcBindHelper: No carrier app for: 0
05-07 16:44:28.130 2145 2145 I VvmPkgInstalledRcvr: onReceive(): android.intent.action.PACKAGE_ADDED
05-07 16:44:28.130 2145 9024 D SemCarrierFeature: [get] phoneId should be 0 or 1
05-07 16:44:28.130 2597 2597 V MediaPlayerList: mPackageChangedBroadcastReceiver: action: android.intent.action.PACKAGE_ADDED
05-07 16:44:28.130 2145 2258 D ImsResolver: maybeAddedImsService, packageName: org.qtproject.example.hellogles3
05-07 16:44:28.131 1349 1924 D SEP_UNION_SemDeviceInfoManagerService: onReceive : android.intent.action.PACKAGE_ADDED, userId = 0
05-07 16:44:28.133 5236 5236 V BluetoothEventManager: onReceive :: android.intent.action.PACKAGE_ADDED
05-07 16:44:28.133 5236 5236 D BluetoothEventManager: AppPackageChangedHandler: action = android.intent.action.PACKAGE_ADDED
05-07 16:44:28.133 5236 5236 D BluetoothEventManager: AppPackageChangedHandler: package name = org.qtproject.example.hellogles3
05-07 16:44:28.133 3109 3208 I PackageInfoManager_FLP: action : ACTION_PACKAGE_ADDED, packageName = org.qtproject.example.hellogles3
05-07 16:44:28.134 2283 2502 D BluetoothEventManager: AppPackageChangedHandler: action = android.intent.action.PACKAGE_ADDED
05-07 16:44:28.134 2283 2502 D BluetoothEventManager: AppPackageChangedHandler: package name = org.qtproject.example.hellogles3
05-07 16:44:28.135 2283 2589 D PluginActionManager: queryPkg org.qtproject.example.hellogles3 com.android.systemui.action.PLUGIN_NOTIFICATION_MENU_ROW
05-07 16:44:28.135 2283 2589 D PluginActionManager: Found 0 plugins
05-07 16:44:28.135 2283 2589 D PluginActionManager: queryPkg org.qtproject.example.hellogles3 com.android.systemui.action.PLUGIN_NOTIFICATION_MENU_ROW
05-07 16:44:28.136 1349 1733 I ActivityManager: Start proc 25039:com.samsung.android.bbc.bbcagent/1000 for broadcast {com.samsung.android.bbc.bbcagent/com.samsung.android.bbc.bbcagent.bbccontroller.receiver.PackageEventReceiver}
05-07 16:44:28.136 2283 2589 D PluginActionManager: Found 0 plugins
05-07 16:44:28.136 2283 2589 D PluginActionManager: queryPkg org.qtproject.example.hellogles3 com.android.systemui.action.PLUGIN_NOTIFICATION_MENU_ROW
05-07 16:44:28.136 1349 1944 I InputReader: Reconfiguring input devices, changes=KEYBOARD_LAYOUTS
05-07 16:44:28.137 2283 2283 D ControlsListingControllerImpl: ServiceConfig reloaded, count: 0
05-07 16:44:28.137 2283 2283 D KeyguardUpdateMonitor: received broadcast android.intent.action.PACKAGE_ADDED
05-07 16:44:28.137 30718 30718 I GsaVoiceInteractionSrv: (REDACTED) O received %s
05-07 16:44:28.137 1349 1720 I Pointer : Device Changed: Input Device 6: holi-qrdsku1-snd-card Button Jack
05-07 16:44:28.137 1349 1720 I Pointer : Descriptor: 75b43ea78eea900cb4006a6c5642bfc652b8f755
05-07 16:44:28.137 1349 1720 I Pointer : Generation: 1564
05-07 16:44:28.137 1349 1720 I Pointer : Location: built-in
05-07 16:44:28.137 1349 1720 I Pointer : Keyboard Type: non-alphabetic
05-07 16:44:28.137 1349 1720 I Pointer : Has Vibrator: false
05-07 16:44:28.137 1349 1720 I Pointer : Has Sensor: false
05-07 16:44:28.137 1349 1720 I Pointer : Has battery: false
05-07 16:44:28.137 1349 1720 I Pointer : Has mic: false
05-07 16:44:28.137 1349 1720 I Pointer : USI Version: null
05-07 16:44:28.137 1349 1720 I Pointer : Sources: 0x101 ( keyboard )
05-07 16:44:28.137 1349 1720 I Pointer : Device Changed: Input Device 4: gpio-keys
05-07 16:44:28.137 1349 1720 I Pointer : Descriptor: 485d69228e24f5e46da1598745890b214130dbc4
05-07 16:44:28.137 1349 1720 I Pointer : Generation: 1567
05-07 16:44:28.137 1349 1720 I Pointer : Location: built-in
05-07 16:44:28.137 1349 1720 I Pointer : Keyboard Type: non-alphabetic
05-07 16:44:28.137 1349 1720 I Pointer : Has Vibrator: false
05-07 16:44:28.137 1349 1720 I Pointer : Has Sensor: false
05-07 16:44:28.137 1349 1720 I Pointer : Has battery: false
05-07 16:44:28.137 1349 1720 I Pointer : Has mic: false
05-07 16:44:28.137 1349 1720 I Pointer : USI Version: null
05-07 16:44:28.137 1349 1720 I Pointer : Sources: 0x101 ( keyboard )
05-07 16:44:28.137 1349 1720 I Pointer : Device Changed: Input Device 3: qpnp_pon
05-07 16:44:28.137 1349 1720 I Pointer : Descriptor: fb60d4f4370f5dbe8267b63d38dea852987571ab
05-07 16:44:28.137 1349 1720 I Pointer : Generation: 1565
05-07 16:44:28.137 1349 1720 I Pointer : Location: built-in
05-07 16:44:28.137 1349 1720 I Pointer : Keyboard Type: non-alphabetic
05-07 16:44:28.137 1349 1720 I Pointer : Has Vibrator: false
05-07 16:44:28.137 1349 1720 I Pointer : Has Sensor: false
05-07 16:44:28.137 1349 1720 I Pointer : Has battery: false
05-07 16:44:28.137 1349 1720 I Pointer : Has mic: false
05-07 16:44:28.137 1349 1720 I Pointer : USI Version: null
05-07 16:44:28.137 1349 1720 I Pointer : Sources: 0x101 ( keyboard )
05-07 16:44:28.137 1349 1720 I Pointer : Device Changed: Input Device 2: chipone-tddi
05-07 16:44:28.137 1349 1720 I Pointer : Descriptor: 93e5de292b7fd3af75f1bfb74d1723edcbc2ebee
05-07 16:44:28.137 1349 1720 I Pointer : Generation: 1566
05-07 16:44:28.137 1349 1720 I Pointer : Location: built-in
05-07 16:44:28.137 1349 1720 I Pointer : Keyboard Type: non-alphabetic
05-07 16:44:28.137 1349 1720 I Pointer : Has Vibrator: false
05-07 16:44:28.137 1349 1720 I Pointer : Has Sensor: false
05-07 16:44:28.137 1349 1720 I Pointer : Has battery: false
05-07 16:44:28.137 1349 1720 I Pointer : Has mic: false
05-07 16:44:28.137 1349 1720 I Pointer : USI Version: null
05-07 16:44:28.137 1349 1720 I Pointer : Sources: 0x1103 ( keyboard touchscreen )
05-07 16:44:28.137 1349 1720 I Pointer : AXIS_X: source=0x1002 min=0.0 max=1199.0 flat=0.0 fuzz=0.0 resolution=0.0
05-07 16:44:28.137 1349 1720 I Pointer : AXIS_Y: source=0x1002 min=0.0 max=1919.0 flat=0.0 fuzz=0.0 resolution=0.0
05-07 16:44:28.137 1349 1720 I Pointer : AXIS_PRESSURE: source=0x1002 min=0.0 max=1.0 flat=0.0 fuzz=0.0 resolution=0.0
05-07 16:44:28.137 1349 1720 I Pointer : AXIS_SIZE: source=0x1002 min=0.0 max=1.0 flat=0.0 fuzz=0.0 resolution=0.0
05-07 16:44:28.137 1349 1720 I Pointer : AXIS_TOUCH_MAJOR: source=0x1002 min=0.0 max=2264.1555 flat=0.0 fuzz=0.0 resolution=0.0
05-07 16:44:28.137 1349 1720 I Pointer : AXIS_TOUCH_MINOR: source=0x1002 min=0.0 max=2264.1555 flat=0.0 fuzz=0.0 resolution=0.0
05-07 16:44:28.137 1349 1720 I Pointer : AXIS_TOOL_MAJOR: source=0x1002 min=0.0 max=2264.1555 flat=0.0 fuzz=0.0 resolution=0.0
05-07 16:44:28.137 1349 1720 I Pointer : AXIS_TOOL_MINOR: source=0x1002 min=0.0 max=2264.1555 flat=0.0 fuzz=0.0 resolution=0.0
05-07 16:44:28.140 1349 1924 D ActivityManager: Received BROADCAST intent 0xf905652 Key{broadcastIntent pkg=com.sec.android.diagmonagent intent=act=com.sec.android.diagmonagent.intent.PACKAGE_ADDED pkg=com.sec.android.diagmonagent cmp=com.sec.android.diagmonagent/.sa.datalogging.monitor.AppInstallationMonitor$AppInstallationBroadcastReceiver flags=0x2000000 u=0} requestCode=0 sent=0 from uid 1000
05-07 16:44:28.140 1349 1924 D SEP_UNION_SemDeviceInfoManagerService: Send intent com.sec.android.diagmonagent.intent.PACKAGE_ADDED, userId: 0 by broadcast
05-07 16:44:28.140 2283 2589 D PluginActionManager: Found 0 plugins
05-07 16:44:28.140 2283 2589 D PluginActionManager: queryPkg org.qtproject.example.hellogles3 com.android.systemui.action.PLUGIN_QS_FACTORY
05-07 16:44:28.140 28251 28251 I HBD : c currentConnectionState : false
05-07 16:44:28.140 28251 28251 I HBD : c currentConnectionState : false
05-07 16:44:28.140 28251 28251 I HBD : c currentConnectionState : false
05-07 16:44:28.140 28251 28251 I HBD : c currentConnectionState : false
05-07 16:44:28.140 1349 2146 I Pageboost: remove app @ runtime : org.qtproject.example.hellogles3
05-07 16:44:28.142 2283 2283 D SPluginManagerImpl: onReceive: android.intent.action.PACKAGE_ADDED, size:{com.android.systemui.navigationbar.plugin.PluginBarInteractionManager$pluginListener$1@d5a550=SPluginInstanceManager@160667940 (action=com.samsung.systemui.navigationbar.PLUGIN), com.android.systemui.slimindicator.SlimIndicatorPluginMediator@1ede4b0=SPluginInstanceManager@39410829 (action=com.samsung.systemui.action.SPLUGIN_SLIMINDICATOR), com.android.systemui.volume.VolumeStarInteractor$start$1@5deec0b=SPluginInstanceManager@206409282 (action=com.samsung.systemui.volume.PLUGIN), com.samsung.android.systemui.multistar.MultiStarManager$2@8236a23=SPluginInstanceManager@124378707 (action=com.samsung.systemui.action.PLUGIN_MULTISTAR), com.android.systemui.pluginlock.PluginLockMediatorImpl@8e6ec65=SPluginInstanceManager@16982928 (action=com.samsung.systemui.action.PLUGIN_LOCK), com.android.systemui.lockstar.PluginLockStarManager@a04414a=SPluginInstanceManager@76297353 (action=com.samsung.systemui.action.PLUGIN_LOCK_STAR), com.android.systemui.noticenter.NotiCenterPlugin$NotiCenterPluginListener@e84b3a0=SPluginInstanceManager@44715150 (action=com.samsung.systemui.action.PLUGIN_NOTICENTER)}
05-07 16:44:28.142 2283 2283 D FaceWidgetMetadataParser: updatePackage() org.qtproject.example.hellogles3 true
05-07 16:44:28.142 2283 2589 D PluginActionManager: Found 0 plugins
05-07 16:44:28.142 2283 2589 D PluginActionManager: queryPkg org.qtproject.example.hellogles3 com.android.systemui.action.PEOPLE_HUB_PERSON_EXTRACTOR
05-07 16:44:28.142 2283 2589 D PluginActionManager: Found 0 plugins
05-07 16:44:28.142 2283 2589 D PluginActionManager: queryPkg org.qtproject.example.hellogles3 com.android.systemui.action.PLUGIN_SENSOR_MANAGER
05-07 16:44:28.143 2145 2145 I VvmPkgInstalledRcvr: packageName: org.qtproject.example.hellogles3, systemDialer: com.samsung.android.dialer
05-07 16:44:28.144 1349 2175 I Telecom:SamsungTelecomServiceImpl: getCallCapablePhoneAccounts - includeDisabledAccounts : false / callingPackage : com.android.phone / callingUser : UserHandle{0} / hasCrossUserAccess : true
05-07 16:44:28.145 2283 2589 D PluginActionManager: Found 0 plugins
05-07 16:44:28.145 2283 2589 D PluginActionManager: queryPkg org.qtproject.example.hellogles3 com.android.systemui.action.PLUGIN_GLOBAL_ACTIONS
05-07 16:44:28.145 2145 2145 I VvmPkgInstalledRcvr: capablePhoneAccounts : [ComponentInfo{com.android.phone/com.android.services.telephony.TelephonyConnectionService}, E, UserHandle{0}]
05-07 16:44:28.145 2145 2145 I VvmPkgInstalledRcvr: capablePhoneAccounts.size : 1
05-07 16:44:28.146 1349 2176 I Telecom:SamsungTelecomServiceImpl: getCallCapablePhoneAccounts - includeDisabledAccounts : false / callingPackage : com.android.phone / callingUser : UserHandle{0} / hasCrossUserAccess : true
05-07 16:44:28.146 2283 2283 W FaceWidgetMetadataParser: updatePackage() there is no metadata
05-07 16:44:28.146 2283 2283 D FaceWidgetMetadataParser: removePackage() key = org.qtproject.example.hellogles3
05-07 16:44:28.146 2145 2145 I VvmPkgInstalledRcvr: phoneAccountHandle : ComponentInfo{com.android.phone/com.android.services.telephony.TelephonyConnectionService}, E, UserHandle{0}
05-07 16:44:28.147 2145 2145 I VvmPkgInstalledRcvr: pinnedTelephonyManager : null
05-07 16:44:28.147 2145 2145 E VvmPkgInstalledRcvr: cannot create TelephonyManager from ComponentInfo{com.android.phone/com.android.services.telephony.TelephonyConnectionService}, E, UserHandle{0}
05-07 16:44:28.148 2283 2589 D PluginActionManager: Found 0 plugins
05-07 16:44:28.148 2283 2589 D PluginActionManager: queryPkg org.qtproject.example.hellogles3 com.android.systemui.action.PLUGIN_NOTIFICATION_MENU_ROW
05-07 16:44:28.148 2283 2589 D PluginActionManager: Found 0 plugins
05-07 16:44:28.148 2283 2589 D PluginActionManager: queryPkg org.qtproject.example.hellogles3 com.android.systemui.action.PLUGIN_VOLUME
05-07 16:44:28.149 1349 1924 D ActivityManager: Received BROADCAST intent 0x2ded23 Key{broadcastIntent pkg=com.android.systemui intent=act=com.samsung.android.app.edgelighting.PACKAGE_ADDED cmp=com.android.systemui/.edgelighting.EdgeLightingReceiver$1 flags=0x2000000 u=0} requestCode=0 sent=0 from uid 1000
05-07 16:44:28.149 1349 1924 D SEP_UNION_SemDeviceInfoManagerService: Send intent com.samsung.android.app.edgelighting.PACKAGE_ADDED, userId: 0 by broadcast
05-07 16:44:28.149 24172 24172 I ContentBlock.Receiver: onReceive is called
05-07 16:44:28.149 24172 24172 I ContentBlock.Receiver: shouldHandleAction is false
05-07 16:44:28.149 2283 2589 D PluginActionManager: Found 0 plugins
05-07 16:44:28.149 2283 2589 D PluginActionManager: queryPkg org.qtproject.example.hellogles3 com.samsung.systemui.action.PLUGIN_FACE_WIDGET
05-07 16:44:28.149 2283 2589 D PluginActionManager: Too many of com.samsung.systemui.action.PLUGIN_FACE_WIDGET
05-07 16:44:28.149 2283 2589 D PluginActionManager: queryPkg org.qtproject.example.hellogles3 com.android.systemui.action.PLUGIN_NOTIFICATION_MENU_ROW
05-07 16:44:28.151 1349 1969 W PackageConfigPersister: App-specific configuration not found for packageName: org.qtproject.example.hellogles3 and userId: 0
05-07 16:44:28.151 2283 2589 D PluginActionManager: Found 0 plugins
05-07 16:44:28.151 2283 2589 D PluginActionManager: queryPkg org.qtproject.example.hellogles3 com.android.systemui.action.PLUGIN_NOTIFICATION_ASSISTANT
05-07 16:44:28.152 2283 2589 D PluginActionManager: Found 0 plugins
05-07 16:44:28.152 2283 2589 D PluginActionManager: queryPkg org.qtproject.example.hellogles3 com.android.systemui.action.PLUGIN_NOTIFICATION_MENU_ROW
05-07 16:44:28.155 25030 25030 E ndroid.keychain: Not starting debugger since process cannot load the jdwp agent.
05-07 16:44:28.156 2283 2589 D PluginActionManager: Found 0 plugins
05-07 16:44:28.157 2283 2589 D PluginActionManager: queryPkg org.qtproject.example.hellogles3 com.android.systemui.action.PLUGIN_QS
05-07 16:44:28.157 2283 2589 D PluginActionManager: Found 0 plugins
05-07 16:44:28.157 2283 2589 D PluginActionManager: queryPkg org.qtproject.example.hellogles3 com.android.systemui.action.PLUGIN_TOAST
05-07 16:44:28.159 2283 2589 D PluginActionManager: Found 0 plugins
05-07 16:44:28.159 2283 2589 D PluginActionManager: queryPkg org.qtproject.example.hellogles3 com.android.systemui.action.PLUGIN_NOTIFICATION_MENU_ROW
05-07 16:44:28.162 1349 1809 I ActivityManager: broadcastAllowList remove BroadcastFilter{8cfe217 10077/u0 ReceiverList{fa5f696 23501 com.microsoft.skydrive/10077/u0 remote:8b3a1b1}}
05-07 16:44:28.162 2283 2589 D PluginActionManager: Found 0 plugins
05-07 16:44:28.162 2283 2589 D PluginActionManager: queryPkg org.qtproject.example.hellogles3 com.android.systemui.action.PLUGIN_OVERLAY
05-07 16:44:28.163 2283 2589 D PluginActionManager: Found 0 plugins
05-07 16:44:28.163 2283 2589 D PluginActionManager: queryPkg org.qtproject.example.hellogles3 com.android.systemui.action.PLUGIN_CLOCK_PROVIDER
05-07 16:44:28.163 2283 2589 D PluginActionManager: Found 0 plugins
05-07 16:44:28.163 2283 2589 D PluginActionManager: queryPkg org.qtproject.example.hellogles3 com.android.systemui.action.PLUGIN_NOTIFICATION_MENU_ROW
05-07 16:44:28.163 2283 2589 D PluginActionManager: Found 0 plugins
05-07 16:44:28.167 2145 9024 D SemCarrierFeature: [get] phoneId should be 0 or 1
05-07 16:44:28.168 1349 1349 D SGM:GameManager: identifyGamePackage. org.qtproject.example.hellogles3, mCurrentUserId: 0, callerUserId: 0, callingMethodInfo: com.samsung.android.game.SemGameManager.isGamePackage(SemGameManager.java:109)
05-07 16:44:28.168 1349 1349 D SGM:PkgDataHelper: getGamePkgData(). org.qtproject.example.hellogles3
05-07 16:44:28.168 1349 1349 D SGM:SemGameManager: isGamePackage(), pkgName=org.qtproject.example.hellogles3, ret=false
05-07 16:44:28.170 1349 2093 D SGM:GameManager: identifyGamePackage. org.qtproject.example.hellogles3, mCurrentUserId: 0, callerUserId: 0, callingMethodInfo: com.samsung.android.game.SemGameManager.isGamePackage(SemGameManager.java:109)
05-07 16:44:28.171 1349 2093 D SGM:PkgDataHelper: getGamePkgData(). org.qtproject.example.hellogles3
05-07 16:44:28.171 1349 2093 D SGM:SemGameManager: isGamePackage(), pkgName=org.qtproject.example.hellogles3, ret=false
05-07 16:44:28.171 1349 1349 I Telecom:SamsungOpenCommunicationPlatformPolicyPackageBroadcastReceiver: action : android.intent.action.PACKAGE_ADDED / packageName : org.qtproject.example.hellogles3
05-07 16:44:28.172 24132 24132 I Routine@Core[4.5.00.57]: RoutineService: onCreate
05-07 16:44:28.172 1349 2905 I Telecom:SamsungOpenCommunicationPlatformPolicyPackageHandler: handleMessage : 0
05-07 16:44:28.172 24132 24132 I Routine@Core[4.5.00.57]: ServiceExt: setServiceForeground: isForeground=true, reason=ROUTINE_SERVICE
05-07 16:44:28.172 1349 2905 I Telecom:SamsungAllowedPhoneAccountFilterManager: filterSalesCode - option : EXCLUDE / allowedPhoneAccount : SamsungJsonPhoneAccount { RawData : {"package_name":"com.google.android.apps.tachyon","component_name":"","sales_code_option":"exclude","sales_codes":["CDR","UFN","UFU","SAM","CHC","TCE","GCF"],"model_names":[],"orders":{"default":200,"SKC":900,"KTC":900,"LUC":900}} / PackageName : com.google.android.apps.tachyon / ComponentName : / SalesCodeOption : exclude / SalesCodes : [CDR, UFN, UFU, SAM, CHC, TCE, GCF] / ModelNameOption : null / ModelNames : [] / Orders : {default=200, SKC=900, KTC=900, LUC=900} / Order : 200
05-07 16:44:28.172 1349 2905 I Telecom:SamsungAllowedPhoneAccountFilterManager: filterModelName - option : ALL / allowedPhoneAccount : SamsungJsonPhoneAccount { RawData : {"package_name":"com.google.android.apps.tachyon","component_name":"","sales_code_option":"exclude","sales_codes":["CDR","UFN","UFU","SAM","CHC","TCE","GCF"],"model_names":[],"orders":{"default":200,"SKC":900,"KTC":900,"LUC":900}} / PackageName : com.google.android.apps.tachyon / ComponentName : / SalesCodeOption : exclude / SalesCodes : [CDR, UFN, UFU, SAM, CHC, TCE, GCF] / ModelNameOption : null / ModelNames : [] / Orders : {default=200, SKC=900, KTC=900, LUC=900} / Order : 200
05-07 16:44:28.172 1349 2905 I Telecom:SamsungAllowedPhoneAccountFilterManager: filterSalesCode - option : INCLUDE / allowedPhoneAccount : SamsungJsonPhoneAccount { RawData : {"package_name":"com.skt.prod.together","component_name":"","sales_code_option":"include","sales_codes":["SKC","KOO"],"model_names":[],"orders":{"SKC":100}} / PackageName : com.skt.prod.together / ComponentName : / SalesCodeOption : include / SalesCodes : [SKC, KOO] / ModelNameOption : null / ModelNames : [] / Orders : {SKC=100} / Order : 1000
05-07 16:44:28.175 972 23421 I sensors-hal: handle_sns_client_event:44, ambient_light_event: ts=521073869272225, event=616.000000
05-07 16:44:28.175 1349 1924 D ActivityManager: Received SERVICE intent 0x98f9860 Key{startService pkg=com.samsung.android.app.routines intent=act=com.samsung.android.routine.ACTION_PACKAGE_CHANGED cmp=com.samsung.android.app.routines/.domainmodel.service.RoutineService flags=0x2000000 u=0} requestCode=10000 from uid 1000
05-07 16:44:28.175 1349 1924 D SEP_UNION_SemDeviceInfoManagerService: Send intent com.samsung.android.routine.ACTION_PACKAGE_CHANGED, userId: 0 by broadcast
05-07 16:44:28.183 25039 25039 I id.bbc.bbcagent: Using CollectorTypeCC GC.
05-07 16:44:28.188 1349 1349 V BackupManagerConstants: getFullBackupIntervalMilliseconds(...) returns 86400000
05-07 16:44:28.188 1349 1349 V BackupManagerConstants: getFullBackupRequiredNetworkType(...) returns 2
05-07 16:44:28.189 1349 1349 V BackupManagerConstants: getFullBackupRequireCharging(...) returns true
05-07 16:44:28.189 1349 1349 D CompatibilityChangeReporter: Compat change id reported: 271850009; UID 1000; state: ENABLED
05-07 16:44:28.190 1349 1349 D CompatibilityChangeReporter: Compat change id reported: 271850009; UID 1000; state: DISABLED
05-07 16:44:28.193 25039 25039 E id.bbc.bbcagent: Not starting debugger since process cannot load the jdwp agent.
05-07 16:44:28.193 24132 24132 I Routine@Core[4.5.00.57]: RoutineService: onStartCommand: com.samsung.android.routine.ACTION_PACKAGE_CHANGED
05-07 16:44:28.193 1349 1349 D CompatibilityChangeReporter: Compat change id reported: 253665015; UID 1000; state: ENABLED
05-07 16:44:28.194 24132 24132 I Routine@Core[4.5.00.57]: MetadataLoaderImpl: collectInBackground - packageName:org.qtproject.example.hellogles3
05-07 16:44:28.194 1349 1349 D CompatibilityChangeReporter: Compat change id reported: 253665015; UID 1000; state: DISABLED
05-07 16:44:28.194 1349 1924 D ActivityManager: Received BROADCAST intent 0xfd7f4dd Key{broadcastIntent pkg=com.sec.android.app.sbrowser intent=act=com.sec.android.app.sbrowser.pending_intent.SIX cmp=com.sec.android.app.sbrowser/.extensions.SixPackageReceiver flags=0x2000000 u=0} requestCode=0 sent=0 from uid 1000
05-07 16:44:28.194 1349 1924 D SEP_UNION_SemDeviceInfoManagerService: Send intent com.sec.android.app.sbrowser.pending_intent.SIX, userId: 0 by broadcast
05-07 16:44:28.194 24132 24132 I Routine@Core[4.5.00.57]: MetadataSyncBacklog: add: null + org.qtproject.example.hellogles3
05-07 16:44:28.194 24132 24132 I Routine@Core[4.5.00.57]: Pref: putSharedPrefsData() key=meta_loading_target_package_name
05-07 16:44:28.195 1349 1924 D ActivityManager: Received BROADCAST intent 0x2de43cc Key{broadcastIntent pkg=com.sec.android.app.sbrowser intent=act=com.sec.android.app.sbrowser.pending_intent.ContentBlock cmp=com.sec.android.app.sbrowser/.blockers.content_block.ContentBlockReceiver flags=0x2000000 u=0} requestCode=0 sent=0 from uid 1000
05-07 16:44:28.195 1349 1924 D SEP_UNION_SemDeviceInfoManagerService: Send intent com.sec.android.app.sbrowser.pending_intent.ContentBlock, userId: 0 by broadcast
05-07 16:44:28.196 2597 2597 D HidDeviceService: handleMessage(): msg.what=8
05-07 16:44:28.197 25030 25030 D ActivityThread: setConscryptValidator
05-07 16:44:28.197 25030 25030 D ActivityThread: setConscryptValidator - put
05-07 16:44:28.199 1349 1378 D CompatibilityChangeReporter: Compat change id reported: 253665015; UID 10047; state: DISABLED
05-07 16:44:28.199 1349 1378 D CompatibilityChangeReporter: Compat change id reported: 253665015; UID 10047; state: ENABLED
05-07 16:44:28.199 1349 1378 D CompatibilityChangeReporter: Compat change id reported: 194532703; UID 10047; state: ENABLED
05-07 16:44:28.199 1349 1349 D CompatibilityChangeReporter: Compat change id reported: 194532703; UID 1000; state: ENABLED
05-07 16:44:28.207 1349 1809 I PackageManager: result of install: 1{139064430}
05-07 16:44:28.207 616 616 D io_stats: !@ 8,0 r 2657336 75616844 w 570160 20377176 d 88561 17081004 f 0 0 iot 1628476 0 th 0 0 0 pt 0 inp 0 0 78898.246
05-07 16:44:28.207 616 616 D io_stats: !@ Read_top(KB): binder:1393_2(1393) 1032 system_server(1349) 320 loop27(750) 220
05-07 16:44:28.208 616 616 D io_stats: !@ Write_top(KB): system_server(1349) 19720 android.vending(23866) 416
05-07 16:44:28.209 1349 1809 D PackageInstallerSession: Marking session 163865117 as applied
05-07 16:44:28.210 1349 2093 D SemWifiPackageInfo: isSkipCategory - skip:NONE
05-07 16:44:28.213 840 840 E audit : type=1400 audit(1715089468.207:34031): avc: denied { getopt } for pid=1349 comm="binder:1349_1C" scontext=u:r:system_server:s0 tcontext=u:r:shell:s0 tclass=unix_stream_socket permissive=0 SEPF_SM-X210_12_0001 audit_filtered
05-07 16:44:28.213 840 840 E audit : type=1400 audit(1715089468.207:34032): avc: denied { getopt } for pid=1349 comm="binder:1349_1C" scontext=u:r:system_server:s0 tcontext=u:r:shell:s0 tclass=unix_stream_socket permissive=0 SEPF_SM-X210_12_0001 audit_filtered
05-07 16:44:28.213 840 840 E audit : type=1400 audit(1715089468.207:34033): avc: denied { getopt } for pid=1349 comm="binder:1349_1C" scontext=u:r:system_server:s0 tcontext=u:r:shell:s0 tclass=unix_stream_socket permissive=0 SEPF_SM-X210_12_0001 audit_filtered
05-07 16:44:28.215 1349 2797 D CompatibilityChangeReporter: Compat change id reported: 168419799; UID 1000; state: DISABLED
05-07 16:44:28.216 1349 2797 D CompatibilityChangeReporter: Compat change id reported: 273564678; UID 1000; state: DISABLED
05-07 16:44:28.217 25039 25039 D ActivityThread: setConscryptValidator
05-07 16:44:28.218 25039 25039 D ActivityThread: setConscryptValidator - put
05-07 16:44:28.218 2625 21001 I HoneySpace.InstallSessionSourceImpl: onFinished 163865117, true
05-07 16:44:28.224 23429 23441 I PermissionControllerServiceImpl: Updating user sensitive for uid 10257
05-07 16:44:28.227 1349 2176 D CompatibilityChangeReporter: Compat change id reported: 168419799; UID 1000; state: DISABLED
05-07 16:44:28.228 1349 2176 D CompatibilityChangeReporter: Compat change id reported: 273564678; UID 1000; state: DISABLED
05-07 16:44:28.230 25030 25030 D CompatibilityChangeReporter: Compat change id reported: 171979766; UID 1000; state: ENABLED
05-07 16:44:28.230 13933 25031 I ProximityAuth: [RecentAppsMediator] Package added: (user=UserHandle{0}) org.qtproject.example.hellogles3
05-07 16:44:28.230 25030 25030 D CompatibilityChangeReporter: Compat change id reported: 242716250; UID 1000; state: ENABLED
05-07 16:44:28.234 23951 25065 I Auth : [SupervisedAccountIntentOperation] onHandleIntent(): android.intent.action.PACKAGE_ADDED
05-07 16:44:28.243 25039 25039 D CompatibilityChangeReporter: Compat change id reported: 171979766; UID 1000; state: ENABLED
05-07 16:44:28.243 25039 25039 D CompatibilityChangeReporter: Compat change id reported: 242716250; UID 1000; state: DISABLED
05-07 16:44:28.244 840 840 E audit : type=1400 audit(1715089468.239:34034): avc: denied { ioctl } for pid=23951 comm="ON_EXECUTE_TASK" path="/data/data/com.google.android.gms/databases/gass.db" dev="dm-51" ino=10093 ioctlcmd=0xf522 scontext=u:r:gmscore_app:s0:c512,c768 tcontext=u:object_r:privapp_data_file:s0:c512,c768 tclass=file permissive=0 SEPF_SM-X210_12_0001 audit_filtered
05-07 16:44:28.247 1349 3073 D PkgPredictorService-MultiUserPkgManager: mInstalledPkgMapUid contain 10257
05-07 16:44:28.247 1349 1349 D CompatibilityChangeReporter: Compat change id reported: 218533173; UID 10257; state: ENABLED
05-07 16:44:28.249 1349 1349 D CompatibilityChangeReporter: Compat change id reported: 171306433; UID 10257; state: ENABLED
05-07 16:44:28.249 1349 1349 W AlarmManager: Package org.qtproject.example.hellogles3, uid 10257 lost permission to set exact alarms!
05-07 16:44:28.250 24172 24172 E SixBlocklistData: isBlockedByBlocklist: no blocklist was stored
05-07 16:44:28.254 1349 2105 I SdkSandboxManager: No SDKs used. Skipping SDK data reconcilation for CallingInfo{mUid=10257, mPackageName='org.qtproject.example.hellogles3, mAppProcessToken='null'}
05-07 16:44:28.254 23866 23866 I Finsky : [2] yhv.g(1): yhv - Received: android.intent.action.PACKAGE_REMOVED, [-rYTD8Grw7GH5UNIVFnWxbsnksHWS8lFJFsdo2zUT8g]
05-07 16:44:28.254 2283 2589 D PluginActionManager: queryPkg org.qtproject.example.hellogles3 com.android.systemui.action.PLUGIN_NOTIFICATION_MENU_ROW
05-07 16:44:28.254 2283 2283 D SPluginManagerImpl: onReceive: android.intent.action.PACKAGE_REPLACED, size:{com.android.systemui.navigationbar.plugin.PluginBarInteractionManager$pluginListener$1@d5a550=SPluginInstanceManager@160667940 (action=com.samsung.systemui.navigationbar.PLUGIN), com.android.systemui.slimindicator.SlimIndicatorPluginMediator@1ede4b0=SPluginInstanceManager@39410829 (action=com.samsung.systemui.action.SPLUGIN_SLIMINDICATOR), com.android.systemui.volume.VolumeStarInteractor$start$1@5deec0b=SPluginInstanceManager@206409282 (action=com.samsung.systemui.volume.PLUGIN), com.samsung.android.systemui.multistar.MultiStarManager$2@8236a23=SPluginInstanceManager@124378707 (action=com.samsung.systemui.action.PLUGIN_MULTISTAR), com.android.systemui.pluginlock.PluginLockMediatorImpl@8e6ec65=SPluginInstanceManager@16982928 (action=com.samsung.systemui.action.PLUGIN_LOCK), com.android.systemui.lockstar.PluginLockStarManager@a04414a=SPluginInstanceManager@76297353 (action=com.samsung.systemui.action.PLUGIN_LOCK_STAR), com.android.systemui.noticenter.NotiCenterPlugin$NotiCenterPluginListener@e84b3a0=SPluginInstanceManager@44715150 (action=com.samsung.systemui.action.PLUGIN_NOTICENTER)}
05-07 16:44:28.255 1349 1924 D SEP_UNION_SemDeviceInfoManagerService: onReceive : android.intent.action.PACKAGE_REPLACED, userId = 0
05-07 16:44:28.256 2283 2283 D ControlsListingControllerImpl: ServiceConfig reloaded, count: 0
05-07 16:44:28.256 2283 2589 D PluginActionManager: Found 0 plugins
05-07 16:44:28.256 2283 2589 D PluginActionManager: queryPkg org.qtproject.example.hellogles3 com.android.systemui.action.PLUGIN_NOTIFICATION_MENU_ROW
05-07 16:44:28.256 2283 2589 D PluginActionManager: Found 0 plugins
05-07 16:44:28.256 1349 2146 D SGM:GameManager: identifyGamePackage. org.qtproject.example.hellogles3, mCurrentUserId: 0, callerUserId: 0, callingMethodInfo: com.samsung.android.game.SemGameManager.isGamePackage(SemGameManager.java:109)
05-07 16:44:28.257 2283 2589 D PluginActionManager: queryPkg org.qtproject.example.hellogles3 com.android.systemui.action.PLUGIN_NOTIFICATION_MENU_ROW
05-07 16:44:28.257 1349 2146 D SGM:PkgDataHelper: getGamePkgData(). org.qtproject.example.hellogles3
05-07 16:44:28.257 1349 2146 D SGM:SemGameManager: isGamePackage(), pkgName=org.qtproject.example.hellogles3, ret=false
05-07 16:44:28.257 1349 2146 I Pageboost: appinfo : org.qtproject.example.hellogles3 0 0 0 0
05-07 16:44:28.258 1349 2146 D SGM:GameManager: identifyGamePackage. org.qtproject.example.hellogles3, mCurrentUserId: 0, callerUserId: 0, callingMethodInfo: com.samsung.android.game.SemGameManager.isGamePackage(SemGameManager.java:109)
05-07 16:44:28.258 1349 2146 D SGM:PkgDataHelper: getGamePkgData(). org.qtproject.example.hellogles3
05-07 16:44:28.258 1349 2146 D SGM:SemGameManager: isGamePackage(), pkgName=org.qtproject.example.hellogles3, ret=false
05-07 16:44:28.259 1349 2146 I Pageboost: Reset this app info : org.qtproject.example.hellogles3
05-07 16:44:28.262 2283 2589 D PluginActionManager: Found 0 plugins
05-07 16:44:28.262 2283 2589 D PluginActionManager: queryPkg org.qtproject.example.hellogles3 com.android.systemui.action.PLUGIN_QS_FACTORY
05-07 16:44:28.263 1349 2093 W SemWifiTransportLayerUtils: getApplicationCategory - IOException org.qtproject.example.hellogles3
05-07 16:44:28.263 1349 2093 W System.err: java.net.UnknownHostException: Unable to resolve host "play.google.com": No address associated with hostname
05-07 16:44:28.263 1349 2093 W System.err: at java.net.Inet6AddressImpl.lookupHostByName(Inet6AddressImpl.java:156)
05-07 16:44:28.263 1349 2093 W System.err: at java.net.Inet6AddressImpl.lookupAllHostAddr(Inet6AddressImpl.java:103)
05-07 16:44:28.263 1349 2093 W System.err: at java.net.InetAddress.getAllByName(InetAddress.java:1152)
05-07 16:44:28.263 1349 2093 W System.err: at com.android.okhttp.Dns$1.lookup(Dns.java:41)
05-07 16:44:28.263 1349 2093 W System.err: at com.android.okhttp.internal.http.RouteSelector.resetNextInetSocketAddress(RouteSelector.java:178)
05-07 16:44:28.263 1349 2093 W System.err: at com.android.okhttp.internal.http.RouteSelector.nextProxy(RouteSelector.java:144)
05-07 16:44:28.263 1349 2093 W System.err: at com.android.okhttp.internal.http.RouteSelector.next(RouteSelector.java:86)
05-07 16:44:28.263 1349 2093 W System.err: at com.android.okhttp.internal.http.StreamAllocation.findConnection(StreamAllocation.java:176)
05-07 16:44:28.263 1349 2093 W System.err: at com.android.okhttp.internal.http.StreamAllocation.findHealthyConnection(StreamAllocation.java:128)
05-07 16:44:28.263 1349 2093 W System.err: at com.android.okhttp.internal.http.StreamAllocation.newStream(StreamAllocation.java:97)
05-07 16:44:28.263 1349 2093 W System.err: at com.android.okhttp.internal.http.HttpEngine.connect(HttpEngine.java:289)
05-07 16:44:28.263 1349 2093 W System.err: at com.android.okhttp.internal.http.HttpEngine.sendRequest(HttpEngine.java:232)
05-07 16:44:28.263 1349 2093 W System.err: at com.android.okhttp.internal.huc.HttpURLConnectionImpl.execute(HttpURLConnectionImpl.java:465)
05-07 16:44:28.263 1349 2093 W System.err: at com.android.okhttp.internal.huc.HttpURLConnectionImpl.getResponse(HttpURLConnectionImpl.java:411)
05-07 16:44:28.263 1349 2093 W System.err: at com.android.okhttp.internal.huc.HttpURLConnectionImpl.getInputStream(HttpURLConnectionImpl.java:248)
05-07 16:44:28.263 1349 2093 W System.err: at com.android.okhttp.internal.huc.DelegatingHttpsURLConnection.getInputStream(DelegatingHttpsURLConnection.java:211)
05-07 16:44:28.263 1349 2093 W System.err: at com.android.okhttp.internal.huc.HttpsURLConnectionImpl.getInputStream(HttpsURLConnectionImpl.java:30)
05-07 16:44:28.263 1349 2093 W System.err: at com.samsung.android.server.wifi.tcp.SemWifiTransportLayerUtils.getApplicationCategory(SemWifiTransportLayerUtils.java:105)
05-07 16:44:28.263 1349 2093 W System.err: at com.samsung.android.server.wifi.tcp.SemWifiTransportLayerMonitor$TcpMonitorHandler.handleMessage(SemWifiTransportLayerMonitor.java:499)
05-07 16:44:28.263 1349 2093 W System.err: at android.os.Handler.dispatchMessage(Handler.java:106)
05-07 16:44:28.263 1349 2093 W System.err: at android.os.Looper.loopOnce(Looper.java:230)
05-07 16:44:28.263 1349 2093 W System.err: at android.os.Looper.loop(Looper.java:319)
05-07 16:44:28.263 1349 2093 W System.err: at android.os.HandlerThread.run(HandlerThread.java:67)
05-07 16:44:28.263 1349 2093 W System.err: Caused by: android.system.GaiException: android_getaddrinfo failed: EAI_NODATA (No address associated with hostname)
05-07 16:44:28.263 1349 2093 W System.err: at libcore.io.Linux.android_getaddrinfo(Native Method)
05-07 16:44:28.263 1349 2093 W System.err: at libcore.io.ForwardingOs.android_getaddrinfo(ForwardingOs.java:133)
05-07 16:44:28.263 1349 2093 W System.err: at libcore.io.BlockGuardOs.android_getaddrinfo(BlockGuardOs.java:222)
05-07 16:44:28.263 1349 2093 W System.err: at java.net.Inet6AddressImpl.lookupHostByName(Inet6AddressImpl.java:135)
05-07 16:44:28.263 1349 2093 W System.err: ... 22 more
05-07 16:44:28.263 1349 2093 D SemWifiTransportLayerMonitor.TcpMonitorHandler: MSG_SAVE_PACKAGE_INFO
05-07 16:44:28.263 1349 2093 D SemWifiTransportLayerFileManager: saveWifiPackageInfoToFile
05-07 16:44:28.263 1349 2093 D SemWifiTransportLayerFileManager: writeWifiPackageInfoList
05-07 16:44:28.263 1349 2146 I Pageboost: db create : CREATE TABLE IF NOT EXISTS orgqtprojectexamplehellogles3 (FILENAME TEXT, OFFSET INTEGER, SIZE INTEGER, FORVRAMDISK INTEGER, BITMAP BLOB, unique (FILENAME, OFFSET) );
05-07 16:44:28.264 1349 1944 I InputReader: Reconfiguring input devices, changes=KEYBOARD_LAYOUTS
05-07 16:44:28.264 2283 2589 D PluginActionManager: Found 0 plugins
05-07 16:44:28.265 2283 2589 D PluginActionManager: queryPkg org.qtproject.example.hellogles3 com.android.systemui.action.PEOPLE_HUB_PERSON_EXTRACTOR
05-07 16:44:28.265 1349 1924 D ActivityManager: Received BROADCAST intent 0x5e4a07e Key{broadcastIntent pkg=com.sec.android.diagmonagent intent=act=com.sec.android.diagmonagent.intent.PACKAGE_REPLACED pkg=com.sec.android.diagmonagent cmp=com.sec.android.diagmonagent/.sa.datalogging.monitor.AppInstallationMonitor$AppInstallationBroadcastReceiver flags=0x2000000 u=0} requestCode=0 sent=0 from uid 1000
05-07 16:44:28.265 1349 1924 D SEP_UNION_SemDeviceInfoManagerService: Send intent com.sec.android.diagmonagent.intent.PACKAGE_REPLACED, userId: 0 by broadcast
05-07 16:44:28.265 2283 2589 D PluginActionManager: Found 0 plugins
05-07 16:44:28.265 2283 2589 D PluginActionManager: queryPkg org.qtproject.example.hellogles3 com.android.systemui.action.PLUGIN_SENSOR_MANAGER
05-07 16:44:28.265 2283 2589 D PluginActionManager: Found 0 plugins
05-07 16:44:28.265 2283 2589 D PluginActionManager: queryPkg org.qtproject.example.hellogles3 com.android.systemui.action.PLUGIN_GLOBAL_ACTIONS
05-07 16:44:28.265 1349 2093 D SemWifiTransportLayerMonitor.TcpMonitorHandler: MSG_SAVE_PACKAGE_INFO
05-07 16:44:28.265 1349 2093 D SemWifiTransportLayerFileManager: saveWifiPackageInfoToFile
05-07 16:44:28.265 1349 2093 D SemWifiTransportLayerFileManager: writeWifiPackageInfoList
05-07 16:44:28.266 1349 1924 D ActivityManager: Received BROADCAST intent 0x1dd81ad Key{broadcastIntent pkg=com.android.systemui intent=act=com.samsung.android.app.edgelighting.PACKAGE_REPLACED cmp=com.android.systemui/.edgelighting.EdgeLightingReceiver$1 flags=0x2000000 u=0} requestCode=0 sent=0 from uid 1000
05-07 16:44:28.266 1349 1924 D SEP_UNION_SemDeviceInfoManagerService: Send intent com.samsung.android.app.edgelighting.PACKAGE_REPLACED, userId: 0 by broadcast
05-07 16:44:28.266 24132 24132 I Routine@Core[4.5.00.57]: MetadataLoaderJobService: onCreate
05-07 16:44:28.266 24132 24132 I Routine@Core[4.5.00.57]: Pref: putSharedPrefsData() key=pref_metaloader_loading
05-07 16:44:28.269 2283 2589 D PluginActionManager: Found 0 plugins
05-07 16:44:28.269 2283 2589 D PluginActionManager: queryPkg org.qtproject.example.hellogles3 com.android.systemui.action.PLUGIN_NOTIFICATION_MENU_ROW
05-07 16:44:28.270 1349 1924 D ActivityManager: Received BROADCAST intent 0xfd7f4dd Key{broadcastIntent pkg=com.sec.android.app.sbrowser intent=act=com.sec.android.app.sbrowser.pending_intent.SIX cmp=com.sec.android.app.sbrowser/.extensions.SixPackageReceiver flags=0x2000000 u=0} requestCode=0 sent=0 from uid 1000
05-07 16:44:28.270 13933 25085 I Fitness : (REDACTED) FitCleanupIntentOperation received Intent %s
05-07 16:44:28.271 1349 1720 I Pointer : Device Changed: Input Device 6: holi-qrdsku1-snd-card Button Jack
05-07 16:44:28.271 1349 1720 I Pointer : Descriptor: 75b43ea78eea900cb4006a6c5642bfc652b8f755
05-07 16:44:28.271 1349 1720 I Pointer : Generation: 1568
05-07 16:44:28.271 1349 1720 I Pointer : Location: built-in
05-07 16:44:28.271 1349 1720 I Pointer : Keyboard Type: non-alphabetic
05-07 16:44:28.271 1349 1720 I Pointer : Has Vibrator: false
05-07 16:44:28.271 1349 1720 I Pointer : Has Sensor: false
05-07 16:44:28.271 1349 1720 I Pointer : Has battery: false
05-07 16:44:28.271 1349 1720 I Pointer : Has mic: false
05-07 16:44:28.271 1349 1720 I Pointer : USI Version: null
05-07 16:44:28.271 1349 1720 I Pointer : Sources: 0x101 ( keyboard )
05-07 16:44:28.271 1349 1720 I Pointer : Device Changed: Input Device 4: gpio-keys
05-07 16:44:28.271 1349 1720 I Pointer : Descriptor: 485d69228e24f5e46da1598745890b214130dbc4
05-07 16:44:28.271 1349 1720 I Pointer : Generation: 1571
05-07 16:44:28.271 1349 1720 I Pointer : Location: built-in
05-07 16:44:28.271 1349 1720 I Pointer : Keyboard Type: non-alphabetic
05-07 16:44:28.271 1349 1720 I Pointer : Has Vibrator: false
05-07 16:44:28.271 1349 1720 I Pointer : Has Sensor: false
05-07 16:44:28.271 1349 1720 I Pointer : Has battery: false
05-07 16:44:28.271 1349 1720 I Pointer : Has mic: false
05-07 16:44:28.271 1349 1720 I Pointer : USI Version: null
05-07 16:44:28.271 1349 1720 I Pointer : Sources: 0x101 ( keyboard )
05-07 16:44:28.271 1349 1720 I Pointer : Device Changed: Input Device 3: qpnp_pon
05-07 16:44:28.271 1349 1720 I Pointer : Descriptor: fb60d4f4370f5dbe8267b63d38dea852987571ab
05-07 16:44:28.271 1349 1720 I Pointer : Generation: 1569
05-07 16:44:28.271 1349 1720 I Pointer : Location: built-in
05-07 16:44:28.271 1349 1720 I Pointer : Keyboard Type: non-alphabetic
05-07 16:44:28.271 1349 1720 I Pointer : Has Vibrator: false
05-07 16:44:28.271 1349 1720 I Pointer : Has Sensor: false
05-07 16:44:28.271 1349 1720 I Pointer : Has battery: false
05-07 16:44:28.271 1349 1720 I Pointer : Has mic: false
05-07 16:44:28.271 1349 1720 I Pointer : USI Version: null
05-07 16:44:28.271 1349 1720 I Pointer : Sources: 0x101 ( keyboard )
05-07 16:44:28.271 24132 24132 I Routine@Core[4.5.00.57]: RoutineService: onDestroy
05-07 16:44:28.271 24132 24132 I Routine@Core[4.5.00.57]: ServiceExt: setServiceForeground: isForeground=false, reason=ROUTINE_SERVICE
05-07 16:44:28.272 1349 1720 I Pointer : Device Changed: Input Device 2: chipone-tddi
05-07 16:44:28.272 1349 1720 I Pointer : Descriptor: 93e5de292b7fd3af75f1bfb74d1723edcbc2ebee
05-07 16:44:28.272 1349 1720 I Pointer : Generation: 1570
05-07 16:44:28.272 1349 1720 I Pointer : Location: built-in
05-07 16:44:28.272 1349 1720 I Pointer : Keyboard Type: non-alphabetic
05-07 16:44:28.272 1349 1720 I Pointer : Has Vibrator: false
05-07 16:44:28.272 1349 1720 I Pointer : Has Sensor: false
05-07 16:44:28.272 1349 1720 I Pointer : Has battery: false
05-07 16:44:28.272 1349 1720 I Pointer : Has mic: false
05-07 16:44:28.272 1349 1720 I Pointer : USI Version: null
05-07 16:44:28.272 1349 1720 I Pointer : Sources: 0x1103 ( keyboard touchscreen )
05-07 16:44:28.272 1349 1720 I Pointer : AXIS_X: source=0x1002 min=0.0 max=1199.0 flat=0.0 fuzz=0.0 resolution=0.0
05-07 16:44:28.272 1349 1720 I Pointer : AXIS_Y: source=0x1002 min=0.0 max=1919.0 flat=0.0 fuzz=0.0 resolution=0.0
05-07 16:44:28.272 1349 1720 I Pointer : AXIS_PRESSURE: source=0x1002 min=0.0 max=1.0 flat=0.0 fuzz=0.0 resolution=0.0
05-07 16:44:28.272 1349 1720 I Pointer : AXIS_SIZE: source=0x1002 min=0.0 max=1.0 flat=0.0 fuzz=0.0 resolution=0.0
05-07 16:44:28.272 1349 1720 I Pointer : AXIS_TOUCH_MAJOR: source=0x1002 min=0.0 max=2264.1555 flat=0.0 fuzz=0.0 resolution=0.0
05-07 16:44:28.272 1349 1720 I Pointer : AXIS_TOUCH_MINOR: source=0x1002 min=0.0 max=2264.1555 flat=0.0 fuzz=0.0 resolution=0.0
05-07 16:44:28.272 1349 1720 I Pointer : AXIS_TOOL_MAJOR: source=0x1002 min=0.0 max=2264.1555 flat=0.0 fuzz=0.0 resolution=0.0
05-07 16:44:28.272 1349 1720 I Pointer : AXIS_TOOL_MINOR: source=0x1002 min=0.0 max=2264.1555 flat=0.0 fuzz=0.0 resolution=0.0
05-07 16:44:28.272 28251 28251 I HBD : c currentConnectionState : false
05-07 16:44:28.273 28251 28251 I HBD : c currentConnectionState : false
05-07 16:44:28.273 28251 28251 I HBD : c currentConnectionState : false
05-07 16:44:28.273 28251 28251 I HBD : c currentConnectionState : false
05-07 16:44:28.273 1349 1924 D SEP_UNION_SemDeviceInfoManagerService: Send intent com.sec.android.app.sbrowser.pending_intent.SIX, userId: 0 by broadcast
05-07 16:44:28.273 2283 2589 D PluginActionManager: Found 0 plugins
05-07 16:44:28.274 2283 2589 D PluginActionManager: queryPkg org.qtproject.example.hellogles3 com.android.systemui.action.PLUGIN_VOLUME
05-07 16:44:28.274 2283 2589 D PluginActionManager: Found 0 plugins
05-07 16:44:28.274 2283 2589 D PluginActionManager: queryPkg org.qtproject.example.hellogles3 com.samsung.systemui.action.PLUGIN_FACE_WIDGET
05-07 16:44:28.274 2283 2589 D PluginActionManager: Too many of com.samsung.systemui.action.PLUGIN_FACE_WIDGET
05-07 16:44:28.274 2283 2589 D PluginActionManager: queryPkg org.qtproject.example.hellogles3 com.android.systemui.action.PLUGIN_NOTIFICATION_MENU_ROW
05-07 16:44:28.274 2283 2589 D PluginActionManager: Found 0 plugins
05-07 16:44:28.274 2283 2589 D PluginActionManager: queryPkg org.qtproject.example.hellogles3 com.android.systemui.action.PLUGIN_NOTIFICATION_ASSISTANT
05-07 16:44:28.275 1349 1924 D ActivityManager: Received BROADCAST intent 0x2de43cc Key{broadcastIntent pkg=com.sec.android.app.sbrowser intent=act=com.sec.android.app.sbrowser.pending_intent.ContentBlock cmp=com.sec.android.app.sbrowser/.blockers.content_block.ContentBlockReceiver flags=0x2000000 u=0} requestCode=0 sent=0 from uid 1000
05-07 16:44:28.275 1349 1924 D SEP_UNION_SemDeviceInfoManagerService: Send intent com.sec.android.app.sbrowser.pending_intent.ContentBlock, userId: 0 by broadcast
05-07 16:44:28.275 972 23421 I sensors-hal: handle_sns_client_event:44, ambient_light_event: ts=521073969271704, event=614.000000
05-07 16:44:28.278 1349 2093 D SGM:GameManager: identifyGamePackage. org.qtproject.example.hellogles3, mCurrentUserId: 0, callerUserId: 0, callingMethodInfo: com.samsung.android.game.SemGameManager.isGamePackage(SemGameManager.java:109)
05-07 16:44:28.278 1349 2093 D SGM:PkgDataHelper: getGamePkgData(). org.qtproject.example.hellogles3
05-07 16:44:28.278 1349 2093 D SGM:SemGameManager: isGamePackage(), pkgName=org.qtproject.example.hellogles3, ret=false
05-07 16:44:28.278 840 840 E audit : type=1400 audit(1715089468.275:34035): avc: denied { ioctl } for pid=23951 comm="ar_help_history" path="/data/data/com.google.android.gms/databases/metrics.db.22" dev="dm-51" ino=11895 ioctlcmd=0xf522 scontext=u:r:gmscore_app:s0:c512,c768 tcontext=u:object_r:privapp_data_file:s0:c512,c768 tclass=file permissive=0 SEPF_SM-X210_12_0001 audit_filtered
05-07 16:44:28.279 24172 24172 I ContentBlock.Receiver: onReceive is called
05-07 16:44:28.279 24172 24172 I ContentBlock.Receiver: shouldHandleAction is false
05-07 16:44:28.281 24132 24132 I Routine@Core[4.5.00.57]: MetadataLoaderJobService: onStartJob: collectPackageInBG - org.qtproject.example.hellogles3
05-07 16:44:28.281 2283 2589 D PluginActionManager: Found 0 plugins
05-07 16:44:28.282 2283 2589 D PluginActionManager: queryPkg org.qtproject.example.hellogles3 com.android.systemui.action.PLUGIN_NOTIFICATION_MENU_ROW
05-07 16:44:28.283 25030 25030 W ziparchive: Unable to open '/system/framework/knoxsdk.dm': No such file or directory
05-07 16:44:28.283 25030 25030 W ziparchive: Unable to open '/system/framework/knoxsdk.dm': No such file or directory
05-07 16:44:28.286 2283 2589 D PluginActionManager: Found 0 plugins
05-07 16:44:28.286 2283 2589 D PluginActionManager: queryPkg org.qtproject.example.hellogles3 com.android.systemui.action.PLUGIN_QS
05-07 16:44:28.287 2283 2589 D PluginActionManager: Found 0 plugins
05-07 16:44:28.287 2283 2589 D PluginActionManager: queryPkg org.qtproject.example.hellogles3 com.android.systemui.action.PLUGIN_TOAST
05-07 16:44:28.289 24132 24132 I Routine@Core[4.5.00.57]: MetadataSyncHistory: latest : 4.5.00.57, currentVersion : 4.5.00.57
05-07 16:44:28.289 25039 25039 W id.bbc.bbcagent: ClassLoaderContext shared library size mismatch. Expected=1, found=0 (PCL[]{PCL[/system/framework/knoxsdk.jar*734230680]} | PCL[])
05-07 16:44:28.289 2283 2589 D PluginActionManager: Found 0 plugins
05-07 16:44:28.290 2283 2589 D PluginActionManager: queryPkg org.qtproject.example.hellogles3 com.android.systemui.action.PLUGIN_NOTIFICATION_MENU_ROW
05-07 16:44:28.290 2283 2589 D PluginActionManager: Found 0 plugins
05-07 16:44:28.290 2283 2589 D PluginActionManager: queryPkg org.qtproject.example.hellogles3 com.android.systemui.action.PLUGIN_OVERLAY
05-07 16:44:28.290 2283 2589 D PluginActionManager: Found 0 plugins
05-07 16:44:28.290 2283 2589 D PluginActionManager: queryPkg org.qtproject.example.hellogles3 com.android.systemui.action.PLUGIN_CLOCK_PROVIDER
05-07 16:44:28.290 24132 24132 I Routine@Core[4.5.00.57]: MetadataSyncHistory: latest : 4.5.00.57, currentVersion : 4.5.00.57
05-07 16:44:28.290 2283 2589 D PluginActionManager: Found 0 plugins
05-07 16:44:28.290 24132 24132 I Routine@Core[4.5.00.57]: MetadataLoaderJobService: packageName : org.qtproject.example.hellogles3, forced : true
05-07 16:44:28.290 2283 2589 D PluginActionManager: queryPkg org.qtproject.example.hellogles3 com.android.systemui.action.PLUGIN_NOTIFICATION_MENU_ROW
05-07 16:44:28.290 24132 24132 I Routine@Core[4.5.00.57]: MetadataLoadManager: asyncCollectPackage
05-07 16:44:28.291 2283 2589 D PluginActionManager: Found 0 plugins
05-07 16:44:28.291 24172 24172 E SixBlocklistData: isBlockedByBlocklist: no blocklist was stored
05-07 16:44:28.291 23866 23866 I Finsky : [2] sqt.ahg(63): IQ: onPackageRemoved org.qtproject.example.hellogles3, replacing=true, uninstallingFromPlay=false
05-07 16:44:28.292 24132 24301 I Routine@Core[4.5.00.57]: MetadataLoadManager: collect: org.qtproject.example.hellogles3
05-07 16:44:28.292 24132 24301 I Routine@Core[4.5.00.57]: MetadataLoadManager: collectWithCollectors - org.qtproject.example.hellogles3
05-07 16:44:28.295 24172 24172 E SixPackageReceiver: isSixAppToHandle - No apps were retrieved!
05-07 16:44:28.295 23429 23429 I SafetyLabelChangedBroadcastReceiver: received broadcast packageName: org.qtproject.example.hellogles3, current user: UserHandle{0}, packageChangeEvent: UPDATE, intent user: UserHandle{0}
