05-07 16:44:31.096 1349 1720 I WindowManager: Reparenting to original parent: Surface(name=WindowToken{afb6883 type=2000 android.os.BinderProxy@a656f3d})/@0x17d55d7, destroy=false, surface=Surface(name=f359a00 StatusBar)/@0xb15e156
05-07 16:44:31.096 1349 1720 I WindowManager: Reparenting to leash, surface=Surface(name=f359a00 StatusBar)/@0xb15e156, leashParent=Surface(name=WindowToken{afb6883 type=2000 android.os.BinderProxy@a656f3d})/@0x17d55d7
05-07 16:44:31.096 1144 1222 I SurfaceFlinger: id=4374 createSurf, flag=24000, Surface(name=f359a00 StatusBar)/@0xb15e156 - animation-leash of insets_animation#4374
05-07 16:44:31.097 1349 1720 D WindowManager: makeSurface duration=0 leash=Surface(name=Surface(name=f359a00 StatusBar)/@0xb15e156 - animation-leash of insets_animation)/@0xf73f6ee
05-07 16:44:31.097 1349 1720 D InsetsSourceProvider: updateControlForTarget: control=InsetsSourceControl: {8d230000 mType=statusBars initiallyVisible mSurfacePosition=Point(0, 0) mInsetsHint=Insets{left=0, top=36, right=0, bottom=0}}, target=Window{d3a9a64 u0 Splash Screen org.qtproject.example.hellogles3}, from=com.android.server.wm.InsetsStateController.onControlTargetChanged:358 com.android.server.wm.InsetsStateController.onBarControlTargetChanged:324 com.android.server.wm.InsetsPolicy.updateBarControlTarget:172 com.android.server.wm.InsetsPolicy.updateSystemBars:788 com.android.server.wm.DisplayPolicy.updateSystemBarsLw:3397
05-07 16:44:31.097 1349 1720 D WindowManager: updateSystemBarAttributes: displayId=0, win=Window{d3a9a64 u0 Splash Screen org.qtproject.example.hellogles3}, navColorWin=Window{7164bee u0 Waiting For Debugger: org.qtproject.example.hellogles3 EXITING}, focusedCanBeNavColorWin=false, behavior=1, appearance=8, statusBarAppearanceRegions=[AppearanceRegion{ bounds=[0,0][1200,1920]}], requestedVisibilities=-9, from=com.android.server.wm.DisplayPolicy.focusChangedLw:2931 com.android.server.wm.DisplayContent.updateFocusedWindowLocked:4895 com.android.server.wm.RootWindowContainer.updateFocusedWindowLocked:569
05-07 16:44:31.098 1349 2554 D InputDispatcher: Focus left window (0): 7164bee Waiting For Debugger: org.qtproject.example.hellogles3
05-07 16:44:31.099 997 1274 I SDM : HWDeviceDRM::UpdateMixerAttributes: Mixer WxH 1200x1920-0 for Peripheral
05-07 16:44:31.099 997 1274 I SDM : HWCDisplay::SubmitDisplayConfig: Active configuration changed to: 0
05-07 16:44:31.099 1349 1720 D WindowManager: updateSystemBarAttributes: displayId=0, win=Window{d3a9a64 u0 Splash Screen org.qtproject.example.hellogles3}, navColorWin=Window{d3a9a64 u0 Splash Screen org.qtproject.example.hellogles3}, focusedCanBeNavColorWin=false, behavior=1, appearance=24, statusBarAppearanceRegions=[AppearanceRegion{LIGHT_STATUS_BARS bounds=[0,0][1200,1920]}], requestedVisibilities=-9, from=com.android.server.wm.DisplayPolicy.finishPostLayoutPolicyLw:2310 com.android.server.wm.DisplayContent.applySurfaceChangesTransaction:6135 com.android.server.wm.RootWindowContainer.applySurfaceChangesTransaction:1171
05-07 16:44:31.100 1349 1720 I WindowManager: Reparenting to leash, surface=Surface(name=Dim Layer for - WindowedMagnification:0:31)/@0xd969176, leashParent=Surface(name=WindowedMagnification:0:31)/@0xf99bc80
05-07 16:44:31.100 1144 1221 I SurfaceFlinger: id=4375 createSurf, flag=24000, Surface(name=Dim Layer for - WindowedMagnification:0:31)/@0xd969176 - animation-leash of dimmer#4375
05-07 16:44:31.100 1349 1720 D WindowManager: makeSurface duration=0 leash=Surface(name=Surface(name=Dim Layer for - WindowedMagnification:0:31)/@0xd969176 - animation-leash of dimmer)/@0x3b0d78f
05-07 16:44:31.101 2283 2471 I InsetsSourceConsumer: applyRequestedVisibilityToControl: visible=true, type=navigationBars, host=Splash Screen org.qtproject.example.hellogles3
05-07 16:44:31.102 2283 2471 I InsetsSourceConsumer: applyRequestedVisibilityToControl: visible=true, type=statusBars, host=Splash Screen org.qtproject.example.hellogles3
05-07 16:44:31.103 1349 1720 D InputTransport: Input channel destroyed: '7164bee', fd=797
05-07 16:44:31.104 2283 2283 D SamsungStatusBarGrayIconHelper: isGrayAppearance=false
05-07 16:44:31.104 2283 2283 D TaskbarDelegate: onSystemBarAttributesChanged() - displayId:0, appearance:8 (), navbarColorManagedByIme: false, packageName: org.qtproject.example.hellogles3
05-07 16:44:31.105 2283 2283 D SamsungStatusBarGrayIconHelper: isGrayAppearance=false
05-07 16:44:31.105 2625 2691 I HoneySpace.TaskbarEventTracker: invokeEvent() called with: event = OnSystemBarAttributesChanged(displayId=0, behavior=1)
05-07 16:44:31.105 2625 2691 I HoneySpace.TaskbarEventTracker: invokeEvent() called with: event = HandleNavigationBarEvent(eventData=NavBarEvents(eventType=ON_APPEARANCE_CHANGED, iconType=null, remoteViewBundle=null, iconBitmapBundle=null, orderDefault=true, position=0, rotationLocked=false, transientShowing=false, appearance=8, pluginBundle=null, hiddenByKnox=false, insetsBundle=null))
05-07 16:44:31.106 2283 2283 D SamsungLightBarControlHelper: onStatusBarAppearanceChanged() - sbModeChanged:false, statusBarMode:0, barState:MODE_TRANSPARENT, isKeyguardShowing:false, navbarColorManagedByIme:false, stackAppearanceChanged:true, (AppearanceRegion{LIGHT_STATUS_BARS bounds=[0,0][1200,1920]}, ), packageName:org.qtproject.example.hellogles3
05-07 16:44:31.106 2625 2625 I HoneySpace.TaskbarPot: HandleNavigationBarEvent: ON_APPEARANCE_CHANGED
05-07 16:44:31.106 2283 2283 D TaskbarDelegate: onSystemBarAttributesChanged() - displayId:0, appearance:24 (APPEARANCE_LIGHT_NAVIGATION_BARS ), navbarColorManagedByIme: false, packageName: org.qtproject.example.hellogles3
05-07 16:44:31.106 2625 2625 I HoneySpace.TaskbarPot: updateAppearance appearance:8
05-07 16:44:31.106 2283 2283 D SamsungLightBarControlHelper: updateNavigationBar (BLACK button) isLightOpaque:false, hasLightNavigationBarFlag:true, packageName:org.qtproject.example.hellogles3, DirectReplying:false, NavBarColorMangedByIme:false, ForceDarkForScrim:false, QsCustomizing:false, PanelHasWhiteBg:true
05-07 16:44:31.107 2625 2691 I HoneySpace.TaskbarEventTracker: invokeEvent() called with: event = OnSystemBarAttributesChanged(displayId=0, behavior=1)
05-07 16:44:31.107 2625 2691 I HoneySpace.TaskbarEventTracker: invokeEvent() called with: event = HandleNavigationBarEvent(eventData=NavBarEvents(eventType=ON_APPEARANCE_CHANGED, iconType=null, remoteViewBundle=null, iconBitmapBundle=null, orderDefault=true, position=0, rotationLocked=false, transientShowing=false, appearance=24, pluginBundle=null, hiddenByKnox=false, insetsBundle=null))
05-07 16:44:31.107 1349 1723 V WindowManager: Unknown focus tokens, dropping reportFocusChanged
05-07 16:44:31.107 2625 2691 I HoneySpace.TaskbarEventTracker: invokeEvent() called with: event = NavButtonsDarkIntensityChanged(darkIntensity=0.0)
05-07 16:44:31.107 2625 2625 I HoneySpace.TaskbarPot: HandleNavigationBarEvent: ON_APPEARANCE_CHANGED
05-07 16:44:31.107 2625 2625 I HoneySpace.TaskbarPot: updateAppearance appearance:24
05-07 16:44:31.108 2283 2283 D SamsungLightBarControlHelper: updateStatusBar (BLACK icon) numStacks:1, StatusBarMode:MODE_TRANSPARENT, lightBarBounds:[Rect(0, 0 - 1200, 1920)], StatusBarState:SHADE, packageName:org.qtproject.example.hellogles3, isWhiteKeyguardStatusBar:false
05-07 16:44:31.113 1144 1144 I Layer : Layer::reparent [7164bee Waiting For Debugger: org.qtproject.example.hellogles3#4365] newParent : Surface(name=7164bee Waiting For Debugger: org.qtproject.example.hellogles3)/@0x50d889b - animation-leash of window_animation#4372 , isRemovedFromCurrentState : 0 -------------------------
05-07 16:44:31.113 1144 1144 I Layer : Layer::reparent [7164bee Waiting For Debugger: org.qtproject.example.hellogles3#4365] End -------------------------
05-07 16:44:31.113 1144 1144 I Layer : Layer::reparent [Surface(name=f359a00 StatusBar)/@0xb15e156 - animation-leash of insets_animation#4367] newParentHandle : null -------------------------
05-07 16:44:31.113 1144 1144 I Layer : id=4367 removeFromCurrentState Surface(name=f359a00 StatusBar)/@0xb15e156 - animation-leash of insets_animation#4367 (130)
05-07 16:44:31.113 1144 1144 I Layer : id=80 removeFromCurrentState f359a00 StatusBar#80 (130)
05-07 16:44:31.113 1144 1144 I Layer : id=84 removeFromCurrentState StatusBar$_2283#84 (130)
05-07 16:44:31.113 1144 1144 I Layer : Layer::reparent [Surface(name=f359a00 StatusBar)/@0xb15e156 - animation-leash of insets_animation#4367] End -------------------------
05-07 16:44:31.114 1144 1144 I Layer : Layer::reparent [ede8149 TaskbarWindow#540] newParent : Surface(name=ede8149 TaskbarWindow)/@0x39fd301 - animation-leash of insets_animation#4373 , isRemovedFromCurrentState : 0 -------------------------
05-07 16:44:31.114 1144 1144 I Layer : Layer::reparent [ede8149 TaskbarWindow#540] End -------------------------
05-07 16:44:31.114 1144 1144 I Layer : Layer::reparent [Surface(name=ede8149 TaskbarWindow)/@0x39fd301 - animation-leash of insets_animation#4366] newParentHandle : null -------------------------
05-07 16:44:31.114 1144 1144 I Layer : id=4366 removeFromCurrentState Surface(name=ede8149 TaskbarWindow)/@0x39fd301 - animation-leash of insets_animation#4366 (130)
05-07 16:44:31.114 1144 1144 I Layer : Layer::reparent [Surface(name=ede8149 TaskbarWindow)/@0x39fd301 - animation-leash of insets_animation#4366] End -------------------------
05-07 16:44:31.114 1144 1144 I Layer : Layer::reparent [f359a00 StatusBar#80] newParent : Surface(name=f359a00 StatusBar)/@0xb15e156 - animation-leash of insets_animation#4374 , isRemovedFromCurrentState : 0 -------------------------
05-07 16:44:31.114 1144 1144 I Layer : id=80 addToCurrentState f359a00 StatusBar#80 (130)
05-07 16:44:31.114 1144 1144 I Layer : id=84 addToCurrentState StatusBar$_2283#84 (130)
05-07 16:44:31.114 1144 1144 I Layer : Layer::reparent [f359a00 StatusBar#80] End -------------------------
05-07 16:44:31.114 1144 1144 I Layer : Layer::reparent [Dim Layer for - WindowedMagnification:0:31#4370] newParent : Surface(name=Dim Layer for - WindowedMagnification:0:31)/@0xd969176 - animation-leash of dimmer#4375 , isRemovedFromCurrentState : 0 -------------------------
05-07 16:44:31.114 1144 1144 I Layer : Layer::reparent [Dim Layer for - WindowedMagnification:0:31#4370] End -------------------------
05-07 16:44:31.115 2625 2691 I HoneySpace.TaskbarEventTracker: invokeEvent() called with: event = NavButtonsDarkIntensityChanged(darkIntensity=0.0)
05-07 16:44:31.115 1144 1144 I SurfaceFlinger: id=4366 Removed Surface(name=ede8149 TaskbarWindow)/@0x39fd301 - animation-leash of insets_animation#4366 (130)
05-07 16:44:31.115 1144 1144 I SurfaceFlinger: id=4367 Removed Surface(name=f359a00 StatusBar)/@0xb15e156 - animation-leash of insets_animation#4367 (130)
05-07 16:44:31.126 2625 2691 I HoneySpace.TaskbarEventTracker: invokeEvent() called with: event = NavButtonsDarkIntensityChanged(darkIntensity=0.30308098)
05-07 16:44:31.130 1144 1144 I Layer : id=4366 Destroyed Surface(name=ede8149 TaskbarWindow)/@0x39fd301 - animation-leash of insets_animation#4366
05-07 16:44:31.130 1144 1144 I Layer : id=4367 Destroyed Surface(name=f359a00 StatusBar)/@0xb15e156 - animation-leash of insets_animation#4367
05-07 16:44:31.137 2625 2691 I HoneySpace.TaskbarEventTracker: invokeEvent() called with: event = NavButtonsDarkIntensityChanged(darkIntensity=0.48495588)
05-07 16:44:31.147 2625 2691 I HoneySpace.TaskbarEventTracker: invokeEvent() called with: event = NavButtonsDarkIntensityChanged(darkIntensity=0.6216329)
05-07 16:44:31.158 2625 2691 I HoneySpace.TaskbarEventTracker: invokeEvent() called with: event = NavButtonsDarkIntensityChanged(darkIntensity=0.72810626)
05-07 16:44:31.161 1349 2554 I ActivityManager: Flag disabled. Ignoring finishAttachApplication from uid: 10257. pid: 25153
05-07 16:44:31.164 25153 25153 D OpenGLRenderer: HWUI - treat SMPTE_170M as sRGB
05-07 16:44:31.169 2625 2691 I HoneySpace.TaskbarEventTracker: invokeEvent() called with: event = NavButtonsDarkIntensityChanged(darkIntensity=0.8114243)
05-07 16:44:31.175 972 23421 I sensors-hal: handle_sns_client_event:44, ambient_light_event: ts=521076869268974, event=615.000000
05-07 16:44:31.177 25153 25221 I AdrenoGLES-0: QUALCOMM build : 82d27a90b3, I4ee8f6bced
05-07 16:44:31.177 25153 25221 I AdrenoGLES-0: Build Date : 07/12/23
05-07 16:44:31.177 25153 25221 I AdrenoGLES-0: OpenGL ES Shader Compiler Version: EV031.35.01.12
05-07 16:44:31.177 25153 25221 I AdrenoGLES-0: Local Branch :
05-07 16:44:31.177 25153 25221 I AdrenoGLES-0: Remote Branch : refs/tags/AU_LINUX_ANDROID_LA.UM.9.14.11.00.00.571.148
05-07 16:44:31.177 25153 25221 I AdrenoGLES-0: Remote Branch : NONE
05-07 16:44:31.177 25153 25221 I AdrenoGLES-0: Reconstruct Branch : NOTHING
05-07 16:44:31.177 25153 25221 I AdrenoGLES-0: Build Config : S P 10.0.7 AArch64
05-07 16:44:31.177 25153 25221 I AdrenoGLES-0: Driver Path : /vendor/lib64/egl/libGLESv2_adreno.so
05-07 16:44:31.180 2625 2691 I HoneySpace.TaskbarEventTracker: invokeEvent() called with: event = NavButtonsDarkIntensityChanged(darkIntensity=0.8781642)
05-07 16:44:31.186 25153 25221 I AdrenoGLES-0: PFP: 0x016ee201, ME: 0x00000000
05-07 16:44:31.191 2625 2691 I HoneySpace.TaskbarEventTracker: invokeEvent() called with: event = NavButtonsDarkIntensityChanged(darkIntensity=0.92620367)
05-07 16:44:31.199 570 570 I hwservicemanager: getTransport: Cannot find entry vendor.qti.qspmhal@1.0::IQspmhal/default in either framework or device VINTF manifest.
05-07 16:44:31.199 25153 25221 W Adreno-AppProfiles: Could not find QSPM HAL service. Skipping adreno profile processing.
05-07 16:44:31.202 2625 2691 I HoneySpace.TaskbarEventTracker: invokeEvent() called with: event = NavButtonsDarkIntensityChanged(darkIntensity=0.96357894)
05-07 16:44:31.214 2625 2691 I HoneySpace.TaskbarEventTracker: invokeEvent() called with: event = NavButtonsDarkIntensityChanged(darkIntensity=0.98567015)
05-07 16:44:31.226 1144 1144 D SurfaceFlinger: Display 4630946835308409729 HWC layers:
05-07 16:44:31.226 1144 1144 D SurfaceFlinger: DEVICE | 0xb400006fbcf8a2a0 | 0100 | RGBA_8888 | 0.0 0.0 1200.0 1920.0 | 0 0 1200 1920 | Splash Screen org.qtproject.example.hellogles3$_2283#4359
05-07 16:44:31.226 1144 1144 D SurfaceFlinger: SOLID_COLOR | | 0000 | Unknown | 0.0 0.0 0.0 0.0 | 0 0 1200 1920 | Dim Layer for - WindowedMagnification:0:31#4370
05-07 16:44:31.226 1144 1144 D SurfaceFlinger: CLIENT | 0xb400006fbcf8a850 | 0100 | RGBA_8888 | 0.0 0.0 1200.0 36.0 | 0 0 1200 36 | StatusBar$_2283#84
05-07 16:44:31.226 1144 1144 D SurfaceFlinger: CLIENT | 0xb400006fbcf8b3b0 | 0100 | RGBA_8888 | 0.0 0.0 67.0 207.0 | 1133 432 1200 639 | com.sec.android.app.launcher/com.sam[...]e.edge.CocktailBarService$_2625#4278
05-07 16:44:31.226 1144 1144 D SurfaceFlinger: CLIENT | 0xb400006fbcf8b1f0 | 0100 | RGBA_8888 | 0.0 0.0 1200.0 72.0 | 0 1848 1200 1920 | TaskbarWindow$_2625#544
05-07 16:44:31.226 1144 1144 D SurfaceFlinger: CLIENT | 0xb400006fbcf8aaf0 | 0100 | RGBA_8888 | 0.0 0.0 1200.0 1920.0 | 0 0 1200 1920 | PointerLocation - display 0#3661
05-07 16:44:31.226 1144 1144 D SurfaceFlinger:
05-07 16:44:31.227 2625 2691 I HoneySpace.TaskbarEventTracker: invokeEvent() called with: event = NavButtonsDarkIntensityChanged(darkIntensity=0.9973893)
05-07 16:44:31.236 2625 2691 I HoneySpace.TaskbarEventTracker: invokeEvent() called with: event = NavButtonsDarkIntensityChanged(darkIntensity=1.0)
05-07 16:44:31.245 25153 25153 I DecorView: setWindowBackground: isPopOver=false color=fffcfcff d=android.graphics.drawable.GradientDrawable@2a1a3d8
05-07 16:44:31.256 25153 25153 I DecorView: setWindowBackground: isPopOver=false color=fffcfcff d=android.graphics.drawable.GradientDrawable@7ac9e33
05-07 16:44:31.257 25153 25153 D CompatibilityChangeReporter: Compat change id reported: 247079863; UID 10257; state: ENABLED
05-07 16:44:31.259 25153 25153 W ziparchive: Unable to open '/data/app/~~ILyV9Uj9OMo2Ss2B_5OxWQ==/org.qtproject.example.hellogles3-d9Wr37P7eErVQ4cuJPlrNg==/base.dm': No such file or directory
05-07 16:44:31.259 25153 25153 W ziparchive: Unable to open '/data/app/~~ILyV9Uj9OMo2Ss2B_5OxWQ==/org.qtproject.example.hellogles3-d9Wr37P7eErVQ4cuJPlrNg==/base.dm': No such file or directory
05-07 16:44:31.275 972 23421 I sensors-hal: handle_sns_client_event:44, ambient_light_event: ts=521076969269182, event=615.000000
05-07 16:44:31.303 25153 25223 I QtCore : Start
05-07 16:44:31.312 25153 25223 I Qt : qt started
05-07 16:44:31.324 25153 25153 D CompatibilityChangeReporter: Compat change id reported: 210923482; UID 10257; state: ENABLED
05-07 16:44:31.340 25153 25153 D CompatibilityChangeReporter: Compat change id reported: 237531167; UID 10257; state: DISABLED
05-07 16:44:31.345 840 840 E audit : type=1400 audit(1715089471.339:34049): avc: denied { read } for pid=25153 comm="mple.hellogles3" name="u:object_r:system_sensor_prop:s0" dev="tmpfs" ino=15566 scontext=u:r:untrusted_app:s0:c1,c257,c512,c768 tcontext=u:object_r:system_sensor_prop:s0 tclass=file permissive=0 SEPF_SM-X210_12_0001 audit_filtered
05-07 16:44:31.345 25153 25153 W libc : Access denied finding property "persist.dm.passive.display_brightness"
05-07 16:44:31.345 25153 25153 W libc : Access denied finding property "persist.dm.passive.ambient_brightness"
05-07 16:44:31.345 840 840 E audit : type=1400 audit(1715089471.339:34050): avc: denied { read } for pid=25153 comm="mple.hellogles3" name="u:object_r:system_sensor_prop:s0" dev="tmpfs" ino=15566 scontext=u:r:untrusted_app:s0:c1,c257,c512,c768 tcontext=u:object_r:system_sensor_prop:s0 tclass=file permissive=0 SEPF_SM-X210_12_0001 audit_filtered
05-07 16:44:31.347 25153 25153 W OpenGLRenderer: Unknown dataspace 0
05-07 16:44:31.347 25153 25221 D NativeCustomFrequencyManager: [NativeCFMS] BpCustomFrequencyManager::BpCustomFrequencyManager()
05-07 16:44:31.351 1349 6925 D InputTransport: Input channel constructed: 'e637420', fd=770
05-07 16:44:31.352 1349 6925 D InputTransport: Input channel constructed: 'e637420', fd=789
05-07 16:44:31.352 1349 6925 D InputTransport: Input channel constructed: 'e637420', fd=797
05-07 16:44:31.352 1144 1221 I SurfaceFlinger: id=4376 createSurf, flag=84004, e637420 org.qtproject.example.hellogles3/org.qtproject.qt.android.bindings.QtActivity#4376
05-07 16:44:31.353 1349 6925 D RestrictionPolicy: isScreenCaptureEnabled : ret=true userId=0
05-07 16:44:31.354 1349 6925 D InputTransport: Input channel destroyed: 'e637420', fd=797
05-07 16:44:31.358 25153 25153 I InsetsController: onStateChanged: host=org.qtproject.example.hellogles3/org.qtproject.qt.android.bindings.QtActivity, from=android.view.ViewRootImpl.setView:1744, state=InsetsState: {mDisplayFrame=Rect(0, 0 - 1200, 1920), mDisplayCutout=DisplayCutout{insets=Rect(0, 0 - 0, 0) waterfall=Insets{left=0, top=0, right=0, bottom=0} boundingRect={Bounds=[Rect(0, 0 - 0, 0), Rect(0, 0 - 0, 0), Rect(0, 0 - 0, 0), Rect(0, 0 - 0, 0)]} cutoutPathParserInfo={CutoutPathParserInfo{displayWidth=0 displayHeight=0 physicalDisplayWidth=0 physicalDisplayHeight=0 density={0.0} cutoutSpec={} rotation={0} scale={0.0} physicalPixelDisplaySizeRatio={0.0}}}}, mRoundedCorners=RoundedCorners{[RoundedCorner{position=TopLeft, radius=20, center=Point(20, 20)}, RoundedCorner{position=TopRight, radius=20, center=Point(1180, 20)}, RoundedCorner{position=BottomRight, radius=20, center=Point(1180, 1900)}, RoundedCorner{position=BottomLeft, radius=20, center=Point(20, 1900)}]} mRoundedCornerFrame=Rect(0, 0 - 1200, 1920), mPrivacyIndicatorBounds=PrivacyIndicatorBounds {static bounds=Rect(1134, 0 - 1200, 36) rotation=0}, mDisplayShape=DisplayShape{ spec=1237991957 displayWidth=1200 displayHeight=1920 physicalPixelDisplaySizeRatio=1.0 rotation=0 offsetX=0 offsetY=0 scale=1.0}, mSources= { InsetsSource: {8d230000 mType=statusBars mFrame=[0,0][1200,36] mVisible=true mFlags=[]}, InsetsSource: {8d230005 mType=mandatorySystemGestures mFrame=[0,0][1200,36] mVisible=true mFlags=[]}, InsetsSource: {8d230006 mType=tappableElement mFrame=[0,0][1200,36] mVisible=true mFlags=[]}, InsetsSource: {caf0001 mType=navigationBars mFrame=[0,1848][1200,1920] mVisible=true mFlags=[]}, InsetsSource: {caf0004 mType=systemGestures mFrame=[0,0][0,0] mVisible=true mFlags=[]}, InsetsSource: {caf0005 mType=mandatorySystemGestures mFrame=[0,1848][1200,1920] mVisible=true mFlags=[]}, InsetsSource: {caf0006 mType=tappableElement mFrame=[0,1848][1200,1920] mVisible=true mFlags=[]}, InsetsSource: {caf0024 mType=systemGestures mFrame=[0,0][0,0] mVisible=true mFlags=[]} }
05-07 16:44:31.360 25153 25153 I ViewRootImpl@f9c5125[QtActivity]: synced displayState. AttachInfo displayState=2
05-07 16:44:31.360 25153 25153 I ViewRootImpl@f9c5125[QtActivity]: setView = com.android.internal.policy.DecorView@8e5daa1 TM=true
05-07 16:44:31.361 25153 25153 I IDS_TAG : Clearing training data of org.qtproject.qt.android.bindings.QtApplication@c0154c6
05-07 16:44:31.362 25153 25153 I IDS_TAG : Starting IDS observe window
05-07 16:44:31.362 25153 25153 I IDS_TAG : Getting Shared Preference for org.qtproject.qt.android.bindings.QtApplication@c0154c6 uid = 10257
05-07 16:44:31.375 1144 1144 I Layer : Layer [e637420 org.qtproject.example.hellogles3/org.qtproject.qt.android.bindings.QtActivity#4376] hidden!! flag(0)
05-07 16:44:31.375 972 23421 I sensors-hal: handle_sns_client_event:44, ambient_light_event: ts=521077069269963, event=614.000000
05-07 16:44:31.407 25153 25153 I IDS_TAG : App org.qtproject.qt.android.bindings.QtApplication@c0154c6 has not finished training
05-07 16:44:31.410 25153 25221 D OpenGLRenderer: HWUI - treat SMPTE_170M as sRGB
05-07 16:44:31.410 1349 1899 D SensorService: [SO] 0.322 0.029 9.787
05-07 16:44:31.410 25153 25153 I IDS_TAG : Closing IDS observe window
05-07 16:44:31.411 25153 25153 I IDS_TAG : Getting Shared Preference for org.qtproject.qt.android.bindings.QtApplication@c0154c6 uid = 10257
05-07 16:44:31.452 25153 25153 I IDS_TAG : IDS count updated to 1 for org.qtproject.qt.android.bindings.QtApplication@c0154c6
05-07 16:44:31.453 1349 1724 I WindowManager: Reparenting to original parent: Surface(name=WindowToken{2f51569 type=2003 android.view.ViewRootImpl$W@8b17bf0})/@0x9449438, destroy=true, surface=Surface(name=7164bee Waiting For Debugger: org.qtproject.example.hellogles3)/@0x50d889b
05-07 16:44:31.454 1349 1724 I WindowManager: Reparenting to original parent: Surface(name=WindowedMagnification:0:31)/@0xf99bc80, destroy=true, surface=Surface(name=Dim Layer for - WindowedMagnification:0:31)/@0xd969176
05-07 16:44:31.459 1349 6925 D CoreBackPreview: Window{e637420 u0 org.qtproject.example.hellogles3/org.qtproject.qt.android.bindings.QtActivity}: Setting back callback OnBackInvokedCallbackInfo{mCallback=android.window.IOnBackInvokedCallback$Stub$Proxy@c264295, mPriority=0, mIsAnimationCallback=false}
05-07 16:44:31.464 1349 6925 V WindowManager: Relayout Window{e637420 u0 org.qtproject.example.hellogles3/org.qtproject.qt.android.bindings.QtActivity}: viewVisibility=0 req=1200x1920 ty=1 d0
05-07 16:44:31.464 1349 6925 D RestrictionPolicy: isScreenCaptureEnabled : ret=true userId=0
05-07 16:44:31.464 1144 1321 I SurfaceFlinger: id=4377 createSurf, flag=44004, org.qtproject.example.hellogles3/org.qtproject.qt.android.bindings.QtActivity$_25153#4377
05-07 16:44:31.465 1349 6925 D WindowManager: makeSurface duration=1 name=org.qtproject.example.hellogles3/org.qtproject.qt.android.bindings.QtActivity$_25153
05-07 16:44:31.467 1349 6925 I WindowManager: Destroying surface Surface(name=Waiting For Debugger: org.qtproject.example.hellogles3)/@0x5aff66d called by com.android.server.wm.WindowStateAnimator.destroySurface:799 com.android.server.wm.WindowStateAnimator.destroySurfaceLocked:472 com.android.server.wm.WindowState.destroySurfaceUnchecked:4154 com.android.server.wm.RootWindowContainer.performSurfacePlacementNoTrace:1051 com.android.server.wm.RootWindowContainer.performSurfacePlacement:917 com.android.server.wm.WindowSurfacePlacer.performSurfacePlacementLoop:185 com.android.server.wm.WindowSurfacePlacer.performSurfacePlacement:134 com.android.server.wm.WindowManagerService.relayoutWindow:2707
05-07 16:44:31.468 1349 6925 V WindowManager: Changing focus from null to Window{e637420 u0 org.qtproject.example.hellogles3/org.qtproject.qt.android.bindings.QtActivity} displayId=0 Callers=com.android.server.wm.RootWindowContainer.updateFocusedWindowLocked:569 com.android.server.wm.WindowManagerService.updateFocusedWindowLocked:6797 com.android.server.wm.WindowManagerService.relayoutWindow:2756 com.android.server.wm.Session.relayout:270
05-07 16:44:31.468 1349 6925 I WindowManager: Cancelling animation restarting=true, leash=Surface(name=Surface(name=ede8149 TaskbarWindow)/@0x39fd301 - animation-leash of insets_animation)/@0x89e6ef0
05-07 16:44:31.468 1349 6925 I WindowManager: Reparenting to original parent: Surface(name=WindowToken{ed8ad13 type=2024 android.os.BinderProxy@b8f6002})/@0x11d55a6, destroy=false, surface=Surface(name=ede8149 TaskbarWindow)/@0x39fd301
05-07 16:44:31.468 1349 6925 I WindowManager: Reparenting to leash, surface=Surface(name=ede8149 TaskbarWindow)/@0x39fd301, leashParent=Surface(name=WindowToken{ed8ad13 type=2024 android.os.BinderProxy@b8f6002})/@0x11d55a6
05-07 16:44:31.469 1144 3054 I SurfaceFlinger: id=4378 createSurf, flag=24000, Surface(name=ede8149 TaskbarWindow)/@0x39fd301 - animation-leash of insets_animation#4378
05-07 16:44:31.469 1349 6925 D WindowManager: makeSurface duration=0 leash=Surface(name=Surface(name=ede8149 TaskbarWindow)/@0x39fd301 - animation-leash of insets_animation)/@0xfe5079b
05-07 16:44:31.470 1349 6925 D InsetsSourceProvider: updateControlForTarget: control=InsetsSourceControl: {caf0001 mType=navigationBars initiallyVisible mSurfacePosition=Point(0, 1848) mInsetsHint=Insets{left=0, top=0, right=0, bottom=72}}, target=Window{e637420 u0 org.qtproject.example.hellogles3/org.qtproject.qt.android.bindings.QtActivity}, from=com.android.server.wm.InsetsStateController.onControlTargetChanged:358 com.android.server.wm.InsetsStateController.onBarControlTargetChanged:327 com.android.server.wm.InsetsPolicy.updateBarControlTarget:172 com.android.server.wm.InsetsPolicy.updateSystemBars:788 com.android.server.wm.DisplayPolicy.updateSystemBarsLw:3397
05-07 16:44:31.470 1144 1144 D SurfaceFlinger: Display 4630946835308409729 HWC layers:
05-07 16:44:31.470 1144 1144 D SurfaceFlinger: DEVICE | 0xb400006fbcf8a2a0 | 0100 | RGBA_8888 | 0.0 0.0 1200.0 1920.0 | 0 0 1200 1920 | Splash Screen org.qtproject.example.hellogles3$_2283#4359
05-07 16:44:31.470 1144 1144 D SurfaceFlinger: CLIENT | 0xb400006fb0fb6440 | 0100 | RGBA_8888 | 0.0 0.0 1200.0 36.0 | 0 0 1200 36 | StatusBar$_2283#84
05-07 16:44:31.470 1144 1144 D SurfaceFlinger: CLIENT | 0xb400006fbcf8b3b0 | 0100 | RGBA_8888 | 0.0 0.0 67.0 207.0 | 1133 432 1200 639 | com.sec.android.app.launcher/com.sam[...]e.edge.CocktailBarService$_2625#4278
05-07 16:44:31.470 1144 1144 D SurfaceFlinger: CLIENT | 0xb400006fbcf8b1f0 | 0100 | RGBA_8888 | 0.0 0.0 1200.0 72.0 | 0 1848 1200 1920 | TaskbarWindow$_2625#544
05-07 16:44:31.470 1144 1144 D SurfaceFlinger: CLIENT | 0xb400006fbcf8aaf0 | 0100 | RGBA_8888 | 0.0 0.0 1200.0 1920.0 | 0 0 1200 1920 | PointerLocation - display 0#3661
05-07 16:44:31.470 1144 1144 D SurfaceFlinger:
05-07 16:44:31.470 1349 6925 I WindowManager: Cancelling animation restarting=true, leash=Surface(name=Surface(name=f359a00 StatusBar)/@0xb15e156 - animation-leash of insets_animation)/@0xf73f6ee
05-07 16:44:31.470 1349 6925 I WindowManager: Reparenting to original parent: Surface(name=WindowToken{afb6883 type=2000 android.os.BinderProxy@a656f3d})/@0x17d55d7, destroy=false, surface=Surface(name=f359a00 StatusBar)/@0xb15e156
05-07 16:44:31.471 1349 6925 I WindowManager: Reparenting to leash, surface=Surface(name=f359a00 StatusBar)/@0xb15e156, leashParent=Surface(name=WindowToken{afb6883 type=2000 android.os.BinderProxy@a656f3d})/@0x17d55d7
05-07 16:44:31.471 1144 3054 I SurfaceFlinger: id=4379 createSurf, flag=24000, Surface(name=f359a00 StatusBar)/@0xb15e156 - animation-leash of insets_animation#4379
05-07 16:44:31.471 1349 6925 D WindowManager: makeSurface duration=1 leash=Surface(name=Surface(name=f359a00 StatusBar)/@0xb15e156 - animation-leash of insets_animation)/@0x5757311
05-07 16:44:31.472 1349 6925 D InsetsSourceProvider: updateControlForTarget: control=InsetsSourceControl: {8d230000 mType=statusBars initiallyVisible mSurfacePosition=Point(0, 0) mInsetsHint=Insets{left=0, top=36, right=0, bottom=0}}, target=Window{e637420 u0 org.qtproject.example.hellogles3/org.qtproject.qt.android.bindings.QtActivity}, from=com.android.server.wm.InsetsStateController.onControlTargetChanged:358 com.android.server.wm.InsetsStateController.onBarControlTargetChanged:324 com.android.server.wm.InsetsPolicy.updateBarControlTarget:172 com.android.server.wm.InsetsPolicy.updateSystemBars:788 com.android.server.wm.DisplayPolicy.updateSystemBarsLw:3397
05-07 16:44:31.472 2283 2283 D SamsungStatusBarGrayIconHelper: isGrayAppearance=false
05-07 16:44:31.473 2283 2283 D TaskbarDelegate: onSystemBarAttributesChanged() - displayId:0, appearance:16 (APPEARANCE_LIGHT_NAVIGATION_BARS ), navbarColorManagedByIme: false, packageName: org.qtproject.example.hellogles3
05-07 16:44:31.473 2625 2691 I HoneySpace.TaskbarEventTracker: invokeEvent() called with: event = OnSystemBarAttributesChanged(displayId=0, behavior=1)
05-07 16:44:31.473 2625 2691 I HoneySpace.TaskbarEventTracker: invokeEvent() called with: event = HandleNavigationBarEvent(eventData=NavBarEvents(eventType=ON_APPEARANCE_CHANGED, iconType=null, remoteViewBundle=null, iconBitmapBundle=null, orderDefault=true, position=0, rotationLocked=false, transientShowing=false, appearance=16, pluginBundle=null, hiddenByKnox=false, insetsBundle=null))
05-07 16:44:31.473 2625 2625 I HoneySpace.TaskbarPot: HandleNavigationBarEvent: ON_APPEARANCE_CHANGED
05-07 16:44:31.473 2625 2625 I HoneySpace.TaskbarPot: updateAppearance appearance:16
05-07 16:44:31.474 1349 6925 D WindowManager: updateSystemBarAttributes: displayId=0, win=Window{e637420 u0 org.qtproject.example.hellogles3/org.qtproject.qt.android.bindings.QtActivity}, navColorWin=Window{d3a9a64 u0 Splash Screen org.qtproject.example.hellogles3}, focusedCanBeNavColorWin=false, behavior=1, appearance=16, statusBarAppearanceRegions=[AppearanceRegion{LIGHT_STATUS_BARS bounds=[0,0][1200,1920]}], requestedVisibilities=-9, from=com.android.server.wm.DisplayPolicy.focusChangedLw:2931 com.android.server.wm.DisplayContent.updateFocusedWindowLocked:4895 com.android.server.wm.RootWindowContainer.updateFocusedWindowLocked:569
05-07 16:44:31.475 972 23421 I sensors-hal: handle_sns_client_event:44, ambient_light_event: ts=521077169268401, event=616.000000
05-07 16:44:31.475 1144 1144 I Layer : Layer::reparent [7164bee Waiting For Debugger: org.qtproject.example.hellogles3#4365] newParent : WindowToken{2f51569 type=2003 android.view.ViewRootImpl$W@8b17bf0}#4364 , isRemovedFromCurrentState : 0 -------------------------
05-07 16:44:31.475 1144 1144 I Layer : Layer::reparent [7164bee Waiting For Debugger: org.qtproject.example.hellogles3#4365] End -------------------------
05-07 16:44:31.475 1144 1144 I Layer : Layer::reparent [Surface(name=7164bee Waiting For Debugger: org.qtproject.example.hellogles3)/@0x50d889b - animation-leash of window_animation#4372] newParentHandle : null -------------------------
05-07 16:44:31.475 1144 1144 I Layer : id=4372 removeFromCurrentState Surface(name=7164bee Waiting For Debugger: org.qtproject.example.hellogles3)/@0x50d889b - animation-leash of window_animation#4372 (132)
05-07 16:44:31.475 1349 6925 V WindowManager: Relayout hash=e637420, pid=25153, syncId=-1: mAttrs={(0,0)(fillxfill) sim={adjust=pan forwardNavigation} ty=BASE_APPLICATION wanim=0x10302f2
05-07 16:44:31.475 1349 6925 V WindowManager: fl=81810100
05-07 16:44:31.475 1349 6925 V WindowManager: pfl=16008040
05-07 16:44:31.475 1349 6925 V WindowManager: apr=LIGHT_NAVIGATION_BARS
05-07 16:44:31.475 1349 6925 V WindowManager: bhv=DEFAULT
05-07 16:44:31.475 1349 6925 V WindowManager: fitSides= naviIconColor=0
05-07 16:44:31.475 1349 6925 V WindowManager: sfl=100000}
05-07 16:44:31.475 1144 1144 I Layer : Layer::reparent [Surface(name=7164bee Waiting For Debugger: org.qtproject.example.hellogles3)/@0x50d889b - animation-leash of window_animation#4372] End -------------------------
05-07 16:44:31.475 1144 1144 I Layer : Layer [Waiting For Debugger: org.qtproject.example.hellogles3#4368] hidden!! flag(1)
05-07 16:44:31.475 1144 1144 I Layer : Layer::reparent [Dim Layer for - WindowedMagnification:0:31#4370] newParentHandle : null -------------------------
05-07 16:44:31.475 1144 1144 I Layer : id=4370 removeFromCurrentState Dim Layer for - WindowedMagnification:0:31#4370 (132)
05-07 16:44:31.476 1144 1144 I Layer : Layer::reparent [Dim Layer for - WindowedMagnification:0:31#4370] End -------------------------
05-07 16:44:31.476 1144 1144 I Layer : Layer::reparent [Surface(name=Dim Layer for - WindowedMagnification:0:31)/@0xd969176 - animation-leash of dimmer#4375] newParentHandle : null -------------------------
05-07 16:44:31.476 1144 1144 I Layer : id=4375 removeFromCurrentState Surface(name=Dim Layer for - WindowedMagnification:0:31)/@0xd969176 - animation-leash of dimmer#4375 (132)
05-07 16:44:31.476 1144 1144 I Layer : Layer::reparent [Surface(name=Dim Layer for - WindowedMagnification:0:31)/@0xd969176 - animation-leash of dimmer#4375] End -------------------------
05-07 16:44:31.476 1144 1144 I Layer : Layer::reparent [Waiting For Debugger: org.qtproject.example.hellogles3#4368] newParentHandle : null -------------------------
05-07 16:44:31.476 1144 1144 I Layer : id=4368 removeFromCurrentState Waiting For Debugger: org.qtproject.example.hellogles3#4368 (132)
05-07 16:44:31.476 1144 1144 I Layer : Layer::reparent [Waiting For Debugger: org.qtproject.example.hellogles3#4368] End -------------------------
05-07 16:44:31.477 1144 1144 I SurfaceFlinger: id=4375 Removed Surface(name=Dim Layer for - WindowedMagnification:0:31)/@0xd969176 - animation-leash of dimmer#4375 (132)
05-07 16:44:31.477 1144 1144 I SurfaceFlinger: id=4370 Removed Dim Layer for - WindowedMagnification:0:31#4370 (132)
05-07 16:44:31.477 2283 2471 I InsetsController: onStateChanged: host=Splash Screen org.qtproject.example.hellogles3, from=android.view.ViewRootImpl$ViewRootHandler.handleMessageImpl:7134, state=InsetsState: {mDisplayFrame=Rect(0, 0 - 1200, 1920), mDisplayCutout=DisplayCutout{insets=Rect(0, 0 - 0, 0) waterfall=Insets{left=0, top=0, right=0, bottom=0} boundingRect={Bounds=[Rect(0, 0 - 0, 0), Rect(0, 0 - 0, 0), Rect(0, 0 - 0, 0), Rect(0, 0 - 0, 0)]} cutoutPathParserInfo={CutoutPathParserInfo{displayWidth=0 displayHeight=0 physicalDisplayWidth=0 physicalDisplayHeight=0 density={0.0} cutoutSpec={} rotation={0} scale={0.0} physicalPixelDisplaySizeRatio={0.0}}}}, mRoundedCorners=RoundedCorners{[RoundedCorner{position=TopLeft, radius=20, center=Point(20, 20)}, RoundedCorner{position=TopRight, radius=20, center=Point(1180, 20)}, RoundedCorner{position=BottomRight, radius=20, center=Point(1180, 1900)}, RoundedCorner{position=BottomLeft, radius=20, center=Point(20, 1900)}]} mRoundedCornerFrame=Rect(0, 0 - 1200, 1920), mPrivacyIndicatorBounds=PrivacyIndicatorBounds {static bounds=Rect(1134, 0 - 1200, 36) rotation=0}, mDisplayShape=DisplayShape{ spec=1237991957 displayWidth=1200 displayHeight=1920 physicalPixelDisplaySizeRatio=1.0 rotation=0 offsetX=0 offsetY=0 scale=1.0}, mSources= { InsetsSource: {8d230000 mType=statusBars mFrame=[0,0][1200,36] mVisible=true mFlags=[]}, InsetsSource: {8d230005 mType=mandatorySystemGestures mFrame=[0,0][1200,36] mVisible=true mFlags=[]}, InsetsSource: {8d230006 mType=tappableElement mFrame=[0,0][1200,36] mVisible=true mFlags=[]}, InsetsSource: {caf0001 mType=navigationBars mFrame=[0,1848][1200,1920] mVisible=true mFlags=[]}, InsetsSource: {caf0004 mType=systemGestures mFrame=[0,0][0,0] mVisible=true mFlags=[]}, InsetsSource: {caf0005 mType=mandatorySystemGestures mFrame=[0,1848][1200,1920] mVisible=true mFlags=[]}, InsetsSource: {caf0006 mType=tappableElement mFrame=[0,1848][1200,1920] mVisible=true mFlags=[]}, InsetsSource: {caf0024 mType=systemGestures mFrame=[0,0][0,0] mVisible=true mFlags=[]} }
05-07 16:44:31.477 1144 1144 I SurfaceFlinger: id=4368 Removed Waiting For Debugger: org.qtproject.example.hellogles3#4368 (132)
05-07 16:44:31.477 1144 1144 I SurfaceFlinger: id=4372 Removed Surface(name=7164bee Waiting For Debugger: org.qtproject.example.hellogles3)/@0x50d889b - animation-leash of window_animation#4372 (132)
05-07 16:44:31.483 25153 25153 E mple.hellogles3: Unable to open libpenguin.so: dlopen failed: library "libpenguin.so" not found.
05-07 16:44:31.484 25153 25153 I BLASTBufferQueue_Java: new BLASTBufferQueue, mName= ViewRootImpl@f9c5125[QtActivity] mNativeObject= 0xb400007918758800 sc.mNativeObject= 0xb40000791875c200 caller= android.view.ViewRootImpl.updateBlastSurfaceIfNeeded:3015 android.view.ViewRootImpl.relayoutWindow:10060 android.view.ViewRootImpl.performTraversals:4092 android.view.ViewRootImpl.doTraversal:3275 android.view.ViewRootImpl$TraversalRunnable.run:11268 android.view.Choreographer$CallbackRecord.run:1650 android.view.Choreographer$CallbackRecord.run:1659 android.view.Choreographer.doCallbacks:1129 android.view.Choreographer.doFrame:1055 android.view.Choreographer$FrameDisplayEventReceiver.run:1622
05-07 16:44:31.485 25153 25153 I BLASTBufferQueue_Java: update, w= 1200 h= 1920 mName = ViewRootImpl@f9c5125[QtActivity] mNativeObject= 0xb400007918758800 sc.mNativeObject= 0xb40000791875c200 format= -1 caller= android.graphics.BLASTBufferQueue.:89 android.view.ViewRootImpl.updateBlastSurfaceIfNeeded:3015 android.view.ViewRootImpl.relayoutWindow:10060 android.view.ViewRootImpl.performTraversals:4092 android.view.ViewRootImpl.doTraversal:3275 android.view.ViewRootImpl$TraversalRunnable.run:11268
05-07 16:44:31.486 25153 25153 I ViewRootImpl@f9c5125[QtActivity]: Relayout returned: old=(0,0,1200,1920) new=(0,0,1200,1920) relayoutAsync=false req=(1200,1920)0 dur=20 res=0x403 s={true 0xb4000078c07a8000} ch=true seqId=0
05-07 16:44:31.486 1144 1144 I Layer : Layer::reparent [WindowToken{2f51569 type=2003 android.view.ViewRootImpl$W@8b17bf0}#4364] newParentHandle : null -------------------------
05-07 16:44:31.486 1144 1144 I Layer : id=4364 removeFromCurrentState WindowToken{2f51569 type=2003 android.view.ViewRootImpl$W@8b17bf0}#4364 (132)
05-07 16:44:31.486 1144 1144 I Layer : id=4365 removeFromCurrentState 7164bee Waiting For Debugger: org.qtproject.example.hellogles3#4365 (132)
05-07 16:44:31.486 1144 1144 I Layer : Layer::reparent [WindowToken{2f51569 type=2003 android.view.ViewRootImpl$W@8b17bf0}#4364] End -------------------------
05-07 16:44:31.487 1144 1144 I Layer : Layer::reparent [ede8149 TaskbarWindow#540] newParent : Surface(name=ede8149 TaskbarWindow)/@0x39fd301 - animation-leash of insets_animation#4378 , isRemovedFromCurrentState : 0 -------------------------
05-07 16:44:31.487 1144 1144 I Layer : Layer::reparent [ede8149 TaskbarWindow#540] End -------------------------
05-07 16:44:31.487 1144 1144 I Layer : Layer::reparent [Surface(name=ede8149 TaskbarWindow)/@0x39fd301 - animation-leash of insets_animation#4373] newParentHandle : null -------------------------
05-07 16:44:31.487 1144 1144 I Layer : id=4373 removeFromCurrentState Surface(name=ede8149 TaskbarWindow)/@0x39fd301 - animation-leash of insets_animation#4373 (132)
05-07 16:44:31.487 1144 1144 I Layer : Layer::reparent [Surface(name=ede8149 TaskbarWindow)/@0x39fd301 - animation-leash of insets_animation#4373] End -------------------------
05-07 16:44:31.487 1144 1144 I Layer : Layer::reparent [f359a00 StatusBar#80] newParent : Surface(name=f359a00 StatusBar)/@0xb15e156 - animation-leash of insets_animation#4379 , isRemovedFromCurrentState : 0 -------------------------
05-07 16:44:31.487 1144 1144 I Layer : Layer::reparent [f359a00 StatusBar#80] End -------------------------
05-07 16:44:31.487 1144 1144 I Layer : Layer::reparent [Surface(name=f359a00 StatusBar)/@0xb15e156 - animation-leash of insets_animation#4374] newParentHandle : null -------------------------
05-07 16:44:31.487 1144 1144 I Layer : id=4374 removeFromCurrentState Surface(name=f359a00 StatusBar)/@0xb15e156 - animation-leash of insets_animation#4374 (132)
05-07 16:44:31.487 1144 1144 I Layer : Layer::reparent [Surface(name=f359a00 StatusBar)/@0xb15e156 - animation-leash of insets_animation#4374] End -------------------------
05-07 16:44:31.487 1144 1144 I Layer : Layer::reparent [7164bee Waiting For Debugger: org.qtproject.example.hellogles3#4365] newParentHandle : null -------------------------
05-07 16:44:31.487 1144 1144 I Layer : id=4365 removeFromCurrentState 7164bee Waiting For Debugger: org.qtproject.example.hellogles3#4365 (132)
05-07 16:44:31.487 1144 1144 I Layer : Layer::reparent [7164bee Waiting For Debugger: org.qtproject.example.hellogles3#4365] End -------------------------
05-07 16:44:31.487 1144 1144 I Layer : id=4372 Destroyed Surface(name=7164bee Waiting For Debugger: org.qtproject.example.hellogles3)/@0x50d889b - animation-leash of window_animation#4372
05-07 16:44:31.487 1144 1144 I Layer : id=4368 Destroyed Waiting For Debugger: org.qtproject.example.hellogles3#4368
05-07 16:44:31.488 1144 1144 I Layer : id=4370 Destroyed Dim Layer for - WindowedMagnification:0:31#4370
05-07 16:44:31.488 1144 1144 I Layer : id=4375 Destroyed Surface(name=Dim Layer for - WindowedMagnification:0:31)/@0xd969176 - animation-leash of dimmer#4375
05-07 16:44:31.489 1144 1144 I SurfaceFlinger: id=4365 Removed 7164bee Waiting For Debugger: org.qtproject.example.hellogles3#4365 (128)
05-07 16:44:31.489 1144 1144 I SurfaceFlinger: id=4374 Removed Surface(name=f359a00 StatusBar)/@0xb15e156 - animation-leash of insets_animation#4374 (128)
05-07 16:44:31.489 1144 1144 I SurfaceFlinger: id=4373 Removed Surface(name=ede8149 TaskbarWindow)/@0x39fd301 - animation-leash of insets_animation#4373 (128)
05-07 16:44:31.489 1144 1144 I SurfaceFlinger: id=4364 Removed WindowToken{2f51569 type=2003 android.view.ViewRootImpl$W@8b17bf0}#4364 (128)
05-07 16:44:31.490 25153 25153 D ViewRootImpl@f9c5125[QtActivity]: mThreadedRenderer.initialize() mSurface={isValid=true 0xb4000078c07a8000} hwInitialized=true
05-07 16:44:31.490 1349 2554 D InputDispatcher: Focus request (0): e637420 org.qtproject.example.hellogles3/org.qtproject.qt.android.bindings.QtActivity but waiting because NO_WINDOW
05-07 16:44:31.495 25153 25153 D ViewRootImpl@f9c5125[QtActivity]: reportNextDraw android.view.ViewRootImpl.performTraversals:4694 android.view.ViewRootImpl.doTraversal:3275 android.view.ViewRootImpl$TraversalRunnable.run:11268 android.view.Choreographer$CallbackRecord.run:1650 android.view.Choreographer$CallbackRecord.run:1659
05-07 16:44:31.496 25153 25153 D ViewRootImpl@f9c5125[QtActivity]: Setup new sync=wmsSync-ViewRootImpl@f9c5125[QtActivity]#0
05-07 16:44:31.496 25153 25153 D ViewRootImpl@f9c5125[QtActivity]: Creating new active sync group ViewRootImpl@f9c5125[QtActivity]#1
05-07 16:44:31.498 1144 1144 I Layer : id=4365 Destroyed 7164bee Waiting For Debugger: org.qtproject.example.hellogles3#4365
05-07 16:44:31.498 1144 1144 I Layer : id=4373 Destroyed Surface(name=ede8149 TaskbarWindow)/@0x39fd301 - animation-leash of insets_animation#4373
05-07 16:44:31.498 1144 1144 I Layer : id=4374 Destroyed Surface(name=f359a00 StatusBar)/@0xb15e156 - animation-leash of insets_animation#4374
05-07 16:44:31.498 1144 1144 I Layer : id=4364 Destroyed WindowToken{2f51569 type=2003 android.view.ViewRootImpl$W@8b17bf0}#4364
05-07 16:44:31.502 25153 25153 D ViewRootImpl@f9c5125[QtActivity]: registerCallbacksForSync syncBuffer=false
05-07 16:44:31.544 25153 25229 D ViewRootImpl@f9c5125[QtActivity]: Received frameDrawingCallback syncResult=0 frameNum=1.
05-07 16:44:31.553 840 840 E audit : type=1400 audit(1715089471.547:34051): avc: granted { execute } for pid=25231 comm="lldb-server" name="lldb-server" dev="dm-51" ino=21583 scontext=u:r:runas_app:s0:c1,c257,c512,c768 tcontext=u:object_r:app_data_file:s0:c1,c257,c512,c768 tclass=file SEPF_SM-X210_12_0001 audit_filtered
05-07 16:44:31.553 840 840 E audit : type=1400 audit(1715089471.547:34052): avc: granted { execute } for pid=25231 comm="lldb-server" path="/data/user/0/org.qtproject.example.hellogles3/lldb-server" dev="dm-51" ino=21583 scontext=u:r:runas_app:s0:c1,c257,c512,c768 tcontext=u:object_r:app_data_file:s0:c1,c257,c512,c768 tclass=file SEPF_SM-X210_12_0001 audit_filtered
05-07 16:44:31.575 972 23421 I sensors-hal: handle_sns_client_event:44, ambient_light_event: ts=521077269267619, event=615.000000
05-07 16:44:31.653 1349 2914 I SemDvfsHyPerManager: acquire hyper - AMS_RESUME_TAIL/1349@26, type = -999
05-07 16:44:31.655 1349 2914 I SemDvfsHyPerManager: acquire hyper - AMS_ACT_LAZY/1349@27, type = -999
05-07 16:44:31.655 1349 2914 D ActivityManagerPerformance: AMP_acquire() TAIL
05-07 16:44:31.655 1349 2914 D ActivityManagerPerformance: AMP_release() APP_SWITCH
05-07 16:44:31.655 975 1107 I HYPER-HAL: [RequestManager.cpp]acquire(): Acquired ID : 946026 [1349 / 26] HINT : AMS_RESUME_TAIL list :
05-07 16:44:31.655 975 1107 I HYPER-HAL: [ResourceManager.cpp]updateResource(): [CPULittleMinFreq] UpdateResource Request ID : 946026 Value : 1324800
05-07 16:44:31.658 975 1107 I HYPER-HAL: [ResourceManager.cpp]updateResource(): [CPUMinFreq] UpdateResource Request ID : 946026 Value : 1651200
05-07 16:44:31.658 975 1107 I HYPER-HAL: [RequestManager.cpp]acquire(): Acquired ID : 947403 [1349 / 27] HINT : AMS_ACT_LAZY list :
05-07 16:44:31.659 975 1107 I HYPER-HAL: [ResourceManager.cpp]removeResource(): [CPULittleMinFreq] RemoveResource Request ID : 941901
05-07 16:44:31.660 975 1107 E HYPER-HAL: [HandlerSysfs.cpp]doResourceHandling(): Couldn't Open Sysfs - /sys/class/scsi_host/host0/../../../clkscale_enable
05-07 16:44:31.660 840 840 E audit : type=1400 audit(1715089471.655:34053): avc: denied { search } for pid=975 comm="HyPerThread" name="host0" dev="sysfs" ino=62490 scontext=u:r:hal_hyper_default:s0 tcontext=u:object_r:sysfs_scsi_host:s0 tclass=dir permissive=0 SEPF_SM-X210_12_0001 audit_filtered
05-07 16:44:31.660 975 1107 I HYPER-HAL: [ResourceManager.cpp]removeResource(): [CPUMinFreq] RemoveResource Request ID : 941901
05-07 16:44:31.660 975 1107 I HYPER-HAL: [RequestManager.cpp]releaseLocked(): Released ID : 941901
05-07 16:44:31.672 3560 3560 I SDHMS:o : update midground cpus to default value : 0-5
05-07 16:44:31.675 972 23421 I sensors-hal: handle_sns_client_event:44, ambient_light_event: ts=521077369273922, event=615.000000
05-07 16:44:31.739 1144 1286 W ComposerExtn: DisplayExtnImpl::SetActiveConfig: HWC Display 0 is not registered!
05-07 16:44:31.775 972 23421 I sensors-hal: handle_sns_client_event:44, ambient_light_event: ts=521077469271786, event=617.000000
05-07 16:44:31.875 972 23421 I sensors-hal: handle_sns_client_event:44, ambient_light_event: ts=521077569262672, event=615.000000
05-07 16:44:31.975 972 23421 I sensors-hal: handle_sns_client_event:44, ambient_light_event: ts=521077669263817, event=616.000000
05-07 16:44:31.979 1349 2001 D BatteryService: Sending ACTION_BATTERY_CHANGED: level:80, status:2, health:2, remain:-1, ac:false, usb:true, wireless:false, pogo:false, misc:0x0, charge_type:0, charger_type:0, voltage:4089, temperature:225, online:4, charging_status:0, cycle_count:0, current_avg:0, ps:false, hvc:false, capacity:280000, current_event:0x0, current_now:-50000, mcc:500000, mcv:5000000, cc:4000000, present:true, scale:100, technology:Li-ion
05-07 16:44:31.983 1349 2110 I DeviceBatteryInfoService: action: android.intent.action.BATTERY_CHANGED
05-07 16:44:31.983 1349 2110 I DeviceBatteryInfoService: phone battery level: 80
05-07 16:44:31.983 1349 2110 I DeviceBatteryInfoService: phone battery status: 2
05-07 16:44:31.983 2145 2145 D SemBigDataInfoController: Intent: android.intent.action.BATTERY_CHANGED
05-07 16:44:31.984 1349 1979 D MotionRecognitionService: [SAR] onReceive : ACTION_BATTERY_CHANGED, Plugged: 2
05-07 16:44:31.984 22942 22942 I [SCPMV2][SystemMonitorReceiver]: onReceive: android.intent.action.BATTERY_CHANGED
05-07 16:44:31.985 2283 2283 I AODBatteryManager: updateBatteryData: ACTION_BATTERY_CHANGED
05-07 16:44:31.986 2283 2283 I AODBatteryManager: saveBatteryData : AOD BatteryData [mBatteryLevel=80, mBatteryStatus=CHARGING, mBatteryPlugType=USB, mBatteryPlugged=true, mRemainingChargeTime=-1, mBatteryChargingType=1, mBatteryChargerType=NORMAL, mBatteryOnline=USB, mBatterySwellingMode=NONE, mBatteryProtectMode=false]
05-07 16:44:31.986 2283 2283 D SamsungBatteryMeterDrawable: onBatteryLevelChanged isSomethingChanged: false
05-07 16:44:31.987 2283 2283 D SamsungBatteryMeterDrawable: onBatteryLevelChanged isSomethingChanged: false
05-07 16:44:31.987 2283 2283 D SamsungBatteryMeterDrawable: onBatteryLevelChanged isSomethingChanged: false
05-07 16:44:31.987 2283 2283 I PowerUI : mBootCompleted = true | mFullyConnected = true
05-07 16:44:31.987 2283 2283 I PowerUI : BATTERY_HEALTH_CHECK extraHealth=2 mBatteryMiscEvent=0
05-07 16:44:31.987 2283 2283 W PowerUI : Plug reason
05-07 16:44:31.987 2283 2283 W PowerUI : Skip charging animation - by plug status
05-07 16:44:31.987 2283 2283 D PowerUI : priorPlugType = 2 mPlugType = 2 priorBatteryStatus = 2 mBatteryStatus = 2
05-07 16:44:31.987 2283 2283 W PowerUI : Plug reason
05-07 16:44:31.987 2283 2283 W PowerUI : Skip charging sound - by plug status
05-07 16:44:31.987 2283 2283 I PowerUI : oldMisalign : false, curMisalign : false
05-07 16:44:31.987 2283 13851 D SecPowerUI.Notification: dismissing low battery warning: level=80
05-07 16:44:31.987 2283 13851 D SecPowerUI.Notification: updateNotification mWarning=false mPlaySound=false
