05-07 16:44:28.649 1349 1378 D ActivityTaskManager: TaskLaunchParamsModifier:task=null activity=ActivityRecord{4c44815 u0 org.qtproject.example.hellogles3/org.qtproject.qt.android.bindings.QtActivity t-1} display-id=0 task-display-area-windowing-mode=1 suggested-display-area=DefaultTaskDisplayArea_d0@265250060 non-freeform-task-display-area display-area=DefaultTaskDisplayArea_d0@265250060 default-portrait freeform-size-mismatch=Rect(312, 510 - 888, 1374)
05-07 16:44:28.650 1349 2914 I SemDvfsHyPerManager: acquire hyper - AMS_APP_SWITCH/1349@23, type = -999
05-07 16:44:28.650 975 1107 I HYPER-HAL: [RequestManager.cpp]acquire(): Acquired ID : 941901 [1349 / 23] HINT : AMS_APP_SWITCH list :
05-07 16:44:28.651 975 1107 I HYPER-HAL: [ResourceManager.cpp]updateResource(): [CPULittleMinFreq] UpdateResource Request ID : 941901 Value : 1804800
05-07 16:44:28.651 1349 2914 D ActivityManagerPerformance: AMP_acquire() APP_SWITCH
05-07 16:44:28.652 3560 3560 I SDHMS:o : update midground cpus to 0-1
05-07 16:44:28.653 975 1107 E HYPER-HAL: [HandlerSysfs.cpp]doResourceHandling(): Couldn't Open Sysfs - /sys/class/scsi_host/host0/../../../clkscale_enable
05-07 16:44:28.654 975 1107 I HYPER-HAL: [ResourceManager.cpp]updateResource(): [CPUMinFreq] UpdateResource Request ID : 941901 Value : 2208000
05-07 16:44:28.655 1144 1222 I SurfaceFlinger: id=4356 createSurf, flag=24004, Task=38#4356
05-07 16:44:28.656 1349 1378 D SGM:FgCheckThread: TaskStackListener.onTaskFocusChanged(), taskId=7, focused=true
05-07 16:44:28.656 1349 1378 D SGM:FgCheckThread: sendRunningComponentFocus(), pkgName: com.sec.android.app.launcher, userId: 0
05-07 16:44:28.657 1349 2028 D AS.MultiSoundManager: mForegroundUid = 10103
05-07 16:44:28.657 1349 1960 D SGM:FgCheckThread: onLooperPrepared(), msg: MSG_TASK_FOCUSED, pkgName: com.sec.android.app.launcher, userId: 0
05-07 16:44:28.657 1349 1960 D SGM:FgCheckThread: handleTaskFocused().
05-07 16:44:28.657 1349 1960 D SGM:FgCheckThread: sendFocusOutConditionally() - mPrevNotiPkg: (unknown), userId: 0
05-07 16:44:28.657 1349 1960 D SGM:FgCheckThread: handleTaskFocused(), pkgName: com.sec.android.app.launcher, userID:0
05-07 16:44:28.657 1349 1960 D SGM:FgCheckThread: handleResume().
05-07 16:44:28.657 1349 1378 D InputDispatcher: Focused application(0): ActivityRecord{5885383 u0 com.sec.android.app.launcher/.activities.LauncherActivity t7}
05-07 16:44:28.657 1349 1960 D SGM:FgCheckThread: sendFocusOutConditionally() - mPrevNotiPkg: (unknown), userId: 0
05-07 16:44:28.657 1349 1960 D SGM:FgCheckThread: handleResume(). pkgName: com.sec.android.app.launcher, userId: 0, isTunableApp: null
05-07 16:44:28.658 1349 1960 D SGM:FgCheckThread: notifyFocusInOut(). of pkg: com.sec.android.app.launcher, type: 4, isTunableApp: false, userId: 0
05-07 16:44:28.658 1349 1960 D SGM:FgCheckThread: notifyFocusInOut(). unexpected mPrevNotiType: -1
05-07 16:44:28.658 1349 1960 D SGM:SystemHelper: callReleaseBlock needReleaseBlock:false
05-07 16:44:28.658 1349 1378 D SGM:FgCheckThread: TaskStackListener.onTaskFocusChanged(), taskId=7, focused=true
05-07 16:44:28.658 1349 1378 D SGM:FgCheckThread: sendRunningComponentFocus(), pkgName: com.sec.android.app.launcher, userId: 0
05-07 16:44:28.658 1349 1960 D SGM:FgCheckThread: onLooperPrepared(), msg: MSG_TASK_FOCUSED, pkgName: com.sec.android.app.launcher, userId: 0
05-07 16:44:28.658 1349 2028 D AS.MultiSoundManager: mForegroundUid = 10103
05-07 16:44:28.658 1349 1960 D SGM:FgCheckThread: handleTaskFocused().
05-07 16:44:28.658 1349 1960 D SGM:FgCheckThread: handleTaskFocused(), pkgName: com.sec.android.app.launcher, userID:0
05-07 16:44:28.658 1349 1960 D SGM:FgCheckThread: handleResume().
05-07 16:44:28.659 1349 1960 D SGM:FgCheckThread: sendFocusOutConditionally() - mPrevNotiPkg: (unknown), userId: 0
05-07 16:44:28.659 1349 1960 D SGM:FgCheckThread: handleResume(). pkgName: com.sec.android.app.launcher, userId: 0, isTunableApp: null
05-07 16:44:28.659 1349 1960 D SGM:FgCheckThread: notifyFocusInOut(). of pkg: com.sec.android.app.launcher, type: 4, isTunableApp: false, userId: 0
05-07 16:44:28.659 1349 1960 D SGM:FgCheckThread: notifyFocusInOut(). unexpected mPrevNotiType: -1
05-07 16:44:28.659 1349 1960 D SGM:SystemHelper: callReleaseBlock needReleaseBlock:false
05-07 16:44:28.660 1349 1378 D ActivityTaskManager: scheduleTopResumedActivityChanged, onTop=true, r=ActivityRecord{5885383 u0 com.sec.android.app.launcher/.activities.LauncherActivity t7}, caller=com.android.server.wm.ActivityTaskSupervisor.scheduleTopResumedActivityStateIfNeeded:2816 com.android.server.wm.ActivityTaskSupervisor.updateTopResumedActivityIfNeeded:2808 com.android.server.wm.TaskDisplayArea.addChildTask:434 com.android.server.wm.TaskDisplayArea.addChild:411 com.android.server.wm.Task$Builder.build:8315 com.android.server.wm.TaskDisplayArea.getOrCreateRootTask:1346
05-07 16:44:28.660 1349 1378 D ActivityTaskManager: TaskLaunchParamsModifier:task=Task{ac7472a #38 type=standard A=10257:org.qtproject.example.hellogles3} activity=ActivityRecord{4c44815 u0 org.qtproject.example.hellogles3/org.qtproject.qt.android.bindings.QtActivity t-1} display-from-focus=0 display-id=0 task-display-area-windowing-mode=1 suggested-display-area=DefaultTaskDisplayArea_d0@265250060 inherit-from-task=fullscreen non-freeform-task-display-area display-area=DefaultTaskDisplayArea_d0@265250060 default-portrait freeform-size-mismatch=Rect(312, 510 - 888, 1374)
05-07 16:44:28.661 1349 1378 V WindowManager: Collecting in transition 161: Task{ac7472a #38 type=standard A=10257:org.qtproject.example.hellogles3}, caller=com.android.server.wm.Transition.collectExistenceChange:893 com.android.server.wm.TransitionController.collectExistenceChange:914 com.android.server.wm.ActivityStarter.setNewTask:4583 com.android.server.wm.ActivityStarter.startActivityInner:2829 com.android.server.wm.ActivityStarter.startActivityUnchecked:2259
05-07 16:44:28.661 1349 1378 D CompatibilityChangeReporter: Compat change id reported: 184838306; UID 10257; state: DISABLED
05-07 16:44:28.661 1349 1378 D CompatibilityChangeReporter: Compat change id reported: 185004937; UID 10257; state: DISABLED
05-07 16:44:28.662 1144 1222 I SurfaceFlinger: id=4357 createSurf, flag=84004, ActivityRecord{4c44815 u0 org.qtproject.example.hellogles3/org.qtproject.qt.android.bindings.QtActivity t38}#4357
05-07 16:44:28.663 1349 1378 D ActivityTaskManager: scheduleTopResumedActivityChanged, onTop=false, r=ActivityRecord{5885383 u0 com.sec.android.app.launcher/.activities.LauncherActivity t7}, caller=com.android.server.wm.ActivityTaskSupervisor.updateTopResumedActivityIfNeeded:2785 com.android.server.wm.TaskDisplayArea.positionChildTaskAt:566 com.android.server.wm.TaskDisplayArea.positionChildAt:482 com.android.server.wm.Task.moveToFront:5960 com.android.server.wm.ActivityStarter.startActivityInner:2857 com.android.server.wm.ActivityStarter.startActivityUnchecked:2259
05-07 16:44:28.664 1349 1378 V WindowManager: Checking theme of starting window: 0x0
05-07 16:44:28.664 1349 1378 D CompatibilityChangeReporter: Compat change id reported: 205907456; UID 10257; state: ENABLED
05-07 16:44:28.664 1349 1378 V WindowManager: Creating SplashScreenStartingData
05-07 16:44:28.664 1349 1378 D ActivityTaskManager: Add starting ActivityRecord{4c44815 u0 org.qtproject.example.hellogles3/org.qtproject.qt.android.bindings.QtActivity t38}: typeParam=139 startingData=com.android.server.wm.SplashScreenStartingData@cfb8ab8
05-07 16:44:28.664 1349 1378 V WindowManager: Added starting ActivityRecord{4c44815 u0 org.qtproject.example.hellogles3/org.qtproject.qt.android.bindings.QtActivity t38}: startingWindow=null startingView=com.android.server.wm.StartingSurfaceController$StartingSurface@dae5091
05-07 16:44:28.666 1349 1378 V WindowManager: Collecting in transition 161: ActivityRecord{4c44815 u0 org.qtproject.example.hellogles3/org.qtproject.qt.android.bindings.QtActivity t38}, caller=com.android.server.wm.Transition.collectExistenceChange:893 com.android.server.wm.TransitionController.collectExistenceChange:914 com.android.server.wm.ActivityStarter.handleStartResult:2442 com.android.server.wm.ActivityStarter.startActivityUnchecked:2264 com.android.server.wm.ActivityStarter.executeRequest:1845
05-07 16:44:28.666 1349 1378 V WindowManager: Requesting StartTransition: TransitionRecord{9405dcc id=161 type=OPEN flags=0x0}, caller=com.android.server.wm.ActivityStarter.handleStartResult:2476 com.android.server.wm.ActivityStarter.startActivityUnchecked:2264 com.android.server.wm.ActivityStarter.executeRequest:1845 com.android.server.wm.ActivityStarter.execute:1004 com.android.server.wm.ActivityTaskManagerService.startActivityAsUser:1959
05-07 16:44:28.666 1349 1378 I ActivityTaskManager: START u0 {flg=0x10000000 cmp=org.qtproject.example.hellogles3/org.qtproject.qt.android.bindings.QtActivity} with LAUNCH_SINGLE_TOP from uid 2000 (BAL_ALLOW_PERMISSION) result code=0
05-07 16:44:28.666 1349 1378 I Pageboost: stop alp
05-07 16:44:28.667 1349 1378 I SemDvfsHyPerManager: acquire hyper - AMS_APP_LAUNCH/1349@24, type = -999
05-07 16:44:28.667 2283 2409 V WindowManagerShell: Transition requested: android.os.BinderProxy@d09eda1 TransitionRequestInfo { type = OPEN, triggerTask = TaskInfo{userId=0 taskId=38 displayId=0 isRunning=true baseIntent=Intent { flg=0x10000000 cmp=org.qtproject.example.hellogles3/org.qtproject.qt.android.bindings.QtActivity } baseActivity=ComponentInfo{org.qtproject.example.hellogles3/org.qtproject.qt.android.bindings.QtActivity} topActivity=ComponentInfo{org.qtproject.example.hellogles3/org.qtproject.qt.android.bindings.QtActivity} origActivity=null realActivity=ComponentInfo{org.qtproject.example.hellogles3/org.qtproject.qt.android.bindings.QtActivity} numActivities=1 lastActiveTime=521074362 supportsMultiWindow=true resizeMode=1 isResizeable=true minWidth=-1 minHeight=-1 maxWidth=-1 maxHeight=-1 defaultMinSize=220 token=WCT{android.window.IWindowContainerToken$Stub$Proxy@f276bc6} topActivityType=1 pictureInPictureParams=null shouldDockBigOverlays=false launchIntoPipHostTaskId=-1 lastParentTaskIdBeforePip=-1 displayCutoutSafeInsets=null topActivityInfo=ActivityInfo{7c36787 org.qtproject.qt.android.bindings.QtActivity} launchCookies=[] positionInParent=Point(0, 0) parentTaskId=-1 isFocused=false isVisible=false isVisibleRequested=false isSleeping=false topActivityInSizeCompat=false topActivityEligibleForLetterboxEducation= false topActivityLetterboxed= false isFromDoubleTap= false topActivityLetterboxVerticalPosition= -1 topActivityLetterboxHorizontalPosition= -1 topActivityLetterboxWidth=-1 topActivityLetterboxHeight=-1 locusId=null displayAreaFeatureId=1 cameraCompatControlState=hidden originallySupportedMultiWindow=true hasWallpaper=false topActivityInFixedAspectRatio=false rootAffinity=10257:org.qtproject.example.hellogles3 topActivityInDisplayCompat=false topActivityInBoundsCompat=false topActivityBounds=null singleTapFromLetterbox=false isTopTaskInStage=false topActivityUiMode=17 CoverLauncherWidgetTask=false CoverScreenTask=false isAllowedSeamlessRotation=false}, remoteTransition = null, displayChange = null }
05-07 16:44:28.667 3145 3145 E pageboostd: Received HALT command code 2
05-07 16:44:28.669 3560 3560 I SDHMS:o : update midground cpus to 0-1
05-07 16:44:28.669 975 1107 I HYPER-HAL: [RequestManager.cpp]acquire(): Acquired ID : 943275 [1349 / 24] HINT : AMS_APP_LAUNCH list :
05-07 16:44:28.671 2283 2534 D NativeCustomFrequencyManager: [NativeCFMS] BpCustomFrequencyManager::BpCustomFrequencyManager()
05-07 16:44:28.671 1384 6373 I CameraService: onUidStateChanged: uid=10047, procState is changed. (0 -> 1)
05-07 16:44:28.672 2283 2472 W ShellStartingWindow: Window background is translucent, fill background with black color
05-07 16:44:28.672 1349 1378 V WindowManager: Starting Transition 161, caller=com.android.server.wm.WindowOrganizerController.startTransition:372 com.android.server.wm.WindowOrganizerController.startTransition:303 android.window.IWindowOrganizerController$Stub.onTransact:257
05-07 16:44:28.672 1349 1378 V Transition: allReady query: used=true, override=false, defer=0, states=Display{#0 state=ON size=1200x1920 ROTATION_0}:false
05-07 16:44:28.672 975 1107 I HYPER-HAL: [ResourceManager.cpp]updateResource(): [CPULittleMinFreq] UpdateResource Request ID : 943275 Value : 1804800
05-07 16:44:28.673 2625 2625 I HoneySpace.BackgroundManagerImpl: capturedBlurView: pause(com.sec.android.app.launcher.Launcher@a70fc40, 175176768)
05-07 16:44:28.674 2625 2625 I HoneySpace.BackgroundManagerImpl: cachedBlurView: pause(com.sec.android.app.launcher.Launcher@a70fc40, 175176768)
05-07 16:44:28.674 2625 2625 I HoneySpace.Launcher: !@Boot_EBS_D: Launcher.onPause()
05-07 16:44:28.674 2625 25121 I HoneySpace.SPayHandler: updateSpayHandler launcher activity is paused false
05-07 16:44:28.674 2625 2625 I HoneySpace.Launcher: updateLauncherShowing true -> false
05-07 16:44:28.674 2625 25121 I HoneySpace.TaskbarVisibilityController: launcher showing: false recent showing: false
05-07 16:44:28.675 972 23421 I sensors-hal: handle_sns_client_event:44, ambient_light_event: ts=521074369269621, event=614.000000
05-07 16:44:28.676 975 1107 E HYPER-HAL: [HandlerSysfs.cpp]doResourceHandling(): Couldn't Open Sysfs - /sys/class/scsi_host/host0/../../../clkscale_enable
05-07 16:44:28.676 1349 2554 V WindowManager: Collecting in transition 161: ActivityRecord{4c44815 u0 org.qtproject.example.hellogles3/org.qtproject.qt.android.bindings.QtActivity t38}, caller=com.android.server.wm.TransitionController.collect:872 com.android.server.wm.ActivityRecord.setVisibility:6290 com.android.server.wm.ActivityRecord.setVisibility:6237 com.android.server.wm.EnsureActivitiesVisibleHelper.makeVisibleAndRestartIfNeeded:327 com.android.server.wm.EnsureActivitiesVisibleHelper.setActivityVisibilityState:251
05-07 16:44:28.677 1349 2554 V WindowManager: Collecting in transition 161: ActivityRecord{5885383 u0 com.sec.android.app.launcher/.activities.LauncherActivity t7}, caller=com.android.server.wm.TransitionController.collect:872 com.android.server.wm.ActivityRecord.setVisibility:6290 com.android.server.wm.ActivityRecord.setVisibility:6237 com.android.server.wm.ActivityRecord.makeInvisible:7092 com.android.server.wm.EnsureActivitiesVisibleHelper.setActivityVisibilityState:294
05-07 16:44:28.677 1349 2554 D WindowManager: prepareSync , mPrepareSyncSeqId=0, win=Window{15b7be u0 com.sec.android.app.launcher/com.sec.android.app.launcher.activities.LauncherActivity}
05-07 16:44:28.677 975 1107 I HYPER-HAL: [ResourceManager.cpp]updateResource(): [CPUMinFreq] UpdateResource Request ID : 943275 Value : 2208000
05-07 16:44:28.678 1349 2554 V WindowManager: Collecting in transition 161: WallpaperWindowToken{4f74455 token=android.os.Binder@52ca30c}, caller=com.android.server.wm.Transition.collect:811 com.android.server.wm.TransitionController.collect:872 com.android.server.wm.ActivityRecord.setVisibility:6290 com.android.server.wm.ActivityRecord.setVisibility:6237 com.android.server.wm.ActivityRecord.makeInvisible:7092
05-07 16:44:28.678 1349 2554 D WindowManager: VisibleRequested updated, r=ActivityRecord{5885383 u0 com.sec.android.app.launcher/.activities.LauncherActivity t7}
05-07 16:44:28.679 1349 2554 V WindowManager: Collecting in transition 161: WallpaperWindowToken{4f74455 token=android.os.Binder@52ca30c}, caller=com.android.server.wm.TransitionController.collect:872 com.android.server.wm.WallpaperWindowToken.setVisibility:208 com.android.server.wm.WallpaperWindowToken.updateWallpaperWindows:155 com.android.server.wm.WallpaperController.updateWallpaperTokens:925 com.android.server.wm.WallpaperController.adjustWallpaperWindows:969
05-07 16:44:28.680 1349 2554 D WindowManager: updateSystemBarAttributes: displayId=0, win=Window{15b7be u0 com.sec.android.app.launcher/com.sec.android.app.launcher.activities.LauncherActivity}, navColorWin=null, focusedCanBeNavColorWin=false, behavior=2, appearance=0, statusBarAppearanceRegions=[], requestedVisibilities=-9, from=com.android.server.wm.DisplayPolicy.finishPostLayoutPolicyLw:2310 com.android.server.wm.DisplayContent.applySurfaceChangesTransaction:6135 com.android.server.wm.RootWindowContainer.applySurfaceChangesTransaction:1171
05-07 16:44:28.681 2283 2283 D SamsungLightBarControlHelper: onStatusBarAppearanceChanged() - sbModeChanged:false, statusBarMode:0, barState:MODE_TRANSPARENT, isKeyguardShowing:false, navbarColorManagedByIme:false, stackAppearanceChanged:true, (), packageName:com.sec.android.app.launcher
05-07 16:44:28.681 2283 2283 D TaskbarDelegate: onSystemBarAttributesChanged() - displayId:0, appearance:0, navbarColorManagedByIme: false, packageName: com.sec.android.app.launcher
05-07 16:44:28.682 2625 2691 I HoneySpace.TaskbarEventTracker: invokeEvent() called with: event = OnSystemBarAttributesChanged(displayId=0, behavior=2)
05-07 16:44:28.682 2625 2691 I HoneySpace.TaskbarEventTracker: invokeEvent() called with: event = HandleNavigationBarEvent(eventData=NavBarEvents(eventType=ON_APPEARANCE_CHANGED, iconType=null, remoteViewBundle=null, iconBitmapBundle=null, orderDefault=true, position=0, rotationLocked=false, transientShowing=false, appearance=0, pluginBundle=null, hiddenByKnox=false, insetsBundle=null))
05-07 16:44:28.683 2625 2625 I HoneySpace.HistoryViewModel: task bar is not showing. skip load history items
05-07 16:44:28.683 2625 2696 I HoneySpace.TopTaskSource: onTaskFocusChanged(): taskId = 7
05-07 16:44:28.683 2625 2625 I HoneySpace.HistoryViewModel: task bar is not showing. skip load history items
05-07 16:44:28.683 2625 2696 I HoneySpace.TopTaskSource: onTaskFocusChanged(): taskId = 7
05-07 16:44:28.683 1349 9382 D InputTransport: Input channel constructed: 'd3a9a64', fd=667
05-07 16:44:28.683 1349 9382 D InputTransport: Input channel constructed: 'd3a9a64', fd=712
05-07 16:44:28.683 2625 2696 I HoneySpace.TopTaskSource: onTaskMovedToFront : taskId = 7
05-07 16:44:28.684 2625 2696 I HoneySpace.TopTaskSource: onTaskMovedToFront : taskId = 7
05-07 16:44:28.684 1349 9382 D InputTransport: Input channel constructed: 'd3a9a64', fd=770
05-07 16:44:28.684 1349 9382 D WindowManager: prepareSync , mPrepareSyncSeqId=0, win=Window{d3a9a64 u0 Splash Screen org.qtproject.example.hellogles3}
05-07 16:44:28.684 2625 2696 I HoneySpace.TopTaskSource: onTaskMovedToFront : taskId = 38
05-07 16:44:28.684 1144 1222 I SurfaceFlinger: id=4358 createSurf, flag=84004, d3a9a64 Splash Screen org.qtproject.example.hellogles3#4358
05-07 16:44:28.685 2625 25121 I HoneySpace.TopTaskUseCase: topTasks 38 ComponentInfo{org.qtproject.example.hellogles3/org.qtproject.qt.android.bindings.QtActivity}
05-07 16:44:28.685 2625 2625 I HoneySpace.TaskbarPot: HandleNavigationBarEvent: ON_APPEARANCE_CHANGED
05-07 16:44:28.685 1349 9382 V WindowManager: addWindow: ActivityRecord{4c44815 u0 org.qtproject.example.hellogles3/org.qtproject.qt.android.bindings.QtActivity t38} startingWindow=Window{d3a9a64 u0 Splash Screen org.qtproject.example.hellogles3}
05-07 16:44:28.685 2625 2625 I HoneySpace.TaskbarPot: updateAppearance appearance:0
05-07 16:44:28.686 1349 9382 V WindowManager: rotationForOrientation(orient=SCREEN_ORIENTATION_UNSPECIFIED (-1), last=ROTATION_0 (0)); user=ROTATION_0 (0)
05-07 16:44:28.686 1349 9382 D WindowManager: rotationForOrientation, orientationSource=ActivityRecord{4c44815 u0 org.qtproject.example.hellogles3/org.qtproject.qt.android.bindings.QtActivity t38}
05-07 16:44:28.686 1349 9382 D InputTransport: Input channel destroyed: 'd3a9a64', fd=770
05-07 16:44:28.687 2283 2471 I InsetsController: onStateChanged: host=Splash Screen org.qtproject.example.hellogles3, from=android.view.ViewRootImpl.setView:1744, state=InsetsState: {mDisplayFrame=Rect(0, 0 - 1200, 1920), mDisplayCutout=DisplayCutout{insets=Rect(0, 0 - 0, 0) waterfall=Insets{left=0, top=0, right=0, bottom=0} boundingRect={Bounds=[Rect(0, 0 - 0, 0), Rect(0, 0 - 0, 0), Rect(0, 0 - 0, 0), Rect(0, 0 - 0, 0)]} cutoutPathParserInfo={CutoutPathParserInfo{displayWidth=0 displayHeight=0 physicalDisplayWidth=0 physicalDisplayHeight=0 density={0.0} cutoutSpec={} rotation={0} scale={0.0} physicalPixelDisplaySizeRatio={0.0}}}}, mRoundedCorners=RoundedCorners{[RoundedCorner{position=TopLeft, radius=20, center=Point(20, 20)}, RoundedCorner{position=TopRight, radius=20, center=Point(1180, 20)}, RoundedCorner{position=BottomRight, radius=20, center=Point(1180, 1900)}, RoundedCorner{position=BottomLeft, radius=20, center=Point(20, 1900)}]} mRoundedCornerFrame=Rect(0, 0 - 1200, 1920), mPrivacyIndicatorBounds=PrivacyIndicatorBounds {static bounds=Rect(1134, 0 - 1200, 36) rotation=0}, mDisplayShape=DisplayShape{ spec=1237991957 displayWidth=1200 displayHeight=1920 physicalPixelDisplaySizeRatio=1.0 rotation=0 offsetX=0 offsetY=0 scale=1.0}, mSources= { InsetsSource: {8d230000 mType=statusBars mFrame=[0,0][1200,36] mVisible=true mFlags=[]}, InsetsSource: {8d230005 mType=mandatorySystemGestures mFrame=[0,0][1200,36] mVisible=true mFlags=[]}, InsetsSource: {8d230006 mType=tappableElement mFrame=[0,0][1200,36] mVisible=true mFlags=[]}, InsetsSource: {3 mType=ime mFrame=[0,0][0,0] mVisible=false mFlags=[]}, InsetsSource: {caf0001 mType=navigationBars mFrame=[0,1848][1200,1920] mVisible=true mFlags=[]}, InsetsSource: {caf0004 mType=systemGestures mFrame=[0,0][0,0] mVisible=true mFlags=[]}, InsetsSource: {caf0005 mType=mandatorySystemGestures mFrame=[0,1848][1200,1920] mVisible=true mFlags=[]}, InsetsSource: {caf0006 mType=tappableElement mFrame=[0,1848][1200,1920] mVisible=true mFlags=[]}, InsetsSource: {caf0024 mType=systemGestures mFrame=[0,0][0,0] mVisible=true mFlags=[]} }
05-07 16:44:28.687 2283 2471 I ViewRootImpl@94fa928[hellogles3]: synced displayState. AttachInfo displayState=2
05-07 16:44:28.687 2283 2471 I ViewRootImpl@94fa928[hellogles3]: setView = android.widget.FrameLayout@e5ba8c3 TM=true
05-07 16:44:28.687 2283 2534 D OpenGLRenderer: HWUI - treat SMPTE_170M as sRGB
05-07 16:44:28.689 1349 9382 D CoreBackPreview: Window{d3a9a64 u0 Splash Screen org.qtproject.example.hellogles3}: Setting back callback OnBackInvokedCallbackInfo{mCallback=android.window.IOnBackInvokedCallback$Stub$Proxy@d0d9182, mPriority=0, mIsAnimationCallback=false}
05-07 16:44:28.689 1349 1378 V WindowManager: Relayout Window{d3a9a64 u0 Splash Screen org.qtproject.example.hellogles3}: viewVisibility=0 req=1200x1920 ty=3 d0
05-07 16:44:28.689 1349 1723 D CompatibilityChangeReporter: Compat change id reported: 135634846; UID 10257; state: DISABLED
05-07 16:44:28.689 1349 1723 D CompatibilityChangeReporter: Compat change id reported: 177438394; UID 10257; state: DISABLED
05-07 16:44:28.689 1349 1378 D RestrictionPolicy: isScreenCaptureEnabled : ret=true userId=0
05-07 16:44:28.690 1349 1723 D CompatibilityChangeReporter: Compat change id reported: 135772972; UID 10257; state: DISABLED
05-07 16:44:28.690 1349 1723 D CompatibilityChangeReporter: Compat change id reported: 135754954; UID 10257; state: ENABLED
05-07 16:44:28.690 1144 1222 I SurfaceFlinger: id=4359 createSurf, flag=44004, Splash Screen org.qtproject.example.hellogles3$_2283#4359
05-07 16:44:28.691 1349 1378 D WindowManager: makeSurface duration=1 name=Splash Screen org.qtproject.example.hellogles3$_2283
05-07 16:44:28.691 1349 1733 D CompatibilityChangeReporter: Compat change id reported: 143937733; UID 10257; state: ENABLED
05-07 16:44:28.691 2625 25122 I HoneySpace.RecentTasks: onRecentTasksChanged
05-07 16:44:28.692 1144 1144 I BpBinder: onLastStrongRef automatically unlinking death recipients:
05-07 16:44:28.692 1349 1723 D SGM:FgCheckThread: notePauseComponent(), received pkgName: com.sec.android.app.launcher, userId: 0
05-07 16:44:28.693 1349 9382 D InputDispatcher: Focus left window (0): 15b7be com.sec.android.app.launcher/com.sec.android.app.launcher.activities.LauncherActivity
05-07 16:44:28.694 2625 25121 I HoneySpace.RecentTasks: onRecentTasksChanged
05-07 16:44:28.695 1349 2053 I CocktailBarManagerServiceContainer: handleMessage: entry what = 6
05-07 16:44:28.695 1349 1378 V WindowManager: Changing focus from Window{15b7be u0 com.sec.android.app.launcher/com.sec.android.app.launcher.activities.LauncherActivity} to null displayId=0 Callers=com.android.server.wm.RootWindowContainer.updateFocusedWindowLocked:569 com.android.server.wm.WindowManagerService.updateFocusedWindowLocked:6797 com.android.server.wm.WindowManagerService.relayoutWindow:2756 com.android.server.wm.Session.relayout:270
05-07 16:44:28.696 1349 1378 V WindowManager: rotationForOrientation(orient=SCREEN_ORIENTATION_UNSPECIFIED (-1), last=ROTATION_0 (0)); user=ROTATION_0 (0)
05-07 16:44:28.696 1349 1378 D WindowManager: rotationForOrientation, orientationSource=ActivityRecord{4c44815 u0 org.qtproject.example.hellogles3/org.qtproject.qt.android.bindings.QtActivity t38}
05-07 16:44:28.699 1349 1378 V WindowManager: Relayout hash=d3a9a64, pid=2283, syncId=-1: mAttrs={(0,0)(fillxfill) sim={adjust=pan} ty=APPLICATION_STARTING fmt=TRANSLUCENT wanim=0x10302f2
05-07 16:44:28.699 1349 1378 V WindowManager: fl=81030118
05-07 16:44:28.699 1349 1378 V WindowManager: pfl=16000010
05-07 16:44:28.699 1349 1378 V WindowManager: apr=LIGHT_STATUS_BARS LIGHT_NAVIGATION_BARS
05-07 16:44:28.699 1349 1378 V WindowManager: bhv=DEFAULT
05-07 16:44:28.699 1349 1378 V WindowManager: fitSides= naviIconColor=0}
05-07 16:44:28.701 1349 1900 D CompatibilityChangeReporter: Compat change id reported: 265195908; UID 10257; state: ENABLED
05-07 16:44:28.701 2283 2471 I BLASTBufferQueue_Java: new BLASTBufferQueue, mName= ViewRootImpl@94fa928[hellogles3] mNativeObject= 0xb4000078887cfc00 sc.mNativeObject= 0xb4000078888f1f40 caller= android.view.ViewRootImpl.updateBlastSurfaceIfNeeded:3015 android.view.ViewRootImpl.relayoutWindow:10060 android.view.ViewRootImpl.performTraversals:4092 android.view.ViewRootImpl.doTraversal:3275 android.view.ViewRootImpl$TraversalRunnable.run:11268 android.view.Choreographer$CallbackRecord.run:1650 android.view.Choreographer$CallbackRecord.run:1659 android.view.Choreographer.doCallbacks:1129 android.view.Choreographer.doFrame:1055 android.view.Choreographer$FrameDisplayEventReceiver.run:1622
05-07 16:44:28.701 2283 2471 I BLASTBufferQueue_Java: update, w= 1200 h= 1920 mName = ViewRootImpl@94fa928[hellogles3] mNativeObject= 0xb4000078887cfc00 sc.mNativeObject= 0xb4000078888f1f40 format= -3 caller= android.graphics.BLASTBufferQueue.:89 android.view.ViewRootImpl.updateBlastSurfaceIfNeeded:3015 android.view.ViewRootImpl.relayoutWindow:10060 android.view.ViewRootImpl.performTraversals:4092 android.view.ViewRootImpl.doTraversal:3275 android.view.ViewRootImpl$TraversalRunnable.run:11268
05-07 16:44:28.702 2597 2597 D HidDeviceService: handleMessage(): msg.what=8
05-07 16:44:28.702 872 872 D Zygote : Forked child process 25153
05-07 16:44:28.702 2283 2471 I ViewRootImpl@94fa928[hellogles3]: Relayout returned: old=(0,0,1200,1920) new=(0,0,1200,1920) relayoutAsync=false req=(1200,1920)0 dur=12 res=0x403 s={true 0xb40000787f957800} ch=true seqId=0
05-07 16:44:28.702 2625 2625 I ViewRootImpl@6223ebf[LauncherActivity]: handleWindowFocusChanged: 0 0 call from android.view.ViewRootImpl.-$$Nest$mhandleWindowFocusChanged:0
05-07 16:44:28.702 2625 2625 I ImeFocusController: onPreWindowFocus: skipped, hasWindowFocusfalse mHasImeFocus=true
05-07 16:44:28.703 2625 2625 I ImeFocusController: onPostWindowFocus: skipped, hasWindowFocusfalse mHasImeFocus=true
05-07 16:44:28.703 2283 2471 D ViewRootImpl@94fa928[hellogles3]: mThreadedRenderer.initialize() mSurface={isValid=true 0xb40000787f957800} hwInitialized=true
05-07 16:44:28.705 1003 1114 E ANDR-PERF-UTIL: Failed to update node /proc/25153/sched_boost with value 3
05-07 16:44:28.705 1003 1114 E ANDR-PERF-OPTSHANDLER: can't boost task 25153
05-07 16:44:28.705 1003 1114 E ANDR-PERF-RESOURCEQS: Failed to apply optimization [3, 32]
05-07 16:44:28.705 1349 1733 I ActivityManager: Start proc 25153:org.qtproject.example.hellogles3/u0a257 for next-top-activity {org.qtproject.example.hellogles3/org.qtproject.qt.android.bindings.QtActivity}
05-07 16:44:28.706 2283 2471 D ViewRootImpl@94fa928[hellogles3]: reportNextDraw android.view.ViewRootImpl.performTraversals:4694 android.view.ViewRootImpl.doTraversal:3275 android.view.ViewRootImpl$TraversalRunnable.run:11268 android.view.Choreographer$CallbackRecord.run:1650 android.view.Choreographer$CallbackRecord.run:1659
05-07 16:44:28.706 2283 2471 D ViewRootImpl@94fa928[hellogles3]: Setup new sync=wmsSync-ViewRootImpl@94fa928[hellogles3]#18
05-07 16:44:28.706 2283 2471 D ViewRootImpl@94fa928[hellogles3]: Creating new active sync group ViewRootImpl@94fa928[hellogles3]#19
05-07 16:44:28.706 2283 2471 D ViewRootImpl@94fa928[hellogles3]: registerCallbacksForSync syncBuffer=false
05-07 16:44:28.708 2283 2955 D ViewRootImpl@94fa928[hellogles3]: Received frameDrawingCallback syncResult=0 frameNum=1.
05-07 16:44:28.708 2283 2955 I ViewRootImpl@94fa928[hellogles3]: mWNT: t=0xb400007918737b80 mBlastBufferQueue=0xb4000078887cfc00 fn= 1 caller= android.view.ViewRootImpl$8.onFrameDraw:13685 android.view.ThreadedRenderer$1.onFrameDraw:788
05-07 16:44:28.708 2283 2955 D ViewRootImpl@94fa928[hellogles3]: Setting up sync and frameCommitCallback
05-07 16:44:28.710 2283 2534 I BLASTBufferQueue: [ViewRootImpl@94fa928[hellogles3]#98](f:0,a:0,s:0) onFrameAvailable the first frame is available
05-07 16:44:28.711 2283 2534 D ViewRootImpl@94fa928[hellogles3]: Received frameCommittedCallback lastAttemptedDrawFrameNum=1 didProduceBuffer=true
05-07 16:44:28.711 2283 2534 D OpenGLRenderer: CFMS:: SetUp Pid : 2283 Tid : 2534
05-07 16:44:28.712 2283 2471 D ViewRootImpl@94fa928[hellogles3]: reportDrawFinished
05-07 16:44:28.712 2283 2471 I ViewRootImpl@94fa928[hellogles3]: registerCallbackForPendingTransactions
05-07 16:44:28.712 1349 9382 D WindowManager: finishDrawingWindow: Window{d3a9a64 u0 Splash Screen org.qtproject.example.hellogles3} mDrawState=DRAW_PENDING seqId=0
05-07 16:44:28.712 1349 9382 V WindowManager: Finishing drawing window Window{d3a9a64 u0 Splash Screen org.qtproject.example.hellogles3}: mDrawState=DRAW_PENDING
05-07 16:44:28.712 1349 9382 V WindowManager: Draw state now committed in Window{d3a9a64 u0 Splash Screen org.qtproject.example.hellogles3}
05-07 16:44:28.714 1349 1724 V Transition: allReady query: used=true, override=false, defer=0, states=Display{#0 state=ON size=1200x1920 ROTATION_0}:true
05-07 16:44:28.715 1349 1724 V WindowManager: SyncGroup 161: Finished!
05-07 16:44:28.716 1349 1724 V WindowManager: performShowLocked: mDrawState=HAS_DRAWN in Window{d3a9a64 u0 Splash Screen org.qtproject.example.hellogles3}
05-07 16:44:28.716 1349 1724 D ChangeTransitionController: onTransactionReady: TransitionRecord{9405dcc id=161 type=OPEN flags=0x0}
05-07 16:44:28.716 1349 1724 V WindowManager: Start calculating TransitionInfo based on participants: {ActivityRecord{4c44815 u0 org.qtproject.example.hellogles3/org.qtproject.qt.android.bindings.QtActivity t38}, WallpaperWindowToken{4f74455 token=android.os.Binder@52ca30c}, ActivityRecord{5885383 u0 com.sec.android.app.launcher/.activities.LauncherActivity t7}, Task{ac7472a #38 type=standard A=10257:org.qtproject.example.hellogles3}}
05-07 16:44:28.716 1349 1724 V WindowManager: Final targets: [Task{ac7472a #38 type=standard A=10257:org.qtproject.example.hellogles3}, Task{4b55c10 #1 type=home}, WallpaperWindowToken{4f74455 token=android.os.Binder@52ca30c}]
05-07 16:44:28.717 1144 1321 I SurfaceFlinger: id=4360 createSurf, flag=84004, Transition Root: Task=38#4360
05-07 16:44:28.719 1349 1724 I SurfaceControl: show, t=StartTransaction_SyncId<161>, sc=Surface(name=ActivityRecord{4c44815 u0 org.qtproject.example.hellogles3/org.qtproject.qt.android.bindings.QtActivity t38})/@0x38f8d0, caller=com.android.server.wm.Transition.onTransactionReady:1916 com.android.server.wm.BLASTSyncEngine$SyncGroup.finishNow:310 com.android.server.wm.BLASTSyncEngine$SyncGroup.tryFinish:242 com.android.server.wm.BLASTSyncEngine$SyncGroup.-$$Nest$mtryFinish:0 com.android.server.wm.BLASTSyncEngine.onSurfacePlacement:670 com.android.server.wm.RootWindowContainer.performSurfacePlacementNoTrace:981
05-07 16:44:28.720 1349 1724 V WindowManager: Calling onTransitionReady: {id=161 t=OPEN f=0x0 trk=0 r=[0@Point(0, 0)] c=[{WCT{RemoteToken{394d2ef Task{ac7472a #38 type=standard A=10257:org.qtproject.example.hellogles3}}} m=OPEN f=NONE leash=Surface(name=Task=38)/@0x4f180c9 sb=Rect(0, 0 - 1200, 1920) eb=Rect(0, 0 - 1200, 1920) d=0 dim=true inset=Rect(0, 36 - 0, 72)},{WCT{RemoteToken{c87451a Task{4b55c10 #1 type=home}}} m=TO_BACK f=SHOW_WALLPAPER|EDGE_EXTENSION_RESTRICTION leash=Surface(name=Task=1)/@0xa32e354 sb=Rect(0, 0 - 1200, 1920) eb=Rect(0, 0 - 1200, 1920) d=0 inset=Rect(0, 36 - 0, 72)},{null m=TO_BACK f=IS_WALLPAPER leash=Surface(name=WallpaperWindowToken{4f74455 token=android.os.Binder@52ca30c})/@0xde18c8b sb=Rect(0, 0 - 1200, 1920) eb=Rect(0, 0 - 1200, 1920) d=0 inset=Rect(0, 0 - 0, 0)}]}
05-07 16:44:28.721 1349 1719 V WindowManager: Sent Transition #161 createdAt=05-07 16:44:28.647 via request=TransitionRequestInfo { type = OPEN, triggerTask = TaskInfo{userId=0 taskId=38 displayId=0 isRunning=true baseIntent=Intent { flg=0x10000000 cmp=org.qtproject.example.hellogles3/org.qtproject.qt.android.bindings.QtActivity } baseActivity=ComponentInfo{org.qtproject.example.hellogles3/org.qtproject.qt.android.bindings.QtActivity} topActivity=ComponentInfo{org.qtproject.example.hellogles3/org.qtproject.qt.android.bindings.QtActivity} origActivity=null realActivity=ComponentInfo{org.qtproject.example.hellogles3/org.qtproject.qt.android.bindings.QtActivity} numActivities=1 lastActiveTime=521074362 supportsMultiWindow=true resizeMode=1 isResizeable=true minWidth=-1 minHeight=-1 maxWidth=-1 maxHeight=-1 defaultMinSize=220 token=WCT{RemoteToken{394d2ef Task{ac7472a #38 type=standard A=10257:org.qtproject.example.hellogles3}}} topActivityType=1 pictureInPictureParams=null shouldDockBigOverlays=false launchIntoPipHostTaskId=-1 lastParentTaskIdBeforePip=-1 displayCutoutSafeInsets=null topActivityInfo=ActivityInfo{27cd1fc org.qtproject.qt.android.bindings.QtActivity} launchCookies=[] positionInParent=Point(0, 0) parentTaskId=-1 isFocused=false isVisible=false isVisibleRequested=false isSleeping=false topActivityInSizeCompat=false topActivityEligibleForLetterboxEducation= false topActivityLetterboxed= false isFromDoubleTap= false topActivityLetterboxVerticalPosition= -1 topActivityLetterboxHorizontalPosition= -1 topActivityLetterboxWidth=-1 topActivityLetterboxHeight=-1 locusId=null displayAreaFeatureId=1 cameraCompatControlState=hidden originallySupportedMultiWindow=true hasWallpaper=false topActivityInFixedAspectRatio=false rootAffinity=10257:org.qtproject.example.hellogles3 topActivityInDisplayCompat=false topActivityInBoundsCompat=false topActivityBounds=null singleTapFromLetterbox=false isTopTaskInStage=false topActivityUiMode=17 CoverLauncherWidgetTask=false CoverScreenTask=false isAllowedSeamlessRotation=false}, remoteTransition = null, displayChange = null }
05-07 16:44:28.722 1349 1724 I WindowManager: Cancelling animation restarting=true, leash=Surface(name=Surface(name=ede8149 TaskbarWindow)/@0x39fd301 - animation-leash of insets_animation)/@0x6b2d7eb
05-07 16:44:28.722 1349 1719 V WindowManager: startWCT=WindowContainerTransaction { changes = {} hops = [] errorCallbackToken=null taskFragmentOrganizer=null }
05-07 16:44:28.722 1349 1719 V WindowManager: info={id=161 t=OPEN f=0x0 trk=0 r=[0@Point(0, 0)] c=[{WCT{RemoteToken{394d2ef Task{ac7472a #38 type=standard A=10257:org.qtproject.example.hellogles3}}} m=OPEN f=NONE leash=Surface(name=Task=38)/@0x4f180c9 sb=Rect(0, 0 - 1200, 1920) eb=Rect(0, 0 - 1200, 1920) d=0 dim=true inset=Rect(0, 36 - 0, 72)},{WCT{RemoteToken{c87451a Task{4b55c10 #1 type=home}}} m=TO_BACK f=SHOW_WALLPAPER|EDGE_EXTENSION_RESTRICTION leash=Surface(name=Task=1)/@0xa32e354 sb=Rect(0, 0 - 1200, 1920) eb=Rect(0, 0 - 1200, 1920) d=0 inset=Rect(0, 36 - 0, 72)},{null m=TO_BACK f=IS_WALLPAPER leash=Surface(name=WallpaperWindowToken{4f74455 token=android.os.Binder@52ca30c})/@0xde18c8b sb=Rect(0, 0 - 1200, 1920) eb=Rect(0, 0 - 1200, 1920) d=0 inset=Rect(0, 0 - 0, 0)}]}
05-07 16:44:28.722 1349 1724 I WindowManager: Reparenting to original parent: Surface(name=WindowToken{ed8ad13 type=2024 android.os.BinderProxy@b8f6002})/@0x11d55a6, destroy=false, surface=Surface(name=ede8149 TaskbarWindow)/@0x39fd301
05-07 16:44:28.722 1349 1724 I WindowManager: Reparenting to leash, surface=Surface(name=ede8149 TaskbarWindow)/@0x39fd301, leashParent=Surface(name=WindowToken{ed8ad13 type=2024 android.os.BinderProxy@b8f6002})/@0x11d55a6
05-07 16:44:28.723 1144 1321 I SurfaceFlinger: id=4361 createSurf, flag=24000, Surface(name=ede8149 TaskbarWindow)/@0x39fd301 - animation-leash of insets_animation#4361
05-07 16:44:28.723 2283 2409 V WindowManagerShell: onTransitionReady android.os.BinderProxy@d09eda1: {id=161 t=OPEN f=0x0 trk=0 r=[0@Point(0, 0)] c=[{WCT{android.window.IWindowContainerToken$Stub$Proxy@a3361b1} m=OPEN f=NONE leash=Surface(name=Task=38)/@0x348735 sb=Rect(0, 0 - 1200, 1920) eb=Rect(0, 0 - 1200, 1920) d=0 dim=true inset=Rect(0, 36 - 0, 72)},{WCT{android.window.IWindowContainerToken$Stub$Proxy@f8ab696} m=TO_BACK f=SHOW_WALLPAPER|EDGE_EXTENSION_RESTRICTION leash=Surface(name=Task=1)/@0xf8de7ca sb=Rect(0, 0 - 1200, 1920) eb=Rect(0, 0 - 1200, 1920) d=0 inset=Rect(0, 36 - 0, 72)},{null m=TO_BACK f=IS_WALLPAPER leash=Surface(name=WallpaperWindowToken{4f74455 token=android.os.Binder@52ca30c})/@0xc476d3b sb=Rect(0, 0 - 1200, 1920) eb=Rect(0, 0 - 1200, 1920) d=0 inset=Rect(0, 0 - 0, 0)}]}
05-07 16:44:28.723 2283 2409 I SurfaceControl: hide, t=FinishTransaction_SyncId<161>, sc=Surface(name=Task=1)/@0xf8de7ca, caller=com.android.wm.shell.transition.Transitions.dispatchReady:610 com.android.wm.shell.transition.Transitions.onTransitionReady:118 com.android.wm.shell.transition.Transitions$TransitionPlayerImpl$$ExternalSyntheticLambda0.run:13 android.os.Handler.handleCallback:958 android.os.Handler.dispatchMessage:99 android.os.Looper.loopOnce:230
05-07 16:44:28.723 2283 2409 I SurfaceControl: show, t=StartTransaction_SyncId<161>, sc=Surface(name=Task=38)/@0x348735, caller=com.android.wm.shell.transition.Transitions.dispatchReady:617 com.android.wm.shell.transition.Transitions.onTransitionReady:118 com.android.wm.shell.transition.Transitions$TransitionPlayerImpl$$ExternalSyntheticLambda0.run:13 android.os.Handler.handleCallback:958 android.os.Handler.dispatchMessage:99 android.os.Looper.loopOnce:230
05-07 16:44:28.723 2283 2409 I SurfaceControl: show, t=FinishTransaction_SyncId<161>, sc=Surface(name=Task=38)/@0x348735, caller=com.android.wm.shell.transition.Transitions.dispatchReady:665 com.android.wm.shell.transition.Transitions.onTransitionReady:118 com.android.wm.shell.transition.Transitions$TransitionPlayerImpl$$ExternalSyntheticLambda0.run:13 android.os.Handler.handleCallback:958 android.os.Handler.dispatchMessage:99 android.os.Looper.loopOnce:230
05-07 16:44:28.723 1349 1724 D WindowManager: makeSurface duration=1 leash=Surface(name=Surface(name=ede8149 TaskbarWindow)/@0x39fd301 - animation-leash of insets_animation)/@0x8d7ceda
05-07 16:44:28.724 2283 2409 V WindowManagerShell: Playing animation for (#161)android.os.BinderProxy@d09eda1@0
05-07 16:44:28.724 2283 2409 I SurfaceControl: show, t=StartTransaction_SyncId<161>, sc=Surface(name=Transition Root: Task=38)/@0x453ac58, caller=com.android.wm.shell.transition.Transitions.processReadyQueue:266 com.android.wm.shell.transition.Transitions.dispatchReady:685 com.android.wm.shell.transition.Transitions.onTransitionReady:118 com.android.wm.shell.transition.Transitions$TransitionPlayerImpl$$ExternalSyntheticLambda0.run:13 android.os.Handler.handleCallback:958 android.os.Handler.dispatchMessage:99
05-07 16:44:28.724 2283 2409 V WindowManagerShell: try handler com.android.wm.shell.transition.DefaultMixedHandler@2396f4
05-07 16:44:28.724 2283 2409 V WindowManagerShell: try handler com.android.wm.shell.keyguard.KeyguardTransitionHandler@bddce1d
05-07 16:44:28.724 2283 2409 V WindowManagerShell: try handler com.android.wm.shell.activityembedding.ActivityEmbeddingController@9abc892
05-07 16:44:28.724 2283 2409 V WindowManagerShell: try handler com.android.wm.shell.recents.RecentsTransitionHandler@82d1263
05-07 16:44:28.724 2283 2409 V ShellRecents: RecentsTransitionHandler.startAnimation: no controller found
05-07 16:44:28.724 2283 2409 V WindowManagerShell: try handler com.android.wm.shell.desktopmode.DesktopModeController@25d2e60
05-07 16:44:28.724 2283 2409 V WindowManagerShell: try handler com.android.wm.shell.pip.PipTransition@40e2f19
05-07 16:44:28.724 2283 2409 V WindowManagerShell: try handler com.android.wm.shell.splitscreen.StageCoordinator@2b9dbde
05-07 16:44:28.724 2283 2409 V WindowManagerShell: try handler com.android.wm.shell.transition.RemoteTransitionHandler@5d471bf
05-07 16:44:28.724 2283 2409 V WindowManagerShell: Transition doesn't have explicit remote, search filters for match for {id=161 t=OPEN f=0x0 trk=0 r=[0@Point(0, 0)] c=[{WCT{android.window.IWindowContainerToken$Stub$Proxy@a3361b1} m=OPEN f=NONE leash=Surface(name=Task=38)/@0x348735 sb=Rect(0, 0 - 1200, 1920) eb=Rect(0, 0 - 1200, 1920) d=0 dim=true inset=Rect(0, 36 - 0, 72)},{WCT{android.window.IWindowContainerToken$Stub$Proxy@f8ab696} m=TO_BACK f=SHOW_WALLPAPER|EDGE_EXTENSION_RESTRICTION leash=Surface(name=Task=1)/@0xf8de7ca sb=Rect(0, 0 - 1200, 1920) eb=Rect(0, 0 - 1200, 1920) d=0 inset=Rect(0, 36 - 0, 72)},{null m=TO_BACK f=IS_WALLPAPER leash=Surface(name=WallpaperWindowToken{4f74455 token=android.os.Binder@52ca30c})/@0xc476d3b sb=Rect(0, 0 - 1200, 1920) eb=Rect(0, 0 - 1200, 1920) d=0 inset=Rect(0, 0 - 0, 0)}]}
05-07 16:44:28.724 2283 2409 V WindowManagerShell: Checking filter Pair{{types=[] flags=0x0] notFlags=0x100 checks=[{atype=home independent=true modes=[OPEN,TO_FRONT] flags=NONE mustBeTask=false order=TOP topActivity=ComponentInfo{com.sec.android.app.launcher/com.sec.android.app.launcher.Launcher}},{atype=recents independent=true modes=[CLOSE,TO_BACK] flags=NONE mustBeTask=false order=ANY topActivity=null}]} RemoteTransition { remoteTransition = android.window.IRemoteTransition$Stub$Proxy@1f5cd17, appThread = android.app.IApplicationThread$Stub$Proxy@ef8504, debugName = QuickstepLaunchHomeFromRecents }}
05-07 16:44:28.724 1349 1724 D InsetsSourceProvider: updateControlForTarget: control=InsetsSourceControl: {caf0001 mType=navigationBars initiallyVisible mSurfacePosition=Point(0, 1848) mInsetsHint=Insets{left=0, top=0, right=0, bottom=72}}, target=Window{d3a9a64 u0 Splash Screen org.qtproject.example.hellogles3}, from=com.android.server.wm.InsetsStateController.onControlTargetChanged:358 com.android.server.wm.InsetsStateController.onBarControlTargetChanged:327 com.android.server.wm.InsetsPolicy.updateBarControlTarget:172 com.android.server.wm.InsetsPolicy.updateSystemBars:788 com.android.server.wm.DisplayPolicy.updateSystemBarsLw:3397
05-07 16:44:28.724 2283 2409 V WindowManagerShell: Checking filter Pair{{types=[] flags=0x0] notFlags=0x100 checks=[{atype=home independent=true modes=[OPEN,TO_FRONT] flags=NONE mustBeTask=false order=TOP topActivity=ComponentInfo{com.sec.android.app.launcher/com.sec.android.app.launcher.Launcher}},{atype=standard independent=true modes=[CLOSE,TO_BACK] flags=NONE mustBeTask=false order=ANY topActivity=null}]} RemoteTransition { remoteTransition = android.window.IRemoteTransition$Stub$Proxy@59b0aed, appThread = android.app.IApplicationThread$Stub$Proxy@a60d22, debugName = QuickstepLaunchHome }}
05-07 16:44:28.724 2283 2409 V WindowManagerShell: Delegate animation for #161 to null
05-07 16:44:28.724 2283 2409 V WindowManagerShell: try handler com.android.wm.shell.transition.DefaultTransitionHandler@ed6d08c
05-07 16:44:28.724 1349 1724 I WindowManager: Cancelling animation restarting=true, leash=Surface(name=Surface(name=f359a00 StatusBar)/@0xb15e156 - animation-leash of insets_animation)/@0x1d003e1
05-07 16:44:28.724 1349 1724 I WindowManager: Reparenting to original parent: Surface(name=WindowToken{afb6883 type=2000 android.os.BinderProxy@a656f3d})/@0x17d55d7, destroy=false, surface=Surface(name=f359a00 StatusBar)/@0xb15e156
05-07 16:44:28.724 2283 2409 V WindowManagerShell: start default transition animation, info = {id=161 t=OPEN f=0x0 trk=0 r=[0@Point(0, 0)] c=[{WCT{android.window.IWindowContainerToken$Stub$Proxy@a3361b1} m=OPEN f=NONE leash=Surface(name=Task=38)/@0x348735 sb=Rect(0, 0 - 1200, 1920) eb=Rect(0, 0 - 1200, 1920) d=0 dim=true inset=Rect(0, 36 - 0, 72)},{WCT{android.window.IWindowContainerToken$Stub$Proxy@f8ab696} m=TO_BACK f=SHOW_WALLPAPER|EDGE_EXTENSION_RESTRICTION leash=Surface(name=Task=1)/@0xf8de7ca sb=Rect(0, 0 - 1200, 1920) eb=Rect(0, 0 - 1200, 1920) d=0 inset=Rect(0, 36 - 0, 72)},{null m=TO_BACK f=IS_WALLPAPER leash=Surface(name=WallpaperWindowToken{4f74455 token=android.os.Binder@52ca30c})/@0xc476d3b sb=Rect(0, 0 - 1200, 1920) eb=Rect(0, 0 - 1200, 1920) d=0 inset=Rect(0, 0 - 0, 0)}]}
05-07 16:44:28.725 1349 1724 I WindowManager: Reparenting to leash, surface=Surface(name=f359a00 StatusBar)/@0xb15e156, leashParent=Surface(name=WindowToken{afb6883 type=2000 android.os.BinderProxy@a656f3d})/@0x17d55d7
05-07 16:44:28.725 2283 2409 V WindowManagerShell: loadAnimation: anim=android.view.animation.AnimationSet@c833604 animAttr=0x13 type=OPEN isEntrance=false
05-07 16:44:28.725 1144 1321 I SurfaceFlinger: id=4362 createSurf, flag=24000, Surface(name=f359a00 StatusBar)/@0xb15e156 - animation-leash of insets_animation#4362
05-07 16:44:28.726 2283 2409 V WindowManagerShell: loadAnimation: anim=android.view.animation.AnimationSet@effae70 animAttr=0x12 type=OPEN isEntrance=true
05-07 16:44:28.726 1349 1724 D WindowManager: makeSurface duration=1 leash=Surface(name=Surface(name=f359a00 StatusBar)/@0xb15e156 - animation-leash of insets_animation)/@0xc311e8
05-07 16:44:28.726 1349 1724 D InsetsSourceProvider: updateControlForTarget: control=InsetsSourceControl: {8d230000 mType=statusBars initiallyVisible mSurfacePosition=Point(0, 0) mInsetsHint=Insets{left=0, top=36, right=0, bottom=0}}, target=Window{d3a9a64 u0 Splash Screen org.qtproject.example.hellogles3}, from=com.android.server.wm.InsetsStateController.onControlTargetChanged:358 com.android.server.wm.InsetsStateController.onBarControlTargetChanged:324 com.android.server.wm.InsetsPolicy.updateBarControlTarget:172 com.android.server.wm.InsetsPolicy.updateSystemBars:788 com.android.server.wm.DisplayPolicy.updateSystemBarsLw:3397
05-07 16:44:28.726 2283 2409 I SurfaceControl: apply is called, name=StartTransaction_SyncId<161>, caller=android.view.SurfaceControl$Transaction.apply:2921 com.android.wm.shell.transition.DefaultTransitionHandler.startAnimation:3205 com.android.wm.shell.transition.Transitions.dispatchTransition:80 com.android.wm.shell.transition.Transitions.processReadyQueue:955 com.android.wm.shell.transition.Transitions.dispatchReady:685 com.android.wm.shell.transition.Transitions.onTransitionReady:118
05-07 16:44:28.727 2283 2283 D SamsungStatusBarGrayIconHelper: isGrayAppearance=false
05-07 16:44:28.727 2283 2283 D SamsungLightBarControlHelper: onStatusBarAppearanceChanged() - sbModeChanged:false, statusBarMode:0, barState:MODE_TRANSPARENT, isKeyguardShowing:false, navbarColorManagedByIme:false, stackAppearanceChanged:true, (AppearanceRegion{LIGHT_STATUS_BARS bounds=[0,0][1200,1920]}, ), packageName:org.qtproject.example.hellogles3
05-07 16:44:28.727 1349 1724 D WindowManager: updateSystemBarAttributes: displayId=0, win=Window{d3a9a64 u0 Splash Screen org.qtproject.example.hellogles3}, navColorWin=Window{d3a9a64 u0 Splash Screen org.qtproject.example.hellogles3}, focusedCanBeNavColorWin=false, behavior=1, appearance=24, statusBarAppearanceRegions=[AppearanceRegion{LIGHT_STATUS_BARS bounds=[0,0][1200,1920]}], requestedVisibilities=-9, from=com.android.server.wm.DisplayPolicy.finishPostLayoutPolicyLw:2310 com.android.server.wm.DisplayContent.applySurfaceChangesTransaction:6135 com.android.server.wm.RootWindowContainer.applySurfaceChangesTransaction:1171
05-07 16:44:28.727 2283 2283 D TaskbarDelegate: onSystemBarAttributesChanged() - displayId:0, appearance:24 (APPEARANCE_LIGHT_NAVIGATION_BARS ), navbarColorManagedByIme: false, packageName: org.qtproject.example.hellogles3
05-07 16:44:28.728 2625 2691 I HoneySpace.TaskbarEventTracker: invokeEvent() called with: event = OnSystemBarAttributesChanged(displayId=0, behavior=1)
05-07 16:44:28.728 2283 2283 D SamsungLightBarControlHelper: updateNavigationBar (BLACK button) isLightOpaque:false, hasLightNavigationBarFlag:true, packageName:org.qtproject.example.hellogles3, DirectReplying:false, NavBarColorMangedByIme:false, ForceDarkForScrim:false, QsCustomizing:false, PanelHasWhiteBg:true
05-07 16:44:28.728 2625 2691 I HoneySpace.TaskbarEventTracker: invokeEvent() called with: event = HandleNavigationBarEvent(eventData=NavBarEvents(eventType=ON_APPEARANCE_CHANGED, iconType=null, remoteViewBundle=null, iconBitmapBundle=null, orderDefault=true, position=0, rotationLocked=false, transientShowing=false, appearance=24, pluginBundle=null, hiddenByKnox=false, insetsBundle=null))
05-07 16:44:28.728 2283 2283 D SysUiState: SysUiState changed: old=0x11000000 new=0x10020000
05-07 16:44:28.728 2625 2625 I HoneySpace.TaskbarPot: HandleNavigationBarEvent: ON_APPEARANCE_CHANGED
05-07 16:44:28.728 2625 2625 I HoneySpace.TaskbarPot: updateAppearance appearance:24
05-07 16:44:28.728 2283 2283 D SamsungLightBarControlHelper: updateStatusBar (BLACK icon) numStacks:1, StatusBarMode:MODE_TRANSPARENT, lightBarBounds:[Rect(0, 0 - 1200, 1920)], StatusBarState:SHADE, packageName:org.qtproject.example.hellogles3, isWhiteKeyguardStatusBar:false
05-07 16:44:28.729 1144 1222 I SurfaceFlinger: id=4363 createSurf, flag=84000, c68d71e ActivityRecordInputSink org.qtproject.example.hellogles3/org.qtproject.qt.android.bindings.QtActivity#4363
