05-07 16:44:28.918 2283 2283 I PowerUI : mBatteryMiscEvent = 0
05-07 16:44:28.918 2283 2283 D KeyguardUpdateMonitor: handleBatteryUpdate
05-07 16:44:28.918 1349 1720 D ScrollView: onsize change changed
05-07 16:44:28.918 1349 1720 D ScrollView: onsize change changed
05-07 16:44:28.918 1349 1720 D ViewRootImpl@8b17bf0[hellogles3]: reportNextDraw android.view.ViewRootImpl.performTraversals:4694 android.view.ViewRootImpl.doTraversal:3275 android.view.ViewRootImpl$TraversalRunnable.run:11268 android.view.Choreographer$CallbackRecord.run:1650 android.view.Choreographer$CallbackRecord.run:1659
05-07 16:44:28.918 1349 1720 D ViewRootImpl@8b17bf0[hellogles3]: Setup new sync=wmsSync-ViewRootImpl@8b17bf0[hellogles3]#40
05-07 16:44:28.919 1349 1720 D ViewRootImpl@8b17bf0[hellogles3]: Creating new active sync group ViewRootImpl@8b17bf0[hellogles3]#41
05-07 16:44:28.919 1349 1720 D ViewRootImpl@8b17bf0[hellogles3]: registerCallbacksForSync syncBuffer=false
05-07 16:44:28.920 1144 1144 I Layer : Layer [WindowToken{2f51569 type=2003 android.view.ViewRootImpl$W@8b17bf0}#4364] hidden!! flag(0)
05-07 16:44:28.920 1144 1144 I Layer : Layer [7164bee Waiting For Debugger: org.qtproject.example.hellogles3#4365] hidden!! flag(0)
05-07 16:44:28.920 1144 1144 I Layer : Layer::reparent [ede8149 TaskbarWindow#540] newParent : Surface(name=ede8149 TaskbarWindow)/@0x39fd301 - animation-leash of insets_animation#4366 , isRemovedFromCurrentState : 0 -------------------------
05-07 16:44:28.920 1144 1144 I Layer : Layer::reparent [ede8149 TaskbarWindow#540] End -------------------------
05-07 16:44:28.920 1144 1144 I Layer : Layer::reparent [Surface(name=ede8149 TaskbarWindow)/@0x39fd301 - animation-leash of insets_animation#4361] newParentHandle : null -------------------------
05-07 16:44:28.920 1144 1144 I Layer : id=4361 removeFromCurrentState Surface(name=ede8149 TaskbarWindow)/@0x39fd301 - animation-leash of insets_animation#4361 (128)
05-07 16:44:28.920 1144 1144 I Layer : Layer::reparent [Surface(name=ede8149 TaskbarWindow)/@0x39fd301 - animation-leash of insets_animation#4361] End -------------------------
05-07 16:44:28.920 1144 1144 I Layer : Layer::reparent [f359a00 StatusBar#80] newParent : Surface(name=f359a00 StatusBar)/@0xb15e156 - animation-leash of insets_animation#4367 , isRemovedFromCurrentState : 0 -------------------------
05-07 16:44:28.921 1144 1144 I Layer : Layer::reparent [f359a00 StatusBar#80] End -------------------------
05-07 16:44:28.921 1144 1144 I Layer : Layer::reparent [Surface(name=f359a00 StatusBar)/@0xb15e156 - animation-leash of insets_animation#4362] newParentHandle : null -------------------------
05-07 16:44:28.921 1144 1144 I Layer : id=4362 removeFromCurrentState Surface(name=f359a00 StatusBar)/@0xb15e156 - animation-leash of insets_animation#4362 (128)
05-07 16:44:28.921 1144 1144 I Layer : Layer::reparent [Surface(name=f359a00 StatusBar)/@0xb15e156 - animation-leash of insets_animation#4362] End -------------------------
05-07 16:44:28.921 1349 25135 D ViewRootImpl@8b17bf0[hellogles3]: Received frameDrawingCallback syncResult=0 frameNum=1.
05-07 16:44:28.921 1349 25135 I ViewRootImpl@8b17bf0[hellogles3]: mWNT: t=0xb4000078603d4280 mBlastBufferQueue=0xb400007860755500 fn= 1 caller= android.view.ViewRootImpl$8.onFrameDraw:13685 android.view.ThreadedRenderer$1.onFrameDraw:788
05-07 16:44:28.921 1349 25135 D ViewRootImpl@8b17bf0[hellogles3]: Setting up sync and frameCommitCallback
05-07 16:44:28.922 1144 1144 I SurfaceFlinger: id=4362 Removed Surface(name=f359a00 StatusBar)/@0xb15e156 - animation-leash of insets_animation#4362 (128)
05-07 16:44:28.922 1144 1144 I SurfaceFlinger: id=4361 Removed Surface(name=ede8149 TaskbarWindow)/@0x39fd301 - animation-leash of insets_animation#4361 (128)
05-07 16:44:28.926 1349 21413 I BLASTBufferQueue: [ViewRootImpl@8b17bf0[hellogles3]#26](f:0,a:0,s:0) onFrameAvailable the first frame is available
05-07 16:44:28.926 1349 21413 D ViewRootImpl@8b17bf0[hellogles3]: Received frameCommittedCallback lastAttemptedDrawFrameNum=1 didProduceBuffer=true
05-07 16:44:28.927 1349 21413 D OpenGLRenderer: CFMS:: SetUp Pid : 1349 Tid : 21413
05-07 16:44:28.927 1349 1720 D ViewRootImpl@8b17bf0[hellogles3]: reportDrawFinished
05-07 16:44:28.927 1349 1720 D WindowManager: finishDrawingWindow: Window{7164bee u0 Waiting For Debugger: org.qtproject.example.hellogles3} mDrawState=DRAW_PENDING seqId=0
05-07 16:44:28.928 1349 1720 I ViewRootImpl@8b17bf0[hellogles3]: registerCallbackForPendingTransactions
05-07 16:44:28.928 2283 2283 D SamsungStatusBarGrayIconHelper: isGrayAppearance=false
05-07 16:44:28.928 1349 1724 I WindowManager: Reparenting to leash, surface=Surface(name=7164bee Waiting For Debugger: org.qtproject.example.hellogles3)/@0x50d889b, leashParent=Surface(name=WindowToken{2f51569 type=2003 android.view.ViewRootImpl$W@8b17bf0})/@0x9449438
05-07 16:44:28.928 1349 25134 I ViewRootImpl@8b17bf0[hellogles3]: mWNT: t=0xb40000786055f900 mBlastBufferQueue=0xb400007860755500 fn= 2 caller= android.view.ViewRootImpl$6.onFrameDraw:5582 android.view.ViewRootImpl$2.onFrameDraw:2131 android.view.ThreadedRenderer$1.onFrameDraw:788
05-07 16:44:28.928 1144 3054 I SurfaceFlinger: id=4369 createSurf, flag=24004, Surface(name=7164bee Waiting For Debugger: org.qtproject.example.hellogles3)/@0x50d889b - animation-leash of window_animation#4369
05-07 16:44:28.928 2283 2283 D TaskbarDelegate: onSystemBarAttributesChanged() - displayId:0, appearance:16 (APPEARANCE_LIGHT_NAVIGATION_BARS ), navbarColorManagedByIme: false, packageName: android
05-07 16:44:28.929 1349 1724 D WindowManager: makeSurface duration=1 leash=Surface(name=Surface(name=7164bee Waiting For Debugger: org.qtproject.example.hellogles3)/@0x50d889b - animation-leash of window_animation)/@0x2ac5c11
05-07 16:44:28.929 2625 2691 I HoneySpace.TaskbarEventTracker: invokeEvent() called with: event = OnSystemBarAttributesChanged(displayId=0, behavior=1)
05-07 16:44:28.929 1349 1724 V WindowManager: performShowLocked: mDrawState=HAS_DRAWN in Window{7164bee u0 Waiting For Debugger: org.qtproject.example.hellogles3}
05-07 16:44:28.929 2625 2691 I HoneySpace.TaskbarEventTracker: invokeEvent() called with: event = HandleNavigationBarEvent(eventData=NavBarEvents(eventType=ON_APPEARANCE_CHANGED, iconType=null, remoteViewBundle=null, iconBitmapBundle=null, orderDefault=true, position=0, rotationLocked=false, transientShowing=false, appearance=16, pluginBundle=null, hiddenByKnox=false, insetsBundle=null))
05-07 16:44:28.930 2625 2625 I HoneySpace.TaskbarPot: HandleNavigationBarEvent: ON_APPEARANCE_CHANGED
05-07 16:44:28.930 2625 2625 I HoneySpace.TaskbarPot: updateAppearance appearance:16
05-07 16:44:28.930 1144 3054 I SurfaceFlinger: id=4370 createSurf, flag=20004, Dim Layer for - WindowedMagnification:0:31#4370
05-07 16:44:28.931 1349 1724 I WindowManager: Reparenting to leash, surface=Surface(name=Dim Layer for - WindowedMagnification:0:31)/@0xd969176, leashParent=Surface(name=WindowedMagnification:0:31)/@0xf99bc80
05-07 16:44:28.932 1144 1144 I Layer : id=4361 Destroyed Surface(name=ede8149 TaskbarWindow)/@0x39fd301 - animation-leash of insets_animation#4361
05-07 16:44:28.932 1144 1144 I Layer : id=4362 Destroyed Surface(name=f359a00 StatusBar)/@0xb15e156 - animation-leash of insets_animation#4362
05-07 16:44:28.932 1144 1321 I SurfaceFlinger: id=4371 createSurf, flag=24000, Surface(name=Dim Layer for - WindowedMagnification:0:31)/@0xd969176 - animation-leash of dimmer#4371
05-07 16:44:28.932 1349 1724 D WindowManager: makeSurface duration=1 leash=Surface(name=Surface(name=Dim Layer for - WindowedMagnification:0:31)/@0xd969176 - animation-leash of dimmer)/@0xb21377
05-07 16:44:28.934 1349 6925 D InputDispatcher: Focus request (0): 7164bee Waiting For Debugger: org.qtproject.example.hellogles3 but waiting because NOT_VISIBLE
05-07 16:44:28.942 1144 1144 I Layer : Layer [Surface(name=7164bee Waiting For Debugger: org.qtproject.example.hellogles3)/@0x50d889b - animation-leash of window_animation#4369] hidden!! flag(0)
05-07 16:44:28.942 1144 1144 I Layer : Layer::reparent [7164bee Waiting For Debugger: org.qtproject.example.hellogles3#4365] newParent : Surface(name=7164bee Waiting For Debugger: org.qtproject.example.hellogles3)/@0x50d889b - animation-leash of window_animation#4369 , isRemovedFromCurrentState : 0 -------------------------
05-07 16:44:28.942 1144 1144 I Layer : Layer::reparent [7164bee Waiting For Debugger: org.qtproject.example.hellogles3#4365] End -------------------------
05-07 16:44:28.942 1144 1144 I Layer : Layer [Dim Layer for - WindowedMagnification:0:31#4370] hidden!! flag(0)
05-07 16:44:28.942 1144 1144 I Layer : Layer::reparent [Dim Layer for - WindowedMagnification:0:31#4370] newParent : Surface(name=Dim Layer for - WindowedMagnification:0:31)/@0xd969176 - animation-leash of dimmer#4371 , isRemovedFromCurrentState : 0 -------------------------
05-07 16:44:28.942 1144 1144 I Layer : Layer::reparent [Dim Layer for - WindowedMagnification:0:31#4370] End -------------------------
05-07 16:44:28.942 1144 1144 I Layer : Layer [Waiting For Debugger: org.qtproject.example.hellogles3#4368] hidden!! flag(0)
05-07 16:44:28.954 1349 2554 D InputDispatcher: Focus entered window (0): 7164bee Waiting For Debugger: org.qtproject.example.hellogles3
05-07 16:44:28.956 1349 1720 I ViewRootImpl@8b17bf0[hellogles3]: handleWindowFocusChanged: 1 0 call from android.view.ViewRootImpl.-$$Nest$mhandleWindowFocusChanged:0
05-07 16:44:28.956 1349 1720 D ViewRootImpl@8b17bf0[hellogles3]: mThreadedRenderer.initializeIfNeeded()#2 mSurface={isValid=true 0xb400007868bee800}
05-07 16:44:28.956 1349 1720 I ImeFocusController: onPreWindowFocus: skipped, hasWindowFocustrue mHasImeFocus=false
05-07 16:44:28.956 1349 1720 I ImeFocusController: onPostWindowFocus: skipped, hasWindowFocustrue mHasImeFocus=false
05-07 16:44:28.961 1144 1144 D SurfaceFlinger: Display 4630946835308409729 HWC layers:
05-07 16:44:28.961 1144 1144 D SurfaceFlinger: CLIENT | 0xb400006fbcf8c450 | 0100 | RGBA_8888 | 360.0 0.0 1560.0 1920.0 | 0 0 1200 1920 | Wallpaper BBQ wrapper#72
05-07 16:44:28.961 1144 1144 D SurfaceFlinger: CLIENT | 0xb400006fbcf8c220 | 0100 | RGBA_8888 | 0.0 0.0 1200.0 1920.0 | 0 0 1200 1920 | com.sec.android.app.launcher/com.sec[...]tivities.LauncherActivity$_2625#4349
05-07 16:44:28.961 1144 1144 D SurfaceFlinger: CLIENT | 0xb400006fbcf8a2a0 | 0100 | RGBA_8888 | 0.0 0.0 1200.0 1920.0 | 10 15 1190 1905 | Splash Screen org.qtproject.example.hellogles3$_2283#4359
05-07 16:44:28.961 1144 1144 D SurfaceFlinger: CLIENT | 0xb400006fbcf8b6c0 | 0100 | RGBA_8888 | 0.0 0.0 582.0 357.0 | 309 1494 891 1851 | Waiting For Debugger: org.qtproject.example.hellogles3#4368
05-07 16:44:28.961 1144 1144 D SurfaceFlinger: CLIENT | 0xb400006fbcf8b340 | 0100 | RGBA_8888 | 0.0 0.0 1200.0 36.0 | 0 0 1200 36 | StatusBar$_2283#84
05-07 16:44:28.961 1144 1144 D SurfaceFlinger: CLIENT | 0xb400006fbcf8b3b0 | 0100 | RGBA_8888 | 0.0 0.0 67.0 207.0 | 1133 432 1200 639 | com.sec.android.app.launcher/com.sam[...]e.edge.CocktailBarService$_2625#4278
05-07 16:44:28.961 1144 1144 D SurfaceFlinger: CLIENT
05-07 16:44:28.961 1144 1144 D SurfaceFlinger: | 0xb400006fbcf8b1f0 | 0100 | RGBA_8888 | 0.0 0.0 1200.0 72.0 | 0 1848 1200 1920 | TaskbarWindow$_2625#544
05-07 16:44:28.961 1144 1144 D SurfaceFlinger: CLIENT | 0xb400006fbcf8aaf0 | 0100 | RGBA_8888 | 0.0 0.0 1200.0 1920.0 | 0 0 1200 1920 | PointerLocation - display 0#3661
05-07 16:44:28.961 1144 1144 D SurfaceFlinger:
05-07 16:44:28.963 1349 2022 D MdnieScenarioControlService: packageName : org.qtproject.example.hellogles3 className : org.qtproject.qt.android.bindings.QtActivity
05-07 16:44:28.963 1349 2022 V MdnieScenarioControlService: setUIMode from UI function(3)
05-07 16:44:28.971 1144 1144 D SurfaceFlinger: Display 4630946835308409729 HWC layers:
05-07 16:44:28.971 1144 1144 D SurfaceFlinger: CLIENT | 0xb400006fbcf8c450 | 0100 | RGBA_8888 | 360.0 0.0 1560.0 1920.0 | 0 0 1200 1920 | Wallpaper BBQ wrapper#72
05-07 16:44:28.971 1144 1144 D SurfaceFlinger: CLIENT | 0xb400006fbcf8c220 | 0100 | RGBA_8888 | 0.0 0.0 1200.0 1920.0 | 0 0 1200 1920 | com.sec.android.app.launcher/com.sec[...]tivities.LauncherActivity$_2625#4349
05-07 16:44:28.971 1144 1144 D SurfaceFlinger: CLIENT | 0xb400006fbcf8a2a0 | 0100 | RGBA_8888 | 0.0 0.0 1200.0 1920.0 | 8 13 1192 1907 | Splash Screen org.qtproject.example.hellogles3$_2283#4359
05-07 16:44:28.971 1144 1144 D SurfaceFlinger: CLIENT | | 0000 | Unknown | 0.0 0.0 0.0 0.0 | 0 0 1200 1920 | Dim Layer for - WindowedMagnification:0:31#4370
05-07 16:44:28.971 1144 1144 D SurfaceFlinger: CLIENT | 0xb400006fbcf8b6c0 | 0100 | RGBA_8888 | 0.0 0.0 582.0 357.0 | 309 1494 891 1851 | Waiting For Debugger: org.qtproject.example.hellogles3#4368
05-07 16:44:28.971 1144 1144 D SurfaceFlinger: CLIENT | 0xb400006fbcf8b340 | 0100 | RGBA_8888 | 0.0 0.0 1200.0 36.0 | 0 0 1200 36 | StatusBar$_2283#84
05-07 16:44:28.971 1144 1144 D SurfaceFlinger: CLIENT | 0xb400006fbcf8b3b0 | 0100 | RGBA_888
05-07 16:44:28.971 1144 1144 D SurfaceFlinger: 8 | 0.0 0.0 67.0 207.0 | 1133 432 1200 639 | com.sec.android.app.launcher/com.sam[...]e.edge.CocktailBarService$_2625#4278
05-07 16:44:28.971 1144 1144 D SurfaceFlinger: CLIENT | 0xb400006fbcf8b1f0 | 0100 | RGBA_8888 | 0.0 0.0 1200.0 72.0 | 0 1848 1200 1920 | TaskbarWindow$_2625#544
05-07 16:44:28.971 1144 1144 D SurfaceFlinger: CLIENT | 0xb400006fbcf8aaf0 | 0100 | RGBA_8888 | 0.0 0.0 1200.0 1920.0 | 0 0 1200 1920 | PointerLocation - display 0#3661
05-07 16:44:28.971 1144 1144 D SurfaceFlinger:
05-07 16:44:28.975 972 23421 I sensors-hal: handle_sns_client_event:44, ambient_light_event: ts=521074669262694, event=614.000000
05-07 16:44:29.013 1349 1722 D KNOX_MDM_SettingsProvider: isChangeAllowed() : name = enabled_notification_listeners
05-07 16:44:29.037 2625 2625 I CardAdapter: setCards: SUGGESTED_TIPCARD, SUGGESTED_APPS, SUGGESTED_TAG, SUGGESTED_DIRECTORY
05-07 16:44:29.048 2625 25176 I HoneySpace.HistoryRepositoryImpl: rawTasks : 3
05-07 16:44:29.049 2625 25176 I HoneySpace.HoneySpacePackageSourceImpl: getActiveItems : 42
05-07 16:44:29.050 2625 25176 I HoneySpace.HistoryRepositoryImpl: Add History Item : 0id:-1 label:hellogles3 componnet:org.qtproject.example.hellogles3/org.qtproject.qt.android.bindings.QtActivity#UserHandle{0} badgeCount:0 drag:false iconState:NONE
05-07 16:44:29.050 2625 25176 I HoneySpace.HistoryRepositoryImpl: Add History Item : 0id:-1 label:camera componnet:org.qtproject.example.camera/org.qtproject.qt.android.bindings.QtActivity#UserHandle{0} badgeCount:0 drag:false iconState:NONE
05-07 16:44:29.050 2625 25176 I HoneySpace.HistoryRepositoryImpl: Add History Item : 0id:-1 label:Settings componnet:com.android.settings/.Settings#UserHandle{0} badgeCount:0 drag:false iconState:NONE
05-07 16:44:29.050 2625 25176 I HoneySpace.HistoryRepositoryImpl: result : 3
05-07 16:44:29.054 2625 25176 I HoneySpace.HistoryViewModel: loadItem : GroupTask [
05-07 16:44:29.054 2625 25176 I HoneySpace.HistoryViewModel: Task1 : [id=34 windowingMode=1 user=0 lastActiveTime=100890808] null, isCoverLauncherTask = false, isLocked = false - org.qtproject.example.camera]
05-07 16:44:29.056 2625 25176 I HoneySpace.HistoryViewModel: loadItem : GroupTask [
05-07 16:44:29.056 2625 25176 I HoneySpace.HistoryViewModel: Task1 : [id=28 windowingMode=1 user=0 lastActiveTime=100773865] null, isCoverLauncherTask = false, isLocked = false - com.android.settings]
05-07 16:44:29.056 2625 2625 I HoneySpace.HistoryPot: history item update 2
05-07 16:44:29.064 1349 2022 V MdnieScenarioControlService: mAclOffEnabled : false mAclPreviewState : false mAclCompensationState : false
05-07 16:44:29.075 972 23421 I sensors-hal: handle_sns_client_event:44, ambient_light_event: ts=521074769268579, event=614.000000
05-07 16:44:29.093 2283 2409 V WindowManagerShell: Transition animation finished (aborted=false), notifying core (#161)android.os.BinderProxy@d09eda1@0
05-07 16:44:29.094 2283 2409 I SurfaceControl: apply is called, name=FinishTransaction_SyncId<161>, caller=android.view.SurfaceControl$Transaction.apply:2921 com.android.wm.shell.transition.Transitions.onFinish:155 com.android.wm.shell.transition.Transitions$$ExternalSyntheticLambda6.onTransitionFinished:15 com.android.wm.shell.transition.DefaultTransitionHandler$$ExternalSyntheticLambda5.run:125 com.android.wm.shell.transition.DefaultTransitionHandler$$ExternalSyntheticLambda3.run:52 android.os.Handler.handleCallback:958
05-07 16:44:29.097 1349 2554 V WindowManager: Finish Transition: TransitionRecord{9405dcc id=161 type=OPEN flags=0x0}, caller=com.android.server.wm.WindowOrganizerController.finishTransition:444 android.window.IWindowOrganizerController$Stub.onTransact:286 com.android.server.wm.WindowOrganizerController.onTransact:207
05-07 16:44:29.099 1349 1719 V WindowManager: Finish Transition #161: created at
05-07 16:44:28.647 collect-started=0.612ms request-sent=19.178ms started=25.316ms ready=67.482ms sent=73.447ms finished=451.283ms
05-07 16:44:29.099 1349 2554 V WindowManager: Setting visibility of Window{79c8d3f u0 com.android.systemui.wallpapers.ImageWallpaper}: false, caller=com.android.server.wm.WindowContainer.sendAppVisibilityToClients:1281 com.android.server.wm.WindowToken.setClientVisible:446 com.android.server.wm.WallpaperWindowToken.setVisible:192 com.android.server.wm.WallpaperWindowToken.commitVisibility:243 com.android.server.wm.Transition.finishTransition:1454
05-07 16:44:29.100 2283 2944 D WallpaperService: dispatchAppVisibility onVisibilityChanged(): false
05-07 16:44:29.101 2283 2618 I ImageWallpaper[CanvasEngine]: onVisibilityChanged false , 0
05-07 16:44:29.101 2283 2618 D WallpaperService: reportVisibility onVisibilityChanged visible: false
05-07 16:44:29.101 1349 2554 V WindowManager: Setting visibility of Window{15b7be u0 com.sec.android.app.launcher/com.sec.android.app.launcher.activities.LauncherActivity}: false, caller=com.android.server.wm.WindowContainer.sendAppVisibilityToClients:1281 com.android.server.wm.WindowToken.setClientVisible:446 com.android.server.wm.ActivityRecord.setClientVisible:8075 com.android.server.wm.ActivityRecord.postApplyAnimation:6633 com.android.server.wm.ActivityRecord.commitVisibility:6576
05-07 16:44:29.101 2625 2625 I ViewRootImpl@6223ebf[LauncherActivity]: handleAppVisibility mAppVisible = true visible = false
05-07 16:44:29.107 1349 1724 D WindowManager: updateSystemBarAttributes: displayId=0, win=Window{7164bee u0 Waiting For Debugger: org.qtproject.example.hellogles3}, navColorWin=Window{7164bee u0 Waiting For Debugger: org.qtproject.example.hellogles3}, focusedCanBeNavColorWin=false, behavior=1, appearance=0, statusBarAppearanceRegions=[AppearanceRegion{ bounds=[0,0][1200,1920]}], requestedVisibilities=-9, from=com.android.server.wm.DisplayPolicy.finishPostLayoutPolicyLw:2310 com.android.server.wm.DisplayContent.applySurfaceChangesTransaction:6135 com.android.server.wm.RootWindowContainer.applySurfaceChangesTransaction:1171
05-07 16:44:29.108 2283 2283 D SamsungStatusBarGrayIconHelper: isGrayAppearance=false
05-07 16:44:29.109 1144 1144 I Layer : Layer::reparent [Task=38#4356] newParent : DefaultTaskDisplayArea_d0#8 , isRemovedFromCurrentState : 0 -------------------------
05-07 16:44:29.109 2283 2409 V WindowManagerShell: Track 0 became idle
05-07 16:44:29.109 2283 2409 V WindowManagerShell: All active transition animations finished
05-07 16:44:29.109 1144 1144 I Layer : Layer::reparent [Task=38#4356] End -------------------------
05-07 16:44:29.109 1144 1144 I Layer : Layer::reparent [Transition Root: Task=38#4360] newParentHandle : null -------------------------
05-07 16:44:29.109 1144 1144 I Layer : id=4360 removeFromCurrentState Transition Root: Task=38#4360 (129)
05-07 16:44:29.109 1144 1144 I Layer : id=65 removeFromCurrentState WallpaperWindowToken{4f74455 token=android.os.Binder@52ca30c}#65 (129)
05-07 16:44:29.109 1144 1144 I Layer : id=70 removeFromCurrentState 79c8d3f com.android.systemui.wallpapers.ImageWallpaper#70 (129)
05-07 16:44:29.109 1144 1144 I Layer : id=71 removeFromCurrentState com.android.systemui.wallpapers.ImageWallpaper$_2283#71 (129)
05-07 16:44:29.110 1144 1144 I Layer : id=72 removeFromCurrentState Wallpaper BBQ wrapper#72 (129)
05-07 16:44:29.110 1144 1144 I Layer : id=48 removeFromCurrentState Task=1#48 (129)
05-07 16:44:29.110 1144 1144 I Layer : id=523 removeFromCurrentState Task=7#523 (129)
05-07 16:44:29.110 1144 1144 I Layer : id=525 removeFromCurrentState ActivityRecord{5885383 u0 com.sec.android.app.launcher/.activities.LauncherActivity t7}#525 (129)
05-07 16:44:29.110 1144 1144 I Layer : id=531 removeFromCurrentState 49fa23d ActivityRecordInputSink com.sec.android.app.launcher/.Launcher#531 (129)
05-07 16:44:29.110 1144 1144 I Layer : id=526 removeFromCurrentState 15b7be com.sec.android.app.launcher/com.sec.android.app.launcher.activities.LauncherActivity#526 (129)
05-07 16:44:29.110 1144 1144 I Layer : id=4349 removeFromCurrentState com.sec.android.app.launcher/com.sec.android.app.launcher.activities.LauncherActivity$_2625#4349 (129)
05-07 16:44:29.110 1144 1144 I Layer : id=13 removeFromCurrentState ImeContainer#13 (129)
05-07 16:44:29.110 1144 1144 I Layer : id=1387 removeFromCurrentState WindowToken{ac6255b type=2011 android.os.Binder@9b1ec6a}#1387 (129)
05-07 16:44:29.110 1144 1144 I Layer : id=4354 removeFromCurrentState Surface(name=aefdedd InputMethod)/@0xe297123 - animation-leash of insets_animation#4354 (129)
05-07 16:44:29.110 2283 2283 D SamsungLightBarControlHelper: onStatusBarAppearanceChanged() - sbModeChanged:false, statusBarMode:0, barState:MODE_TRANSPARENT, isKeyguardShowing:false, navbarColorManagedByIme:false, stackAppearanceChanged:true, (AppearanceRegion{ bounds=[0,0][1200,1920]}, ), packageName:android
05-07 16:44:29.110 1144 1144 I Layer : id=1388 removeFromCurrentState aefdedd InputMethod#1388 (129)
05-07 16:44:29.110 1144 1144 I Layer : Layer::reparent [Transition Root: Task=38#4360] End -------------------------
05-07 16:44:29.110 1144 1144 I Layer : Layer [Task=1#48] hidden!! flag(1)
05-07 16:44:29.110 1144 1144 I Layer : Layer::reparent [Task=1#48] newParent : DefaultTaskDisplayArea_d0#8 , isRemovedFromCurrentState : 0 -------------------------
05-07 16:44:29.110 1144 1144 I Layer : id=48 addToCurrentState Task=1#48 (129)
05-07 16:44:29.110 1144 1144 I Layer : id=523 addToCurrentState Task=7#523 (129)
05-07 16:44:29.110 1144 1144 I Layer : id=525 addToCurrentState ActivityRecord{5885383 u0 com.sec.android.app.launcher/.activities.LauncherActivity t7}#525 (129)
05-07 16:44:29.110 1144 1144 I Layer : id=531 addToCurrentState 49fa23d ActivityRecordInputSink com.sec.android.app.launcher/.Launcher#531 (129)
05-07 16:44:29.110 1144 1144 I Layer : id=526 addToCurrentState 15b7be com.sec.android.app.launcher/com.sec.android.app.launcher.activities.LauncherActivity#526 (129)
05-07 16:44:29.110 1144 1144 I Layer : id=4349 addToCurrentState com.sec.android.app.launcher/com.sec.android.app.launcher.activities.LauncherActivity$_2625#4349 (129)
05-07 16:44:29.110 1144 1144 I Layer : id=13 addToCurrentState ImeContainer#13 (129)
05-07 16:44:29.110 1144 1144 I Layer : id=1387 addToCurrentState WindowToken{ac6255b type=2011 android.os.Binder@9b1ec6a}#1387 (129)
05-07 16:44:29.110 1144 1144 I Layer : id=4354 addToCurrentState Surface(name=aefdedd InputMethod)/@0xe297123 - animation-leash of insets_animation#4354 (129)
05-07 16:44:29.110 1144 1144 I Layer : id=1388 addToCurrentState aefdedd InputMethod#1388 (129)
05-07 16:44:29.110 1144 1144 I Layer : Layer::reparent [Task=1#48] End -------------------------
05-07 16:44:29.110 1144 1144 I Layer : Layer::reparent [WallpaperWindowToken{4f74455 token=android.os.Binder@52ca30c}#65] newParent : Leaf:0:1#7 , isRemovedFromCurrentState : 0 -------------------------
05-07 16:44:29.110 1144 1144 I Layer : id=65 addToCurrentState WallpaperWindowToken{4f74455 token=android.os.Binder@52ca30c}#65 (129)
05-07 16:44:29.110 2283 2283 D TaskbarDelegate: onSystemBarAttributesChanged() - displayId:0, appearance:0, navbarColorManagedByIme: false, packageName: android
05-07 16:44:29.110 1144 1144 I Layer : id=70 addToCurrentState 79c8d3f com.android.systemui.wallpapers.ImageWallpaper#70 (129)
05-07 16:44:29.110 1144 1144 I Layer : id=71 addToCurrentState com.android.systemui.wallpapers.ImageWallpaper$_2283#71 (129)
05-07 16:44:29.110 1144 1144 I Layer : id=72 addToCurrentState Wallpaper BBQ wrapper#72 (129)
05-07 16:44:29.110 1144 1144 I Layer : Layer::reparent [WallpaperWindowToken{4f74455 token=android.os.Binder@52ca30c}#65] End -------------------------
05-07 16:44:29.110 1144 1144 I Layer : Layer::reparent [Transition Root: Task=38#4360] newParentHandle : null -------------------------
05-07 16:44:29.110 1144 1144 I Layer : id=4360 removeFromCurrentState Transition Root: Task=38#4360 (129)
05-07 16:44:29.110 1144 1144 I Layer : Layer::reparent [Transition Root: Task=38#4360] End -------------------------
05-07 16:44:29.111 2283 2283 D SamsungLightBarControlHelper: updateNavigationBar (WHITE button) isLightOpaque:false, hasLightNavigationBarFlag:false, packageName:android, DirectReplying:false, NavBarColorMangedByIme:false, ForceDarkForScrim:false, QsCustomizing:false, PanelHasWhiteBg:true
05-07 16:44:29.111 2283 2283 D SamsungLightBarControlHelper: updateStatusBar (WHITE icon) numStacks:1, StatusBarMode:MODE_TRANSPARENT, lightBarBounds:[], StatusBarState:SHADE, packageName:android, isWhiteKeyguardStatusBar:false
05-07 16:44:29.111 2625 2691 I HoneySpace.TaskbarEventTracker: invokeEvent() called with: event = OnSystemBarAttributesChanged(displayId=0, behavior=1)
05-07 16:44:29.111 1144 1144 I SurfaceFlinger: id=4360 Removed Transition Root: Task=38#4360 (129)
05-07 16:44:29.111 2625 2691 I HoneySpace.TaskbarEventTracker: invokeEvent() called with: event = HandleNavigationBarEvent(eventData=NavBarEvents(eventType=ON_APPEARANCE_CHANGED, iconType=null, remoteViewBundle=null, iconBitmapBundle=null, orderDefault=true, position=0, rotationLocked=false, transientShowing=false, appearance=0, pluginBundle=null, hiddenByKnox=false, insetsBundle=null))
05-07 16:44:29.111 2625 2691 I HoneySpace.TaskbarEventTracker: invokeEvent() called with: event = NavButtonsDarkIntensityChanged(darkIntensity=1.0)
05-07 16:44:29.112 1349 6925 V WindowManager: Relayout Window{15b7be u0 com.sec.android.app.launcher/com.sec.android.app.launcher.activities.LauncherActivity}: viewVisibility=8 req=1200x1920 ty=1 d0
05-07 16:44:29.114 2625 2691 I HoneySpace.TaskbarEventTracker: invokeEvent() called with: event = NavButtonsDarkIntensityChanged(darkIntensity=1.0)
05-07 16:44:29.116 1349 6925 V WindowManager: Relayout hash=15b7be, pid=2625, syncId=-1: mAttrs={(0,0)(fillxfill) sim={adjust=nothing forwardNavigation} layoutInDisplayCutoutMode=shortEdges ty=BASE_APPLICATION fmt=TRANSPARENT wanim=0x10302f2
05-07 16:44:29.116 1349 6925 V WindowManager: fl=81910100
05-07 16:44:29.116 1349 6925 V WindowManager: pfl=1e008040
05-07 16:44:29.116 1349 6925 V WindowManager: bhv=SHOW_TRANSIENT_BARS_BY_SWIPE
05-07 16:44:29.116 1349 6925 V WindowManager: fitSides= naviIconColor=0}
05-07 16:44:29.117 2625 2625 I ViewRootImpl@6223ebf[LauncherActivity]: Relayout returned: old=(0,0,1200,1920) new=(0,0,1200,1920) relayoutAsync=false req=(1200,1920)8 dur=12 res=0x402 s={false 0x0} ch=true seqId=0
05-07 16:44:29.118 2625 2625 I HoneySpace.TaskbarPot: HandleNavigationBarEvent: ON_APPEARANCE_CHANGED
05-07 16:44:29.118 2625 2625 I HoneySpace.TaskbarPot: updateAppearance appearance:0
05-07 16:44:29.120 1144 1144 D SurfaceFlinger: Display 4630946835308409729 HWC layers:
05-07 16:44:29.120 1144 1144 D SurfaceFlinger: DEVICE | 0xb400006fbcf8c450 | 0100 | RGBA_8888 | 360.0 0.0 1560.0 1920.0 | 0 0 1200 1920 | Wallpaper BBQ wrapper#72
05-07 16:44:29.120 1144 1144 D SurfaceFlinger: CLIENT | 0xb400006fbcf8a2a0 | 0100 | RGBA_8888 | 0.0 0.0 1200.0 1920.0 | 0 0 1200 1920 | Splash Screen org.qtproject.example.hellogles3$_2283#4359
05-07 16:44:29.120 1144 1144 D SurfaceFlinger: CLIENT | | 0000 | Unknown | 0.0 0.0 0.0 0.0 | 0 0 1200 1920 | Dim Layer for - WindowedMagnification:0:31#4370
05-07 16:44:29.120 1144 1144 D SurfaceFlinger: CLIENT | 0xb400006fbcf8b6c0 | 0100 | RGBA_8888 | 0.0 0.0 582.0 357.0 | 309 1494 891 1851 | Waiting For Debugger: org.qtproject.example.hellogles3#4368
05-07 16:44:29.120 1144 1144 D SurfaceFlinger: CLIENT | 0xb400006fbcf8b340 | 0100 | RGBA_8888 | 0.0 0.0 1200.0 36.0 | 0 0 1200 36 | StatusBar$_2283#84
05-07 16:44:29.120 1144 1144 D SurfaceFlinger: CLIENT | 0xb400006fbcf8b3b0 | 0100 | RGBA_8888 | 0.0 0.0 67.0 207.0 | 1133 432 1200 639 | com.sec.android.app.launcher/com.sam[...]e.edge.CocktailBarService$_2625#4278
05-07 16:44:29.120 1144 1144 D SurfaceFlinger: CLIENT | 0xb400006fbcf8afc0 | 0100 | RGBA_888
05-07 16:44:29.120 1144 1144 D SurfaceFlinger: 8 | 0.0 0.0 1200.0 72.0 | 0 1848 1200 1920 | TaskbarWindow$_2625#544
05-07 16:44:29.120 1144 1144 D SurfaceFlinger: CLIENT | 0xb400006fbcf8aaf0 | 0100 | RGBA_8888 | 0.0 0.0 1200.0 1920.0 | 0 0 1200 1920 | PointerLocation - display 0#3661
05-07 16:44:29.120 1144 1144 D SurfaceFlinger:
05-07 16:44:29.121 1144 1144 I Layer : Layer [com.sec.android.app.launcher/com.sec.android.app.launcher.activities.LauncherActivity$_2625#4349] hidden!! flag(1)
05-07 16:44:29.121 1144 1144 I Layer : Layer [com.android.systemui.wallpapers.ImageWallpaper$_2283#71] hidden!! flag(1)
05-07 16:44:29.121 1144 1144 I Layer : Layer [ActivityRecord{5885383 u0 com.sec.android.app.launcher/.activities.LauncherActivity t7}#525] hidden!! flag(1)
05-07 16:44:29.121 1144 1144 I Layer : Layer [Task=7#523] hidden!! flag(1)
05-07 16:44:29.122 1144 1144 I Layer : id=4360 Destroyed Transition Root: Task=38#4360
05-07 16:44:29.125 2625 2691 I HoneySpace.TaskbarEventTracker: invokeEvent() called with: event = NavButtonsDarkIntensityChanged(darkIntensity=0.696919)
05-07 16:44:29.126 2625 2625 I Edge.TrayVisibilityController: getComputedTrayVisible : keyguardState = 1
05-07 16:44:29.126 2625 2625 I Edge.TrayVisibilityController: updateTrayVisible: State=1 visible=1 mCurrentVisible=1 specificMode=0
05-07 16:44:29.126 2625 2625 I Edge.TrayStateController: onNotifyUpdateTray: state=0
05-07 16:44:29.130 1144 1144 D SurfaceFlinger: Display 4630946835308409729 HWC layers:
05-07 16:44:29.130 1144 1144 D SurfaceFlinger: DEVICE | 0xb400006fbcf8a2a0 | 0100 | RGBA_8888 | 0.0 0.0 1200.0 1920.0 | 0 0 1200 1920 | Splash Screen org.qtproject.example.hellogles3$_2283#4359
05-07 16:44:29.130 1144 1144 D SurfaceFlinger: SOLID_COLOR | | 0000 | Unknown | 0.0 0.0 0.0 0.0 | 0 0 1200 1920 | Dim Layer for - WindowedMagnification:0:31#4370
05-07 16:44:29.130 1144 1144 D SurfaceFlinger: CLIENT | 0xb400006fbcf8b6c0 | 0100 | RGBA_8888 | 0.0 0.0 582.0 357.0 | 309 1494 891 1851 | Waiting For Debugger: org.qtproject.example.hellogles3#4368
05-07 16:44:29.130 1144 1144 D SurfaceFlinger: CLIENT | 0xb400006fbcf8b340 | 0100 | RGBA_8888 | 0.0 0.0 1200.0 36.0 | 0 0 1200 36 | StatusBar$_2283#84
05-07 16:44:29.130 1144 1144 D SurfaceFlinger: CLIENT | 0xb400006fbcf8b3b0 | 0100 | RGBA_8888 | 0.0 0.0 67.0 207.0 | 1133 432 1200 639 | com.sec.android.app.launcher/com.sam[...]e.edge.CocktailBarService$_2625#4278
05-07 16:44:29.130 1144 1144 D SurfaceFlinger: CLIENT | 0xb400006fbcf8b1f0 | 0100 | RGBA_8888 | 0.0 0.0 1200.0 72.0 | 0 1848 1200 1920 | TaskbarWindow$_2625#544
05-07 16:44:29.130 1144 1144 D SurfaceFlinger: CLIENT | 0xb400006fbcf8aaf0 | 0100 | RGBA_888
05-07 16:44:29.131 1144 1144 D SurfaceFlinger: 8 | 0.0 0.0 1200.0 1920.0 | 0 0 1200 1920 | PointerLocation - display 0#3661
05-07 16:44:29.131 1144 1144 D SurfaceFlinger:
05-07 16:44:29.139 2625 2691 I HoneySpace.TaskbarEventTracker: invokeEvent() called with: event = NavButtonsDarkIntensityChanged(darkIntensity=0.5150441)
05-07 16:44:29.148 2625 2691 I HoneySpace.TaskbarEventTracker: invokeEvent() called with: event = NavButtonsDarkIntensityChanged(darkIntensity=0.37836713)
05-07 16:44:29.162 2625 2691 I HoneySpace.TaskbarEventTracker: invokeEvent() called with: event = NavButtonsDarkIntensityChanged(darkIntensity=0.27189374)
05-07 16:44:29.173 2625 2691 I HoneySpace.TaskbarEventTracker: invokeEvent() called with: event = NavButtonsDarkIntensityChanged(darkIntensity=0.18857569)
05-07 16:44:29.175 972 23421 I sensors-hal: handle_sns_client_event:44, ambient_light_event: ts=521074869268319, event=615.000000
05-07 16:44:29.181 2625 2691 I HoneySpace.TaskbarEventTracker: invokeEvent() called with: event = NavButtonsDarkIntensityChanged(darkIntensity=0.12183583)
05-07 16:44:29.193 2625 2691 I HoneySpace.TaskbarEventTracker: invokeEvent() called with: event = NavButtonsDarkIntensityChanged(darkIntensity=0.07379633)
05-07 16:44:29.204 2625 2691 I HoneySpace.TaskbarEventTracker: invokeEvent() called with: event = NavButtonsDarkIntensityChanged(darkIntensity=0.03642106)
05-07 16:44:29.216 2625 2691 I HoneySpace.TaskbarEventTracker: invokeEvent() called with: event = NavButtonsDarkIntensityChanged(darkIntensity=0.014329851)
05-07 16:44:29.227 2625 2691 I HoneySpace.TaskbarEventTracker: invokeEvent() called with: event = NavButtonsDarkIntensityChanged(darkIntensity=0.0026106834)
05-07 16:44:29.237 2625 2691 I HoneySpace.TaskbarEventTracker: invokeEvent() called with: event = NavButtonsDarkIntensityChanged(darkIntensity=0.0)
05-07 16:44:29.275 972 23421 I sensors-hal: handle_sns_client_event:44, ambient_light_event: ts=521074969262850, event=615.000000
05-07 16:44:29.283 25153 25153 I System.out: Debugger has connected
05-07 16:44:29.283 25153 25153 I System.out: waiting for debugger to settle...
05-07 16:44:29.287 1349 1724 I WindowManager: Reparenting to original parent: Surface(name=WindowToken{2f51569 type=2003 android.view.ViewRootImpl$W@8b17bf0})/@0x9449438, destroy=true, surface=Surface(name=7164bee Waiting For Debugger: org.qtproject.example.hellogles3)/@0x50d889b
05-07 16:44:29.298 1144 1144 I Layer : Layer::reparent [7164bee Waiting For Debugger: org.qtproject.example.hellogles3#4365] newParent : WindowToken{2f51569 type=2003 android.view.ViewRootImpl$W@8b17bf0}#4364 , isRemovedFromCurrentState : 0 -------------------------
05-07 16:44:29.298 1144 1144 I Layer : Layer::reparent [7164bee Waiting For Debugger: org.qtproject.example.hellogles3#4365] End -------------------------
05-07 16:44:29.298 1144 1144 I Layer : Layer::reparent [Surface(name=7164bee Waiting For Debugger: org.qtproject.example.hellogles3)/@0x50d889b - animation-leash of window_animation#4369] newParentHandle : null -------------------------
05-07 16:44:29.298 1144 1144 I Layer : id=4369 removeFromCurrentState Surface(name=7164bee Waiting For Debugger: org.qtproject.example.hellogles3)/@0x50d889b - animation-leash of window_animation#4369 (128)
05-07 16:44:29.298 1144 1144 I Layer : Layer::reparent [Surface(name=7164bee Waiting For Debugger: org.qtproject.example.hellogles3)/@0x50d889b - animation-leash of window_animation#4369] End -------------------------
05-07 16:44:29.298 1349 1724 I WindowManager: Reparenting to original parent: Surface(name=WindowedMagnification:0:31)/@0xf99bc80, destroy=true, surface=Surface(name=Dim Layer for - WindowedMagnification:0:31)/@0xd969176
05-07 16:44:29.299 1144 1144 I SurfaceFlinger: id=4369 Removed Surface(name=7164bee Waiting For Debugger: org.qtproject.example.hellogles3)/@0x50d889b - animation-leash of window_animation#4369 (128)
05-07 16:44:29.309 1144 1144 I Layer : Layer::reparent [Dim Layer for - WindowedMagnification:0:31#4370] newParent : WindowedMagnification:0:31#3 , isRemovedFromCurrentState : 0 -------------------------
05-07 16:44:29.309 1144 1144 I Layer : Layer::reparent [Dim Layer for - WindowedMagnification:0:31#4370] End -------------------------
05-07 16:44:29.309 1144 1144 I Layer : Layer::reparent [Surface(name=Dim Layer for - WindowedMagnification:0:31)/@0xd969176 - animation-leash of dimmer#4371] newParentHandle : null -------------------------
05-07 16:44:29.309 1144 1144 I Layer : id=4371 removeFromCurrentState Surface(name=Dim Layer for - WindowedMagnification:0:31)/@0xd969176 - animation-leash of dimmer#4371 (128)
05-07 16:44:29.309 1144 1144 I Layer : Layer::reparent [Surface(name=Dim Layer for - WindowedMagnification:0:31)/@0xd969176 - animation-leash of dimmer#4371] End -------------------------
05-07 16:44:29.310 1144 1144 I Layer : id=4369 Destroyed Surface(name=7164bee Waiting For Debugger: org.qtproject.example.hellogles3)/@0x50d889b - animation-leash of window_animation#4369
05-07 16:44:29.310 1144 1144 I SurfaceFlinger: id=4371 Removed Surface(name=Dim Layer for - WindowedMagnification:0:31)/@0xd969176 - animation-leash of dimmer#4371 (127)
05-07 16:44:29.320 1144 1144 I Layer : id=4371 Destroyed Surface(name=Dim Layer for - WindowedMagnification:0:31)/@0xd969176 - animation-leash of dimmer#4371
05-07 16:44:29.375 972 23421 I sensors-hal: handle_sns_client_event:44, ambient_light_event: ts=521075069267017, event=615.000000
05-07 16:44:29.452 1349 2025 I SearchManagerService: _updateSearchables
05-07 16:44:29.476 972 23421 I sensors-hal: handle_sns_client_event:44, ambient_light_event: ts=521075169261652, event=615.000000
05-07 16:44:29.484 25153 25153 I System.out: waiting for debugger to settle...
05-07 16:44:29.496 1349 2025 W SearchableInfo: Invalid searchable metadata for com.samsung.android.messaging/.ui.view.main.picker.contact.ContactPickerActivity: Search label must be a resource reference.
05-07 16:44:29.561 1144 1286 W ComposerExtn: DisplayExtnImpl::SetActiveConfig: HWC Display 0 is not registered!
05-07 16:44:29.565 997 1274 I SDM : HWDeviceDRM::UpdateMixerAttributes: Mixer WxH 1200x1920-0 for Peripheral
05-07 16:44:29.566 997 1274 I SDM : HWCDisplay::SubmitDisplayConfig: Active configuration changed to: 1
05-07 16:44:29.576 972 23421 I sensors-hal: handle_sns_client_event:44, ambient_light_event: ts=521075269262017, event=615.000000
05-07 16:44:29.583 1349 2025 I SearchManagerService: _updateSearchables completed.
05-07 16:44:29.644 975 25150 I HYPER-HAL: [ResourceManager.cpp]removeResource(): [CPULittleMinFreq] RemoveResource Request ID : 954303
05-07 16:44:29.645 975 25150 E HYPER-HAL: [HandlerSysfs.cpp]doResourceHandling(): Couldn't Open Sysfs - /sys/class/scsi_host/host0/../../../clkscale_enable
05-07 16:44:29.645 840 840 E audit : type=1400 audit(1715089469.639:34045): avc: denied { search } for pid=975 comm=504F5349582074696D657220363435 name="host0" dev="sysfs" ino=62490 scontext=u:r:hal_hyper_default:s0 tcontext=u:object_r:sysfs_scsi_host:s0 tclass=dir permissive=0 SEPF_SM-X210_12_0001 audit_filtered
05-07 16:44:29.646 975 25150 I HYPER-HAL: [ResourceManager.cpp]removeResource(): [CPUMinFreq] RemoveResource Request ID : 954303
05-07 16:44:29.647 975 25150 I HYPER-HAL: [RequestManager.cpp]releaseLocked(): Released ID : 954303
05-07 16:44:29.664 840 840 E audit : type=1400 audit(1715089469.659:34046): avc: granted { execute } for pid=25217 comm="run-as" name="lldb-server" dev="dm-51" ino=21583 scontext=u:r:runas_app:s0:c1,c257,c512,c768 tcontext=u:object_r:app_data_file:s0:c1,c257,c512,c768 tclass=file SEPF_SM-X210_12_0001 audit_filtered
05-07 16:44:29.665 840 840 E audit : type=1400 audit(1715089469.659:34047): avc: granted { execute } for pid=25217 comm="lldb-server" path="/data/user/0/org.qtproject.example.hellogles3/lldb-server" dev="dm-51" ino=21583 scontext=u:r:runas_app:s0:c1,c257,c512,c768 tcontext=u:object_r:app_data_file:s0:c1,c257,c512,c768 tclass=file SEPF_SM-X210_12_0001 audit_filtered
05-07 16:44:29.675 972 23421 I sensors-hal: handle_sns_client_event:44, ambient_light_event: ts=521075369269309, event=616.000000
05-07 16:44:29.684 25153 25153 I System.out: waiting for debugger to settle...
05-07 16:44:29.775 972 23421 I sensors-hal: handle_sns_client_event:44, ambient_light_event: ts=521075469269130, event=615.000000
05-07 16:44:29.826 3560 3784 I SemDvfsHyPerManager: acquire hyper - BaseTABoost/3560@1, type = 1090523139
05-07 16:44:29.826 975 1107 I HYPER-HAL: [RequestManager.cpp]acquire(): Acquired ID : 6342142 [3560 / 1] HINT : list : [TABoost / 1]
05-07 16:44:29.850 2283 2283 I AODNotificationManager: updateNotification()
05-07 16:44:29.851 1144 1286 W ComposerExtn: DisplayExtnImpl::SetActiveConfig: HWC Display 0 is not registered!
05-07 16:44:29.867 997 1274 I SDM : HWDeviceDRM::UpdateMixerAttributes: Mixer WxH 1200x1920-0 for Peripheral
05-07 16:44:29.867 997 1274 I SDM : HWCDisplay::SubmitDisplayConfig: Active configuration changed to: 0
05-07 16:44:29.875 972 23421 I sensors-hal: handle_sns_client_event:44, ambient_light_event: ts=521075569267932, event=615.000000
05-07 16:44:29.884 25153 25153 I System.out: waiting for debugger to settle...
05-07 16:44:29.896 1349 1720 D AnimatorSet: mReversing is false. Don't call initChildren.
05-07 16:44:29.897 1349 1720 D AnimatorSet: mReversing is false. Don't call initChildren.
05-07 16:44:29.898 1349 1720 D AnimatorSet: mReversing is false. Don't call initChildren.
05-07 16:44:29.910 10792 10792 I wpa_supplicant: Heartbeat 8242
05-07 16:44:29.975 972 23421 I sensors-hal: handle_sns_client_event:44, ambient_light_event: ts=521075669270224, event=615.000000
05-07 16:44:29.978 975 25152 I HYPER-HAL: [ResourceManager.cpp]removeResource(): [CPULittleMinFreq] RemoveResource Request ID : 943275
05-07 16:44:29.978 975 25152 E HYPER-HAL: [HandlerSysfs.cpp]doResourceHandling(): Couldn't Open Sysfs - /sys/class/scsi_host/host0/../../../clkscale_enable
05-07 16:44:29.979 840 840 E audit : type=1400 audit(1715089469.975:34048): avc: denied { search } for pid=975 comm=504F5349582074696D657220363437 name="host0" dev="sysfs" ino=62490 scontext=u:r:hal_hyper_default:s0 tcontext=u:object_r:sysfs_scsi_host:s0 tclass=dir permissive=0 SEPF_SM-X210_12_0001 audit_filtered
05-07 16:44:29.979 975 25152 I HYPER-HAL: [ResourceManager.cpp]removeResource(): [CPUMinFreq] RemoveResource Request ID : 943275
05-07 16:44:29.980 975 25152 I HYPER-HAL: [RequestManager.cpp]releaseLocked(): Released ID : 943275
05-07 16:44:30.075 972 23421 I sensors-hal: handle_sns_client_event:44, ambient_light_event: ts=521075769271213, event=616.000000
05-07 16:44:30.084 25153 25153 I System.out: waiting for debugger to settle...
05-07 16:44:30.175 972 23421 I sensors-hal: handle_sns_client_event:44, ambient_light_event: ts=521075869269963, event=615.000000
05-07 16:44:30.208 616 616 D io_stats: !@ 8,0 r 2657640 75620012 w 570389 20417176 d 88561 17081004 f 0 0 iot 1628992 0 th 0 0 0 pt 0 inp 0 0 78900.246
05-07 16:44:30.261 1144 1286 W ComposerExtn: DisplayExtnImpl::SetActiveConfig: HWC Display 0 is not registered!
05-07 16:44:30.275 972 23421 I sensors-hal: handle_sns_client_event:44, ambient_light_event: ts=521075969272307, event=615.000000
05-07 16:44:30.285 25153 25153 I System.out: waiting for debugger to settle...
05-07 16:44:30.375 972 23421 I sensors-hal: handle_sns_client_event:44, ambient_light_event: ts=521076069271005, event=616.000000
05-07 16:44:30.475 972 23421 I sensors-hal: handle_sns_client_event:44, ambient_light_event: ts=521076169271578, event=614.000000
05-07 16:44:30.485 25153 25153 I System.out: waiting for debugger to settle...
05-07 16:44:30.568 24474 25219 I SCS@AiSearch user 0: (AppsDataWorker) [androidx.work-4] entering in doWork():
05-07 16:44:30.568 24474 25219 I SCS@AiSearch user 0: (AppsDataObserver) [androidx.work-4] entering in execute():
05-07 16:44:30.568 24474 25219 I SCS@AiSearch user 0: (AppsDataObserver-CMD_UPDATE_LIST) changed package count: 1
05-07 16:44:30.575 972 23421 I sensors-hal: handle_sns_client_event:44, ambient_light_event: ts=521076269268140, event=616.000000
05-07 16:44:30.576 1349 2554 D CompatibilityChangeReporter: Compat change id reported: 161252188; UID 10257; state: DISABLED
05-07 16:44:30.576 24474 25219 I SCS@AiSearch user 0: (AppsDataObserver) [androidx.work-4] leaving from execute(): result is true
05-07 16:44:30.576 24474 25219 I SCS@AiSearch user 0: (AppsDataWorker) [androidx.work-4] leaving from doWork():
05-07 16:44:30.577 24474 24507 I WM-WorkerWrapper: Worker result SUCCESS for Work [ id=6a64a5ed-959d-4d3f-9d84-ca344fcc1220, tags={ com.samsung.android.scs.ai.search.data.apps.AppsDataWorker, CMD_UPDATE_LIST } ]
05-07 16:44:30.675 972 23421 I sensors-hal: handle_sns_client_event:44, ambient_light_event: ts=521076369272307, event=615.000000
05-07 16:44:30.685 25153 25153 I System.out: waiting for debugger to settle...
05-07 16:44:30.775 972 23421 I sensors-hal: handle_sns_client_event:44, ambient_light_event: ts=521076469268713, event=616.000000
05-07 16:44:30.875 972 23421 I sensors-hal: handle_sns_client_event:44, ambient_light_event: ts=521076569269755, event=615.000000
05-07 16:44:30.885 25153 25153 I System.out: waiting for debugger to settle...
05-07 16:44:30.975 972 23421 I sensors-hal: handle_sns_client_event:44, ambient_light_event: ts=521076669269963, event=615.000000
05-07 16:44:31.075 972 23421 I sensors-hal: handle_sns_client_event:44, ambient_light_event: ts=521076769270744, event=616.000000
05-07 16:44:31.086 25153 25153 I System.out: debugger has settled (1338)
05-07 16:44:31.087 1349 1720 W WindowOnBackDispatcher: sendCancelIfRunning: isInProgress=falsecallback=android.view.ViewRootImpl$$ExternalSyntheticLambda21@397ed52
05-07 16:44:31.087 1349 1720 D CoreBackPreview: Window{7164bee u0 Waiting For Debugger: org.qtproject.example.hellogles3}: Setting back callback null
05-07 16:44:31.090 1349 1720 I ViewRootImpl@8b17bf0[hellogles3]: dispatchDetachedFromWindow
05-07 16:44:31.090 1349 1720 D InputTransport: Input channel destroyed: '7164bee', fd=770
05-07 16:44:31.090 1349 1720 W InputManager-JNI: Input channel object '7164bee Waiting For Debugger: org.qtproject.example.hellogles3 (client)' was disposed without first being removed with the input manager!
05-07 16:44:31.091 1349 1720 D InputTransport: Input channel destroyed: '7164bee', fd=789
05-07 16:44:31.091 1349 1720 V WindowManager: Remove Window{7164bee u0 Waiting For Debugger: org.qtproject.example.hellogles3}: mSurfaceController=Surface(name=Waiting For Debugger: org.qtproject.example.hellogles3)/@0x5aff66d mAnimatingExit=false mRemoveOnExit=false mHasSurface=true surfaceShowing=true animating=false app-animation=false mDisplayFrozen=false callers=com.android.server.wm.WindowManagerService.removeWindow:2149 com.android.server.wm.Session.remove:245 android.view.ViewRootImpl.dispatchDetachedFromWindow:6746 android.view.ViewRootImpl.doDie:10641 android.view.ViewRootImpl.die:10617 android.view.WindowManagerGlobal.removeViewLocked:676
05-07 16:44:31.091 1349 1720 I WindowManager: Reparenting to leash, surface=Surface(name=7164bee Waiting For Debugger: org.qtproject.example.hellogles3)/@0x50d889b, leashParent=Surface(name=WindowToken{2f51569 type=2003 android.view.ViewRootImpl$W@8b17bf0})/@0x9449438
05-07 16:44:31.091 1144 1222 I SurfaceFlinger: id=4372 createSurf, flag=24000, Surface(name=7164bee Waiting For Debugger: org.qtproject.example.hellogles3)/@0x50d889b - animation-leash of window_animation#4372
05-07 16:44:31.091 1144 1286 W ComposerExtn: DisplayExtnImpl::SetActiveConfig: HWC Display 0 is not registered!
05-07 16:44:31.091 1349 1720 D WindowManager: makeSurface duration=1 leash=Surface(name=Surface(name=7164bee Waiting For Debugger: org.qtproject.example.hellogles3)/@0x50d889b - animation-leash of window_animation)/@0xe4f52a2
05-07 16:44:31.094 1349 1720 V WindowManager: removeIfPossible 2, Window{7164bee u0 Waiting For Debugger: org.qtproject.example.hellogles3}: mAnimatingExit=true caller=com.android.server.wm.WindowManagerService.removeWindow:2149 com.android.server.wm.Session.remove:245 android.view.ViewRootImpl.dispatchDetachedFromWindow:6746 android.view.ViewRootImpl.doDie:10641 android.view.ViewRootImpl.die:10617
05-07 16:44:31.095 1349 1720 V WindowManager: Changing focus from Window{7164bee u0 Waiting For Debugger: org.qtproject.example.hellogles3 EXITING} to null displayId=0 Callers=com.android.server.wm.RootWindowContainer.updateFocusedWindowLocked:569 com.android.server.wm.WindowManagerService.updateFocusedWindowLocked:6797 com.android.server.wm.WindowState.setupWindowForRemoveOnExit:3210 com.android.server.wm.WindowState.removeIfPossible:3138
05-07 16:44:31.095 1349 1720 I WindowManager: Cancelling animation restarting=true, leash=Surface(name=Surface(name=ede8149 TaskbarWindow)/@0x39fd301 - animation-leash of insets_animation)/@0xcc09f25
05-07 16:44:31.095 1349 1720 I WindowManager: Reparenting to original parent: Surface(name=WindowToken{ed8ad13 type=2024 android.os.BinderProxy@b8f6002})/@0x11d55a6, destroy=false, surface=Surface(name=ede8149 TaskbarWindow)/@0x39fd301
05-07 16:44:31.095 1349 1720 I WindowManager: Reparenting to leash, surface=Surface(name=ede8149 TaskbarWindow)/@0x39fd301, leashParent=Surface(name=WindowToken{ed8ad13 type=2024 android.os.BinderProxy@b8f6002})/@0x11d55a6
05-07 16:44:31.095 1144 1222 I SurfaceFlinger: id=4373 createSurf, flag=24000, Surface(name=ede8149 TaskbarWindow)/@0x39fd301 - animation-leash of insets_animation#4373
05-07 16:44:31.096 1349 1720 D WindowManager: makeSurface duration=1 leash=Surface(name=Surface(name=ede8149 TaskbarWindow)/@0x39fd301 - animation-leash of insets_animation)/@0x89e6ef0
05-07 16:44:31.096 1349 1720 D InsetsSourceProvider: updateControlForTarget: control=InsetsSourceControl: {caf0001 mType=navigationBars initiallyVisible mSurfacePosition=Point(0, 1848) mInsetsHint=Insets{left=0, top=0, right=0, bottom=72}}, target=Window{d3a9a64 u0 Splash Screen org.qtproject.example.hellogles3}, from=com.android.server.wm.InsetsStateController.onControlTargetChanged:358 com.android.server.wm.InsetsStateController.onBarControlTargetChanged:327 com.android.server.wm.InsetsPolicy.updateBarControlTarget:172 com.android.server.wm.InsetsPolicy.updateSystemBars:788 com.android.server.wm.DisplayPolicy.updateSystemBarsLw:3397
05-07 16:44:31.096 1349 1720 I WindowManager: Cancelling animation restarting=true, leash=Surface(name=Surface(name=f359a00 StatusBar)/@0xb15e156 - animation-leash of insets_animation)/@0xe039eab
