05-07 16:44:19.902 10792 10792 I wpa_supplicant: Heartbeat 8241
05-07 16:44:19.920 2625 2625 I HoneySpace.NotificationListener: onNotificationPosted com.android.systemui: -1|com.android.systemui|2131363660|charging_state|10047: 0
05-07 16:44:19.920 2625 2625 I HoneySpace.NotificationListener: invalid notification: com.android.systemui UserHandle{-1}: canShowBadge is false
05-07 16:44:19.937 2283 2283 I AODNotificationManager: updateNotification()
05-07 16:44:19.940 1144 1286 W ComposerExtn: DisplayExtnImpl::SetActiveConfig: HWC Display 0 is not registered!
05-07 16:44:19.953 997 1274 I SDM : HWDeviceDRM::UpdateMixerAttributes: Mixer WxH 1200x1920-0 for Peripheral
05-07 16:44:19.954 997 1274 I SDM : HWCDisplay::SubmitDisplayConfig: Active configuration changed to: 0
05-07 16:44:19.976 972 23421 I sensors-hal: handle_sns_client_event:44, ambient_light_event: ts=521065669261756, event=618.000000
05-07 16:44:20.076 972 23421 I sensors-hal: handle_sns_client_event:44, ambient_light_event: ts=521065769265038, event=618.000000
05-07 16:44:20.122 2283 2283 D BubblesManager: onEntryUpdated : shouldBubbleUp=false ,key=-1|com.android.systemui|2131363660|charging_state|10047
05-07 16:44:20.123 2283 2283 D InterruptionStateProvider: no Heads up : edgelighting enabled app. -1|com.android.systemui|2131363660|charging_state|10047
05-07 16:44:20.136 2283 2283 D FaceWidgetKeyguardNIOController: getDefaultPositionX
05-07 16:44:20.143 2283 2283 I AODNotificationManager: updateNotification()
05-07 16:44:20.168 2283 2283 D FaceWidgetKeyguardNIOController: getDefaultPositionX
05-07 16:44:20.177 972 23421 I sensors-hal: handle_sns_client_event:44, ambient_light_event: ts=521065869263579, event=619.000000
05-07 16:44:20.188 2283 2283 D FaceWidgetKeyguardNIOController: getDefaultPositionX
05-07 16:44:20.192 2283 2283 I AODNotificationManager: updateNotification()
05-07 16:44:20.198 616 616 D io_stats: !@ 8,0 r 2656919 75614576 w 569859 20356592 d 88561 17081004 f 0 0 iot 1628008 0 th 0 0 0 pt 0 inp 0 0 78890.237
05-07 16:44:20.198 616 616 D io_stats: !@ Read_top(KB): ndroid.systemui(2283) 12
05-07 16:44:20.198 616 616 D io_stats: !@ Write_top(KB): kworker/u16:20(22492) 4
05-07 16:44:20.277 972 23421 I sensors-hal: handle_sns_client_event:44, ambient_light_event: ts=521065969263892, event=618.000000
05-07 16:44:20.378 972 23421 I sensors-hal: handle_sns_client_event:44, ambient_light_event: ts=521066069272173, event=617.000000
05-07 16:44:20.443 1144 1286 W ComposerExtn: DisplayExtnImpl::SetActiveConfig: HWC Display 0 is not registered!
05-07 16:44:20.475 972 23421 I sensors-hal: handle_sns_client_event:44, ambient_light_event: ts=521066169270090, event=616.000000
05-07 16:44:20.576 972 23421 I sensors-hal: handle_sns_client_event:44, ambient_light_event: ts=521066269267746, event=616.000000
05-07 16:44:20.677 972 23421 I sensors-hal: handle_sns_client_event:44, ambient_light_event: ts=521066369273215, event=615.000000
05-07 16:44:20.777 972 23421 I sensors-hal: handle_sns_client_event:44, ambient_light_event: ts=521066469268788, event=615.000000
05-07 16:44:20.878 972 23421 I sensors-hal: handle_sns_client_event:44, ambient_light_event: ts=521066569269309, event=616.000000
05-07 16:44:20.976 972 23421 I sensors-hal: handle_sns_client_event:44, ambient_light_event: ts=521066669271652, event=617.000000
05-07 16:44:21.076 972 23421 I sensors-hal: handle_sns_client_event:44, ambient_light_event: ts=521066769274256, event=616.000000
05-07 16:44:21.176 972 23421 I sensors-hal: handle_sns_client_event:44, ambient_light_event: ts=521066869270663, event=615.000000
05-07 16:44:21.276 972 23421 I sensors-hal: handle_sns_client_event:44, ambient_light_event: ts=521066969269569, event=618.000000
05-07 16:44:21.376 972 23421 I sensors-hal: handle_sns_client_event:44, ambient_light_event: ts=521067069269309, event=616.000000
05-07 16:44:21.476 972 23421 I sensors-hal: handle_sns_client_event:44, ambient_light_event: ts=521067169271913, event=617.000000
05-07 16:44:21.576 972 23421 I sensors-hal: handle_sns_client_event:44, ambient_light_event: ts=521067269272694, event=616.000000
05-07 16:44:21.676 972 23421 I sensors-hal: handle_sns_client_event:44, ambient_light_event: ts=521067369271131, event=616.000000
05-07 16:44:21.776 972 23421 I sensors-hal: handle_sns_client_event:44, ambient_light_event: ts=521067469269569, event=617.000000
05-07 16:44:21.876 972 23421 I sensors-hal: handle_sns_client_event:44, ambient_light_event: ts=521067569271131, event=616.000000
05-07 16:44:21.976 972 23421 I sensors-hal: handle_sns_client_event:44, ambient_light_event: ts=521067669270871, event=617.000000
05-07 16:44:22.076 972 23421 I sensors-hal: handle_sns_client_event:44, ambient_light_event: ts=521067769270090, event=617.000000
05-07 16:44:22.176 972 23421 I sensors-hal: handle_sns_client_event:44, ambient_light_event: ts=521067869267798, event=616.000000
05-07 16:44:22.275 972 23421 I sensors-hal: handle_sns_client_event:44, ambient_light_event: ts=521067969270142, event=617.000000
05-07 16:44:22.361 1349 1899 D SensorService: [SO] 0.260 0.053 9.772
05-07 16:44:22.376 972 23421 I sensors-hal: handle_sns_client_event:44, ambient_light_event: ts=521068069286496, event=617.000000
05-07 16:44:22.476 972 23421 I sensors-hal: handle_sns_client_event:44, ambient_light_event: ts=521068169264725, event=616.000000
05-07 16:44:22.577 972 23421 I sensors-hal: handle_sns_client_event:44, ambient_light_event: ts=521068269256340, event=615.000000
05-07 16:44:22.676 972 23421 I sensors-hal: handle_sns_client_event:44, ambient_light_event: ts=521068369271131, event=612.000000
05-07 16:44:22.766 1349 3196 D BatteryService: Sending ACTION_BATTERY_CHANGED: level:80, status:2, health:2, remain:-1, ac:false, usb:true, wireless:false, pogo:false, misc:0x0, charge_type:0, charger_type:0, voltage:4079, temperature:225, online:4, charging_status:0, cycle_count:0, current_avg:0, ps:false, hvc:false, capacity:280000, current_event:0x0, current_now:-8000, mcc:500000, mcv:5000000, cc:4000000, present:true, scale:100, technology:Li-ion
05-07 16:44:22.768 1349 2110 I DeviceBatteryInfoService: action: android.intent.action.BATTERY_CHANGED
05-07 16:44:22.769 1349 2110 I DeviceBatteryInfoService: phone battery level: 80
05-07 16:44:22.769 1349 2110 I DeviceBatteryInfoService: phone battery status: 2
05-07 16:44:22.771 2145 2145 D SemBigDataInfoController: Intent: android.intent.action.BATTERY_CHANGED
05-07 16:44:22.772 1349 1979 D MotionRecognitionService: [SAR] onReceive : ACTION_BATTERY_CHANGED, Plugged: 2
05-07 16:44:22.772 2283 2283 I AODBatteryManager: updateBatteryData: ACTION_BATTERY_CHANGED
05-07 16:44:22.774 2283 2283 I AODBatteryManager: saveBatteryData : AOD BatteryData [mBatteryLevel=80, mBatteryStatus=CHARGING, mBatteryPlugType=USB, mBatteryPlugged=true, mRemainingChargeTime=-1, mBatteryChargingType=1, mBatteryChargerType=NORMAL, mBatteryOnline=USB, mBatterySwellingMode=NONE, mBatteryProtectMode=false]
05-07 16:44:22.774 2283 2283 I ChargingInfoManager: updateChargingInfo: newState = AOD ChargingInfo [mState=BATTERY_AND_REMAIN_TIME, mIsCharging=true, mIsFullyCharged=false, mIsBatteryProtectMode=false], oldState = AOD ChargingInfo [mState=BATTERY_AND_REMAIN_TIME, mIsCharging=true, mIsFullyCharged=false, mIsBatteryProtectMode=false]
05-07 16:44:22.774 2283 2283 D SamsungBatteryMeterDrawable: onBatteryLevelChanged isSomethingChanged: false
05-07 16:44:22.774 2283 2283 D SamsungBatteryMeterDrawable: onBatteryLevelChanged isSomethingChanged: false
05-07 16:44:22.774 2283 2283 D SamsungBatteryMeterDrawable: onBatteryLevelChanged isSomethingChanged: false
05-07 16:44:22.775 2283 2283 I PowerUI : mBootCompleted = true | mFullyConnected = true
05-07 16:44:22.775 2283 2283 I PowerUI : BATTERY_HEALTH_CHECK extraHealth=2 mBatteryMiscEvent=0
05-07 16:44:22.775 2283 2283 W PowerUI : Plug reason
05-07 16:44:22.775 2283 2283 W PowerUI : Skip charging animation - by plug status
05-07 16:44:22.775 2283 2283 D PowerUI : priorPlugType = 2 mPlugType = 2 priorBatteryStatus = 2 mBatteryStatus = 2
05-07 16:44:22.775 2283 2283 W PowerUI : Plug reason
05-07 16:44:22.775 2283 2283 W PowerUI : Skip charging sound - by plug status
05-07 16:44:22.775 2283 10405 D SecPowerUI.Notification: dismissing low battery warning: level=80
05-07 16:44:22.775 2283 10405 D SecPowerUI.Notification: updateNotification mWarning=false mPlaySound=false
05-07 16:44:22.775 2283 10405 D SecPowerUI.Notification: SecBatteryStatsSnapshot{batteryLevel=80, currentBatteryMode=0, chargingTime=4451000, chargingType=11, batteryHealth=2, automaticTestMode=false, isHiccupState=false}
05-07 16:44:22.775 972 23421 I sensors-hal: handle_sns_client_event:44, ambient_light_event: ts=521068469268788, event=610.000000
05-07 16:44:22.775 2283 2283 I PowerUI : oldMisalign : false, curMisalign : false
05-07 16:44:22.776 2283 2283 D SecPowerUI.Notification: showChargingNotice oldChargingType : 11 / currentChargingType : 11, oldChargingTime : 4451000 / mChargingTime : -1
05-07 16:44:22.776 2283 2283 D SecPowerUI.Notification: showChargingNotification()
05-07 16:44:22.776 2283 2283 D SecPowerUI.Notification: SecBatteryStatsSnapshot{batteryLevel=80, currentBatteryMode=0, chargingTime=-1, chargingType=11, batteryHealth=2, automaticTestMode=false, isHiccupState=false}
05-07 16:44:22.776 22942 22942 I [SCPMV2][SystemMonitorReceiver]: onReceive: android.intent.action.BATTERY_CHANGED
05-07 16:44:22.777 2283 10405 D SecPowerUI.Notification: 1. restoreScreenTimeOut - saved_value : :
05-07 16:44:22.777 2283 10405 E SecPowerUI.Notification: no saved value, so we do nothing !!
05-07 16:44:22.779 2283 2283 I NotificationManager: com.android.systemui: notify(2131363660, charging_state, Notification(channel=CHR shortcut=null contentView=null vibrate=null sound=null defaults=0x0 flags=0xa color=0xff5075a1 category=sys groupKey=CHARGING vis=PUBLIC semFlags=0x0 semPriority=0 semMissedCount=0)) as user
05-07 16:44:22.783 2283 2283 D PowerUI : Battery swelling mode - priorBatterySwellingMode = 0 mBatterySwellingMode = 0 mBatteryStatus = 2
05-07 16:44:22.783 2283 2283 I PowerUI : mBatteryMiscEvent = 0
05-07 16:44:22.783 2283 2283 D KeyguardUpdateMonitor: handleBatteryUpdate
05-07 16:44:22.876 972 23421 I sensors-hal: handle_sns_client_event:44, ambient_light_event: ts=521068569263319, event=611.000000
05-07 16:44:22.978 972 23421 I sensors-hal: handle_sns_client_event:44, ambient_light_event: ts=521068669261288, event=612.000000
05-07 16:44:22.985 1349 2020 W DeviceStorageMonitorService: updateBroadcasts(/data) oldLevel:0, newLevel:0, seq:1
05-07 16:44:22.987 1349 2020 D DeviceStorageMonitorService: Available File Node Number is [12433518]
05-07 16:44:22.987 1349 2020 W DeviceStorageMonitorService: updateBroadcasts_filenode(/data) fn_oldLevel:0, fn_newLevel:0, seq:1
05-07 16:44:22.991 2625 2625 I HoneySpace.NotificationListener: onNotificationPosted com.android.systemui: -1|com.android.systemui|2131363660|charging_state|10047: 0
05-07 16:44:22.991 2625 2625 I HoneySpace.NotificationListener: invalid notification: com.android.systemui UserHandle{-1}: canShowBadge is false
05-07 16:44:23.009 2283 2283 I AODNotificationManager: updateNotification()
05-07 16:44:23.011 1144 1286 W ComposerExtn: DisplayExtnImpl::SetActiveConfig: HWC Display 0 is not registered!
05-07 16:44:23.027 997 1274 I SDM : HWDeviceDRM::UpdateMixerAttributes: Mixer WxH 1200x1920-0 for Peripheral
05-07 16:44:23.027 997 1274 I SDM : HWCDisplay::SubmitDisplayConfig: Active configuration changed to: 0
05-07 16:44:23.076 972 23421 I sensors-hal: handle_sns_client_event:44, ambient_light_event: ts=521068769265611, event=613.000000
05-07 16:44:23.177 972 23421 I sensors-hal: handle_sns_client_event:44, ambient_light_event: ts=521068869262225, event=613.000000
05-07 16:44:23.196 2283 2283 D BubblesManager: onEntryUpdated : shouldBubbleUp=false ,key=-1|com.android.systemui|2131363660|charging_state|10047
05-07 16:44:23.197 2283 2283 D InterruptionStateProvider: no Heads up : edgelighting enabled app. -1|com.android.systemui|2131363660|charging_state|10047
05-07 16:44:23.216 2283 2283 D FaceWidgetKeyguardNIOController: getDefaultPositionX
05-07 16:44:23.222 2283 2283 I AODNotificationManager: updateNotification()
05-07 16:44:23.247 2283 2283 D FaceWidgetKeyguardNIOController: getDefaultPositionX
05-07 16:44:23.261 2283 2283 D FaceWidgetKeyguardNIOController: getDefaultPositionX
05-07 16:44:23.263 2283 2283 I AODNotificationManager: updateNotification()
05-07 16:44:23.277 972 23421 I sensors-hal: handle_sns_client_event:44, ambient_light_event: ts=521068969276236, event=613.000000
05-07 16:44:23.376 972 23421 I sensors-hal: handle_sns_client_event:44, ambient_light_event: ts=521069069268006, event=614.000000
05-07 16:44:23.476 972 23421 I sensors-hal: handle_sns_client_event:44, ambient_light_event: ts=521069169272173, event=613.000000
05-07 16:44:23.515 1144 1286 W ComposerExtn: DisplayExtnImpl::SetActiveConfig: HWC Display 0 is not registered!
05-07 16:44:23.576 972 23421 I sensors-hal: handle_sns_client_event:44, ambient_light_event: ts=521069269268267, event=614.000000
05-07 16:44:23.675 972 23421 I sensors-hal: handle_sns_client_event:44, ambient_light_event: ts=521069369270350, event=614.000000
05-07 16:44:23.776 972 23421 I sensors-hal: handle_sns_client_event:44, ambient_light_event: ts=521069469273736, event=614.000000
05-07 16:44:23.878 972 23421 I sensors-hal: handle_sns_client_event:44, ambient_light_event: ts=521069569268527, event=615.000000
05-07 16:44:23.977 972 23421 I sensors-hal: handle_sns_client_event:44, ambient_light_event: ts=521069669271913, event=613.000000
05-07 16:44:24.077 972 23421 I sensors-hal: handle_sns_client_event:44, ambient_light_event: ts=521069769272694, event=615.000000
05-07 16:44:24.177 972 23421 I sensors-hal: handle_sns_client_event:44, ambient_light_event: ts=521069869275298, event=614.000000
05-07 16:44:24.200 616 616 D io_stats: !@ 8,0 r 2656919 75614576 w 569860 20356596 d 88561 17081004 f 0 0 iot 1628016 0 th 0 0 0 pt 0 inp 0 0 78894.238
05-07 16:44:24.200 616 616 D io_stats: !@ Write_top(KB): kworker/u16:6(6306) 4
05-07 16:44:24.276 972 23421 I sensors-hal: handle_sns_client_event:44, ambient_light_event: ts=521069969273996, event=614.000000
05-07 16:44:24.376 972 23421 I sensors-hal: handle_sns_client_event:44, ambient_light_event: ts=521070069276079, event=615.000000
05-07 16:44:24.475 972 23421 I sensors-hal: handle_sns_client_event:44, ambient_light_event: ts=521070169273215, event=614.000000
05-07 16:44:24.576 972 23421 I sensors-hal: handle_sns_client_event:44, ambient_light_event: ts=521070269270090, event=614.000000
05-07 16:44:24.676 972 23421 I sensors-hal: handle_sns_client_event:44, ambient_light_event: ts=521070369270871, event=614.000000
05-07 16:44:24.775 972 23421 I sensors-hal: handle_sns_client_event:44, ambient_light_event: ts=521070469272954, event=615.000000
05-07 16:44:24.876 972 23421 I sensors-hal: handle_sns_client_event:44, ambient_light_event: ts=521070569274517, event=616.000000
05-07 16:44:24.975 972 23421 I sensors-hal: handle_sns_client_event:44, ambient_light_event: ts=521070669273215, event=615.000000
05-07 16:44:25.076 972 23421 I sensors-hal: handle_sns_client_event:44, ambient_light_event: ts=521070769269309, event=614.000000
05-07 16:44:25.175 972 23421 I sensors-hal: handle_sns_client_event:44, ambient_light_event: ts=521070869269569, event=615.000000
05-07 16:44:25.276 972 23421 I sensors-hal: handle_sns_client_event:44, ambient_light_event: ts=521070969269309, event=615.000000
05-07 16:44:25.376 972 23421 I sensors-hal: handle_sns_client_event:44, ambient_light_event: ts=521071069269309, event=616.000000
05-07 16:44:25.476 972 23421 I sensors-hal: handle_sns_client_event:44, ambient_light_event: ts=521071169269569, event=615.000000
05-07 16:44:25.575 972 23421 I sensors-hal: handle_sns_client_event:44, ambient_light_event: ts=521071269270090, event=616.000000
05-07 16:44:25.675 972 23421 I sensors-hal: handle_sns_client_event:44, ambient_light_event: ts=521071369266444, event=616.000000
05-07 16:44:25.776 972 23421 I sensors-hal: handle_sns_client_event:44, ambient_light_event: ts=521071469262798, event=616.000000
05-07 16:44:25.838 1349 3196 D BatteryService: Sending ACTION_BATTERY_CHANGED: level:80, status:2, health:2, remain:-1, ac:false, usb:true, wireless:false, pogo:false, misc:0x0, charge_type:0, charger_type:0, voltage:4079, temperature:225, online:4, charging_status:0, cycle_count:0, current_avg:0, ps:false, hvc:false, capacity:280000, current_event:0x0, current_now:-28000, mcc:500000, mcv:5000000, cc:4000000, present:true, scale:100, technology:Li-ion
05-07 16:44:25.841 1349 2110 I DeviceBatteryInfoService: action: android.intent.action.BATTERY_CHANGED
05-07 16:44:25.841 1349 2110 I DeviceBatteryInfoService: phone battery level: 80
05-07 16:44:25.841 1349 2110 I DeviceBatteryInfoService: phone battery status: 2
05-07 16:44:25.843 2145 2145 D SemBigDataInfoController: Intent: android.intent.action.BATTERY_CHANGED
05-07 16:44:25.843 1349 1979 D MotionRecognitionService: [SAR] onReceive : ACTION_BATTERY_CHANGED, Plugged: 2
05-07 16:44:25.844 2283 2283 I AODBatteryManager: updateBatteryData: ACTION_BATTERY_CHANGED
05-07 16:44:25.845 2283 2283 I AODBatteryManager: saveBatteryData : AOD BatteryData [mBatteryLevel=80, mBatteryStatus=CHARGING, mBatteryPlugType=USB, mBatteryPlugged=true, mRemainingChargeTime=-1, mBatteryChargingType=1, mBatteryChargerType=NORMAL, mBatteryOnline=USB, mBatterySwellingMode=NONE, mBatteryProtectMode=false]
05-07 16:44:25.845 2283 2283 D SamsungBatteryMeterDrawable: onBatteryLevelChanged isSomethingChanged: false
05-07 16:44:25.845 2283 2283 D SamsungBatteryMeterDrawable: onBatteryLevelChanged isSomethingChanged: false
05-07 16:44:25.845 2283 2283 D SamsungBatteryMeterDrawable: onBatteryLevelChanged isSomethingChanged: false
05-07 16:44:25.845 22942 22942 I [SCPMV2][SystemMonitorReceiver]: onReceive: android.intent.action.BATTERY_CHANGED
05-07 16:44:25.846 2283 2283 I PowerUI : mBootCompleted = true | mFullyConnected = true
05-07 16:44:25.846 2283 2283 I PowerUI : BATTERY_HEALTH_CHECK extraHealth=2 mBatteryMiscEvent=0
05-07 16:44:25.846 2283 2283 W PowerUI : Plug reason
05-07 16:44:25.846 2283 2283 W PowerUI : Skip charging animation - by plug status
05-07 16:44:25.846 2283 2283 D PowerUI : priorPlugType = 2 mPlugType = 2 priorBatteryStatus = 2 mBatteryStatus = 2
05-07 16:44:25.846 2283 2283 W PowerUI : Plug reason
05-07 16:44:25.846 2283 2283 W PowerUI : Skip charging sound - by plug status
05-07 16:44:25.846 2283 2283 I PowerUI : oldMisalign : false, curMisalign : false
05-07 16:44:25.846 2283 10722 D SecPowerUI.Notification: dismissing low battery warning: level=80
05-07 16:44:25.846 2283 10722 D SecPowerUI.Notification: updateNotification mWarning=false mPlaySound=false
05-07 16:44:25.846 2283 10722 D SecPowerUI.Notification: SecBatteryStatsSnapshot{batteryLevel=80, currentBatteryMode=0, chargingTime=-1, chargingType=11, batteryHealth=2, automaticTestMode=false, isHiccupState=false}
05-07 16:44:25.846 2283 10722 D SecPowerUI.Notification: 1. restoreScreenTimeOut - saved_value : :
05-07 16:44:25.846 2283 10722 E SecPowerUI.Notification: no saved value, so we do nothing !!
05-07 16:44:25.847 2283 2283 D SecPowerUI.Notification: showChargingNotice oldChargingType : 11 / currentChargingType : 11, oldChargingTime : -1 / mChargingTime : -1
05-07 16:44:25.847 2283 2283 D SecPowerUI.Notification: showChargingNotice There is no change about charging status, so return!
05-07 16:44:25.847 2283 2283 D PowerUI : Battery swelling mode - priorBatterySwellingMode = 0 mBatterySwellingMode = 0 mBatteryStatus = 2
05-07 16:44:25.847 2283 2283 I PowerUI : mBatteryMiscEvent = 0
05-07 16:44:25.847 2283 2283 D KeyguardUpdateMonitor: handleBatteryUpdate
05-07 16:44:25.876 972 23421 I sensors-hal: handle_sns_client_event:44, ambient_light_event: ts=521071569265663, event=616.000000
05-07 16:44:25.976 972 23421 I sensors-hal: handle_sns_client_event:44, ambient_light_event: ts=521071669276340, event=617.000000
05-07 16:44:26.076 972 23421 I sensors-hal: handle_sns_client_event:44, ambient_light_event: ts=521071769271652, event=616.000000
05-07 16:44:26.175 972 23421 I sensors-hal: handle_sns_client_event:44, ambient_light_event: ts=521071869271131, event=616.000000
05-07 16:44:26.276 972 23421 I sensors-hal: handle_sns_client_event:44, ambient_light_event: ts=521071969264361, event=615.000000
05-07 16:44:26.378 972 23421 I sensors-hal: handle_sns_client_event:44, ambient_light_event: ts=521072069262746, event=615.000000
05-07 16:44:26.479 972 23421 I sensors-hal: handle_sns_client_event:44, ambient_light_event: ts=521072169267642, event=616.000000
05-07 16:44:26.578 972 23421 I sensors-hal: handle_sns_client_event:44, ambient_light_event: ts=521072269272434, event=616.000000
05-07 16:44:26.676 972 23421 I sensors-hal: handle_sns_client_event:44, ambient_light_event: ts=521072369269569, event=616.000000
05-07 16:44:26.778 972 23421 I sensors-hal: handle_sns_client_event:44, ambient_light_event: ts=521072469276079, event=615.000000
05-07 16:44:26.876 972 23421 I sensors-hal: handle_sns_client_event:44, ambient_light_event: ts=521072569272434, event=615.000000
05-07 16:44:26.978 972 23421 I sensors-hal: handle_sns_client_event:44, ambient_light_event: ts=521072669269256, event=615.000000
05-07 16:44:27.076 972 23421 I sensors-hal: handle_sns_client_event:44, ambient_light_event: ts=521072769271913, event=616.000000
05-07 16:44:27.109 23857 23857 I abb : StartCommandInProcess(73657474696e67730067657400656e61 settings.get.ena [truncated])
05-07 16:44:27.116 840 840 E audit : type=1400 audit(1715089467.111:34026): avc: denied { getopt } for pid=1349 comm="binder:1349_1C" scontext=u:r:system_server:s0 tcontext=u:r:shell:s0 tclass=unix_stream_socket permissive=0 SEPF_SM-X210_12_0001 audit_filtered
05-07 16:44:27.116 840 840 E audit : type=1400 audit(1715089467.111:34027): avc: denied { getopt } for pid=1349 comm="binder:1349_1C" scontext=u:r:system_server:s0 tcontext=u:r:shell:s0 tclass=unix_stream_socket permissive=0 SEPF_SM-X210_12_0001 audit_filtered
05-07 16:44:27.116 840 840 E audit : type=1400 audit(1715089467.111:34028): avc: denied { getopt } for pid=1349 comm="binder:1349_1C" scontext=u:r:system_server:s0 tcontext=u:r:shell:s0 tclass=unix_stream_socket permissive=0 SEPF_SM-X210_12_0001 audit_filtered
05-07 16:44:27.118 23857 23857 I abb : StartCommandInProcess(7061636b61676500696e7374616c6c00 package.install. [truncated])
05-07 16:44:27.122 1349 9382 I PersonaServiceHelper: isCallerApprovedToInstall(uid:2000 userHandle:0)
05-07 16:44:27.122 1349 9382 I PersonaServiceHelper: DO is not enabled. no Knox app install enforcement
05-07 16:44:27.122 1349 9382 I PackageInstaller: getting through the check android.content.pm.PackageInstaller$SessionParams@3de4ac0 user id 0
05-07 16:44:27.122 1349 9382 I PackageInstaller: UserManager.DISALLOW_NON_MARKET_APP_BY_KNOX : false
05-07 16:44:27.150 2625 21001 I HoneySpace.InstallSessionSourceImpl: onCreated 163865117
05-07 16:44:27.176 972 23421 I sensors-hal: handle_sns_client_event:44, ambient_light_event: ts=521072869268579, event=615.000000
05-07 16:44:27.275 972 23421 I sensors-hal: handle_sns_client_event:44, ambient_light_event: ts=521072969270350, event=615.000000
05-07 16:44:27.349 840 840 E audit : type=1400 audit(1715089467.343:34029): avc: denied { getopt } for pid=1349 comm="binder:1349_1C" scontext=u:r:system_server:s0 tcontext=u:r:shell:s0 tclass=unix_stream_socket permissive=0 SEPF_SM-X210_12_0001 audit_filtered
05-07 16:44:27.376 972 23421 I sensors-hal: handle_sns_client_event:44, ambient_light_event: ts=521073069272746, event=616.000000
05-07 16:44:27.475 972 23421 I sensors-hal: handle_sns_client_event:44, ambient_light_event: ts=521073169272954, event=615.000000
05-07 16:44:27.575 972 23421 I sensors-hal: handle_sns_client_event:44, ambient_light_event: ts=521073269274517, event=616.000000
05-07 16:44:27.596 1349 1809 I KnoxMUMContainerPolicy: getPackagesFromInstallWhiteList is called...
05-07 16:44:27.596 1349 1809 D ApplicationPolicy: getApplicationStateList: Enforce DOPO permission
05-07 16:44:27.596 1349 1809 D ApplicationPolicy: getApplicationStateList : empty
05-07 16:44:27.597 1349 1809 I PackageManager: isVerificationEnabled :: approvedInstaller : .*
05-07 16:44:27.597 1349 1809 I PackageManager: isVerificationEnabled :: installer policy contains *.
05-07 16:44:27.600 1349 1809 W ProcessStats: Tracking association SourceState{c67fd1d com.sec.android.app.launcher/10103 BTop #92356} whose proc state 2 is better than process ProcessState{6632b91 com.google.android.googlequicksearchbox:search/10184 pkg=com.google.android.googlequicksearchbox} proc state 6 (9 skipped)
05-07 16:44:27.602 1349 1809 D PackageManager: Sending PACKAGE_NEEDS_VERIFICATION to com.android.vending, vid: 60, sid: 163865117
05-07 16:44:27.606 23866 23866 I Finsky : [2] akvq.c(68): VerifyApps: Install-time verification requested for package org.qtproject.example.hellogles3, id = 60
05-07 16:44:27.610 1349 1809 D PackageManager: Sending PACKAGE_NEEDS_VERIFICATION to com.samsung.android.sm.devicesecurity, vid: 60, sid: 163865117
05-07 16:44:27.611 1349 1809 D PackageManager: sendBroadcastAsUser. PACKAGE_INSTALL_STARTED
05-07 16:44:27.611 1349 1809 I PackageManager: Integrity check passed for file:///data/app/vmdl163865117.tmp
05-07 16:44:27.614 23882 23882 I GOS:GameServiceReceiver: action : com.samsung.android.intent.action.PACKAGE_INSTALL_STARTED
05-07 16:44:27.614 23882 23882 I GOS:GameServiceReceiver: PkgInstallStarted for org.qtproject.example.hellogles3 UserID : 0
05-07 16:44:27.615 1349 2176 D PackageManager: verifyPendingInstall vid: 60, vcode: 1, callingUid: 10097
05-07 16:44:27.616 23866 25019 I Finsky : [179] VerifyAppsInstallTask.ajO(52): VerifyApps: Anti-malware verification task started for package=org.qtproject.example.hellogles3
05-07 16:44:27.618 23866 25019 I Finsky : [179] alcc.a(65): Single user settings service is not running, bind it now
05-07 16:44:27.619 23882 23882 I GOS:MainIntentService: onCreate
05-07 16:44:27.619 23882 25020 I GOS:MainIntentService: onHandleIntent. begin
05-07 16:44:27.620 23882 25020 I GOS:MainIntentService: onHandleIntent(). type(PACKAGE_CHANGED) from 2
05-07 16:44:27.620 23882 25020 I GOS:MainIntentService: onHandleIntent(). type(PACKAGE_CHANGED), changeType(INSTALL_STARTED), pkgName(org.qtproject.example.hellogles3)
05-07 16:44:27.620 23882 25020 I GOS:SystemEventReactor: onPackageInstallStarted(). packageName: org.qtproject.example.hellogles3
05-07 16:44:27.621 23882 25020 I GOS:SystemEventReactor: addPkgDataFromServer(), packageName : org.qtproject.example.hellogles3
05-07 16:44:27.622 23866 23866 I Finsky : [2] sgd.onServiceConnected(96): Single user settings service is connected
05-07 16:44:27.623 23882 25020 I GOS:RequestHeader: gms_version : 130.016
05-07 16:44:27.623 23882 25020 I GOS:RequestHeader: gos_version : 350901000
05-07 16:44:27.624 23882 25020 I GOS:RequestHeader: device_name : gta9pwifi
05-07 16:44:27.624 23882 25020 I GOS:RequestHeader: model_name : SM-X210
05-07 16:44:27.624 23882 25020 I GOS:RequestHeader: version_r : 14
05-07 16:44:27.624 23882 25020 I GOS:RequestHeader: version_i : X210XXU1BXA7
05-07 16:44:27.624 23882 25020 I GOS:DataManager: getUUID(), UUID: dae6a11aa1d949e48c477abea0541544
05-07 16:44:27.624 23882 25020 I GOS:RequestHeader: uuid : dae6a11aa1d949e48c477abea0541544
05-07 16:44:27.625 23882 25020 I GOS:RequestHeader: networkOperator :
05-07 16:44:27.625 23882 25020 W GOS:RequestHeader: RequestHeader(): can't find mcc
05-07 16:44:27.625 23882 25020 W GOS:RequestHeader: RequestHeader(): can't find mnc
05-07 16:44:27.628 23866 25019 W Settings: Setting install_non_market_apps has moved from android.provider.Settings.Global to android.provider.Settings.Secure, returning read-only value.
05-07 16:44:27.653 23882 25020 I GOS:RequestHeader: installed_sec_game_family : com.sec.android.app.samsungapps=enabled,com.samsung.android.game.gamehome=enabled
05-07 16:44:27.656 23882 25020 I GOS:NetworkConnector: getSinglePkg(), packageName : org.qtproject.example.hellogles3
05-07 16:44:27.660 23882 25020 I GOS:NetworkConnector: v4Get, userAgent: (gms_version:130.016;gos_version:350901000;device_name:gta9pwifi;model_name:SM-X210;version_r:14;version_i:X210XXU1BXA7;uuid:dae6a11aa1d949e48c477abea0541544;installed_sec_game_family:com.sec.android.app.samsungapps=enabled,com.samsung.android.game.gamehome=enabled;samsung_errorlog_agree:1)
05-07 16:44:27.667 23882 25020 I GOS:NetworkUtil: Network is not connected
05-07 16:44:27.667 23882 25020 W GOS:NetworkConnector: doDirectly(), Failed: Network is not connected.
05-07 16:44:27.667 23882 25020 I GOS:DbHelper: addLocalLog(), tag: NetworkConnector
05-07 16:44:27.667 23882 25020 I GOS:DbHelper: addLocalLog(), msg: {"comment":"doDirectly(), Failed: Network is not connected.","response_code":-1,"url":"https:\/\/gos-api.gos-gsp.io\/v4\/packages\/org.qtproject.example.hellogles3","exception":"java.net.UnknownHostException: Unable to resolve host \"gos-api.gos-gsp.io\": No address associated with hostname","header":"(gms_version:130.016;gos_version:350901000;device_name:gta9pwifi;model_name:SM-X210;version_r:14;version_i:X210XXU1BXA7;uuid:dae6a11aa1d949e48c477abea0541544;installed_sec_game_family:com.sec.android.app.samsungapps=enabled,com.samsung.android.game.gamehome=enabled;samsung_errorlog_agree:1)"}
05-07 16:44:27.670 23882 25020 I GOS:NetworkConnector: getSinglePkg(), request: PRD_GET/v4/packages/org.qtproject.example.hellogles3
05-07 16:44:27.670 23882 25020 I GOS:NetworkConnector: v4PkgResponse: null
05-07 16:44:27.673 23882 23882 I GOS:MainIntentService: onDestroy
05-07 16:44:27.675 972 23421 I sensors-hal: handle_sns_client_event:44, ambient_light_event: ts=521073369268579, event=616.000000
05-07 16:44:27.764 23866 25019 I Finsky : [179] VerifyAppsInstallTask.ab(155): VerifyApps: Installer app: com.android.shell
05-07 16:44:27.773 23866 23935 I Finsky : [118] OfflineVerifyAppsTask.a(9): VerifyApps: Start offline app verification
05-07 16:44:27.775 972 23421 I sensors-hal: handle_sns_client_event:44, ambient_light_event: ts=521073469272434, event=616.000000
05-07 16:44:27.782 23951 23951 D BoundBrokerSvc: onBind: Intent { act=com.google.android.gms.safetynet.service.START pkg=com.google.android.gms }
05-07 16:44:27.782 23951 23951 D BoundBrokerSvc: Loading bound service for intent: Intent { act=com.google.android.gms.safetynet.service.START pkg=com.google.android.gms }
05-07 16:44:27.797 23866 23866 I Finsky : [2] argm.a(86): VerifyApps: Offline app verification done
05-07 16:44:27.798 23866 23866 I Finsky : [2] akas.apply(267): VerifyApps: Offline verification done for 1 app(s)
05-07 16:44:27.802 23866 25019 I Finsky : [179] VerifyAdvancedProtectionInstallTask.ajO(9): VerifyApps AdvancedProtection: Verify AP install started
05-07 16:44:27.803 23866 25019 I Finsky : [179] VerifyAdvancedProtectionInstallTask.ajO(43): VerifyApps AdvancedProtection: Allowing install because there are no Advanced Protection users
05-07 16:44:27.806 23866 23866 I Finsky : [2] VerifyAdvancedProtectionInstallTask.ajN(29): VerifyApps AdvancedProtection: Reported Advanced Protection verification result: ALLOW
05-07 16:44:27.808 23866 25019 I Finsky : [179] VerifyPerSourceInstallationConsentInstallTask.ajO(247): PSIC verification started with installer uid: 2000 package name: com.android.shell, originating uid: -1
05-07 16:44:27.811 23866 25019 I Finsky : [179] VerifyInstallTask.j(17): VerifyApps: Returning package verification result id=60, result=ALLOW
05-07 16:44:27.812 1349 2176 D PackageManager: verifyPendingInstall vid: 60, vcode: 1, callingUid: 10182
05-07 16:44:27.813 1349 1809 I PackageManager: Continuing with installation of file:///data/app/vmdl163865117.tmp
05-07 16:44:27.815 1349 1810 I PackageManager: START INSTALL PACKAGE: observer{139064430}
05-07 16:44:27.815 1349 1810 I PackageManager: stagedDir{/data/app/vmdl163865117.tmp}
05-07 16:44:27.815 1349 1810 I PackageManager: pkg{org.qtproject.example.hellogles3}
05-07 16:44:27.815 1349 1810 I PackageManager: versionCode{1}
05-07 16:44:27.815 1349 1810 I PackageManager: Request from{null}
05-07 16:44:27.815 23866 25019 E AbstractLogEventBuilder: The provided ProductIdOrigin 3 is not one of the process-level expected values: 1 or 2
05-07 16:44:27.815 23866 23866 I Finsky : [2] VerifyInstallTask.ajN(76): VerifyApps: Install-time verification complete: id=60, package_name=org.qtproject.example.hellogles3
05-07 16:44:27.827 1349 1809 W PackageManager: verifying app can be installed or not
05-07 16:44:27.828 1349 1809 D ApplicationPolicy: isApplicationInstallationEnabled
05-07 16:44:27.828 1349 1809 D ApplicationPolicy: isApplicationInstallationEnabled : Checking PKG WL - false
05-07 16:44:27.828 1349 1809 D ApplicationPolicy: isApplicationInstallationEnabled : Checking PKG BL - true
05-07 16:44:27.828 1349 1809 D ApplicationPolicy: isApplicationInstallationEnabled : Checking PERM BL - true
05-07 16:44:27.828 1349 1809 D ApplicationPolicy: isApplicationInstallationEnabled : Checking SIG BL - true
05-07 16:44:27.828 1349 1809 D ApplicationPolicy: isApplicationInstallationEnabled : Checking PKG WL - false
05-07 16:44:27.829 1349 1809 D ApplicationPolicy: isApplicationInstallationEnabled : Checking PKG BL - true
05-07 16:44:27.829 1349 1809 D ApplicationPolicy: isApplicationInstallationEnabled : Checking PERM BL - true
05-07 16:44:27.829 1349 1809 D ApplicationPolicy: isApplicationInstallationEnabled : Checking SIG BL - true
05-07 16:44:27.829 1349 1809 D ApplicationPolicy: isApplicationInstallationEnabled : enabled true
05-07 16:44:27.829 1349 1809 I AASA_ASKSManager: ASKS_VERSION: 7.8 ::20240110
05-07 16:44:27.829 1349 1809 I AASA_ASKSManager: initiating = com.android.shell, installer = null
05-07 16:44:27.831 1349 1809 D RestrictionPolicy: isNewAdminInstallationEnabledInternal : false
05-07 16:44:27.837 840 840 E audit : type=1400 audit(1715089467.831:34030): avc: denied { ioctl } for pid=13933 comm="lowpool[49]" path="/data/data/com.google.android.gms/databases/phenotype.db" dev="dm-51" ino=6207 ioctlcmd=0xf522 scontext=u:r:gmscore_app:s0:c512,c768 tcontext=u:object_r:privapp_data_file:s0:c512,c768 tclass=file permissive=0 SEPF_SM-X210_12_0001 audit_filtered
05-07 16:44:27.850 1349 1732 I ActivityManager: Force stopping org.qtproject.example.hellogles3 appid=10257 user=-1: installPackageLI
05-07 16:44:27.851 1349 1809 I PackageManager: Update package org.qtproject.example.hellogles3 code path from /data/app/~~2RkJTLB3OOkfFbVadXRUGQ==/org.qtproject.example.hellogles3-0uQ2B6053iUkcZSjBvjZzA== to /data/app/~~ILyV9Uj9OMo2Ss2B_5OxWQ==/org.qtproject.example.hellogles3-d9Wr37P7eErVQ4cuJPlrNg==; Retain data and using new
05-07 16:44:27.853 1349 1809 I AppsFilter: interaction: PackageSetting{38eb265 org.qtproject.example.camera/10241} -> PackageSetting{7c8d5bf org.qtproject.example.hellogles3/10257} BLOCKED
05-07 16:44:27.853 1349 1809 I AppsFilter: interaction: PackageSetting{38eb265 org.qtproject.example.camera/10241} -> PackageSetting{991bc62 org.qtproject.example.hellogles3/10257} BLOCKED
05-07 16:44:27.859 1349 1809 I PermissionManager: Permission ownership changed. Updating all permissions.
05-07 16:44:27.875 972 23421 I sensors-hal: handle_sns_client_event:44, ambient_light_event: ts=521073569269621, event=616.000000
05-07 16:44:27.931 1349 1809 D PackageSettings: ++ writeStateForUserSyncLPr(0)
05-07 16:44:27.971 1349 1809 W PackageSettings: -- writeStateForUserSyncLPr(0)
05-07 16:44:27.976 972 23421 I sensors-hal: handle_sns_client_event:44, ambient_light_event: ts=521073669273006, event=615.000000
05-07 16:44:28.014 1349 1732 W system_server: Long monitor contention with owner PackageManager (1809) at void com.android.server.pm.DeletePackageHelper.deleteInstalledPackageLIF(com.android.server.pm.PackageSetting, boolean, int, int[], com.android.server.pm.PackageRemovedInfo, boolean)(DeletePackageHelper.java:682) waiters=0 in com.android.server.pm.Computer com.android.server.pm.PackageManagerService.snapshotComputer(boolean) for 162ms
05-07 16:44:28.018 1393 1853 W cutils : Expected path /data/data/org.qtproject.example.hellogles3 with mode 700 but found 711
05-07 16:44:28.038 1349 1809 D AASA_ASKSManager_RESTRICTED: There is no restricted rule.
05-07 16:44:28.038 1349 1809 W PackageInformation: PackageInfo in info_list
05-07 16:44:28.038 1349 1809 D PackageManager: Skip dexopt
05-07 16:44:28.038 1349 1809 D SPEG : Feature is disabled for existing app
05-07 16:44:28.039 1349 1809 D PackageManager: isLocaleOptimizedPackage() - Non optimized app: org.qtproject.example.hellogles3. Proceed with normal install
05-07 16:44:28.040 1349 1809 I AppsFilter: interaction: PackageSetting{38eb265 org.qtproject.example.camera/10241} -> PackageSetting{991bc62 org.qtproject.example.hellogles3/10257} BLOCKED
05-07 16:44:28.050 1349 1809 D SystemFileBackupManager: Already scheduled
05-07 16:44:28.050 1349 1809 I ActivityManager: Force stopping org.qtproject.example.hellogles3 appid=10257 user=0: pkg removed
05-07 16:44:28.058 1349 1731 I SGM:GameManager: PkgUpdateReceiver, onReceive action =android.intent.action.PACKAGE_REMOVED changingUserId =0
05-07 16:44:28.058 1349 1731 I SGM:GameManager: PkgUpdateReceiver, onPackageRemoved : org.qtproject.example.hellogles3 userHandle : UserHandle{0} userID : 0
05-07 16:44:28.058 1349 1889 D OverlayManager: reconcileSettingsForPackage pkgName=org.qtproject.example.hellogles3 userId=0
05-07 16:44:28.058 1349 1889 I OverlayManager: updateOverlaysForTarget() called with: targetPackage = [org.qtproject.example.hellogles3], userId = [0], flags = [2]
05-07 16:44:28.059 1349 1961 D SGM:GosNotifyThread: notifyPackageChangedToGos(), before send intent to GOS. type:15, changeType: 1, pkgName:org.qtproject.example.hellogles3, userHandleId:0
05-07 16:44:28.059 1349 1961 D SGM:GosNotifyThread: notifyPackageChangedToGos(), Sending is blocked because it is not an uninstall event monitored app
05-07 16:44:28.061 1349 1731 D MetaDataCollector: onReceive: begin action=android.intent.action.PACKAGE_REMOVED
05-07 16:44:28.061 1349 1731 D MetaDataCollector: onReceive: done pkgName=org.qtproject.example.hellogles3
05-07 16:44:28.061 2145 2145 I VvmPkgInstalledRcvr: onReceive(): android.intent.action.PACKAGE_REMOVED
05-07 16:44:28.061 2145 9024 D SemCarrierFeature: [get] phoneId should be 0 or 1
05-07 16:44:28.064 1349 1924 D SEP_UNION_SemDeviceInfoManagerService: onReceive : android.intent.action.PACKAGE_REMOVED, userId = 0
05-07 16:44:28.064 2597 2597 V MediaPlayerList: mPackageChangedBroadcastReceiver: action: android.intent.action.PACKAGE_REMOVED
05-07 16:44:28.066 3109 3208 I PackageInfoManager_FLP: action : ACTION_PACKAGE_REMOVED, packageName = org.qtproject.example.hellogles3
05-07 16:44:28.066 2145 2145 I VvmPkgInstalledRcvr: packageName: org.qtproject.example.hellogles3, systemDialer: com.samsung.android.dialer
05-07 16:44:28.069 2283 2283 D KeyguardUpdateMonitor: received broadcast android.intent.action.PACKAGE_REMOVED
05-07 16:44:28.069 2283 2283 D TileServices: mUninstallReceiver onReceive = Intent { act=android.intent.action.PACKAGE_REMOVED dat=package: flg=0x4000010 (has extras) }
05-07 16:44:28.069 30718 30718 I GsaVoiceInteractionSrv: (REDACTED) O received %s
05-07 16:44:28.071 3374 3374 W MediaProvider: WorkProfileOwnerApps cache miss for package org.qtproject.example.hellogles3
05-07 16:44:28.072 1349 1924 D ActivityManager: Received BROADCAST intent 0xf55f24a Key{broadcastIntent pkg=com.android.systemui intent=act=com.samsung.android.app.edgelighting.PACKAGE_REMOVED cmp=com.android.systemui/.edgelighting.EdgeLightingReceiver$1 flags=0x2000000 u=0} requestCode=0 sent=0 from uid 1000
05-07 16:44:28.072 1349 1924 D SEP_UNION_SemDeviceInfoManagerService: Send intent com.samsung.android.app.edgelighting.PACKAGE_REMOVED, userId: 0 by broadcast
05-07 16:44:28.073 2283 2283 D Navbar.Store: handleEvent(0) OnPackageRemoved(packageName=org.qtproject.example.hellogles3) [Module] NavBarStoreImpl
05-07 16:44:28.073 2283 2283 D Navbar.Store: --[Band]TASKBAR_PACK_PACKAGE_REMOVED
05-07 16:44:28.073 2283 2283 D Navbar.Store: --[Band]REMOTE_VIEW_PACK_PACKAGE_REMOVED
05-07 16:44:28.073 2283 2283 D SPluginManagerImpl: onReceive: android.intent.action.PACKAGE_REMOVED, size:{com.android.systemui.navigationbar.plugin.PluginBarInteractionManager$pluginListener$1@d5a550=SPluginInstanceManager@160667940 (action=com.samsung.systemui.navigationbar.PLUGIN), com.android.systemui.slimindicator.SlimIndicatorPluginMediator@1ede4b0=SPluginInstanceManager@39410829 (action=com.samsung.systemui.action.SPLUGIN_SLIMINDICATOR), com.android.systemui.volume.VolumeStarInteractor$start$1@5deec0b=SPluginInstanceManager@206409282 (action=com.samsung.systemui.volume.PLUGIN), com.samsung.android.systemui.multistar.MultiStarManager$2@8236a23=SPluginInstanceManager@124378707 (action=com.samsung.systemui.action.PLUGIN_MULTISTAR), com.android.systemui.pluginlock.PluginLockMediatorImpl@8e6ec65=SPluginInstanceManager@16982928 (action=com.samsung.systemui.action.PLUGIN_LOCK), com.android.systemui.lockstar.PluginLockStarManager@a04414a=SPluginInstanceManager@76297353 (action=com.samsung.systemui.action.PLUGIN_LOCK_STAR), com.android.systemui.noticenter.NotiCenterPlugin$NotiCenterPluginListener@e84b3a0=SPluginInstanceManager@44715150 (action=com.samsung.systemui.action.PLUGIN_NOTICENTER)}
05-07 16:44:28.073 2283 2283 D FaceWidgetMusicViewModel: onPackageRemoved() pkg = org.qtproject.example.hellogles3, r = true
05-07 16:44:28.073 2283 2283 D FaceWidgetMetadataParser: removePackage() key = org.qtproject.example.hellogles3
05-07 16:44:28.074 2283 2283 D ControlsListingControllerImpl: ServiceConfig reloaded, count: 0
05-07 16:44:28.075 972 23421 I sensors-hal: handle_sns_client_event:44, ambient_light_event: ts=521073769270402, event=614.000000
05-07 16:44:28.079 1349 1349 I ActivityManager: com.android.keychain is exempt from freezer
05-07 16:44:28.079 1349 1379 I Telecom:SamsungTelecomServiceImpl: getCallCapablePhoneAccounts - includeDisabledAccounts : false / callingPackage : com.android.phone / callingUser : UserHandle{0} / hasCrossUserAccess : true
05-07 16:44:28.079 1349 1349 D CompatibilityChangeReporter: Compat change id reported: 135634846; UID 1000; state: DISABLED
05-07 16:44:28.080 1349 1349 D CompatibilityChangeReporter: Compat change id reported: 177438394; UID 1000; state: DISABLED
05-07 16:44:28.080 1349 1349 D CompatibilityChangeReporter: Compat change id reported: 135772972; UID 1000; state: DISABLED
05-07 16:44:28.080 2145 2145 I VvmPkgInstalledRcvr: capablePhoneAccounts : [ComponentInfo{com.android.phone/com.android.services.telephony.TelephonyConnectionService}, E, UserHandle{0}]
05-07 16:44:28.080 1349 1349 D CompatibilityChangeReporter: Compat change id reported: 135754954; UID 1000; state: ENABLED
05-07 16:44:28.080 2145 2145 I VvmPkgInstalledRcvr: capablePhoneAccounts.size : 1
05-07 16:44:28.083 1349 1924 D ActivityManager: Received BROADCAST intent 0xfd7f4dd Key{broadcastIntent pkg=com.sec.android.app.sbrowser intent=act=com.sec.android.app.sbrowser.pending_intent.SIX cmp=com.sec.android.app.sbrowser/.extensions.SixPackageReceiver flags=0x2000000 u=0} requestCode=0 sent=0 from uid 1000
05-07 16:44:28.083 1349 1924 D SEP_UNION_SemDeviceInfoManagerService: Send intent com.sec.android.app.sbrowser.pending_intent.SIX, userId: 0 by broadcast
05-07 16:44:28.083 1349 1379 I Telecom:SamsungTelecomServiceImpl: getCallCapablePhoneAccounts - includeDisabledAccounts : false / callingPackage : com.android.phone / callingUser : UserHandle{0} / hasCrossUserAccess : true
05-07 16:44:28.084 2145 2145 I VvmPkgInstalledRcvr: phoneAccountHandle : ComponentInfo{com.android.phone/com.android.services.telephony.TelephonyConnectionService}, E, UserHandle{0}
05-07 16:44:28.084 2145 2145 I VvmPkgInstalledRcvr: pinnedTelephonyManager : null
05-07 16:44:28.084 2145 2145 E VvmPkgInstalledRcvr: cannot create TelephonyManager from ComponentInfo{com.android.phone/com.android.services.telephony.TelephonyConnectionService}, E, UserHandle{0}
05-07 16:44:28.087 1349 1924 D ActivityManager: Received BROADCAST intent 0x2de43cc Key{broadcastIntent pkg=com.sec.android.app.sbrowser intent=act=com.sec.android.app.sbrowser.pending_intent.ContentBlock cmp=com.sec.android.app.sbrowser/.blockers.content_block.ContentBlockReceiver flags=0x2000000 u=0} requestCode=0 sent=0 from uid 1000
05-07 16:44:28.087 1349 1924 D SEP_UNION_SemDeviceInfoManagerService: Send intent com.sec.android.app.sbrowser.pending_intent.ContentBlock, userId: 0 by broadcast
05-07 16:44:28.093 872 872 D Zygote : Forked child process 25030
05-07 16:44:28.097 1349 1944 I InputReader: Reconfiguring input devices, changes=KEYBOARD_LAYOUTS
05-07 16:44:28.101 28251 28251 I HBD : c currentConnectionState : false
05-07 16:44:28.101 28251 28251 I HBD : c currentConnectionState : false
05-07 16:44:28.101 24172 24172 E SixBlocklistData: isBlockedByBlocklist: no blocklist was stored
05-07 16:44:28.101 28251 28251 I HBD : c currentConnectionState : false
05-07 16:44:28.101 28251 28251 I HBD : c currentConnectionState : false
05-07 16:44:28.101 1349 1720 I Pointer : Device Changed: Input Device 6: holi-qrdsku1-snd-card Button Jack
05-07 16:44:28.101 1349 1720 I Pointer : Descriptor: 75b43ea78eea900cb4006a6c5642bfc652b8f755
05-07 16:44:28.101 1349 1720 I Pointer : Generation: 1560
05-07 16:44:28.101 1349 1720 I Pointer : Location: built-in
05-07 16:44:28.101 1349 1720 I Pointer : Keyboard Type: non-alphabetic
05-07 16:44:28.101 1349 1720 I Pointer : Has Vibrator: false
05-07 16:44:28.101 1349 1720 I Pointer : Has Sensor: false
05-07 16:44:28.101 1349 1720 I Pointer : Has battery: false
05-07 16:44:28.101 1349 1720 I Pointer : Has mic: false
05-07 16:44:28.101 1349 1720 I Pointer : USI Version: null
05-07 16:44:28.101 1349 1720 I Pointer : Sources: 0x101 ( keyboard )
05-07 16:44:28.102 1349 1720 I Pointer : Device Changed: Input Device 4: gpio-keys
05-07 16:44:28.102 1349 1720 I Pointer : Descriptor: 485d69228e24f5e46da1598745890b214130dbc4
05-07 16:44:28.102 1349 1720 I Pointer : Generation: 1563
05-07 16:44:28.102 1349 1720 I Pointer : Location: built-in
05-07 16:44:28.102 1349 1720 I Pointer : Keyboard Type: non-alphabetic
05-07 16:44:28.102 1349 1720 I Pointer : Has Vibrator: false
05-07 16:44:28.102 1349 1720 I Pointer : Has Sensor: false
05-07 16:44:28.102 1349 1720 I Pointer : Has battery: false
05-07 16:44:28.102 1349 1720 I Pointer : Has mic: false
05-07 16:44:28.102 1349 1720 I Pointer : USI Version: null
05-07 16:44:28.102 1349 1720 I Pointer : Sources: 0x101 ( keyboard )
05-07 16:44:28.102 1349 1720 I Pointer : Device Changed: Input Device 3: qpnp_pon
05-07 16:44:28.102 1349 1720 I Pointer : Descriptor: fb60d4f4370f5dbe8267b63d38dea852987571ab
05-07 16:44:28.102 1349 1720 I Pointer : Generation: 1561
05-07 16:44:28.102 1349 1720 I Pointer : Location: built-in
05-07 16:44:28.102 1349 1720 I Pointer : Keyboard Type: non-alphabetic
05-07 16:44:28.102 1349 1720 I Pointer : Has Vibrator: false
05-07 16:44:28.102 1349 1720 I Pointer : Has Sensor: false
05-07 16:44:28.102 1349 1720 I Pointer : Has battery: false
05-07 16:44:28.102 1349 1720 I Pointer : Has mic: false
05-07 16:44:28.102 1349 1720 I Pointer : USI Version: null
05-07 16:44:28.102 1349 1720 I Pointer : Sources: 0x101 ( keyboard )
05-07 16:44:28.102 1349 1720 I Pointer : Device Changed: Input Device 2: chipone-tddi
05-07 16:44:28.102 1349 1720 I Pointer : Descriptor: 93e5de292b7fd3af75f1bfb74d1723edcbc2ebee
05-07 16:44:28.102 1349 1720 I Pointer : Generation: 1562
05-07 16:44:28.102 1349 1720 I Pointer : Location: built-in
05-07 16:44:28.102 1349 1720 I Pointer : Keyboard Type: non-alphabetic
05-07 16:44:28.102 1349 1720 I Pointer : Has Vibrator: false
05-07 16:44:28.102 1349 1720 I Pointer : Has Sensor: false
05-07 16:44:28.102 1349 1720 I Pointer : Has battery: false
05-07 16:44:28.102 1349 1720 I Pointer : Has mic: false
05-07 16:44:28.102 1349 1720 I Pointer : USI Version: null
05-07 16:44:28.102 1349 1720 I Pointer : Sources: 0x1103 ( keyboard touchscreen )
05-07 16:44:28.102 1349 1720 I Pointer : AXIS_X: source=0x1002 min=0.0 max=1199.0 flat=0.0 fuzz=0.0 resolution=0.0
05-07 16:44:28.102 1349 1720 I Pointer : AXIS_Y: source=0x1002 min=0.0 max=1919.0 flat=0.0 fuzz=0.0 resolution=0.0
05-07 16:44:28.102 1349 1720 I Pointer : AXIS_PRESSURE: source=0x1002 min=0.0 max=1.0 flat=0.0 fuzz=0.0 resolution=0.0
05-07 16:44:28.102 1349 1720 I Pointer : AXIS_SIZE: source=0x1002 min=0.0 max=1.0 flat=0.0 fuzz=0.0 resolution=0.0
05-07 16:44:28.102 1349 1720 I Pointer : AXIS_TOUCH_MAJOR: source=0x1002 min=0.0 max=2264.1555 flat=0.0 fuzz=0.0 resolution=0.0
05-07 16:44:28.102 1349 1720 I Pointer : AXIS_TOUCH_MINOR: source=0x1002 min=0.0 max=2264.1555 flat=0.0 fuzz=0.0 resolution=0.0
05-07 16:44:28.102 1349 1720 I Pointer : AXIS_TOOL_MAJOR: source=0x1002 min=0.0 max=2264.1555 flat=0.0 fuzz=0.0 resolution=0.0
05-07 16:44:28.102 1349 1720 I Pointer : AXIS_TOOL_MINOR: source=0x1002 min=0.0 max=2264.1555 flat=0.0 fuzz=0.0 resolution=0.0
05-07 16:44:28.102 1349 1732 I ActivityManager: com.samsung.android.bbc.bbcagent is exempt from freezer
05-07 16:44:28.102 2145 2145 I Telephony: SamsungTuiRelayReceiver: registerWhoWhoPackageRemovedEvents
05-07 16:44:28.104 1349 1733 I ActivityManager: Start proc 25030:com.android.keychain/1000 for service {com.android.keychain/com.android.keychain.KeyChainService}
05-07 16:44:28.105 1349 1719 D LocationManagerService: package org.qtproject.example.hellogles3 reset
05-07 16:44:28.106 2145 2145 I Telephony: SamsungTuiRelayReceiver: registerCallBGProviderPackageRemovedEvents
05-07 16:44:28.106 2145 2145 I Telephony: SamsungTuiRelayReceiver: sendRelayIntentForCallBG
05-07 16:44:28.112 1349 1809 D CompatibilityChangeReporter: Compat change id reported: 168419799; UID 10257; state: DISABLED
