05-07 16:44:34.083 25153 25153 I SurfaceView@7f7dd7c: updateSurface: mVisible = true mSurface.isValid() = true
05-07 16:44:34.083 1009 25255 I QC2C2DEngine: calcYSize: unsupported or RGB color format, RGBA8888(1)
05-07 16:44:34.084 25153 25153 I SurfaceView@7f7dd7c: updateSurface: mSurfaceCreated = false surfaceChanged = true visibleChanged = true
05-07 16:44:34.084 25153 25153 I SurfaceView: 133684604 visibleChanged -- surfaceCreated
05-07 16:44:34.084 25153 25153 I SurfaceView@7f7dd7c: surfaceCreated 1 #8 org.qtproject.qt.android.QtSurface{7f7dd7c V.E...... ......ID 0,0-1200,1812}
05-07 16:44:34.084 25153 25153 I SurfaceView: 133684604 surfaceChanged -- format=1 w=1200 h=1812
05-07 16:44:34.084 25153 25153 I SurfaceView@7f7dd7c: surfaceChanged (1200,1812) 1 #8 org.qtproject.qt.android.QtSurface{7f7dd7c V.E...... ......ID 0,0-1200,1812}
05-07 16:44:34.084 25153 25153 I SurfaceView: 133684604 surfaceRedrawNeeded
05-07 16:44:34.084 1349 2060 I ChimeraAggressivePolicyHandler: executePolicy() - triggerSource: TRIGGER_SOURCE_LMKD
05-07 16:44:34.085 25153 25153 I SurfaceView: 133684604 finishedDrawing
05-07 16:44:34.085 25153 25153 V SurfaceView@7f7dd7c: Layout: x=0 y=36 w=1200 h=1812, frame=Rect(0, 0 - 1200, 1812)
05-07 16:44:34.086 25153 25153 I ViewRootImpl@f9c5125[QtActivity]: registerCallbackForPendingTransactions
05-07 16:44:34.087 2625 2691 I HoneySpace.TaskbarEventTracker: invokeEvent() called with: event = NavButtonsDarkIntensityChanged(darkIntensity=0.65842044)
05-07 16:44:34.090 1349 2060 I ChimeraAggressivePolicyHandler: available memory: 1212516, free memory target: 645120, quit chimera
05-07 16:44:34.093 25153 25221 D SurfaceView: 133684604 updateSurfacePosition RenderWorker, frameNr = 2, position = [0, 36, 1200, 1848] surfaceSize = 1200x1812
05-07 16:44:34.093 25153 25221 I SurfaceView@7f7dd7c: uSP: rtp = Rect(0, 36 - 1200, 1848) rtsw = 1200 rtsh = 1812
05-07 16:44:34.094 25153 25221 I SurfaceView@7f7dd7c: onSSPAndSRT: pl = 0 pt = 36 sx = 1.0 sy = 1.0
05-07 16:44:34.095 25153 25221 I SurfaceView@7f7dd7c: aOrMT: ViewRootImpl@f9c5125[QtActivity] t = android.view.SurfaceControl$Transaction@576d08b fN = 2 android.view.SurfaceView.-$$Nest$mapplyOrMergeTransaction:0 android.view.SurfaceView$SurfaceViewPositionUpdateListener.positionChanged:1660 android.graphics.RenderNode$CompositePositionUpdateListener.positionChanged:369
05-07 16:44:34.096 25153 25221 I ViewRootImpl@f9c5125[QtActivity]: mWNT: t=0xb400007918531000 mBlastBufferQueue=0xb400007918758800 fn= 2 caller= android.view.SurfaceView.applyOrMergeTransaction:1592 android.view.SurfaceView.-$$Nest$mapplyOrMergeTransaction:0 android.view.SurfaceView$SurfaceViewPositionUpdateListener.positionChanged:1660
05-07 16:44:34.098 25153 25230 I ViewRootImpl@f9c5125[QtActivity]: mWNT: t=0xb4000078c0747100 mBlastBufferQueue=0xb400007918758800 fn= 2 caller= android.view.ViewRootImpl$6.onFrameDraw:5582 android.view.ViewRootImpl$2.onFrameDraw:2131 android.view.ThreadedRenderer$1.onFrameDraw:788
05-07 16:44:34.099 25153 25153 I ViewRootImpl@f9c5125[QtActivity]: registerCallbackForPendingTransactions
05-07 16:44:34.100 25153 25230 I ViewRootImpl@f9c5125[QtActivity]: mWNT: t=0xb400007918531300 mBlastBufferQueue=0xb400007918758800 fn= 2 caller= android.view.ViewRootImpl$6.onFrameDraw:5582 android.view.ViewRootImpl$2.onFrameDraw:2131 android.view.ThreadedRenderer$1.onFrameDraw:788
05-07 16:44:34.103 25153 25230 I ViewRootImpl@f9c5125[QtActivity]: mWNT: t=0xb400007918531f00 mBlastBufferQueue=0xb400007918758800 fn= 3 caller= android.view.ViewRootImpl$6.onFrameDraw:5582 android.view.ViewRootImpl$2.onFrameDraw:2131 android.view.ThreadedRenderer$1.onFrameDraw:788
05-07 16:44:34.103 1144 1321 I SurfaceFlinger: id=4359 Removed Splash Screen org.qtproject.example.hellogles3$_2283#4359 (248)
05-07 16:44:34.104 25153 25221 I BLASTBufferQueue_Java: applyPendingTransactions, mName= ViewRootImpl@f9c5125[QtActivity] mNativeObject= 0xb400007918758800 frameNumber= 3 caller= android.view.ViewRootImpl$6.lambda$onFrameDraw$0:5596 android.view.ViewRootImpl$6.$r8$lambda$9ThyGB6fC3mub7oMSjoAoWLhwMM:0 android.view.ViewRootImpl$6$$ExternalSyntheticLambda0.onFrameCommit:4 android.view.ThreadedRenderer$1.lambda$onFrameDraw$0:800 android.view.ThreadedRenderer$1$$ExternalSyntheticLambda0.onFrameCommit:2
05-07 16:44:34.106 1009 25255 I QC2C2DEngine: calcYSize: unsupported or RGB color format, RGBA8888(1)
05-07 16:44:34.108 2625 2691 I HoneySpace.TaskbarEventTracker: invokeEvent() called with: event = NavButtonsDarkIntensityChanged(darkIntensity=0.75365174)
05-07 16:44:34.117 25271 25271 I roid.app.camera: Using CollectorTypeCC GC.
05-07 16:44:34.124 1144 1144 I Layer : Layer [SurfaceView[org.qtproject.example.hellogles3/org.qtproject.qt.android.bindings.QtActivity]@0#4506] hidden!! flag(0)
05-07 16:44:34.125 1144 1144 I Layer : id=4359 Destroyed Splash Screen org.qtproject.example.hellogles3$_2283#4359
05-07 16:44:34.127 1009 25255 I QC2C2DEngine: calcYSize: unsupported or RGB color format, RGBA8888(1)
05-07 16:44:34.130 2625 2691 I HoneySpace.TaskbarEventTracker: invokeEvent() called with: event = NavButtonsDarkIntensityChanged(darkIntensity=0.88827354)
05-07 16:44:34.132 2625 2691 I HoneySpace.TaskbarEventTracker: invokeEvent() called with: event = NavButtonsDarkIntensityChanged(darkIntensity=0.93519473)
05-07 16:44:34.133 25271 25271 E roid.app.camera: Not starting debugger since process cannot load the jdwp agent.
05-07 16:44:34.141 25271 25271 D ActivityThread: setConscryptValidator
05-07 16:44:34.141 25271 25271 D ActivityThread: setConscryptValidator - put
05-07 16:44:34.143 2625 2691 I HoneySpace.TaskbarEventTracker: invokeEvent() called with: event = NavButtonsDarkIntensityChanged(darkIntensity=0.96590143)
05-07 16:44:34.148 1009 25255 I QC2C2DEngine: calcYSize: unsupported or RGB color format, RGBA8888(1)
05-07 16:44:34.149 1349 9382 D CompatibilityChangeReporter: Compat change id reported: 168419799; UID 10081; state: DISABLED
05-07 16:44:34.150 1349 9382 D CompatibilityChangeReporter: Compat change id reported: 273564678; UID 10081; state: DISABLED
05-07 16:44:34.157 2625 2691 I HoneySpace.TaskbarEventTracker: invokeEvent() called with: event = NavButtonsDarkIntensityChanged(darkIntensity=0.9859304)
05-07 16:44:34.159 1009 25255 I QC2C2DEngine: calcYSize: unsupported or RGB color format, RGBA8888(1)
05-07 16:44:34.165 2625 2691 I HoneySpace.TaskbarEventTracker: invokeEvent() called with: event = NavButtonsDarkIntensityChanged(darkIntensity=0.9972972)
05-07 16:44:34.165 25271 25271 D CompatibilityChangeReporter: Compat change id reported: 171979766; UID 10081; state: ENABLED
05-07 16:44:34.166 25271 25271 D CompatibilityChangeReporter: Compat change id reported: 242716250; UID 10081; state: ENABLED
05-07 16:44:34.167 1349 2022 D MdnieScenarioControlService: packageName : org.qtproject.example.hellogles3 className : org.qtproject.qt.android.bindings.QtActivity
05-07 16:44:34.167 1349 2022 V MdnieScenarioControlService: setUIMode from UI function(3)
05-07 16:44:34.169 1349 9382 D CompatibilityChangeReporter: Compat change id reported: 170503758; UID 10081; state: ENABLED
05-07 16:44:34.175 972 23421 I sensors-hal: handle_sns_client_event:44, ambient_light_event: ts=521079869268974, event=616.000000
05-07 16:44:34.176 2625 2691 I HoneySpace.TaskbarEventTracker: invokeEvent() called with: event = NavButtonsDarkIntensityChanged(darkIntensity=1.0)
05-07 16:44:34.186 1009 25255 I QC2C2DEngine: calcYSize: unsupported or RGB color format, RGBA8888(1)
05-07 16:44:34.193 1009 25255 I QC2Comp : [avcE_38] Stats: Pending(2) i/p-done(0) Works: Q: 11/Done 9|Work-Rate: Q(19.3/s Avg=19.3/s) Done(15.759/s Avg=15.759/s)| Stream: 74.71fps 517.5Kbps
05-07 16:44:34.193 1009 25255 I QC2Comp : Mem-usage: [In-2D: 11 bufs 49.500 MB] [1D-34: 4 bufs 5.984 MB]
05-07 16:44:34.193 1009 25255 I QC2Comp : Total Mem-usage: 55.484 MB
05-07 16:44:34.199 1009 25255 I QC2C2DEngine: calcYSize: unsupported or RGB color format, RGBA8888(1)
05-07 16:44:34.212 616 616 D io_stats: !@ 8,0 r 2659199 75653744 w 570421 20417284 d 88561 17081004 f 0 0 iot 1629776 0 th 0 0 0 pt 0 inp 0 0 78904.251
05-07 16:44:34.213 1009 25255 I QC2C2DEngine: calcYSize: unsupported or RGB color format, RGBA8888(1)
05-07 16:44:34.219 25271 25271 W roid.app.camera: ClassLoaderContext shared library size mismatch. Expected=0, found=1 (PCL[] | PCL[]{PCL[/system/framework/org.apache.http.legacy.jar*365604908]})
05-07 16:44:34.226 1009 25255 I QC2C2DEngine: calcYSize: unsupported or RGB color format, RGBA8888(1)
05-07 16:44:34.247 24474 24474 I SCS@AiSearch user 0: (ObserverWorker::AOSP_MP) [main] entering in startWork triggered by [content://media/external/file/1000000029]():
05-07 16:44:34.254 1009 25255 I QC2C2DEngine: calcYSize: unsupported or RGB color format, RGBA8888(1)
05-07 16:44:34.268 1349 2022 V MdnieScenarioControlService: mAclOffEnabled : false mAclPreviewState : false mAclCompensationState : false
05-07 16:44:34.271 1009 25255 I QC2C2DEngine: calcYSize: unsupported or RGB color format, RGBA8888(1)
05-07 16:44:34.275 972 23421 I sensors-hal: handle_sns_client_event:44, ambient_light_event: ts=521079969269234, event=615.000000
05-07 16:44:34.375 972 23421 I sensors-hal: handle_sns_client_event:44, ambient_light_event: ts=521080069269963, event=616.000000
05-07 16:44:34.396 24474 24474 I SCS@AiSearch user 0: (BaseCollector::AOSP_MP) [main] entering in onChange():
05-07 16:44:34.397 24474 25290 I SCS@AiSearch user 0: (BaseCollector::AOSP_MP) [AOSP_MP-0] entering in collectChanges():
05-07 16:44:34.400 1349 9382 D PackageManager: setEnabledSetting : userId = 0 packageName = com.samsung.android.scs cmp = androidx.work.impl.background.systemalarm.RescheduleReceiver newState = 1 callingPackage = com.samsung.android.scs
05-07 16:44:34.400 1349 9382 D ApplicationPolicy: getApplicationStateEnabled : pkg = com.samsung.android.scs userId : 0
05-07 16:44:34.401 1349 9382 D ApplicationPolicy: getApplicationComponentState : pkg = com.samsung.android.scs userId : 0
05-07 16:44:34.409 24474 25290 I SCS@AiSearch user 0: (c0) Schema Name : com.google.android.providers.media Major Version : 0, Minor Version : 0 Name : aosp_mp Major Version : 20, Minor Version : 0 Name : sec_mp Major Version : 38, Minor Version : 0
05-07 16:44:34.412 1349 2554 D CompatibilityChangeReporter: Compat change id reported: 182734110; UID 10082; state: ENABLED
05-07 16:44:34.437 1349 9382 D VpnManagerService: Exception: java.lang.NullPointerException: Attempt to invoke interface method 'int com.samsung.android.knox.zt.networktrust.filter.IKnoxNetworkFilterService.getKnoxNwFilterHttpProxyPort(int, java.lang.String)' on a null object reference
05-07 16:44:34.437 1349 9382 D VpnManagerService: at com.android.server.VpnManagerService.getKnoxNwFilterHttpProxyPort(VpnManagerService.java:1911)
05-07 16:44:34.437 1349 9382 D VpnManagerService: at android.net.IVpnManager$Stub.onTransact(IVpnManager.java:1055)
05-07 16:44:34.437 1349 9382 D VpnManagerService: at android.os.Binder.execTransactInternal(Binder.java:1375)
05-07 16:44:34.437 1349 9382 D VpnManagerService: at android.os.Binder.execTransact(Binder.java:1311)
05-07 16:44:34.446 24474 25290 I SCS@AiSearch user 0: (IndexSearcherManager) Searcher created successfully for com.google.android.providers.media
05-07 16:44:34.454 24474 25290 I SCS@AiSearch user 0: (BaseCollector::AOSP_MP) fetchInternal values : maxSyncId: 1000000028 indexCount: 25 sourceCount: 25
05-07 16:44:34.469 24474 25290 I SCS@AiSearch user 0: (IndexManager) [AOSP_MP-0] entering in addIndex():
05-07 16:44:34.471 24474 25290 I SCS@AiSearch user 0: (BaseCollector::AOSP_MP) fetch: fetching took 53 ms
05-07 16:44:34.471 24474 25290 I SCS@AiSearch user 0: (BaseCollector::AOSP_MP) fetchChanges: applied 0 items
05-07 16:44:34.471 24474 25290 I SCS@AiSearch user 0: (BaseCollector::AOSP_MP) Collect finished. Result: true
05-07 16:44:34.472 24474 25290 I SCS@AiSearch user 0: (BaseCollector::AOSP_MP) enqueue ObserverWorker name: com.sec.android.app.myfiles, policy: APPEND_OR_REPLACE
05-07 16:44:34.472 24474 24508 I WM-WorkerWrapper: Worker result SUCCESS for Work [ id=1860ea0e-6ed1-4561-b712-c65f0275bb82, tags={ com.sec.android.app.myfiles, com.samsung.android.scs.ai.search.data.collector.base.ObserverWorker } ]
05-07 16:44:34.475 972 23421 I sensors-hal: handle_sns_client_event:44, ambient_light_event: ts=521080169268974, event=615.000000
05-07 16:44:34.480 1349 9382 D PackageManager: setEnabledSetting : userId = 0 packageName = com.samsung.android.scs cmp = androidx.work.impl.background.systemalarm.RescheduleReceiver newState = 1 callingPackage = com.samsung.android.scs
05-07 16:44:34.480 1349 9382 D ApplicationPolicy: getApplicationStateEnabled : pkg = com.samsung.android.scs userId : 0
05-07 16:44:34.480 1349 9382 D ApplicationPolicy: getApplicationComponentState : pkg = com.samsung.android.scs userId : 0
05-07 16:44:34.489 25271 25271 E WCamera/SEFHelper: productName : gta9pwifieea
05-07 16:44:34.490 1349 9382 I ActivityManager: Flag disabled. Ignoring finishAttachApplication from uid: 10081. pid: 25271
05-07 16:44:34.490 1144 1286 W ComposerExtn: DisplayExtnImpl::SetActiveConfig: HWC Display 0 is not registered!
05-07 16:44:34.494 25271 25271 I WCamera/CameraAppWidgetProvider: receive update from camera saver
05-07 16:44:34.499 1349 2554 I ActivityManager: Killing 24116:com.google.android.packageinstaller/u0a58 (adj 999): empty #19
05-07 16:44:34.505 1349 1746 I libprocessgroup: Successfully killed process cgroup uid 10058 pid 24116 in 5ms
05-07 16:44:34.516 872 872 I Zygote : Process 24116 exited due to signal 9 (Killed)
05-07 16:44:34.518 1349 1720 D DisplayManagerService: Drop pending events for gone uid 10058
05-07 16:44:34.518 2597 2597 D HidDeviceService: handleMessage(): msg.what=8
05-07 16:44:34.538 25153 25223 I BLASTBufferQueue: [SurfaceView[org.qtproject.example.hellogles3/org.qtproject.qt.android.bindings.QtActivity]@0#1](f:0,a:0,s:0) onFrameAvailable the first frame is available
05-07 16:44:34.538 1144 1286 W ComposerExtn: DisplayExtnImpl::SetActiveConfig: HWC Display 0 is not registered!
05-07 16:44:34.538 25153 25153 I ImeTracker: org.qtproject.example.hellogles3:3f8d7fdb: onRequestHide at ORIGIN_CLIENT_HIDE_SOFT_INPUT reason HIDE_SOFT_INPUT
05-07 16:44:34.539 25153 25153 I InputMethodManager_LC: hsifw() - flag : 0
05-07 16:44:34.540 25153 25153 I ImeTracker: org.qtproject.example.hellogles3:3f8d7fdb: onFailed at PHASE_CLIENT_VIEW_SERVED
05-07 16:44:34.540 25153 25153 I InputMethodManager_LC: hsifw() ignored windowToken=null servedView=DecorView@8e5daa1[QtActivity],focus=false,windowFocus=true,window=android.view.ViewRootImpl$W@f9c5125,displayId=0,temporaryDetach=false,hasImeFocus=true mDisplayId=0
05-07 16:44:34.549 28251 28251 I InputMethodService: removeImeSurface
05-07 16:44:34.549 28251 28251 I InputMethodService: cancelImeSurfaceRemoval: removeCallbacks
05-07 16:44:34.575 972 23421 I sensors-hal: handle_sns_client_event:44, ambient_light_event: ts=521080269270484, event=616.000000
05-07 16:44:34.599 1144 1144 D SurfaceFlinger: Display 4630946835308409729 HWC layers:
05-07 16:44:34.599 1144 1144 D SurfaceFlinger: DEVICE | 0xb400006fbcf8d640 | 0500 | RGBA_8888 | 0.0 0.0 1200.0 1812.0 | 0 36 1200 1848 | SurfaceView[org.qtproject.example.he[...]d.bindings.QtActivity]@0(BLAST)#4507
05-07 16:44:34.599 1144 1144 D SurfaceFlinger: CLIENT | 0xb400006fbcf8b6c0 | 0100 | RGBA_8888 | 0.0 0.0 1200.0 1920.0 | 0 0 1200 1920 | org.qtproject.example.hellogles3/org[...]roid.bindings.QtActivity$_25153#4377
05-07 16:44:34.599 1144 1144 D SurfaceFlinger: CLIENT | 0xb400006fb0fb6440 | 0100 | RGBA_8888 | 0.0 0.0 1200.0 36.0 | 0 0 1200 36 | StatusBar$_2283#84
05-07 16:44:34.599 1144 1144 D SurfaceFlinger: CLIENT | 0xb400006fbcf8b3b0 | 0100 | RGBA_8888 | 0.0 0.0 67.0 207.0 | 1133 432 1200 639 | com.sec.android.app.launcher/com.sam[...]e.edge.CocktailBarService$_2625#4278
05-07 16:44:34.599 1144 1144 D SurfaceFlinger: CLIENT | 0xb400006fbcf8b570 | 0100 | RGBA_8888 | 0.0 0.0 1200.0 72.0 | 0 1848 1200 1920 | TaskbarWindow$_2625#544
05-07 16:44:34.599 1144 1144 D SurfaceFlinger: CLIENT | 0xb400006fbcf8aaf0 | 0100 | RGBA_8888 | 0.0 0.0 1200.0 1920.0 | 0 0 1200 1920 | PointerLocation - display 0#3661
05-07 16:44:34.599 1144 1144 D SurfaceFlinger:
05-07 16:44:34.601 1009 25255 I QC2C2DEngine: calcYSize: unsupported or RGB color format, RGBA8888(1)
05-07 16:44:34.620 1144 1217 W HWComposer: Ignoring duplicate VSYNC event from HWC for display 4630946835308409729 (t=78904658108000)
05-07 16:44:34.627 1009 25255 I QC2C2DEngine: calcYSize: unsupported or RGB color format, RGBA8888(1)
05-07 16:44:34.631 1144 1217 W HWComposer: Ignoring duplicate VSYNC event from HWC for display 4630946835308409729 (t=78904669150000)
05-07 16:44:34.645 1144 1217 W HWComposer: Ignoring duplicate VSYNC event from HWC for display 4630946835308409729 (t=78904680330000)
05-07 16:44:34.653 1144 1217 W HWComposer: Ignoring duplicate VSYNC event from HWC for display 4630946835308409729 (t=78904691462000)
05-07 16:44:34.653 1009 25255 I QC2C2DEngine: calcYSize: unsupported or RGB color format, RGBA8888(1)
05-07 16:44:34.662 1009 25255 I QC2C2DEngine: calcYSize: unsupported or RGB color format, RGBA8888(1)
05-07 16:44:34.664 1144 1217 W HWComposer: Ignoring duplicate VSYNC event from HWC for display 4630946835308409729 (t=78904702587000)
05-07 16:44:34.675 972 23421 I sensors-hal: handle_sns_client_event:44, ambient_light_event: ts=521080369271057, event=615.000000
05-07 16:44:34.676 1144 1217 W HWComposer: Ignoring duplicate VSYNC event from HWC for display 4630946835308409729 (t=78904713943000)
05-07 16:44:34.687 1009 25255 I QC2C2DEngine: calcYSize: unsupported or RGB color format, RGBA8888(1)
05-07 16:44:34.703 1009 25255 I QC2C2DEngine: calcYSize: unsupported or RGB color format, RGBA8888(1)
05-07 16:44:34.723 1009 25255 I QC2C2DEngine: calcYSize: unsupported or RGB color format, RGBA8888(1)
05-07 16:44:34.736 1009 25255 I QC2C2DEngine: calcYSize: unsupported or RGB color format, RGBA8888(1)
05-07 16:44:34.754 1009 25255 I QC2C2DEngine: calcYSize: unsupported or RGB color format, RGBA8888(1)
05-07 16:44:34.775 972 23421 I sensors-hal: handle_sns_client_event:44, ambient_light_event: ts=521080469275744, event=615.000000
05-07 16:44:34.777 1009 25255 I QC2C2DEngine: calcYSize: unsupported or RGB color format, RGBA8888(1)
05-07 16:44:34.786 1349 1889 D OverlayManager: reconcileSettingsForPackage pkgName=com.google.android.providers.media.module userId=0
05-07 16:44:34.786 1349 1889 I OverlayManager: updateOverlaysForTarget() called with: targetPackage = [com.google.android.providers.media.module], userId = [0], flags = [8]
05-07 16:44:34.789 2597 2597 V MediaPlayerList: mPackageChangedBroadcastReceiver: action: android.intent.action.PACKAGE_CHANGED
05-07 16:44:34.790 2145 2145 D CarrierSvcBindHelper: onPackageModified: com.google.android.providers.media.module
05-07 16:44:34.791 1349 2046 I AppWidgetServiceImpl: Received broadcast: android.intent.action.PACKAGE_CHANGED, Updates all providers with com.google.android.providers.media.module, userId: 0
05-07 16:44:34.792 1349 1719 I CDM_CompanionDeviceManagerService: onPackageModified() u0/com.google.android.providers.media.module
05-07 16:44:34.792 1349 1924 D SEP_UNION_SemDeviceInfoManagerService: onReceive : android.intent.action.PACKAGE_CHANGED, userId = 0
05-07 16:44:34.794 1009 25255 I QC2C2DEngine: calcYSize: unsupported or RGB color format, RGBA8888(1)
05-07 16:44:34.795 1349 2046 I AppWidgetServiceImpl: queryIntentReceivers intent : Intent { act=android.appwidget.action.APPWIDGET_UPDATE pkg=com.google.android.providers.media.module } userid : 0 flags : 268436608 result : 0
05-07 16:44:34.796 2145 2145 D CarrierSvcBindHelper: No carrier app for: 0
05-07 16:44:34.797 23429 25138 I PermissionControllerServiceImpl: Updating user sensitive for uid 10227
05-07 16:44:34.797 1349 1944 I InputReader: Reconfiguring input devices, changes=KEYBOARD_LAYOUTS
05-07 16:44:34.797 2145 2258 D ImsResolver: maybeAddedImsService, packageName: com.google.android.providers.media.module
05-07 16:44:34.798 2145 9024 D SemCarrierFeature: [get] phoneId should be 0 or 1
05-07 16:44:34.799 1349 1720 I Pointer : Device Changed: Input Device 6: holi-qrdsku1-snd-card Button Jack
05-07 16:44:34.799 1349 1720 I Pointer : Descriptor: 75b43ea78eea900cb4006a6c5642bfc652b8f755
05-07 16:44:34.799 1349 1720 I Pointer : Generation: 1572
05-07 16:44:34.799 1349 1720 I Pointer : Location: built-in
05-07 16:44:34.799 1349 1720 I Pointer : Keyboard Type: non-alphabetic
05-07 16:44:34.799 1349 1720 I Pointer : Has Vibrator: false
05-07 16:44:34.799 1349 1720 I Pointer : Has Sensor: false
05-07 16:44:34.799 1349 1720 I Pointer : Has battery: false
05-07 16:44:34.799 1349 1720 I Pointer : Has mic: false
05-07 16:44:34.799 1349 1720 I Pointer : USI Version: null
05-07 16:44:34.799 1349 1720 I Pointer : Sources: 0x101 ( keyboard )
05-07 16:44:34.799 1349 1720 I Pointer : Device Changed: Input Device 4: gpio-keys
05-07 16:44:34.799 1349 1720 I Pointer : Descriptor: 485d69228e24f5e46da1598745890b214130dbc4
05-07 16:44:34.799 1349 1720 I Pointer : Generation: 1575
05-07 16:44:34.799 1349 1720 I Pointer : Location: built-in
05-07 16:44:34.799 1349 1720 I Pointer : Keyboard Type: non-alphabetic
05-07 16:44:34.799 1349 1720 I Pointer : Has Vibrator: false
05-07 16:44:34.799 1349 1720 I Pointer : Has Sensor: false
05-07 16:44:34.799 1349 1720 I Pointer : Has battery: false
05-07 16:44:34.799 1349 1720 I Pointer : Has mic: false
05-07 16:44:34.799 1349 1720 I Pointer : USI Version: null
05-07 16:44:34.799 1349 1720 I Pointer : Sources: 0x101 ( keyboard )
05-07 16:44:34.799 1349 1720 I Pointer : Device Changed: Input Device 3: qpnp_pon
05-07 16:44:34.799 1349 1720 I Pointer : Descriptor: fb60d4f4370f5dbe8267b63d38dea852987571ab
05-07 16:44:34.799 1349 1720 I Pointer : Generation: 1573
05-07 16:44:34.799 1349 1720 I Pointer : Location: built-in
05-07 16:44:34.799 1349 1720 I Pointer : Keyboard Type: non-alphabetic
05-07 16:44:34.799 1349 1720 I Pointer : Has Vibrator: false
05-07 16:44:34.799 1349 1720 I Pointer : Has Sensor: false
05-07 16:44:34.799 1349 1720 I Pointer : Has battery: false
05-07 16:44:34.799 1349 1720 I Pointer : Has mic: false
05-07 16:44:34.799 1349 1720 I Pointer : USI Version: null
05-07 16:44:34.799 1349 1720 I Pointer : Sources: 0x101 ( keyboard )
05-07 16:44:34.799 1349 1720 I Pointer : Device Changed: Input Device 2: chipone-tddi
05-07 16:44:34.799 1349 1720 I Pointer : Descriptor: 93e5de292b7fd3af75f1bfb74d1723edcbc2ebee
05-07 16:44:34.799 1349 1720 I Pointer : Generation: 1574
05-07 16:44:34.799 1349 1720 I Pointer : Location: built-in
05-07 16:44:34.799 1349 1720 I Pointer : Keyboard Type: non-alphabetic
05-07 16:44:34.799 1349 1720 I Pointer : Has Vibrator: false
05-07 16:44:34.799 1349 1720 I Pointer : Has Sensor: false
05-07 16:44:34.799 1349 1720 I Pointer : Has battery: false
05-07 16:44:34.799 1349 1720 I Pointer : Has mic: false
05-07 16:44:34.799 1349 1720 I Pointer : USI Version: null
05-07 16:44:34.799 1349 1720 I Pointer : Sources: 0x1103 ( keyboard touchscreen )
05-07 16:44:34.799 1349 1720 I Pointer : AXIS_X: source=0x1002 min=0.0 max=1199.0 flat=0.0 fuzz=0.0 resolution=0.0
05-07 16:44:34.799 1349 1720 I Pointer : AXIS_Y: source=0x1002 min=0.0 max=1919.0 flat=0.0 fuzz=0.0 resolution=0.0
05-07 16:44:34.799 1349 1720 I Pointer : AXIS_PRESSURE: source=0x1002 min=0.0 max=1.0 flat=0.0 fuzz=0.0 resolution=0.0
05-07 16:44:34.799 1349 1720 I Pointer : AXIS_SIZE: source=0x1002 min=0.0 max=1.0 flat=0.0 fuzz=0.0 resolution=0.0
05-07 16:44:34.799 1349 1720 I Pointer : AXIS_TOUCH_MAJOR: source=0x1002 min=0.0 max=2264.1555 flat=0.0 fuzz=0.0 resolution=0.0
05-07 16:44:34.799 1349 1720 I Pointer : AXIS_TOUCH_MINOR: source=0x1002 min=0.0 max=2264.1555 flat=0.0 fuzz=0.0 resolution=0.0
05-07 16:44:34.799 1349 1720 I Pointer : AXIS_TOOL_MAJOR: source=0x1002 min=0.0 max=2264.1555 flat=0.0 fuzz=0.0 resolution=0.0
05-07 16:44:34.799 1349 1720 I Pointer : AXIS_TOOL_MINOR: source=0x1002 min=0.0 max=2264.1555 flat=0.0 fuzz=0.0 resolution=0.0
05-07 16:44:34.802 2283 2283 D KeyguardUpdateMonitor: received broadcast android.intent.action.PACKAGE_CHANGED
05-07 16:44:34.804 2283 2283 D SPluginManagerImpl: onReceive: android.intent.action.PACKAGE_CHANGED, size:{com.android.systemui.navigationbar.plugin.PluginBarInteractionManager$pluginListener$1@d5a550=SPluginInstanceManager@160667940 (action=com.samsung.systemui.navigationbar.PLUGIN), com.android.systemui.slimindicator.SlimIndicatorPluginMediator@1ede4b0=SPluginInstanceManager@39410829 (action=com.samsung.systemui.action.SPLUGIN_SLIMINDICATOR), com.android.systemui.volume.VolumeStarInteractor$start$1@5deec0b=SPluginInstanceManager@206409282 (action=com.samsung.systemui.volume.PLUGIN), com.samsung.android.systemui.multistar.MultiStarManager$2@8236a23=SPluginInstanceManager@124378707 (action=com.samsung.systemui.action.PLUGIN_MULTISTAR), com.android.systemui.pluginlock.PluginLockMediatorImpl@8e6ec65=SPluginInstanceManager@16982928 (action=com.samsung.systemui.action.PLUGIN_LOCK), com.android.systemui.lockstar.PluginLockStarManager@a04414a=SPluginInstanceManager@76297353 (action=com.samsung.systemui.action.PLUGIN_LOCK_STAR), com.android.systemui.noticenter.NotiCenterPlugin$NotiCenterPluginListener@e84b3a0=SPluginInstanceManager@44715150 (action=com.samsung.systemui.action.PLUGIN_NOTICENTER)}
05-07 16:44:34.804 2283 2283 D FaceWidgetMetadataParser: updatePackage() com.google.android.providers.media.module false
05-07 16:44:34.806 2283 2283 W FaceWidgetMetadataParser: updatePackage() there is no metadata
05-07 16:44:34.806 2283 2283 D FaceWidgetMetadataParser: removePackage() key = com.google.android.providers.media.module
05-07 16:44:34.810 28251 28251 I HBD : c currentConnectionState : false
05-07 16:44:34.810 28251 28251 I HBD : c currentConnectionState : false
05-07 16:44:34.810 28251 28251 I HBD : c currentConnectionState : false
05-07 16:44:34.810 28251 28251 I HBD : c currentConnectionState : false
05-07 16:44:34.813 1009 25255 I QC2C2DEngine: calcYSize: unsupported or RGB color format, RGBA8888(1)
05-07 16:44:34.813 2283 2589 D PluginActionManager: queryPkg com.google.android.providers.media.module com.android.systemui.action.PLUGIN_NOTIFICATION_MENU_ROW
05-07 16:44:34.814 2283 2589 D PluginActionManager: Found 0 plugins
05-07 16:44:34.814 2283 2589 D PluginActionManager: queryPkg com.google.android.providers.media.module com.android.systemui.action.PLUGIN_NOTIFICATION_MENU_ROW
05-07 16:44:34.814 2283 2283 D ControlsListingControllerImpl: ServiceConfig reloaded, count: 0
05-07 16:44:34.814 2283 2589 D PluginActionManager: Found 0 plugins
05-07 16:44:34.814 2283 2589 D PluginActionManager: queryPkg com.google.android.providers.media.module com.android.systemui.action.PLUGIN_NOTIFICATION_MENU_ROW
05-07 16:44:34.814 2283 2589 D PluginActionManager: Found 0 plugins
05-07 16:44:34.814 2283 2589 D PluginActionManager: queryPkg com.google.android.providers.media.module com.android.systemui.action.PLUGIN_QS_FACTORY
05-07 16:44:34.814 2283 2589 D PluginActionManager: Found 0 plugins
05-07 16:44:34.815 2283 2589 D PluginActionManager: queryPkg com.google.android.providers.media.module com.android.systemui.action.PEOPLE_HUB_PERSON_EXTRACTOR
05-07 16:44:34.815 2283 2589 D PluginActionManager: Found 0 plugins
05-07 16:44:34.815 2283 2589 D PluginActionManager: queryPkg com.google.android.providers.media.module com.android.systemui.action.PLUGIN_SENSOR_MANAGER
05-07 16:44:34.815 2283 2589 D PluginActionManager: Found 0 plugins
05-07 16:44:34.815 2283 2589 D PluginActionManager: queryPkg com.google.android.providers.media.module com.android.systemui.action.PLUGIN_GLOBAL_ACTIONS
05-07 16:44:34.815 2283 2589 D PluginActionManager: Found 0 plugins
05-07 16:44:34.815 2283 2589 D PluginActionManager: queryPkg com.google.android.providers.media.module com.android.systemui.action.PLUGIN_NOTIFICATION_MENU_ROW
05-07 16:44:34.815 2283 2589 D PluginActionManager: Found 0 plugins
05-07 16:44:34.816 2283 2589 D PluginActionManager: queryPkg com.google.android.providers.media.module com.android.systemui.action.PLUGIN_VOLUME
05-07 16:44:34.816 2283 2589 D PluginActionManager: Found 0 plugins
05-07 16:44:34.816 2283 2589 D PluginActionManager: queryPkg com.google.android.providers.media.module com.samsung.systemui.action.PLUGIN_FACE_WIDGET
05-07 16:44:34.816 2283 2589 D PluginActionManager: Too many of com.samsung.systemui.action.PLUGIN_FACE_WIDGET
05-07 16:44:34.816 2283 2589 D PluginActionManager: queryPkg com.google.android.providers.media.module com.android.systemui.action.PLUGIN_NOTIFICATION_MENU_ROW
05-07 16:44:34.816 2283 2589 D PluginActionManager: Found 0 plugins
05-07 16:44:34.816 2283 2589 D PluginActionManager: queryPkg com.google.android.providers.media.module com.android.systemui.action.PLUGIN_NOTIFICATION_ASSISTANT
05-07 16:44:34.817 2283 2589 D PluginActionManager: Found 0 plugins
05-07 16:44:34.817 2283 2589 D PluginActionManager: queryPkg com.google.android.providers.media.module com.android.systemui.action.PLUGIN_NOTIFICATION_MENU_ROW
05-07 16:44:34.817 2283 2589 D PluginActionManager: Found 0 plugins
05-07 16:44:34.817 2283 2589 D PluginActionManager: queryPkg com.google.android.providers.media.module com.android.systemui.action.PLUGIN_QS
05-07 16:44:34.817 2283 2589 D PluginActionManager: Found 0 plugins
05-07 16:44:34.817 2283 2589 D PluginActionManager: queryPkg com.google.android.providers.media.module com.android.systemui.action.PLUGIN_TOAST
05-07 16:44:34.818 2283 2589 D PluginActionManager: Found 0 plugins
05-07 16:44:34.818 2283 2589 D PluginActionManager: queryPkg com.google.android.providers.media.module com.android.systemui.action.PLUGIN_NOTIFICATION_MENU_ROW
05-07 16:44:34.819 2283 2589 D PluginActionManager: Found 0 plugins
05-07 16:44:34.819 2283 2589 D PluginActionManager: queryPkg com.google.android.providers.media.module com.android.systemui.action.PLUGIN_OVERLAY
05-07 16:44:34.819 2283 2589 D PluginActionManager: Found 0 plugins
05-07 16:44:34.819 2283 2589 D PluginActionManager: queryPkg com.google.android.providers.media.module com.android.systemui.action.PLUGIN_CLOCK_PROVIDER
05-07 16:44:34.819 2283 2589 D PluginActionManager: Found 0 plugins
05-07 16:44:34.819 2283 2589 D PluginActionManager: queryPkg com.google.android.providers.media.module com.android.systemui.action.PLUGIN_NOTIFICATION_MENU_ROW
05-07 16:44:34.821 2283 2589 D PluginActionManager: Found 0 plugins
05-07 16:44:34.831 1009 25255 I QC2C2DEngine: calcYSize: unsupported or RGB color format, RGBA8888(1)
05-07 16:44:34.835 1349 1731 I SearchManagerService: updateSearchables
05-07 16:44:34.837 2283 2944 D LauncherApps: onPackageChanged 0,com.google.android.providers.media.module
05-07 16:44:34.837 1349 1731 D LauncherApps: onPackageChanged 0,com.google.android.providers.media.module
05-07 16:44:34.837 2625 2625 I HoneySpace.PackageOperationTracker: onPackageChanged - com.google.android.providers.media.module UserHandle{0}
05-07 16:44:34.838 19482 19532 D LauncherApps: onPackageChanged 0,com.google.android.providers.media.module
05-07 16:44:34.839 2625 25176 I HoneySpace.PackageSourceImpl: package changed info list size : 0
05-07 16:44:34.839 2625 2625 I HoneySpace.HoneySpaceManagerContainer: packageUpdateEvent - com.honeyspace.sdk.source.entity.PackageOperation$Changed@c55974c
05-07 16:44:34.839 2625 2625 I HoneySpace.HoneySpaceManagerContainer: refreshHoneyPlugin, packageName: com.google.android.providers.media.module
05-07 16:44:34.840 2625 25180 I HoneySpace.HoneySpacePackageSourceImpl: Package changed : com.google.android.providers.media.module
05-07 16:44:34.840 2625 25180 I HoneySpace.HoneySpacePackageSourceImpl: getHiddenItems : 0
05-07 16:44:34.840 2625 25180 I SearchableManager: invalidate: com.google.android.providers.media.module
05-07 16:44:34.853 1009 25255 I QC2C2DEngine: calcYSize: unsupported or RGB color format, RGBA8888(1)
05-07 16:44:34.872 1009 25255 I QC2C2DEngine: calcYSize: unsupported or RGB color format, RGBA8888(1)
05-07 16:44:34.875 972 23421 I sensors-hal: handle_sns_client_event:44, ambient_light_event: ts=521080569272880, event=615.000000
05-07 16:44:34.884 1009 25255 I QC2C2DEngine: calcYSize: unsupported or RGB color format, RGBA8888(1)
05-07 16:44:34.899 1009 25255 I QC2C2DEngine: calcYSize: unsupported or RGB color format, RGBA8888(1)
05-07 16:44:34.916 1009 25255 I QC2C2DEngine: calcYSize: unsupported or RGB color format, RGBA8888(1)
05-07 16:44:34.932 1009 25255 I QC2C2DEngine: calcYSize: unsupported or RGB color format, RGBA8888(1)
05-07 16:44:34.946 1009 25255 I QC2C2DEngine: calcYSize: unsupported or RGB color format, RGBA8888(1)
05-07 16:44:34.960 1009 25255 I QC2C2DEngine: calcYSize: unsupported or RGB color format, RGBA8888(1)
05-07 16:44:34.975 972 23421 I sensors-hal: handle_sns_client_event:44, ambient_light_event: ts=521080669268192, event=616.000000
05-07 16:44:34.977 1009 25255 I QC2C2DEngine: calcYSize: unsupported or RGB color format, RGBA8888(1)
05-07 16:44:34.994 1009 25255 I QC2C2DEngine: calcYSize: unsupported or RGB color format, RGBA8888(1)
05-07 16:44:35.010 1009 25255 I QC2C2DEngine: calcYSize: unsupported or RGB color format, RGBA8888(1)
05-07 16:44:35.029 1009 25255 I QC2C2DEngine: calcYSize: unsupported or RGB color format, RGBA8888(1)
05-07 16:44:35.041 1009 25255 I QC2C2DEngine: calcYSize: unsupported or RGB color format, RGBA8888(1)
05-07 16:44:35.060 1009 25255 I QC2C2DEngine: calcYSize: unsupported or RGB color format, RGBA8888(1)
05-07 16:44:35.065 1349 2001 D BatteryService: Sending ACTION_BATTERY_CHANGED: level:80, status:2, health:2, remain:-1, ac:false, usb:true, wireless:false, pogo:false, misc:0x0, charge_type:0, charger_type:0, voltage:4089, temperature:225, online:4, charging_status:0, cycle_count:0, current_avg:0, ps:false, hvc:false, capacity:280000, current_event:0x0, current_now:-898000, mcc:500000, mcv:5000000, cc:4000000, present:true, scale:100, technology:Li-ion
05-07 16:44:35.067 1349 2110 I DeviceBatteryInfoService: action: android.intent.action.BATTERY_CHANGED
05-07 16:44:35.067 1349 2110 I DeviceBatteryInfoService: phone battery level: 80
05-07 16:44:35.067 1349 2110 I DeviceBatteryInfoService: phone battery status: 2
05-07 16:44:35.068 2145 2145 D SemBigDataInfoController: Intent: android.intent.action.BATTERY_CHANGED
05-07 16:44:35.070 1349 1979 D MotionRecognitionService: [SAR] onReceive : ACTION_BATTERY_CHANGED, Plugged: 2
05-07 16:44:35.071 2283 2283 I AODBatteryManager: updateBatteryData: ACTION_BATTERY_CHANGED
05-07 16:44:35.071 22942 22942 I [SCPMV2][SystemMonitorReceiver]: onReceive: android.intent.action.BATTERY_CHANGED
05-07 16:44:35.073 2283 2283 I AODBatteryManager: saveBatteryData : AOD BatteryData [mBatteryLevel=80, mBatteryStatus=CHARGING, mBatteryPlugType=USB, mBatteryPlugged=true, mRemainingChargeTime=-1, mBatteryChargingType=1, mBatteryChargerType=NORMAL, mBatteryOnline=USB, mBatterySwellingMode=NONE, mBatteryProtectMode=false]
05-07 16:44:35.073 2283 2283 D SamsungBatteryMeterDrawable: onBatteryLevelChanged isSomethingChanged: false
05-07 16:44:35.073 2283 2283 D SamsungBatteryMeterDrawable: onBatteryLevelChanged isSomethingChanged: false
05-07 16:44:35.074 2283 2283 D SamsungBatteryMeterDrawable: onBatteryLevelChanged isSomethingChanged: false
05-07 16:44:35.074 2283 2283 I PowerUI : mBootCompleted = true | mFullyConnected = true
05-07 16:44:35.074 2283 2283 I PowerUI : BATTERY_HEALTH_CHECK extraHealth=2 mBatteryMiscEvent=0
05-07 16:44:35.074 2283 2283 W PowerUI : Plug reason
05-07 16:44:35.075 2283 2283 W PowerUI : Skip charging animation - by plug status
05-07 16:44:35.075 2283 2283 D PowerUI : priorPlugType = 2 mPlugType = 2 priorBatteryStatus = 2 mBatteryStatus = 2
05-07 16:44:35.075 2283 2283 W PowerUI : Plug reason
05-07 16:44:35.075 2283 2283 W PowerUI : Skip charging sound - by plug status
05-07 16:44:35.075 2283 2283 I PowerUI : oldMisalign : false, curMisalign : false
05-07 16:44:35.075 2283 3198 D SecPowerUI.Notification: dismissing low battery warning: level=80
05-07 16:44:35.075 2283 3198 D SecPowerUI.Notification: updateNotification mWarning=false mPlaySound=false
05-07 16:44:35.075 2283 3198 D SecPowerUI.Notification: SecBatteryStatsSnapshot{batteryLevel=80, currentBatteryMode=0, chargingTime=-1, chargingType=11, batteryHealth=2, automaticTestMode=false, isHiccupState=false}
05-07 16:44:35.075 972 23421 I sensors-hal: handle_sns_client_event:44, ambient_light_event: ts=521080769269963, event=616.000000
05-07 16:44:35.076 2283 3198 D SecPowerUI.Notification: 1. restoreScreenTimeOut - saved_value : :
05-07 16:44:35.076 2283 3198 E SecPowerUI.Notification: no saved value, so we do nothing !!
05-07 16:44:35.077 2283 2283 D SecPowerUI.Notification: showChargingNotice oldChargingType : 11 / currentChargingType : 11, oldChargingTime : -1 / mChargingTime : -1
05-07 16:44:35.077 2283 2283 D SecPowerUI.Notification: showChargingNotice There is no change about charging status, so return!
05-07 16:44:35.077 2283 2283 D PowerUI : Battery swelling mode - priorBatterySwellingMode = 0 mBatterySwellingMode = 0 mBatteryStatus = 2
05-07 16:44:35.077 2283 2283 I PowerUI : mBatteryMiscEvent = 0
05-07 16:44:35.077 2283 2283 D KeyguardUpdateMonitor: handleBatteryUpdate
05-07 16:44:35.078 1009 25255 I QC2C2DEngine: calcYSize: unsupported or RGB color format, RGBA8888(1)
05-07 16:44:35.092 1009 25255 I QC2C2DEngine: calcYSize: unsupported or RGB color format, RGBA8888(1)
05-07 16:44:35.112 1009 25255 I QC2C2DEngine: calcYSize: unsupported or RGB color format, RGBA8888(1)
05-07 16:44:35.125 1009 25255 I QC2C2DEngine: calcYSize: unsupported or RGB color format, RGBA8888(1)
05-07 16:44:35.143 1009 25255 I QC2C2DEngine: calcYSize: unsupported or RGB color format, RGBA8888(1)
05-07 16:44:35.159 1009 25255 I QC2C2DEngine: calcYSize: unsupported or RGB color format, RGBA8888(1)
05-07 16:44:35.175 972 23421 I sensors-hal: handle_sns_client_event:44, ambient_light_event: ts=521080869268713, event=616.000000
05-07 16:44:35.179 1009 25255 I QC2C2DEngine: calcYSize: unsupported or RGB color format, RGBA8888(1)
05-07 16:44:35.192 1009 25255 I QC2C2DEngine: calcYSize: unsupported or RGB color format, RGBA8888(1)
05-07 16:44:35.206 1009 25255 I QC2C2DEngine: calcYSize: unsupported or RGB color format, RGBA8888(1)
05-07 16:44:35.220 1009 25255 I QC2C2DEngine: calcYSize: unsupported or RGB color format, RGBA8888(1)
05-07 16:44:35.235 1009 25255 I QC2C2DEngine: calcYSize: unsupported or RGB color format, RGBA8888(1)
05-07 16:44:35.240 2625 25180 I SearchEngineAppSuggestion: packageUpdateEvent: com.honeyspace.sdk.source.entity.PackageOperation$Changed@c55974c
05-07 16:44:35.240 2625 25180 I SearchEngineAppSuggestion: package changed: com.google.android.providers.media.module
05-07 16:44:35.241 2625 25180 I SearchEngine: query: reTriggered SUGGESTED_APPS 195
05-07 16:44:35.241 2625 25180 I HoneySpace.SuggestAppDecor: cellX : 6
05-07 16:44:35.241 2625 25180 I ResultDataManager: Results: keys=SUGGESTED_APPS, SUGGESTED_TAG, HISTORY_KEYWORD, SUGGESTED_DIRECTORY, HOT_WORDS, SUGGESTED_TIPCARD
05-07 16:44:35.241 2625 23475 I HoneySpace.ContentsViewModel: observed com.honeyspace.search.ui.honeypot.presentation.content.ContentsViewModel@2ec7d27
05-07 16:44:35.242 2625 23475 I HoneySpace.ContentsViewModel: result onUpdated: SUGGESTED_APPS
05-07 16:44:35.242 2625 23475 I HoneySpace.ContentsViewModel: result onRemoved: SUGGESTED_APPS
05-07 16:44:35.242 2625 23475 I HoneySpace.ContentsViewModel: result onAdded: SUGGESTED_APPS
05-07 16:44:35.255 1009 25255 I QC2C2DEngine: calcYSize: unsupported or RGB color format, RGBA8888(1)
05-07 16:44:35.267 1009 25255 I QC2C2DEngine: calcYSize: unsupported or RGB color format, RGBA8888(1)
05-07 16:44:35.275 972 23421 I sensors-hal: handle_sns_client_event:44, ambient_light_event: ts=521080969268974, event=616.000000
05-07 16:44:35.283 1009 25255 I QC2C2DEngine: calcYSize: unsupported or RGB color format, RGBA8888(1)
05-07 16:44:35.284 24474 24474 I SCS@AiSearch user 0: (PackageBroadcastReceiver) onReceive android.intent.action.PACKAGE_CHANGED
05-07 16:44:35.284 24474 24474 I SCS@AiSearch user 0: (PackageBroadcastReceiver) packageName: com.google.android.providers.media.module
05-07 16:44:35.284 24474 24474 I SCS@AiSearch user 0: (PackageBroadcastReceiver) Packages changed: [com.google.android.providers.media.module]
05-07 16:44:35.284 24474 24474 I SCS@AiSearch user 0: (AppsDataObserver) scheduling worker CMD_UPDATE_LIST
05-07 16:44:35.288 1349 2176 D PackageManager: setEnabledSetting : userId = 0 packageName = com.samsung.android.scs cmp = androidx.work.impl.background.systemalarm.RescheduleReceiver newState = 1 callingPackage = com.samsung.android.scs
05-07 16:44:35.289 1349 2176 D ApplicationPolicy: getApplicationStateEnabled : pkg = com.samsung.android.scs userId : 0
05-07 16:44:35.290 1349 2176 D ApplicationPolicy: getApplicationComponentState : pkg = com.samsung.android.scs userId : 0
05-07 16:44:35.302 1009 25255 I QC2C2DEngine: calcYSize: unsupported or RGB color format, RGBA8888(1)
05-07 16:44:35.313 1009 25255 I QC2C2DEngine: calcYSize: unsupported or RGB color format, RGBA8888(1)
05-07 16:44:35.331 1009 25255 I QC2C2DEngine: calcYSize: unsupported or RGB color format, RGBA8888(1)
05-07 16:44:35.346 1009 25255 I QC2C2DEngine: calcYSize: unsupported or RGB color format, RGBA8888(1)
05-07 16:44:35.361 1009 25255 I QC2C2DEngine: calcYSize: unsupported or RGB color format, RGBA8888(1)
05-07 16:44:35.375 972 23421 I sensors-hal: handle_sns_client_event:44, ambient_light_event: ts=521081069263244, event=616.000000
05-07 16:44:35.379 1009 25255 I QC2C2DEngine: calcYSize: unsupported or RGB color format, RGBA8888(1)
05-07 16:44:35.395 1009 25255 I QC2C2DEngine: calcYSize: unsupported or RGB color format, RGBA8888(1)
05-07 16:44:35.398 2625 2625 I CardAdapter: setCards: SUGGESTED_TIPCARD, SUGGESTED_APPS, SUGGESTED_TAG, SUGGESTED_DIRECTORY
05-07 16:44:35.413 1009 25255 I QC2C2DEngine: calcYSize: unsupported or RGB color format, RGBA8888(1)
05-07 16:44:35.424 1009 25255 I QC2C2DEngine: calcYSize: unsupported or RGB color format, RGBA8888(1)
05-07 16:44:35.446 1009 25255 I QC2C2DEngine: calcYSize: unsupported or RGB color format, RGBA8888(1)
05-07 16:44:35.458 1009 25255 I QC2C2DEngine: calcYSize: unsupported or RGB color format, RGBA8888(1)
05-07 16:44:35.475 972 23421 I sensors-hal: handle_sns_client_event:44, ambient_light_event: ts=521081169269494, event=615.000000
05-07 16:44:35.479 1009 25255 I QC2C2DEngine: calcYSize: unsupported or RGB color format, RGBA8888(1)
05-07 16:44:35.490 1009 25255 I QC2C2DEngine: calcYSize: unsupported or RGB color format, RGBA8888(1)
05-07 16:44:35.508 1009 25255 I QC2C2DEngine: calcYSize: unsupported or RGB color format, RGBA8888(1)
05-07 16:44:35.523 1009 25255 I QC2C2DEngine: calcYSize: unsupported or RGB color format, RGBA8888(1)
05-07 16:44:35.541 1009 25255 I QC2C2DEngine: calcYSize: unsupported or RGB color format, RGBA8888(1)
05-07 16:44:35.554 1009 25255 I QC2C2DEngine: calcYSize: unsupported or RGB color format, RGBA8888(1)
05-07 16:44:35.572 1009 25255 I QC2C2DEngine: calcYSize: unsupported or RGB color format, RGBA8888(1)
05-07 16:44:35.575 972 23421 I sensors-hal: handle_sns_client_event:44, ambient_light_event: ts=521081269267932, event=616.000000
05-07 16:44:35.587 1009 25255 I QC2C2DEngine: calcYSize: unsupported or RGB color format, RGBA8888(1)
05-07 16:44:35.604 1009 25255 I QC2C2DEngine: calcYSize: unsupported or RGB color format, RGBA8888(1)
05-07 16:44:35.621 1009 25255 I QC2C2DEngine: calcYSize: unsupported or RGB color format, RGBA8888(1)
05-07 16:44:35.633 1009 25255 I QC2C2DEngine: calcYSize: unsupported or RGB color format, RGBA8888(1)
05-07 16:44:35.649 1009 25255 I QC2C2DEngine: calcYSize: unsupported or RGB color format, RGBA8888(1)
05-07 16:44:35.667 1009 25255 I QC2C2DEngine: calcYSize: unsupported or RGB color format, RGBA8888(1)
05-07 16:44:35.675 972 23421 I sensors-hal: handle_sns_client_event:44, ambient_light_event: ts=521081369270015, event=616.000000
05-07 16:44:35.686 1009 25255 I QC2C2DEngine: calcYSize: unsupported or RGB color format, RGBA8888(1)
05-07 16:44:35.703 1009 25255 I QC2C2DEngine: calcYSize: unsupported or RGB color format, RGBA8888(1)
05-07 16:44:35.718 1009 25255 I QC2C2DEngine: calcYSize: unsupported or RGB color format, RGBA8888(1)
05-07 16:44:35.734 1009 25255 I QC2C2DEngine: calcYSize: unsupported or RGB color format, RGBA8888(1)
05-07 16:44:35.749 1009 25255 I QC2C2DEngine: calcYSize: unsupported or RGB color format, RGBA8888(1)
05-07 16:44:35.765 1009 25255 I QC2C2DEngine: calcYSize: unsupported or RGB color format, RGBA8888(1)
05-07 16:44:35.776 972 23421 I sensors-hal: handle_sns_client_event:44, ambient_light_event: ts=521081469260953, event=616.000000
05-07 16:44:35.780 1009 25255 I QC2C2DEngine: calcYSize: unsupported or RGB color format, RGBA8888(1)
05-07 16:44:35.796 1009 25255 I QC2C2DEngine: calcYSize: unsupported or RGB color format, RGBA8888(1)
05-07 16:44:35.810 1009 25255 I QC2C2DEngine: calcYSize: unsupported or RGB color format, RGBA8888(1)
05-07 16:44:35.827 1009 25255 I QC2C2DEngine: calcYSize: unsupported or RGB color format, RGBA8888(1)
05-07 16:44:35.837 1349 2025 I SearchManagerService: _updateSearchables
05-07 16:44:35.843 1009 25255 I QC2C2DEngine: calcYSize: unsupported or RGB color format, RGBA8888(1)
05-07 16:44:35.860 1009 25255 I QC2C2DEngine: calcYSize: unsupported or RGB color format, RGBA8888(1)
05-07 16:44:35.868 1349 2025 W SearchableInfo: Invalid searchable metadata for com.samsung.android.messaging/.ui.view.main.picker.contact.ContactPickerActivity: Search label must be a resource reference.
05-07 16:44:35.875 1009 25255 I QC2C2DEngine: calcYSize: unsupported or RGB color format, RGBA8888(1)
05-07 16:44:35.876 972 23421 I sensors-hal: handle_sns_client_event:44, ambient_light_event: ts=521081569268192, event=616.000000
05-07 16:44:35.891 1009 25255 I QC2C2DEngine: calcYSize: unsupported or RGB color format, RGBA8888(1)
05-07 16:44:35.906 1009 25255 I QC2C2DEngine: calcYSize: unsupported or RGB color format, RGBA8888(1)
05-07 16:44:35.925 1009 25255 I QC2C2DEngine: calcYSize: unsupported or RGB color format, RGBA8888(1)
05-07 16:44:35.939 1009 25255 I QC2C2DEngine: calcYSize: unsupported or RGB color format, RGBA8888(1)
05-07 16:44:35.944 1349 2025 I SearchManagerService: _updateSearchables completed.
05-07 16:44:35.955 1009 25255 I QC2C2DEngine: calcYSize: unsupported or RGB color format, RGBA8888(1)
05-07 16:44:35.972 1009 25255 I QC2C2DEngine: calcYSize: unsupported or RGB color format, RGBA8888(1)
05-07 16:44:35.976 972 23421 I sensors-hal: handle_sns_client_event:44, ambient_light_event: ts=521081669261942, event=615.000000
05-07 16:44:35.987 1009 25255 I QC2C2DEngine: calcYSize: unsupported or RGB color format, RGBA8888(1)
05-07 16:44:36.006 1009 25255 I QC2C2DEngine: calcYSize: unsupported or RGB color format, RGBA8888(1)
05-07 16:44:36.021 1009 25255 I QC2C2DEngine: calcYSize: unsupported or RGB color format, RGBA8888(1)
05-07 16:44:36.035 1009 25255 I QC2C2DEngine: calcYSize: unsupported or RGB color format, RGBA8888(1)
05-07 16:44:36.052 1009 25255 I QC2C2DEngine: calcYSize: unsupported or RGB color format, RGBA8888(1)
05-07 16:44:36.068 1009 25255 I QC2C2DEngine: calcYSize: unsupported or RGB color format, RGBA8888(1)
05-07 16:44:36.075 972 23421 I sensors-hal: handle_sns_client_event:44, ambient_light_event: ts=521081769270276, event=618.000000
05-07 16:44:36.083 1009 25255 I QC2C2DEngine: calcYSize: unsupported or RGB color format, RGBA8888(1)
05-07 16:44:36.100 1009 25255 I QC2C2DEngine: calcYSize: unsupported or RGB color format, RGBA8888(1)
05-07 16:44:36.118 1009 25255 I QC2C2DEngine: calcYSize: unsupported or RGB color format, RGBA8888(1)
05-07 16:44:36.131 1009 25255 I QC2C2DEngine: calcYSize: unsupported or RGB color format, RGBA8888(1)
05-07 16:44:36.146 1009 25255 I QC2C2DEngine: calcYSize: unsupported or RGB color format, RGBA8888(1)
05-07 16:44:36.164 1009 25255 I QC2C2DEngine: calcYSize: unsupported or RGB color format, RGBA8888(1)
05-07 16:44:36.175 972 23421 I sensors-hal: handle_sns_client_event:44, ambient_light_event: ts=521081869267672, event=616.000000
05-07 16:44:36.181 1009 25255 I QC2C2DEngine: calcYSize: unsupported or RGB color format, RGBA8888(1)
05-07 16:44:36.194 1009 25255 I QC2C2DEngine: calcYSize: unsupported or RGB color format, RGBA8888(1)
05-07 16:44:36.209 1009 25255 I QC2C2DEngine: calcYSize: unsupported or RGB color format, RGBA8888(1)
05-07 16:44:36.213 616 616 D io_stats: !@ 8,0 r 2659441 75679648 w 570444 20429856 d 88561 17081004 f 0 0 iot 1630164 0 th 0 0 0 pt 0 inp 0 0 78906.251
05-07 16:44:36.213 616 616 D io_stats: !@ Read_top(KB): sh(25243) 15540 ch_zygote(25271) 10456 loop11(734) 4408
05-07 16:44:36.213 616 616 D io_stats: !@ Write_top(KB): kworker/u16:9(6308) 12484 system_server(1349) 60 .gms.persistent(13933) 32
05-07 16:44:36.229 1009 25255 I QC2C2DEngine: calcYSize: unsupported or RGB color format, RGBA8888(1)
05-07 16:44:36.244 1009 25255 I QC2C2DEngine: calcYSize: unsupported or RGB color format, RGBA8888(1)
05-07 16:44:36.261 1009 25255 I QC2C2DEngine: calcYSize: unsupported or RGB color format, RGBA8888(1)
05-07 16:44:36.272 1009 25255 I QC2C2DEngine: calcYSize: unsupported or RGB color format, RGBA8888(1)
05-07 16:44:36.275 972 23421 I sensors-hal: handle_sns_client_event:44, ambient_light_event: ts=521081969271838, event=610.000000
05-07 16:44:36.294 1009 25255 I QC2C2DEngine: calcYSize: unsupported or RGB color format, RGBA8888(1)
05-07 16:44:36.308 1009 25255 I QC2C2DEngine: calcYSize: unsupported or RGB color format, RGBA8888(1)
05-07 16:44:36.326 1009 25255 I QC2C2DEngine: calcYSize: unsupported or RGB color format, RGBA8888(1)
05-07 16:44:36.341 1009 25255 I QC2C2DEngine: calcYSize: unsupported or RGB color format, RGBA8888(1)
