05-07 16:44:28.297 24132 24301 I Routine@Core[4.5.00.57]: MetadataLoadManager: doPostCollectionTasks - packageName:org.qtproject.example.hellogles3
05-07 16:44:28.297 24132 24301 I Routine@Core[4.5.00.57]: ContentSetter: update
05-07 16:44:28.297 1349 2093 D SemWifiPackageInfo: isSkipCategory - skip:NONE
05-07 16:44:28.298 24172 24172 I ContentBlock.Receiver: onReceive is called
05-07 16:44:28.298 24172 24172 I ContentBlock.Receiver: onReceive is finished
05-07 16:44:28.298 840 840 E audit : type=1400 audit(1715089468.295:34036): avc: denied { ioctl } for pid=23951 comm="ar_help_history" path="/data/data/com.google.android.gms/databases/help_responses.db.26" dev="dm-51" ino=11901 ioctlcmd=0xf522 scontext=u:r:gmscore_app:s0:c512,c768 tcontext=u:object_r:privapp_data_file:s0:c512,c768 tclass=file permissive=0 SEPF_SM-X210_12_0001 audit_filtered
05-07 16:44:28.301 30718 30718 I GsaVoiceInteractionSrv: (REDACTED) O received %s
05-07 16:44:28.303 23951 25032 W SQLiteLog: (28) double-quoted string literal: "org.qtproject.example.hellogles3"
05-07 16:44:28.308 23951 23951 D BoundBrokerSvc: onBind: Intent { act=com.google.android.gms.common.BIND_SHARED_PREFS pkg=com.google.android.gms }
05-07 16:44:28.308 23951 23951 D BoundBrokerSvc: Loading bound service for intent: Intent { act=com.google.android.gms.common.BIND_SHARED_PREFS pkg=com.google.android.gms }
05-07 16:44:28.311 24132 24301 I Routine@Core[4.5.00.57]: ContentSetter: getRoutineIdList: list= [1]
05-07 16:44:28.312 24132 24301 I Routine@Core[4.5.00.57]: ContentSetter: getRoutineIdList: list= [1]
05-07 16:44:28.312 24132 24301 E Routine@Core[4.5.00.57]: ContentSetter: deleteRoutines: id=[]
05-07 16:44:28.318 25039 25039 W id.bbc.bbcagent: ClassLoaderContext shared library size mismatch. Expected=1, found=0 (PCL[]{PCL[/system/framework/com.samsung.bbc.jar*3648092055]{PCL[/system/framework/knoxsdk.jar*734230680]}} | PCL[]{PCL[/system/framework/com.samsung.bbc.jar*3648092055]})
05-07 16:44:28.318 23866 23866 I Finsky : [2] yhv.g(1): yhv - Received: android.intent.action.PACKAGE_ADDED, [-rYTD8Grw7GH5UNIVFnWxbsnksHWS8lFJFsdo2zUT8g]
05-07 16:44:28.320 23866 25100 I Finsky : [183] pdz.accept(142): Wrote row to frosting DB: 900
05-07 16:44:28.322 23866 23866 I Finsky : [2] stp.aiS(11): DTU: Received onPackageAdded, replacing: true
05-07 16:44:28.323 25030 25030 D nativeloader: Configuring clns-shared-6 for other apk /system/framework/knoxsdk.jar. target_sdk_version=34, uses_libraries=ALL, library_path=/system/app/KeyChain/lib/arm64:/system/app/KeyChain/KeyChain.apk!/lib/arm64-v8a:/system/lib64:/system_ext/lib64, permitted_path=/data:/mnt/expand:/data/user/0/com.android.keychain:/system/app/KeyChain:/system/lib64:/system_ext/lib64
05-07 16:44:28.323 25030 25030 D nativeloader: Extending system_exposed_libraries: libface_landmark.arcsoft.so:libaudiomirroring_jni.audiomirroring.samsung.so:libBeauty_v4.camera.samsung.so:libexifa.camera.samsung.so:libjpega.camera.samsung.so:libOpenCv.camera.samsung.so:libImageScreener.camera.samsung.so:libFace_Landmark_API.camera.samsung.so:libHpr_RecGAE_cvFeature_v1.0.camera.samsung.so:libHprFace_GAE_api.camera.samsung.so:libHprFace_GAE_jni.camera.samsung.so:libObjectAndSceneClassification_2.5_OD.camera.samsung.so:libQREngine.camera.samsung.so:libInteractiveSegmentation.camera.samsung.so:libsmart_cropping.camera.samsung.so:libStride.camera.samsung.so:libStrideTensorflowLite.camera.samsung.so:libFacePreProcessing_jni.camera.samsung.so:libhumantracking_util.camera.samsung.so:libMyFilterPlugin.camera.samsung.so:libsecjpeginterface.camera.samsung.so:libsurfaceutil.camera.samsung.so:libsecimaging_pdk.camera.samsung.so:libsecimaging.camera.samsung.so:libsce_v1.crypto.samsung.so:lib_vnd_client.dk.samsung.so:lib_native_client.dk.samsung.so:lib_nativeJni.dk.s
05-07 16:44:28.332 24132 24301 I Routine@Core[4.5.00.57]: ContentSetter: getRoutineIdList: list= [1]
05-07 16:44:28.333 24132 24301 I Routine@Core[4.5.00.57]: ContentSetter: getRoutineIdList: list= [1]
05-07 16:44:28.333 24132 24301 E Routine@Core[4.5.00.57]: ContentSetter: deleteRoutines: id=[]
05-07 16:44:28.333 24132 24301 I Routine@Core[4.5.00.57]: SupportStateUpdater: update
05-07 16:44:28.333 24132 24301 I Routine@Core[4.5.00.57]: ConflictItemConverter: convertConflictActions - 0
05-07 16:44:28.333 13933 25031 I FontLog : (REDACTED) Package %s has no metadata
05-07 16:44:28.335 24132 24301 I Routine@Core[4.5.00.57]: Pref: removeSharedPrefsData() key=meta_loading_target_package_name
05-07 16:44:28.324 23866 25100 I Finsky : [183] pdz.accept(142): Wrote row to frosting DB: 901
05-07 16:44:28.338 23866 25104 I Finsky : [185] mij.ahN(118): [ContentSync] finished, scheduled=false
05-07 16:44:28.338 1349 2146 I Pageboost: add app to global @ runtime: org.qtproject.example.hellogles3
05-07 16:44:28.340 23866 23866 I Finsky : [2] yhv.g(1): yhv - Received: android.intent.action.PACKAGE_ADDED, [-rYTD8Grw7GH5UNIVFnWxbsnksHWS8lFJFsdo2zUT8g]
05-07 16:44:28.340 25030 25030 D nativeloader: Configuring clns-shared-7 for other apk /system/framework/samsungkeystoreutils.jar. target_sdk_version=34, uses_libraries=ALL, library_path=/system/app/KeyChain/lib/arm64:/system/app/KeyChain/KeyChain.apk!/lib/arm64-v8a:/system/lib64:/system_ext/lib64, permitted_path=/data:/mnt/expand:/data/user/0/com.android.keychain:/system/app/KeyChain:/system/lib64:/system_ext/lib64
05-07 16:44:28.340 25030 25030 D nativeloader: Extending system_exposed_libraries: libface_landmark.arcsoft.so:libaudiomirroring_jni.audiomirroring.samsung.so:libBeauty_v4.camera.samsung.so:libexifa.camera.samsung.so:libjpega.camera.samsung.so:libOpenCv.camera.samsung.so:libImageScreener.camera.samsung.so:libFace_Landmark_API.camera.samsung.so:libHpr_RecGAE_cvFeature_v1.0.camera.samsung.so:libHprFace_GAE_api.camera.samsung.so:libHprFace_GAE_jni.camera.samsung.so:libObjectAndSceneClassification_2.5_OD.camera.samsung.so:libQREngine.camera.samsung.so:libInteractiveSegmentation.camera.samsung.so:libsmart_cropping.camera.samsung.so:libStride.camera.samsung.so:libStrideTensorflowLite.camera.samsung.so:libFacePreProcessing_jni.camera.samsung.so:libhumantracking_util.camera.samsung.so:libMyFilterPlugin.camera.samsung.so:libsecjpeginterface.camera.samsung.so:libsurfaceutil.camera.samsung.so:libsecimaging_pdk.camera.samsung.so:libsecimaging.camera.samsung.so:libsce_v1.crypto.samsung.so:lib_vnd_client.dk.samsung.so:lib_native_client.dk.samsung.so:lib_nativeJni.dk.s
05-07 16:44:28.342 23866 25100 I Finsky : [183] pdz.accept(142): Wrote row to frosting DB: 902
05-07 16:44:28.345 23866 23866 I Finsky : [2] yhv.g(1): yhv - Deduping intent android.intent.action.PACKAGE_ADDED
05-07 16:44:28.345 23866 23866 I Finsky : [2] yhv.g(1): yhv - Received: android.intent.action.PACKAGE_ADDED, [-rYTD8Grw7GH5UNIVFnWxbsnksHWS8lFJFsdo2zUT8g]
05-07 16:44:28.346 23866 25100 I Finsky : [183] pdz.accept(142): Wrote row to frosting DB: 903
05-07 16:44:28.347 23866 25104 I Finsky : [185] mij.ahN(118): [ContentSync] finished, scheduled=false
05-07 16:44:28.350 24132 24132 I Routine@Core[4.5.00.57]: MetadataLoaderJobService: metadataLoadingFinished: collectPackageInBG - org.qtproject.example.hellogles3
05-07 16:44:28.350 23866 23866 I Finsky : [2] yhv.g(1): yhv - Deduping intent android.intent.action.PACKAGE_ADDED
05-07 16:44:28.351 23866 25106 I Finsky : [187] rtl.accept(63): IQ: handled package removed
05-07 16:44:28.352 23866 25100 I Finsky : [183] pdz.accept(142): Wrote row to frosting DB: 904
05-07 16:44:28.353 23866 25100 I Finsky : [183] pdz.accept(142): Wrote row to frosting DB: 905
05-07 16:44:28.355 25030 25030 D nativeloader: Configuring clns-shared-8 for other apk /system/app/KeyChain/KeyChain.apk. target_sdk_version=34, uses_libraries=, library_path=/system/app/KeyChain/lib/arm64:/system/app/KeyChain/KeyChain.apk!/lib/arm64-v8a:/system/lib64:/system_ext/lib64, permitted_path=/data:/mnt/expand:/data/user/0/com.android.keychain:/system/app/KeyChain:/system/lib64:/system_ext/lib64
05-07 16:44:28.362 23951 24057 I Icing : IndexChimeraService.getServiceInterface callingPackage=com.google.android.gms componentName=AppsCorpus serviceId=36
05-07 16:44:28.368 1349 2176 D VpnManagerService: Exception: java.lang.NullPointerException: Attempt to invoke interface method 'int com.samsung.android.knox.zt.networktrust.filter.IKnoxNetworkFilterService.getKnoxNwFilterHttpProxyPort(int, java.lang.String)' on a null object reference
05-07 16:44:28.368 1349 2176 D VpnManagerService: at com.android.server.VpnManagerService.getKnoxNwFilterHttpProxyPort(VpnManagerService.java:1911)
05-07 16:44:28.368 1349 2176 D VpnManagerService: at android.net.IVpnManager$Stub.onTransact(IVpnManager.java:1055)
05-07 16:44:28.368 1349 2176 D VpnManagerService: at android.os.Binder.execTransactInternal(Binder.java:1375)
05-07 16:44:28.368 1349 2176 D VpnManagerService: at android.os.Binder.execTransact(Binder.java:1311)
05-07 16:44:28.368 24132 24132 I Routine@Core[4.5.00.57]: RoutineService: onCreate
05-07 16:44:28.369 24132 24132 I Routine@Core[4.5.00.57]: ServiceExt: setServiceForeground: isForeground=true, reason=ROUTINE_SERVICE
05-07 16:44:28.371 1349 2554 D VpnManagerService: Exception: java.lang.NullPointerException: Attempt to invoke interface method 'int com.samsung.android.knox.zt.networktrust.filter.IKnoxNetworkFilterService.getKnoxNwFilterHttpProxyPort(int, java.lang.String)' on a null object reference
05-07 16:44:28.371 1349 2554 D VpnManagerService: at com.android.server.VpnManagerService.getKnoxNwFilterHttpProxyPort(VpnManagerService.java:1911)
05-07 16:44:28.371 1349 2554 D VpnManagerService: at android.net.IVpnManager$Stub.onTransact(IVpnManager.java:1055)
05-07 16:44:28.371 1349 2554 D VpnManagerService: at android.os.Binder.execTransactInternal(Binder.java:1375)
05-07 16:44:28.371 1349 2554 D VpnManagerService: at android.os.Binder.execTransact(Binder.java:1311)
05-07 16:44:28.371 24132 24132 I Routine@Core[4.5.00.57]: RoutineService: onStartCommand: com.samsung.android.app.routine.ACTION_METADATA_LOADING_FINISHED
05-07 16:44:28.371 24132 24132 I Routine@Core[4.5.00.57]: RoutineDataMigrator: migration - begin
05-07 16:44:28.375 972 23421 I sensors-hal: handle_sns_client_event:44, ambient_light_event: ts=521074069269100, event=616.000000
05-07 16:44:28.378 25030 25030 V GraphicsEnvironment: Currently set values for:
05-07 16:44:28.378 25030 25030 V GraphicsEnvironment: angle_gl_driver_selection_pkgs=[]
05-07 16:44:28.378 25030 25030 V GraphicsEnvironment: angle_gl_driver_selection_values=[]
05-07 16:44:28.379 24132 24132 I Routine@Core[4.5.00.57]: MigrationParser: getMigrationData rawMigrationData : [vibrate_once]
05-07 16:44:28.379 24132 24132 I Routine@Core[4.5.00.57]: RoutineDataMigrator: isAvailableToMigrate() newPackageName:com.samsung.android.app.routines, newTag:read_notifications, isAvailableToMigrate:true
05-07 16:44:28.379 24132 24132 E Routine@Core[4.5.00.57]: RoutineDataMigrator: deprecateOldTag() ActionMeta with oldTag(notification_tts), oldPackageName(com.samsung.android.app.routines) does not exist.
05-07 16:44:28.379 24132 24132 I Routine@Core[4.5.00.57]: RoutineDataMigrator: isAvailableToMigrate() newPackageName:com.samsung.android.app.routines, newTag:flashlight, isAvailableToMigrate:false
05-07 16:44:28.379 24132 24132 W Routine@Core[4.5.00.57]: RoutineDataMigrator: canMigrate: newTag (flashlight) is not available to migrate
05-07 16:44:28.379 24132 24132 I Routine@Core[4.5.00.57]: RoutineDataMigrator: isAvailableToMigrate() newPackageName:com.samsung.android.app.routines, newTag:message_received, isAvailableToMigrate:false
05-07 16:44:28.379 24132 24132 W Routine@Core[4.5.00.57]: RoutineDataMigrator: canMigrate: newTag (message_received) is not available to migrate
05-07 16:44:28.379 24132 24132 I Routine@Core[4.5.00.57]: RoutineDataMigrator: isAvailableToMigrate() newPackageName:com.samsung.android.app.routines, newTag:message_received, isAvailableToMigrate:false
05-07 16:44:28.379 24132 24132 W Routine@Core[4.5.00.57]: RoutineDataMigrator: canMigrate: newTag (message_received) is not available to migrate
05-07 16:44:28.379 24132 24132 I Routine@Core[4.5.00.57]: RoutineDataMigrator: isAvailableToMigrate() newPackageName:com.samsung.android.app.aodservice, newTag:aod_main_setting, isAvailableToMigrate:false
05-07 16:44:28.379 24132 24132 W Routine@Core[4.5.00.57]: RoutineDataMigrator: canMigrate: newTag (aod_main_setting) is not available to migrate
05-07 16:44:28.379 24132 24132 I Routine@Core[4.5.00.57]: RoutineDataMigrator: isAvailableToMigrate() newPackageName:com.android.settings, newTag:sec_eye_comfort_shield_routine, isAvailableToMigrate:true
05-07 16:44:28.379 25030 25030 V GraphicsEnvironment: ANGLE GameManagerService for com.android.keychain: false
05-07 16:44:28.379 24132 24132 E Routine@Core[4.5.00.57]: RoutineDataMigrator: deprecateOldTag() ActionMeta with oldTag(blue_light_filter_on), oldPackageName(com.samsung.android.app.routines) does not exist.
05-07 16:44:28.379 24132 24132 I Routine@Core[4.5.00.57]: RoutineDataMigrator: isAvailableToMigrate() newPackageName:com.samsung.android.app.routines, newTag:control_smartthings_not_reversible, isAvailableToMigrate:false
05-07 16:44:28.379 24132 24132 W Routine@Core[4.5.00.57]: RoutineDataMigrator: canMigrate: newTag (control_smartthings_not_reversible) is not available to migrate
05-07 16:44:28.379 24132 24132 I Routine@Core[4.5.00.57]: RoutineDataMigrator: isAvailableToMigrate() newPackageName:com.samsung.android.app.routines, newTag:control_smartthings_not_reversible, isAvailableToMigrate:false
05-07 16:44:28.379 24132 24132 W Routine@Core[4.5.00.57]: RoutineDataMigrator: canMigrate: newTag (control_smartthings_not_reversible) is not available to migrate
05-07 16:44:28.379 24132 24132 I Routine@Core[4.5.00.57]: RoutineDataMigrator: isAvailableToMigrate() newPackageName:com.samsung.accessibility, newTag:command://com.samsung.accessibility.command/ColorCorrectionRoutine, isAvailableToMigrate:false
05-07 16:44:28.379 24132 24132 W Routine@Core[4.5.00.57]: RoutineDataMigrator: canMigrate: newTag (command://com.samsung.accessibility.command/ColorCorrectionRoutine) is not available to migrate
05-07 16:44:28.379 24132 24132 I Routine@Core[4.5.00.57]: RoutineDataMigrator: isAvailableToMigrate() newPackageName:com.samsung.android.lool, newTag:dc_power_mode_action, isAvailableToMigrate:true
05-07 16:44:28.379 25030 25030 V GraphicsEnvironment: com.android.keychain is not listed in per-application setting
05-07 16:44:28.380 24132 24132 E Routine@Core[4.5.00.57]: RoutineDataMigrator: deprecateOldTag() ActionMeta with oldTag(upsm_on), oldPackageName(com.samsung.android.app.routines) does not exist.
05-07 16:44:28.380 24132 24132 I Routine@Core[4.5.00.57]: RoutineDataMigrator: isAvailableToMigrate() newPackageName:com.samsung.accessibility, newTag:accessibility_amplify_ambient_sound, isAvailableToMigrate:false
05-07 16:44:28.380 24132 24132 W Routine@Core[4.5.00.57]: RoutineDataMigrator: canMigrate: newTag (accessibility_amplify_ambient_sound) is not available to migrate
05-07 16:44:28.380 24132 24132 I Routine@Core[4.5.00.57]: RoutineDataMigrator: isAvailableToMigrate() newPackageName:com.android.settings, newTag:accessibility_camera_flash, isAvailableToMigrate:false
05-07 16:44:28.380 24132 24132 W Routine@Core[4.5.00.57]: RoutineDataMigrator: canMigrate: newTag (accessibility_camera_flash) is not available to migrate
05-07 16:44:28.380 24132 24132 I Routine@Core[4.5.00.57]: RoutineDataMigrator: isAvailableToMigrate() newPackageName:com.android.settings, newTag:accessibility_color_correction, isAvailableToMigrate:true
05-07 16:44:28.380 25030 25030 V GraphicsEnvironment: Neither updatable production driver nor prerelease driver is supported.
05-07 16:44:28.380 24132 24132 E Routine@Core[4.5.00.57]: RoutineDataMigrator: deprecateOldTag() ActionMeta with oldTag(command://com.samsung.accessibility.command/ColorCorrectionRoutine), oldPackageName(com.samsung.accessibility) does not exist.
05-07 16:44:28.380 24132 24132 I Routine@Core[4.5.00.57]: RoutineDataMigrator: isAvailableToMigrate() newPackageName:com.android.settings, newTag:accessibility_color_filter, isAvailableToMigrate:true
05-07 16:44:28.380 24132 24132 E Routine@Core[4.5.00.57]: RoutineDataMigrator: deprecateOldTag() ActionMeta with oldTag(command://com.samsung.accessibility.command/ColorLensRoutine), oldPackageName(com.samsung.accessibility) does not exist.
05-07 16:44:28.380 24132 24132 I Routine@Core[4.5.00.57]: RoutineDataMigrator: isAvailableToMigrate() newPackageName:com.android.settings, newTag:accessibility_color_inversion, isAvailableToMigrate:true
05-07 16:44:28.380 24132 24132 E Routine@Core[4.5.00.57]: RoutineDataMigrator: deprecateOldTag() ActionMeta with oldTag(command://com.samsung.accessibility.command/toggle_inversion_preference), oldPackageName(com.samsung.accessibility) does not exist.
05-07 16:44:28.380 24132 24132 I Routine@Core[4.5.00.57]: RoutineDataMigrator: isAvailableToMigrate() newPackageName:com.android.settings, newTag:accessibility_extra_dim, isAvailableToMigrate:true
05-07 16:44:28.380 24132 24132 E Routine@Core[4.5.00.57]: RoutineDataMigrator: deprecateOldTag() ActionMeta with oldTag(accessibility_extra_dim), oldPackageName(com.samsung.accessibility) does not exist.
05-07 16:44:28.380 24132 24132 I Routine@Core[4.5.00.57]: RoutineDataMigrator: isAvailableToMigrate() newPackageName:com.android.settings, newTag:accessibility_live_caption, isAvailableToMigrate:true
05-07 16:44:28.381 24132 24132 E Routine@Core[4.5.00.57]: RoutineDataMigrator: deprecateOldTag() ActionMeta with oldTag(command://com.samsung.accessibility.command/LiveCaptionRoutine), oldPackageName(com.samsung.accessibility) does not exist.
05-07 16:44:28.381 24132 24132 I Routine@Core[4.5.00.57]: RoutineDataMigrator: isAvailableToMigrate() newPackageName:com.android.settings, newTag:accessibility_mono_audio, isAvailableToMigrate:true
05-07 16:44:28.381 24132 24132 E Routine@Core[4.5.00.57]: RoutineDataMigrator: deprecateOldTag() ActionMeta with oldTag(command://com.samsung.accessibility.command/mono_audio_support_dual_spk_key), oldPackageName(com.samsung.accessibility) does not exist.
05-07 16:44:28.381 24132 24132 I Routine@Core[4.5.00.57]: RoutineDataMigrator: isAvailableToMigrate() newPackageName:com.android.settings, newTag:accessibility_mute_all_sounds, isAvailableToMigrate:false
05-07 16:44:28.381 24132 24132 W Routine@Core[4.5.00.57]: RoutineDataMigrator: canMigrate: newTag (accessibility_mute_all_sounds) is not available to migrate
05-07 16:44:28.381 24132 24132 I Routine@Core[4.5.00.57]: RoutineDataMigrator: isAvailableToMigrate() newPackageName:com.android.settings, newTag:accessibility_screen_flash, isAvailableToMigrate:true
05-07 16:44:28.381 24132 24132 E Routine@Core[4.5.00.57]: RoutineDataMigrator: deprecateOldTag() ActionMeta with oldTag(command://com.samsung.accessibility.command/screen), oldPackageName(com.samsung.accessibility) does not exist.
05-07 16:44:28.381 24132 24132 I Routine@Core[4.5.00.57]: RoutineDataMigrator: isAvailableToMigrate() newPackageName:com.android.settings, newTag:accessibility_sound_balance, isAvailableToMigrate:true
05-07 16:44:28.381 24132 24132 E Routine@Core[4.5.00.57]: RoutineDataMigrator: deprecateOldTag() ActionMeta with oldTag(accessibility_sound_balance), oldPackageName(com.samsung.accessibility) does not exist.
05-07 16:44:28.381 24132 24132 I Routine@Core[4.5.00.57]: RoutineDataMigrator: isAvailableToMigrate() newPackageName:com.samsung.android.waterplugin, newTag:watch_theater_mode, isAvailableToMigrate:false
05-07 16:44:28.381 24132 24132 W Routine@Core[4.5.00.57]: RoutineDataMigrator: canMigrate: newTag (watch_theater_mode) is not available to migrate
05-07 16:44:28.381 24132 24132 I Routine@Core[4.5.00.57]: RoutineDataMigrator: isAvailableToMigrate() newPackageName:com.samsung.android.heartplugin, newTag:watch_theater_mode, isAvailableToMigrate:false
05-07 16:44:28.381 24132 24132 W Routine@Core[4.5.00.57]: RoutineDataMigrator: canMigrate: newTag (watch_theater_mode) is not available to migrate
05-07 16:44:28.381 24132 24132 I Routine@Core[4.5.00.57]: RoutineDataMigrator: isAvailableToMigrate() newPackageName:com.samsung.android.lool, newTag:dc_enhanced_processing, isAvailableToMigrate:false
05-07 16:44:28.381 24132 24132 W Routine@Core[4.5.00.57]: RoutineDataMigrator: canMigrate: newTag (dc_enhanced_processing) is not available to migrate
05-07 16:44:28.381 24132 24132 I Routine@Core[4.5.00.57]: RoutineDataMigrator: isAvailableToMigrate() newPackageName:com.samsung.android.lool, newTag:dc_fast_cable_charging, isAvailableToMigrate:true
05-07 16:44:28.385 24132 24132 E Routine@Core[4.5.00.57]: RoutineDataMigrator: deprecateOldTag() ActionMeta with oldTag(fast_cable_charging), oldPackageName(com.samsung.android.lool) does not exist.
05-07 16:44:28.385 24132 24132 I Routine@Core[4.5.00.57]: RoutineDataMigrator: isAvailableToMigrate() newPackageName:com.samsung.android.lool, newTag:dc_fast_wireless_charging, isAvailableToMigrate:false
05-07 16:44:28.385 24132 24132 W Routine@Core[4.5.00.57]: RoutineDataMigrator: canMigrate: newTag (dc_fast_wireless_charging) is not available to migrate
05-07 16:44:28.385 24132 24132 I Routine@Core[4.5.00.57]: RoutineDataMigrator: isAvailableToMigrate() newPackageName:com.samsung.android.lool, newTag:dc_processing_speed, isAvailableToMigrate:false
05-07 16:44:28.385 24132 24132 W Routine@Core[4.5.00.57]: RoutineDataMigrator: canMigrate: newTag (dc_processing_speed) is not available to migrate
05-07 16:44:28.385 24132 24132 I Routine@Core[4.5.00.57]: RoutineDataMigrator: isAvailableToMigrate() newPackageName:com.samsung.android.lool, newTag:dc_protect_battery, isAvailableToMigrate:true
05-07 16:44:28.385 24132 24132 E Routine@Core[4.5.00.57]: RoutineDataMigrator: deprecateOldTag() ActionMeta with oldTag(protect_battery), oldPackageName(com.samsung.android.lool) does not exist.
05-07 16:44:28.385 24132 24132 I Routine@Core[4.5.00.57]: RoutineDataMigrator: isAvailableToMigrate() newPackageName:com.samsung.android.lool, newTag:dc_super_fast_cable_charging, isAvailableToMigrate:false
05-07 16:44:28.385 24132 24132 W Routine@Core[4.5.00.57]: RoutineDataMigrator: canMigrate: newTag (dc_super_fast_cable_charging) is not available to migrate
05-07 16:44:28.385 24132 24132 I Routine@Core[4.5.00.57]: RoutineDataMigrator: isAvailableToMigrate() newPackageName:com.samsung.android.sm_cn, newTag:dc_enhanced_processing, isAvailableToMigrate:false
05-07 16:44:28.385 24132 24132 W Routine@Core[4.5.00.57]: RoutineDataMigrator: canMigrate: newTag (dc_enhanced_processing) is not available to migrate
05-07 16:44:28.385 24132 24132 I Routine@Core[4.5.00.57]: RoutineDataMigrator: isAvailableToMigrate() newPackageName:com.samsung.android.sm_cn, newTag:dc_fast_cable_charging, isAvailableToMigrate:false
05-07 16:44:28.385 24132 24132 W Routine@Core[4.5.00.57]: RoutineDataMigrator: canMigrate: newTag (dc_fast_cable_charging) is not available to migrate
05-07 16:44:28.385 24132 24132 I Routine@Core[4.5.00.57]: RoutineDataMigrator: isAvailableToMigrate() newPackageName:com.samsung.android.sm_cn, newTag:dc_fast_wireless_charging, isAvailableToMigrate:false
05-07 16:44:28.385 24132 24132 W Routine@Core[4.5.00.57]: RoutineDataMigrator: canMigrate: newTag (dc_fast_wireless_charging) is not available to migrate
05-07 16:44:28.385 24132 24132 I Routine@Core[4.5.00.57]: RoutineDataMigrator: isAvailableToMigrate() newPackageName:com.samsung.android.sm_cn, newTag:dc_power_mode_action, isAvailableToMigrate:false
05-07 16:44:28.385 24132 24132 W Routine@Core[4.5.00.57]: RoutineDataMigrator: canMigrate: newTag (dc_power_mode_action) is not available to migrate
05-07 16:44:28.385 24132 24132 I Routine@Core[4.5.00.57]: RoutineDataMigrator: isAvailableToMigrate() newPackageName:com.samsung.android.sm_cn, newTag:dc_processing_speed, isAvailableToMigrate:false
05-07 16:44:28.385 24132 24132 W Routine@Core[4.5.00.57]: RoutineDataMigrator: canMigrate: newTag (dc_processing_speed) is not available to migrate
05-07 16:44:28.385 24132 24132 I Routine@Core[4.5.00.57]: RoutineDataMigrator: isAvailableToMigrate() newPackageName:com.samsung.android.sm_cn, newTag:dc_protect_battery, isAvailableToMigrate:false
05-07 16:44:28.385 24132 24132 W Routine@Core[4.5.00.57]: RoutineDataMigrator: canMigrate: newTag (dc_protect_battery) is not available to migrate
05-07 16:44:28.385 24132 24132 I Routine@Core[4.5.00.57]: RoutineDataMigrator: isAvailableToMigrate() newPackageName:com.samsung.android.sm_cn, newTag:dc_super_fast_cable_charging, isAvailableToMigrate:false
05-07 16:44:28.385 24132 24132 W Routine@Core[4.5.00.57]: RoutineDataMigrator: canMigrate: newTag (dc_super_fast_cable_charging) is not available to migrate
05-07 16:44:28.385 24132 24132 I Routine@Core[4.5.00.57]: RoutineDataMigrator: isAvailableToMigrate() newPackageName:com.samsung.android.app.dressroom, newTag:change_lock_screen_wallpaper_profile, isAvailableToMigrate:true
05-07 16:44:28.386 24132 24132 I Routine@Core[4.5.00.57]: RoutineDataMigrator: routineId: 1, instanceInfoList: []
05-07 16:44:28.386 24132 24132 I Routine@Core[4.5.00.57]: RoutineDataMigrator: isAvailableToMigrate() newPackageName:com.samsung.android.app.routines, newTag:nfc_on_off, isAvailableToMigrate:true
05-07 16:44:28.386 24132 24132 E Routine@Core[4.5.00.57]: RoutineDataMigrator: deprecateOldTag() ActionMeta with oldTag(nfc_on), oldPackageName(com.samsung.android.app.routines) does not exist.
05-07 16:44:28.386 24132 24132 I Routine@Core[4.5.00.57]: RoutineDataMigrator: isAvailableToMigrate() newPackageName:com.samsung.android.app.routines, newTag:vibrate_once, isAvailableToMigrate:true
05-07 16:44:28.386 24132 24132 E Routine@Core[4.5.00.57]: RoutineDataMigrator: deprecateOldTag() ActionMeta with oldTag(vibration), oldPackageName(com.samsung.android.app.routines) does not exist.
05-07 16:44:28.386 24132 24132 I Routine@Core[4.5.00.57]: RoutineDataMigrator: isAvailableToMigrate() newPackageName:com.samsung.android.app.routines, newTag:show_action_list, isAvailableToMigrate:true
05-07 16:44:28.386 24132 24132 I Routine@Core[4.5.00.57]: RoutineDataMigrator: deprecateOldTag() should not deprecate oldTag(show_action_list
05-07 16:44:28.386 24132 24132 I Routine@Core[4.5.00.57]: RoutineDataMigrator: migration - end
05-07 16:44:28.391 24132 24132 I Routine@Core[4.5.00.57]: SleepScheduleInfoRequester: getMigrationDataAboutSleepSchedule
05-07 16:44:28.394 24327 24346 I ProviderCallHandler: execute getMigrationDataAboutSleepSchedule by com.samsung.android.app.routines
05-07 16:44:28.394 24327 24346 I ProviderCallHandler: getMigrationDataAboutSleepSchedule
05-07 16:44:28.394 24327 24346 I RoutineUtil: isRoutinePackageEnabled true
05-07 16:44:28.394 24327 24346 I RoutineUtil: startSmartThingsDataMigration-> migration request without restore
05-07 16:44:28.394 24327 24346 I RoutineUtil: startSmartThingsDataMigration-> start smartthings migration
05-07 16:44:28.394 24327 24346 I RoutineUtil: startSmartThingsDataMigration-> bedtimeConfigData: null
05-07 16:44:28.394 24327 24346 I RoutineUtil: startSmartThingsDataMigration-> wakeUpConfigData: null
05-07 16:44:28.394 24327 24346 I RoutineUtil: startSmartThingsDataMigration-> bedtimeMasterSwitch: false
05-07 16:44:28.394 24327 24346 I RoutineUtil: startSmartThingsDataMigration-> wakeuptimeMasterSwitch: false
05-07 16:44:28.394 24327 24346 I RoutineUtil: startSmartThingsDataMigration-> bedTimeSelectedItem: -1
05-07 16:44:28.394 24327 24346 I RoutineUtil: startSmartThingsDataMigration-> wakeupTimeSelectedItem: 0
05-07 16:44:28.394 24327 24346 I RoutineUtil: startSmartThingsDataMigration-> bedtimeMode: true
05-07 16:44:28.395 24132 24132 I Routine@Core[4.5.00.57]: SleepScheduleInfoRequester: getMigrationDataAboutSleepSchedule : isSourceSos(false)
05-07 16:44:28.395 24132 24132 I Routine@Core[4.5.00.57]: SleepScheduleInfoRequester: getMigrationDataAboutSleepSchedule : sleepScheduleList([])
05-07 16:44:28.395 24132 24132 I Routine@Core[4.5.00.57]: SleepScheduleInfoRequester: getMigrationDataAboutSleepSchedule : isBedTimeSynced(true)
05-07 16:44:28.395 24132 24132 I Routine@Core[4.5.00.57]: SleepScheduleMigrator: migrateSleepMode: MigrationResultState is NOT YET, try migration
05-07 16:44:28.395 24132 24132 I Routine@Core[4.5.00.57]: SleepScheduleMigrator: migrateSleepMode: try migration dwb data
05-07 16:44:28.395 24132 24132 I Routine@Core[4.5.00.57]: SleepScheduleMigrator: migrateDWBData
05-07 16:44:28.397 23951 23951 D BoundBrokerSvc: onBind: Intent { act=com.google.android.gms.feedback.internal.IFeedbackService dat=chimera-action:/... cmp=com.google.android.gms/.chimera.GmsBoundBrokerService }
05-07 16:44:28.398 23951 23951 D BoundBrokerSvc: Loading bound service for intent: Intent { act=com.google.android.gms.feedback.internal.IFeedbackService dat=chimera-action:/... cmp=com.google.android.gms/.chimera.GmsBoundBrokerService }
05-07 16:44:28.399 24132 24132 I Routine@Core[4.5.00.57]: SleepScheduleMigrator: migrateDWBData: do not have Migration data about DWB
05-07 16:44:28.399 24132 24132 I Routine@Core[4.5.00.57]: SmartThingsMetadataUpdater: calculate: isEnabled=false
05-07 16:44:28.400 24132 24132 I Routine@Core[4.5.00.57]: LifestyleModeMigrator: migrate
05-07 16:44:28.405 1349 9382 I ActivityManager: Flag disabled. Ignoring finishAttachApplication from uid: 1000. pid: 25030
05-07 16:44:28.405 2283 2307 I ndroid.systemui: Background concurrent copying GC freed 260025(14MB) AllocSpace objects, 2(152KB) LOS objects, 49% free, 22MB/45MB, paused 231us,102us total 349.320ms
05-07 16:44:28.410 1349 9382 I ActivityManager: Flag disabled. Ignoring finishAttachApplication from uid: 1000. pid: 25039
05-07 16:44:28.411 1349 1731 D AccessibilityManagerService: currentTargets : [] targetsFromSetting : []
05-07 16:44:28.411 1349 1731 D AccessibilityManagerService: componentId : null userState.getTargetAssignedToAccessibilityButton() : null
05-07 16:44:28.412 1349 1731 D AccessibilityManagerService: readAccessibilityDirectAccessSettingLocked currentTargets : [] targetsFromSetting : []
05-07 16:44:28.413 24132 24132 I Routine@Core[4.5.00.57]: Pref: putSharedPrefsData() key=routine_meta_data_loading_statue
05-07 16:44:28.415 23951 24057 I Icing : IndexChimeraService.getServiceInterface callingPackage=com.google.android.gms componentName=null serviceId=30
05-07 16:44:28.417 1349 1731 D KNOX_MDM_SettingsProvider: isChangeAllowed() : name = accessibility_enabled
05-07 16:44:28.419 1349 1731 D WindowMagnificationMgr: requestConnection :false mConnectionState : 3
05-07 16:44:28.419 1349 1731 W WindowMagnificationMgr: requestConnection duplicated request: connect=false, mConnectionState=DISCONNECTED
05-07 16:44:28.419 24132 24132 I Routine@Core[4.5.00.57]: DatabaseJobIntentService: Stop no more task
05-07 16:44:28.420 24132 24132 I Routine@Core[4.5.00.57]: RoutineService: onDestroy
05-07 16:44:28.420 24132 24132 I Routine@Core[4.5.00.57]: ServiceExt: setServiceForeground: isForeground=false, reason=ROUTINE_SERVICE
05-07 16:44:28.421 24132 24132 I Routine@Core[4.5.00.57]: MetadataLoaderJobService: onDestroy
05-07 16:44:28.424 1144 1321 I SurfaceFlinger: id=4341 Removed Surface(name=b653f29 org.qtproject.example.hellogles3/org.qtproject.qt.android.bindings.QtActivity)/@0xfb1f76a - animation-leash of starting_reveal#4341 (121)
05-07 16:44:28.425 1144 1286 W ComposerExtn: DisplayExtnImpl::SetActiveConfig: HWC Display 0 is not registered!
05-07 16:44:28.432 1144 1222 I SurfaceFlinger: id=4288 Removed Surface(name=Task=35)/@0x5343983_transition-leash#4288 (121)
05-07 16:44:28.433 1144 1321 I SurfaceFlinger: id=4285 Removed Surface(name=Task=36)/@0x4889832_transition-leash#4285 (121)
05-07 16:44:28.434 1144 1144 I Layer : id=4288 Destroyed Surface(name=Task=35)/@0x5343983_transition-leash#4288
05-07 16:44:28.434 1144 1144 I Layer : id=4341 Destroyed Surface(name=b653f29 org.qtproject.example.hellogles3/org.qtproject.qt.android.bindings.QtActivity)/@0xfb1f76a - animation-leash of starting_reveal#4341
05-07 16:44:28.434 1144 1144 I Layer : id=4285 Destroyed Surface(name=Task=36)/@0x4889832_transition-leash#4285
05-07 16:44:28.435 2283 2312 W System : A resource failed to call release.
05-07 16:44:28.435 2283 2312 W System : A resource failed to call release.
05-07 16:44:28.435 2283 2312 W System : A resource failed to call release.
05-07 16:44:28.436 2283 2312 W System : A resource failed to call release.
05-07 16:44:28.436 2283 2312 W System : A resource failed to call release.
05-07 16:44:28.436 2283 2312 W System : A resource failed to call release.
05-07 16:44:28.436 2283 2312 W System : A resource failed to call release.
05-07 16:44:28.437 23951 24056 I Icing : Usage reports ok 1, Failed Usage reports 0, indexed 0, rejected 0
05-07 16:44:28.437 1144 1222 I SurfaceFlinger: id=4272 Removed Task=36#4272 (118)
05-07 16:44:28.437 997 1274 I SDM : HWDeviceDRM::UpdateMixerAttributes: Mixer WxH 1200x1920-0 for Peripheral
05-07 16:44:28.437 997 1274 I SDM : HWCDisplay::SubmitDisplayConfig: Active configuration changed to: 0
05-07 16:44:28.439 1349 1731 D AccessibilityManagerService: currentTargets : [] targetsFromSetting : []
05-07 16:44:28.439 1349 1731 D AccessibilityManagerService: componentId : null userState.getTargetAssignedToAccessibilityButton() : null
05-07 16:44:28.441 24305 24305 I Routine@Ui[4.5.00.57]: MetadataSyncHistory: latest : 4.5.00.57, currentVersion : 4.5.00.57
05-07 16:44:28.441 1349 1731 D AccessibilityManagerService: readAccessibilityDirectAccessSettingLocked currentTargets : [] targetsFromSetting : []
05-07 16:44:28.441 1349 1731 D KNOX_MDM_SettingsProvider: isChangeAllowed() : name = accessibility_enabled
05-07 16:44:28.442 1349 1731 D WindowMagnificationMgr: requestConnection :false mConnectionState : 3
05-07 16:44:28.442 1349 1731 W WindowMagnificationMgr: requestConnection duplicated request: connect=false, mConnectionState=DISCONNECTED
05-07 16:44:28.442 1349 1731 I SGM:GameManager: PkgUpdateReceiver, onReceive action =android.intent.action.PACKAGE_ADDED changingUserId =0
05-07 16:44:28.442 1349 1731 I SGM:GameManager: PkgUpdateReceiver, onPackageAdded : org.qtproject.example.hellogles3 userHandle : UserHandle{0} userId : 0
05-07 16:44:28.443 1349 1731 I SGM:GameManager: PkgUpdateReceiver, com.samsung.android.game.gos is enabled : true
05-07 16:44:28.443 1349 1961 D SGM:GosNotifyThread: notifyPackageChangedToGos(), before send intent to GOS. type:15, changeType: 0, pkgName:org.qtproject.example.hellogles3, userHandleId:0
05-07 16:44:28.447 1349 1961 D SGM:GosNotifyThread: notifyPackageChangedToGos(), after send intent to GOS. ComponentInfo{com.samsung.android.game.gos/com.samsung.android.game.gos.service.GameIntentService}
05-07 16:44:28.449 23882 25118 I GOS:GameIntentService: onHandleIntent. begin
05-07 16:44:28.449 23882 25118 I GOS:GameIntentService: onHandleIntent. GameIntentService. type 15
05-07 16:44:28.450 1349 1731 I SearchManagerService: updateSearchables
05-07 16:44:28.450 1144 1144 I Layer : id=4272 Destroyed Task=36#4272
05-07 16:44:28.451 1349 1731 I SearchManagerService: updateSearchables
05-07 16:44:28.455 1349 1731 D LauncherApps: onPackageChanged 0,org.qtproject.example.hellogles3
05-07 16:44:28.456 19482 19532 D LauncherApps: onPackageChanged 0,org.qtproject.example.hellogles3
05-07 16:44:28.456 2625 2625 I HoneySpace.PackageOperationTracker: onPackageChanged - org.qtproject.example.hellogles3 UserHandle{0}
05-07 16:44:28.457 2283 10580 D LauncherApps: onPackageChanged 0,org.qtproject.example.hellogles3
05-07 16:44:28.458 2625 23475 I HoneySpace.PackageSourceImpl: addActivityToList [ADD] : org.qtproject.example.hellogles3/org.qtproject.qt.android.bindings.QtActivity#UserHandle{0}
05-07 16:44:28.458 2625 23475 I HoneySpace.IconCache: remove icon cache & DB : ComponentInfo{org.qtproject.example.hellogles3/org.qtproject.qt.android.bindings.QtActivity}
05-07 16:44:28.462 23882 23882 I GOS:MainIntentService: onCreate
05-07 16:44:28.463 23882 25119 I GOS:MainIntentService: onHandleIntent. begin
05-07 16:44:28.463 23882 25119 I GOS:MainIntentService: onHandleIntent(). type(PACKAGE_CHANGED) from 2
05-07 16:44:28.464 23882 25119 I GOS:MainIntentService: onHandleIntent(). type(PACKAGE_CHANGED), changeType(INSTALLED), pkgName(org.qtproject.example.hellogles3)
05-07 16:44:28.464 2625 23475 I LauncherActivityInfo: packageName: org.qtproject.example.hellogles3, useThemeIcon: false, height: 108, width: 108, density: 480
05-07 16:44:28.465 23882 25119 I GOS:SystemEventReactor: onPackageInstalled(). packageName: org.qtproject.example.hellogles3
05-07 16:44:28.466 23951 24056 I Icing : Usage reports ok 0, Failed Usage reports 0, indexed 0, rejected 0
05-07 16:44:28.470 23882 23882 I GOS:MainIntentService: onDestroy
05-07 16:44:28.474 2625 24228 I HoneySpace.IconCache: add icon DB: [org.qtproject.example.hellogles3/org.qtproject.qt.android.bindings.QtActivity#UserHandle{0}] - IconAndLabel(icon=android.graphics.Bitmap@e764433, label=hellogles3) | false | false
05-07 16:44:28.475 972 23421 I sensors-hal: handle_sns_client_event:44, ambient_light_event: ts=521074169271184, event=615.000000
05-07 16:44:28.476 2625 23475 I HoneySpace.PackageSourceImpl: package changed info list size : 1
05-07 16:44:28.477 2625 2625 I HoneySpace.HoneySpaceManagerContainer: packageUpdateEvent - com.honeyspace.sdk.source.entity.PackageOperation$Changed@394c3f0
05-07 16:44:28.477 2625 2625 I HoneySpace.HoneySpaceManagerContainer: refreshHoneyPlugin, packageName: org.qtproject.example.hellogles3
05-07 16:44:28.477 2625 23472 I HoneySpace.HoneySpacePackageSourceImpl: Package changed : org.qtproject.example.hellogles3
05-07 16:44:28.477 2625 23472 I HoneySpace.HoneySpacePackageSourceImpl: getHiddenItems : 0
05-07 16:44:28.477 2625 23472 I HoneySpace.HoneySpacePackageSourceImpl: addActiveItem [ADD] : org.qtproject.example.hellogles3/org.qtproject.qt.android.bindings.QtActivity#UserHandle{0}
05-07 16:44:28.477 2625 23477 I SearchableManager: invalidate: org.qtproject.example.hellogles3
05-07 16:44:28.480 23951 24056 I Icing : Indexing com.google.android.gms-apps from com.google.android.gms
05-07 16:44:28.480 2625 2625 I HoneySpace.HoneySpacePackageSourceImpl: getHiddenItems : 0
05-07 16:44:28.492 23951 24056 I Icing : Indexing done com.google.android.gms-apps
05-07 16:44:28.512 1349 1731 D MetaDataCollector: onReceive: begin action=android.intent.action.PACKAGE_ADDED
05-07 16:44:28.513 1349 1731 D MetaDataCollector: onReceive: done pkgName=org.qtproject.example.hellogles3
05-07 16:44:28.516 1349 1731 I SGM:GameManager: PkgUpdateReceiver, onReceive action =android.intent.action.PACKAGE_REPLACED changingUserId =0
05-07 16:44:28.516 1349 1731 I SGM:GameManager: PkgUpdateReceiver, onPackageReplaced : org.qtproject.example.hellogles3 userID : UserHandle{0}
05-07 16:44:28.516 1349 1731 D MetaDataCollector: onReceive: begin action=android.intent.action.PACKAGE_REPLACED
05-07 16:44:28.516 1349 1731 D MetaDataCollector: onReceive: done pkgName=org.qtproject.example.hellogles3
05-07 16:44:28.517 1349 1961 D SGM:GosNotifyThread: notifyPackageChangedToGos(), before send intent to GOS. type:15, changeType: 8, pkgName:org.qtproject.example.hellogles3, userHandleId:0
05-07 16:44:28.520 1349 1961 D SGM:GosNotifyThread: notifyPackageChangedToGos(), after send intent to GOS. ComponentInfo{com.samsung.android.game.gos/com.samsung.android.game.gos.service.GameIntentService}
05-07 16:44:28.523 23882 25127 I GOS:GameIntentService: onHandleIntent. begin
05-07 16:44:28.523 23882 25127 I GOS:GameIntentService: onHandleIntent. GameIntentService. type 15
05-07 16:44:28.526 23882 23882 I GOS:MainIntentService: onCreate
05-07 16:44:28.527 23882 25128 I GOS:MainIntentService: onHandleIntent. begin
05-07 16:44:28.527 23882 25128 I GOS:MainIntentService: onHandleIntent(). type(PACKAGE_CHANGED) from 2
05-07 16:44:28.527 23882 25128 I GOS:MainIntentService: onHandleIntent(). type(PACKAGE_CHANGED), changeType(REPLACED), pkgName(org.qtproject.example.hellogles3)
05-07 16:44:28.527 23882 25128 I GOS:SystemEventReactor: onPackageUpdated(). packageName: org.qtproject.example.hellogles3, versionCode: 1
05-07 16:44:28.529 23882 23882 I GOS:MainIntentService: onDestroy
05-07 16:44:28.535 1349 2554 D ActivityManager: force stop from com.android.server.am.ActivityManagerService.forceStopPackage:4545 com.android.server.am.ActivityManagerShellCommand.runForceStop:1710
05-07 16:44:28.535 1349 2554 I ActivityManager: Force stopping org.qtproject.example.hellogles3 appid=10257 user=0: from pid 25126
05-07 16:44:28.540 1349 2554 I AppsFilter: interaction: PackageSetting{883d27f org.qtproject.example.camera/10241} -> PackageSetting{e702573 org.qtproject.example.hellogles3/10257} BLOCKED
05-07 16:44:28.546 2145 2145 D CarrierSvcBindHelper: onHandleForceStop: [org.qtproject.example.hellogles3]
05-07 16:44:28.546 2145 2145 D CarrierSvcBindHelper: No carrier app for: 0
05-07 16:44:28.547 1349 1719 D LocationManagerService: package org.qtproject.example.hellogles3 reset
05-07 16:44:28.557 24474 24474 I SCS@AiSearch user 0: (PackageBroadcastReceiver) onReceive android.intent.action.PACKAGE_REMOVED
05-07 16:44:28.557 24474 24474 I SCS@AiSearch user 0: (PackageBroadcastReceiver) packageName: org.qtproject.example.hellogles3
05-07 16:44:28.558 24474 24474 I SCS@AiSearch user 0: (PackageBroadcastReceiver) Packages changed: [org.qtproject.example.hellogles3]
05-07 16:44:28.558 24474 24474 I SCS@AiSearch user 0: (AppsDataObserver) scheduling worker CMD_UPDATE_LIST
05-07 16:44:28.559 24474 24474 I SCS@AiSearch user 0: (PackageBroadcastReceiver) onReceive android.intent.action.PACKAGE_ADDED
05-07 16:44:28.560 24474 24474 I SCS@AiSearch user 0: (PackageBroadcastReceiver) packageName: org.qtproject.example.hellogles3
05-07 16:44:28.560 24474 24474 I SCS@AiSearch user 0: (PackageBroadcastReceiver) Packages changed: [org.qtproject.example.hellogles3]
05-07 16:44:28.560 24474 24474 I SCS@AiSearch user 0: (AppsDataObserver) scheduling worker CMD_UPDATE_LIST
05-07 16:44:28.563 1349 1378 D PackageManager: setEnabledSetting : userId = 0 packageName = com.samsung.android.scs cmp = androidx.work.impl.background.systemalarm.RescheduleReceiver newState = 1 callingPackage = com.samsung.android.scs
05-07 16:44:28.563 1349 1378 D ApplicationPolicy: getApplicationStateEnabled : pkg = com.samsung.android.scs userId : 0
05-07 16:44:28.564 1349 1378 D ApplicationPolicy: getApplicationComponentState : pkg = com.samsung.android.scs userId : 0
05-07 16:44:28.569 1349 1373 I system_server: Background concurrent copying GC freed 598183(30MB) AllocSpace objects, 25(748KB) LOS objects, 26% free, 67MB/91MB, paused 631us,86us total 513.157ms
05-07 16:44:28.575 972 23421 I sensors-hal: handle_sns_client_event:44, ambient_light_event: ts=521074269269100, event=616.000000
05-07 16:44:28.582 1349 1375 W System : A resource failed to call close.
05-07 16:44:28.582 1349 1375 W System : A resource failed to call close.
05-07 16:44:28.582 1349 1375 W System : A resource failed to call HardwareBuffer.close.
05-07 16:44:28.588 1349 1375 W system_server: ApkAssets: Deleting an ApkAssets object ' and /data/app/~~_y8Vk2iuTeeSvNh6CUKquA==/org.qtproject.example.camera-0_9fmy1dUcQpX_HpwsGMRw==/base.apk' with 1 weak references
05-07 16:44:28.636 1349 1732 I SemDvfsHyPerManager: acquire hyper - APP_LAUNCH/1349@32, type = -999
05-07 16:44:28.636 1349 1378 D ActivityTaskManager: startActivityAsUser: callingPid=25147, callingUid=2000, caller=com.android.server.wm.ActivityTaskManagerService.startActivityAsUser:1818 com.android.server.am.ActivityManagerService.startActivityAsUserWithFeature:3817 com.android.server.am.ActivityManagerShellCommand.runStartActivity:779 com.android.server.am.ActivityManagerShellCommand.onCommand:253 com.android.modules.utils.BasicShellCommandHandler.exec:97 android.os.ShellCommand.exec:38 com.android.server.am.ActivityManagerService.onShellCommand:11897
05-07 16:44:28.636 975 1107 I HYPER-HAL: [RequestManager.cpp]acquire(): Acquired ID : 954303 [1349 / 32] HINT : APP_LAUNCH list :
05-07 16:44:28.637 1349 1723 I ChimeraSystemEventListener: appLaunchIntent package name is: org.qtproject.example.hellogles3
05-07 16:44:28.637 1349 1723 I ActivityManager: Force stopping org.qtproject.example.hellogles3 appid=10257 user=-1: set debug app
05-07 16:44:28.638 975 1107 I HYPER-HAL: [ResourceManager.cpp]updateResource(): [CPULittleMinFreq] UpdateResource Request ID : 954303 Value : 1804800
05-07 16:44:28.638 3560 3560 I SDHMS:o : update midground cpus to 0-1
05-07 16:44:28.641 1349 1378 W ActivityTaskManager: callingPackage for (uid=2000, pid=25147) has no WPC
05-07 16:44:28.642 1349 1378 D CompatibilityChangeReporter: Compat change id reported: 265464455; UID 10257; state: DISABLED
05-07 16:44:28.642 975 1107 E HYPER-HAL: [HandlerSysfs.cpp]doResourceHandling(): Couldn't Open Sysfs - /sys/class/scsi_host/host0/../../../clkscale_enable
05-07 16:44:28.642 1349 1378 D CompatibilityChangeReporter: Compat change id reported: 265452344; UID 10257; state: DISABLED
05-07 16:44:28.642 1349 1378 D CompatibilityChangeReporter: Compat change id reported: 266124927; UID 10257; state: DISABLED
05-07 16:44:28.642 1349 1378 D CompatibilityChangeReporter: Compat change id reported: 265451093; UID 10257; state: DISABLED
05-07 16:44:28.642 1349 1378 D CompatibilityChangeReporter: Compat change id reported: 265456536; UID 10257; state: DISABLED
05-07 16:44:28.643 1349 1378 D CompatibilityChangeReporter: Compat change id reported: 255940284; UID 10257; state: DISABLED
05-07 16:44:28.643 1349 1378 D CompatibilityChangeReporter: Compat change id reported: 236283604; UID 10257; state: DISABLED
05-07 16:44:28.643 1349 1378 D CompatibilityChangeReporter: Compat change id reported: 263959004; UID 10257; state: DISABLED
05-07 16:44:28.643 975 1107 I HYPER-HAL: [ResourceManager.cpp]updateResource(): [CPUMinFreq] UpdateResource Request ID : 954303 Value : 2208000
05-07 16:44:28.643 1349 1378 D CompatibilityChangeReporter: Compat change id reported: 264304459; UID 10257; state: DISABLED
05-07 16:44:28.643 1349 1378 D CompatibilityChangeReporter: Compat change id reported: 264301586; UID 10257; state: DISABLED
05-07 16:44:28.644 1349 1378 D CompatibilityChangeReporter: Compat change id reported: 254631730; UID 10257; state: DISABLED
05-07 16:44:28.644 1349 1378 D CompatibilityChangeReporter: Compat change id reported: 273509367; UID 10257; state: DISABLED
05-07 16:44:28.644 1349 1378 D CompatibilityChangeReporter: Compat change id reported: 263259275; UID 10257; state: DISABLED
05-07 16:44:28.644 1349 1378 D CompatibilityChangeReporter: Compat change id reported: 174042980; UID 10257; state: DISABLED
05-07 16:44:28.644 1349 1378 D CompatibilityChangeReporter: Compat change id reported: 174042936; UID 10257; state: DISABLED
05-07 16:44:28.644 1349 1378 D CompatibilityChangeReporter: Compat change id reported: 181136395; UID 10257; state: DISABLED
05-07 16:44:28.646 1349 1378 D CompatibilityChangeReporter: Compat change id reported: 194480991; UID 10257; state: ENABLED
05-07 16:44:28.647 1349 1378 D WindowManager: Transition is created, t=TransitionRecord{9405dcc id=-1 type=OPEN flags=0x0}, caller=com.android.server.wm.TransitionController.createAndStartCollecting:1673 com.android.server.wm.ActivityStarter.startActivityUnchecked:2252 com.android.server.wm.ActivityStarter.executeRequest:1845 com.android.server.wm.ActivityStarter.execute:1004 com.android.server.wm.ActivityTaskManagerService.startActivityAsUser:1959
05-07 16:44:28.647 1349 1378 D WindowManager: SyncGroup is created, id=161, name=Transition, caller=com.android.server.wm.BLASTSyncEngine$SyncGroup.:0 com.android.server.wm.BLASTSyncEngine.prepareSyncSet:508 com.android.server.wm.BLASTSyncEngine.startSyncSet:513 com.android.server.wm.Transition.startCollecting:697 com.android.server.wm.TransitionController.moveToCollecting:343 com.android.server.wm.TransitionController.createAndStartCollecting:1674 com.android.server.wm.ActivityStarter.startActivityUnchecked:2252
05-07 16:44:28.647 1349 1378 W WindowManager: setSyncMethod, id=161, method=0, caller=com.android.server.wm.Transition.startCollecting:699 com.android.server.wm.TransitionController.moveToCollecting:343 com.android.server.wm.TransitionController.createAndStartCollecting:1674
05-07 16:44:28.648 1349 1378 V WindowManager: Start collecting in Transition: TransitionRecord{9405dcc id=161 type=OPEN flags=0x0}, caller=com.android.server.wm.TransitionController.createAndStartCollecting:1674 com.android.server.wm.ActivityStarter.startActivityUnchecked:2252 com.android.server.wm.ActivityStarter.executeRequest:1845 com.android.server.wm.ActivityStarter.execute:1004 com.android.server.wm.ActivityTaskManagerService.startActivityAsUser:1959
05-07 16:44:28.648 1349 1378 V WindowManager: Collecting in transition 161: ActivityRecord{4c44815 u0 org.qtproject.example.hellogles3/org.qtproject.qt.android.bindings.QtActivity, caller=com.android.server.wm.TransitionController.collect:872 com.android.server.wm.ActivityStarter.startActivityUnchecked:2256 com.android.server.wm.ActivityStarter.executeRequest:1845 com.android.server.wm.ActivityStarter.execute:1004 com.android.server.wm.ActivityTaskManagerService.startActivityAsUser:1959
05-07 16:44:28.648 1349 1378 D ActivityTaskManager: TaskLaunchParamsModifier:task=null activity=ActivityRecord{4c44815 u0 org.qtproject.example.hellogles3/org.qtproject.qt.android.bindings.QtActivity t-1} display-id=0 task-display-area-windowing-mode=1 suggested-display-area=DefaultTaskDisplayArea_d0@265250060
05-07 16:44:28.649 1349 1378 D [secipm]: mSecIpmManager Preload org.qtproject.example.hellogles3 dex files
