05-07 16:44:39.632 1009 25255 I QC2C2DEngine: calcYSize: unsupported or RGB color format, RGBA8888(1)
05-07 16:44:39.650 1009 25255 I QC2C2DEngine: calcYSize: unsupported or RGB color format, RGBA8888(1)
05-07 16:44:39.660 1349 1944 D InputReader: Btn_touch(9): value=1 when=78909.698574
05-07 16:44:39.660 1349 1944 I InputReader: Touch event's action is 0x0 (id=2, t=0) [pCnt=1, s=0.459 ] when=78909.698574
05-07 16:44:39.660 1349 1943 I InputDispatcher: Delivering touch to (2625): action: 0x4, f=0x0, d=0, 'ede8149', t=1
05-07 16:44:39.660 1349 1943 I InputDispatcher: Delivering touch to (25153): action: 0x0, f=0x0, d=0, 'e637420', t=1
05-07 16:44:39.662 25153 25153 I ViewRootImpl@f9c5125[QtActivity]: ViewPostIme pointer 0
05-07 16:44:39.663 1349 1720 I GestureDetector: obtain mCurrentDownEvent. id: 1055417665 caller: com.android.server.wm.SystemGesturesPointerEventListener.onPointerEvent:204 com.android.server.wm.PointerEventDispatcher.onInputEvent:53 android.view.InputEventReceiver.dispatchInputEvent:296
05-07 16:44:39.665 1349 1720 I GestureDetector: obtain mCurrentDownEvent. id: 1055417665 caller: com.android.server.wm.SystemPerformancePointerEventListener.onPointerEvent:89 com.android.server.wm.PointerEventDispatcher.onInputEvent:53 android.view.InputEventReceiver.dispatchInputEvent:296
05-07 16:44:39.666 25153 25153 I GestureDetector: obtain mCurrentDownEvent. id: 1055417665 caller: org.qtproject.qt.android.QtWindow.onTouchEvent:74 org.qtproject.qt.android.QtLayout.onTouchEvent:53 android.view.View.dispatchTouchEvent:16212
05-07 16:44:39.670 1144 1144 I Layer : Layer [Sprite#4347] hidden!! flag(0)
05-07 16:44:39.671 1009 25255 I QC2C2DEngine: calcYSize: unsupported or RGB color format, RGBA8888(1)
05-07 16:44:39.672 1349 1720 I GestureDetector: obtain mCurrentMotionEventRaw. action: 2 id: 406859619
05-07 16:44:39.672 1349 1720 I GestureDetector: obtain mCurrentMotionEventRaw. action: 2 id: 406859619
05-07 16:44:39.675 972 23421 I sensors-hal: handle_sns_client_event:44, ambient_light_event: ts=521085369269494, event=602.000000
05-07 16:44:39.678 25153 25153 I GestureDetector: obtain mCurrentMotionEventRaw. action: 2 id: 406859619
05-07 16:44:39.688 1144 1144 D SurfaceFlinger: Display 4630946835308409729 HWC layers:
05-07 16:44:39.688 1144 1144 D SurfaceFlinger: CLIENT | 0xb400006fbcf8d790 | 0500 | RGBA_8888 | 0.0 0.0 1200.0 1812.0 | 0 36 1200 1848 | SurfaceView[org.qtproject.example.he[...]d.bindings.QtActivity]@0(BLAST)#4507
05-07 16:44:39.688 1144 1144 D SurfaceFlinger: CLIENT | 0xb400006fbcf8b6c0 | 0100 | RGBA_8888 | 0.0 0.0 1200.0 1920.0 | 0 0 1200 1920 | org.qtproject.example.hellogles3/org[...]roid.bindings.QtActivity$_25153#4377
05-07 16:44:39.688 1144 1144 D SurfaceFlinger: CLIENT | 0xb400006fb0fb6440 | 0100 | RGBA_8888 | 0.0 0.0 1200.0 36.0 | 0 0 1200 36 | StatusBar$_2283#84
05-07 16:44:39.688 1144 1144 D SurfaceFlinger: CLIENT | 0xb400006fbcf8b3b0 | 0100 | RGBA_8888 | 0.0 0.0 67.0 207.0 | 1133 432 1200 639 | com.sec.android.app.launcher/com.sam[...]e.edge.CocktailBarService$_2625#4278
05-07 16:44:39.688 1144 1144 D SurfaceFlinger: CLIENT | 0xb400006fbcf8b570 | 0100 | RGBA_8888 | 0.0 0.0 1200.0 72.0 | 0 1848 1200 1920 | TaskbarWindow$_2625#544
05-07 16:44:39.688 1144 1144 D SurfaceFlinger: CLIENT | 0xb400006fbcf8abd0 | 0100 | RGBA_8888 | 0.0 0.0 1200.0 1920.0 | 0 0 1200 1920 | PointerLocation - display 0#3661
05-07 16:44:39.688 1144 1144 D SurfaceFlinger: CLIENT | 0xb40
05-07 16:44:39.688 1144 1144 D SurfaceFlinger: 0006fbcf8c1b0 | 0100 | RGBA_8888 | 0.0 0.0 36.0 36.0 | 335 1100 371 1136 | bbq-wrapper#3663
05-07 16:44:39.688 1144 1144 D SurfaceFlinger: CLIENT | 0xb400006fbcf8b420 | 0100 | RGBA_8888 | 0.0 0.0 36.0 36.0 | 416 956 452 992 | bbq-wrapper#4348
05-07 16:44:39.688 1144 1144 D SurfaceFlinger:
05-07 16:44:39.695 1009 25255 I QC2C2DEngine: calcYSize: unsupported or RGB color format, RGBA8888(1)
05-07 16:44:39.707 1349 1349 I SemDvfsHyPerManager: acquire hyper - WM_SCROLL_DETECTED/1349@1, type = 268443651
05-07 16:44:39.707 975 1107 I HYPER-HAL: [RequestManager.cpp]acquire(): Acquired ID : 911926 [1349 / 1] HINT : list : [CoreNumBigMin / 2]
05-07 16:44:39.713 1009 25255 I QC2C2DEngine: calcYSize: unsupported or RGB color format, RGBA8888(1)
05-07 16:44:39.729 1009 25255 I QC2C2DEngine: calcYSize: unsupported or RGB color format, RGBA8888(1)
05-07 16:44:39.738 1349 1944 D InputReader: Btn_touch(9): value=0 when=78909.776444
05-07 16:44:39.738 1349 1944 I InputReader: Touch event's action is 0x1 (id=2, t=0) [pCnt=1, s=] when=78909.776444
05-07 16:44:39.738 1349 1943 I InputDispatcher: Delivering touch to (25153): action: 0x1, f=0x0, d=0, 'e637420', t=1
05-07 16:44:39.740 1009 25255 I QC2C2DEngine: calcYSize: unsupported or RGB color format, RGBA8888(1)
05-07 16:44:39.740 25153 25153 I ViewRootImpl@f9c5125[QtActivity]: ViewPostIme pointer 1
05-07 16:44:39.741 975 1107 I HYPER-HAL: [RequestManager.cpp]releaseLocked(): Released ID : 911926
05-07 16:44:39.742 1349 1349 I SemDvfsHyPerManager: acquire hyper - GESTURE_DETECTED_HRR/1349@17, type = -999
05-07 16:44:39.742 1349 1349 I SemDvfsHyPerManager: acquire hyper - SMOOTH_SCROLL/1349@8, type = -999
05-07 16:44:39.742 1349 1349 I SemDvfsHyPerManager: acquire hyper - GESTURE_DETECTED_HRR/1349@17, type = -999
05-07 16:44:39.743 975 1107 I HYPER-HAL: [RequestManager.cpp]acquire(): Acquired ID : 933678 [1349 / 17] HINT : GESTURE_DETECTED_HRR list : [TIMEOUT / 1143]
05-07 16:44:39.743 975 1107 I HYPER-HAL: [ResourceManager.cpp]updateResource(): [CPULittleMinFreq] UpdateResource Request ID : 933678 Value : 1113600
05-07 16:44:39.743 975 1107 I HYPER-HAL: [ResourceManager.cpp]updateResource(): [CPUMinFreq] UpdateResource Request ID : 933678 Value : 1401600
05-07 16:44:39.743 975 1107 I HYPER-HAL: [RequestManager.cpp]acquire(): Acquired ID : 921411 [1349 / 8] HINT : SMOOTH_SCROLL list :
05-07 16:44:39.743 975 1107 I HYPER-HAL: [ResourceManager.cpp]updateResource(): [CPUMinFreq] UpdateResource Request ID : 921411 Value : 1228800
05-07 16:44:39.744 975 1107 I HYPER-HAL: [ResourceManager.cpp]removeResource(): [CPUMinFreq] RemoveResource Request ID : 921411
05-07 16:44:39.746 975 1107 I HYPER-HAL: [RequestManager.cpp]releaseLocked(): Released ID : 921411
05-07 16:44:39.746 975 1107 I HYPER-HAL: [RequestManager.cpp]acquire(): Acquired ID : 933678 [1349 / 17] HINT : GESTURE_DETECTED_HRR list : [TIMEOUT / 1143]
05-07 16:44:39.746 975 1107 I HYPER-HAL: [ResourceManager.cpp]updateResource(): [CPULittleMinFreq] UpdateResource Request ID : 933678 Value : 1113600
05-07 16:44:39.746 975 1107 I HYPER-HAL: [ResourceManager.cpp]updateResource(): [CPUMinFreq] UpdateResource Request ID : 933678 Value : 1401600
05-07 16:44:39.761 1009 25255 I QC2C2DEngine: calcYSize: unsupported or RGB color format, RGBA8888(1)
05-07 16:44:39.775 972 23421 I sensors-hal: handle_sns_client_event:44, ambient_light_event: ts=521085469267932, event=597.000000
05-07 16:44:39.782 1009 25255 I QC2C2DEngine: calcYSize: unsupported or RGB color format, RGBA8888(1)
05-07 16:44:39.784 1144 1144 I Layer : Layer [Sprite#3662] hidden!! flag(1)
05-07 16:44:39.794 1009 25255 I QC2C2DEngine: calcYSize: unsupported or RGB color format, RGBA8888(1)
05-07 16:44:39.800 1009 25255 I QC2C2DEngine: calcYSize: unsupported or RGB color format, RGBA8888(1)
05-07 16:44:39.806 1144 1144 D SurfaceFlinger: Display 4630946835308409729 HWC layers:
05-07 16:44:39.806 1144 1144 D SurfaceFlinger: CLIENT | 0xb400006fbcf8d640 | 0500 | RGBA_8888 | 0.0 0.0 1200.0 1812.0 | 0 36 1200 1848 | SurfaceView[org.qtproject.example.he[...]d.bindings.QtActivity]@0(BLAST)#4507
05-07 16:44:39.806 1144 1144 D SurfaceFlinger: CLIENT | 0xb400006fbcf8b6c0 | 0100 | RGBA_8888 | 0.0 0.0 1200.0 1920.0 | 0 0 1200 1920 | org.qtproject.example.hellogles3/org[...]roid.bindings.QtActivity$_25153#4377
05-07 16:44:39.806 1144 1144 D SurfaceFlinger: CLIENT | 0xb400006fb0fb6440 | 0100 | RGBA_8888 | 0.0 0.0 1200.0 36.0 | 0 0 1200 36 | StatusBar$_2283#84
05-07 16:44:39.806 1144 1144 D SurfaceFlinger: CLIENT | 0xb400006fbcf8b3b0 | 0100 | RGBA_8888 | 0.0 0.0 67.0 207.0 | 1133 432 1200 639 | com.sec.android.app.launcher/com.sam[...]e.edge.CocktailBarService$_2625#4278
05-07 16:44:39.806 1144 1144 D SurfaceFlinger: CLIENT | 0xb400006fbcf8b570 | 0100 | RGBA_8888 | 0.0 0.0 1200.0 72.0 | 0 1848 1200 1920 | TaskbarWindow$_2625#544
05-07 16:44:39.806 1144 1144 D SurfaceFlinger: CLIENT | 0xb400006fbcf8abd0 | 0100 | RGBA_8888 | 0.0 0.0 1200.0 1920.0 | 0 0 1200 1920 | PointerLocation - display 0#3661
05-07 16:44:39.806 1144 1144 D SurfaceFlinger: CLIENT | 0xb40
05-07 16:44:39.806 1144 1144 D SurfaceFlinger: 0006fbcf8b420 | 0100 | RGBA_8888 | 0.0 0.0 36.0 36.0 | 445 931 481 967 | bbq-wrapper#4348
05-07 16:44:39.806 1144 1144 D SurfaceFlinger:
05-07 16:44:39.809 1009 25255 I QC2C2DEngine: calcYSize: unsupported or RGB color format, RGBA8888(1)
05-07 16:44:39.830 1009 25255 I QC2C2DEngine: calcYSize: unsupported or RGB color format, RGBA8888(1)
05-07 16:44:39.864 1009 25255 I QC2C2DEngine: calcYSize: unsupported or RGB color format, RGBA8888(1)
05-07 16:44:39.875 972 23421 I sensors-hal: handle_sns_client_event:44, ambient_light_event: ts=521085569268192, event=582.000000
05-07 16:44:39.889 1009 25255 I QC2C2DEngine: calcYSize: unsupported or RGB color format, RGBA8888(1)
05-07 16:44:39.913 1009 25255 I QC2C2DEngine: calcYSize: unsupported or RGB color format, RGBA8888(1)
05-07 16:44:39.919 10792 10792 I wpa_supplicant: Heartbeat 8243
05-07 16:44:39.935 1009 25255 I QC2C2DEngine: calcYSize: unsupported or RGB color format, RGBA8888(1)
05-07 16:44:39.957 1009 25255 I QC2C2DEngine: calcYSize: unsupported or RGB color format, RGBA8888(1)
05-07 16:44:39.975 972 23421 I sensors-hal: handle_sns_client_event:44, ambient_light_event: ts=521085669269963, event=565.000000
05-07 16:44:39.979 1009 25255 I QC2C2DEngine: calcYSize: unsupported or RGB color format, RGBA8888(1)
05-07 16:44:39.984 1144 1144 I Layer : Layer [Sprite#4347] hidden!! flag(1)
05-07 16:44:40.005 1144 1144 D SurfaceFlinger: Display 4630946835308409729 HWC layers:
05-07 16:44:40.005 1144 1144 D SurfaceFlinger: DEVICE | 0xb400006fbcf8d640 | 0500 | RGBA_8888 | 0.0 0.0 1200.0 1812.0 | 0 36 1200 1848 | SurfaceView[org.qtproject.example.he[...]d.bindings.QtActivity]@0(BLAST)#4507
05-07 16:44:40.005 1144 1144 D SurfaceFlinger: CLIENT | 0xb400006fbcf8b6c0 | 0100 | RGBA_8888 | 0.0 0.0 1200.0 1920.0 | 0 0 1200 1920 | org.qtproject.example.hellogles3/org[...]roid.bindings.QtActivity$_25153#4377
05-07 16:44:40.005 1144 1144 D SurfaceFlinger: CLIENT | 0xb400006fb0fb6440 | 0100 | RGBA_8888 | 0.0 0.0 1200.0 36.0 | 0 0 1200 36 | StatusBar$_2283#84
05-07 16:44:40.005 1144 1144 D SurfaceFlinger: CLIENT | 0xb400006fbcf8b3b0 | 0100 | RGBA_8888 | 0.0 0.0 67.0 207.0 | 1133 432 1200 639 | com.sec.android.app.launcher/com.sam[...]e.edge.CocktailBarService$_2625#4278
05-07 16:44:40.005 1144 1144 D SurfaceFlinger: CLIENT | 0xb400006fbcf8b570 | 0100 | RGBA_8888 | 0.0 0.0 1200.0 72.0 | 0 1848 1200 1920 | TaskbarWindow$_2625#544
05-07 16:44:40.005 1144 1144 D SurfaceFlinger: CLIENT | 0xb400006fbcf8a5b0 | 0100 | RGBA_8888 | 0.0 0.0 1200.0 1920.0 | 0 0 1200 1920 | PointerLocation - display 0#3661
05-07 16:44:40.005 1144 1144 D SurfaceFlinger:
05-07 16:44:40.005 1349 1944 D InputReader: Btn_touch(9): value=1 when=78910.043732
05-07 16:44:40.005 1349 1944 I InputReader: Touch event's action is 0x0 (id=2, t=0) [pCnt=1, s=0.460 ] when=78910.043732
05-07 16:44:40.006 1009 25255 I QC2C2DEngine: calcYSize: unsupported or RGB color format, RGBA8888(1)
05-07 16:44:40.006 1349 1943 I InputDispatcher: Delivering touch to (2625): action: 0x4, f=0x0, d=0, 'ede8149', t=1
05-07 16:44:40.006 1349 1943 I InputDispatcher: Delivering touch to (25153): action: 0x0, f=0x0, d=0, 'e637420', t=1
05-07 16:44:40.007 25153 25153 I ViewRootImpl@f9c5125[QtActivity]: ViewPostIme pointer 0
05-07 16:44:40.008 1349 1720 I GestureDetector: obtain mCurrentDownEvent. id: 615842963 caller: com.android.server.wm.SystemGesturesPointerEventListener.onPointerEvent:204 com.android.server.wm.PointerEventDispatcher.onInputEvent:53 android.view.InputEventReceiver.dispatchInputEvent:296
05-07 16:44:40.009 1349 1720 I GestureDetector: obtain mCurrentDownEvent. id: 615842963 caller: com.android.server.wm.SystemPerformancePointerEventListener.onPointerEvent:89 com.android.server.wm.PointerEventDispatcher.onInputEvent:53 android.view.InputEventReceiver.dispatchInputEvent:296
05-07 16:44:40.010 25153 25153 I GestureDetector: obtain mCurrentDownEvent. id: 615842963 caller: org.qtproject.qt.android.QtWindow.onTouchEvent:74 org.qtproject.qt.android.QtLayout.onTouchEvent:53 android.view.View.dispatchTouchEvent:16212
05-07 16:44:40.020 1009 25255 I QC2C2DEngine: calcYSize: unsupported or RGB color format, RGBA8888(1)
05-07 16:44:40.029 1144 1144 I Layer : Layer [Sprite#4347] hidden!! flag(0)
05-07 16:44:40.045 1349 1720 I GestureDetector: obtain mCurrentMotionEventRaw. action: 2 id: 958430723
05-07 16:44:40.045 1349 1720 I GestureDetector: obtain mCurrentMotionEventRaw. action: 2 id: 958430723
05-07 16:44:40.048 1144 1144 D SurfaceFlinger: Display 4630946835308409729 HWC layers:
05-07 16:44:40.048 1144 1144 D SurfaceFlinger: CLIENT | 0xb400006fbcf8d720 | 0500 | RGBA_8888 | 0.0 0.0 1200.0 1812.0 | 0 36 1200 1848 | SurfaceView[org.qtproject.example.he[...]d.bindings.QtActivity]@0(BLAST)#4507
05-07 16:44:40.048 1144 1144 D SurfaceFlinger: CLIENT | 0xb400006fbcf8b6c0 | 0100 | RGBA_8888 | 0.0 0.0 1200.0 1920.0 | 0 0 1200 1920 | org.qtproject.example.hellogles3/org[...]roid.bindings.QtActivity$_25153#4377
05-07 16:44:40.048 1144 1144 D SurfaceFlinger: CLIENT | 0xb400006fb0fb6440 | 0100 | RGBA_8888 | 0.0 0.0 1200.0 36.0 | 0 0 1200 36 | StatusBar$_2283#84
05-07 16:44:40.048 1144 1144 D SurfaceFlinger: CLIENT | 0xb400006fbcf8b3b0 | 0100 | RGBA_8888 | 0.0 0.0 67.0 207.0 | 1133 432 1200 639 | com.sec.android.app.launcher/com.sam[...]e.edge.CocktailBarService$_2625#4278
05-07 16:44:40.048 1144 1144 D SurfaceFlinger: CLIENT | 0xb400006fbcf8b570 | 0100 | RGBA_8888 | 0.0 0.0 1200.0 72.0 | 0 1848 1200 1920 | TaskbarWindow$_2625#544
05-07 16:44:40.048 1144 1144 D SurfaceFlinger: CLIENT | 0xb400006fbcf8aa10 | 0100 | RGBA_8888 | 0.0 0.0 1200.0 1920.0 | 0 0 1200 1920 | PointerLocation - display 0#3661
05-07 16:44:40.048 1144 1144 D SurfaceFlinger: CLIENT | 0xb40
05-07 16:44:40.048 1144 1144 D SurfaceFlinger: 0006fbcf8ab60 | 0100 | RGBA_8888 | 0.0 0.0 36.0 36.0 | 800 782 836 818 | bbq-wrapper#4348
05-07 16:44:40.048 1144 1144 D SurfaceFlinger:
05-07 16:44:40.049 1009 25255 I QC2C2DEngine: calcYSize: unsupported or RGB color format, RGBA8888(1)
05-07 16:44:40.051 1349 1349 I SemDvfsHyPerManager: acquire hyper - WM_SCROLL_DETECTED/1349@1, type = 268443651
05-07 16:44:40.051 975 1107 I HYPER-HAL: [RequestManager.cpp]acquire(): Acquired ID : 911926 [1349 / 1] HINT : list : [CoreNumBigMin / 2]
05-07 16:44:40.056 25153 25153 I GestureDetector: obtain mCurrentMotionEventRaw. action: 2 id: 958430723
05-07 16:44:40.073 1009 25255 I QC2C2DEngine: calcYSize: unsupported or RGB color format, RGBA8888(1)
05-07 16:44:40.075 972 23421 I sensors-hal: handle_sns_client_event:44, ambient_light_event: ts=521085769268453, event=548.000000
05-07 16:44:40.092 1009 25255 I QC2C2DEngine: calcYSize: unsupported or RGB color format, RGBA8888(1)
05-07 16:44:40.105 1349 1944 D InputReader: Btn_touch(9): value=0 when=78910.143916
05-07 16:44:40.106 1349 1944 I InputReader: Touch event's action is 0x1 (id=2, t=0) [pCnt=1, s=] when=78910.143916
05-07 16:44:40.106 1349 1943 I InputDispatcher: Delivering touch to (25153): action: 0x1, f=0x0, d=0, 'e637420', t=1
05-07 16:44:40.108 25153 25153 I ViewRootImpl@f9c5125[QtActivity]: ViewPostIme pointer 1
05-07 16:44:40.117 1009 25255 I QC2C2DEngine: calcYSize: unsupported or RGB color format, RGBA8888(1)
05-07 16:44:40.119 1349 1349 I SemDvfsHyPerManager: acquire hyper - GESTURE_DETECTED_HRR/1349@17, type = -999
05-07 16:44:40.119 1349 1349 I SemDvfsHyPerManager: acquire hyper - GESTURE_DETECTED_HRR/1349@17, type = -999
05-07 16:44:40.119 1349 1349 I SemDvfsHyPerManager: acquire hyper - SMOOTH_SCROLL/1349@8, type = -999
05-07 16:44:40.121 975 1107 I HYPER-HAL: [RequestManager.cpp]releaseLocked(): Released ID : 911926
05-07 16:44:40.121 975 1107 I HYPER-HAL: [RequestManager.cpp]acquire(): Acquired ID : 933678 [1349 / 17] HINT : GESTURE_DETECTED_HRR list : [TIMEOUT / 1444]
05-07 16:44:40.121 975 1107 I HYPER-HAL: [ResourceManager.cpp]updateResource(): [CPULittleMinFreq] UpdateResource Request ID : 933678 Value : 1113600
05-07 16:44:40.121 975 1107 I HYPER-HAL: [ResourceManager.cpp]updateResource(): [CPUMinFreq] UpdateResource Request ID : 933678 Value : 1401600
05-07 16:44:40.121 975 1107 I HYPER-HAL: [RequestManager.cpp]acquire(): Acquired ID : 933678 [1349 / 17] HINT : GESTURE_DETECTED_HRR list : [TIMEOUT / 1444]
05-07 16:44:40.121 975 1107 I HYPER-HAL: [ResourceManager.cpp]updateResource(): [CPULittleMinFreq] UpdateResource Request ID : 933678 Value : 1113600
05-07 16:44:40.121 975 1107 I HYPER-HAL: [ResourceManager.cpp]updateResource(): [CPUMinFreq] UpdateResource Request ID : 933678 Value : 1401600
05-07 16:44:40.121 975 1107 I HYPER-HAL: [RequestManager.cpp]acquire(): Acquired ID : 921411 [1349 / 8] HINT : SMOOTH_SCROLL list :
05-07 16:44:40.121 975 1107 I HYPER-HAL: [ResourceManager.cpp]updateResource(): [CPUMinFreq] UpdateResource Request ID : 921411 Value : 1228800
05-07 16:44:40.124 975 1107 I HYPER-HAL: [ResourceManager.cpp]removeResource(): [CPUMinFreq] RemoveResource Request ID : 921411
05-07 16:44:40.125 975 1107 I HYPER-HAL: [RequestManager.cpp]releaseLocked(): Released ID : 921411
05-07 16:44:40.136 1009 25255 I QC2C2DEngine: calcYSize: unsupported or RGB color format, RGBA8888(1)
05-07 16:44:40.161 1009 25255 I QC2C2DEngine: calcYSize: unsupported or RGB color format, RGBA8888(1)
05-07 16:44:40.175 972 23421 I sensors-hal: handle_sns_client_event:44, ambient_light_event: ts=521085869267411, event=542.000000
05-07 16:44:40.179 1009 25255 I QC2C2DEngine: calcYSize: unsupported or RGB color format, RGBA8888(1)
05-07 16:44:40.194 1349 1944 D InputReader: Btn_touch(9): value=1 when=78910.233031
05-07 16:44:40.194 1349 1944 I InputReader: Touch event's action is 0x0 (id=2, t=0) [pCnt=1, s=0.461 ] when=78910.233031
05-07 16:44:40.195 1349 1943 I InputDispatcher: Delivering touch to (2625): action: 0x4, f=0x0, d=0, 'ede8149', t=1
05-07 16:44:40.195 1349 1943 I InputDispatcher: Delivering touch to (25153): action: 0x0, f=0x0, d=0, 'e637420', t=1
05-07 16:44:40.196 25153 25153 I ViewRootImpl@f9c5125[QtActivity]: ViewPostIme pointer 0
05-07 16:44:40.198 25153 25153 I GestureDetector: obtain mCurrentDownEvent. id: 1053729900 caller: org.qtproject.qt.android.QtWindow.onTouchEvent:74 org.qtproject.qt.android.QtLayout.onTouchEvent:53 android.view.View.dispatchTouchEvent:16212
05-07 16:44:40.199 1349 1720 I GestureDetector: obtain mCurrentDownEvent. id: 1053729900 caller: com.android.server.wm.SystemGesturesPointerEventListener.onPointerEvent:204 com.android.server.wm.PointerEventDispatcher.onInputEvent:53 android.view.InputEventReceiver.dispatchInputEvent:296
05-07 16:44:40.199 1349 1720 I GestureDetector: obtain mCurrentDownEvent. id: 1053729900 caller: com.android.server.wm.SystemPerformancePointerEventListener.onPointerEvent:89 com.android.server.wm.PointerEventDispatcher.onInputEvent:53 android.view.InputEventReceiver.dispatchInputEvent:296
05-07 16:44:40.202 1009 25255 I QC2C2DEngine: calcYSize: unsupported or RGB color format, RGBA8888(1)
05-07 16:44:40.204 1144 1144 I Layer : Layer [Sprite#3662] hidden!! flag(0)
05-07 16:44:40.216 616 616 D io_stats: !@ 8,0 r 2659447 75679732 w 570478 20444740 d 88561 17081004 f 0 0 iot 1630368 0 th 0 0 0 pt 0 inp 0 0 78910.254
05-07 16:44:40.216 616 616 D io_stats: !@ Read_top(KB): mple.hellogles3(25153) 76 kworker/u16:20(22492) 8
05-07 16:44:40.216 616 616 D io_stats: !@ Write_top(KB): kworker/u16:20(22492) 14164 system_server(1349) 296 ung.android.scs(24474) 96
05-07 16:44:40.223 1144 1144 D SurfaceFlinger: Display 4630946835308409729 HWC layers:
05-07 16:44:40.223 1144 1144 D SurfaceFlinger: CLIENT | 0xb400006fbcf8d720 | 0500 | RGBA_8888 | 0.0 0.0 1200.0 1812.0 | 0 36 1200 1848 | SurfaceView[org.qtproject.example.he[...]d.bindings.QtActivity]@0(BLAST)#4507
05-07 16:44:40.223 1144 1144 D SurfaceFlinger: CLIENT | 0xb400006fbcf8b6c0 | 0100 | RGBA_8888 | 0.0 0.0 1200.0 1920.0 | 0 0 1200 1920 | org.qtproject.example.hellogles3/org[...]roid.bindings.QtActivity$_25153#4377
05-07 16:44:40.223 1144 1144 D SurfaceFlinger: CLIENT | 0xb400006fb0fb6440 | 0100 | RGBA_8888 | 0.0 0.0 1200.0 36.0 | 0 0 1200 36 | StatusBar$_2283#84
05-07 16:44:40.223 1144 1144 D SurfaceFlinger: CLIENT | 0xb400006fbcf8b3b0 | 0100 | RGBA_8888 | 0.0 0.0 67.0 207.0 | 1133 432 1200 639 | com.sec.android.app.launcher/com.sam[...]e.edge.CocktailBarService$_2625#4278
05-07 16:44:40.223 1144 1144 D SurfaceFlinger: CLIENT | 0xb400006fbcf8b570 | 0100 | RGBA_8888 | 0.0 0.0 1200.0 72.0 | 0 1848 1200 1920 | TaskbarWindow$_2625#544
05-07 16:44:40.223 1144 1144 D SurfaceFlinger: CLIENT | 0xb400006fbcf8abd0 | 0100 | RGBA_8888 | 0.0 0.0 1200.0 1920.0 | 0 0 1200 1920 | PointerLocation - display 0#3661
05-07 16:44:40.223 1144 1144 D SurfaceFlinger: CLIENT | 0xb40
05-07 16:44:40.223 1144 1144 D SurfaceFlinger: 0006fa3c73150 | 0100 | RGBA_8888 | 0.0 0.0 36.0 36.0 | 911 1020 947 1056 | bbq-wrapper#3663
05-07 16:44:40.223 1144 1144 D SurfaceFlinger: CLIENT | 0xb400006fbcf8ab60 | 0100 | RGBA_8888 | 0.0 0.0 36.0 36.0 | 862 842 898 878 | bbq-wrapper#4348
05-07 16:44:40.223 1144 1144 D SurfaceFlinger:
05-07 16:44:40.226 1009 25255 I QC2C2DEngine: calcYSize: unsupported or RGB color format, RGBA8888(1)
05-07 16:44:40.234 1349 1720 I GestureDetector: obtain mCurrentMotionEventRaw. action: 2 id: 747994168
05-07 16:44:40.234 1349 1720 I GestureDetector: obtain mCurrentMotionEventRaw. action: 2 id: 747994168
05-07 16:44:40.240 1349 1349 I SemDvfsHyPerManager: acquire hyper - WM_SCROLL_DETECTED/1349@1, type = 268443651
05-07 16:44:40.241 975 1107 I HYPER-HAL: [RequestManager.cpp]acquire(): Acquired ID : 911926 [1349 / 1] HINT : list : [CoreNumBigMin / 2]
05-07 16:44:40.247 25153 25153 I GestureDetector: obtain mCurrentMotionEventRaw. action: 2 id: 747994168
05-07 16:44:40.247 1009 25255 I QC2C2DEngine: calcYSize: unsupported or RGB color format, RGBA8888(1)
05-07 16:44:40.266 1009 25255 I QC2C2DEngine: calcYSize: unsupported or RGB color format, RGBA8888(1)
05-07 16:44:40.275 972 23421 I sensors-hal: handle_sns_client_event:44, ambient_light_event: ts=521085969271057, event=546.000000
05-07 16:44:40.283 1349 1944 D InputReader: Btn_touch(9): value=0 when=78910.322129
05-07 16:44:40.283 1349 1944 I InputReader: Touch event's action is 0x1 (id=2, t=0) [pCnt=1, s=] when=78910.322129
05-07 16:44:40.284 1349 1943 I InputDispatcher: Delivering touch to (25153): action: 0x1, f=0x0, d=0, 'e637420', t=1
05-07 16:44:40.285 1349 1349 I SemDvfsHyPerManager: acquire hyper - SMOOTH_SCROLL/1349@8, type = -999
05-07 16:44:40.285 25153 25153 I ViewRootImpl@f9c5125[QtActivity]: ViewPostIme pointer 1
05-07 16:44:40.285 975 1107 I HYPER-HAL: [RequestManager.cpp]acquire(): Acquired ID : 921411 [1349 / 8] HINT : SMOOTH_SCROLL list :
05-07 16:44:40.286 975 1107 I HYPER-HAL: [ResourceManager.cpp]updateResource(): [CPUMinFreq] UpdateResource Request ID : 921411 Value : 1228800
05-07 16:44:40.287 975 1107 I HYPER-HAL: [ResourceManager.cpp]removeResource(): [CPUMinFreq] RemoveResource Request ID : 921411
05-07 16:44:40.288 975 1107 I HYPER-HAL: [RequestManager.cpp]releaseLocked(): Released ID : 921411
05-07 16:44:40.289 975 1107 I HYPER-HAL: [RequestManager.cpp]releaseLocked(): Released ID : 911926
05-07 16:44:40.290 1349 1349 I SemDvfsHyPerManager: acquire hyper - GESTURE_DETECTED_HRR/1349@17, type = -999
05-07 16:44:40.290 1349 1349 I SemDvfsHyPerManager: acquire hyper - GESTURE_DETECTED_HRR/1349@17, type = -999
05-07 16:44:40.291 975 1107 I HYPER-HAL: [RequestManager.cpp]acquire(): Acquired ID : 933678 [1349 / 17] HINT : GESTURE_DETECTED_HRR list : [TIMEOUT / 1521]
05-07 16:44:40.291 975 1107 I HYPER-HAL: [ResourceManager.cpp]updateResource(): [CPULittleMinFreq] UpdateResource Request ID : 933678 Value : 1113600
05-07 16:44:40.291 975 1107 I HYPER-HAL: [ResourceManager.cpp]updateResource(): [CPUMinFreq] UpdateResource Request ID : 933678 Value : 1401600
05-07 16:44:40.291 975 1107 I HYPER-HAL: [RequestManager.cpp]acquire(): Acquired ID : 933678 [1349 / 17] HINT : GESTURE_DETECTED_HRR list : [TIMEOUT / 1521]
05-07 16:44:40.291 975 1107 I HYPER-HAL: [ResourceManager.cpp]updateResource(): [CPULittleMinFreq] UpdateResource Request ID : 933678 Value : 1113600
05-07 16:44:40.291 975 1107 I HYPER-HAL: [ResourceManager.cpp]updateResource(): [CPUMinFreq] UpdateResource Request ID : 933678 Value : 1401600
05-07 16:44:40.295 1009 25255 I QC2C2DEngine: calcYSize: unsupported or RGB color format, RGBA8888(1)
05-07 16:44:40.318 1009 25255 I QC2C2DEngine: calcYSize: unsupported or RGB color format, RGBA8888(1)
05-07 16:44:40.334 1009 25255 I QC2C2DEngine: calcYSize: unsupported or RGB color format, RGBA8888(1)
05-07 16:44:40.354 1009 25255 I QC2C2DEngine: calcYSize: unsupported or RGB color format, RGBA8888(1)
05-07 16:44:40.363 1144 1144 I Layer : Layer [Sprite#4347] hidden!! flag(1)
05-07 16:44:40.373 1349 1944 D InputReader: Btn_touch(9): value=1 when=78910.411340
05-07 16:44:40.373 1349 1944 I InputReader: Touch event's action is 0x0 (id=2, t=0) [pCnt=1, s=0.462 ] when=78910.411340
05-07 16:44:40.373 1349 1943 I InputDispatcher: Delivering touch to (2625): action: 0x4, f=0x0, d=0, 'ede8149', t=1
05-07 16:44:40.373 1349 1943 I InputDispatcher: Delivering touch to (25153): action: 0x0, f=0x0, d=0, 'e637420', t=1
05-07 16:44:40.374 25153 25153 I ViewRootImpl@f9c5125[QtActivity]: ViewPostIme pointer 0
05-07 16:44:40.375 1349 1720 I GestureDetector: obtain mCurrentDownEvent. id: 992764645 caller: com.android.server.wm.SystemGesturesPointerEventListener.onPointerEvent:204 com.android.server.wm.PointerEventDispatcher.onInputEvent:53 android.view.InputEventReceiver.dispatchInputEvent:296
05-07 16:44:40.375 25153 25153 I GestureDetector: obtain mCurrentDownEvent. id: 992764645 caller: org.qtproject.qt.android.QtWindow.onTouchEvent:74 org.qtproject.qt.android.QtLayout.onTouchEvent:53 android.view.View.dispatchTouchEvent:16212
05-07 16:44:40.375 972 23421 I sensors-hal: handle_sns_client_event:44, ambient_light_event: ts=521086069269442, event=561.000000
05-07 16:44:40.375 1349 1720 I GestureDetector: obtain mCurrentDownEvent. id: 992764645 caller: com.android.server.wm.SystemPerformancePointerEventListener.onPointerEvent:89 com.android.server.wm.PointerEventDispatcher.onInputEvent:53 android.view.InputEventReceiver.dispatchInputEvent:296
05-07 16:44:40.384 1144 1144 D SurfaceFlinger: Display 4630946835308409729 HWC layers:
05-07 16:44:40.384 1144 1144 D SurfaceFlinger: CLIENT | 0xb400006fbcf8d6b0 | 0500 | RGBA_8888 | 0.0 0.0 1200.0 1812.0 | 0 36 1200 1848 | SurfaceView[org.qtproject.example.he[...]d.bindings.QtActivity]@0(BLAST)#4507
05-07 16:44:40.384 1144 1144 D SurfaceFlinger: CLIENT | 0xb400006fbcf8b6c0 | 0100 | RGBA_8888 | 0.0 0.0 1200.0 1920.0 | 0 0 1200 1920 | org.qtproject.example.hellogles3/org[...]roid.bindings.QtActivity$_25153#4377
05-07 16:44:40.384 1144 1144 D SurfaceFlinger: CLIENT | 0xb400006fb0fb6440 | 0100 | RGBA_8888 | 0.0 0.0 1200.0 36.0 | 0 0 1200 36 | StatusBar$_2283#84
05-07 16:44:40.384 1144 1144 D SurfaceFlinger: CLIENT | 0xb400006fbcf8b3b0 | 0100 | RGBA_8888 | 0.0 0.0 67.0 207.0 | 1133 432 1200 639 | com.sec.android.app.launcher/com.sam[...]e.edge.CocktailBarService$_2625#4278
05-07 16:44:40.384 1144 1144 D SurfaceFlinger: CLIENT | 0xb400006fbcf8b570 | 0100 | RGBA_8888 | 0.0 0.0 1200.0 72.0 | 0 1848 1200 1920 | TaskbarWindow$_2625#544
05-07 16:44:40.384 1144 1144 D SurfaceFlinger: CLIENT | 0xb400006fbcf8aa10 | 0100 | RGBA_8888 | 0.0 0.0 1200.0 1920.0 | 0 0 1200 1920 | PointerLocation - display 0#3661
05-07 16:44:40.384 1144 1144 D SurfaceFlinger: CLIENT | 0xb40
05-07 16:44:40.384 1144 1144 D SurfaceFlinger: 0006fa3c73150 | 0100 | RGBA_8888 | 0.0 0.0 36.0 36.0 | 863 1091 899 1127 | bbq-wrapper#3663
05-07 16:44:40.384 1144 1144 D SurfaceFlinger:
05-07 16:44:40.385 1009 25255 I QC2C2DEngine: calcYSize: unsupported or RGB color format, RGBA8888(1)
05-07 16:44:40.385 1144 1144 I Layer : Layer [Sprite#4347] hidden!! flag(0)
05-07 16:44:40.404 1144 1144 D SurfaceFlinger: Display 4630946835308409729 HWC layers:
05-07 16:44:40.404 1144 1144 D SurfaceFlinger: CLIENT | 0xb400006fbcf8d720 | 0500 | RGBA_8888 | 0.0 0.0 1200.0 1812.0 | 0 36 1200 1848 | SurfaceView[org.qtproject.example.he[...]d.bindings.QtActivity]@0(BLAST)#4507
05-07 16:44:40.404 1144 1144 D SurfaceFlinger: CLIENT | 0xb400006fbcf8b6c0 | 0100 | RGBA_8888 | 0.0 0.0 1200.0 1920.0 | 0 0 1200 1920 | org.qtproject.example.hellogles3/org[...]roid.bindings.QtActivity$_25153#4377
05-07 16:44:40.404 1144 1144 D SurfaceFlinger: CLIENT | 0xb400006fb0fb6440 | 0100 | RGBA_8888 | 0.0 0.0 1200.0 36.0 | 0 0 1200 36 | StatusBar$_2283#84
05-07 16:44:40.404 1144 1144 D SurfaceFlinger: CLIENT | 0xb400006fbcf8b3b0 | 0100 | RGBA_8888 | 0.0 0.0 67.0 207.0 | 1133 432 1200 639 | com.sec.android.app.launcher/com.sam[...]e.edge.CocktailBarService$_2625#4278
05-07 16:44:40.404 1144 1144 D SurfaceFlinger: CLIENT | 0xb400006fbcf8b570 | 0100 | RGBA_8888 | 0.0 0.0 1200.0 72.0 | 0 1848 1200 1920 | TaskbarWindow$_2625#544
05-07 16:44:40.404 1144 1144 D SurfaceFlinger: CLIENT | 0xb400006fbcf8aa10 | 0100 | RGBA_8888 | 0.0 0.0 1200.0 1920.0 | 0 0 1200 1920 | PointerLocation - display 0#3661
05-07 16:44:40.404 1144 1144 D SurfaceFlinger: CLIENT | 0xb40
05-07 16:44:40.404 1144 1144 D SurfaceFlinger: 0006fa3c73150 | 0100 | RGBA_8888 | 0.0 0.0 36.0 36.0 | 863 1091 899 1127 | bbq-wrapper#3663
05-07 16:44:40.404 1144 1144 D SurfaceFlinger: CLIENT | 0xb400006fbcf8b420 | 0100 | RGBA_8888 | 0.0 0.0 36.0 36.0 | 640 1178 676 1214 | bbq-wrapper#4348
05-07 16:44:40.404 1144 1144 D SurfaceFlinger:
05-07 16:44:40.407 1009 25255 I QC2C2DEngine: calcYSize: unsupported or RGB color format, RGBA8888(1)
05-07 16:44:40.412 1349 1720 I GestureDetector: obtain mCurrentMotionEventRaw. action: 2 id: 342938822
05-07 16:44:40.412 1349 1720 I GestureDetector: obtain mCurrentMotionEventRaw. action: 2 id: 342938822
05-07 16:44:40.418 1349 1349 I SemDvfsHyPerManager: acquire hyper - WM_SCROLL_DETECTED/1349@1, type = 268443651
05-07 16:44:40.419 975 1107 I HYPER-HAL: [RequestManager.cpp]acquire(): Acquired ID : 911926 [1349 / 1] HINT : list : [CoreNumBigMin / 2]
05-07 16:44:40.425 25153 25153 I GestureDetector: obtain mCurrentMotionEventRaw. action: 2 id: 342938822
05-07 16:44:40.428 1009 25255 I QC2C2DEngine: calcYSize: unsupported or RGB color format, RGBA8888(1)
05-07 16:44:40.450 1009 25255 I QC2C2DEngine: calcYSize: unsupported or RGB color format, RGBA8888(1)
05-07 16:44:40.462 1349 1944 D InputReader: Btn_touch(9): value=0 when=78910.500334
05-07 16:44:40.462 1349 1944 I InputReader: Touch event's action is 0x1 (id=2, t=0) [pCnt=1, s=] when=78910.500334
05-07 16:44:40.462 1349 1943 I InputDispatcher: Delivering touch to (25153): action: 0x1, f=0x0, d=0, 'e637420', t=1
05-07 16:44:40.463 25153 25153 I ViewRootImpl@f9c5125[QtActivity]: ViewPostIme pointer 1
05-07 16:44:40.464 1349 1349 I SemDvfsHyPerManager: acquire hyper - SMOOTH_SCROLL/1349@8, type = -999
05-07 16:44:40.464 975 1107 I HYPER-HAL: [RequestManager.cpp]acquire(): Acquired ID : 921411 [1349 / 8] HINT : SMOOTH_SCROLL list :
05-07 16:44:40.465 975 1107 I HYPER-HAL: [ResourceManager.cpp]updateResource(): [CPUMinFreq] UpdateResource Request ID : 921411 Value : 1228800
05-07 16:44:40.466 1349 1349 I SemDvfsHyPerManager: acquire hyper - GESTURE_DETECTED_HRR/1349@17, type = -999
05-07 16:44:40.466 1349 1349 I SemDvfsHyPerManager: acquire hyper - GESTURE_DETECTED_HRR/1349@17, type = -999
05-07 16:44:40.467 975 1107 I HYPER-HAL: [RequestManager.cpp]acquire(): Acquired ID : 933678 [1349 / 17] HINT : GESTURE_DETECTED_HRR list : [TIMEOUT / 1736]
05-07 16:44:40.467 975 1107 I HYPER-HAL: [ResourceManager.cpp]updateResource(): [CPULittleMinFreq] UpdateResource Request ID : 933678 Value : 1113600
05-07 16:44:40.467 975 1107 I HYPER-HAL: [ResourceManager.cpp]updateResource(): [CPUMinFreq] UpdateResource Request ID : 933678 Value : 1401600
05-07 16:44:40.467 975 1107 I HYPER-HAL: [RequestManager.cpp]releaseLocked(): Released ID : 911926
05-07 16:44:40.467 975 1107 I HYPER-HAL: [ResourceManager.cpp]removeResource(): [CPUMinFreq] RemoveResource Request ID : 921411
05-07 16:44:40.468 1349 1899 D SensorService: [SO] 0.279 0.087 9.806
05-07 16:44:40.468 975 1107 I HYPER-HAL: [RequestManager.cpp]releaseLocked(): Released ID : 921411
05-07 16:44:40.468 975 1107 I HYPER-HAL: [RequestManager.cpp]acquire(): Acquired ID : 933678 [1349 / 17] HINT : GESTURE_DETECTED_HRR list : [TIMEOUT / 1736]
05-07 16:44:40.468 975 1107 I HYPER-HAL: [ResourceManager.cpp]updateResource(): [CPULittleMinFreq] UpdateResource Request ID : 933678 Value : 1113600
05-07 16:44:40.468 975 1107 I HYPER-HAL: [ResourceManager.cpp]updateResource(): [CPUMinFreq] UpdateResource Request ID : 933678 Value : 1401600
05-07 16:44:40.473 1009 25255 I QC2C2DEngine: calcYSize: unsupported or RGB color format, RGBA8888(1)
05-07 16:44:40.475 972 23421 I sensors-hal: handle_sns_client_event:44, ambient_light_event: ts=521086169269494, event=583.000000
05-07 16:44:40.493 1009 25255 I QC2C2DEngine: calcYSize: unsupported or RGB color format, RGBA8888(1)
05-07 16:44:40.512 1144 1144 I Layer : Layer [Sprite#3662] hidden!! flag(1)
05-07 16:44:40.514 1009 25255 I QC2C2DEngine: calcYSize: unsupported or RGB color format, RGBA8888(1)
05-07 16:44:40.530 1144 1144 D SurfaceFlinger: Display 4630946835308409729 HWC layers:
05-07 16:44:40.530 1144 1144 D SurfaceFlinger: CLIENT | 0xb400006fbcf8d640 | 0500 | RGBA_8888 | 0.0 0.0 1200.0 1812.0 | 0 36 1200 1848 | SurfaceView[org.qtproject.example.he[...]d.bindings.QtActivity]@0(BLAST)#4507
05-07 16:44:40.530 1144 1144 D SurfaceFlinger: CLIENT | 0xb400006fbcf8b6c0 | 0100 | RGBA_8888 | 0.0 0.0 1200.0 1920.0 | 0 0 1200 1920 | org.qtproject.example.hellogles3/org[...]roid.bindings.QtActivity$_25153#4377
05-07 16:44:40.530 1144 1144 D SurfaceFlinger: CLIENT | 0xb400006fb0fb6440 | 0100 | RGBA_8888 | 0.0 0.0 1200.0 36.0 | 0 0 1200 36 | StatusBar$_2283#84
05-07 16:44:40.530 1144 1144 D SurfaceFlinger: CLIENT | 0xb400006fbcf8b3b0 | 0100 | RGBA_8888 | 0.0 0.0 67.0 207.0 | 1133 432 1200 639 | com.sec.android.app.launcher/com.sam[...]e.edge.CocktailBarService$_2625#4278
05-07 16:44:40.530 1144 1144 D SurfaceFlinger: CLIENT | 0xb400006fbcf8b570 | 0100 | RGBA_8888 | 0.0 0.0 1200.0 72.0 | 0 1848 1200 1920 | TaskbarWindow$_2625#544
05-07 16:44:40.530 1144 1144 D SurfaceFlinger: CLIENT | 0xb400006fbcf8aa10 | 0100 | RGBA_8888 | 0.0 0.0 1200.0 1920.0 | 0 0 1200 1920 | PointerLocation - display 0#3661
05-07 16:44:40.530 1144 1144 D SurfaceFlinger: CLIENT | 0xb40
05-07 16:44:40.530 1144 1144 D SurfaceFlinger: 0006fbcf8b420 | 0100 | RGBA_8888 | 0.0 0.0 36.0 36.0 | 543 1153 579 1189 | bbq-wrapper#4348
05-07 16:44:40.530 1144 1144 D SurfaceFlinger:
05-07 16:44:40.533 1009 25255 I QC2C2DEngine: calcYSize: unsupported or RGB color format, RGBA8888(1)
05-07 16:44:40.565 1009 25255 I QC2C2DEngine: calcYSize: unsupported or RGB color format, RGBA8888(1)
05-07 16:44:40.575 972 23421 I sensors-hal: handle_sns_client_event:44, ambient_light_event: ts=521086269267932, event=598.000000
05-07 16:44:40.589 1009 25255 I QC2C2DEngine: calcYSize: unsupported or RGB color format, RGBA8888(1)
05-07 16:44:40.619 1009 25255 I QC2C2DEngine: calcYSize: unsupported or RGB color format, RGBA8888(1)
05-07 16:44:40.642 1009 25255 I QC2C2DEngine: calcYSize: unsupported or RGB color format, RGBA8888(1)
05-07 16:44:40.665 1009 25255 I QC2C2DEngine: calcYSize: unsupported or RGB color format, RGBA8888(1)
05-07 16:44:40.675 972 23421 I sensors-hal: handle_sns_client_event:44, ambient_light_event: ts=521086369271838, event=603.000000
05-07 16:44:40.687 1144 1144 I Layer : Layer [Sprite#4347] hidden!! flag(1)
05-07 16:44:40.688 1009 25255 I QC2C2DEngine: calcYSize: unsupported or RGB color format, RGBA8888(1)
05-07 16:44:40.710 1144 1144 D SurfaceFlinger: Display 4630946835308409729 HWC layers:
05-07 16:44:40.710 1144 1144 D SurfaceFlinger: DEVICE | 0xb400006fbcf8d790 | 0500 | RGBA_8888 | 0.0 0.0 1200.0 1812.0 | 0 36 1200 1848 | SurfaceView[org.qtproject.example.he[...]d.bindings.QtActivity]@0(BLAST)#4507
05-07 16:44:40.710 1144 1144 D SurfaceFlinger: CLIENT | 0xb400006fbcf8b6c0 | 0100 | RGBA_8888 | 0.0 0.0 1200.0 1920.0 | 0 0 1200 1920 | org.qtproject.example.hellogles3/org[...]roid.bindings.QtActivity$_25153#4377
05-07 16:44:40.710 1144 1144 D SurfaceFlinger: CLIENT | 0xb400006fb0fb6440 | 0100 | RGBA_8888 | 0.0 0.0 1200.0 36.0 | 0 0 1200 36 | StatusBar$_2283#84
05-07 16:44:40.710 1144 1144 D SurfaceFlinger: CLIENT | 0xb400006fbcf8b3b0 | 0100 | RGBA_8888 | 0.0 0.0 67.0 207.0 | 1133 432 1200 639 | com.sec.android.app.launcher/com.sam[...]e.edge.CocktailBarService$_2625#4278
05-07 16:44:40.710 1144 1144 D SurfaceFlinger: CLIENT | 0xb400006fbcf8b570 | 0100 | RGBA_8888 | 0.0 0.0 1200.0 72.0 | 0 1848 1200 1920 | TaskbarWindow$_2625#544
05-07 16:44:40.710 1144 1144 D SurfaceFlinger: CLIENT | 0xb400006fbcf8abd0 | 0100 | RGBA_8888 | 0.0 0.0 1200.0 1920.0 | 0 0 1200 1920 | PointerLocation - display 0#3661
05-07 16:44:40.710 1144 1144 D SurfaceFlinger:
05-07 16:44:40.711 1009 25255 I QC2C2DEngine: calcYSize: unsupported or RGB color format, RGBA8888(1)
05-07 16:44:40.718 1349 1944 D InputReader: Btn_touch(9): value=1 when=78910.756527
05-07 16:44:40.718 1349 1944 I InputReader: Touch event's action is 0x0 (id=2, t=0) [pCnt=1, s=0.463 ] when=78910.756527
05-07 16:44:40.718 1349 1943 I InputDispatcher: Delivering touch to (2625): action: 0x4, f=0x0, d=0, 'ede8149', t=1
05-07 16:44:40.718 1349 1943 I InputDispatcher: Delivering touch to (25153): action: 0x0, f=0x0, d=0, 'e637420', t=1
05-07 16:44:40.719 1349 1943 D PowerManagerService: [api] userActivityFromNative : touch displayId=0 eventTime=78910756
05-07 16:44:40.719 25153 25153 I ViewRootImpl@f9c5125[QtActivity]: ViewPostIme pointer 0
05-07 16:44:40.720 25153 25153 I GestureDetector: obtain mCurrentDownEvent. id: 768868750 caller: org.qtproject.qt.android.QtWindow.onTouchEvent:74 org.qtproject.qt.android.QtLayout.onTouchEvent:53 android.view.View.dispatchTouchEvent:16212
05-07 16:44:40.721 1349 1720 I GestureDetector: obtain mCurrentDownEvent. id: 768868750 caller: com.android.server.wm.SystemGesturesPointerEventListener.onPointerEvent:204 com.android.server.wm.PointerEventDispatcher.onInputEvent:53 android.view.InputEventReceiver.dispatchInputEvent:296
05-07 16:44:40.721 1349 1720 I GestureDetector: obtain mCurrentDownEvent. id: 768868750 caller: com.android.server.wm.SystemPerformancePointerEventListener.onPointerEvent:89 com.android.server.wm.PointerEventDispatcher.onInputEvent:53 android.view.InputEventReceiver.dispatchInputEvent:296
05-07 16:44:40.730 1144 1144 I Layer : Layer [Sprite#4347] hidden!! flag(0)
05-07 16:44:40.733 1009 25255 I QC2C2DEngine: calcYSize: unsupported or RGB color format, RGBA8888(1)
05-07 16:44:40.741 1349 1720 I GestureDetector: obtain mCurrentMotionEventRaw. action: 2 id: 998308711
05-07 16:44:40.741 1349 1720 I GestureDetector: obtain mCurrentMotionEventRaw. action: 2 id: 998308711
05-07 16:44:40.747 1144 1144 D SurfaceFlinger: Display 4630946835308409729 HWC layers:
05-07 16:44:40.747 1144 1144 D SurfaceFlinger: CLIENT | 0xb400006fbcf8d6b0 | 0500 | RGBA_8888 | 0.0 0.0 1200.0 1812.0 | 0 36 1200 1848 | SurfaceView[org.qtproject.example.he[...]d.bindings.QtActivity]@0(BLAST)#4507
05-07 16:44:40.747 1144 1144 D SurfaceFlinger: CLIENT | 0xb400006fbcf8b6c0 | 0100 | RGBA_8888 | 0.0 0.0 1200.0 1920.0 | 0 0 1200 1920 | org.qtproject.example.hellogles3/org[...]roid.bindings.QtActivity$_25153#4377
05-07 16:44:40.747 1144 1144 D SurfaceFlinger: CLIENT | 0xb400006fb0fb6440 | 0100 | RGBA_8888 | 0.0 0.0 1200.0 36.0 | 0 0 1200 36 | StatusBar$_2283#84
05-07 16:44:40.747 1144 1144 D SurfaceFlinger: CLIENT | 0xb400006fbcf8b3b0 | 0100 | RGBA_8888 | 0.0 0.0 67.0 207.0 | 1133 432 1200 639 | com.sec.android.app.launcher/com.sam[...]e.edge.CocktailBarService$_2625#4278
05-07 16:44:40.747 1144 1144 D SurfaceFlinger: CLIENT | 0xb400006fbcf8b570 | 0100 | RGBA_8888 | 0.0 0.0 1200.0 72.0 | 0 1848 1200 1920 | TaskbarWindow$_2625#544
05-07 16:44:40.747 1144 1144 D SurfaceFlinger: CLIENT | 0xb400006fbcf8abd0 | 0100 | RGBA_8888 | 0.0 0.0 1200.0 1920.0 | 0 0 1200 1920 | PointerLocation - display 0#3661
05-07 16:44:40.747 1144 1144 D SurfaceFlinger: CLIENT | 0xb40
05-07 16:44:40.747 1144 1144 D SurfaceFlinger: 0006fbcf8ab60 | 0100 | RGBA_8888 | 0.0 0.0 36.0 36.0 | 351 522 387 558 | bbq-wrapper#4348
05-07 16:44:40.747 1144 1144 D SurfaceFlinger:
05-07 16:44:40.748 25153 25153 I GestureDetector: obtain mCurrentMotionEventRaw. action: 2 id: 998308711
05-07 16:44:40.755 1009 25255 I QC2C2DEngine: calcYSize: unsupported or RGB color format, RGBA8888(1)
05-07 16:44:40.764 1349 1349 I SemDvfsHyPerManager: acquire hyper - WM_SCROLL_DETECTED/1349@1, type = 268443651
05-07 16:44:40.764 975 1107 I HYPER-HAL: [RequestManager.cpp]acquire(): Acquired ID : 911926 [1349 / 1] HINT : list : [CoreNumBigMin / 2]
05-07 16:44:40.775 1009 25255 I QC2C2DEngine: calcYSize: unsupported or RGB color format, RGBA8888(1)
05-07 16:44:40.775 972 23421 I sensors-hal: handle_sns_client_event:44, ambient_light_event: ts=521086469270536, event=602.000000
05-07 16:44:40.793 1009 25255 I QC2C2DEngine: calcYSize: unsupported or RGB color format, RGBA8888(1)
05-07 16:44:40.807 1349 1944 D InputReader: Btn_touch(9): value=0 when=78910.845624
05-07 16:44:40.807 1349 1944 I InputReader: Touch event's action is 0x1 (id=2, t=0) [pCnt=1, s=] when=78910.845624
05-07 16:44:40.807 1349 1943 I InputDispatcher: Delivering touch to (25153): action: 0x1, f=0x0, d=0, 'e637420', t=1
05-07 16:44:40.809 25153 25153 I ViewRootImpl@f9c5125[QtActivity]: ViewPostIme pointer 1
05-07 16:44:40.816 1009 25255 I QC2C2DEngine: calcYSize: unsupported or RGB color format, RGBA8888(1)
05-07 16:44:40.817 1349 1349 I SemDvfsHyPerManager: acquire hyper - GESTURE_DETECTED_HRR/1349@17, type = -999
05-07 16:44:40.817 1349 1349 I SemDvfsHyPerManager: acquire hyper - GESTURE_DETECTED_HRR/1349@17, type = -999
05-07 16:44:40.817 1349 1349 I SemDvfsHyPerManager: acquire hyper - SMOOTH_SCROLL/1349@8, type = -999
05-07 16:44:40.818 975 1107 I HYPER-HAL: [RequestManager.cpp]releaseLocked(): Released ID : 911926
05-07 16:44:40.818 975 1107 I HYPER-HAL: [RequestManager.cpp]acquire(): Acquired ID : 933678 [1349 / 17] HINT : GESTURE_DETECTED_HRR list : [TIMEOUT / 1382]
05-07 16:44:40.818 975 1107 I HYPER-HAL: [ResourceManager.cpp]updateResource(): [CPULittleMinFreq] UpdateResource Request ID : 933678 Value : 1113600
05-07 16:44:40.818 975 1107 I HYPER-HAL: [ResourceManager.cpp]updateResource(): [CPUMinFreq] UpdateResource Request ID : 933678 Value : 1401600
05-07 16:44:40.818 975 1107 I HYPER-HAL: [RequestManager.cpp]acquire(): Acquired ID : 933678 [1349 / 17] HINT : GESTURE_DETECTED_HRR list : [TIMEOUT / 1382]
05-07 16:44:40.818 975 1107 I HYPER-HAL: [ResourceManager.cpp]updateResource(): [CPULittleMinFreq] UpdateResource Request ID : 933678 Value : 1113600
05-07 16:44:40.818 975 1107 I HYPER-HAL: [ResourceManager.cpp]updateResource(): [CPUMinFreq] UpdateResource Request ID : 933678 Value : 1401600
05-07 16:44:40.818 975 1107 I HYPER-HAL: [RequestManager.cpp]acquire(): Acquired ID : 921411 [1349 / 8] HINT : SMOOTH_SCROLL list :
05-07 16:44:40.818 975 1107 I HYPER-HAL: [ResourceManager.cpp]updateResource(): [CPUMinFreq] UpdateResource Request ID : 921411 Value : 1228800
05-07 16:44:40.819 975 1107 I HYPER-HAL: [ResourceManager.cpp]removeResource(): [CPUMinFreq] RemoveResource Request ID : 921411
05-07 16:44:40.819 975 1107 I HYPER-HAL: [RequestManager.cpp]releaseLocked(): Released ID : 921411
05-07 16:44:40.839 1009 25255 I QC2C2DEngine: calcYSize: unsupported or RGB color format, RGBA8888(1)
05-07 16:44:40.860 1009 25255 I QC2C2DEngine: calcYSize: unsupported or RGB color format, RGBA8888(1)
05-07 16:44:40.875 972 23421 I sensors-hal: handle_sns_client_event:44, ambient_light_event: ts=521086569268140, event=601.000000
05-07 16:44:40.885 1349 1944 D InputReader: Btn_touch(9): value=1 when=78910.923657
05-07 16:44:40.885 1349 1944 I InputReader: Touch event's action is 0x0 (id=2, t=0) [pCnt=1, s=0.464 ] when=78910.923657
05-07 16:44:40.886 1349 1943 I InputDispatcher: Delivering touch to (2625): action: 0x4, f=0x0, d=0, 'ede8149', t=1
05-07 16:44:40.887 1349 1943 I InputDispatcher: Delivering touch to (25153): action: 0x0, f=0x0, d=0, 'e637420', t=1
05-07 16:44:40.887 1144 1144 I Layer : Layer [Sprite#3662] hidden!! flag(0)
05-07 16:44:40.888 25153 25153 I ViewRootImpl@f9c5125[QtActivity]: ViewPostIme pointer 0
05-07 16:44:40.890 1349 1720 I GestureDetector: obtain mCurrentDownEvent. id: 433534905 caller: com.android.server.wm.SystemGesturesPointerEventListener.onPointerEvent:204 com.android.server.wm.PointerEventDispatcher.onInputEvent:53 android.view.InputEventReceiver.dispatchInputEvent:296
05-07 16:44:40.890 1009 25255 I QC2C2DEngine: calcYSize: unsupported or RGB color format, RGBA8888(1)
05-07 16:44:40.890 1349 1720 I GestureDetector: obtain mCurrentDownEvent. id: 433534905 caller: com.android.server.wm.SystemPerformancePointerEventListener.onPointerEvent:89 com.android.server.wm.PointerEventDispatcher.onInputEvent:53 android.view.InputEventReceiver.dispatchInputEvent:296
05-07 16:44:40.891 25153 25153 I GestureDetector: obtain mCurrentDownEvent. id: 433534905 caller: org.qtproject.qt.android.QtWindow.onTouchEvent:74 org.qtproject.qt.android.QtLayout.onTouchEvent:53 android.view.View.dispatchTouchEvent:16212
05-07 16:44:40.897 1349 1720 I GestureDetector: obtain mCurrentMotionEventRaw. action: 2 id: 427997894
05-07 16:44:40.897 1349 1720 I GestureDetector: obtain mCurrentMotionEventRaw. action: 2 id: 427997894
05-07 16:44:40.903 25153 25153 I GestureDetector: obtain mCurrentMotionEventRaw. action: 2 id: 427997894
05-07 16:44:40.906 1144 1144 D SurfaceFlinger: Display 4630946835308409729 HWC layers:
05-07 16:44:40.906 1144 1144 D SurfaceFlinger: CLIENT | 0xb400006fbcf8d640 | 0500 | RGBA_8888 | 0.0 0.0 1200.0 1812.0 | 0 36 1200 1848 | SurfaceView[org.qtproject.example.he[...]d.bindings.QtActivity]@0(BLAST)#4507
05-07 16:44:40.906 1144 1144 D SurfaceFlinger: CLIENT | 0xb400006fbcf8b6c0 | 0100 | RGBA_8888 | 0.0 0.0 1200.0 1920.0 | 0 0 1200 1920 | org.qtproject.example.hellogles3/org[...]roid.bindings.QtActivity$_25153#4377
05-07 16:44:40.906 1144 1144 D SurfaceFlinger: CLIENT | 0xb400006fb0fb6440 | 0100 | RGBA_8888 | 0.0 0.0 1200.0 36.0 | 0 0 1200 36 | StatusBar$_2283#84
05-07 16:44:40.906 1144 1144 D SurfaceFlinger: CLIENT | 0xb400006fbcf8b3b0 | 0100 | RGBA_8888 | 0.0 0.0 67.0 207.0 | 1133 432 1200 639 | com.sec.android.app.launcher/com.sam[...]e.edge.CocktailBarService$_2625#4278
05-07 16:44:40.906 1144 1144 D SurfaceFlinger: CLIENT | 0xb400006fbcf8b570 | 0100 | RGBA_8888 | 0.0 0.0 1200.0 72.0 | 0 1848 1200 1920 | TaskbarWindow$_2625#544
05-07 16:44:40.906 1144 1144 D SurfaceFlinger: CLIENT | 0xb400006fbcf8aaf0 | 0100 | RGBA_8888 | 0.0 0.0 1200.0 1920.0 | 0 0 1200 1920 | PointerLocation - display 0#3661
05-07 16:44:40.906 1144 1144 D SurfaceFlinger: CLIENT | 0xb40
05-07 16:44:40.906 1144 1144 D SurfaceFlinger: 0006fbcf8c1b0 | 0100 | RGBA_8888 | 0.0 0.0 36.0 36.0 | 631 385 667 421 | bbq-wrapper#3663
05-07 16:44:40.906 1144 1144 D SurfaceFlinger: CLIENT | 0xb400006fbcf8ab60 | 0100 | RGBA_8888 | 0.0 0.0 36.0 36.0 | 400 480 436 516 | bbq-wrapper#4348
05-07 16:44:40.906 1144 1144 D SurfaceFlinger:
05-07 16:44:40.912 1009 25255 I QC2C2DEngine: calcYSize: unsupported or RGB color format, RGBA8888(1)
05-07 16:44:40.932 1349 1349 I SemDvfsHyPerManager: acquire hyper - WM_SCROLL_DETECTED/1349@1, type = 268443651
05-07 16:44:40.933 975 1107 I HYPER-HAL: [RequestManager.cpp]acquire(): Acquired ID : 911926 [1349 / 1] HINT : list : [CoreNumBigMin / 2]
05-07 16:44:40.933 1009 25255 I QC2C2DEngine: calcYSize: unsupported or RGB color format, RGBA8888(1)
05-07 16:44:40.950 1009 25255 I QC2C2DEngine: calcYSize: unsupported or RGB color format, RGBA8888(1)
05-07 16:44:40.963 1349 1944 D InputReader: Btn_touch(9): value=0 when=78911.001524
05-07 16:44:40.963 1349 1944 I InputReader: Touch event's action is 0x1 (id=2, t=0) [pCnt=1, s=] when=78911.001524
05-07 16:44:40.964 1349 1943 I InputDispatcher: Delivering touch to (25153): action: 0x1, f=0x0, d=0, 'e637420', t=1
05-07 16:44:40.965 25153 25153 I ViewRootImpl@f9c5125[QtActivity]: ViewPostIme pointer 1
05-07 16:44:40.972 1009 25255 I QC2C2DEngine: calcYSize: unsupported or RGB color format, RGBA8888(1)
05-07 16:44:40.974 975 1107 I HYPER-HAL: [RequestManager.cpp]releaseLocked(): Released ID : 911926
05-07 16:44:40.974 1349 1349 I SemDvfsHyPerManager: acquire hyper - GESTURE_DETECTED_HRR/1349@17, type = -999
05-07 16:44:40.975 1349 1349 I SemDvfsHyPerManager: acquire hyper - GESTURE_DETECTED_HRR/1349@17, type = -999
05-07 16:44:40.975 975 1107 I HYPER-HAL: [RequestManager.cpp]acquire(): Acquired ID : 933678 [1349 / 17] HINT : GESTURE_DETECTED_HRR list : [TIMEOUT / 1715]
05-07 16:44:40.975 975 1107 I HYPER-HAL: [ResourceManager.cpp]updateResource(): [CPULittleMinFreq] UpdateResource Request ID : 933678 Value : 1113600
05-07 16:44:40.975 975 1107 I HYPER-HAL: [ResourceManager.cpp]updateResource(): [CPUMinFreq] UpdateResource Request ID : 933678 Value : 1401600
05-07 16:44:40.975 1349 1349 I SemDvfsHyPerManager: acquire hyper - SMOOTH_SCROLL/1349@8, type = -999
05-07 16:44:40.975 972 23421 I sensors-hal: handle_sns_client_event:44, ambient_light_event: ts=521086669269234, event=580.000000
