05-07 16:44:47.694 25243 25243 I BpBinder: onLastStrongRef automatically unlinking death recipients:
05-07 16:44:47.694 1400 6342 D StagefrightMetadataRetriever: FileSource remote
05-07 16:44:47.701 1397 6754 I MediaExtractorFactory: Created an extractor 'SECMPEG4Extractor' with confidence 0.41
05-07 16:44:47.704 1400 6342 V MetadataRetrieverClient: setDataSource(fd) return(0)
05-07 16:44:47.704 3374 4363 V MediaMetadataRetriever: setDataSource(fd) return(0)
05-07 16:44:47.704 3374 4363 V MediaMetadataRetriever: extractMetadata(12)
05-07 16:44:47.705 1400 6342 V MetadataRetrieverClient: extractMetadata
05-07 16:44:47.708 3374 4363 V MediaMetadataRetriever: destructor
05-07 16:44:47.708 3374 4363 V MediaMetadataRetriever: disconnect
05-07 16:44:47.708 1400 6342 V MetadataRetrieverClient: disconnect from pid 3374
05-07 16:44:47.708 1400 1400 V MetadataRetrieverClient: MetadataRetrieverClient destructor
05-07 16:44:47.708 1400 1400 V MetadataRetrieverClient: disconnect from pid 3374
05-07 16:44:47.710 3374 4363 V MediaMetadataRetriever: constructor
05-07 16:44:47.710 1400 6342 V MetadataRetrieverClient: MetadataRetrieverClient constructor pid(3374)
05-07 16:44:47.710 1400 6342 V MediaPlayerService: Create new media retriever from pid 3374
05-07 16:44:47.710 3374 4363 V MediaMetadataRetriever: setDataSource(128, 0, 576460752303423487)
05-07 16:44:47.710 1400 1400 V MetadataRetrieverClient: setDataSource fd=9, offset=0, length=576460752303423487
05-07 16:44:47.710 1400 1400 V MetadataRetrieverClient: st_dev = 64819
05-07 16:44:47.710 1400 1400 V MetadataRetrieverClient: st_mode = 33200
05-07 16:44:47.710 1400 1400 V MetadataRetrieverClient: st_uid = 10227
05-07 16:44:47.710 1400 1400 V MetadataRetrieverClient: st_gid = 1023
05-07 16:44:47.710 1400 1400 V MetadataRetrieverClient: st_size = 33675533
05-07 16:44:47.710 1400 1400 V MetadataRetrieverClient: calculated length = 33675533
05-07 16:44:47.710 1400 1400 V MetadataRetrieverClient: player type = 4
05-07 16:44:47.710 1307 28061 I DrmManagerService(Native): value of perm = 2 return true from DRM FW
05-07 16:44:47.710 1307 28061 E SEC_DRM_PLUGIN_Omafl: OmaPlugin::onOpenDecryptSession(fd)::Drm2IsDrmFileByExtFd::file is NOT DRM by extension
05-07 16:44:47.711 1400 1400 D StagefrightMetadataRetriever: FileSource remote
05-07 16:44:47.713 1397 6754 I MediaExtractorFactory: Created an extractor 'SECMPEG4Extractor' with confidence 0.41
05-07 16:44:47.714 1400 1400 V MetadataRetrieverClient: setDataSource(fd) return(0)
05-07 16:44:47.714 3374 4363 V MediaMetadataRetriever: setDataSource(fd) return(0)
05-07 16:44:47.714 3374 4363 V MediaMetadataRetriever: extractMetadata(12)
05-07 16:44:47.714 1400 1400 V MetadataRetrieverClient: extractMetadata
05-07 16:44:47.716 3374 4363 V MediaMetadataRetriever: extractMetadata(5)
05-07 16:44:47.716 1400 1400 V MetadataRetrieverClient: extractMetadata
05-07 16:44:47.716 3374 4363 V MediaMetadataRetriever: extractMetadata(0)
05-07 16:44:47.717 1400 1400 V MetadataRetrieverClient: extractMetadata
05-07 16:44:47.717 3374 4363 V MediaMetadataRetriever: extractMetadata(1)
05-07 16:44:47.717 1400 1400 V MetadataRetrieverClient: extractMetadata
05-07 16:44:47.717 3374 4363 V MediaMetadataRetriever: extractMetadata(2)
05-07 16:44:47.717 1400 1400 V MetadataRetrieverClient: extractMetadata
05-07 16:44:47.717 3374 4363 V MediaMetadataRetriever: extractMetadata(13)
05-07 16:44:47.717 1400 1400 V MetadataRetrieverClient: extractMetadata
05-07 16:44:47.717 3374 4363 V MediaMetadataRetriever: extractMetadata(3)
05-07 16:44:47.717 1400 1400 V MetadataRetrieverClient: extractMetadata
05-07 16:44:47.717 3374 4363 V MediaMetadataRetriever: extractMetadata(4)
05-07 16:44:47.717 1400 1400 V MetadataRetrieverClient: extractMetadata
05-07 16:44:47.718 3374 4363 V MediaMetadataRetriever: extractMetadata(6)
05-07 16:44:47.718 1400 1400 V MetadataRetrieverClient: extractMetadata
05-07 16:44:47.723 3374 4363 V MediaMetadataRetriever: extractMetadata(7)
05-07 16:44:47.724 1400 1400 V MetadataRetrieverClient: extractMetadata
05-07 16:44:47.724 3374 4363 V MediaMetadataRetriever: extractMetadata(8)
05-07 16:44:47.724 1400 1400 V MetadataRetrieverClient: extractMetadata
05-07 16:44:47.724 3374 4363 V MediaMetadataRetriever: extractMetadata(9)
05-07 16:44:47.724 1400 1400 V MetadataRetrieverClient: extractMetadata
05-07 16:44:47.724 3374 4363 V MediaMetadataRetriever: extractMetadata(10)
05-07 16:44:47.724 1400 6342 V MetadataRetrieverClient: extractMetadata
05-07 16:44:47.725 3374 4363 V MediaMetadataRetriever: extractMetadata(11)
05-07 16:44:47.725 1400 6342 V MetadataRetrieverClient: extractMetadata
05-07 16:44:47.725 3374 4363 V MediaMetadataRetriever: extractMetadata(13)
05-07 16:44:47.725 1400 6342 V MetadataRetrieverClient: extractMetadata
05-07 16:44:47.725 3374 4363 V MediaMetadataRetriever: extractMetadata(14)
05-07 16:44:47.725 1400 6342 V MetadataRetrieverClient: extractMetadata
05-07 16:44:47.725 3374 4363 V MediaMetadataRetriever: extractMetadata(15)
05-07 16:44:47.726 1400 1400 V MetadataRetrieverClient: extractMetadata
05-07 16:44:47.727 3374 4363 V MediaMetadataRetriever: extractMetadata(20)
05-07 16:44:47.727 1400 1400 V MetadataRetrieverClient: extractMetadata
05-07 16:44:47.727 3374 4363 V MediaMetadataRetriever: extractMetadata(25)
05-07 16:44:47.727 1400 1400 V MetadataRetrieverClient: extractMetadata
05-07 16:44:47.728 3374 4363 V MediaMetadataRetriever: extractMetadata(18)
05-07 16:44:47.728 1400 1400 V MetadataRetrieverClient: extractMetadata
05-07 16:44:47.728 3374 4363 V MediaMetadataRetriever: extractMetadata(19)
05-07 16:44:47.728 1400 1400 V MetadataRetrieverClient: extractMetadata
05-07 16:44:47.729 3374 4363 V MediaMetadataRetriever: extractMetadata(18)
05-07 16:44:47.729 1400 1400 V MetadataRetrieverClient: extractMetadata
05-07 16:44:47.729 3374 4363 V MediaMetadataRetriever: extractMetadata(19)
05-07 16:44:47.729 1400 1400 V MetadataRetrieverClient: extractMetadata
05-07 16:44:47.729 3374 4363 V MediaMetadataRetriever: extractMetadata(24)
05-07 16:44:47.729 1400 1400 V MetadataRetrieverClient: extractMetadata
05-07 16:44:47.730 3374 4363 V MediaMetadataRetriever: extractMetadata(35)
05-07 16:44:47.730 1400 1400 V MetadataRetrieverClient: extractMetadata
05-07 16:44:47.731 3374 4363 V MediaMetadataRetriever: extractMetadata(36)
05-07 16:44:47.731 1400 1400 V MetadataRetrieverClient: extractMetadata
05-07 16:44:47.732 3374 4363 V MediaMetadataRetriever: extractMetadata(37)
05-07 16:44:47.732 1400 1400 V MetadataRetrieverClient: extractMetadata
05-07 16:44:47.732 3374 4363 V MediaMetadataRetriever: extractMetadata(40)
05-07 16:44:47.732 1400 1400 V MetadataRetrieverClient: extractMetadata
05-07 16:44:47.733 3374 4363 V MediaMetadataRetriever: destructor
05-07 16:44:47.733 3374 4363 V MediaMetadataRetriever: disconnect
05-07 16:44:47.733 1400 1400 V MetadataRetrieverClient: disconnect from pid 3374
05-07 16:44:47.735 1400 1400 V MetadataRetrieverClient: MetadataRetrieverClient destructor
05-07 16:44:47.735 1400 1400 V MetadataRetrieverClient: disconnect from pid 3374
05-07 16:44:47.755 3374 4363 I MediaProvider: End Intent { act=android.intent.action.MEDIA_SCANNER_SCAN_FILE dat=file:///... flg=0x1400010 cmp=com.google.android.providers.media.module/com.android.providers.media.MediaService }
05-07 16:44:47.767 1349 2176 D PackageManager: setEnabledSetting : userId = 0 packageName = com.google.android.providers.media.module cmp = androidx.work.impl.background.systemalarm.RescheduleReceiver newState = 1 callingPackage = com.google.android.providers.media.module
05-07 16:44:47.767 1349 2176 D ApplicationPolicy: getApplicationStateEnabled : pkg = com.google.android.providers.media.module userId : 0
05-07 16:44:47.768 1349 2176 D ApplicationPolicy: getApplicationComponentState : pkg = com.google.android.providers.media.module userId : 0
05-07 16:44:47.775 32492 32581 V MediaMetadataRetriever: constructor
05-07 16:44:47.775 972 23421 I sensors-hal: handle_sns_client_event:44, ambient_light_event: ts=521093469269234, event=620.000000
05-07 16:44:47.775 1400 1400 V MetadataRetrieverClient: MetadataRetrieverClient constructor pid(32492)
05-07 16:44:47.775 1400 1400 V MediaPlayerService: Create new media retriever from pid 32492
05-07 16:44:47.775 32492 32581 V MediaMetadataRetriever: setDataSource(122, 0, 576460752303423487)
05-07 16:44:47.776 1400 1400 V MetadataRetrieverClient: setDataSource fd=9, offset=0, length=576460752303423487
05-07 16:44:47.776 1400 1400 V MetadataRetrieverClient: st_dev = 95
05-07 16:44:47.776 1400 1400 V MetadataRetrieverClient: st_mode = 33200
05-07 16:44:47.776 1400 1400 V MetadataRetrieverClient: st_uid = 10227
05-07 16:44:47.776 1400 1400 V MetadataRetrieverClient: st_gid = 1023
05-07 16:44:47.776 1400 1400 V MetadataRetrieverClient: st_size = 33675533
05-07 16:44:47.776 1400 1400 V MetadataRetrieverClient: calculated length = 33675533
05-07 16:44:47.776 1400 1400 V MetadataRetrieverClient: player type = 4
05-07 16:44:47.776 1307 28061 I DrmManagerService(Native): value of perm = 2 return true from DRM FW
05-07 16:44:47.776 1307 28061 E SEC_DRM_PLUGIN_Omafl: OmaPlugin::onOpenDecryptSession(fd)::Drm2IsDrmFileByExtFd::file is NOT DRM by extension
05-07 16:44:47.777 32492 32526 D MediaSync: loaded: 30ms, 1
05-07 16:44:47.779 1400 1400 D StagefrightMetadataRetriever: FileSource remote
05-07 16:44:47.785 1397 6645 I MediaExtractorFactory: Created an extractor 'SECMPEG4Extractor' with confidence 0.41
05-07 16:44:47.785 32492 32525 D SecMediaProvider: UPDATE /local/metadata 203, 209
05-07 16:44:47.786 1400 1400 V MetadataRetrieverClient: setDataSource(fd) return(0)
05-07 16:44:47.786 32492 32581 V MediaMetadataRetriever: setDataSource(fd) return(0)
05-07 16:44:47.786 32492 32581 V MediaMetadataRetriever: extractMetadata(23)
05-07 16:44:47.786 1400 1400 V MetadataRetrieverClient: extractMetadata
05-07 16:44:47.787 32492 32581 V MediaMetadataRetriever: extractMetadata(1021)
05-07 16:44:47.787 1400 1400 V MetadataRetrieverClient: extractMetadata
05-07 16:44:47.787 32492 32581 V MediaMetadataRetriever: extractMetadata(1015)
05-07 16:44:47.788 1400 1400 V MetadataRetrieverClient: extractMetadata
05-07 16:44:47.788 32492 32581 V MediaMetadataRetriever: extractMetadata(1022)
05-07 16:44:47.788 1400 1400 V MetadataRetrieverClient: extractMetadata
05-07 16:44:47.788 32492 32581 V MediaMetadataRetriever: extractMetadata(1027)
05-07 16:44:47.788 1400 1400 V MetadataRetrieverClient: extractMetadata
05-07 16:44:47.788 32492 32581 V MediaMetadataRetriever: extractMetadata(1024)
05-07 16:44:47.789 1400 1400 V MetadataRetrieverClient: extractMetadata
05-07 16:44:47.789 32492 32581 V MediaMetadataRetriever: extractMetadata(1025)
05-07 16:44:47.789 1400 1400 V MetadataRetrieverClient: extractMetadata
05-07 16:44:47.789 32492 32581 V MediaMetadataRetriever: extractMetadata(35)
05-07 16:44:47.789 1400 1400 V MetadataRetrieverClient: extractMetadata
05-07 16:44:47.790 32492 32581 V MediaMetadataRetriever: extractMetadata(36)
05-07 16:44:47.790 1400 1400 V MetadataRetrieverClient: extractMetadata
05-07 16:44:47.790 32492 32581 V MediaMetadataRetriever: destructor
05-07 16:44:47.790 32492 32581 V MediaMetadataRetriever: disconnect
05-07 16:44:47.790 1400 1400 V MetadataRetrieverClient: disconnect from pid 32492
05-07 16:44:47.791 1400 1400 V MetadataRetrieverClient: MetadataRetrieverClient destructor
05-07 16:44:47.791 1400 1400 V MetadataRetrieverClient: disconnect from pid 32492
05-07 16:44:47.798 3374 25539 I PSyncWorker: Starting proactive picker sync from sync source: 3
05-07 16:44:47.798 3374 25539 I PickerSyncTracker: Created new sync future java.util.concurrent.CompletableFuture@fcd4ba7[Not completed, 1 dependents]. Future map: {242d6103-1184-490c-a62d-a51296f223d8=java.util.concurrent.CompletableFuture@fcd4ba7[Not completed, 1 dependents]}
05-07 16:44:47.798 3374 25539 D PickerSyncController: syncAllMediaFromProvider() LOCAL, auth=com.android.providers.media.photopicker, retry=true
05-07 16:44:47.798 3374 25539 D PickerSyncController: getSyncRequestParams() LOCAL, auth=com.android.providers.media.photopicker
05-07 16:44:47.800 3374 25539 D PickerSyncController: Latest ID/Gen=1407:0c155362-7e6a-483a-b2a3-6d11da4d1bc0:external_primary/209
05-07 16:44:47.800 3374 25539 D PickerSyncController: Cached ID/Gen=1407:0c155362-7e6a-483a-b2a3-6d11da4d1bc0:external_primary/205
05-07 16:44:47.800 3374 25539 D PickerSyncController: RESULT=SyncRequestParams{type=MEDIA_INCREMENTAL, gen=205, latest=Bundle[{last_media_sync_generation=209, media_collection_id=1407:0c155362-7e6a-483a-b2a3-6d11da4d1bc0:external_primary}], pageSize=1000}
05-07 16:44:47.800 3374 25539 I PickerSyncController: Executing SyncAdd. isLocal: true. authority: com.android.providers.media.photopicker
05-07 16:44:47.800 32492 32581 D MediaParseTask: scanItem: 1
05-07 16:44:47.805 3374 25539 D PickerSyncController: Clearing next page token for key: local_provider:media_add:resume
05-07 16:44:47.806 3374 25539 I PickerSyncController: Paged sync successful. QueryArgs: Bundle[{android.provider.extra.SYNC_GENERATION=205}] Total Rows: 1
05-07 16:44:47.806 3374 25539 I PickerSyncController: Executing SyncRemove. isLocal: true. authority: com.android.providers.media.photopicker
05-07 16:44:47.808 3374 25539 D PickerSyncController: Clearing next page token for key: local_provider:media_remove:resume
05-07 16:44:47.808 3374 25539 I PickerSyncController: Paged sync successful. QueryArgs: Bundle[{android.provider.extra.SYNC_GENERATION=205}] Total Rows: 0
05-07 16:44:47.808 3374 25539 I PickerSyncTracker: Marked sync future complete for work id: 242d6103-1184-490c-a62d-a51296f223d8. Future map: {}
05-07 16:44:47.808 3374 25539 I PSyncWorker: Completed picker proactive sync complete from local provider.
05-07 16:44:47.808 3374 25539 I PickerSyncTracker: Created new sync future java.util.concurrent.CompletableFuture@1a04854[Not completed, 1 dependents]. Future map: {242d6103-1184-490c-a62d-a51296f223d8=java.util.concurrent.CompletableFuture@1a04854[Not completed, 1 dependents]}
05-07 16:44:47.808 3374 25539 D PickerSyncController: syncAllMediaFromProvider() CLOUD, auth=null, retry=true
05-07 16:44:47.808 3374 25539 D PickerSyncController: getSyncRequestParams() CLOUD, auth=null
05-07 16:44:47.808 3374 25539 D PickerSyncController: RESULT=SyncRequestParams{type=MEDIA_RESET, gen=0, latest=null, pageSize=1000}
05-07 16:44:47.808 3374 25539 I PickerSyncController: Executing SyncReset. isLocal: false. authority: null
05-07 16:44:47.808 3374 25539 I PickerSyncController: SyncReset. isLocal:false. authority: null. result count: 0
05-07 16:44:47.808 3374 25539 D PickerSyncController: Ignoring cache media info for null authority with bundle: null
05-07 16:44:47.809 3374 25539 I PickerSyncTracker: Marked sync future complete for work id: 242d6103-1184-490c-a62d-a51296f223d8. Future map: {}
05-07 16:44:47.809 3374 25539 I PSyncWorker: Completed picker proactive sync complete from cloud provider.
05-07 16:44:47.809 3374 3925 I WM-WorkerWrapper: Worker result SUCCESS for Work [ id=242d6103-1184-490c-a62d-a51296f223d8, tags={ com.android.providers.media.photopicker.sync.ProactiveSyncWorker } ]
05-07 16:44:47.810 1349 2554 D PackageManager: setEnabledSetting : userId = 0 packageName = com.google.android.providers.media.module cmp = androidx.work.impl.background.systemalarm.RescheduleReceiver newState = 2 callingPackage = com.google.android.providers.media.module
05-07 16:44:47.875 972 23421 I sensors-hal: handle_sns_client_event:44, ambient_light_event: ts=521093569268401, event=621.000000
05-07 16:44:47.975 972 23421 I sensors-hal: handle_sns_client_event:44, ambient_light_event: ts=521093669271578, event=621.000000
05-07 16:44:48.047 1349 4239 D AutoRotationHandler: not support this mode
05-07 16:44:48.075 972 23421 I sensors-hal: handle_sns_client_event:44, ambient_light_event: ts=521093769269494, event=623.000000
05-07 16:44:48.156 3478 3478 W ContextImpl: Calling a method in the system process without a qualified user: android.app.ContextImpl.sendBroadcast:1281 android.content.ContextWrapper.sendBroadcast:513 com.android.camerasaver.BootCameraService$1.run:65 android.os.Handler.handleCallback:958 android.os.Handler.dispatchMessage:99
05-07 16:44:48.157 1349 2554 E ActivityManager: Sending non-protected broadcast com.sec.android.app.camera.action.camerasaver.update from system 3478:com.sec.android.app.camerasaver/1000 pkg com.sec.android.app.camerasaver
05-07 16:44:48.157 1349 2554 E ActivityManager: java.lang.Throwable
05-07 16:44:48.157 1349 2554 E ActivityManager: at com.android.server.am.ActivityManagerService.checkBroadcastFromSystem(ActivityManagerService.java:16992)
05-07 16:44:48.157 1349 2554 E ActivityManager: at com.android.server.am.ActivityManagerService.broadcastIntentLockedTraced(ActivityManagerService.java:17937)
05-07 16:44:48.157 1349 2554 E ActivityManager: at com.android.server.am.ActivityManagerService.broadcastIntentLocked(ActivityManagerService.java:17080)
05-07 16:44:48.157 1349 2554 E ActivityManager: at com.android.server.am.ActivityManagerService.broadcastIntentLocked(ActivityManagerService.java:17057)
05-07 16:44:48.157 1349 2554 E ActivityManager: at com.android.server.am.ActivityManagerService.broadcastIntentWithFeature(ActivityManagerService.java:18164)
05-07 16:44:48.157 1349 2554 E ActivityManager: at android.app.IActivityManager$Stub.onTransact$broadcastIntentWithFeature$(IActivityManager.java:11664)
05-07 16:44:48.157 1349 2554 E ActivityManager: at android.app.IActivityManager$Stub.onTransact(IActivityManager.java:2966)
05-07 16:44:48.157 1349 2554 E ActivityManager: at com.android.server.am.ActivityManagerService.onTransact(ActivityManagerService.java:3198)
05-07 16:44:48.157 1349 2554 E ActivityManager: at android.os.Binder.execTransactInternal(Binder.java:1375)
05-07 16:44:48.157 1349 2554 E ActivityManager: at android.os.Binder.execTransact(Binder.java:1311)
05-07 16:44:48.160 1349 1900 D CompatibilityChangeReporter: Compat change id reported: 265195908; UID 10081; state: ENABLED
05-07 16:44:48.161 25271 25271 I WCamera/CameraAppWidgetProvider: receive update from camera saver
05-07 16:44:48.175 972 23421 I sensors-hal: handle_sns_client_event:44, ambient_light_event: ts=521093869271526, event=622.000000
05-07 16:44:48.219 616 616 D io_stats: !@ 8,0 r 2659784 75683484 w 570574 20445596 d 88575 17158324 f 0 0 iot 1630656 0 th 0 0 0 pt 0 inp 0 0 78918.257
05-07 16:44:48.219 616 616 D io_stats: !@ Read_top(KB): mediaextractor(1397) 472 loop22(745) 360 rs.media.module(3374) 300
05-07 16:44:48.219 616 616 D io_stats: !@ Write_top(KB): .gms.persistent(13933) 8 rs.media.module(3374) 8 kworker/u16:12(6311) 4
05-07 16:44:48.265 24474 24474 I SCS@AiSearch user 0: (ObserverWorker::AOSP_MP) [main] entering in startWork triggered by [content://media/external/file/1000000029]():
05-07 16:44:48.266 24474 24474 I SCS@AiSearch user 0: (BaseCollector::AOSP_MP) [main] entering in onChange():
05-07 16:44:48.266 24474 25290 I SCS@AiSearch user 0: (BaseCollector::AOSP_MP) [AOSP_MP-0] entering in collectChanges():
05-07 16:44:48.269 1349 2554 D PackageManager: setEnabledSetting : userId = 0 packageName = com.samsung.android.scs cmp = androidx.work.impl.background.systemalarm.RescheduleReceiver newState = 1 callingPackage = com.samsung.android.scs
05-07 16:44:48.270 1349 2554 D ApplicationPolicy: getApplicationStateEnabled : pkg = com.samsung.android.scs userId : 0
05-07 16:44:48.271 1349 2554 D ApplicationPolicy: getApplicationComponentState : pkg = com.samsung.android.scs userId : 0
05-07 16:44:48.275 972 23421 I sensors-hal: handle_sns_client_event:44, ambient_light_event: ts=521093969268192, event=623.000000
05-07 16:44:48.282 24474 25290 I SCS@AiSearch user 0: (BaseCollector::AOSP_MP) fetchInternal values : maxSyncId: 1000000028 indexCount: 25 sourceCount: 25
05-07 16:44:48.299 24474 25290 I SCS@AiSearch user 0: (IndexManager) [AOSP_MP-0] entering in addIndex():
05-07 16:44:48.301 24474 25290 I SCS@AiSearch user 0: (IndexManager) [INSERT] index=[com.google.android.providers.media], size=1
05-07 16:44:48.301 24474 25290 I SCS@AiSearch user 0: (IndexManager) getIndexWriter(): indexName com.google.android.providers.media
05-07 16:44:48.325 24474 25290 I SCS@AiSearch user 0: (NeuralPhoneticsPredictor) isNeuralPhonetics :false inputLanguage: english
05-07 16:44:48.331 24474 25290 I SCS@AiSearch user 0: (IndexManager) [INSERT] Done
05-07 16:44:48.331 24474 25290 I SCS@AiSearch user 0: (IndexSearcherManager) [AOSP_MP-0] entering in refreshSearcherManager(): refreshSearcherManager for com.google.android.providers.media
05-07 16:44:48.331 24474 25290 I SCS@AiSearch user 0: (IndexSearcherManager) remove: indexName: com.google.android.providers.media
05-07 16:44:48.332 24474 25290 I SCS@AiSearch user 0: (IndexManager) getIndexWriter(): indexName com.google.android.providers.media
05-07 16:44:48.360 24474 25290 I SCS@AiSearch user 0: (IndexSearcherManager) Searcher created successfully for com.google.android.providers.media
05-07 16:44:48.361 24474 25290 I SCS@AiSearch user 0: (IndexSearcherManager) [AOSP_MP-0] leaving from refreshSearcherManager():
05-07 16:44:48.361 24474 25290 I SCS@AiSearch user 0: (IndexManager) [AOSP_MP-0] entering in waitUntilCommitTaskFinished (idx=com.google.android.providers.media)():
05-07 16:44:48.361 24474 25383 I SCS@AiSearch user 0: (IndexManager) [pool-13-thread-1] entering in commitIndexWriter():
05-07 16:44:48.375 972 23421 I sensors-hal: handle_sns_client_event:44, ambient_light_event: ts=521094069263713, event=623.000000
05-07 16:44:48.378 24474 25383 I SCS@AiSearch user 0: (IndexManager) [pool-13-thread-1] leaving from commitIndexWriter():
05-07 16:44:48.378 24474 25290 I SCS@AiSearch user 0: (IndexManager) [AOSP_MP-0] leaving from waitUntilCommitTaskFinished (idx=com.google.android.providers.media)():
05-07 16:44:48.378 24474 25290 I SCS@AiSearch user 0: (IndexManager) addIndex(): done
05-07 16:44:48.380 24474 25290 I SCS@AiSearch user 0: (BaseCollector::AOSP_MP) fetch: fetching took 104 ms
05-07 16:44:48.380 24474 25290 I SCS@AiSearch user 0: (BaseCollector::AOSP_MP) fetchChanges: applied 1 items
05-07 16:44:48.475 972 23421 I sensors-hal: handle_sns_client_event:44, ambient_light_event: ts=521094169261057, event=622.000000
05-07 16:44:48.575 972 23421 I sensors-hal: handle_sns_client_event:44, ambient_light_event: ts=521094269269494, event=622.000000
05-07 16:44:48.654 1349 1791 D PowerManagerService: UserActivityStateListenerState: 0
05-07 16:44:48.675 972 23421 I sensors-hal: handle_sns_client_event:44, ambient_light_event: ts=521094369270536, event=622.000000
05-07 16:44:48.773 1349 1889 D OverlayManager: reconcileSettingsForPackage pkgName=com.google.android.providers.media.module userId=0
05-07 16:44:48.773 1349 1889 I OverlayManager: updateOverlaysForTarget() called with: targetPackage = [com.google.android.providers.media.module], userId = [0], flags = [8]
05-07 16:44:48.775 972 23421 I sensors-hal: handle_sns_client_event:44, ambient_light_event: ts=521094469262203, event=623.000000
05-07 16:44:48.782 1349 2046 I AppWidgetServiceImpl: Received broadcast: android.intent.action.PACKAGE_CHANGED, Updates all providers with com.google.android.providers.media.module, userId: 0
05-07 16:44:48.782 1349 2046 I AppWidgetServiceImpl: queryIntentReceivers intent : Intent { act=android.appwidget.action.APPWIDGET_UPDATE pkg=com.google.android.providers.media.module } userid : 0 flags : 268436608 result : 0
05-07 16:44:48.787 1349 1719 I CDM_CompanionDeviceManagerService: onPackageModified() u0/com.google.android.providers.media.module
05-07 16:44:48.790 1349 1731 I SearchManagerService: updateSearchables
05-07 16:44:48.791 2283 2944 D LauncherApps: onPackageChanged 0,com.google.android.providers.media.module
05-07 16:44:48.791 1349 1731 D LauncherApps: onPackageChanged 0,com.google.android.providers.media.module
05-07 16:44:48.793 19482 19532 D LauncherApps: onPackageChanged 0,com.google.android.providers.media.module
05-07 16:44:48.793 2145 2145 D CarrierSvcBindHelper: onPackageModified: com.google.android.providers.media.module
05-07 16:44:48.793 1349 1944 I InputReader: Reconfiguring input devices, changes=KEYBOARD_LAYOUTS
05-07 16:44:48.794 2597 2597 V MediaPlayerList: mPackageChangedBroadcastReceiver: action: android.intent.action.PACKAGE_CHANGED
05-07 16:44:48.794 2625 2625 I HoneySpace.PackageOperationTracker: onPackageChanged - com.google.android.providers.media.module UserHandle{0}
05-07 16:44:48.794 2145 2145 D CarrierSvcBindHelper: No carrier app for: 0
05-07 16:44:48.795 2283 2589 D PluginActionManager: queryPkg com.google.android.providers.media.module com.android.systemui.action.PLUGIN_NOTIFICATION_MENU_ROW
05-07 16:44:48.795 1349 1924 D SEP_UNION_SemDeviceInfoManagerService: onReceive : android.intent.action.PACKAGE_CHANGED, userId = 0
05-07 16:44:48.796 2145 9024 D SemCarrierFeature: [get] phoneId should be 0 or 1
05-07 16:44:48.797 2283 2283 D ControlsListingControllerImpl: ServiceConfig reloaded, count: 0
05-07 16:44:48.797 2283 2283 D KeyguardUpdateMonitor: received broadcast android.intent.action.PACKAGE_CHANGED
05-07 16:44:48.797 1349 1720 I Pointer : Device Changed: Input Device 6: holi-qrdsku1-snd-card Button Jack
05-07 16:44:48.797 1349 1720 I Pointer : Descriptor: 75b43ea78eea900cb4006a6c5642bfc652b8f755
05-07 16:44:48.797 1349 1720 I Pointer : Generation: 1576
05-07 16:44:48.797 1349 1720 I Pointer : Location: built-in
05-07 16:44:48.797 1349 1720 I Pointer : Keyboard Type: non-alphabetic
05-07 16:44:48.797 1349 1720 I Pointer : Has Vibrator: false
05-07 16:44:48.797 1349 1720 I Pointer : Has Sensor: false
05-07 16:44:48.797 1349 1720 I Pointer : Has battery: false
05-07 16:44:48.797 1349 1720 I Pointer : Has mic: false
05-07 16:44:48.797 1349 1720 I Pointer : USI Version: null
05-07 16:44:48.797 1349 1720 I Pointer : Sources: 0x101 ( keyboard )
05-07 16:44:48.797 1349 1720 I Pointer : Device Changed: Input Device 4: gpio-keys
05-07 16:44:48.797 1349 1720 I Pointer : Descriptor: 485d69228e24f5e46da1598745890b214130dbc4
05-07 16:44:48.797 1349 1720 I Pointer : Generation: 1579
05-07 16:44:48.797 1349 1720 I Pointer : Location: built-in
05-07 16:44:48.797 1349 1720 I Pointer : Keyboard Type: non-alphabetic
05-07 16:44:48.797 1349 1720 I Pointer : Has Vibrator: false
05-07 16:44:48.797 1349 1720 I Pointer : Has Sensor: false
05-07 16:44:48.797 1349 1720 I Pointer : Has battery: false
05-07 16:44:48.797 1349 1720 I Pointer : Has mic: false
05-07 16:44:48.797 1349 1720 I Pointer : USI Version: null
05-07 16:44:48.797 1349 1720 I Pointer : Sources: 0x101 ( keyboard )
05-07 16:44:48.797 1349 1720 I Pointer : Device Changed: Input Device 3: qpnp_pon
05-07 16:44:48.797 1349 1720 I Pointer : Descriptor: fb60d4f4370f5dbe8267b63d38dea852987571ab
05-07 16:44:48.797 1349 1720 I Pointer : Generation: 1577
05-07 16:44:48.797 1349 1720 I Pointer : Location: built-in
05-07 16:44:48.797 1349 1720 I Pointer : Keyboard Type: non-alphabetic
05-07 16:44:48.797 1349 1720 I Pointer : Has Vibrator: false
05-07 16:44:48.797 1349 1720 I Pointer : Has Sensor: false
05-07 16:44:48.797 1349 1720 I Pointer : Has battery: false
05-07 16:44:48.797 1349 1720 I Pointer : Has mic: false
05-07 16:44:48.797 1349 1720 I Pointer : USI Version: null
05-07 16:44:48.797 1349 1720 I Pointer : Sources: 0x101 ( keyboard )
05-07 16:44:48.797 2283 2589 D PluginActionManager: Found 0 plugins
05-07 16:44:48.797 2283 2589 D PluginActionManager: queryPkg com.google.android.providers.media.module com.android.systemui.action.PLUGIN_NOTIFICATION_MENU_ROW
05-07 16:44:48.797 2145 2258 D ImsResolver: maybeAddedImsService, packageName: com.google.android.providers.media.module
05-07 16:44:48.797 1349 1720 I Pointer : Device Changed: Input Device 2: chipone-tddi
05-07 16:44:48.797 1349 1720 I Pointer : Descriptor: 93e5de292b7fd3af75f1bfb74d1723edcbc2ebee
05-07 16:44:48.797 1349 1720 I Pointer : Generation: 1578
05-07 16:44:48.797 1349 1720 I Pointer : Location: built-in
05-07 16:44:48.797 1349 1720 I Pointer : Keyboard Type: non-alphabetic
05-07 16:44:48.797 1349 1720 I Pointer : Has Vibrator: false
05-07 16:44:48.797 1349 1720 I Pointer : Has Sensor: false
05-07 16:44:48.797 1349 1720 I Pointer : Has battery: false
05-07 16:44:48.797 1349 1720 I Pointer : Has mic: false
05-07 16:44:48.797 1349 1720 I Pointer : USI Version: null
05-07 16:44:48.797 1349 1720 I Pointer : Sources: 0x1103 ( keyboard touchscreen )
05-07 16:44:48.797 1349 1720 I Pointer : AXIS_X: source=0x1002 min=0.0 max=1199.0 flat=0.0 fuzz=0.0 resolution=0.0
05-07 16:44:48.797 1349 1720 I Pointer : AXIS_Y: source=0x1002 min=0.0 max=1919.0 flat=0.0 fuzz=0.0 resolution=0.0
05-07 16:44:48.797 1349 1720 I Pointer : AXIS_PRESSURE: source=0x1002 min=0.0 max=1.0 flat=0.0 fuzz=0.0 resolution=0.0
05-07 16:44:48.797 1349 1720 I Pointer : AXIS_SIZE: source=0x1002 min=0.0 max=1.0 flat=0.0 fuzz=0.0 resolution=0.0
05-07 16:44:48.797 1349 1720 I Pointer : AXIS_TOUCH_MAJOR: source=0x1002 min=0.0 max=2264.1555 flat=0.0 fuzz=0.0 resolution=0.0
05-07 16:44:48.797 1349 1720 I Pointer : AXIS_TOUCH_MINOR: source=0x1002 min=0.0 max=2264.1555 flat=0.0 fuzz=0.0 resolution=0.0
05-07 16:44:48.797 1349 1720 I Pointer : AXIS_TOOL_MAJOR: source=0x1002 min=0.0 max=2264.1555 flat=0.0 fuzz=0.0 resolution=0.0
05-07 16:44:48.797 1349 1720 I Pointer : AXIS_TOOL_MINOR: source=0x1002 min=0.0 max=2264.1555 flat=0.0 fuzz=0.0 resolution=0.0
05-07 16:44:48.800 2597 2597 D HidDeviceService: handleMessage(): msg.what=8
05-07 16:44:48.800 2283 2283 D SPluginManagerImpl: onReceive: android.intent.action.PACKAGE_CHANGED, size:{com.android.systemui.navigationbar.plugin.PluginBarInteractionManager$pluginListener$1@d5a550=SPluginInstanceManager@160667940 (action=com.samsung.systemui.navigationbar.PLUGIN), com.android.systemui.slimindicator.SlimIndicatorPluginMediator@1ede4b0=SPluginInstanceManager@39410829 (action=com.samsung.systemui.action.SPLUGIN_SLIMINDICATOR), com.android.systemui.volume.VolumeStarInteractor$start$1@5deec0b=SPluginInstanceManager@206409282 (action=com.samsung.systemui.volume.PLUGIN), com.samsung.android.systemui.multistar.MultiStarManager$2@8236a23=SPluginInstanceManager@124378707 (action=com.samsung.systemui.action.PLUGIN_MULTISTAR), com.android.systemui.pluginlock.PluginLockMediatorImpl@8e6ec65=SPluginInstanceManager@16982928 (action=com.samsung.systemui.action.PLUGIN_LOCK), com.android.systemui.lockstar.PluginLockStarManager@a04414a=SPluginInstanceManager@76297353 (action=com.samsung.systemui.action.PLUGIN_LOCK_STAR), com.android.systemui.noticenter.NotiCenterPlugin$NotiCenterPluginListener@e84b3a0=SPluginInstanceManager@44715150 (action=com.samsung.systemui.action.PLUGIN_NOTICENTER)}
05-07 16:44:48.800 2283 2283 D FaceWidgetMetadataParser: updatePackage() com.google.android.providers.media.module false
05-07 16:44:48.801 2283 2283 W FaceWidgetMetadataParser: updatePackage() there is no metadata
05-07 16:44:48.801 2283 2283 D FaceWidgetMetadataParser: removePackage() key = com.google.android.providers.media.module
05-07 16:44:48.802 2283 2589 D PluginActionManager: Found 0 plugins
05-07 16:44:48.802 2283 2589 D PluginActionManager: queryPkg com.google.android.providers.media.module com.android.systemui.action.PLUGIN_NOTIFICATION_MENU_ROW
05-07 16:44:48.802 28251 28251 I HBD : c currentConnectionState : false
05-07 16:44:48.802 28251 28251 I HBD : c currentConnectionState : false
05-07 16:44:48.802 28251 28251 I HBD : c currentConnectionState : false
05-07 16:44:48.802 28251 28251 I HBD : c currentConnectionState : false
05-07 16:44:48.802 2625 25301 I HoneySpace.PackageSourceImpl: package changed info list size : 0
05-07 16:44:48.803 2625 2625 I HoneySpace.HoneySpaceManagerContainer: packageUpdateEvent - com.honeyspace.sdk.source.entity.PackageOperation$Changed@552c395
05-07 16:44:48.803 2625 2625 I HoneySpace.HoneySpaceManagerContainer: refreshHoneyPlugin, packageName: com.google.android.providers.media.module
05-07 16:44:48.803 2625 23475 I HoneySpace.HoneySpacePackageSourceImpl: Package changed : com.google.android.providers.media.module
05-07 16:44:48.803 2625 23475 I HoneySpace.HoneySpacePackageSourceImpl: getHiddenItems : 0
05-07 16:44:48.803 2625 25182 I SearchableManager: invalidate: com.google.android.providers.media.module
05-07 16:44:48.804 2283 2589 D PluginActionManager: Found 0 plugins
05-07 16:44:48.804 2283 2589 D PluginActionManager: queryPkg com.google.android.providers.media.module com.android.systemui.action.PLUGIN_QS_FACTORY
05-07 16:44:48.805 2283 2589 D PluginActionManager: Found 0 plugins
05-07 16:44:48.805 2283 2589 D PluginActionManager: queryPkg com.google.android.providers.media.module com.android.systemui.action.PEOPLE_HUB_PERSON_EXTRACTOR
05-07 16:44:48.806 2283 2589 D PluginActionManager: Found 0 plugins
05-07 16:44:48.806 2283 2589 D PluginActionManager: queryPkg com.google.android.providers.media.module com.android.systemui.action.PLUGIN_SENSOR_MANAGER
05-07 16:44:48.806 2283 2589 D PluginActionManager: Found 0 plugins
05-07 16:44:48.806 2283 2589 D PluginActionManager: queryPkg com.google.android.providers.media.module com.android.systemui.action.PLUGIN_GLOBAL_ACTIONS
05-07 16:44:48.806 2283 2589 D PluginActionManager: Found 0 plugins
05-07 16:44:48.806 2283 2589 D PluginActionManager: queryPkg com.google.android.providers.media.module com.android.systemui.action.PLUGIN_NOTIFICATION_MENU_ROW
05-07 16:44:48.807 23429 25138 I PermissionControllerServiceImpl: Updating user sensitive for uid 10227
05-07 16:44:48.807 2283 2589 D PluginActionManager: Found 0 plugins
05-07 16:44:48.807 2283 2589 D PluginActionManager: queryPkg com.google.android.providers.media.module com.android.systemui.action.PLUGIN_VOLUME
05-07 16:44:48.808 2283 2589 D PluginActionManager: Found 0 plugins
05-07 16:44:48.808 2283 2589 D PluginActionManager: queryPkg com.google.android.providers.media.module com.samsung.systemui.action.PLUGIN_FACE_WIDGET
05-07 16:44:48.808 2283 2589 D PluginActionManager: Too many of com.samsung.systemui.action.PLUGIN_FACE_WIDGET
05-07 16:44:48.808 2283 2589 D PluginActionManager: queryPkg com.google.android.providers.media.module com.android.systemui.action.PLUGIN_NOTIFICATION_MENU_ROW
05-07 16:44:48.808 2283 2589 D PluginActionManager: Found 0 plugins
05-07 16:44:48.808 2283 2589 D PluginActionManager: queryPkg com.google.android.providers.media.module com.android.systemui.action.PLUGIN_NOTIFICATION_ASSISTANT
05-07 16:44:48.809 2283 2589 D PluginActionManager: Found 0 plugins
05-07 16:44:48.809 2283 2589 D PluginActionManager: queryPkg com.google.android.providers.media.module com.android.systemui.action.PLUGIN_NOTIFICATION_MENU_ROW
05-07 16:44:48.810 2283 2589 D PluginActionManager: Found 0 plugins
05-07 16:44:48.811 2283 2589 D PluginActionManager: queryPkg com.google.android.providers.media.module com.android.systemui.action.PLUGIN_QS
05-07 16:44:48.812 2283 2589 D PluginActionManager: Found 0 plugins
05-07 16:44:48.812 2283 2589 D PluginActionManager: queryPkg com.google.android.providers.media.module com.android.systemui.action.PLUGIN_TOAST
05-07 16:44:48.812 2283 2589 D PluginActionManager: Found 0 plugins
05-07 16:44:48.812 2283 2589 D PluginActionManager: queryPkg com.google.android.providers.media.module com.android.systemui.action.PLUGIN_NOTIFICATION_MENU_ROW
05-07 16:44:48.813 2283 2589 D PluginActionManager: Found 0 plugins
05-07 16:44:48.813 2283 2589 D PluginActionManager: queryPkg com.google.android.providers.media.module com.android.systemui.action.PLUGIN_OVERLAY
05-07 16:44:48.814 2283 2589 D PluginActionManager: Found 0 plugins
05-07 16:44:48.814 2283 2589 D PluginActionManager: queryPkg com.google.android.providers.media.module com.android.systemui.action.PLUGIN_CLOCK_PROVIDER
05-07 16:44:48.814 2283 2589 D PluginActionManager: Found 0 plugins
05-07 16:44:48.814 2283 2589 D PluginActionManager: queryPkg com.google.android.providers.media.module com.android.systemui.action.PLUGIN_NOTIFICATION_MENU_ROW
05-07 16:44:48.815 2283 2589 D PluginActionManager: Found 0 plugins
05-07 16:44:48.875 972 23421 I sensors-hal: handle_sns_client_event:44, ambient_light_event: ts=521094569267099, event=623.000000
05-07 16:44:48.976 972 23421 I sensors-hal: handle_sns_client_event:44, ambient_light_event: ts=521094669264182, event=623.000000
05-07 16:44:49.076 972 23421 I sensors-hal: handle_sns_client_event:44, ambient_light_event: ts=521094769262880, event=623.000000
05-07 16:44:49.175 972 23421 I sensors-hal: handle_sns_client_event:44, ambient_light_event: ts=521094869274130, event=622.000000
05-07 16:44:49.204 2625 25301 I SearchEngineAppSuggestion: packageUpdateEvent: com.honeyspace.sdk.source.entity.PackageOperation$Changed@552c395
05-07 16:44:49.204 2625 25301 I SearchEngineAppSuggestion: package changed: com.google.android.providers.media.module
05-07 16:44:49.204 2625 25301 I SearchEngine: query: reTriggered SUGGESTED_APPS 196
05-07 16:44:49.205 2625 25301 I HoneySpace.SuggestAppDecor: cellX : 6
05-07 16:44:49.205 2625 25301 I ResultDataManager: Results: keys=SUGGESTED_APPS, SUGGESTED_TAG, HISTORY_KEYWORD, SUGGESTED_DIRECTORY, HOT_WORDS, SUGGESTED_TIPCARD
05-07 16:44:49.205 2625 25301 I HoneySpace.ContentsViewModel: observed com.honeyspace.search.ui.honeypot.presentation.content.ContentsViewModel@2ec7d27
05-07 16:44:49.206 2625 25301 I HoneySpace.ContentsViewModel: result onUpdated: SUGGESTED_APPS
05-07 16:44:49.206 2625 25301 I HoneySpace.ContentsViewModel: result onRemoved: SUGGESTED_APPS
05-07 16:44:49.206 2625 25301 I HoneySpace.ContentsViewModel: result onAdded: SUGGESTED_APPS
05-07 16:44:49.273 24474 24474 I SCS@AiSearch user 0: (PackageBroadcastReceiver) onReceive android.intent.action.PACKAGE_CHANGED
05-07 16:44:49.273 24474 24474 I SCS@AiSearch user 0: (PackageBroadcastReceiver) packageName: com.google.android.providers.media.module
05-07 16:44:49.274 24474 24474 I SCS@AiSearch user 0: (PackageBroadcastReceiver) Packages changed: [com.google.android.providers.media.module]
05-07 16:44:49.274 24474 24474 I SCS@AiSearch user 0: (AppsDataObserver) scheduling worker CMD_UPDATE_LIST
05-07 16:44:49.275 972 23421 I sensors-hal: handle_sns_client_event:44, ambient_light_event: ts=521094969267932, event=623.000000
05-07 16:44:49.279 1349 2554 D PackageManager: setEnabledSetting : userId = 0 packageName = com.samsung.android.scs cmp = androidx.work.impl.background.systemalarm.RescheduleReceiver newState = 1 callingPackage = com.samsung.android.scs
05-07 16:44:49.280 1349 2554 D ApplicationPolicy: getApplicationStateEnabled : pkg = com.samsung.android.scs userId : 0
05-07 16:44:49.281 1349 2554 D ApplicationPolicy: getApplicationComponentState : pkg = com.samsung.android.scs userId : 0
05-07 16:44:49.359 2625 2625 I CardAdapter: setCards: SUGGESTED_TIPCARD, SUGGESTED_APPS, SUGGESTED_TAG, SUGGESTED_DIRECTORY
05-07 16:44:49.375 972 23421 I sensors-hal: handle_sns_client_event:44, ambient_light_event: ts=521095069267099, event=623.000000
05-07 16:44:49.475 972 23421 I sensors-hal: handle_sns_client_event:44, ambient_light_event: ts=521095169270536, event=623.000000
05-07 16:44:49.521 1349 1899 D SensorService: [SO] 0.279 0.087 9.815
05-07 16:44:49.575 972 23421 I sensors-hal: handle_sns_client_event:44, ambient_light_event: ts=521095269270744, event=623.000000
05-07 16:44:49.675 972 23421 I sensors-hal: handle_sns_client_event:44, ambient_light_event: ts=521095369269494, event=623.000000
05-07 16:44:49.775 972 23421 I sensors-hal: handle_sns_client_event:44, ambient_light_event: ts=521095469270536, event=622.000000
05-07 16:44:49.790 1349 2025 I SearchManagerService: _updateSearchables
05-07 16:44:49.804 1349 2025 W SearchableInfo: Invalid searchable metadata for com.samsung.android.messaging/.ui.view.main.picker.contact.ContactPickerActivity: Search label must be a resource reference.
05-07 16:44:49.821 1349 2025 I SearchManagerService: _updateSearchables completed.
05-07 16:44:49.875 972 23421 I sensors-hal: handle_sns_client_event:44, ambient_light_event: ts=521095569268453, event=622.000000
05-07 16:44:49.926 10792 10792 I wpa_supplicant: Heartbeat 8244
05-07 16:44:49.975 972 23421 I sensors-hal: handle_sns_client_event:44, ambient_light_event: ts=521095669268974, event=622.000000
05-07 16:44:50.075 972 23421 I sensors-hal: handle_sns_client_event:44, ambient_light_event: ts=521095769270484, event=622.000000