05-07 16:44:43.170 25153 25153 I GestureDetector: obtain mCurrentDownEvent. id: 490449056 caller: org.qtproject.qt.android.QtWindow.onTouchEvent:74 org.qtproject.qt.android.QtLayout.onTouchEvent:53 android.view.View.dispatchTouchEvent:16212
05-07 16:44:43.172 1349 1720 I GestureDetector: obtain mCurrentDownEvent. id: 490449056 caller: com.android.server.wm.SystemGesturesPointerEventListener.onPointerEvent:204 com.android.server.wm.PointerEventDispatcher.onInputEvent:53 android.view.InputEventReceiver.dispatchInputEvent:296
05-07 16:44:43.172 1349 1720 I GestureDetector: obtain mCurrentDownEvent. id: 490449056 caller: com.android.server.wm.SystemPerformancePointerEventListener.onPointerEvent:89 com.android.server.wm.PointerEventDispatcher.onInputEvent:53 android.view.InputEventReceiver.dispatchInputEvent:296
05-07 16:44:43.173 1144 1144 I Layer : Layer [Sprite#3662] hidden!! flag(0)
05-07 16:44:43.174 1009 25255 I QC2C2DEngine: calcYSize: unsupported or RGB color format, RGBA8888(1)
05-07 16:44:43.175 972 23421 I sensors-hal: handle_sns_client_event:44, ambient_light_event: ts=521088869272307, event=600.000000
05-07 16:44:43.194 1144 1144 D SurfaceFlinger: Display 4630946835308409729 HWC layers:
05-07 16:44:43.194 1144 1144 D SurfaceFlinger: CLIENT | 0xb400006fbcf8d720 | 0500 | RGBA_8888 | 0.0 0.0 1200.0 1812.0 | 0 36 1200 1848 | SurfaceView[org.qtproject.example.he[...]d.bindings.QtActivity]@0(BLAST)#4507
05-07 16:44:43.194 1144 1144 D SurfaceFlinger: CLIENT | 0xb400006fbcf8b6c0 | 0100 | RGBA_8888 | 0.0 0.0 1200.0 1920.0 | 0 0 1200 1920 | org.qtproject.example.hellogles3/org[...]roid.bindings.QtActivity$_25153#4377
05-07 16:44:43.194 1144 1144 D SurfaceFlinger: CLIENT | 0xb400006fb0fb6440 | 0100 | RGBA_8888 | 0.0 0.0 1200.0 36.0 | 0 0 1200 36 | StatusBar$_2283#84
05-07 16:44:43.194 1144 1144 D SurfaceFlinger: CLIENT | 0xb400006fbcf8b3b0 | 0100 | RGBA_8888 | 0.0 0.0 67.0 207.0 | 1133 432 1200 639 | com.sec.android.app.launcher/com.sam[...]e.edge.CocktailBarService$_2625#4278
05-07 16:44:43.194 1144 1144 D SurfaceFlinger: CLIENT | 0xb400006fbcf8b570 | 0100 | RGBA_8888 | 0.0 0.0 1200.0 72.0 | 0 1848 1200 1920 | TaskbarWindow$_2625#544
05-07 16:44:43.194 1144 1144 D SurfaceFlinger: CLIENT | 0xb400006fbcf8aaf0 | 0100 | RGBA_8888 | 0.0 0.0 1200.0 1920.0 | 0 0 1200 1920 | PointerLocation - display 0#3661
05-07 16:44:43.194 1144 1144 D SurfaceFlinger: CLIENT | 0xb40
05-07 16:44:43.194 1144 1144 D SurfaceFlinger: 0006fbcf8c1b0 | 0100 | RGBA_8888 | 0.0 0.0 36.0 36.0 | 534 842 570 878 | bbq-wrapper#3663
05-07 16:44:43.194 1144 1144 D SurfaceFlinger: CLIENT | 0xb400006fbcf8ad90 | 0100 | RGBA_8888 | 0.0 0.0 36.0 36.0 | 506 684 542 720 | bbq-wrapper#4514
05-07 16:44:43.194 1144 1144 D SurfaceFlinger:
05-07 16:44:43.196 1009 25255 I QC2C2DEngine: calcYSize: unsupported or RGB color format, RGBA8888(1)
05-07 16:44:43.209 1349 1720 I GestureDetector: obtain mCurrentMotionEventRaw. action: 2 id: 359968844
05-07 16:44:43.209 1349 1720 I GestureDetector: obtain mCurrentMotionEventRaw. action: 2 id: 359968844
05-07 16:44:43.214 1349 1349 I SemDvfsHyPerManager: acquire hyper - WM_SCROLL_DETECTED/1349@1, type = 268443651
05-07 16:44:43.214 975 1107 I HYPER-HAL: [RequestManager.cpp]acquire(): Acquired ID : 911926 [1349 / 1] HINT : list : [CoreNumBigMin / 2]
05-07 16:44:43.219 1009 25255 I QC2C2DEngine: calcYSize: unsupported or RGB color format, RGBA8888(1)
05-07 16:44:43.220 25153 25153 I GestureDetector: obtain mCurrentMotionEventRaw. action: 2 id: 359968844
05-07 16:44:43.238 1009 25255 I QC2C2DEngine: calcYSize: unsupported or RGB color format, RGBA8888(1)
05-07 16:44:43.268 1349 1944 D InputReader: Btn_touch(9): value=0 when=78913.307106
05-07 16:44:43.268 1349 1944 I InputReader: Touch event's action is 0x1 (id=2, t=0) [pCnt=1, s=] when=78913.307106
05-07 16:44:43.269 1349 1943 I InputDispatcher: Delivering touch to (25153): action: 0x1, f=0x0, d=0, 'e637420', t=1
05-07 16:44:43.270 25153 25153 I ViewRootImpl@f9c5125[QtActivity]: ViewPostIme pointer 1
05-07 16:44:43.270 1009 25255 I QC2C2DEngine: calcYSize: unsupported or RGB color format, RGBA8888(1)
05-07 16:44:43.272 1349 1349 I SemDvfsHyPerManager: acquire hyper - GESTURE_DETECTED_HRR/1349@17, type = -999
05-07 16:44:43.272 1349 1349 I SemDvfsHyPerManager: acquire hyper - GESTURE_DETECTED_HRR/1349@17, type = -999
05-07 16:44:43.272 1349 1349 I SemDvfsHyPerManager: acquire hyper - SMOOTH_SCROLL/1349@8, type = -999
05-07 16:44:43.273 975 1107 I HYPER-HAL: [RequestManager.cpp]releaseLocked(): Released ID : 911926
05-07 16:44:43.273 975 1107 I HYPER-HAL: [RequestManager.cpp]acquire(): Acquired ID : 933678 [1349 / 17] HINT : GESTURE_DETECTED_HRR list : [TIMEOUT / 1543]
05-07 16:44:43.273 975 1107 I HYPER-HAL: [ResourceManager.cpp]updateResource(): [CPULittleMinFreq] UpdateResource Request ID : 933678 Value : 1113600
05-07 16:44:43.273 975 1107 I HYPER-HAL: [ResourceManager.cpp]updateResource(): [CPUMinFreq] UpdateResource Request ID : 933678 Value : 1401600
05-07 16:44:43.273 975 1107 I HYPER-HAL: [RequestManager.cpp]acquire(): Acquired ID : 933678 [1349 / 17] HINT : GESTURE_DETECTED_HRR list : [TIMEOUT / 1543]
05-07 16:44:43.273 975 1107 I HYPER-HAL: [ResourceManager.cpp]updateResource(): [CPULittleMinFreq] UpdateResource Request ID : 933678 Value : 1113600
05-07 16:44:43.273 975 1107 I HYPER-HAL: [ResourceManager.cpp]updateResource(): [CPUMinFreq] UpdateResource Request ID : 933678 Value : 1401600
05-07 16:44:43.273 975 1107 I HYPER-HAL: [RequestManager.cpp]acquire(): Acquired ID : 921411 [1349 / 8] HINT : SMOOTH_SCROLL list :
05-07 16:44:43.273 975 1107 I HYPER-HAL: [ResourceManager.cpp]updateResource(): [CPUMinFreq] UpdateResource Request ID : 921411 Value : 1228800
05-07 16:44:43.274 975 1107 I HYPER-HAL: [ResourceManager.cpp]removeResource(): [CPUMinFreq] RemoveResource Request ID : 921411
05-07 16:44:43.275 972 23421 I sensors-hal: handle_sns_client_event:44, ambient_light_event: ts=521088969267359, event=596.000000
05-07 16:44:43.276 975 1107 I HYPER-HAL: [RequestManager.cpp]releaseLocked(): Released ID : 921411
05-07 16:44:43.288 1009 25255 I QC2C2DEngine: calcYSize: unsupported or RGB color format, RGBA8888(1)
05-07 16:44:43.307 1009 25255 I QC2C2DEngine: calcYSize: unsupported or RGB color format, RGBA8888(1)
05-07 16:44:43.314 1144 1144 I Layer : Layer [Sprite#4513] hidden!! flag(1)
05-07 16:44:43.338 1144 1144 D SurfaceFlinger: Display 4630946835308409729 HWC layers:
05-07 16:44:43.338 1144 1144 D SurfaceFlinger: CLIENT | 0xb400006fbcf8d640 | 0500 | RGBA_8888 | 0.0 0.0 1200.0 1812.0 | 0 36 1200 1848 | SurfaceView[org.qtproject.example.he[...]d.bindings.QtActivity]@0(BLAST)#4507
05-07 16:44:43.338 1144 1144 D SurfaceFlinger: CLIENT | 0xb400006fbcf8b6c0 | 0100 | RGBA_8888 | 0.0 0.0 1200.0 1920.0 | 0 0 1200 1920 | org.qtproject.example.hellogles3/org[...]roid.bindings.QtActivity$_25153#4377
05-07 16:44:43.338 1144 1144 D SurfaceFlinger: CLIENT | 0xb400006fb0fb6440 | 0100 | RGBA_8888 | 0.0 0.0 1200.0 36.0 | 0 0 1200 36 | StatusBar$_2283#84
05-07 16:44:43.338 1144 1144 D SurfaceFlinger: CLIENT | 0xb400006fbcf8b3b0 | 0100 | RGBA_8888 | 0.0 0.0 67.0 207.0 | 1133 432 1200 639 | com.sec.android.app.launcher/com.sam[...]e.edge.CocktailBarService$_2625#4278
05-07 16:44:43.338 1144 1144 D SurfaceFlinger: CLIENT | 0xb400006fbcf8b570 | 0100 | RGBA_8888 | 0.0 0.0 1200.0 72.0 | 0 1848 1200 1920 | TaskbarWindow$_2625#544
05-07 16:44:43.338 1144 1144 D SurfaceFlinger: CLIENT | 0xb400006fbcf8a5b0 | 0100 | RGBA_8888 | 0.0 0.0 1200.0 1920.0 | 0 0 1200 1920 | PointerLocation - display 0#3661
05-07 16:44:43.338 1144 1144 D SurfaceFlinger: CLIENT | 0xb40
05-07 16:44:43.339 1144 1144 D SurfaceFlinger: 0006fbcf8c1b0 | 0100 | RGBA_8888 | 0.0 0.0 36.0 36.0 | 589 930 625 966 | bbq-wrapper#3663
05-07 16:44:43.339 1144 1144 D SurfaceFlinger:
05-07 16:44:43.340 1009 25255 I QC2C2DEngine: calcYSize: unsupported or RGB color format, RGBA8888(1)
05-07 16:44:43.358 1349 1944 D InputReader: Btn_touch(9): value=1 when=78913.396252
05-07 16:44:43.358 1349 1944 I InputReader: Touch event's action is 0x0 (id=2, t=0) [pCnt=1, s=0.471 ] when=78913.396252
05-07 16:44:43.358 1349 1943 I InputDispatcher: Delivering touch to (2625): action: 0x4, f=0x0, d=0, 'ede8149', t=1
05-07 16:44:43.358 1349 1943 I InputDispatcher: Delivering touch to (25153): action: 0x0, f=0x0, d=0, 'e637420', t=1
05-07 16:44:43.359 25153 25153 I ViewRootImpl@f9c5125[QtActivity]: ViewPostIme pointer 0
05-07 16:44:43.360 1349 1720 I GestureDetector: obtain mCurrentDownEvent. id: 328610852 caller: com.android.server.wm.SystemGesturesPointerEventListener.onPointerEvent:204 com.android.server.wm.PointerEventDispatcher.onInputEvent:53 android.view.InputEventReceiver.dispatchInputEvent:296
05-07 16:44:43.360 1349 1720 I GestureDetector: obtain mCurrentDownEvent. id: 328610852 caller: com.android.server.wm.SystemPerformancePointerEventListener.onPointerEvent:89 com.android.server.wm.PointerEventDispatcher.onInputEvent:53 android.view.InputEventReceiver.dispatchInputEvent:296
05-07 16:44:43.360 25153 25153 I GestureDetector: obtain mCurrentDownEvent. id: 328610852 caller: org.qtproject.qt.android.QtWindow.onTouchEvent:74 org.qtproject.qt.android.QtLayout.onTouchEvent:53 android.view.View.dispatchTouchEvent:16212
05-07 16:44:43.365 1144 1144 I Layer : Layer [Sprite#4513] hidden!! flag(0)
05-07 16:44:43.367 1009 25255 I QC2C2DEngine: calcYSize: unsupported or RGB color format, RGBA8888(1)
05-07 16:44:43.375 972 23421 I sensors-hal: handle_sns_client_event:44, ambient_light_event: ts=521089069266630, event=579.000000
05-07 16:44:43.380 1349 1720 I GestureDetector: obtain mCurrentMotionEventRaw. action: 2 id: 363467262
05-07 16:44:43.380 1349 1720 I GestureDetector: obtain mCurrentMotionEventRaw. action: 2 id: 363467262
05-07 16:44:43.387 1144 1144 D SurfaceFlinger: Display 4630946835308409729 HWC layers:
05-07 16:44:43.387 1144 1144 D SurfaceFlinger: CLIENT | 0xb400006fbcf8d720 | 0500 | RGBA_8888 | 0.0 0.0 1200.0 1812.0 | 0 36 1200 1848 | SurfaceView[org.qtproject.example.he[...]d.bindings.QtActivity]@0(BLAST)#4507
05-07 16:44:43.387 1144 1144 D SurfaceFlinger: CLIENT | 0xb400006fbcf8b6c0 | 0100 | RGBA_8888 | 0.0 0.0 1200.0 1920.0 | 0 0 1200 1920 | org.qtproject.example.hellogles3/org[...]roid.bindings.QtActivity$_25153#4377
05-07 16:44:43.387 1144 1144 D SurfaceFlinger: CLIENT | 0xb400006fb0fb6440 | 0100 | RGBA_8888 | 0.0 0.0 1200.0 36.0 | 0 0 1200 36 | StatusBar$_2283#84
05-07 16:44:43.387 1144 1144 D SurfaceFlinger: CLIENT | 0xb400006fbcf8b3b0 | 0100 | RGBA_8888 | 0.0 0.0 67.0 207.0 | 1133 432 1200 639 | com.sec.android.app.launcher/com.sam[...]e.edge.CocktailBarService$_2625#4278
05-07 16:44:43.387 1144 1144 D SurfaceFlinger: CLIENT | 0xb400006fbcf8b570 | 0100 | RGBA_8888 | 0.0 0.0 1200.0 72.0 | 0 1848 1200 1920 | TaskbarWindow$_2625#544
05-07 16:44:43.387 1144 1144 D SurfaceFlinger: CLIENT | 0xb400006fbcf8aaf0 | 0100 | RGBA_8888 | 0.0 0.0 1200.0 1920.0 | 0 0 1200 1920 | PointerLocation - display 0#3661
05-07 16:44:43.387 1144 1144 D SurfaceFlinger: CLIENT | 0xb40
05-07 16:44:43.387 1144 1144 D SurfaceFlinger: 0006fbcf8c1b0 | 0100 | RGBA_8888 | 0.0 0.0 36.0 36.0 | 589 930 625 966 | bbq-wrapper#3663
05-07 16:44:43.387 1144 1144 D SurfaceFlinger: CLIENT | 0xb400006fa3c769c0 | 0100 | RGBA_8888 | 0.0 0.0 36.0 36.0 | 869 1177 905 1213 | bbq-wrapper#4514
05-07 16:44:43.387 1144 1144 D SurfaceFlinger:
05-07 16:44:43.388 25153 25153 I GestureDetector: obtain mCurrentMotionEventRaw. action: 2 id: 363467262
05-07 16:44:43.390 1009 25255 I QC2C2DEngine: calcYSize: unsupported or RGB color format, RGBA8888(1)
05-07 16:44:43.411 1009 25255 I QC2C2DEngine: calcYSize: unsupported or RGB color format, RGBA8888(1)
05-07 16:44:43.414 1349 1349 I SemDvfsHyPerManager: acquire hyper - WM_SCROLL_DETECTED/1349@1, type = 268443651
05-07 16:44:43.414 975 1107 I HYPER-HAL: [RequestManager.cpp]acquire(): Acquired ID : 911926 [1349 / 1] HINT : list : [CoreNumBigMin / 2]
05-07 16:44:43.436 1009 25255 I QC2C2DEngine: calcYSize: unsupported or RGB color format, RGBA8888(1)
05-07 16:44:43.458 1349 1944 D InputReader: Btn_touch(9): value=0 when=78913.496882
05-07 16:44:43.458 1349 1944 I InputReader: Touch event's action is 0x1 (id=2, t=0) [pCnt=1, s=] when=78913.496882
05-07 16:44:43.458 1349 1943 I InputDispatcher: Delivering touch to (25153): action: 0x1, f=0x0, d=0, 'e637420', t=1
05-07 16:44:43.460 1009 25255 I QC2C2DEngine: calcYSize: unsupported or RGB color format, RGBA8888(1)
05-07 16:44:43.463 25153 25153 I ViewRootImpl@f9c5125[QtActivity]: ViewPostIme pointer 1
05-07 16:44:43.465 975 1107 I HYPER-HAL: [RequestManager.cpp]releaseLocked(): Released ID : 911926
05-07 16:44:43.465 1349 1349 I SemDvfsHyPerManager: acquire hyper - SMOOTH_SCROLL/1349@8, type = -999
05-07 16:44:43.465 1349 1349 I SemDvfsHyPerManager: acquire hyper - GESTURE_DETECTED_HRR/1349@17, type = -999
05-07 16:44:43.465 1349 1349 I SemDvfsHyPerManager: acquire hyper - GESTURE_DETECTED_HRR/1349@17, type = -999
05-07 16:44:43.465 975 1107 I HYPER-HAL: [RequestManager.cpp]acquire(): Acquired ID : 921411 [1349 / 8] HINT : SMOOTH_SCROLL list :
05-07 16:44:43.465 975 1107 I HYPER-HAL: [ResourceManager.cpp]updateResource(): [CPUMinFreq] UpdateResource Request ID : 921411 Value : 1228800
05-07 16:44:43.466 975 1107 I HYPER-HAL: [RequestManager.cpp]acquire(): Acquired ID : 933678 [1349 / 17] HINT : GESTURE_DETECTED_HRR list : [TIMEOUT / 1523]
05-07 16:44:43.466 975 1107 I HYPER-HAL: [ResourceManager.cpp]updateResource(): [CPULittleMinFreq] UpdateResource Request ID : 933678 Value : 1113600
05-07 16:44:43.466 975 1107 I HYPER-HAL: [ResourceManager.cpp]updateResource(): [CPUMinFreq] UpdateResource Request ID : 933678 Value : 1401600
05-07 16:44:43.466 975 1107 I HYPER-HAL: [RequestManager.cpp]acquire(): Acquired ID : 933678 [1349 / 17] HINT : GESTURE_DETECTED_HRR list : [TIMEOUT / 1523]
05-07 16:44:43.466 975 1107 I HYPER-HAL: [ResourceManager.cpp]updateResource(): [CPULittleMinFreq] UpdateResource Request ID : 933678 Value : 1113600
05-07 16:44:43.466 975 1107 I HYPER-HAL: [ResourceManager.cpp]updateResource(): [CPUMinFreq] UpdateResource Request ID : 933678 Value : 1401600
05-07 16:44:43.466 975 1107 I HYPER-HAL: [ResourceManager.cpp]removeResource(): [CPUMinFreq] RemoveResource Request ID : 921411
05-07 16:44:43.466 975 1107 I HYPER-HAL: [RequestManager.cpp]releaseLocked(): Released ID : 921411
05-07 16:44:43.468 23951 23951 D BoundBrokerSvc: onUnbind: Intent { act=com.google.android.gms.feedback.internal.IFeedbackService dat=chimera-action:/... cmp=com.google.android.gms/.chimera.GmsBoundBrokerService }
05-07 16:44:43.475 972 23421 I sensors-hal: handle_sns_client_event:44, ambient_light_event: ts=521089169269494, event=568.000000
05-07 16:44:43.475 1009 25255 I QC2C2DEngine: calcYSize: unsupported or RGB color format, RGBA8888(1)
05-07 16:44:43.497 1009 25255 I QC2C2DEngine: calcYSize: unsupported or RGB color format, RGBA8888(1)
05-07 16:44:43.504 1144 1144 I Layer : Layer [Sprite#3662] hidden!! flag(1)
05-07 16:44:43.524 1144 1144 D SurfaceFlinger: Display 4630946835308409729 HWC layers:
05-07 16:44:43.524 1144 1144 D SurfaceFlinger: CLIENT | 0xb400006fbcf8d640 | 0500 | RGBA_8888 | 0.0 0.0 1200.0 1812.0 | 0 36 1200 1848 | SurfaceView[org.qtproject.example.he[...]d.bindings.QtActivity]@0(BLAST)#4507
05-07 16:44:43.524 1144 1144 D SurfaceFlinger: CLIENT | 0xb400006fbcf8b6c0 | 0100 | RGBA_8888 | 0.0 0.0 1200.0 1920.0 | 0 0 1200 1920 | org.qtproject.example.hellogles3/org[...]roid.bindings.QtActivity$_25153#4377
05-07 16:44:43.524 1144 1144 D SurfaceFlinger: CLIENT | 0xb400006fb0fb6440 | 0100 | RGBA_8888 | 0.0 0.0 1200.0 36.0 | 0 0 1200 36 | StatusBar$_2283#84
05-07 16:44:43.524 1144 1144 D SurfaceFlinger: CLIENT | 0xb400006fbcf8b3b0 | 0100 | RGBA_8888 | 0.0 0.0 67.0 207.0 | 1133 432 1200 639 | com.sec.android.app.launcher/com.sam[...]e.edge.CocktailBarService$_2625#4278
05-07 16:44:43.524 1144 1144 D SurfaceFlinger: CLIENT | 0xb400006fbcf8b570 | 0100 | RGBA_8888 | 0.0 0.0 1200.0 72.0 | 0 1848 1200 1920 | TaskbarWindow$_2625#544
05-07 16:44:43.524 1144 1144 D SurfaceFlinger: CLIENT | 0xb400006fbcf8a5b0 | 0100 | RGBA_8888 | 0.0 0.0 1200.0 1920.0 | 0 0 1200 1920 | PointerLocation - display 0#3661
05-07 16:44:43.524 1144 1144 D SurfaceFlinger: CLIENT | 0xb40
05-07 16:44:43.524 1144 1144 D SurfaceFlinger: 0006fa3c769c0 | 0100 | RGBA_8888 | 0.0 0.0 36.0 36.0 | 926 1249 962 1285 | bbq-wrapper#4514
05-07 16:44:43.524 1144 1144 D SurfaceFlinger:
05-07 16:44:43.525 1349 1944 D InputReader: Btn_touch(9): value=1 when=78913.563289
05-07 16:44:43.525 1349 1944 I InputReader: Touch event's action is 0x0 (id=2, t=0) [pCnt=1, s=0.472 ] when=78913.563289
05-07 16:44:43.525 1349 1943 I InputDispatcher: Delivering touch to (2625): action: 0x4, f=0x0, d=0, 'ede8149', t=1
05-07 16:44:43.525 1349 1943 I InputDispatcher: Delivering touch to (25153): action: 0x0, f=0x0, d=0, 'e637420', t=1
05-07 16:44:43.526 1349 1720 I GestureDetector: obtain mCurrentDownEvent. id: 359526355 caller: com.android.server.wm.SystemGesturesPointerEventListener.onPointerEvent:204 com.android.server.wm.PointerEventDispatcher.onInputEvent:53 android.view.InputEventReceiver.dispatchInputEvent:296
05-07 16:44:43.526 25153 25153 I ViewRootImpl@f9c5125[QtActivity]: ViewPostIme pointer 0
05-07 16:44:43.527 1349 1720 I GestureDetector: obtain mCurrentDownEvent. id: 359526355 caller: com.android.server.wm.SystemPerformancePointerEventListener.onPointerEvent:89 com.android.server.wm.PointerEventDispatcher.onInputEvent:53 android.view.InputEventReceiver.dispatchInputEvent:296
05-07 16:44:43.527 1009 25255 I QC2C2DEngine: calcYSize: unsupported or RGB color format, RGBA8888(1)
05-07 16:44:43.527 25153 25153 I GestureDetector: obtain mCurrentDownEvent. id: 359526355 caller: org.qtproject.qt.android.QtWindow.onTouchEvent:74 org.qtproject.qt.android.QtLayout.onTouchEvent:53 android.view.View.dispatchTouchEvent:16212
05-07 16:44:43.543 1144 1144 I Layer : Layer [Sprite#3662] hidden!! flag(0)
05-07 16:44:43.547 1009 25255 I QC2C2DEngine: calcYSize: unsupported or RGB color format, RGBA8888(1)
05-07 16:44:43.563 1144 1144 D SurfaceFlinger: Display 4630946835308409729 HWC layers:
05-07 16:44:43.563 1144 1144 D SurfaceFlinger: CLIENT | 0xb400006fbcf8d720 | 0500 | RGBA_8888 | 0.0 0.0 1200.0 1812.0 | 0 36 1200 1848 | SurfaceView[org.qtproject.example.he[...]d.bindings.QtActivity]@0(BLAST)#4507
05-07 16:44:43.563 1144 1144 D SurfaceFlinger: CLIENT | 0xb400006fbcf8b6c0 | 0100 | RGBA_8888 | 0.0 0.0 1200.0 1920.0 | 0 0 1200 1920 | org.qtproject.example.hellogles3/org[...]roid.bindings.QtActivity$_25153#4377
05-07 16:44:43.563 1144 1144 D SurfaceFlinger: CLIENT | 0xb400006fb0fb6440 | 0100 | RGBA_8888 | 0.0 0.0 1200.0 36.0 | 0 0 1200 36 | StatusBar$_2283#84
05-07 16:44:43.563 1144 1144 D SurfaceFlinger: CLIENT | 0xb400006fbcf8b3b0 | 0100 | RGBA_8888 | 0.0 0.0 67.0 207.0 | 1133 432 1200 639 | com.sec.android.app.launcher/com.sam[...]e.edge.CocktailBarService$_2625#4278
05-07 16:44:43.563 1144 1144 D SurfaceFlinger: CLIENT | 0xb400006fbcf8b570 | 0100 | RGBA_8888 | 0.0 0.0 1200.0 72.0 | 0 1848 1200 1920 | TaskbarWindow$_2625#544
05-07 16:44:43.563 1144 1144 D SurfaceFlinger: CLIENT | 0xb400006fbcf8aaf0 | 0100 | RGBA_8888 | 0.0 0.0 1200.0 1920.0 | 0 0 1200 1920 | PointerLocation - display 0#3661
05-07 16:44:43.563 1144 1144 D SurfaceFlinger: CLIENT | 0xb40
05-07 16:44:43.563 1144 1144 D SurfaceFlinger: 0006fa3c73150 | 0100 | RGBA_8888 | 0.0 0.0 36.0 36.0 | 935 1350 971 1386 | bbq-wrapper#3663
05-07 16:44:43.563 1144 1144 D SurfaceFlinger: CLIENT | 0xb400006fa3c769c0 | 0100 | RGBA_8888 | 0.0 0.0 36.0 36.0 | 926 1249 962 1285 | bbq-wrapper#4514
05-07 16:44:43.563 1144 1144 D SurfaceFlinger:
05-07 16:44:43.565 1009 25255 I QC2C2DEngine: calcYSize: unsupported or RGB color format, RGBA8888(1)
05-07 16:44:43.575 972 23421 I sensors-hal: handle_sns_client_event:44, ambient_light_event: ts=521089269267411, event=566.000000
05-07 16:44:43.584 1009 25255 I QC2C2DEngine: calcYSize: unsupported or RGB color format, RGBA8888(1)
05-07 16:44:43.599 1349 1720 I GestureDetector: obtain mCurrentMotionEventRaw. action: 2 id: 984750358
05-07 16:44:43.599 1349 1720 I GestureDetector: obtain mCurrentMotionEventRaw. action: 2 id: 984750358
05-07 16:44:43.610 25153 25153 I GestureDetector: obtain mCurrentMotionEventRaw. action: 2 id: 984750358
05-07 16:44:43.610 1349 1349 I SemDvfsHyPerManager: acquire hyper - WM_SCROLL_DETECTED/1349@1, type = 268443651
05-07 16:44:43.611 975 1107 I HYPER-HAL: [RequestManager.cpp]acquire(): Acquired ID : 911926 [1349 / 1] HINT : list : [CoreNumBigMin / 2]
05-07 16:44:43.614 1009 25255 I QC2C2DEngine: calcYSize: unsupported or RGB color format, RGBA8888(1)
05-07 16:44:43.625 1349 1944 D InputReader: Btn_touch(9): value=0 when=78913.663447
05-07 16:44:43.625 1349 1944 I InputReader: Touch event's action is 0x1 (id=2, t=0) [pCnt=1, s=] when=78913.663447
05-07 16:44:43.625 1349 1943 I InputDispatcher: Delivering touch to (25153): action: 0x1, f=0x0, d=0, 'e637420', t=1
05-07 16:44:43.627 975 1107 I HYPER-HAL: [RequestManager.cpp]releaseLocked(): Released ID : 911926
05-07 16:44:43.627 1349 1349 I SemDvfsHyPerManager: acquire hyper - GESTURE_DETECTED_HRR/1349@17, type = -999
05-07 16:44:43.627 1349 1349 I SemDvfsHyPerManager: acquire hyper - GESTURE_DETECTED_HRR/1349@17, type = -999
05-07 16:44:43.627 975 1107 I HYPER-HAL: [RequestManager.cpp]acquire(): Acquired ID : 933678 [1349 / 17] HINT : GESTURE_DETECTED_HRR list : [TIMEOUT / 647]
05-07 16:44:43.627 975 1107 I HYPER-HAL: [ResourceManager.cpp]updateResource(): [CPULittleMinFreq] UpdateResource Request ID : 933678 Value : 1113600
05-07 16:44:43.627 975 1107 I HYPER-HAL: [ResourceManager.cpp]updateResource(): [CPUMinFreq] UpdateResource Request ID : 933678 Value : 1401600
05-07 16:44:43.627 975 1107 I HYPER-HAL: [RequestManager.cpp]acquire(): Acquired ID : 933678 [1349 / 17] HINT : GESTURE_DETECTED_HRR list : [TIMEOUT / 647]
05-07 16:44:43.627 975 1107 I HYPER-HAL: [ResourceManager.cpp]updateResource(): [CPULittleMinFreq] UpdateResource Request ID : 933678 Value : 1113600
05-07 16:44:43.627 975 1107 I HYPER-HAL: [ResourceManager.cpp]updateResource(): [CPUMinFreq] UpdateResource Request ID : 933678 Value : 1401600
05-07 16:44:43.627 25153 25153 I ViewRootImpl@f9c5125[QtActivity]: ViewPostIme pointer 1
05-07 16:44:43.636 1009 25255 I QC2C2DEngine: calcYSize: unsupported or RGB color format, RGBA8888(1)
05-07 16:44:43.654 1009 25255 I QC2C2DEngine: calcYSize: unsupported or RGB color format, RGBA8888(1)
05-07 16:44:43.675 972 23421 I sensors-hal: handle_sns_client_event:44, ambient_light_event: ts=521089369271838, event=571.000000
05-07 16:44:43.684 1144 1144 I Layer : Layer [Sprite#4513] hidden!! flag(1)
05-07 16:44:43.685 1009 25255 I QC2C2DEngine: calcYSize: unsupported or RGB color format, RGBA8888(1)
05-07 16:44:43.707 1144 1144 D SurfaceFlinger: Display 4630946835308409729 HWC layers:
05-07 16:44:43.707 1144 1144 D SurfaceFlinger: CLIENT | 0xb400006fbcf8d640 | 0500 | RGBA_8888 | 0.0 0.0 1200.0 1812.0 | 0 36 1200 1848 | SurfaceView[org.qtproject.example.he[...]d.bindings.QtActivity]@0(BLAST)#4507
05-07 16:44:43.707 1144 1144 D SurfaceFlinger: CLIENT | 0xb400006fbcf8b6c0 | 0100 | RGBA_8888 | 0.0 0.0 1200.0 1920.0 | 0 0 1200 1920 | org.qtproject.example.hellogles3/org[...]roid.bindings.QtActivity$_25153#4377
05-07 16:44:43.707 1144 1144 D SurfaceFlinger: CLIENT | 0xb400006fb0fb6440 | 0100 | RGBA_8888 | 0.0 0.0 1200.0 36.0 | 0 0 1200 36 | StatusBar$_2283#84
05-07 16:44:43.707 1144 1144 D SurfaceFlinger: CLIENT | 0xb400006fbcf8b3b0 | 0100 | RGBA_8888 | 0.0 0.0 67.0 207.0 | 1133 432 1200 639 | com.sec.android.app.launcher/com.sam[...]e.edge.CocktailBarService$_2625#4278
05-07 16:44:43.707 1144 1144 D SurfaceFlinger: CLIENT | 0xb400006fbcf8b570 | 0100 | RGBA_8888 | 0.0 0.0 1200.0 72.0 | 0 1848 1200 1920 | TaskbarWindow$_2625#544
05-07 16:44:43.707 1144 1144 D SurfaceFlinger: CLIENT | 0xb400006fbcf8aaf0 | 0100 | RGBA_8888 | 0.0 0.0 1200.0 1920.0 | 0 0 1200 1920 | PointerLocation - display 0#3661
05-07 16:44:43.707 1144 1144 D SurfaceFlinger: CLIENT | 0xb40
05-07 16:44:43.707 1144 1144 D SurfaceFlinger: 0006fa3c73150 | 0100 | RGBA_8888 | 0.0 0.0 36.0 36.0 | 922 1369 958 1405 | bbq-wrapper#3663
05-07 16:44:43.707 1144 1144 D SurfaceFlinger:
05-07 16:44:43.708 1009 25255 I QC2C2DEngine: calcYSize: unsupported or RGB color format, RGBA8888(1)
05-07 16:44:43.734 1009 25255 I QC2C2DEngine: calcYSize: unsupported or RGB color format, RGBA8888(1)
05-07 16:44:43.759 1009 25255 I QC2C2DEngine: calcYSize: unsupported or RGB color format, RGBA8888(1)
05-07 16:44:43.775 972 23421 I sensors-hal: handle_sns_client_event:44, ambient_light_event: ts=521089469270797, event=581.000000
05-07 16:44:43.784 1009 25255 I QC2C2DEngine: calcYSize: unsupported or RGB color format, RGBA8888(1)
05-07 16:44:43.810 1009 25255 I QC2C2DEngine: calcYSize: unsupported or RGB color format, RGBA8888(1)
05-07 16:44:43.827 1009 25263 D BufferPoolAccessor2.0: bufferpool2 0xf781c818 : 10(15687680 size) total buffers - 4(6275072 size) used buffers - 492/502 (recycle/alloc) - 8/497 (fetch/transfer)
05-07 16:44:43.834 1144 1144 I Layer : Layer [Sprite#3662] hidden!! flag(1)
05-07 16:44:43.835 1009 25255 I QC2C2DEngine: calcYSize: unsupported or RGB color format, RGBA8888(1)
05-07 16:44:43.859 1144 1144 D SurfaceFlinger: Display 4630946835308409729 HWC layers:
05-07 16:44:43.859 1144 1144 D SurfaceFlinger: DEVICE | 0xb400006fbcf8d720 | 0500 | RGBA_8888 | 0.0 0.0 1200.0 1812.0 | 0 36 1200 1848 | SurfaceView[org.qtproject.example.he[...]d.bindings.QtActivity]@0(BLAST)#4507
05-07 16:44:43.859 1144 1144 D SurfaceFlinger: CLIENT | 0xb400006fbcf8b6c0 | 0100 | RGBA_8888 | 0.0 0.0 1200.0 1920.0 | 0 0 1200 1920 | org.qtproject.example.hellogles3/org[...]roid.bindings.QtActivity$_25153#4377
05-07 16:44:43.859 1144 1144 D SurfaceFlinger: CLIENT | 0xb400006fb0fb6440 | 0100 | RGBA_8888 | 0.0 0.0 1200.0 36.0 | 0 0 1200 36 | StatusBar$_2283#84
05-07 16:44:43.859 1144 1144 D SurfaceFlinger: CLIENT | 0xb400006fbcf8b3b0 | 0100 | RGBA_8888 | 0.0 0.0 67.0 207.0 | 1133 432 1200 639 | com.sec.android.app.launcher/com.sam[...]e.edge.CocktailBarService$_2625#4278
05-07 16:44:43.859 1144 1144 D SurfaceFlinger: CLIENT | 0xb400006fbcf8b570 | 0100 | RGBA_8888 | 0.0 0.0 1200.0 72.0 | 0 1848 1200 1920 | TaskbarWindow$_2625#544
05-07 16:44:43.859 1144 1144 D SurfaceFlinger: CLIENT | 0xb400006fbcf8aaf0 | 0100 | RGBA_8888 | 0.0 0.0 1200.0 1920.0 | 0 0 1200 1920 | PointerLocation - display 0#3661
05-07 16:44:43.859 1144 1144 D SurfaceFlinger:
05-07 16:44:43.860 1009 25255 I QC2C2DEngine: calcYSize: unsupported or RGB color format, RGBA8888(1)
05-07 16:44:43.875 972 23421 I sensors-hal: handle_sns_client_event:44, ambient_light_event: ts=521089569267672, event=597.000000
05-07 16:44:43.879 1009 25255 I QC2C2DEngine: calcYSize: unsupported or RGB color format, RGBA8888(1)
05-07 16:44:43.899 1009 25255 I QC2C2DEngine: calcYSize: unsupported or RGB color format, RGBA8888(1)
05-07 16:44:43.913 1009 25255 I QC2C2DEngine: calcYSize: unsupported or RGB color format, RGBA8888(1)
05-07 16:44:43.934 1009 25255 I QC2C2DEngine: calcYSize: unsupported or RGB color format, RGBA8888(1)
05-07 16:44:43.954 1009 25255 I QC2C2DEngine: calcYSize: unsupported or RGB color format, RGBA8888(1)
05-07 16:44:43.959 1349 1944 D InputReader: Btn_touch(9): value=1 when=78913.997634
05-07 16:44:43.959 1349 1944 I InputReader: Touch event's action is 0x0 (id=2, t=0) [pCnt=1, s=0.473 ] when=78913.997634
05-07 16:44:43.959 1349 1943 I InputDispatcher: Delivering touch to (2625): action: 0x4, f=0x0, d=0, 'ede8149', t=1
05-07 16:44:43.959 1349 1943 I InputDispatcher: Delivering touch to (25153): action: 0x0, f=0x0, d=0, 'e637420', t=1
05-07 16:44:43.960 25153 25153 I ViewRootImpl@f9c5125[QtActivity]: ViewPostIme pointer 0
05-07 16:44:43.961 25153 25153 I GestureDetector: obtain mCurrentDownEvent. id: 648918833 caller: org.qtproject.qt.android.QtWindow.onTouchEvent:74 org.qtproject.qt.android.QtLayout.onTouchEvent:53 android.view.View.dispatchTouchEvent:16212
05-07 16:44:43.963 1349 1720 I GestureDetector: obtain mCurrentDownEvent. id: 648918833 caller: com.android.server.wm.SystemGesturesPointerEventListener.onPointerEvent:204 com.android.server.wm.PointerEventDispatcher.onInputEvent:53 android.view.InputEventReceiver.dispatchInputEvent:296
05-07 16:44:43.963 1349 1720 I GestureDetector: obtain mCurrentDownEvent. id: 648918833 caller: com.android.server.wm.SystemPerformancePointerEventListener.onPointerEvent:89 com.android.server.wm.PointerEventDispatcher.onInputEvent:53 android.view.InputEventReceiver.dispatchInputEvent:296
05-07 16:44:43.966 1144 1144 I Layer : Layer [Sprite#3662] hidden!! flag(0)
05-07 16:44:43.971 1009 25255 I QC2C2DEngine: calcYSize: unsupported or RGB color format, RGBA8888(1)
05-07 16:44:43.972 1349 1720 I GestureDetector: obtain mCurrentMotionEventRaw. action: 2 id: 749705284
05-07 16:44:43.972 1349 1720 I GestureDetector: obtain mCurrentMotionEventRaw. action: 2 id: 749705284
05-07 16:44:43.975 972 23421 I sensors-hal: handle_sns_client_event:44, ambient_light_event: ts=521089669270276, event=603.000000
05-07 16:44:43.977 25153 25153 I GestureDetector: obtain mCurrentMotionEventRaw. action: 2 id: 749705284
05-07 16:44:43.984 1144 1144 D SurfaceFlinger: Display 4630946835308409729 HWC layers:
05-07 16:44:43.984 1144 1144 D SurfaceFlinger: CLIENT | 0xb400006fbcf8d6b0 | 0500 | RGBA_8888 | 0.0 0.0 1200.0 1812.0 | 0 36 1200 1848 | SurfaceView[org.qtproject.example.he[...]d.bindings.QtActivity]@0(BLAST)#4507
05-07 16:44:43.984 1144 1144 D SurfaceFlinger: CLIENT | 0xb400006fbcf8b6c0 | 0100 | RGBA_8888 | 0.0 0.0 1200.0 1920.0 | 0 0 1200 1920 | org.qtproject.example.hellogles3/org[...]roid.bindings.QtActivity$_25153#4377
05-07 16:44:43.984 1144 1144 D SurfaceFlinger: CLIENT | 0xb400006fb0fb6440 | 0100 | RGBA_8888 | 0.0 0.0 1200.0 36.0 | 0 0 1200 36 | StatusBar$_2283#84
05-07 16:44:43.984 1144 1144 D SurfaceFlinger: CLIENT | 0xb400006fbcf8b3b0 | 0100 | RGBA_8888 | 0.0 0.0 67.0 207.0 | 1133 432 1200 639 | com.sec.android.app.launcher/com.sam[...]e.edge.CocktailBarService$_2625#4278
05-07 16:44:43.984 1144 1144 D SurfaceFlinger: CLIENT | 0xb400006fbcf8b570 | 0100 | RGBA_8888 | 0.0 0.0 1200.0 72.0 | 0 1848 1200 1920 | TaskbarWindow$_2625#544
05-07 16:44:43.984 1144 1144 D SurfaceFlinger: CLIENT | 0xb400006fbcf8aaf0 | 0100 | RGBA_8888 | 0.0 0.0 1200.0 1920.0 | 0 0 1200 1920 | PointerLocation - display 0#3661
05-07 16:44:43.984 1144 1144 D SurfaceFlinger: CLIENT | 0xb40
05-07 16:44:43.984 1144 1144 D SurfaceFlinger: 0006fbcf8c1b0 | 0100 | RGBA_8888 | 0.0 0.0 36.0 36.0 | 267 1450 303 1486 | bbq-wrapper#3663
05-07 16:44:43.984 1144 1144 D SurfaceFlinger:
05-07 16:44:43.990 1009 25255 I QC2C2DEngine: calcYSize: unsupported or RGB color format, RGBA8888(1)
05-07 16:44:44.013 1009 25255 I QC2C2DEngine: calcYSize: unsupported or RGB color format, RGBA8888(1)
05-07 16:44:44.016 1349 1349 I SemDvfsHyPerManager: acquire hyper - WM_SCROLL_DETECTED/1349@1, type = 268443651
05-07 16:44:44.017 975 1107 I HYPER-HAL: [RequestManager.cpp]acquire(): Acquired ID : 911926 [1349 / 1] HINT : list : [CoreNumBigMin / 2]
05-07 16:44:44.034 1009 25255 I QC2C2DEngine: calcYSize: unsupported or RGB color format, RGBA8888(1)
05-07 16:44:44.037 1349 1944 D InputReader: Btn_touch(9): value=0 when=78914.075564
05-07 16:44:44.037 1349 1944 I InputReader: Touch event's action is 0x1 (id=2, t=0) [pCnt=1, s=] when=78914.075564
05-07 16:44:44.038 1349 1943 I InputDispatcher: Delivering touch to (25153): action: 0x1, f=0x0, d=0, 'e637420', t=1
05-07 16:44:44.038 25153 25153 I ViewRootImpl@f9c5125[QtActivity]: ViewPostIme pointer 1
05-07 16:44:44.039 1349 1349 I SemDvfsHyPerManager: acquire hyper - SMOOTH_SCROLL/1349@8, type = -999
05-07 16:44:44.039 1349 1349 I SemDvfsHyPerManager: acquire hyper - GESTURE_DETECTED_HRR/1349@17, type = -999
05-07 16:44:44.039 1349 1349 I SemDvfsHyPerManager: acquire hyper - GESTURE_DETECTED_HRR/1349@17, type = -999
05-07 16:44:44.039 975 1107 I HYPER-HAL: [RequestManager.cpp]releaseLocked(): Released ID : 911926
05-07 16:44:44.040 975 1107 I HYPER-HAL: [RequestManager.cpp]acquire(): Acquired ID : 921411 [1349 / 8] HINT : SMOOTH_SCROLL list :
05-07 16:44:44.040 975 1107 I HYPER-HAL: [ResourceManager.cpp]updateResource(): [CPUMinFreq] UpdateResource Request ID : 921411 Value : 1228800
05-07 16:44:44.040 975 1107 I HYPER-HAL: [RequestManager.cpp]acquire(): Acquired ID : 933678 [1349 / 17] HINT : GESTURE_DETECTED_HRR list : [TIMEOUT / 1176]
05-07 16:44:44.040 975 1107 I HYPER-HAL: [ResourceManager.cpp]updateResource(): [CPULittleMinFreq] UpdateResource Request ID : 933678 Value : 1113600
05-07 16:44:44.040 975 1107 I HYPER-HAL: [ResourceManager.cpp]updateResource(): [CPUMinFreq] UpdateResource Request ID : 933678 Value : 1401600
05-07 16:44:44.040 975 1107 I HYPER-HAL: [ResourceManager.cpp]removeResource(): [CPUMinFreq] RemoveResource Request ID : 921411
05-07 16:44:44.040 975 1107 I HYPER-HAL: [RequestManager.cpp]releaseLocked(): Released ID : 921411
05-07 16:44:44.040 975 1107 I HYPER-HAL: [RequestManager.cpp]acquire(): Acquired ID : 933678 [1349 / 17] HINT : GESTURE_DETECTED_HRR list : [TIMEOUT / 1176]
05-07 16:44:44.040 975 1107 I HYPER-HAL: [ResourceManager.cpp]updateResource(): [CPULittleMinFreq] UpdateResource Request ID : 933678 Value : 1113600
05-07 16:44:44.040 975 1107 I HYPER-HAL: [ResourceManager.cpp]updateResource(): [CPUMinFreq] UpdateResource Request ID : 933678 Value : 1401600
05-07 16:44:44.058 1009 25255 I QC2C2DEngine: calcYSize: unsupported or RGB color format, RGBA8888(1)
05-07 16:44:44.075 972 23421 I sensors-hal: handle_sns_client_event:44, ambient_light_event: ts=521089769269494, event=607.000000
05-07 16:44:44.079 1009 25255 I QC2C2DEngine: calcYSize: unsupported or RGB color format, RGBA8888(1)
05-07 16:44:44.099 1009 25255 I QC2C2DEngine: calcYSize: unsupported or RGB color format, RGBA8888(1)
05-07 16:44:44.126 1349 1944 D InputReader: Btn_touch(9): value=1 when=78914.164797
05-07 16:44:44.126 1349 1944 I InputReader: Touch event's action is 0x0 (id=2, t=0) [pCnt=1, s=0.474 ] when=78914.164797
05-07 16:44:44.127 1349 1943 I InputDispatcher: Delivering touch to (2625): action: 0x4, f=0x0, d=0, 'ede8149', t=1
05-07 16:44:44.127 1349 1943 I InputDispatcher: Delivering touch to (25153): action: 0x0, f=0x0, d=0, 'e637420', t=1
05-07 16:44:44.127 1349 1943 D PowerManagerService: [api] userActivityFromNative : touch displayId=0 eventTime=78914164
05-07 16:44:44.128 25153 25153 I ViewRootImpl@f9c5125[QtActivity]: ViewPostIme pointer 0
05-07 16:44:44.129 25153 25153 I GestureDetector: obtain mCurrentDownEvent. id: 193914761 caller: org.qtproject.qt.android.QtWindow.onTouchEvent:74 org.qtproject.qt.android.QtLayout.onTouchEvent:53 android.view.View.dispatchTouchEvent:16212
05-07 16:44:44.129 1349 1720 I GestureDetector: obtain mCurrentDownEvent. id: 193914761 caller: com.android.server.wm.SystemGesturesPointerEventListener.onPointerEvent:204 com.android.server.wm.PointerEventDispatcher.onInputEvent:53 android.view.InputEventReceiver.dispatchInputEvent:296
05-07 16:44:44.130 1349 1720 I GestureDetector: obtain mCurrentDownEvent. id: 193914761 caller: com.android.server.wm.SystemPerformancePointerEventListener.onPointerEvent:89 com.android.server.wm.PointerEventDispatcher.onInputEvent:53 android.view.InputEventReceiver.dispatchInputEvent:296
05-07 16:44:44.133 1009 25255 I QC2C2DEngine: calcYSize: unsupported or RGB color format, RGBA8888(1)
05-07 16:44:44.138 1349 1720 I GestureDetector: obtain mCurrentMotionEventRaw. action: 2 id: 1013818583
05-07 16:44:44.138 1349 1720 I GestureDetector: obtain mCurrentMotionEventRaw. action: 2 id: 1013818583
05-07 16:44:44.144 25153 25153 I GestureDetector: obtain mCurrentMotionEventRaw. action: 2 id: 1013818583
05-07 16:44:44.146 1144 1144 I Layer : Layer [Sprite#4513] hidden!! flag(0)
05-07 16:44:44.153 1009 25255 I QC2C2DEngine: calcYSize: unsupported or RGB color format, RGBA8888(1)
05-07 16:44:44.163 1144 1144 D SurfaceFlinger: Display 4630946835308409729 HWC layers:
05-07 16:44:44.163 1144 1144 D SurfaceFlinger: CLIENT | 0xb400006fbcf8d6b0 | 0500 | RGBA_8888 | 0.0 0.0 1200.0 1812.0 | 0 36 1200 1848 | SurfaceView[org.qtproject.example.he[...]d.bindings.QtActivity]@0(BLAST)#4507
05-07 16:44:44.163 1144 1144 D SurfaceFlinger: CLIENT | 0xb400006fbcf8b6c0 | 0100 | RGBA_8888 | 0.0 0.0 1200.0 1920.0 | 0 0 1200 1920 | org.qtproject.example.hellogles3/org[...]roid.bindings.QtActivity$_25153#4377
05-07 16:44:44.163 1144 1144 D SurfaceFlinger: CLIENT | 0xb400006fb0fb6440 | 0100 | RGBA_8888 | 0.0 0.0 1200.0 36.0 | 0 0 1200 36 | StatusBar$_2283#84
05-07 16:44:44.163 1144 1144 D SurfaceFlinger: CLIENT | 0xb400006fbcf8b3b0 | 0100 | RGBA_8888 | 0.0 0.0 67.0 207.0 | 1133 432 1200 639 | com.sec.android.app.launcher/com.sam[...]e.edge.CocktailBarService$_2625#4278
05-07 16:44:44.163 1144 1144 D SurfaceFlinger: CLIENT | 0xb400006fbcf8b570 | 0100 | RGBA_8888 | 0.0 0.0 1200.0 72.0 | 0 1848 1200 1920 | TaskbarWindow$_2625#544
05-07 16:44:44.163 1144 1144 D SurfaceFlinger: CLIENT | 0xb400006fbcf8aa10 | 0100 | RGBA_8888 | 0.0 0.0 1200.0 1920.0 | 0 0 1200 1920 | PointerLocation - display 0#3661
05-07 16:44:44.163 1144 1144 D SurfaceFlinger: CLIENT | 0xb40
05-07 16:44:44.164 1144 1144 D SurfaceFlinger: 0006fbcf8c1b0 | 0100 | RGBA_8888 | 0.0 0.0 36.0 36.0 | 255 1424 291 1460 | bbq-wrapper#3663
05-07 16:44:44.164 1144 1144 D SurfaceFlinger: CLIENT | 0xb400006fbcf8ad90 | 0100 | RGBA_8888 | 0.0 0.0 36.0 36.0 | 187 1237 223 1273 | bbq-wrapper#4514
05-07 16:44:44.164 1144 1144 D SurfaceFlinger:
05-07 16:44:44.170 1009 25255 I QC2C2DEngine: calcYSize: unsupported or RGB color format, RGBA8888(1)
05-07 16:44:44.173 1349 1349 I SemDvfsHyPerManager: acquire hyper - WM_SCROLL_DETECTED/1349@1, type = 268443651
05-07 16:44:44.173 975 1107 I HYPER-HAL: [RequestManager.cpp]acquire(): Acquired ID : 911926 [1349 / 1] HINT : list : [CoreNumBigMin / 2]
05-07 16:44:44.175 972 23421 I sensors-hal: handle_sns_client_event:44, ambient_light_event: ts=521089869271578, event=609.000000
05-07 16:44:44.190 1009 25255 I QC2C2DEngine: calcYSize: unsupported or RGB color format, RGBA8888(1)
05-07 16:44:44.204 1349 1944 D InputReader: Btn_touch(9): value=0 when=78914.242617
05-07 16:44:44.204 1349 1944 I InputReader: Touch event's action is 0x1 (id=2, t=0) [pCnt=1, s=] when=78914.242617
05-07 16:44:44.204 1349 1943 I InputDispatcher: Delivering touch to (25153): action: 0x1, f=0x0, d=0, 'e637420', t=1
05-07 16:44:44.205 25153 25153 I ViewRootImpl@f9c5125[QtActivity]: ViewPostIme pointer 1
05-07 16:44:44.208 1009 25255 I QC2Comp : [avcE_38] Stats: Pending(2) i/p-done(1) Works: Q: 517/Done 515|Work-Rate: Q(46.4/s Avg=48.8/s) Done(47.598/s Avg=48.644/s)| Stream: 54.25fps 23.9Mbps
05-07 16:44:44.208 1009 25255 I QC2Comp : Mem-usage: [In-2D: 65 bufs 292.500 MB] [1D-34: 10 bufs 14.961 MB]
05-07 16:44:44.208 1009 25255 I QC2Comp : Total Mem-usage: 307.461 MB
05-07 16:44:44.213 1009 25255 I QC2C2DEngine: calcYSize: unsupported or RGB color format, RGBA8888(1)
05-07 16:44:44.217 1349 1349 I SemDvfsHyPerManager: acquire hyper - SMOOTH_SCROLL/1349@8, type = -999
05-07 16:44:44.217 1349 1349 I SemDvfsHyPerManager: acquire hyper - GESTURE_DETECTED_HRR/1349@17, type = -999
05-07 16:44:44.217 1349 1349 I SemDvfsHyPerManager: acquire hyper - GESTURE_DETECTED_HRR/1349@17, type = -999
05-07 16:44:44.218 616 616 D io_stats: !@ 8,0 r 2659621 75681568 w 570567 20445560 d 88563 17103824 f 0 0 iot 1630500 0 th 0 0 0 pt 0 inp 0 0 78914.256
05-07 16:44:44.218 616 616 D io_stats: !@ Read_top(KB): earchbox:search(14414) 1784 .gms.persistent(13933) 24 system_server(1349) 12
05-07 16:44:44.218 616 616 D io_stats: !@ Write_top(KB): rs.media.module(3374) 424
05-07 16:44:44.218 975 1107 I HYPER-HAL: [RequestManager.cpp]releaseLocked(): Released ID : 911926
05-07 16:44:44.218 975 1107 I HYPER-HAL: [RequestManager.cpp]acquire(): Acquired ID : 921411 [1349 / 8] HINT : SMOOTH_SCROLL list :
05-07 16:44:44.218 975 1107 I HYPER-HAL: [ResourceManager.cpp]updateResource(): [CPUMinFreq] UpdateResource Request ID : 921411 Value : 1228800
05-07 16:44:44.218 975 1107 I HYPER-HAL: [RequestManager.cpp]acquire(): Acquired ID : 933678 [1349 / 17] HINT : GESTURE_DETECTED_HRR list : [TIMEOUT / 1629]
05-07 16:44:44.218 975 1107 I HYPER-HAL: [ResourceManager.cpp]updateResource(): [CPULittleMinFreq] UpdateResource Request ID : 933678 Value : 1113600
05-07 16:44:44.218 975 1107 I HYPER-HAL: [ResourceManager.cpp]updateResource(): [CPUMinFreq] UpdateResource Request ID : 933678 Value : 1401600
05-07 16:44:44.218 975 1107 I HYPER-HAL: [ResourceManager.cpp]removeResource(): [CPUMinFreq] RemoveResource Request ID : 921411
05-07 16:44:44.219 975 1107 I HYPER-HAL: [RequestManager.cpp]releaseLocked(): Released ID : 921411
05-07 16:44:44.219 975 1107 I HYPER-HAL: [RequestManager.cpp]acquire(): Acquired ID : 933678 [1349 / 17] HINT : GESTURE_DETECTED_HRR list : [TIMEOUT / 1629]
05-07 16:44:44.219 975 1107 I HYPER-HAL: [ResourceManager.cpp]updateResource(): [CPULittleMinFreq] UpdateResource Request ID : 933678 Value : 1113600
05-07 16:44:44.219 975 1107 I HYPER-HAL: [ResourceManager.cpp]updateResource(): [CPUMinFreq] UpdateResource Request ID : 933678 Value : 1401600
05-07 16:44:44.235 1009 25255 I QC2C2DEngine: calcYSize: unsupported or RGB color format, RGBA8888(1)
05-07 16:44:44.260 1144 1144 I Layer : Layer [Sprite#3662] hidden!! flag(1)
05-07 16:44:44.262 1009 25255 I QC2C2DEngine: calcYSize: unsupported or RGB color format, RGBA8888(1)
05-07 16:44:44.269 1349 2001 D BatteryService: Sending ACTION_BATTERY_CHANGED: level:80, status:2, health:2, remain:-1, ac:false, usb:true, wireless:false, pogo:false, misc:0x0, charge_type:0, charger_type:0, voltage:4029, temperature:230, online:4, charging_status:0, cycle_count:0, current_avg:0, ps:false, hvc:false, capacity:280000, current_event:0x0, current_now:-433000, mcc:500000, mcv:5000000, cc:4000000, present:true, scale:100, technology:Li-ion
05-07 16:44:44.270 1349 2110 I DeviceBatteryInfoService: action: android.intent.action.BATTERY_CHANGED
05-07 16:44:44.270 1349 2110 I DeviceBatteryInfoService: phone battery level: 80
05-07 16:44:44.270 1349 2110 I DeviceBatteryInfoService: phone battery status: 2
05-07 16:44:44.271 1349 1979 D MotionRecognitionService: [SAR] onReceive : ACTION_BATTERY_CHANGED, Plugged: 2
05-07 16:44:44.271 2145 2145 D SemBigDataInfoController: Intent: android.intent.action.BATTERY_CHANGED
05-07 16:44:44.272 22942 22942 I [SCPMV2][SystemMonitorReceiver]: onReceive: android.intent.action.BATTERY_CHANGED
05-07 16:44:44.272 2283 2283 I AODBatteryManager: updateBatteryData: ACTION_BATTERY_CHANGED
05-07 16:44:44.274 2283 2283 I AODBatteryManager: saveBatteryData : AOD BatteryData [mBatteryLevel=80, mBatteryStatus=CHARGING, mBatteryPlugType=USB, mBatteryPlugged=true, mRemainingChargeTime=-1, mBatteryChargingType=1, mBatteryChargerType=NORMAL, mBatteryOnline=USB, mBatterySwellingMode=NONE, mBatteryProtectMode=false]
05-07 16:44:44.274 2283 2283 D SamsungBatteryMeterDrawable: onBatteryLevelChanged isSomethingChanged: false
05-07 16:44:44.274 2283 2283 D SamsungBatteryMeterDrawable: onBatteryLevelChanged isSomethingChanged: false
05-07 16:44:44.274 2283 2283 D SamsungBatteryMeterDrawable: onBatteryLevelChanged isSomethingChanged: false
05-07 16:44:44.274 2283 2283 I PowerUI : mBootCompleted = true | mFullyConnected = true
05-07 16:44:44.274 2283 2283 I PowerUI : BATTERY_HEALTH_CHECK extraHealth=2 mBatteryMiscEvent=0
05-07 16:44:44.275 2283 2283 W PowerUI : Plug reason
05-07 16:44:44.275 2283 2283 W PowerUI : Skip charging animation - by plug status
05-07 16:44:44.275 2283 2283 D PowerUI : priorPlugType = 2 mPlugType = 2 priorBatteryStatus = 2 mBatteryStatus = 2
05-07 16:44:44.275 2283 2283 W PowerUI : Plug reason
05-07 16:44:44.275 2283 2283 W PowerUI : Skip charging sound - by plug status
05-07 16:44:44.275 2283 2283 I PowerUI : oldMisalign : false, curMisalign : false
05-07 16:44:44.275 2283 10405 D SecPowerUI.Notification: dismissing low battery warning: level=80
05-07 16:44:44.275 2283 10405 D SecPowerUI.Notification: updateNotification mWarning=false mPlaySound=false
05-07 16:44:44.275 972 23421 I sensors-hal: handle_sns_client_event:44, ambient_light_event: ts=521089969271578, event=608.000000
05-07 16:44:44.275 2283 10405 D SecPowerUI.Notification: SecBatteryStatsSnapshot{batteryLevel=80, currentBatteryMode=0, chargingTime=-1, chargingType=11, batteryHealth=2, automaticTestMode=false, isHiccupState=false}
05-07 16:44:44.277 2283 10405 D SecPowerUI.Notification: 1. restoreScreenTimeOut - saved_value : :
05-07 16:44:44.277 2283 10405 E SecPowerUI.Notification: no saved value, so we do nothing !!
05-07 16:44:44.277 2283 2283 D SecPowerUI.Notification: showChargingNotice oldChargingType : 11 / currentChargingType : 11, oldChargingTime : -1 / mChargingTime : -1
05-07 16:44:44.278 2283 2283 D SecPowerUI.Notification: showChargingNotice There is no change about charging status, so return!
05-07 16:44:44.278 2283 2283 D PowerUI : Battery swelling mode - priorBatterySwellingMode = 0 mBatterySwellingMode = 0 mBatteryStatus = 2
05-07 16:44:44.278 2283 2283 I PowerUI : mBatteryMiscEvent = 0
05-07 16:44:44.278 2283 2283 D KeyguardUpdateMonitor: handleBatteryUpdate
05-07 16:44:44.283 1144 1144 D SurfaceFlinger: Display 4630946835308409729 HWC layers:
05-07 16:44:44.283 1144 1144 D SurfaceFlinger: CLIENT | 0xb400006fbcf8d720 | 0500 | RGBA_8888 | 0.0 0.0 1200.0 1812.0 | 0 36 1200 1848 | SurfaceView[org.qtproject.example.he[...]d.bindings.QtActivity]@0(BLAST)#4507
05-07 16:44:44.283 1144 1144 D SurfaceFlinger: CLIENT | 0xb400006fbcf8b6c0 | 0100 | RGBA_8888 | 0.0 0.0 1200.0 1920.0 | 0 0 1200 1920 | org.qtproject.example.hellogles3/org[...]roid.bindings.QtActivity$_25153#4377
05-07 16:44:44.283 1144 1144 D SurfaceFlinger: CLIENT | 0xb400006fb0fb6440 | 0100 | RGBA_8888 | 0.0 0.0 1200.0 36.0 | 0 0 1200 36 | StatusBar$_2283#84
05-07 16:44:44.283 1144 1144 D SurfaceFlinger: CLIENT | 0xb400006fbcf8b3b0 | 0100 | RGBA_8888 | 0.0 0.0 67.0 207.0 | 1133 432 1200 639 | com.sec.android.app.launcher/com.sam[...]e.edge.CocktailBarService$_2625#4278
05-07 16:44:44.283 1144 1144 D SurfaceFlinger: CLIENT | 0xb400006fbcf8b570 | 0100 | RGBA_8888 | 0.0 0.0 1200.0 72.0 | 0 1848 1200 1920 | TaskbarWindow$_2625#544
05-07 16:44:44.283 1144 1144 D SurfaceFlinger: CLIENT | 0xb400006fbcf8aaf0 | 0100 | RGBA_8888 | 0.0 0.0 1200.0 1920.0 | 0 0 1200 1920 | PointerLocation - display 0#3661
05-07 16:44:44.283 1144 1144 D SurfaceFlinger: CLIENT | 0xb40
05-07 16:44:44.283 1144 1144 D SurfaceFlinger: 0006fbcf8ad90 | 0100 | RGBA_8888 | 0.0 0.0 36.0 36.0 | 185 1173 221 1209 | bbq-wrapper#4514
05-07 16:44:44.283 1144 1144 D SurfaceFlinger:
05-07 16:44:44.284 1009 25255 I QC2C2DEngine: calcYSize: unsupported or RGB color format, RGBA8888(1)
05-07 16:44:44.304 1349 1944 D InputReader: Btn_touch(9): value=1 when=78914.342972
05-07 16:44:44.305 1349 1944 I InputReader: Touch event's action is 0x0 (id=2, t=0) [pCnt=1, s=0.475 ] when=78914.342972
05-07 16:44:44.305 1349 1943 I InputDispatcher: Delivering touch to (2625): action: 0x4, f=0x0, d=0, 'ede8149', t=1
05-07 16:44:44.305 1349 1943 I InputDispatcher: Delivering touch to (25153): action: 0x0, f=0x0, d=0, 'e637420', t=1
05-07 16:44:44.306 1349 1720 I GestureDetector: obtain mCurrentDownEvent. id: 928253389 caller: com.android.server.wm.SystemGesturesPointerEventListener.onPointerEvent:204 com.android.server.wm.PointerEventDispatcher.onInputEvent:53 android.view.InputEventReceiver.dispatchInputEvent:296
05-07 16:44:44.306 1349 1720 I GestureDetector: obtain mCurrentDownEvent. id: 928253389 caller: com.android.server.wm.SystemPerformancePointerEventListener.onPointerEvent:89 com.android.server.wm.PointerEventDispatcher.onInputEvent:53 android.view.InputEventReceiver.dispatchInputEvent:296
05-07 16:44:44.308 25153 25153 I ViewRootImpl@f9c5125[QtActivity]: ViewPostIme pointer 0
05-07 16:44:44.309 1009 25255 I QC2C2DEngine: calcYSize: unsupported or RGB color format, RGBA8888(1)
05-07 16:44:44.309 25153 25153 I GestureDetector: obtain mCurrentDownEvent. id: 928253389 caller: org.qtproject.qt.android.QtWindow.onTouchEvent:74 org.qtproject.qt.android.QtLayout.onTouchEvent:53 android.view.View.dispatchTouchEvent:16212
05-07 16:44:44.316 1349 1720 I GestureDetector: obtain mCurrentMotionEventRaw. action: 2 id: 530432768
05-07 16:44:44.316 1349 1720 I GestureDetector: obtain mCurrentMotionEventRaw. action: 2 id: 530432768
05-07 16:44:44.323 25153 25153 I GestureDetector: obtain mCurrentMotionEventRaw. action: 2 id: 530432768
05-07 16:44:44.334 1009 25255 I QC2C2DEngine: calcYSize: unsupported or RGB color format, RGBA8888(1)
05-07 16:44:44.338 1349 1349 I SemDvfsHyPerManager: acquire hyper - WM_SCROLL_DETECTED/1349@1, type = 268443651
05-07 16:44:44.339 975 1107 I HYPER-HAL: [RequestManager.cpp]acquire(): Acquired ID : 911926 [1349 / 1] HINT : list : [CoreNumBigMin / 2]
05-07 16:44:44.339 1144 1144 I Layer : Layer [Sprite#3662] hidden!! flag(0)
05-07 16:44:44.359 1144 1144 D SurfaceFlinger: Display 4630946835308409729 HWC layers:
05-07 16:44:44.359 1144 1144 D SurfaceFlinger: CLIENT | 0xb400006fbcf8d6b0 | 0500 | RGBA_8888 | 0.0 0.0 1200.0 1812.0 | 0 36 1200 1848 | SurfaceView[org.qtproject.example.he[...]d.bindings.QtActivity]@0(BLAST)#4507
05-07 16:44:44.359 1144 1144 D SurfaceFlinger: CLIENT | 0xb400006fbcf8b6c0 | 0100 | RGBA_8888 | 0.0 0.0 1200.0 1920.0 | 0 0 1200 1920 | org.qtproject.example.hellogles3/org[...]roid.bindings.QtActivity$_25153#4377
05-07 16:44:44.359 1144 1144 D SurfaceFlinger: CLIENT | 0xb400006fb0fb6440 | 0100 | RGBA_8888 | 0.0 0.0 1200.0 36.0 | 0 0 1200 36 | StatusBar$_2283#84
05-07 16:44:44.359 1144 1144 D SurfaceFlinger: CLIENT | 0xb400006fbcf8b3b0 | 0100 | RGBA_8888 | 0.0 0.0 67.0 207.0 | 1133 432 1200 639 | com.sec.android.app.launcher/com.sam[...]e.edge.CocktailBarService$_2625#4278
