05-07 16:44:45.576 1144 1144 D SurfaceFlinger: CLIENT | 0xb400006fa3c769c0 | 0100 | RGBA_8888 | 0.0 0.0 36.0 36.0 | 414 850 450 886 | bbq-wrapper#4514
05-07 16:44:45.576 1144 1144 D SurfaceFlinger: CLIENT | 0xb400006fbcf8b420 | 0100 | RGBA_8888 | 0.0 0.0 36.0 36.0 | 369 736 405 772 | bbq-wrapper#4348
05-07 16:44:45.576 1144 1144 D SurfaceFlinger:
05-07 16:44:45.581 1009 25255 I QC2C2DEngine: calcYSize: unsupported or RGB color format, RGBA8888(1)
05-07 16:44:45.606 1009 25255 I QC2C2DEngine: calcYSize: unsupported or RGB color format, RGBA8888(1)
05-07 16:44:45.608 1349 1349 I SemDvfsHyPerManager: acquire hyper - WM_SCROLL_DETECTED/1349@1, type = 268443651
05-07 16:44:45.608 975 1107 I HYPER-HAL: [RequestManager.cpp]acquire(): Acquired ID : 911926 [1349 / 1] HINT : list : [CoreNumBigMin / 2]
05-07 16:44:45.628 1009 25255 I QC2C2DEngine: calcYSize: unsupported or RGB color format, RGBA8888(1)
05-07 16:44:45.631 1144 1144 I Layer : Layer [Sprite#4513] hidden!! flag(1)
05-07 16:44:45.650 1144 1144 D SurfaceFlinger: Display 4630946835308409729 HWC layers:
05-07 16:44:45.650 1144 1144 D SurfaceFlinger: CLIENT | 0xb400006fbcf8d790 | 0500 | RGBA_8888 | 0.0 0.0 1200.0 1812.0 | 0 36 1200 1848 | SurfaceView[org.qtproject.example.he[...]d.bindings.QtActivity]@0(BLAST)#4507
05-07 16:44:45.650 1144 1144 D SurfaceFlinger: CLIENT | 0xb400006fbcf8b6c0 | 0100 | RGBA_8888 | 0.0 0.0 1200.0 1920.0 | 0 0 1200 1920 | org.qtproject.example.hellogles3/org[...]roid.bindings.QtActivity$_25153#4377
05-07 16:44:45.650 1144 1144 D SurfaceFlinger: CLIENT | 0xb400006fb0fb6440 | 0100 | RGBA_8888 | 0.0 0.0 1200.0 36.0 | 0 0 1200 36 | StatusBar$_2283#84
05-07 16:44:45.650 1144 1144 D SurfaceFlinger: CLIENT | 0xb400006fbcf8b3b0 | 0100 | RGBA_8888 | 0.0 0.0 67.0 207.0 | 1133 432 1200 639 | com.sec.android.app.launcher/com.sam[...]e.edge.CocktailBarService$_2625#4278
05-07 16:44:45.650 1144 1144 D SurfaceFlinger: CLIENT | 0xb400006fbcf8b570 | 0100 | RGBA_8888 | 0.0 0.0 1200.0 72.0 | 0 1848 1200 1920 | TaskbarWindow$_2625#544
05-07 16:44:45.650 1144 1144 D SurfaceFlinger: CLIENT | 0xb400006fbcf8aaf0 | 0100 | RGBA_8888 | 0.0 0.0 1200.0 1920.0 | 0 0 1200 1920 | PointerLocation - display 0#3661
05-07 16:44:45.650 1144 1144 D SurfaceFlinger: CLIENT | 0xb40
05-07 16:44:45.650 1144 1144 D SurfaceFlinger: 0006fa3c73150 | 0100 | RGBA_8888 | 0.0 0.0 36.0 36.0 | 790 686 826 722 | bbq-wrapper#3663
05-07 16:44:45.650 1144 1144 D SurfaceFlinger: CLIENT | 0xb400006fbcf8b420 | 0100 | RGBA_8888 | 0.0 0.0 36.0 36.0 | 369 736 405 772 | bbq-wrapper#4348
05-07 16:44:45.650 1144 1144 D SurfaceFlinger:
05-07 16:44:45.652 1009 25255 I QC2C2DEngine: calcYSize: unsupported or RGB color format, RGBA8888(1)
05-07 16:44:45.663 1349 1944 D InputReader: Btn_touch(9): value=0 when=78915.701671
05-07 16:44:45.663 1349 1944 I InputReader: Touch event's action is 0x1 (id=2, t=0) [pCnt=1, s=] when=78915.701671
05-07 16:44:45.663 1349 1943 I InputDispatcher: Delivering touch to (25153): action: 0x1, f=0x0, d=0, 'e637420', t=1
05-07 16:44:45.664 25153 25153 I ViewRootImpl@f9c5125[QtActivity]: ViewPostIme pointer 1
05-07 16:44:45.673 1349 1349 I SemDvfsHyPerManager: acquire hyper - GESTURE_DETECTED_HRR/1349@17, type = -999
05-07 16:44:45.673 1349 1349 I SemDvfsHyPerManager: acquire hyper - GESTURE_DETECTED_HRR/1349@17, type = -999
05-07 16:44:45.673 1349 1349 I SemDvfsHyPerManager: acquire hyper - SMOOTH_SCROLL/1349@8, type = -999
05-07 16:44:45.675 1009 25255 I QC2C2DEngine: calcYSize: unsupported or RGB color format, RGBA8888(1)
05-07 16:44:45.675 975 1107 I HYPER-HAL: [RequestManager.cpp]releaseLocked(): Released ID : 911926
05-07 16:44:45.675 975 1107 I HYPER-HAL: [RequestManager.cpp]acquire(): Acquired ID : 933678 [1349 / 17] HINT : GESTURE_DETECTED_HRR list : [TIMEOUT / 1754]
05-07 16:44:45.675 975 1107 I HYPER-HAL: [ResourceManager.cpp]updateResource(): [CPULittleMinFreq] UpdateResource Request ID : 933678 Value : 1113600
05-07 16:44:45.675 975 1107 I HYPER-HAL: [ResourceManager.cpp]updateResource(): [CPUMinFreq] UpdateResource Request ID : 933678 Value : 1401600
05-07 16:44:45.675 975 1107 I HYPER-HAL: [RequestManager.cpp]acquire(): Acquired ID : 933678 [1349 / 17] HINT : GESTURE_DETECTED_HRR list : [TIMEOUT / 1754]
05-07 16:44:45.675 975 1107 I HYPER-HAL: [ResourceManager.cpp]updateResource(): [CPULittleMinFreq] UpdateResource Request ID : 933678 Value : 1113600
05-07 16:44:45.675 975 1107 I HYPER-HAL: [ResourceManager.cpp]updateResource(): [CPUMinFreq] UpdateResource Request ID : 933678 Value : 1401600
05-07 16:44:45.675 975 1107 I HYPER-HAL: [RequestManager.cpp]acquire(): Acquired ID : 921411 [1349 / 8] HINT : SMOOTH_SCROLL list :
05-07 16:44:45.675 972 23421 I sensors-hal: handle_sns_client_event:44, ambient_light_event: ts=521091369262307, event=582.000000
05-07 16:44:45.675 975 1107 I HYPER-HAL: [ResourceManager.cpp]updateResource(): [CPUMinFreq] UpdateResource Request ID : 921411 Value : 1228800
05-07 16:44:45.676 975 1107 I HYPER-HAL: [ResourceManager.cpp]removeResource(): [CPUMinFreq] RemoveResource Request ID : 921411
05-07 16:44:45.677 975 1107 I HYPER-HAL: [RequestManager.cpp]releaseLocked(): Released ID : 921411
05-07 16:44:45.694 1009 25255 I QC2C2DEngine: calcYSize: unsupported or RGB color format, RGBA8888(1)
05-07 16:44:45.715 1144 1144 I Layer : Layer [Sprite#4347] hidden!! flag(1)
05-07 16:44:45.717 1009 25255 I QC2C2DEngine: calcYSize: unsupported or RGB color format, RGBA8888(1)
05-07 16:44:45.731 1144 1144 D SurfaceFlinger: Display 4630946835308409729 HWC layers:
05-07 16:44:45.731 1144 1144 D SurfaceFlinger: CLIENT | 0xb400006fbcf8d790 | 0500 | RGBA_8888 | 0.0 0.0 1200.0 1812.0 | 0 36 1200 1848 | SurfaceView[org.qtproject.example.he[...]d.bindings.QtActivity]@0(BLAST)#4507
05-07 16:44:45.731 1144 1144 D SurfaceFlinger: CLIENT | 0xb400006fbcf8b6c0 | 0100 | RGBA_8888 | 0.0 0.0 1200.0 1920.0 | 0 0 1200 1920 | org.qtproject.example.hellogles3/org[...]roid.bindings.QtActivity$_25153#4377
05-07 16:44:45.731 1144 1144 D SurfaceFlinger: CLIENT | 0xb400006fb0fb6440 | 0100 | RGBA_8888 | 0.0 0.0 1200.0 36.0 | 0 0 1200 36 | StatusBar$_2283#84
05-07 16:44:45.731 1144 1144 D SurfaceFlinger: CLIENT | 0xb400006fbcf8b3b0 | 0100 | RGBA_8888 | 0.0 0.0 67.0 207.0 | 1133 432 1200 639 | com.sec.android.app.launcher/com.sam[...]e.edge.CocktailBarService$_2625#4278
05-07 16:44:45.731 1144 1144 D SurfaceFlinger: CLIENT | 0xb400006fbcf8b570 | 0100 | RGBA_8888 | 0.0 0.0 1200.0 72.0 | 0 1848 1200 1920 | TaskbarWindow$_2625#544
05-07 16:44:45.731 1144 1144 D SurfaceFlinger: CLIENT | 0xb400006fbcf8aaf0 | 0100 | RGBA_8888 | 0.0 0.0 1200.0 1920.0 | 0 0 1200 1920 | PointerLocation - display 0#3661
05-07 16:44:45.731 1144 1144 D SurfaceFlinger: CLIENT | 0xb40
05-07 16:44:45.731 1144 1144 D SurfaceFlinger: 0006fa3c73150 | 0100 | RGBA_8888 | 0.0 0.0 36.0 36.0 | 828 737 864 773 | bbq-wrapper#3663
05-07 16:44:45.731 1144 1144 D SurfaceFlinger:
05-07 16:44:45.738 1009 25255 I QC2C2DEngine: calcYSize: unsupported or RGB color format, RGBA8888(1)
05-07 16:44:45.761 1009 25255 I QC2C2DEngine: calcYSize: unsupported or RGB color format, RGBA8888(1)
05-07 16:44:45.776 972 23421 I sensors-hal: handle_sns_client_event:44, ambient_light_event: ts=521091469262932, event=582.000000
05-07 16:44:45.786 1009 25255 I QC2C2DEngine: calcYSize: unsupported or RGB color format, RGBA8888(1)
05-07 16:44:45.806 1009 25255 I QC2C2DEngine: calcYSize: unsupported or RGB color format, RGBA8888(1)
05-07 16:44:45.829 1009 25255 I QC2C2DEngine: calcYSize: unsupported or RGB color format, RGBA8888(1)
05-07 16:44:45.853 1009 25255 I QC2C2DEngine: calcYSize: unsupported or RGB color format, RGBA8888(1)
05-07 16:44:45.874 1144 1144 I Layer : Layer [Sprite#3662] hidden!! flag(1)
05-07 16:44:45.876 1009 25255 I QC2C2DEngine: calcYSize: unsupported or RGB color format, RGBA8888(1)
05-07 16:44:45.876 972 23421 I sensors-hal: handle_sns_client_event:44, ambient_light_event: ts=521091569261005, event=559.000000
05-07 16:44:45.894 1144 1144 D SurfaceFlinger: Display 4630946835308409729 HWC layers:
05-07 16:44:45.894 1144 1144 D SurfaceFlinger: DEVICE | 0xb400006fbcf8d720 | 0500 | RGBA_8888 | 0.0 0.0 1200.0 1812.0 | 0 36 1200 1848 | SurfaceView[org.qtproject.example.he[...]d.bindings.QtActivity]@0(BLAST)#4507
05-07 16:44:45.894 1144 1144 D SurfaceFlinger: CLIENT | 0xb400006fbcf8b6c0 | 0100 | RGBA_8888 | 0.0 0.0 1200.0 1920.0 | 0 0 1200 1920 | org.qtproject.example.hellogles3/org[...]roid.bindings.QtActivity$_25153#4377
05-07 16:44:45.894 1144 1144 D SurfaceFlinger: CLIENT | 0xb400006fb0fb6440 | 0100 | RGBA_8888 | 0.0 0.0 1200.0 36.0 | 0 0 1200 36 | StatusBar$_2283#84
05-07 16:44:45.894 1144 1144 D SurfaceFlinger: CLIENT | 0xb400006fbcf8b3b0 | 0100 | RGBA_8888 | 0.0 0.0 67.0 207.0 | 1133 432 1200 639 | com.sec.android.app.launcher/com.sam[...]e.edge.CocktailBarService$_2625#4278
05-07 16:44:45.894 1144 1144 D SurfaceFlinger: CLIENT | 0xb400006fbcf8b570 | 0100 | RGBA_8888 | 0.0 0.0 1200.0 72.0 | 0 1848 1200 1920 | TaskbarWindow$_2625#544
05-07 16:44:45.894 1144 1144 D SurfaceFlinger: CLIENT | 0xb400006fbcf8a5b0 | 0100 | RGBA_8888 | 0.0 0.0 1200.0 1920.0 | 0 0 1200 1920 | PointerLocation - display 0#3661
05-07 16:44:45.894 1144 1144 D SurfaceFlinger:
05-07 16:44:45.901 1009 25255 I QC2C2DEngine: calcYSize: unsupported or RGB color format, RGBA8888(1)
05-07 16:44:45.916 1009 25255 I QC2C2DEngine: calcYSize: unsupported or RGB color format, RGBA8888(1)
05-07 16:44:45.935 1009 25255 I QC2C2DEngine: calcYSize: unsupported or RGB color format, RGBA8888(1)
05-07 16:44:45.960 1009 25255 I QC2C2DEngine: calcYSize: unsupported or RGB color format, RGBA8888(1)
05-07 16:44:45.975 972 23421 I sensors-hal: handle_sns_client_event:44, ambient_light_event: ts=521091669270797, event=593.000000
05-07 16:44:45.980 1009 25255 I QC2C2DEngine: calcYSize: unsupported or RGB color format, RGBA8888(1)
05-07 16:44:45.995 1009 25255 I QC2C2DEngine: calcYSize: unsupported or RGB color format, RGBA8888(1)
05-07 16:44:46.009 1009 25255 I QC2C2DEngine: calcYSize: unsupported or RGB color format, RGBA8888(1)
05-07 16:44:46.024 1009 25255 I QC2C2DEngine: calcYSize: unsupported or RGB color format, RGBA8888(1)
05-07 16:44:46.040 1009 25255 I QC2C2DEngine: calcYSize: unsupported or RGB color format, RGBA8888(1)
05-07 16:44:46.055 1009 25255 I QC2C2DEngine: calcYSize: unsupported or RGB color format, RGBA8888(1)
05-07 16:44:46.069 1009 25255 I QC2C2DEngine: calcYSize: unsupported or RGB color format, RGBA8888(1)
05-07 16:44:46.075 972 23421 I sensors-hal: handle_sns_client_event:44, ambient_light_event: ts=521091769267411, event=608.000000
05-07 16:44:46.085 1009 25255 I QC2C2DEngine: calcYSize: unsupported or RGB color format, RGBA8888(1)
05-07 16:44:46.101 1009 25255 I QC2C2DEngine: calcYSize: unsupported or RGB color format, RGBA8888(1)
05-07 16:44:46.116 1009 25255 I QC2C2DEngine: calcYSize: unsupported or RGB color format, RGBA8888(1)
05-07 16:44:46.132 1009 25255 I QC2C2DEngine: calcYSize: unsupported or RGB color format, RGBA8888(1)
05-07 16:44:46.149 1009 25255 I QC2C2DEngine: calcYSize: unsupported or RGB color format, RGBA8888(1)
05-07 16:44:46.165 1009 25255 I QC2C2DEngine: calcYSize: unsupported or RGB color format, RGBA8888(1)
05-07 16:44:46.175 972 23421 I sensors-hal: handle_sns_client_event:44, ambient_light_event: ts=521091869266890, event=615.000000
05-07 16:44:46.182 1009 25255 I QC2C2DEngine: calcYSize: unsupported or RGB color format, RGBA8888(1)
05-07 16:44:46.198 1009 25255 I QC2C2DEngine: calcYSize: unsupported or RGB color format, RGBA8888(1)
05-07 16:44:46.214 1009 25255 I QC2C2DEngine: calcYSize: unsupported or RGB color format, RGBA8888(1)
05-07 16:44:46.218 616 616 D io_stats: !@ 8,0 r 2659621 75681568 w 570568 20445576 d 88563 17103824 f 0 0 iot 1630504 0 th 0 0 0 pt 0 inp 0 0 78916.257
05-07 16:44:46.231 1009 25255 I QC2C2DEngine: calcYSize: unsupported or RGB color format, RGBA8888(1)
05-07 16:44:46.249 1009 25255 I QC2C2DEngine: calcYSize: unsupported or RGB color format, RGBA8888(1)
05-07 16:44:46.270 1009 25255 I QC2C2DEngine: calcYSize: unsupported or RGB color format, RGBA8888(1)
05-07 16:44:46.275 972 23421 I sensors-hal: handle_sns_client_event:44, ambient_light_event: ts=521091969272880, event=617.000000
05-07 16:44:46.287 1009 25255 I QC2C2DEngine: calcYSize: unsupported or RGB color format, RGBA8888(1)
05-07 16:44:46.303 1009 25255 I QC2C2DEngine: calcYSize: unsupported or RGB color format, RGBA8888(1)
05-07 16:44:46.320 1009 25255 I QC2C2DEngine: calcYSize: unsupported or RGB color format, RGBA8888(1)
05-07 16:44:46.337 1009 25255 I QC2C2DEngine: calcYSize: unsupported or RGB color format, RGBA8888(1)
05-07 16:44:46.354 1009 25255 I QC2C2DEngine: calcYSize: unsupported or RGB color format, RGBA8888(1)
05-07 16:44:46.371 1009 25255 I QC2C2DEngine: calcYSize: unsupported or RGB color format, RGBA8888(1)
05-07 16:44:46.375 972 23421 I sensors-hal: handle_sns_client_event:44, ambient_light_event: ts=521092069270276, event=615.000000
05-07 16:44:46.403 1009 25255 I QC2C2DEngine: calcYSize: unsupported or RGB color format, RGBA8888(1)
05-07 16:44:46.435 1009 25255 I QC2C2DEngine: calcYSize: unsupported or RGB color format, RGBA8888(1)
05-07 16:44:46.466 1009 25255 I QC2C2DEngine: calcYSize: unsupported or RGB color format, RGBA8888(1)
05-07 16:44:46.475 972 23421 I sensors-hal: handle_sns_client_event:44, ambient_light_event: ts=521092169268192, event=618.000000
05-07 16:44:46.483 1009 25255 I QC2C2DEngine: calcYSize: unsupported or RGB color format, RGBA8888(1)
05-07 16:44:46.499 1009 25255 I QC2C2DEngine: calcYSize: unsupported or RGB color format, RGBA8888(1)
05-07 16:44:46.515 1009 25255 I QC2C2DEngine: calcYSize: unsupported or RGB color format, RGBA8888(1)
05-07 16:44:46.531 1009 25255 I QC2C2DEngine: calcYSize: unsupported or RGB color format, RGBA8888(1)
05-07 16:44:46.547 1009 25255 I QC2C2DEngine: calcYSize: unsupported or RGB color format, RGBA8888(1)
05-07 16:44:46.564 1009 25255 I QC2C2DEngine: calcYSize: unsupported or RGB color format, RGBA8888(1)
05-07 16:44:46.575 972 23421 I sensors-hal: handle_sns_client_event:44, ambient_light_event: ts=521092269269234, event=621.000000
05-07 16:44:46.580 1009 25255 I QC2C2DEngine: calcYSize: unsupported or RGB color format, RGBA8888(1)
05-07 16:44:46.597 1009 25255 I QC2C2DEngine: calcYSize: unsupported or RGB color format, RGBA8888(1)
05-07 16:44:46.614 1009 25255 I QC2C2DEngine: calcYSize: unsupported or RGB color format, RGBA8888(1)
05-07 16:44:46.631 1009 25255 I QC2C2DEngine: calcYSize: unsupported or RGB color format, RGBA8888(1)
05-07 16:44:46.647 1009 25255 I QC2C2DEngine: calcYSize: unsupported or RGB color format, RGBA8888(1)
05-07 16:44:46.660 975 25236 I HYPER-HAL: [RequestManager.cpp]releaseLocked(): Released ID : 947403
05-07 16:44:46.664 1009 25255 I QC2C2DEngine: calcYSize: unsupported or RGB color format, RGBA8888(1)
05-07 16:44:46.675 972 23421 I sensors-hal: handle_sns_client_event:44, ambient_light_event: ts=521092369273140, event=622.000000
05-07 16:44:46.680 1009 25255 I QC2C2DEngine: calcYSize: unsupported or RGB color format, RGBA8888(1)
05-07 16:44:46.697 1009 25255 I QC2C2DEngine: calcYSize: unsupported or RGB color format, RGBA8888(1)
05-07 16:44:46.714 1009 25255 I QC2C2DEngine: calcYSize: unsupported or RGB color format, RGBA8888(1)
05-07 16:44:46.730 1009 25255 I QC2C2DEngine: calcYSize: unsupported or RGB color format, RGBA8888(1)
05-07 16:44:46.747 1009 25255 I QC2C2DEngine: calcYSize: unsupported or RGB color format, RGBA8888(1)
05-07 16:44:46.765 1009 25255 I QC2C2DEngine: calcYSize: unsupported or RGB color format, RGBA8888(1)
05-07 16:44:46.775 972 23421 I sensors-hal: handle_sns_client_event:44, ambient_light_event: ts=521092469273140, event=622.000000
05-07 16:44:46.781 1009 25255 I QC2C2DEngine: calcYSize: unsupported or RGB color format, RGBA8888(1)
05-07 16:44:46.798 1009 25255 I QC2C2DEngine: calcYSize: unsupported or RGB color format, RGBA8888(1)
05-07 16:44:46.815 1009 25255 I QC2C2DEngine: calcYSize: unsupported or RGB color format, RGBA8888(1)
05-07 16:44:46.851 1009 25255 I QC2C2DEngine: calcYSize: unsupported or RGB color format, RGBA8888(1)
05-07 16:44:46.875 972 23421 I sensors-hal: handle_sns_client_event:44, ambient_light_event: ts=521092569268192, event=621.000000
05-07 16:44:46.882 1009 25255 I QC2C2DEngine: calcYSize: unsupported or RGB color format, RGBA8888(1)
05-07 16:44:46.900 1009 25255 I QC2C2DEngine: calcYSize: unsupported or RGB color format, RGBA8888(1)
05-07 16:44:46.931 1009 25255 I QC2C2DEngine: calcYSize: unsupported or RGB color format, RGBA8888(1)
05-07 16:44:46.948 1009 25255 I QC2C2DEngine: calcYSize: unsupported or RGB color format, RGBA8888(1)
05-07 16:44:46.964 1009 25255 I QC2C2DEngine: calcYSize: unsupported or RGB color format, RGBA8888(1)
05-07 16:44:46.975 972 23421 I sensors-hal: handle_sns_client_event:44, ambient_light_event: ts=521092669268192, event=621.000000
05-07 16:44:46.980 1009 25255 I QC2C2DEngine: calcYSize: unsupported or RGB color format, RGBA8888(1)
05-07 16:44:46.995 1009 25255 I QC2C2DEngine: calcYSize: unsupported or RGB color format, RGBA8888(1)
05-07 16:44:47.016 1009 25255 I QC2C2DEngine: calcYSize: unsupported or RGB color format, RGBA8888(1)
05-07 16:44:47.031 1009 25255 I QC2C2DEngine: calcYSize: unsupported or RGB color format, RGBA8888(1)
05-07 16:44:47.044 1009 25255 I QC2C2DEngine: calcYSize: unsupported or RGB color format, RGBA8888(1)
05-07 16:44:47.052 1009 25255 I QC2C2DEngine: calcYSize: unsupported or RGB color format, RGBA8888(1)
05-07 16:44:47.070 1009 25255 I QC2C2DEngine: calcYSize: unsupported or RGB color format, RGBA8888(1)
05-07 16:44:47.075 972 23421 I sensors-hal: handle_sns_client_event:44, ambient_light_event: ts=521092769273140, event=622.000000
05-07 16:44:47.085 1009 25255 I QC2C2DEngine: calcYSize: unsupported or RGB color format, RGBA8888(1)
05-07 16:44:47.099 1009 25255 I QC2C2DEngine: calcYSize: unsupported or RGB color format, RGBA8888(1)
05-07 16:44:47.114 1009 25255 I QC2C2DEngine: calcYSize: unsupported or RGB color format, RGBA8888(1)
05-07 16:44:47.132 1009 25255 I QC2C2DEngine: calcYSize: unsupported or RGB color format, RGBA8888(1)
05-07 16:44:47.148 1009 25255 I QC2C2DEngine: calcYSize: unsupported or RGB color format, RGBA8888(1)
05-07 16:44:47.168 1009 25255 I QC2C2DEngine: calcYSize: unsupported or RGB color format, RGBA8888(1)
05-07 16:44:47.175 972 23421 I sensors-hal: handle_sns_client_event:44, ambient_light_event: ts=521092869269234, event=622.000000
05-07 16:44:47.183 1009 25255 I QC2C2DEngine: calcYSize: unsupported or RGB color format, RGBA8888(1)
05-07 16:44:47.199 1009 25255 I QC2C2DEngine: calcYSize: unsupported or RGB color format, RGBA8888(1)
05-07 16:44:47.215 1009 25255 I QC2C2DEngine: calcYSize: unsupported or RGB color format, RGBA8888(1)
05-07 16:44:47.230 1009 25255 I QC2C2DEngine: calcYSize: unsupported or RGB color format, RGBA8888(1)
05-07 16:44:47.247 1009 25255 I QC2C2DEngine: calcYSize: unsupported or RGB color format, RGBA8888(1)
05-07 16:44:47.263 1009 25255 I QC2C2DEngine: calcYSize: unsupported or RGB color format, RGBA8888(1)
05-07 16:44:47.275 972 23421 I sensors-hal: handle_sns_client_event:44, ambient_light_event: ts=521092969267099, event=622.000000
05-07 16:44:47.282 1009 25255 I QC2C2DEngine: calcYSize: unsupported or RGB color format, RGBA8888(1)
05-07 16:44:47.295 1009 25255 I QC2C2DEngine: calcYSize: unsupported or RGB color format, RGBA8888(1)
05-07 16:44:47.303 1009 25255 I QC2C2DEngine: calcYSize: unsupported or RGB color format, RGBA8888(1)
05-07 16:44:47.320 1009 25255 I QC2C2DEngine: calcYSize: unsupported or RGB color format, RGBA8888(1)
05-07 16:44:47.337 1009 25255 I QC2C2DEngine: calcYSize: unsupported or RGB color format, RGBA8888(1)
05-07 16:44:47.342 1349 2001 D BatteryService: Sending ACTION_BATTERY_CHANGED: level:80, status:2, health:2, remain:-1, ac:false, usb:true, wireless:false, pogo:false, misc:0x0, charge_type:0, charger_type:0, voltage:4029, temperature:230, online:4, charging_status:0, cycle_count:0, current_avg:0, ps:false, hvc:false, capacity:280000, current_event:0x0, current_now:-480000, mcc:500000, mcv:5000000, cc:4000000, present:true, scale:100, technology:Li-ion
05-07 16:44:47.344 1349 2110 I DeviceBatteryInfoService: action: android.intent.action.BATTERY_CHANGED
05-07 16:44:47.344 1349 2110 I DeviceBatteryInfoService: phone battery level: 80
05-07 16:44:47.344 1349 2110 I DeviceBatteryInfoService: phone battery status: 2
05-07 16:44:47.344 1349 1979 D MotionRecognitionService: [SAR] onReceive : ACTION_BATTERY_CHANGED, Plugged: 2
05-07 16:44:47.345 2283 2283 I AODBatteryManager: updateBatteryData: ACTION_BATTERY_CHANGED
05-07 16:44:47.346 2283 2283 I AODBatteryManager: saveBatteryData : AOD BatteryData [mBatteryLevel=80, mBatteryStatus=CHARGING, mBatteryPlugType=USB, mBatteryPlugged=true, mRemainingChargeTime=-1, mBatteryChargingType=1, mBatteryChargerType=NORMAL, mBatteryOnline=USB, mBatterySwellingMode=NONE, mBatteryProtectMode=false]
05-07 16:44:47.346 22942 22942 I [SCPMV2][SystemMonitorReceiver]: onReceive: android.intent.action.BATTERY_CHANGED
05-07 16:44:47.346 2145 2145 D SemBigDataInfoController: Intent: android.intent.action.BATTERY_CHANGED
05-07 16:44:47.347 2283 2283 D SamsungBatteryMeterDrawable: onBatteryLevelChanged isSomethingChanged: false
05-07 16:44:47.349 2283 2283 D SamsungBatteryMeterDrawable: onBatteryLevelChanged isSomethingChanged: false
05-07 16:44:47.350 2283 2283 D SamsungBatteryMeterDrawable: onBatteryLevelChanged isSomethingChanged: false
05-07 16:44:47.353 1009 25255 I QC2C2DEngine: calcYSize: unsupported or RGB color format, RGBA8888(1)
05-07 16:44:47.354 2283 2283 I PowerUI : mBootCompleted = true | mFullyConnected = true
05-07 16:44:47.354 2283 2283 I PowerUI : BATTERY_HEALTH_CHECK extraHealth=2 mBatteryMiscEvent=0
05-07 16:44:47.354 2283 2283 W PowerUI : Plug reason
05-07 16:44:47.354 2283 2283 W PowerUI : Skip charging animation - by plug status
05-07 16:44:47.354 2283 2283 D PowerUI : priorPlugType = 2 mPlugType = 2 priorBatteryStatus = 2 mBatteryStatus = 2
05-07 16:44:47.354 2283 2283 W PowerUI : Plug reason
05-07 16:44:47.354 2283 2283 W PowerUI : Skip charging sound - by plug status
05-07 16:44:47.354 2283 2283 I PowerUI : oldMisalign : false, curMisalign : false
05-07 16:44:47.355 2283 10722 D SecPowerUI.Notification: dismissing low battery warning: level=80
05-07 16:44:47.355 2283 10722 D SecPowerUI.Notification: updateNotification mWarning=false mPlaySound=false
05-07 16:44:47.355 2283 10722 D SecPowerUI.Notification: SecBatteryStatsSnapshot{batteryLevel=80, currentBatteryMode=0, chargingTime=-1, chargingType=11, batteryHealth=2, automaticTestMode=false, isHiccupState=false}
05-07 16:44:47.356 2283 2283 D SecPowerUI.Notification: showChargingNotice oldChargingType : 11 / currentChargingType : 11, oldChargingTime : -1 / mChargingTime : -1
05-07 16:44:47.356 2283 2283 D SecPowerUI.Notification: showChargingNotice There is no change about charging status, so return!
05-07 16:44:47.356 2283 2283 D PowerUI : Battery swelling mode - priorBatterySwellingMode = 0 mBatterySwellingMode = 0 mBatteryStatus = 2
05-07 16:44:47.356 2283 2283 I PowerUI : mBatteryMiscEvent = 0
05-07 16:44:47.356 2283 2283 D KeyguardUpdateMonitor: handleBatteryUpdate
05-07 16:44:47.359 1009 25255 I QC2C2DEngine: calcYSize: unsupported or RGB color format, RGBA8888(1)
05-07 16:44:47.360 2283 10722 D SecPowerUI.Notification: 1. restoreScreenTimeOut - saved_value : :
05-07 16:44:47.360 2283 10722 E SecPowerUI.Notification: no saved value, so we do nothing !!
05-07 16:44:47.366 1009 25255 I QC2C2DEngine: calcYSize: unsupported or RGB color format, RGBA8888(1)
05-07 16:44:47.375 972 23421 I sensors-hal: handle_sns_client_event:44, ambient_light_event: ts=521093069267932, event=622.000000
05-07 16:44:47.383 1009 25255 I QC2C2DEngine: calcYSize: unsupported or RGB color format, RGBA8888(1)
05-07 16:44:47.400 1009 25255 I QC2C2DEngine: calcYSize: unsupported or RGB color format, RGBA8888(1)
05-07 16:44:47.417 1009 25255 I QC2C2DEngine: calcYSize: unsupported or RGB color format, RGBA8888(1)
05-07 16:44:47.429 975 25339 I HYPER-HAL: [ResourceManager.cpp]removeResource(): [CPULittleMinFreq] RemoveResource Request ID : 933678
05-07 16:44:47.430 975 25339 I HYPER-HAL: [ResourceManager.cpp]removeResource(): [CPUMinFreq] RemoveResource Request ID : 933678
05-07 16:44:47.431 975 25339 I HYPER-HAL: [RequestManager.cpp]releaseLocked(): Released ID : 933678
05-07 16:44:47.452 1009 25255 I QC2C2DEngine: calcYSize: unsupported or RGB color format, RGBA8888(1)
05-07 16:44:47.475 972 23421 I sensors-hal: handle_sns_client_event:44, ambient_light_event: ts=521093169268922, event=622.000000
05-07 16:44:47.485 1009 25255 I QC2C2DEngine: calcYSize: unsupported or RGB color format, RGBA8888(1)
05-07 16:44:47.500 1009 25255 I QC2C2DEngine: calcYSize: unsupported or RGB color format, RGBA8888(1)
05-07 16:44:47.521 1009 25255 I QC2C2DEngine: calcYSize: unsupported or RGB color format, RGBA8888(1)
05-07 16:44:47.531 1009 25255 I QC2C2DEngine: calcYSize: unsupported or RGB color format, RGBA8888(1)
05-07 16:44:47.547 1009 25255 I QC2C2DEngine: calcYSize: unsupported or RGB color format, RGBA8888(1)
05-07 16:44:47.554 25243 25267 I MPEG4Writer: setStartTimestampUs: 78903854173 from Metadata track
05-07 16:44:47.555 25243 25268 I MPEG4Writer: setStartTimestampUs: 78903854173 from Metadata track
05-07 16:44:47.556 25243 25243 D MPEG4Writer: reset()
05-07 16:44:47.556 25243 25243 D MPEG4Writer: Video track stopping. Stop source
05-07 16:44:47.556 25243 25243 D MPEG4Writer: Video track source stopping
05-07 16:44:47.556 25243 25243 D MPEG4Writer: Video track source stopped
05-07 16:44:47.556 25243 25266 V MediaWriter: Track event err/info msg:101, trackId:1, type:1000,val:-1011
05-07 16:44:47.556 25243 25266 I MPEG4Writer: Received total/0-length (684/0) buffers and encoded 684 frames. - Video
05-07 16:44:47.556 25243 25266 I MPEG4Writer: TrackDuration is 13559263 us
05-07 16:44:47.558 1009 25255 I QC2C2DEngine: calcYSize: unsupported or RGB color format, RGBA8888(1)
05-07 16:44:47.559 25243 25267 V MediaWriter: Track event err/info msg:101, trackId:2, type:1000,val:-1011
05-07 16:44:47.559 25243 25267 W MPEG4Writer: 0-duration samples found: 1
05-07 16:44:47.559 25243 25267 I MPEG4Writer: Received total/0-length (1/0) buffers and encoded 1 frames. - Metadata
05-07 16:44:47.561 25243 25268 V MediaWriter: Track event err/info msg:101, trackId:3, type:1000,val:-1011
05-07 16:44:47.561 25243 25268 W MPEG4Writer: 0-duration samples found: 1
05-07 16:44:47.561 25243 25268 I MPEG4Writer: Received total/0-length (1/0) buffers and encoded 1 frames. - Metadata
05-07 16:44:47.561 25243 25243 D MPEG4Writer: Video track stopped. Status:0. Stop source
05-07 16:44:47.561 25243 25243 D MPEG4Writer: Metadata track stopping. Stop source
05-07 16:44:47.561 25243 25243 D MPEG4Writer: Metadata track source stopping
05-07 16:44:47.561 25243 25243 D MPEG4Writer: Metadata track source stopped
05-07 16:44:47.561 25243 25243 D MPEG4Writer: Metadata track stopped. Status:0. Stop source
05-07 16:44:47.561 25243 25243 D MPEG4Writer: Metadata track stopping. Stop source
05-07 16:44:47.561 25243 25243 D MPEG4Writer: Metadata track source stopping
05-07 16:44:47.561 25243 25243 D MPEG4Writer: Metadata track source stopped
05-07 16:44:47.561 25243 25243 D MPEG4Writer: Metadata track stopped. Status:0. Stop source
05-07 16:44:47.561 25243 25243 I MPEG4Writer: Duration from tracks range is [0, 13559263] us
05-07 16:44:47.562 25243 25264 D MPEG4Writer: 0 chunks are written in the last batch
05-07 16:44:47.563 25243 25243 D MPEG4Writer: WriterThread stopped. Status:0
05-07 16:44:47.564 25243 25243 I MPEG4Writer: Adjust the moov start time from 78903854173 us -> 78903854173 us
05-07 16:44:47.565 25243 25243 I MPEG4Writer: The mp4 file will not be streamable.
05-07 16:44:47.565 25243 25243 I MPEG4Writer: MOOV atom was written to the file
05-07 16:44:47.565 25243 25243 D MPEG4Writer: release()
05-07 16:44:47.565 25243 25243 D MPEG4Writer: ftruncate mPreAllocateFileEndOffset:33680848 mOffset:33675533 mMdatEndOffset:33665436 diff:5315
05-07 16:44:47.567 32492 27187 I MtpStorageManager: Got inotify CLOSE_WRITE event for : UVRCVUctMTE3NDg3LXF0NjgwLXMyMTAtYW5kcm9pZDEzLXF0YzEzMDFhdHRhY2hwYXRjaC1oZWxsb2dsZXMubXA0
05-07 16:44:47.567 25243 25243 D MPEG4Writer: MP4WtrCtrlHlpLooper stopped
05-07 16:44:47.567 25243 25243 I MPEG4Writer: Top 5 write durations(microseconds): #1:1236 #2:2137 #3:2815 #4:3070 #5:3655
05-07 16:44:47.567 1144 1321 I SurfaceFlinger: destroyDisplay:ScreenRecorder
05-07 16:44:47.567 1144 1321 I SurfaceFlinger: id=4381 Removed MirrorRoot-4630946835308409729#4381 (251)
05-07 16:44:47.567 25243 25248 I CCodec : [c2.qti.avc.encoder] state->set(STOPPING)
05-07 16:44:47.567 32492 27187 D MtpStorageManager: sendObjectInfoChanged: id=123,size=33675533
05-07 16:44:47.568 25243 25248 D CCodecBufferChannel: [c2.qti.avc.encoder#137] MediaCodec discarded an unknown buffer
05-07 16:44:47.570 1009 3897 E QC2Comp : queue_nb disallowed when stopping
05-07 16:44:47.570 25243 25254 D PipelineWatcher: onInputBufferReleased: frameIndex not found (694); ignored
05-07 16:44:47.572 1009 25255 I QC2C2DEngine: calcYSize: unsupported or RGB color format, RGBA8888(1)
05-07 16:44:47.572 1144 1144 I Layer : id=4381 Destroyed MirrorRoot-4630946835308409729#4381
05-07 16:44:47.572 1144 1144 I Layer : id=4382 Destroyed MirrorLayerParent#4382
05-07 16:44:47.572 1144 1144 I Layer : id=4383 Destroyed Display 0 name="Built-in Screen"#2 (Mirror)#4383
05-07 16:44:47.572 1144 1144 I Layer : id=4386 Destroyed WindowedMagnification:0:31#3 (Mirror)#4386
05-07 16:44:47.573 1144 1144 I Layer : id=4387 Destroyed HideDisplayCutout:0:14#4 (Mirror)#4387
05-07 16:44:47.573 1144 1144 I Layer : id=4388 Destroyed OneHanded:0:14#5 (Mirror)#4388
05-07 16:44:47.573 1144 1144 I Layer : id=4389 Destroyed FullscreenMagnification:0:12#6 (Mirror)#4389
05-07 16:44:47.573 1144 1144 I Layer : id=4390 Destroyed Leaf:0:1#7 (Mirror)#4390
05-07 16:44:47.573 1144 1144 I Layer : id=4391 Destroyed WallpaperWindowToken{4f74455 token=android.os.Binder@52ca30c}#65 (Mirror)#4391
05-07 16:44:47.573 1144 1144 I Layer : id=4392 Destroyed 79c8d3f com.android.systemui.wallpapers.ImageWallpaper#70 (Mirror)#4392
05-07 16:44:47.573 1144 1144 I Layer : id=4393 Destroyed com.android.systemui.wallpapers.ImageWallpaper$_2283#71 (Mirror)#4393
05-07 16:44:47.573 1144 1144 I Layer : id=4395 Destroyed DefaultTaskDisplayArea_d0#8 (Mirror)#4395
05-07 16:44:47.573 1144 1144 I Layer : id=4396 Destroyed Task=1#48 (Mirror)#4396
05-07 16:44:47.573 1144 1144 I Layer : id=4397 Destroyed Task=7#523 (Mirror)#4397
05-07 16:44:47.573 1144 1144 I Layer : id=4398 Destroyed ActivityRecord{5885383 u0 com.sec.android.app.launcher/.activities.LauncherActivity t7}#525 (Mirror)#4398
05-07 16:44:47.573 1144 1144 I Layer : id=4399 Destroyed 49fa23d ActivityRecordInputSink com.sec.android.app.launcher/.Launcher#531 (Mirror)#4399
05-07 16:44:47.573 1144 1144 I Layer : id=4400 Destroyed 15b7be com.sec.android.app.launcher/com.sec.android.app.launcher.activities.LauncherActivity#526 (Mirror)#4400
05-07 16:44:47.573 1144 1144 I Layer : id=4406 Destroyed Task=21#2276 (Mirror)#4406
05-07 16:44:47.573 1144 1144 I Layer : id=4407 Destroyed ActivityRecord{fe3aa72 u0 com.sec.android.app.launcher/com.android.quickstep.RecentsActivity t21}#2277 (Mirror)#4407
05-07 16:44:47.573 1144 1144 I Layer : id=4408 Destroyed 7228b7d ActivityRecordInputSink com.sec.android.app.launcher/com.android.quickstep.RecentsActivity#2281 (Mirror)#4408
05-07 16:44:47.573 1144 1144 I Layer : id=4409 Destroyed 5b149d2 com.sec.android.app.launcher/com.android.quickstep.RecentsActivity#2278 (Mirror)#4409
05-07 16:44:47.573 1144 1144 I Layer : id=4410 Destroyed Task=2#50 (Mirror)#4410
05-07 16:44:47.573 1144 1144 I Layer : id=4412 Destroyed Task=3#51 (Mirror)#4412
05-07 16:44:47.573 1144 1144 I Layer : id=4414 Destroyed Task=4#52 (Mirror)#4414
05-07 16:44:47.573 1144 1144 I Layer : id=4416 Destroyed Task=5#53 (Mirror)#4416
05-07 16:44:47.573 1144 1144 I Layer : id=4418 Destroyed Task=28#3620 (Mirror)#4418
05-07 16:44:47.574 1144 1144 I Layer : id=4419 Destroyed TaskFragment{cc1ce91 mode=fullscreen}#3631 (Mirror)#4419
05-07 16:44:47.574 1144 1144 I Layer : id=4420 Destroyed ActivityRecord{a6bfb4f u0 com.android.settings/.Settings t28}#3621 (Mirror)#4420
05-07 16:44:47.574 1144 1144 I Layer : id=4421 Destroyed 4529a29 ActivityRecordInputSink com.android.settings/.homepage.SettingsHomepageActivity#3626 (Mirror)#4421
05-07 16:44:47.574 1144 1144 I Layer : id=4422 Destroyed 1509273 com.android.settings/com.android.settings.Settings#3634 (Mirror)#4422
05-07 16:44:47.574 1144 1144 I Layer : id=4423 Destroyed TaskFragment{36e5e54 mode=fullscreen}#3644 (Mirror)#4423
05-07 16:44:47.574 1144 1144 I Layer : id=4424 Destroyed ActivityRecord{f7d0bc0 u0 com.android.settings/.SubSettings t28}#3645 (Mirror)#4424
05-07 16:44:47.574 1144 1144 I Layer : id=4425 Destroyed 568943 ActivityRecordInputSink com.android.settings/.SubSettings#3651 (Mirror)#4425
05-07 16:44:47.574 1144 1144 I Layer : id=4426 Destroyed 45746af com.android.settings/com.android.settings.SubSettings#3646 (Mirror)#4426
05-07 16:44:47.574 1144 1144 I Layer : id=4427 Destroyed Task=38#4356 (Mirror)#4427
05-07 16:44:47.574 1144 1144 I Layer : id=4428 Destroyed ActivityRecord{4c44815 u0 org.qtproject.example.hellogles3/org.qtproject.qt.android.bindings.QtActivity t38}#4357 (Mirror)#4428
05-07 16:44:47.574 1144 1144 I Layer : id=4429 Destroyed c68d71e ActivityRecordInputSink org.qtproject.example.hellogles3/org.qtproject.qt.android.bindings.QtActivity#4363 (Mirror)#4429
05-07 16:44:47.574 1144 1144 I Layer : id=4430 Destroyed e637420 org.qtproject.example.hellogles3/org.qtproject.qt.android.bindings.QtActivity#4376 (Mirror)#4430
05-07 16:44:47.574 1144 1144 I Layer : id=4402 Destroyed ImeContainer#13 (Mirror)#4402
05-07 16:44:47.574 1144 1144 I Layer : id=4403 Destroyed WindowToken{ac6255b type=2011 android.os.Binder@9b1ec6a}#1387 (Mirror)#4403
05-07 16:44:47.574 1144 1144 I Layer : id=4504 Destroyed Surface(name=aefdedd InputMethod)/@0xe297123 - animation-leash of insets_animation#4503 (Mirror)#4504
05-07 16:44:47.574 1144 1144 I Layer : id=4405 Destroyed aefdedd InputMethod#1388 (Mirror)#4405
05-07 16:44:47.575 1144 1144 I Layer : id=4434 Destroyed ChangeLeashAnchor#9 (Mirror)#4434
05-07 16:44:47.575 1144 1144 I Layer : id=4435 Destroyed FloatingLeashAnchor#10 (Mirror)#4435
05-07 16:44:47.575 1144 1144 I Layer : id=4436 Destroyed Leaf:3:12#11 (Mirror)#4436
05-07 16:44:47.575 1144 1144 I Layer : id=4437 Destroyed TransientLaunchOverlayToken{aa6fd33 token=android.os.BinderProxy@ea25ca2}#3298 (Mirror)#4437
05-07 16:44:47.575 1144 1144 I Layer : id=4438 Destroyed 2b188f0 RecentsTransitionOverlay#3299 (Mirror)#4438
05-07 16:44:47.575 1144 1144 I Layer : id=4440 Destroyed ImePlaceholder:13:14#12 (Mirror)#4440
05-07 16:44:47.575 972 23421 I sensors-hal: handle_sns_client_event:44, ambient_light_event: ts=521093269270536, event=622.000000
05-07 16:44:47.575 1144 1144 I Layer : id=4441 Destroyed OneHanded:15:15#14 (Mirror)#4441
05-07 16:44:47.575 1144 1144 I Layer : id=4442 Destroyed FullscreenMagnification:15:15#15 (Mirror)#4442
05-07 16:44:47.575 1144 1144 I Layer : id=4443 Destroyed Leaf:15:15#16 (Mirror)#4443
05-07 16:44:47.575 1144 1144 I Layer : id=4444 Destroyed WindowToken{afb6883 type=2000 android.os.BinderProxy@a656f3d}#79 (Mirror)#4444
05-07 16:44:47.575 1144 1144 I Layer : id=4445 Destroyed Surface(name=f359a00 StatusBar)/@0xb15e156 - animation-leash of insets_animation#4379 (Mirror)#4445
05-07 16:44:47.575 1144 1144 I Layer : id=4446 Destroyed f359a00 StatusBar#80 (Mirror)#4446
05-07 16:44:47.575 1144 1144 I Layer : id=4448 Destroyed HideDisplayCutout:16:16#17 (Mirror)#4448
05-07 16:44:47.575 1144 1144 I Layer : id=4449 Destroyed OneHanded:16:16#18 (Mirror)#4449
05-07 16:44:47.575 1144 1144 I Layer : id=4450 Destroyed FullscreenMagnification:16:16#19 (Mirror)#4450
05-07 16:44:47.576 1144 1144 I Layer : id=4451 Destroyed Leaf:16:16#20 (Mirror)#4451
05-07 16:44:47.576 1144 1144 I Layer : id=4452 Destroyed OneHanded:17:17#21 (Mirror)#4452
05-07 16:44:47.576 1144 1144 I Layer : id=4453 Destroyed FullscreenMagnification:17:17#22 (Mirror)#4453
05-07 16:44:47.576 1144 1144 I Layer : id=4454 Destroyed Leaf:17:17#23 (Mirror)#4454
05-07 16:44:47.576 1144 1144 I Layer : id=4455 Destroyed WindowToken{21bf5e8 type=2040 android.os.BinderProxy@9e512da}#77 (Mirror)#4455
05-07 16:44:47.576 1144 1144 I Layer : id=4456 Destroyed 4449401 NotificationShade#78 (Mirror)#4456
05-07 16:44:47.576 1144 1144 I Layer : id=4457 Destroyed HideDisplayCutout:18:23#24 (Mirror)#4457
05-07 16:44:47.576 1144 1144 I Layer : id=4458 Destroyed OneHanded:18:23#25 (Mirror)#4458
05-07 16:44:47.576 1144 1144 I Layer : id=4459 Destroyed FullscreenMagnification:18:23#26 (Mirror)#4459
05-07 16:44:47.576 1144 1144 I Layer : id=4460 Destroyed Leaf:18:23#27 (Mirror)#4460
05-07 16:44:47.576 1144 1144 I Layer : id=4461 Destroyed WindowToken{bd6bdbd type=2415 android.os.BinderProxy@bf20114}#63 (Mirror)#4461
05-07 16:44:47.576 1144 1144 I Layer : id=4462 Destroyed 56c8fb2 LockscreenShortcutBlur#64 (Mirror)#4462
05-07 16:44:47.576 1144 1144 I Layer : id=4463 Destroyed WindowToken{106a1cd type=2226 android.os.BinderProxy@57910f7}#89 (Mirror)#4463
05-07 16:44:47.576 1144 1144 I Layer : id=4464 Destroyed a019d0 com.sec.android.app.launcher/com.samsung.app.honeyspace.edge.CocktailBarService#90 (Mirror)#4464
05-07 16:44:47.577 1144 1144 I Layer : id=4466 Destroyed Leaf:24:25#28 (Mirror)#4466
05-07 16:44:47.577 1144 1144 I Layer : id=4467 Destroyed WindowToken{ed8ad13 type=2024 android.os.BinderProxy@b8f6002}#539 (Mirror)#4467
05-07 16:44:47.577 1144 1144 I Layer : id=4468 Destroyed Surface(name=ede8149 TaskbarWindow)/@0x39fd301 - animation-leash of insets_animation#4378 (Mirror)#4468
05-07 16:44:47.577 1144 1144 I Layer : id=4469 Destroyed ede8149 TaskbarWindow#540 (Mirror)#4469
05-07 16:44:47.577 1144 1144 I Layer : id=4471 Destroyed HideDisplayCutout:26:31#29 (Mirror)#4471
05-07 16:44:47.577 1144 1144 I Layer : id=4472 Destroyed OneHanded:26:31#30 (Mirror)#4472
05-07 16:44:47.577 1144 1144 I Layer : id=4473 Destroyed FullscreenMagnification:26:27#31 (Mirror)#4473
05-07 16:44:47.577 1144 1144 I Layer : id=4474 Destroyed Leaf:26:27#32 (Mirror)#4474
05-07 16:44:47.577 1144 1144 I Layer : id=4475 Destroyed Leaf:28:28#33 (Mirror)#4475
05-07 16:44:47.577 1144 1144 I Layer : id=4476 Destroyed FullscreenMagnification:29:31#34 (Mirror)#4476
05-07 16:44:47.577 1144 1144 I Layer : id=4477 Destroyed Leaf:29:31#35 (Mirror)#4477
05-07 16:44:47.577 1144 1144 I Layer : id=4478 Destroyed WindowToken{55c5341 type=2016 android.os.BinderProxy@55cc14b}#54 (Mirror)#4478
05-07 16:44:47.577 1144 1144 I Layer : id=4479 Destroyed 18dd93f ShellDropTarget#55 (Mirror)#4479
05-07 16:44:47.577 1144 1144 I Layer : id=4480 Destroyed HideDisplayCutout:32:35#36 (Mirror)#4480
05-07 16:44:47.577 1144 1144 I Layer : id=4481 Destroyed OneHanded:32:32#37 (Mirror)#4481
05-07 16:44:47.577 1144 1144 I Layer : id=4482 Destroyed Leaf:32:32#38 (Mirror)#4482
05-07 16:44:47.578 1144 1144 I Layer : id=4483 Destroyed FullscreenMagnification:33:33#39 (Mirror)#4483
05-07 16:44:47.578 1144 1144 I Layer : id=4484 Destroyed Leaf:33:33#40 (Mirror)#4484
05-07 16:44:47.578 1144 1144 I Layer : id=4485 Destroyed WindowToken{75c1207 type=2015 android.view.ViewRootImpl$W@1663046}#3659 (Mirror)#4485
05-07 16:44:47.578 1144 1144 I Layer : id=4486 Destroyed 81bff34 PointerLocation - display 0#3660 (Mirror)#4486
05-07 16:44:47.578 1144 1144 I Layer : id=4488 Destroyed OneHanded:34:35#41 (Mirror)#4488
05-07 16:44:47.578 1144 1144 I Layer : id=4489 Destroyed FullscreenMagnification:34:35#42 (Mirror)#4489
05-07 16:44:47.578 1144 1144 I Layer : id=4490 Destroyed Leaf:34:35#43 (Mirror)#4490
05-07 16:44:47.578 1144 1144 I Layer : id=4491 Destroyed Leaf:36:36#44 (Mirror)#4491
05-07 16:44:47.578 1144 1144 I Layer : id=4492 Destroyed Accessibility Overlays#47 (Mirror)#4492
05-07 16:44:47.578 1144 1144 I Layer : id=4493 Destroyed Input Overlays#46 (Mirror)#4493
05-07 16:44:47.578 1144 1144 I Layer : id=4494 Destroyed [Gesture Monitor] secinputdev#49 (Mirror)#4494
05-07 16:44:47.578 1144 1144 I Layer : id=4495 Destroyed [Gesture Monitor] PalmMotion#92 (Mirror)#4495
05-07 16:44:47.578 1144 1144 I Layer : id=4496 Destroyed Display Overlays#45 (Mirror)#4496
05-07 16:44:47.578 1144 1144 I Layer : id=4497 Destroyed Sprite#3662 (Mirror)#4497
05-07 16:44:47.578 1144 1144 I Layer : id=4515 Destroyed Sprite#4513 (Mirror)#4515
05-07 16:44:47.579 1144 1144 I Layer : id=4499 Destroyed Sprite#4347 (Mirror)#4499
05-07 16:44:47.579 1144 1144 I Layer : id=4384 Destroyed MirrorLayerParent#4384
05-07 16:44:47.579 1144 1144 I Layer : id=4385 Destroyed Input Consumer recents_animation_input_consumer#93 (Mirror)#4385
05-07 16:44:47.580 1144 1144 I Layer : id=4500 Destroyed bbq-wrapper#4348 (Mirror)#4500
05-07 16:44:47.581 1144 1144 I Layer : id=4516 Destroyed bbq-wrapper#4514 (Mirror)#4516
05-07 16:44:47.581 1144 1144 I Layer : id=4498 Destroyed bbq-wrapper#3663 (Mirror)#4498
05-07 16:44:47.581 1144 1144 I Layer : id=4487 Destroyed PointerLocation - display 0#3661 (Mirror)#4487
05-07 16:44:47.581 1144 1144 I Layer : id=4470 Destroyed TaskbarWindow$_2625#544 (Mirror)#4470
05-07 16:44:47.581 1144 1144 I Layer : id=4465 Destroyed com.sec.android.app.launcher/com.samsung.app.honeyspace.edge.CocktailBarService$_2625#4278 (Mirror)#4465
05-07 16:44:47.581 1349 5970 D InputDispatcher: removing all handles on display 1804289383
05-07 16:44:47.581 1144 1144 I Layer : id=4447 Destroyed StatusBar$_2283#84 (Mirror)#4447
05-07 16:44:47.581 1144 1144 I Layer : id=4439 Destroyed RecentsTransitionOverlay$_2625#3300 (Mirror)#4439
05-07 16:44:47.581 1144 1144 I Layer : id=4431 Destroyed org.qtproject.example.hellogles3/org.qtproject.qt.android.bindings.QtActivity$_25153#4377 (Mirror)#4431
05-07 16:44:47.581 1144 1144 I Layer : id=4509 Destroyed Bounds for - org.qtproject.example.hellogles3/org.qtproject.qt.android.bindings.QtActivity@0#4505 (Mirror)#4509
05-07 16:44:47.581 1144 1144 I Layer : id=4510 Destroyed SurfaceView[org.qtproject.example.hellogles3/org.qtproject.qt.android.bindings.QtActivity]@0#4506 (Mirror)#4510
05-07 16:44:47.581 1144 1144 I Layer : id=4511 Destroyed SurfaceView[org.qtproject.example.hellogles3/org.qtproject.qt.android.bindings.QtActivity]@0(BLAST)#4507 (Mirror)#4511
05-07 16:44:47.582 1144 1144 I Layer : id=4512 Destroyed Background for SurfaceView[org.qtproject.example.hellogles3/org.qtproject.qt.android.bindings.QtActivity]@0#4508 (Mirror)#4512
05-07 16:44:47.582 1144 1144 I Layer : id=4417 Destroyed Dim layer#59 (Mirror)#4417
05-07 16:44:47.582 1144 1144 I Layer : id=4415 Destroyed Dim layer#58 (Mirror)#4415
05-07 16:44:47.582 1144 1144 I Layer : id=4413 Destroyed Dim layer#57 (Mirror)#4413
05-07 16:44:47.582 1144 1144 I Layer : id=4411 Destroyed Split Background Layer#56 (Mirror)#4411
05-07 16:44:47.582 1144 1144 I Layer : id=4394 Destroyed Wallpaper BBQ wrapper#72 (Mirror)#4394
05-07 16:44:47.586 25243 25298 W GraphicBufferSource: released unpopulated slots: [16, 17, 18, 19, 20, 21, 22, 23, 24, 25, 26, 27, 28, 29, 30, 31, 32, 33, 34, 35, 36, 37, 38, 39, 40, 41, 42, 43, 44, 45, 46, 47, 48, 49, 50, 51, 52, 53, 54, 55, 56, 57, 58, 59, 60, 61, 62, 63]
05-07 16:44:47.589 1009 25255 I QC2C2DEngine: calcYSize: unsupported or RGB color format, RGBA8888(1)
05-07 16:44:47.615 1009 25255 I QC2V4l2Driver: [avcE_38] Closed device driver with fd: 8
05-07 16:44:47.619 1009 25255 I vendor.qti.media.c2@1.0-service: missing struct descriptor #Param::CoreIndex(-Vc01f) for field ubwcStats of struct #Param::CoreIndex(-Vc020)
05-07 16:44:47.620 1009 25255 I vendor.qti.media.c2@1.0-service: missing struct descriptor #Param::CoreIndex(--002) for field mastering of struct #Param::CoreIndex(--180a)
05-07 16:44:47.620 1009 25255 E VendorCaps: Failed to read platform default max picture width
05-07 16:44:47.620 1009 25255 E VendorCaps: Failed to read platform default max picture width
05-07 16:44:47.620 1009 25255 I vendor.qti.media.c2@1.0-service: missing struct descriptor #Param::CoreIndex(--004) for field values of struct #Param::CoreIndex(F-12004)
05-07 16:44:47.620 1009 25255 W StandardCaps: Preconditions for b-frame didn't meet. Disabling b-frame!
05-07 16:44:47.620 1009 25255 E QC2Comp : [avcE_38] Codec returned output for non-existant input-index(689)!
05-07 16:44:47.620 1009 25255 E QC2Comp : [avcE_38] Codec returned output for non-existant input-index(690)!
05-07 16:44:47.621 25243 25249 I CCodec : [c2.qti.avc.encoder] state->set(ALLOCATED)
05-07 16:44:47.622 25243 25248 I CCodec : [c2.qti.avc.encoder] state->set(RELEASING)
05-07 16:44:47.622 25243 25371 I CCodec : [c2.qti.avc.encoder] release(1)
05-07 16:44:47.623 1009 25255 I QC2Comp : [avcE_38] Stats: Pending(0) i/p-done(0) Works: Q: 694/Done 694|Work-Rate: Q(51.8/s Avg=49.6/s) Done(52.420/s Avg=49.565/s)| Stream: 45.17fps 22.4Mbps
05-07 16:44:47.623 1009 25255 I QC2Comp : Mem-usage: [In-2D: 65 bufs 292.500 MB] [1D-34: 10 bufs 14.961 MB]
05-07 16:44:47.623 1009 25255 I QC2Comp : Total Mem-usage: 307.461 MB
05-07 16:44:47.623 1009 25255 I QC2Comp : NOTE: handleReleaseCodec returning: 0 (OK=0)
05-07 16:44:47.623 1009 1009 I QC2Comp : NOTE: Release returning: 0 (OK=0)
05-07 16:44:47.624 25243 25371 I CCodec : [c2.qti.avc.encoder] state->set(RELEASED)
05-07 16:44:47.626 25243 25248 I MediaCodec: Codec shutdown complete
05-07 16:44:47.626 25243 25371 I hw-BpHwBinder: onLastStrongRef automatically unlinking death recipients
05-07 16:44:47.627 1009 1009 I hw-BpHwBinder: onLastStrongRef automatically unlinking death recipients
05-07 16:44:47.628 1009 1009 I QC2CompStore: Deleting component(c2.qti.avc.encoder) id(38)
05-07 16:44:47.628 1400 6342 I ResourceManagerService: removeResourceInfo pid 25243, removed 2073600 (width 1920 height 1080), isLowPriority 0, remained hw codec count 0
05-07 16:44:47.629 1009 1009 I QC2Comp : [avcE_38] Deallocated component c2.qti.avc.encoder [id=38]
05-07 16:44:47.630 3560 3560 I SemMediaResourceHelper: onRemove
05-07 16:44:47.630 1009 1009 E ANDR-PERF-TP: ~PerfThreadPool() 388: ~PerfThreadPool
05-07 16:44:47.630 3560 3560 I SemDvfsHyPerManager: acquire hyper - BaseTABoost/3560@1, type = 1090523139
05-07 16:44:47.630 28308 28332 V ResourceManagerHelper-JNI: JNIMediaResourceHelper::notify eventType : 2, ext1 : 0, ext2 : 0
05-07 16:44:47.630 28308 28332 V ResourceManagerHelper-JNI: notify eventType : 2, ext1 : 0, ext2 : 0
05-07 16:44:47.631 1349 5970 V ResourceManagerHelper-JNI: JNIMediaResourceHelper::notify eventType : 2, ext1 : 0, ext2 : 0
05-07 16:44:47.631 28308 28407 I SemMediaResourceHelper: onRemove
05-07 16:44:47.631 1349 5970 V ResourceManagerHelper-JNI: notify eventType : 2, ext1 : 0, ext2 : 0
05-07 16:44:47.631 1349 1977 I SemMediaResourceHelper: onRemove
05-07 16:44:47.631 975 1107 I HYPER-HAL: [RequestManager.cpp]acquire(): Acquired ID : 6342142 [3560 / 1] HINT : list : [TABoost / 1]
05-07 16:44:47.634 25243 25243 D MediaCodec: flushMediametrics
05-07 16:44:47.634 25243 25248 W AMessage: failed to deliver message as target handler 2 is gone.
05-07 16:44:47.666 1349 5970 I ActivityManager: Broadcasting: Intent { act=android.intent.action.MEDIA_SCANNER_SCAN_FILE dat=file:///... flg=0x400000 }
05-07 16:44:47.667 1349 1732 I ActivityManager: Killing 23972:com.google.process.gapps/u0a183 (adj 999): empty #19
05-07 16:44:47.668 1349 5970 I ActivityManager: Enqueued broadcast Intent { act=android.intent.action.MEDIA_SCANNER_SCAN_FILE dat=file:///... flg=0x400000 }: 0
05-07 16:44:47.674 1349 1719 I ActivityManager: Broadcast completed: result=0
05-07 16:44:47.674 1349 1746 I libprocessgroup: Successfully killed process cgroup uid 10183 pid 23972 in 6ms
05-07 16:44:47.675 972 23421 I sensors-hal: handle_sns_client_event:44, ambient_light_event: ts=521093369269442, event=622.000000
05-07 16:44:47.678 3374 4363 I MediaProvider: Begin Intent { act=android.intent.action.MEDIA_SCANNER_SCAN_FILE dat=file:///... flg=0x1400010 cmp=com.google.android.providers.media.module/com.android.providers.media.MediaService }
05-07 16:44:47.679 25243 25243 D ScreenRecord: success
05-07 16:44:47.682 3374 4363 V MediaMetadataRetriever: constructor
05-07 16:44:47.683 1400 6342 V MetadataRetrieverClient: MetadataRetrieverClient constructor pid(3374)
05-07 16:44:47.683 1400 6342 V MediaPlayerService: Create new media retriever from pid 3374
05-07 16:44:47.683 3374 4363 V MediaMetadataRetriever: setDataSource(128, 0, 576460752303423487)
05-07 16:44:47.683 1400 6342 V MetadataRetrieverClient: setDataSource fd=9, offset=0, length=576460752303423487
05-07 16:44:47.683 1400 6342 V MetadataRetrieverClient: st_dev = 64819
05-07 16:44:47.683 1400 6342 V MetadataRetrieverClient: st_mode = 33200
05-07 16:44:47.683 1400 6342 V MetadataRetrieverClient: st_uid = 10227
05-07 16:44:47.683 1400 6342 V MetadataRetrieverClient: st_gid = 1023
05-07 16:44:47.683 1400 6342 V MetadataRetrieverClient: st_size = 33675533
05-07 16:44:47.683 1400 6342 V MetadataRetrieverClient: calculated length = 33675533
05-07 16:44:47.683 1400 6342 V MetadataRetrieverClient: player type = 4
05-07 16:44:47.688 25243 25243 I BpBinder: onLastStrongRef automatically unlinking death recipients:
05-07 16:44:47.690 872 872 I Zygote : Process 23972 exited due to signal 9 (Killed)
05-07 16:44:47.690 1307 28061 I DrmManagerService(Native): value of perm = 2 return true from DRM FW
05-07 16:44:47.691 1307 28061 E SEC_DRM_PLUGIN_Omafl: OmaPlugin::onOpenDecryptSession(fd)::Drm2IsDrmFileByExtFd::file is NOT DRM by extension
05-07 16:44:47.692 1009 1009 D BufferPoolAccessor2.0: Destruction - bufferpool2 0xf781c818 cached: 0/0M, 0/0% in use; allocs: 695, 99% recycled; transfers: 689, 98% unfetched
