--------- beginning of main
05-07 16:44:06.875 972 23421 I sensors-hal: handle_sns_client_event:44, ambient_light_event: ts=521052569273736, event=612.000000
05-07 16:44:06.975 972 23421 I sensors-hal: handle_sns_client_event:44, ambient_light_event: ts=521052669276600, event=610.000000
05-07 16:44:07.076 972 23421 I sensors-hal: handle_sns_client_event:44, ambient_light_event: ts=521052769270298, event=611.000000
05-07 16:44:07.176 972 23421 I sensors-hal: handle_sns_client_event:44, ambient_light_event: ts=521052869268006, event=611.000000
05-07 16:44:07.276 972 23421 I sensors-hal: handle_sns_client_event:44, ambient_light_event: ts=521052969269256, event=611.000000
05-07 16:44:07.375 972 23421 I sensors-hal: handle_sns_client_event:44, ambient_light_event: ts=521053069268006, event=611.000000 --------- beginning of system
05-07 16:44:07.414 1349 3196 D BatteryService: Sending ACTION_BATTERY_CHANGED: level:80, status:2, health:2, remain:4451, ac:false, usb:true, wireless:false, pogo:false, misc:0x0, charge_type:0, charger_type:0, voltage:4065, temperature:225, online:4, charging_status:0, cycle_count:0, current_avg:0, ps:false, hvc:false, capacity:280000, current_event:0x0, current_now:19000, mcc:500000, mcv:5000000, cc:4000000, present:true, scale:100, technology:Li-ion
05-07 16:44:07.419 1349 2110 I DeviceBatteryInfoService: action: android.intent.action.BATTERY_CHANGED
05-07 16:44:07.419 1349 2110 I DeviceBatteryInfoService: phone battery level: 80
05-07 16:44:07.419 2283 2283 I AODBatteryManager: updateBatteryData: ACTION_BATTERY_CHANGED
05-07 16:44:07.420 2145 2145 D SemBigDataInfoController: Intent: android.intent.action.BATTERY_CHANGED
05-07 16:44:07.420 22942 22942 I [SCPMV2][SystemMonitorReceiver]: onReceive: android.intent.action.BATTERY_CHANGED
05-07 16:44:07.419 1349 2110 I DeviceBatteryInfoService: phone battery status: 2
05-07 16:44:07.420 1349 1979 D MotionRecognitionService: [SAR] onReceive : ACTION_BATTERY_CHANGED, Plugged: 2
05-07 16:44:07.421 2283 2283 I AODBatteryManager: saveBatteryData : AOD BatteryData [mBatteryLevel=80, mBatteryStatus=CHARGING, mBatteryPlugType=USB, mBatteryPlugged=true, mRemainingChargeTime=4451000, mBatteryChargingType=1, mBatteryChargerType=NORMAL, mBatteryOnline=USB, mBatterySwellingMode=NONE, mBatteryProtectMode=false]
05-07 16:44:07.421 2283 2283 I ChargingInfoManager: updateChargingInfo: newState = AOD ChargingInfo [mState=BATTERY_AND_REMAIN_TIME, mIsCharging=true, mIsFullyCharged=false, mIsBatteryProtectMode=false], oldState = AOD ChargingInfo [mState=BATTERY_AND_REMAIN_TIME, mIsCharging=true, mIsFullyCharged=false, mIsBatteryProtectMode=false]
05-07 16:44:07.421 2283 2283 D SamsungBatteryMeterDrawable: onBatteryLevelChanged isSomethingChanged: false
05-07 16:44:07.421 2283 2283 D SamsungBatteryMeterDrawable: onBatteryLevelChanged isSomethingChanged: false
05-07 16:44:07.421 2283 2283 D SamsungBatteryMeterDrawable: onBatteryLevelChanged isSomethingChanged: false
05-07 16:44:07.422 2283 2283 I PowerUI : mBootCompleted = true | mFullyConnected = true
05-07 16:44:07.422 2283 2283 I PowerUI : BATTERY_HEALTH_CHECK extraHealth=2 mBatteryMiscEvent=0
05-07 16:44:07.422 2283 2283 W PowerUI : Plug reason
05-07 16:44:07.422 2283 2283 W PowerUI : Skip charging animation - by plug status
05-07 16:44:07.422 2283 2283 D PowerUI : priorPlugType = 2 mPlugType = 2 priorBatteryStatus = 2 mBatteryStatus = 2
05-07 16:44:07.422 2283 2283 W PowerUI : Plug reason
05-07 16:44:07.422 2283 2283 W PowerUI : Skip charging sound - by plug status
05-07 16:44:07.422 2283 2283 I PowerUI : oldMisalign : false, curMisalign : false
05-07 16:44:07.422 2283 13851 D SecPowerUI.Notification: dismissing low battery warning: level=80
05-07 16:44:07.422 2283 13851 D SecPowerUI.Notification: updateNotification mWarning=false mPlaySound=false
05-07 16:44:07.422 2283 13851 D SecPowerUI.Notification: SecBatteryStatsSnapshot{batteryLevel=80, currentBatteryMode=0, chargingTime=4450000, chargingType=11, batteryHealth=2, automaticTestMode=false, isHiccupState=false}
05-07 16:44:07.422 2283 13851 D SecPowerUI.Notification: 1. restoreScreenTimeOut - saved_value : :
05-07 16:44:07.422 2283 13851 E SecPowerUI.Notification: no saved value, so we do nothing !!
05-07 16:44:07.423 2283 2283 D SecPowerUI.Notification: showChargingNotice oldChargingType : 11 / currentChargingType : 11, oldChargingTime : 4450000 / mChargingTime : 4451000
05-07 16:44:07.423 2283 2283 D SecPowerUI.Notification: showChargingNotification()
05-07 16:44:07.423 2283 2283 D SecPowerUI.Notification: SecBatteryStatsSnapshot{batteryLevel=80, currentBatteryMode=0, chargingTime=4451000, chargingType=11, batteryHealth=2, automaticTestMode=false, isHiccupState=false}
05-07 16:44:07.424 2283 2283 I NotificationManager: com.android.systemui: notify(2131363660, charging_state, Notification(channel=CHR shortcut=null contentView=null vibrate=null sound=null defaults=0x0 flags=0xa color=0xff5075a1 category=sys groupKey=CHARGING vis=PUBLIC semFlags=0x0 semPriority=0 semMissedCount=0)) as user
05-07 16:44:07.425 2283 2283 D PowerUI : Battery swelling mode - priorBatterySwellingMode = 0 mBatterySwellingMode = 0 mBatteryStatus = 2
05-07 16:44:07.425 2283 2283 I PowerUI : mBatteryMiscEvent = 0
05-07 16:44:07.425 2283 2283 D KeyguardUpdateMonitor: handleBatteryUpdate
05-07 16:44:07.427 2283 2283 D KeyguardSecIndicationController: addIndicationTimeout() returned - unlocking
05-07 16:44:07.427 2283 2283 D KeyguardSecIndicationController: addIndication() returned - unlocking
05-07 16:44:07.427 2283 2283 D KeyguardSecIndicationController: addBatteryAndOwnerInfoIndication() battery status = BatteryStatus{status=2,level=80,plugged=2,chargingStatus=0,maxChargingWattage=2500000,remaining=4451000ultraFastCharger=0}
05-07 16:44:07.476 972 23421 I sensors-hal: handle_sns_client_event:44, ambient_light_event: ts=521053169272694, event=611.000000
05-07 16:44:07.575 972 23421 I sensors-hal: handle_sns_client_event:44, ambient_light_event: ts=521053269267486, event=611.000000
05-07 16:44:07.636 2625 2625 I HoneySpace.NotificationListener: onNotificationPosted com.android.systemui: -1|com.android.systemui|2131363660|charging_state|10047: 0
05-07 16:44:07.636 2625 2625 I HoneySpace.NotificationListener: invalid notification: com.android.systemui UserHandle{-1}: canShowBadge is false
05-07 16:44:07.642 2283 2283 I AODNotificationManager: updateNotification()
05-07 16:44:07.644 1144 1286 W ComposerExtn: DisplayExtnImpl::SetActiveConfig: HWC Display 0 is not registered!
05-07 16:44:07.657 997 1274 I SDM : HWDeviceDRM::UpdateMixerAttributes: Mixer WxH 1200x1920-0 for Peripheral
05-07 16:44:07.658 997 1274 I SDM : HWCDisplay::SubmitDisplayConfig: Active configuration changed to: 0
05-07 16:44:07.675 972 23421 I sensors-hal: handle_sns_client_event:44, ambient_light_event: ts=521053369262850, event=611.000000
05-07 16:44:07.777 972 23421 I sensors-hal: handle_sns_client_event:44, ambient_light_event: ts=521053469273006, event=611.000000
05-07 16:44:07.835 2283 2283 D BubblesManager: onEntryUpdated : shouldBubbleUp=false ,key=-1|com.android.systemui|2131363660|charging_state|10047
05-07 16:44:07.836 2283 2283 D InterruptionStateProvider: no Heads up : edgelighting enabled app. -1|com.android.systemui|2131363660|charging_state|10047
05-07 16:44:07.852 2283 2283 D FaceWidgetKeyguardNIOController: getDefaultPositionX
05-07 16:44:07.859 2283 2283 I AODNotificationManager: updateNotification()
05-07 16:44:07.874 2283 2283 D FaceWidgetKeyguardNIOController: getDefaultPositionX
05-07 16:44:07.875 972 23421 I sensors-hal: handle_sns_client_event:44, ambient_light_event: ts=521053569268788, event=611.000000
05-07 16:44:07.888 2283 2283 D FaceWidgetKeyguardNIOController: getDefaultPositionX
05-07 16:44:07.891 2283 2283 I AODNotificationManager: updateNotification()
05-07 16:44:07.975 972 23421 I sensors-hal: handle_sns_client_event:44, ambient_light_event: ts=521053669262277, event=611.000000
05-07 16:44:08.076 972 23421 I sensors-hal: handle_sns_client_event:44, ambient_light_event: ts=521053769268996, event=611.000000
05-07 16:44:08.143 1144 1286 W ComposerExtn: DisplayExtnImpl::SetActiveConfig: HWC Display 0 is not registered!
05-07 16:44:08.177 972 23421 I sensors-hal: handle_sns_client_event:44, ambient_light_event: ts=521053869264881, event=611.000000
05-07 16:44:08.192 616 616 D io_stats: !@ 8,0 r 2656879 75613852 w 569849 20356276 d 88561 17081004 f 0 0 iot 1627940 0 th 0 0 0 pt 0 inp 0 0 78878.230
05-07 16:44:08.192 616 616 D io_stats: !@ Read_top(KB): logd(565) 20 ndroid.systemui(2283) 4
05-07 16:44:08.193 616 616 D io_stats: !@ Write_top(KB): kworker/u16:6(6306) 136 system_server(1349) 8
05-07 16:44:08.276 972 23421 I sensors-hal: handle_sns_client_event:44, ambient_light_event: ts=521053969276079, event=611.000000
05-07 16:44:08.298 13933 21100 I PhenotypeProcessReaper: Memory state is: 100
05-07 16:44:08.377 972 23421 I sensors-hal: handle_sns_client_event:44, ambient_light_event: ts=521054069268579, event=611.000000
05-07 16:44:08.476 972 23421 I sensors-hal: handle_sns_client_event:44, ambient_light_event: ts=521054169273996, event=611.000000
05-07 16:44:08.578 972 23421 I sensors-hal: handle_sns_client_event:44, ambient_light_event: ts=521054269270090, event=611.000000
05-07 16:44:08.678 972 23421 I sensors-hal: handle_sns_client_event:44, ambient_light_event: ts=521054369271652, event=612.000000
05-07 16:44:08.776 972 23421 I sensors-hal: handle_sns_client_event:44, ambient_light_event: ts=521054469269361, event=611.000000
05-07 16:44:08.876 972 23421 I sensors-hal: handle_sns_client_event:44, ambient_light_event: ts=521054569271131, event=612.000000
05-07 16:44:08.976 972 23421 I sensors-hal: handle_sns_client_event:44, ambient_light_event: ts=521054669269048, event=612.000000
05-07 16:44:09.076 972 23421 I sensors-hal: handle_sns_client_event:44, ambient_light_event: ts=521054769267746, event=610.000000
05-07 16:44:09.176 972 23421 I sensors-hal: handle_sns_client_event:44, ambient_light_event: ts=521054869270611, event=611.000000
05-07 16:44:09.276 972 23421 I sensors-hal: handle_sns_client_event:44, ambient_light_event: ts=521054969268006, event=611.000000
05-07 16:44:09.376 972 23421 I sensors-hal: handle_sns_client_event:44, ambient_light_event: ts=521055069270350, event=612.000000
05-07 16:44:09.476 972 23421 I sensors-hal: handle_sns_client_event:44, ambient_light_event: ts=521055169268788, event=611.000000
05-07 16:44:09.576 972 23421 I sensors-hal: handle_sns_client_event:44, ambient_light_event: ts=521055269267746, event=613.000000
05-07 16:44:09.676 972 23421 I sensors-hal: handle_sns_client_event:44, ambient_light_event: ts=521055369271704, event=611.000000
05-07 16:44:09.776 972 23421 I sensors-hal: handle_sns_client_event:44, ambient_light_event: ts=521055469272694, event=613.000000
05-07 16:44:09.876 972 23421 I sensors-hal: handle_sns_client_event:44, ambient_light_event: ts=521055569270350, event=611.000000
05-07 16:44:09.893 10792 10792 I wpa_supplicant: Heartbeat 8240
05-07 16:44:09.975 972 23421 I sensors-hal: handle_sns_client_event:44, ambient_light_event: ts=521055669269100, event=612.000000
05-07 16:44:10.075 972 23421 I sensors-hal: handle_sns_client_event:44, ambient_light_event: ts=521055769268527, event=612.000000
05-07 16:44:10.176 972 23421 I sensors-hal: handle_sns_client_event:44, ambient_light_event: ts=521055869269048, event=611.000000
05-07 16:44:10.193 616 616 D io_stats: !@ 8,0 r 2656916 75614564 w 569849 20356276 d 88561 17081004 f 0 0 iot 1627964 0 th 0 0 0 pt 0 inp 0 0 78880.231
05-07 16:44:10.276 972 23421 I sensors-hal: handle_sns_client_event:44, ambient_light_event: ts=521055969269309, event=611.000000
05-07 16:44:10.375 972 23421 I sensors-hal: handle_sns_client_event:44, ambient_light_event: ts=521056069268267, event=612.000000
05-07 16:44:10.475 972 23421 I sensors-hal: handle_sns_client_event:44, ambient_light_event: ts=521056169264413, event=611.000000
05-07 16:44:10.481 1349 3196 D BatteryService: Sending ACTION_BATTERY_CHANGED: level:80, status:2, health:2, remain:-1, ac:false, usb:true, wireless:false, pogo:false, misc:0x0, charge_type:0, charger_type:0, voltage:4080, temperature:225, online:4, charging_status:0, cycle_count:0, current_avg:0, ps:false, hvc:false, capacity:280000, current_event:0x0, current_now:-28000, mcc:500000, mcv:5000000, cc:4000000, present:true, scale:100, technology:Li-ion
05-07 16:44:10.482 1349 2110 I DeviceBatteryInfoService: action: android.intent.action.BATTERY_CHANGED
05-07 16:44:10.482 1349 2110 I DeviceBatteryInfoService: phone battery level: 80
05-07 16:44:10.482 1349 2110 I DeviceBatteryInfoService: phone battery status: 2
05-07 16:44:10.484 2145 2145 D SemBigDataInfoController: Intent: android.intent.action.BATTERY_CHANGED
05-07 16:44:10.484 1349 1979 D MotionRecognitionService: [SAR] onReceive : ACTION_BATTERY_CHANGED, Plugged: 2
05-07 16:44:10.484 2283 2283 I AODBatteryManager: updateBatteryData: ACTION_BATTERY_CHANGED
05-07 16:44:10.485 22942 22942 I [SCPMV2][SystemMonitorReceiver]: onReceive: android.intent.action.BATTERY_CHANGED
05-07 16:44:10.485 2283 2283 I AODBatteryManager: saveBatteryData : AOD BatteryData [mBatteryLevel=80, mBatteryStatus=CHARGING, mBatteryPlugType=USB, mBatteryPlugged=true, mRemainingChargeTime=-1, mBatteryChargingType=1, mBatteryChargerType=NORMAL, mBatteryOnline=USB, mBatterySwellingMode=NONE, mBatteryProtectMode=false]
05-07 16:44:10.486 2283 2283 I ChargingInfoManager: updateChargingInfo: newState = AOD ChargingInfo [mState=BATTERY_AND_REMAIN_TIME, mIsCharging=true, mIsFullyCharged=false, mIsBatteryProtectMode=false], oldState = AOD ChargingInfo [mState=BATTERY_AND_REMAIN_TIME, mIsCharging=true, mIsFullyCharged=false, mIsBatteryProtectMode=false]
05-07 16:44:10.486 2283 2283 D SamsungBatteryMeterDrawable: onBatteryLevelChanged isSomethingChanged: false
05-07 16:44:10.486 2283 2283 D SamsungBatteryMeterDrawable: onBatteryLevelChanged isSomethingChanged: false
05-07 16:44:10.486 2283 2283 D SamsungBatteryMeterDrawable: onBatteryLevelChanged isSomethingChanged: false
05-07 16:44:10.486 2283 2283 I PowerUI : mBootCompleted = true | mFullyConnected = true
05-07 16:44:10.486 2283 2283 I PowerUI : BATTERY_HEALTH_CHECK extraHealth=2 mBatteryMiscEvent=0
05-07 16:44:10.486 2283 2283 W PowerUI : Plug reason
05-07 16:44:10.486 2283 2283 W PowerUI : Skip charging animation - by plug status
05-07 16:44:10.486 2283 2283 D PowerUI : priorPlugType = 2 mPlugType = 2 priorBatteryStatus = 2 mBatteryStatus = 2
05-07 16:44:10.486 2283 2283 W PowerUI : Plug reason
05-07 16:44:10.486 2283 2283 W PowerUI : Skip charging sound - by plug status
05-07 16:44:10.486 2283 3198 D SecPowerUI.Notification: dismissing low battery warning: level=80
05-07 16:44:10.486 2283 2283 I PowerUI : oldMisalign : false, curMisalign : false
05-07 16:44:10.486 2283 3198 D SecPowerUI.Notification: updateNotification mWarning=false mPlaySound=false
05-07 16:44:10.486 2283 3198 D SecPowerUI.Notification: SecBatteryStatsSnapshot{batteryLevel=80, currentBatteryMode=0, chargingTime=4451000, chargingType=11, batteryHealth=2, automaticTestMode=false, isHiccupState=false}
05-07 16:44:10.487 2283 3198 D SecPowerUI.Notification: 1. restoreScreenTimeOut - saved_value : :
05-07 16:44:10.487 2283 3198 E SecPowerUI.Notification: no saved value, so we do nothing !!
05-07 16:44:10.487 2283 2283 D SecPowerUI.Notification: showChargingNotice oldChargingType : 11 / currentChargingType : 11, oldChargingTime : 4451000 / mChargingTime : -1
05-07 16:44:10.487 2283 2283 D SecPowerUI.Notification: showChargingNotification()
05-07 16:44:10.487 2283 2283 D SecPowerUI.Notification: SecBatteryStatsSnapshot{batteryLevel=80, currentBatteryMode=0, chargingTime=-1, chargingType=11, batteryHealth=2, automaticTestMode=false, isHiccupState=false}
05-07 16:44:10.488 2283 2283 I NotificationManager: com.android.systemui: notify(2131363660, charging_state, Notification(channel=CHR shortcut=null contentView=null vibrate=null sound=null defaults=0x0 flags=0xa color=0xff5075a1 category=sys groupKey=CHARGING vis=PUBLIC semFlags=0x0 semPriority=0 semMissedCount=0)) as user
05-07 16:44:10.489 2283 2283 D PowerUI : Battery swelling mode - priorBatterySwellingMode = 0 mBatterySwellingMode = 0 mBatteryStatus = 2
05-07 16:44:10.489 2283 2283 I PowerUI : mBatteryMiscEvent = 0
05-07 16:44:10.489 2283 2283 D KeyguardUpdateMonitor: handleBatteryUpdate
05-07 16:44:10.577 972 23421 I sensors-hal: handle_sns_client_event:44, ambient_light_event: ts=521056269262850, event=612.000000
05-07 16:44:10.676 972 23421 I sensors-hal: handle_sns_client_event:44, ambient_light_event: ts=521056369270611, event=611.000000
05-07 16:44:10.699 2625 2625 I HoneySpace.NotificationListener: onNotificationPosted com.android.systemui: -1|com.android.systemui|2131363660|charging_state|10047: 0
05-07 16:44:10.699 2625 2625 I HoneySpace.NotificationListener: invalid notification: com.android.systemui UserHandle{-1}: canShowBadge is false
05-07 16:44:10.704 2283 2283 I AODNotificationManager: updateNotification()
05-07 16:44:10.706 1144 1286 W ComposerExtn: DisplayExtnImpl::SetActiveConfig: HWC Display 0 is not registered!
05-07 16:44:10.721 997 1274 I SDM : HWDeviceDRM::UpdateMixerAttributes: Mixer WxH 1200x1920-0 for Peripheral
05-07 16:44:10.722 997 1274 I SDM : HWCDisplay::SubmitDisplayConfig: Active configuration changed to: 0
05-07 16:44:10.776 972 23421 I sensors-hal: handle_sns_client_event:44, ambient_light_event: ts=521056469268006, event=612.000000
05-07 16:44:10.876 972 23421 I sensors-hal: handle_sns_client_event:44, ambient_light_event: ts=521056569262746, event=611.000000
05-07 16:44:10.897 2283 2283 D BubblesManager: onEntryUpdated : shouldBubbleUp=false ,key=-1|com.android.systemui|2131363660|charging_state|10047
05-07 16:44:10.899 2283 2283 D InterruptionStateProvider: no Heads up : edgelighting enabled app. -1|com.android.systemui|2131363660|charging_state|10047
05-07 16:44:10.920 2283 2283 D FaceWidgetKeyguardNIOController: getDefaultPositionX
05-07 16:44:10.925 2283 2283 I AODNotificationManager: updateNotification()
05-07 16:44:10.949 2283 2283 D FaceWidgetKeyguardNIOController: getDefaultPositionX
05-07 16:44:10.967 2283 2283 D FaceWidgetKeyguardNIOController: getDefaultPositionX
05-07 16:44:10.970 2283 2283 I AODNotificationManager: updateNotification()
05-07 16:44:10.976 972 23421 I sensors-hal: handle_sns_client_event:44, ambient_light_event: ts=521056669259986, event=611.000000
05-07 16:44:11.076 972 23421 I sensors-hal: handle_sns_client_event:44, ambient_light_event: ts=521056769264256, event=612.000000
05-07 16:44:11.177 972 23421 I sensors-hal: handle_sns_client_event:44, ambient_light_event: ts=521056869262381, event=611.000000
05-07 16:44:11.222 1144 1286 W ComposerExtn: DisplayExtnImpl::SetActiveConfig: HWC Display 0 is not registered!
05-07 16:44:11.276 972 23421 I sensors-hal: handle_sns_client_event:44, ambient_light_event: ts=521056969269829, event=612.000000
05-07 16:44:11.376 972 23421 I sensors-hal: handle_sns_client_event:44, ambient_light_event: ts=521057069273996, event=611.000000
05-07 16:44:11.476 972 23421 I sensors-hal: handle_sns_client_event:44, ambient_light_event: ts=521057169271652, event=612.000000
05-07 16:44:11.575 972 23421 I sensors-hal: handle_sns_client_event:44, ambient_light_event: ts=521057269268006, event=612.000000
05-07 16:44:11.659 19508 19552 V CpEventLog(u0): cp_state: [ contacts = {contacts=0, raw_contacts=0, data=0, account={secphone(1)=0}, trash=0, trash_acc={}, trash_sync=0, database=contacts2.db} ]
05-07 16:44:11.659 19508 19552 V CpEventLog(u0): cp_state: [ aggregated = {} ]
05-07 16:44:11.659 19508 19552 V CpEventLog(u0): cp_state: [ request = {} ]
05-07 16:44:11.659 19508 19552 V CpEventLog(u0): cp_state: [ calls = {types={}, database=calllog.db} ]
05-07 16:44:11.659 19508 19552 V CpEventLog(u0): cp_state: [ profile = {contacts=0, raw_contacts=0, data=0, account={secphone(1)=0}, trash=0, trash_acc={}, trash_sync=0, database=profile.db} ]
05-07 16:44:11.659 19508 19552 V CpEventLog(u0): cp_state: [ sa_profile = {contacts=0, raw_contacts=0, data=0, account={secphone(1)=0}, trash=0, trash_acc={}, trash_sync=0, database=profile_sa.db} ]
05-07 16:44:11.659 19508 19552 V CpEventLog(u0): cp_state: [ etc = {binders=0, country_iso=FI, version=15.0.64, db_version=1708, csc=/} ]
05-07 16:44:11.659 19508 19552 V CpEventLog(u0): cp_state: ------------------------------------------------------------------------------
05-07 16:44:11.676 972 23421 I sensors-hal: handle_sns_client_event:44, ambient_light_event: ts=521057369271131, event=612.000000
05-07 16:44:11.778 972 23421 I sensors-hal: handle_sns_client_event:44, ambient_light_event: ts=521057469272434, event=612.000000
05-07 16:44:11.876 972 23421 I sensors-hal: handle_sns_client_event:44, ambient_light_event: ts=521057569273475, event=612.000000
05-07 16:44:11.976 972 23421 I sensors-hal: handle_sns_client_event:44, ambient_light_event: ts=521057669268319, event=612.000000
05-07 16:44:12.076 972 23421 I sensors-hal: handle_sns_client_event:44, ambient_light_event: ts=521057769267746, event=612.000000
05-07 16:44:12.176 972 23421 I sensors-hal: handle_sns_client_event:44, ambient_light_event: ts=521057869267225, event=612.000000
05-07 16:44:12.194 616 616 D io_stats: !@ Read_top(KB): .gms.persistent(13933) 712
05-07 16:44:12.276 972 23421 I sensors-hal: handle_sns_client_event:44, ambient_light_event: ts=521057969272173, event=612.000000
05-07 16:44:12.376 972 23421 I sensors-hal: handle_sns_client_event:44, ambient_light_event: ts=521058069268788, event=613.000000
05-07 16:44:12.475 972 23421 I sensors-hal: handle_sns_client_event:44, ambient_light_event: ts=521058169269569, event=611.000000
05-07 16:44:12.576 972 23421 I sensors-hal: handle_sns_client_event:44, ambient_light_event: ts=521058269273215, event=613.000000
05-07 16:44:12.676 972 23421 I sensors-hal: handle_sns_client_event:44, ambient_light_event: ts=521058369272694, event=611.000000
05-07 16:44:12.776 972 23421 I sensors-hal: handle_sns_client_event:44, ambient_light_event: ts=521058469272173, event=613.000000
05-07 16:44:12.876 972 23421 I sensors-hal: handle_sns_client_event:44, ambient_light_event: ts=521058569270611, event=612.000000
05-07 16:44:12.976 972 23421 I sensors-hal: handle_sns_client_event:44, ambient_light_event: ts=521058669269569, event=613.000000
05-07 16:44:13.075 972 23421 I sensors-hal: handle_sns_client_event:44, ambient_light_event: ts=521058769270350, event=613.000000
05-07 16:44:13.176 972 23421 I sensors-hal: handle_sns_client_event:44, ambient_light_event: ts=521058869268788, event=613.000000
05-07 16:44:13.276 972 23421 I sensors-hal: handle_sns_client_event:44, ambient_light_event: ts=521058969270350, event=612.000000
05-07 16:44:13.299 1349 1899 D SensorService: [SO] 0.264 0.096 9.787
05-07 16:44:13.376 972 23421 I sensors-hal: handle_sns_client_event:44, ambient_light_event: ts=521059069269309, event=613.000000
05-07 16:44:13.475 972 23421 I sensors-hal: handle_sns_client_event:44, ambient_light_event: ts=521059169269881, event=611.000000
05-07 16:44:13.551 1349 3196 D BatteryService: Sending ACTION_BATTERY_CHANGED: level:80, status:2, health:2, remain:4451, ac:false, usb:true, wireless:false, pogo:false, misc:0x0, charge_type:0, charger_type:0, voltage:4080, temperature:225, online:4, charging_status:0, cycle_count:0, current_avg:0, ps:false, hvc:false, capacity:280000, current_event:0x0, current_now:16000, mcc:500000, mcv:5000000, cc:4000000, present:true, scale:100, technology:Li-ion
05-07 16:44:13.555 1349 2110 I DeviceBatteryInfoService: action: android.intent.action.BATTERY_CHANGED
05-07 16:44:13.555 1349 2110 I DeviceBatteryInfoService: phone battery level: 80
05-07 16:44:13.555 1349 2110 I DeviceBatteryInfoService: phone battery status: 2
05-07 16:44:13.556 1349 1979 D MotionRecognitionService: [SAR] onReceive : ACTION_BATTERY_CHANGED, Plugged: 2
05-07 16:44:13.557 2145 2145 D SemBigDataInfoController: Intent: android.intent.action.BATTERY_CHANGED
05-07 16:44:13.558 2283 2283 I AODBatteryManager: updateBatteryData: ACTION_BATTERY_CHANGED
05-07 16:44:13.559 2283 2283 I AODBatteryManager: saveBatteryData : AOD BatteryData [mBatteryLevel=80, mBatteryStatus=CHARGING, mBatteryPlugType=USB, mBatteryPlugged=true, mRemainingChargeTime=4451000, mBatteryChargingType=1, mBatteryChargerType=NORMAL, mBatteryOnline=USB, mBatterySwellingMode=NONE, mBatteryProtectMode=false]
05-07 16:44:13.559 2283 2283 I ChargingInfoManager: updateChargingInfo: newState = AOD ChargingInfo [mState=BATTERY_AND_REMAIN_TIME, mIsCharging=true, mIsFullyCharged=false, mIsBatteryProtectMode=false], oldState = AOD ChargingInfo [mState=BATTERY_AND_REMAIN_TIME, mIsCharging=true, mIsFullyCharged=false, mIsBatteryProtectMode=false]
05-07 16:44:13.559 2283 2283 D SamsungBatteryMeterDrawable: onBatteryLevelChanged isSomethingChanged: false
05-07 16:44:13.560 2283 2283 D SamsungBatteryMeterDrawable: onBatteryLevelChanged isSomethingChanged: false
05-07 16:44:13.560 2283 2283 D SamsungBatteryMeterDrawable: onBatteryLevelChanged isSomethingChanged: false
05-07 16:44:13.560 2283 2283 I PowerUI : mBootCompleted = true | mFullyConnected = true
05-07 16:44:13.560 2283 2283 I PowerUI : BATTERY_HEALTH_CHECK extraHealth=2 mBatteryMiscEvent=0
05-07 16:44:13.560 2283 2283 W PowerUI : Plug reason
05-07 16:44:13.560 2283 2283 W PowerUI : Skip charging animation - by plug status
05-07 16:44:13.560 2283 2283 D PowerUI : priorPlugType = 2 mPlugType = 2 priorBatteryStatus = 2 mBatteryStatus = 2
05-07 16:44:13.560 2283 2283 W PowerUI : Plug reason
05-07 16:44:13.560 2283 2283 W PowerUI : Skip charging sound - by plug status
05-07 16:44:13.560 2283 7974 D SecPowerUI.Notification: dismissing low battery warning: level=80
05-07 16:44:13.560 2283 7974 D SecPowerUI.Notification: updateNotification mWarning=false mPlaySound=false
05-07 16:44:13.560 22942 22942 I [SCPMV2][SystemMonitorReceiver]: onReceive: android.intent.action.BATTERY_CHANGED
05-07 16:44:13.560 2283 2283 I PowerUI : oldMisalign : false, curMisalign : false
05-07 16:44:13.560 2283 7974 D SecPowerUI.Notification: SecBatteryStatsSnapshot{batteryLevel=80, currentBatteryMode=0, chargingTime=-1, chargingType=11, batteryHealth=2, automaticTestMode=false, isHiccupState=false}
05-07 16:44:13.561 2283 7974 D SecPowerUI.Notification: 1. restoreScreenTimeOut - saved_value : :
05-07 16:44:13.561 2283 7974 E SecPowerUI.Notification: no saved value, so we do nothing !!
05-07 16:44:13.561 2283 2283 D SecPowerUI.Notification: showChargingNotice oldChargingType : 11 / currentChargingType : 11, oldChargingTime : -1 / mChargingTime : 4451000
05-07 16:44:13.561 2283 2283 D SecPowerUI.Notification: showChargingNotification()
05-07 16:44:13.561 2283 2283 D SecPowerUI.Notification: SecBatteryStatsSnapshot{batteryLevel=80, currentBatteryMode=0, chargingTime=4451000, chargingType=11, batteryHealth=2, automaticTestMode=false, isHiccupState=false}
05-07 16:44:13.563 2283 2283 I NotificationManager: com.android.systemui: notify(2131363660, charging_state, Notification(channel=CHR shortcut=null contentView=null vibrate=null sound=null defaults=0x0 flags=0xa color=0xff5075a1 category=sys groupKey=CHARGING vis=PUBLIC semFlags=0x0 semPriority=0 semMissedCount=0)) as user
05-07 16:44:13.565 2283 2283 D PowerUI : Battery swelling mode - priorBatterySwellingMode = 0 mBatterySwellingMode = 0 mBatteryStatus = 2
05-07 16:44:13.565 2283 2283 I PowerUI : mBatteryMiscEvent = 0
05-07 16:44:13.565 2283 2283 D KeyguardUpdateMonitor: handleBatteryUpdate
05-07 16:44:13.567 2283 2283 D KeyguardSecIndicationController: addIndicationTimeout() returned - unlocking
05-07 16:44:13.567 2283 2283 D KeyguardSecIndicationController: addIndication() returned - unlocking
05-07 16:44:13.568 2283 2283 D KeyguardSecIndicationController: addBatteryAndOwnerInfoIndication() battery status = BatteryStatus{status=2,level=80,plugged=2,chargingStatus=0,maxChargingWattage=2500000,remaining=4451000ultraFastCharger=0}
05-07 16:44:13.575 972 23421 I sensors-hal: handle_sns_client_event:44, ambient_light_event: ts=521059269265871, event=613.000000
05-07 16:44:13.678 972 23421 I sensors-hal: handle_sns_client_event:44, ambient_light_event: ts=521059369265975, event=612.000000
05-07 16:44:13.775 2625 2625 I HoneySpace.NotificationListener: onNotificationPosted com.android.systemui: -1|com.android.systemui|2131363660|charging_state|10047: 0
05-07 16:44:13.775 2625 2625 I HoneySpace.NotificationListener: invalid notification: com.android.systemui UserHandle{-1}: canShowBadge is false
05-07 16:44:13.776 972 23421 I sensors-hal: handle_sns_client_event:44, ambient_light_event: ts=521059469267486, event=613.000000
05-07 16:44:13.788 2283 2283 I AODNotificationManager: updateNotification()
05-07 16:44:13.791 1144 1286 W ComposerExtn: DisplayExtnImpl::SetActiveConfig: HWC Display 0 is not registered!
05-07 16:44:13.806 997 1274 I SDM : HWDeviceDRM::UpdateMixerAttributes: Mixer WxH 1200x1920-0 for Peripheral
05-07 16:44:13.806 997 1274 I SDM : HWCDisplay::SubmitDisplayConfig: Active configuration changed to: 0
05-07 16:44:13.876 972 23421 I sensors-hal: handle_sns_client_event:44, ambient_light_event: ts=521059569268788, event=612.000000
05-07 16:44:13.976 972 23421 I sensors-hal: handle_sns_client_event:44, ambient_light_event: ts=521059669254152, event=613.000000
05-07 16:44:13.977 2283 2283 D BubblesManager: onEntryUpdated : shouldBubbleUp=false ,key=-1|com.android.systemui|2131363660|charging_state|10047
05-07 16:44:13.979 2283 2283 D InterruptionStateProvider: no Heads up : edgelighting enabled app. -1|com.android.systemui|2131363660|charging_state|10047
05-07 16:44:13.998 2283 2283 D FaceWidgetKeyguardNIOController: getDefaultPositionX
05-07 16:44:14.004 2283 2283 I AODNotificationManager: updateNotification()
05-07 16:44:14.019 2283 2283 D FaceWidgetKeyguardNIOController: getDefaultPositionX
05-07 16:44:14.030 2283 2283 D FaceWidgetKeyguardNIOController: getDefaultPositionX
05-07 16:44:14.032 2283 2283 I AODNotificationManager: updateNotification()
05-07 16:44:14.076 972 23421 I sensors-hal: handle_sns_client_event:44, ambient_light_event: ts=521059769261496, event=613.000000
05-07 16:44:14.176 972 23421 I sensors-hal: handle_sns_client_event:44, ambient_light_event: ts=521059869261131, event=613.000000
05-07 16:44:14.195 616 616 D io_stats: !@ 8,0 r 2656916 75614564 w 569858 20356576 d 88561 17081004 f 0 0 iot 1627988 0 th 0 0 0 pt 0 inp 0 0 78884.233
05-07 16:44:14.278 972 23421 I sensors-hal: handle_sns_client_event:44, ambient_light_event: ts=521059969273736, event=613.000000
05-07 16:44:14.284 1144 1286 W ComposerExtn: DisplayExtnImpl::SetActiveConfig: HWC Display 0 is not registered!
05-07 16:44:14.376 972 23421 I sensors-hal: handle_sns_client_event:44, ambient_light_event: ts=521060069266965, event=611.000000
05-07 16:44:14.476 972 23421 I sensors-hal: handle_sns_client_event:44, ambient_light_event: ts=521060169272954, event=612.000000
05-07 16:44:14.575 972 23421 I sensors-hal: handle_sns_client_event:44, ambient_light_event: ts=521060269267746, event=612.000000
05-07 16:44:14.676 972 23421 I sensors-hal: handle_sns_client_event:44, ambient_light_event: ts=521060369269309, event=612.000000
05-07 16:44:14.776 972 23421 I sensors-hal: handle_sns_client_event:44, ambient_light_event: ts=521060469271652, event=612.000000
05-07 16:44:14.877 972 23421 I sensors-hal: handle_sns_client_event:44, ambient_light_event: ts=521060569269361, event=612.000000
05-07 16:44:14.977 972 23421 I sensors-hal: handle_sns_client_event:44, ambient_light_event: ts=521060669270090, event=611.000000
05-07 16:44:15.077 972 23421 I sensors-hal: handle_sns_client_event:44, ambient_light_event: ts=521060769274829, event=613.000000
05-07 16:44:15.178 972 23421 I sensors-hal: handle_sns_client_event:44, ambient_light_event: ts=521060869270611, event=612.000000
05-07 16:44:15.276 972 23421 I sensors-hal: handle_sns_client_event:44, ambient_light_event: ts=521060969269829, event=614.000000
05-07 16:44:15.376 972 23421 I sensors-hal: handle_sns_client_event:44, ambient_light_event: ts=521061069273736, event=613.000000
05-07 16:44:15.476 972 23421 I sensors-hal: handle_sns_client_event:44, ambient_light_event: ts=521061169270871, event=613.000000
05-07 16:44:15.576 972 23421 I sensors-hal: handle_sns_client_event:44, ambient_light_event: ts=521061269272746, event=612.000000
05-07 16:44:15.677 972 23421 I sensors-hal: handle_sns_client_event:44, ambient_light_event: ts=521061369273215, event=614.000000
05-07 16:44:15.776 972 23421 I sensors-hal: handle_sns_client_event:44, ambient_light_event: ts=521061469269569, event=613.000000
05-07 16:44:15.876 972 23421 I sensors-hal: handle_sns_client_event:44, ambient_light_event: ts=521061569268788, event=613.000000
05-07 16:44:15.976 972 23421 I sensors-hal: handle_sns_client_event:44, ambient_light_event: ts=521061669269569, event=614.000000
05-07 16:44:16.076 972 23421 I sensors-hal: handle_sns_client_event:44, ambient_light_event: ts=521061769271652, event=611.000000
05-07 16:44:16.176 972 23421 I sensors-hal: handle_sns_client_event:44, ambient_light_event: ts=521061869269309, event=615.000000
05-07 16:44:16.197 616 616 D io_stats: !@ Write_top(KB): system_server(1349) 296 id.app.launcher(2625) 4
05-07 16:44:16.276 972 23421 I sensors-hal: handle_sns_client_event:44, ambient_light_event: ts=521061969269100, event=612.000000
05-07 16:44:16.376 972 23421 I sensors-hal: handle_sns_client_event:44, ambient_light_event: ts=521062069270350, event=614.000000
05-07 16:44:16.476 972 23421 I sensors-hal: handle_sns_client_event:44, ambient_light_event: ts=521062169265038, event=613.000000
05-07 16:44:16.576 972 23421 I sensors-hal: handle_sns_client_event:44, ambient_light_event: ts=521062269265819, event=612.000000
05-07 16:44:16.622 1349 3196 D BatteryService: Sending ACTION_BATTERY_CHANGED: level:80, status:2, health:2, remain:-1, ac:false, usb:true, wireless:false, pogo:false, misc:0x0, charge_type:0, charger_type:0, voltage:4080, temperature:225, online:4, charging_status:0, cycle_count:0, current_avg:0, ps:false, hvc:false, capacity:280000, current_event:0x0, current_now:-3000, mcc:500000, mcv:5000000, cc:4000000, present:true, scale:100, technology:Li-ion
05-07 16:44:16.626 1349 2110 I DeviceBatteryInfoService: action: android.intent.action.BATTERY_CHANGED
05-07 16:44:16.626 1349 2110 I DeviceBatteryInfoService: phone battery level: 80
05-07 16:44:16.626 1349 2110 I DeviceBatteryInfoService: phone battery status: 2
05-07 16:44:16.626 1349 1979 D MotionRecognitionService: [SAR] onReceive : ACTION_BATTERY_CHANGED, Plugged: 2
05-07 16:44:16.628 2145 2145 D SemBigDataInfoController: Intent: android.intent.action.BATTERY_CHANGED
05-07 16:44:16.628 2283 2283 I AODBatteryManager: updateBatteryData: ACTION_BATTERY_CHANGED
05-07 16:44:16.630 2283 2283 I AODBatteryManager: saveBatteryData : AOD BatteryData [mBatteryLevel=80, mBatteryStatus=CHARGING, mBatteryPlugType=USB, mBatteryPlugged=true, mRemainingChargeTime=-1, mBatteryChargingType=1, mBatteryChargerType=NORMAL, mBatteryOnline=USB, mBatterySwellingMode=NONE, mBatteryProtectMode=false]
05-07 16:44:16.630 2283 2283 I ChargingInfoManager: updateChargingInfo: newState = AOD ChargingInfo [mState=BATTERY_AND_REMAIN_TIME, mIsCharging=true, mIsFullyCharged=false, mIsBatteryProtectMode=false], oldState = AOD ChargingInfo [mState=BATTERY_AND_REMAIN_TIME, mIsCharging=true, mIsFullyCharged=false, mIsBatteryProtectMode=false]
05-07 16:44:16.630 2283 2283 D SamsungBatteryMeterDrawable: onBatteryLevelChanged isSomethingChanged: false
05-07 16:44:16.630 2283 2283 D SamsungBatteryMeterDrawable: onBatteryLevelChanged isSomethingChanged: false
05-07 16:44:16.630 2283 2283 D SamsungBatteryMeterDrawable: onBatteryLevelChanged isSomethingChanged: false
05-07 16:44:16.631 2283 2283 I PowerUI : mBootCompleted = true | mFullyConnected = true
05-07 16:44:16.631 2283 2283 I PowerUI : BATTERY_HEALTH_CHECK extraHealth=2 mBatteryMiscEvent=0
05-07 16:44:16.631 2283 2283 W PowerUI : Plug reason
05-07 16:44:16.631 2283 2283 W PowerUI : Skip charging animation - by plug status
05-07 16:44:16.631 2283 2283 D PowerUI : priorPlugType = 2 mPlugType = 2 priorBatteryStatus = 2 mBatteryStatus = 2
05-07 16:44:16.631 2283 2283 W PowerUI : Plug reason
05-07 16:44:16.631 2283 2283 W PowerUI : Skip charging sound - by plug status
05-07 16:44:16.631 2283 2283 I PowerUI : oldMisalign : false, curMisalign : false
05-07 16:44:16.631 22942 22942 I [SCPMV2][SystemMonitorReceiver]: onReceive: android.intent.action.BATTERY_CHANGED
05-07 16:44:16.631 2283 9753 D SecPowerUI.Notification: dismissing low battery warning: level=80
05-07 16:44:16.631 2283 9753 D SecPowerUI.Notification: updateNotification mWarning=false mPlaySound=false
05-07 16:44:16.631 2283 9753 D SecPowerUI.Notification: SecBatteryStatsSnapshot{batteryLevel=80, currentBatteryMode=0, chargingTime=4451000, chargingType=11, batteryHealth=2, automaticTestMode=false, isHiccupState=false}
05-07 16:44:16.632 2283 2283 D SecPowerUI.Notification: showChargingNotice oldChargingType : 11 / currentChargingType : 11, oldChargingTime : 4451000 / mChargingTime : -1
05-07 16:44:16.632 2283 2283 D SecPowerUI.Notification: showChargingNotification()
05-07 16:44:16.632 2283 2283 D SecPowerUI.Notification: SecBatteryStatsSnapshot{batteryLevel=80, currentBatteryMode=0, chargingTime=-1, chargingType=11, batteryHealth=2, automaticTestMode=false, isHiccupState=false}
05-07 16:44:16.632 2283 9753 D SecPowerUI.Notification: 1. restoreScreenTimeOut - saved_value : :
05-07 16:44:16.632 2283 9753 E SecPowerUI.Notification: no saved value, so we do nothing !!
05-07 16:44:16.633 2283 2283 I NotificationManager: com.android.systemui: notify(2131363660, charging_state, Notification(channel=CHR shortcut=null contentView=null vibrate=null sound=null defaults=0x0 flags=0xa color=0xff5075a1 category=sys groupKey=CHARGING vis=PUBLIC semFlags=0x0 semPriority=0 semMissedCount=0)) as user
05-07 16:44:16.635 2283 2283 D PowerUI : Battery swelling mode - priorBatterySwellingMode = 0 mBatterySwellingMode = 0 mBatteryStatus = 2
05-07 16:44:16.635 2283 2283 I PowerUI : mBatteryMiscEvent = 0
05-07 16:44:16.635 2283 2283 D KeyguardUpdateMonitor: handleBatteryUpdate
05-07 16:44:16.676 972 23421 I sensors-hal: handle_sns_client_event:44, ambient_light_event: ts=521062369270923, event=613.000000
05-07 16:44:16.777 972 23421 I sensors-hal: handle_sns_client_event:44, ambient_light_event: ts=521062469270923, event=613.000000
05-07 16:44:16.844 2625 2625 I HoneySpace.NotificationListener: onNotificationPosted com.android.systemui: -1|com.android.systemui|2131363660|charging_state|10047: 0
05-07 16:44:16.844 2625 2625 I HoneySpace.NotificationListener: invalid notification: com.android.systemui UserHandle{-1}: canShowBadge is false
05-07 16:44:16.850 2283 2283 I AODNotificationManager: updateNotification()
05-07 16:44:16.853 1144 1286 W ComposerExtn: DisplayExtnImpl::SetActiveConfig: HWC Display 0 is not registered!
05-07 16:44:16.868 997 1274 I SDM : HWDeviceDRM::UpdateMixerAttributes: Mixer WxH 1200x1920-0 for Peripheral
05-07 16:44:16.869 997 1274 I SDM : HWCDisplay::SubmitDisplayConfig: Active configuration changed to: 0
05-07 16:44:16.876 972 23421 I sensors-hal: handle_sns_client_event:44, ambient_light_event: ts=521062569263736, event=614.000000
05-07 16:44:16.976 972 23421 I sensors-hal: handle_sns_client_event:44, ambient_light_event: ts=521062669269829, event=614.000000
05-07 16:44:17.045 2283 2283 D BubblesManager: onEntryUpdated : shouldBubbleUp=false ,key=-1|com.android.systemui|2131363660|charging_state|10047
05-07 16:44:17.046 2283 2283 D InterruptionStateProvider: no Heads up : edgelighting enabled app. -1|com.android.systemui|2131363660|charging_state|10047
05-07 16:44:17.061 2283 2283 D FaceWidgetKeyguardNIOController: getDefaultPositionX
05-07 16:44:17.067 2283 2283 I AODNotificationManager: updateNotification()
05-07 16:44:17.077 972 23421 I sensors-hal: handle_sns_client_event:44, ambient_light_event: ts=521062769265246, event=613.000000
05-07 16:44:17.092 2283 2283 D FaceWidgetKeyguardNIOController: getDefaultPositionX
05-07 16:44:17.113 2283 2283 D FaceWidgetKeyguardNIOController: getDefaultPositionX
05-07 16:44:17.116 2283 2283 I AODNotificationManager: updateNotification()
05-07 16:44:17.175 972 23421 I sensors-hal: handle_sns_client_event:44, ambient_light_event: ts=521062869271913, event=611.000000
05-07 16:44:17.277 972 23421 I sensors-hal: handle_sns_client_event:44, ambient_light_event: ts=521062969270090, event=614.000000
05-07 16:44:17.368 1144 1286 W ComposerExtn: DisplayExtnImpl::SetActiveConfig: HWC Display 0 is not registered!
05-07 16:44:17.376 972 23421 I sensors-hal: handle_sns_client_event:44, ambient_light_event: ts=521063069270090, event=612.000000
05-07 16:44:17.477 972 23421 I sensors-hal: handle_sns_client_event:44, ambient_light_event: ts=521063169269621, event=614.000000
05-07 16:44:17.579 972 23421 I sensors-hal: handle_sns_client_event:44, ambient_light_event: ts=521063269274517, event=612.000000
05-07 16:44:17.676 972 23421 I sensors-hal: handle_sns_client_event:44, ambient_light_event: ts=521063369275559, event=615.000000
05-07 16:44:17.776 972 23421 I sensors-hal: handle_sns_client_event:44, ambient_light_event: ts=521063469270142, event=612.000000
05-07 16:44:17.875 972 23421 I sensors-hal: handle_sns_client_event:44, ambient_light_event: ts=521063569271131, event=614.000000
05-07 16:44:17.976 972 23421 I sensors-hal: handle_sns_client_event:44, ambient_light_event: ts=521063669275038, event=614.000000
05-07 16:44:18.077 972 23421 I sensors-hal: handle_sns_client_event:44, ambient_light_event: ts=521063769270559, event=613.000000
05-07 16:44:18.176 972 23421 I sensors-hal: handle_sns_client_event:44, ambient_light_event: ts=521063869270350, event=613.000000
05-07 16:44:18.198 616 616 D io_stats: !@ 8,0 r 2656916 75614564 w 569859 20356592 d 88561 17081004 f 0 0 iot 1627996 0 th 0 0 0 pt 0 inp 0 0 78888.236
05-07 16:44:18.276 972 23421 I sensors-hal: handle_sns_client_event:44, ambient_light_event: ts=521063969270871, event=614.000000
05-07 16:44:18.376 972 23421 I sensors-hal: handle_sns_client_event:44, ambient_light_event: ts=521064069267277, event=613.000000
05-07 16:44:18.476 972 23421 I sensors-hal: handle_sns_client_event:44, ambient_light_event: ts=521064169270090, event=614.000000
05-07 16:44:18.575 972 23421 I sensors-hal: handle_sns_client_event:44, ambient_light_event: ts=521064269272173, event=614.000000
05-07 16:44:18.678 972 23421 I sensors-hal: handle_sns_client_event:44, ambient_light_event: ts=521064369274517, event=614.000000
05-07 16:44:18.777 972 23421 I sensors-hal: handle_sns_client_event:44, ambient_light_event: ts=521064469270350, event=613.000000
05-07 16:44:18.876 972 23421 I sensors-hal: handle_sns_client_event:44, ambient_light_event: ts=521064569271652, event=614.000000
05-07 16:44:18.976 972 23421 I sensors-hal: handle_sns_client_event:44, ambient_light_event: ts=521064669270402, event=613.000000
05-07 16:44:19.076 972 23421 I sensors-hal: handle_sns_client_event:44, ambient_light_event: ts=521064769269309, event=614.000000
05-07 16:44:19.176 972 23421 I sensors-hal: handle_sns_client_event:44, ambient_light_event: ts=521064869271184, event=613.000000
05-07 16:44:19.275 972 23421 I sensors-hal: handle_sns_client_event:44, ambient_light_event: ts=521064969268527, event=614.000000
05-07 16:44:19.375 972 23421 I sensors-hal: handle_sns_client_event:44, ambient_light_event: ts=521065069264361, event=614.000000
05-07 16:44:19.380 2283 2502 D Tile.DeviceControlTile: handleUpdateState
05-07 16:44:19.380 2283 2502 D Tile.DeviceControlTile: handleUpdateState hasControlsApps is false
05-07 16:44:19.381 2283 2502 D SBluetoothTile: handleUpdateState enabled = true connected = false connecting = false changedState =false bluetoothState = 12 enabledChanging = false state = QSTile$BooleanState[spec=Bluetooth,icon=ResourceIcon[resId=0x7f080dce],iconSupplier=null,label=Bluetooth,secondaryLabel=,contentDescription=Bluetooth,On,stateDescription=null,dualLabelContentDescription=null,expandedAccessibilityClassName=null,disabledByPolicy=false,dualTarget=true,isTransient=false,state=2,slash="null",sideViewCustomDrawable=null,tileClassName=null,value=true,forceExpandIcon=false]
05-07 16:44:19.476 972 23421 I sensors-hal: handle_sns_client_event:44, ambient_light_event: ts=521065169264777, event=613.000000
05-07 16:44:19.576 972 23421 I sensors-hal: handle_sns_client_event:44, ambient_light_event: ts=521065269265038, event=613.000000
05-07 16:44:19.675 972 23421 I sensors-hal: handle_sns_client_event:44, ambient_light_event: ts=521065369262590, event=615.000000
05-07 16:44:19.698 1349 3196 D BatteryService: Sending ACTION_BATTERY_CHANGED: level:80, status:2, health:2, remain:4451, ac:false, usb:true, wireless:false, pogo:false, misc:0x0, charge_type:0, charger_type:0, voltage:4079, temperature:225, online:4, charging_status:0, cycle_count:0, current_avg:0, ps:false, hvc:false, capacity:280000, current_event:0x0, current_now:24000, mcc:500000, mcv:5000000, cc:4000000, present:true, scale:100, technology:Li-ion
05-07 16:44:19.700 1349 2110 I DeviceBatteryInfoService: action: android.intent.action.BATTERY_CHANGED
05-07 16:44:19.700 1349 2110 I DeviceBatteryInfoService: phone battery level: 80
05-07 16:44:19.700 1349 2110 I DeviceBatteryInfoService: phone battery status: 2
05-07 16:44:19.702 2145 2145 D SemBigDataInfoController: Intent: android.intent.action.BATTERY_CHANGED
05-07 16:44:19.703 2283 2283 I AODBatteryManager: updateBatteryData: ACTION_BATTERY_CHANGED
05-07 16:44:19.703 1349 1979 D MotionRecognitionService: [SAR] onReceive : ACTION_BATTERY_CHANGED, Plugged: 2
05-07 16:44:19.704 2283 2283 I AODBatteryManager: saveBatteryData : AOD BatteryData [mBatteryLevel=80, mBatteryStatus=CHARGING, mBatteryPlugType=USB, mBatteryPlugged=true, mRemainingChargeTime=4451000, mBatteryChargingType=1, mBatteryChargerType=NORMAL, mBatteryOnline=USB, mBatterySwellingMode=NONE, mBatteryProtectMode=false]
05-07 16:44:19.704 2283 2283 I ChargingInfoManager: updateChargingInfo: newState = AOD ChargingInfo [mState=BATTERY_AND_REMAIN_TIME, mIsCharging=true, mIsFullyCharged=false, mIsBatteryProtectMode=false], oldState = AOD ChargingInfo [mState=BATTERY_AND_REMAIN_TIME, mIsCharging=true, mIsFullyCharged=false, mIsBatteryProtectMode=false]
05-07 16:44:19.704 2283 2283 D SamsungBatteryMeterDrawable: onBatteryLevelChanged isSomethingChanged: false
05-07 16:44:19.705 2283 2283 D SamsungBatteryMeterDrawable: onBatteryLevelChanged isSomethingChanged: false
05-07 16:44:19.705 22942 22942 I [SCPMV2][SystemMonitorReceiver]: onReceive: android.intent.action.BATTERY_CHANGED
05-07 16:44:19.705 2283 2283 D SamsungBatteryMeterDrawable: onBatteryLevelChanged isSomethingChanged: false
05-07 16:44:19.705 2283 2283 I PowerUI : mBootCompleted = true | mFullyConnected = true
05-07 16:44:19.705 2283 2283 I PowerUI : BATTERY_HEALTH_CHECK extraHealth=2 mBatteryMiscEvent=0
05-07 16:44:19.706 2283 2283 W PowerUI : Plug reason
05-07 16:44:19.706 2283 2283 W PowerUI : Skip charging animation - by plug status
05-07 16:44:19.706 2283 2283 D PowerUI : priorPlugType = 2 mPlugType = 2 priorBatteryStatus = 2 mBatteryStatus = 2
05-07 16:44:19.706 2283 2283 W PowerUI : Plug reason
05-07 16:44:19.706 2283 2283 W PowerUI : Skip charging sound - by plug status
05-07 16:44:19.706 2283 9917 D SecPowerUI.Notification: dismissing low battery warning: level=80
05-07 16:44:19.706 2283 2283 I PowerUI : oldMisalign : false, curMisalign : false
05-07 16:44:19.706 2283 9917 D SecPowerUI.Notification: updateNotification mWarning=false mPlaySound=false
05-07 16:44:19.706 2283 9917 D SecPowerUI.Notification: SecBatteryStatsSnapshot{batteryLevel=80, currentBatteryMode=0, chargingTime=-1, chargingType=11, batteryHealth=2, automaticTestMode=false, isHiccupState=false}
05-07 16:44:19.706 2283 9917 D SecPowerUI.Notification: 1. restoreScreenTimeOut - saved_value : :
05-07 16:44:19.706 2283 9917 E SecPowerUI.Notification: no saved value, so we do nothing !!
05-07 16:44:19.706 2283 2283 D SecPowerUI.Notification: showChargingNotice oldChargingType : 11 / currentChargingType : 11, oldChargingTime : -1 / mChargingTime : 4451000
05-07 16:44:19.706 2283 2283 D SecPowerUI.Notification: showChargingNotification()
05-07 16:44:19.707 2283 2283 D SecPowerUI.Notification: SecBatteryStatsSnapshot{batteryLevel=80, currentBatteryMode=0, chargingTime=4451000, chargingType=11, batteryHealth=2, automaticTestMode=false, isHiccupState=false}
05-07 16:44:19.708 2283 2283 I NotificationManager: com.android.systemui: notify(2131363660, charging_state, Notification(channel=CHR shortcut=null contentView=null vibrate=null sound=null defaults=0x0 flags=0xa color=0xff5075a1 category=sys groupKey=CHARGING vis=PUBLIC semFlags=0x0 semPriority=0 semMissedCount=0)) as user
05-07 16:44:19.711 2283 2283 D PowerUI : Battery swelling mode - priorBatterySwellingMode = 0 mBatterySwellingMode = 0 mBatteryStatus = 2
05-07 16:44:19.711 2283 2283 I PowerUI : mBatteryMiscEvent = 0
05-07 16:44:19.711 2283 2283 D KeyguardUpdateMonitor: handleBatteryUpdate
05-07 16:44:19.713 2283 2283 D KeyguardSecIndicationController: addIndicationTimeout() returned - unlocking
05-07 16:44:19.713 2283 2283 D KeyguardSecIndicationController: addIndication() returned - unlocking
05-07 16:44:19.714 2283 2283 D KeyguardSecIndicationController: addBatteryAndOwnerInfoIndication() battery status = BatteryStatus{status=2,level=80,plugged=2,chargingStatus=0,maxChargingWattage=2500000,remaining=4451000ultraFastCharger=0}
05-07 16:44:19.777 972 23421 I sensors-hal: handle_sns_client_event:44, ambient_light_event: ts=521065469267798, event=617.000000
05-07 16:44:19.876 972 23421 I sensors-hal: handle_sns_client_event:44, ambient_light_event: ts=521065569270090, event=618.000000
