05-07 16:44:44.359 1144 1144 D SurfaceFlinger: CLIENT | 0xb400006fbcf8b570 | 0100 | RGBA_8888 | 0.0 0.0 1200.0 72.0 | 0 1848 1200 1920 | TaskbarWindow$_2625#544
05-07 16:44:44.359 1144 1144 D SurfaceFlinger: CLIENT | 0xb400006fbcf8aa10 | 0100 | RGBA_8888 | 0.0 0.0 1200.0 1920.0 | 0 0 1200 1920 | PointerLocation - display 0#3661
05-07 16:44:44.359 1144 1144 D SurfaceFlinger: CLIENT | 0xb40
05-07 16:44:44.359 1144 1144 D SurfaceFlinger: 0006fa3c73150 | 0100 | RGBA_8888 | 0.0 0.0 36.0 36.0 | 258 810 294 846 | bbq-wrapper#3663
05-07 16:44:44.359 1144 1144 D SurfaceFlinger: CLIENT | 0xb400006fbcf8ad90 | 0100 | RGBA_8888 | 0.0 0.0 36.0 36.0 | 185 1173 221 1209 | bbq-wrapper#4514
05-07 16:44:44.359 1144 1144 D SurfaceFlinger:
05-07 16:44:44.361 1009 25255 I QC2C2DEngine: calcYSize: unsupported or RGB color format, RGBA8888(1)
05-07 16:44:44.371 1349 1944 D InputReader: Btn_touch(9): value=0 when=78914.409704
05-07 16:44:44.371 1349 1944 I InputReader: Touch event's action is 0x1 (id=2, t=0) [pCnt=1, s=] when=78914.409704
05-07 16:44:44.371 1349 1943 I InputDispatcher: Delivering touch to (25153): action: 0x1, f=0x0, d=0, 'e637420', t=1
05-07 16:44:44.373 25153 25153 I ViewRootImpl@f9c5125[QtActivity]: ViewPostIme pointer 1
05-07 16:44:44.375 972 23421 I sensors-hal: handle_sns_client_event:44, ambient_light_event: ts=521090069269755, event=608.000000
05-07 16:44:44.383 1009 25255 I QC2C2DEngine: calcYSize: unsupported or RGB color format, RGBA8888(1)
05-07 16:44:44.384 1349 1349 I SemDvfsHyPerManager: acquire hyper - GESTURE_DETECTED_HRR/1349@17, type = -999
05-07 16:44:44.385 1349 1349 I SemDvfsHyPerManager: acquire hyper - GESTURE_DETECTED_HRR/1349@17, type = -999
05-07 16:44:44.385 1349 1349 I SemDvfsHyPerManager: acquire hyper - SMOOTH_SCROLL/1349@8, type = -999
05-07 16:44:44.385 975 1107 I HYPER-HAL: [RequestManager.cpp]releaseLocked(): Released ID : 911926
05-07 16:44:44.385 975 1107 I HYPER-HAL: [RequestManager.cpp]acquire(): Acquired ID : 933678 [1349 / 17] HINT : GESTURE_DETECTED_HRR list : [TIMEOUT / 1663]
05-07 16:44:44.385 975 1107 I HYPER-HAL: [ResourceManager.cpp]updateResource(): [CPULittleMinFreq] UpdateResource Request ID : 933678 Value : 1113600
05-07 16:44:44.385 975 1107 I HYPER-HAL: [ResourceManager.cpp]updateResource(): [CPUMinFreq] UpdateResource Request ID : 933678 Value : 1401600
05-07 16:44:44.386 975 1107 I HYPER-HAL: [RequestManager.cpp]acquire(): Acquired ID : 933678 [1349 / 17] HINT : GESTURE_DETECTED_HRR list : [TIMEOUT / 1663]
05-07 16:44:44.386 975 1107 I HYPER-HAL: [ResourceManager.cpp]updateResource(): [CPULittleMinFreq] UpdateResource Request ID : 933678 Value : 1113600
05-07 16:44:44.386 975 1107 I HYPER-HAL: [ResourceManager.cpp]updateResource(): [CPUMinFreq] UpdateResource Request ID : 933678 Value : 1401600
05-07 16:44:44.386 975 1107 I HYPER-HAL: [RequestManager.cpp]acquire(): Acquired ID : 921411 [1349 / 8] HINT : SMOOTH_SCROLL list :
05-07 16:44:44.386 975 1107 I HYPER-HAL: [ResourceManager.cpp]updateResource(): [CPUMinFreq] UpdateResource Request ID : 921411 Value : 1228800
05-07 16:44:44.387 975 1107 I HYPER-HAL: [ResourceManager.cpp]removeResource(): [CPUMinFreq] RemoveResource Request ID : 921411
05-07 16:44:44.387 975 1107 I HYPER-HAL: [RequestManager.cpp]releaseLocked(): Released ID : 921411
05-07 16:44:44.402 1009 25255 I QC2C2DEngine: calcYSize: unsupported or RGB color format, RGBA8888(1)
05-07 16:44:44.425 1144 1144 I Layer : Layer [Sprite#4513] hidden!! flag(1)
05-07 16:44:44.429 1009 25255 I QC2C2DEngine: calcYSize: unsupported or RGB color format, RGBA8888(1)
05-07 16:44:44.444 1144 1144 D SurfaceFlinger: Display 4630946835308409729 HWC layers:
05-07 16:44:44.444 1144 1144 D SurfaceFlinger: CLIENT | 0xb400006fbcf8d6b0 | 0500 | RGBA_8888 | 0.0 0.0 1200.0 1812.0 | 0 36 1200 1848 | SurfaceView[org.qtproject.example.he[...]d.bindings.QtActivity]@0(BLAST)#4507
05-07 16:44:44.444 1144 1144 D SurfaceFlinger: CLIENT | 0xb400006fbcf8b6c0 | 0100 | RGBA_8888 | 0.0 0.0 1200.0 1920.0 | 0 0 1200 1920 | org.qtproject.example.hellogles3/org[...]roid.bindings.QtActivity$_25153#4377
05-07 16:44:44.444 1144 1144 D SurfaceFlinger: CLIENT | 0xb400006fb0fb6440 | 0100 | RGBA_8888 | 0.0 0.0 1200.0 36.0 | 0 0 1200 36 | StatusBar$_2283#84
05-07 16:44:44.444 1144 1144 D SurfaceFlinger: CLIENT | 0xb400006fbcf8b3b0 | 0100 | RGBA_8888 | 0.0 0.0 67.0 207.0 | 1133 432 1200 639 | com.sec.android.app.launcher/com.sam[...]e.edge.CocktailBarService$_2625#4278
05-07 16:44:44.444 1144 1144 D SurfaceFlinger: CLIENT | 0xb400006fbcf8b570 | 0100 | RGBA_8888 | 0.0 0.0 1200.0 72.0 | 0 1848 1200 1920 | TaskbarWindow$_2625#544
05-07 16:44:44.444 1144 1144 D SurfaceFlinger: CLIENT | 0xb400006fbcf8aa10 | 0100 | RGBA_8888 | 0.0 0.0 1200.0 1920.0 | 0 0 1200 1920 | PointerLocation - display 0#3661
05-07 16:44:44.444 1144 1144 D SurfaceFlinger: CLIENT | 0xb40
05-07 16:44:44.444 1144 1144 D SurfaceFlinger: 0006fa3c73150 | 0100 | RGBA_8888 | 0.0 0.0 36.0 36.0 | 277 761 313 797 | bbq-wrapper#3663
05-07 16:44:44.444 1144 1144 D SurfaceFlinger:
05-07 16:44:44.450 1009 25255 I QC2C2DEngine: calcYSize: unsupported or RGB color format, RGBA8888(1)
05-07 16:44:44.470 1009 25255 I QC2C2DEngine: calcYSize: unsupported or RGB color format, RGBA8888(1)
05-07 16:44:44.472 1349 1944 D InputReader: Btn_touch(9): value=1 when=78914.510856
05-07 16:44:44.472 1349 1944 I InputReader: Touch event's action is 0x0 (id=2, t=0) [pCnt=1, s=0.476 ] when=78914.510856
05-07 16:44:44.474 1349 1943 I InputDispatcher: Delivering touch to (2625): action: 0x4, f=0x0, d=0, 'ede8149', t=1
05-07 16:44:44.474 1349 1943 I InputDispatcher: Delivering touch to (25153): action: 0x0, f=0x0, d=0, 'e637420', t=1
05-07 16:44:44.474 1349 1720 I GestureDetector: obtain mCurrentDownEvent. id: 331601856 caller: com.android.server.wm.SystemGesturesPointerEventListener.onPointerEvent:204 com.android.server.wm.PointerEventDispatcher.onInputEvent:53 android.view.InputEventReceiver.dispatchInputEvent:296
05-07 16:44:44.474 25153 25153 I ViewRootImpl@f9c5125[QtActivity]: ViewPostIme pointer 0
05-07 16:44:44.474 1349 1720 I GestureDetector: obtain mCurrentDownEvent. id: 331601856 caller: com.android.server.wm.SystemPerformancePointerEventListener.onPointerEvent:89 com.android.server.wm.PointerEventDispatcher.onInputEvent:53 android.view.InputEventReceiver.dispatchInputEvent:296
05-07 16:44:44.475 972 23421 I sensors-hal: handle_sns_client_event:44, ambient_light_event: ts=521090169267932, event=605.000000
05-07 16:44:44.476 25153 25153 I GestureDetector: obtain mCurrentDownEvent. id: 331601856 caller: org.qtproject.qt.android.QtWindow.onTouchEvent:74 org.qtproject.qt.android.QtLayout.onTouchEvent:53 android.view.View.dispatchTouchEvent:16212
05-07 16:44:44.487 1144 1144 I Layer : Layer [Sprite#4513] hidden!! flag(0)
05-07 16:44:44.494 1349 1720 I GestureDetector: obtain mCurrentMotionEventRaw. action: 2 id: 1066658216
05-07 16:44:44.494 1349 1720 I GestureDetector: obtain mCurrentMotionEventRaw. action: 2 id: 1066658216
05-07 16:44:44.496 1009 25255 I QC2C2DEngine: calcYSize: unsupported or RGB color format, RGBA8888(1)
05-07 16:44:44.501 25153 25153 I GestureDetector: obtain mCurrentMotionEventRaw. action: 2 id: 1066658216
05-07 16:44:44.506 1144 1144 D SurfaceFlinger: Display 4630946835308409729 HWC layers:
05-07 16:44:44.506 1144 1144 D SurfaceFlinger: CLIENT | 0xb400006fbcf8d640 | 0500 | RGBA_8888 | 0.0 0.0 1200.0 1812.0 | 0 36 1200 1848 | SurfaceView[org.qtproject.example.he[...]d.bindings.QtActivity]@0(BLAST)#4507
05-07 16:44:44.506 1144 1144 D SurfaceFlinger: CLIENT | 0xb400006fbcf8b6c0 | 0100 | RGBA_8888 | 0.0 0.0 1200.0 1920.0 | 0 0 1200 1920 | org.qtproject.example.hellogles3/org[...]roid.bindings.QtActivity$_25153#4377
05-07 16:44:44.506 1144 1144 D SurfaceFlinger: CLIENT | 0xb400006fb0fb6440 | 0100 | RGBA_8888 | 0.0 0.0 1200.0 36.0 | 0 0 1200 36 | StatusBar$_2283#84
05-07 16:44:44.506 1144 1144 D SurfaceFlinger: CLIENT | 0xb400006fbcf8b3b0 | 0100 | RGBA_8888 | 0.0 0.0 67.0 207.0 | 1133 432 1200 639 | com.sec.android.app.launcher/com.sam[...]e.edge.CocktailBarService$_2625#4278
05-07 16:44:44.506 1144 1144 D SurfaceFlinger: CLIENT | 0xb400006fbcf8b570 | 0100 | RGBA_8888 | 0.0 0.0 1200.0 72.0 | 0 1848 1200 1920 | TaskbarWindow$_2625#544
05-07 16:44:44.506 1144 1144 D SurfaceFlinger: CLIENT | 0xb400006fbcf8abd0 | 0100 | RGBA_8888 | 0.0 0.0 1200.0 1920.0 | 0 0 1200 1920 | PointerLocation - display 0#3661
05-07 16:44:44.506 1144 1144 D SurfaceFlinger: CLIENT | 0xb40
05-07 16:44:44.506 1144 1144 D SurfaceFlinger: 0006fa3c73150 | 0100 | RGBA_8888 | 0.0 0.0 36.0 36.0 | 277 761 313 797 | bbq-wrapper#3663
05-07 16:44:44.506 1144 1144 D SurfaceFlinger: CLIENT | 0xb400006fa3c769c0 | 0100 | RGBA_8888 | 0.0 0.0 36.0 36.0 | 488 478 524 514 | bbq-wrapper#4514
05-07 16:44:44.506 1144 1144 D SurfaceFlinger:
05-07 16:44:44.512 1349 1349 I SemDvfsHyPerManager: acquire hyper - WM_SCROLL_DETECTED/1349@1, type = 268443651
05-07 16:44:44.513 1009 25255 I QC2C2DEngine: calcYSize: unsupported or RGB color format, RGBA8888(1)
05-07 16:44:44.513 975 1107 I HYPER-HAL: [RequestManager.cpp]acquire(): Acquired ID : 911926 [1349 / 1] HINT : list : [CoreNumBigMin / 2]
05-07 16:44:44.537 1009 25255 I QC2C2DEngine: calcYSize: unsupported or RGB color format, RGBA8888(1)
05-07 16:44:44.538 1349 1944 D InputReader: Btn_touch(9): value=0 when=78914.576789
05-07 16:44:44.538 1349 1944 I InputReader: Touch event's action is 0x1 (id=2, t=0) [pCnt=1, s=] when=78914.576789
05-07 16:44:44.539 1349 1943 I InputDispatcher: Delivering touch to (25153): action: 0x1, f=0x0, d=0, 'e637420', t=1
05-07 16:44:44.540 25153 25153 I ViewRootImpl@f9c5125[QtActivity]: ViewPostIme pointer 1
05-07 16:44:44.542 1349 1349 I SemDvfsHyPerManager: acquire hyper - GESTURE_DETECTED_HRR/1349@17, type = -999
05-07 16:44:44.542 1349 1349 I SemDvfsHyPerManager: acquire hyper - SMOOTH_SCROLL/1349@8, type = -999
05-07 16:44:44.542 1349 1349 I SemDvfsHyPerManager: acquire hyper - GESTURE_DETECTED_HRR/1349@17, type = -999
05-07 16:44:44.543 975 1107 I HYPER-HAL: [RequestManager.cpp]releaseLocked(): Released ID : 911926
05-07 16:44:44.543 975 1107 I HYPER-HAL: [RequestManager.cpp]acquire(): Acquired ID : 933678 [1349 / 17] HINT : GESTURE_DETECTED_HRR list : [TIMEOUT / 1690]
05-07 16:44:44.543 975 1107 I HYPER-HAL: [ResourceManager.cpp]updateResource(): [CPULittleMinFreq] UpdateResource Request ID : 933678 Value : 1113600
05-07 16:44:44.543 975 1107 I HYPER-HAL: [ResourceManager.cpp]updateResource(): [CPUMinFreq] UpdateResource Request ID : 933678 Value : 1401600
05-07 16:44:44.543 975 1107 I HYPER-HAL: [RequestManager.cpp]acquire(): Acquired ID : 921411 [1349 / 8] HINT : SMOOTH_SCROLL list :
05-07 16:44:44.543 975 1107 I HYPER-HAL: [ResourceManager.cpp]updateResource(): [CPUMinFreq] UpdateResource Request ID : 921411 Value : 1228800
05-07 16:44:44.544 975 1107 I HYPER-HAL: [ResourceManager.cpp]removeResource(): [CPUMinFreq] RemoveResource Request ID : 921411
05-07 16:44:44.544 975 1107 I HYPER-HAL: [RequestManager.cpp]releaseLocked(): Released ID : 921411
05-07 16:44:44.544 975 1107 I HYPER-HAL: [RequestManager.cpp]acquire(): Acquired ID : 933678 [1349 / 17] HINT : GESTURE_DETECTED_HRR list : [TIMEOUT / 1690]
05-07 16:44:44.544 975 1107 I HYPER-HAL: [ResourceManager.cpp]updateResource(): [CPULittleMinFreq] UpdateResource Request ID : 933678 Value : 1113600
05-07 16:44:44.544 975 1107 I HYPER-HAL: [ResourceManager.cpp]updateResource(): [CPUMinFreq] UpdateResource Request ID : 933678 Value : 1401600
05-07 16:44:44.556 1009 25255 I QC2C2DEngine: calcYSize: unsupported or RGB color format, RGBA8888(1)
05-07 16:44:44.575 972 23421 I sensors-hal: handle_sns_client_event:44, ambient_light_event: ts=521090269268453, event=600.000000
05-07 16:44:44.576 1009 25255 I QC2C2DEngine: calcYSize: unsupported or RGB color format, RGBA8888(1)
05-07 16:44:44.584 1144 1144 I Layer : Layer [Sprite#3662] hidden!! flag(1)
05-07 16:44:44.602 1144 1144 D SurfaceFlinger: Display 4630946835308409729 HWC layers:
05-07 16:44:44.602 1144 1144 D SurfaceFlinger: CLIENT | 0xb400006fbcf8d640 | 0500 | RGBA_8888 | 0.0 0.0 1200.0 1812.0 | 0 36 1200 1848 | SurfaceView[org.qtproject.example.he[...]d.bindings.QtActivity]@0(BLAST)#4507
05-07 16:44:44.602 1144 1144 D SurfaceFlinger: CLIENT | 0xb400006fbcf8b6c0 | 0100 | RGBA_8888 | 0.0 0.0 1200.0 1920.0 | 0 0 1200 1920 | org.qtproject.example.hellogles3/org[...]roid.bindings.QtActivity$_25153#4377
05-07 16:44:44.602 1144 1144 D SurfaceFlinger: CLIENT | 0xb400006fb0fb6440 | 0100 | RGBA_8888 | 0.0 0.0 1200.0 36.0 | 0 0 1200 36 | StatusBar$_2283#84
05-07 16:44:44.602 1144 1144 D SurfaceFlinger: CLIENT | 0xb400006fbcf8b3b0 | 0100 | RGBA_8888 | 0.0 0.0 67.0 207.0 | 1133 432 1200 639 | com.sec.android.app.launcher/com.sam[...]e.edge.CocktailBarService$_2625#4278
05-07 16:44:44.602 1144 1144 D SurfaceFlinger: CLIENT | 0xb400006fbcf8b570 | 0100 | RGBA_8888 | 0.0 0.0 1200.0 72.0 | 0 1848 1200 1920 | TaskbarWindow$_2625#544
05-07 16:44:44.602 1144 1144 D SurfaceFlinger: CLIENT | 0xb400006fbcf8abd0 | 0100 | RGBA_8888 | 0.0 0.0 1200.0 1920.0 | 0 0 1200 1920 | PointerLocation - display 0#3661
05-07 16:44:44.602 1144 1144 D SurfaceFlinger: CLIENT | 0xb40
05-07 16:44:44.602 1144 1144 D SurfaceFlinger: 0006fa3c769c0 | 0100 | RGBA_8888 | 0.0 0.0 36.0 36.0 | 543 469 579 505 | bbq-wrapper#4514
05-07 16:44:44.602 1144 1144 D SurfaceFlinger:
05-07 16:44:44.603 1009 25255 I QC2C2DEngine: calcYSize: unsupported or RGB color format, RGBA8888(1)
05-07 16:44:44.626 1009 25255 I QC2C2DEngine: calcYSize: unsupported or RGB color format, RGBA8888(1)
05-07 16:44:44.649 1009 25255 I QC2C2DEngine: calcYSize: unsupported or RGB color format, RGBA8888(1)
05-07 16:44:44.673 1009 25255 I QC2C2DEngine: calcYSize: unsupported or RGB color format, RGBA8888(1)
05-07 16:44:44.675 972 23421 I sensors-hal: handle_sns_client_event:44, ambient_light_event: ts=521090369268192, event=556.000000
05-07 16:44:44.697 1009 25255 I QC2C2DEngine: calcYSize: unsupported or RGB color format, RGBA8888(1)
05-07 16:44:44.723 1009 25255 I QC2C2DEngine: calcYSize: unsupported or RGB color format, RGBA8888(1)
05-07 16:44:44.746 1144 1144 I Layer : Layer [Sprite#4513] hidden!! flag(1)
05-07 16:44:44.748 1009 25255 I QC2C2DEngine: calcYSize: unsupported or RGB color format, RGBA8888(1)
05-07 16:44:44.769 1144 1144 D SurfaceFlinger: Display 4630946835308409729 HWC layers:
05-07 16:44:44.769 1144 1144 D SurfaceFlinger: DEVICE | 0xb400006fbcf8d790 | 0500 | RGBA_8888 | 0.0 0.0 1200.0 1812.0 | 0 36 1200 1848 | SurfaceView[org.qtproject.example.he[...]d.bindings.QtActivity]@0(BLAST)#4507
05-07 16:44:44.769 1144 1144 D SurfaceFlinger: CLIENT | 0xb400006fbcf8b6c0 | 0100 | RGBA_8888 | 0.0 0.0 1200.0 1920.0 | 0 0 1200 1920 | org.qtproject.example.hellogles3/org[...]roid.bindings.QtActivity$_25153#4377
05-07 16:44:44.769 1144 1144 D SurfaceFlinger: CLIENT | 0xb400006fb0fb6440 | 0100 | RGBA_8888 | 0.0 0.0 1200.0 36.0 | 0 0 1200 36 | StatusBar$_2283#84
05-07 16:44:44.769 1144 1144 D SurfaceFlinger: CLIENT | 0xb400006fbcf8b3b0 | 0100 | RGBA_8888 | 0.0 0.0 67.0 207.0 | 1133 432 1200 639 | com.sec.android.app.launcher/com.sam[...]e.edge.CocktailBarService$_2625#4278
05-07 16:44:44.769 1144 1144 D SurfaceFlinger: CLIENT | 0xb400006fbcf8b570 | 0100 | RGBA_8888 | 0.0 0.0 1200.0 72.0 | 0 1848 1200 1920 | TaskbarWindow$_2625#544
05-07 16:44:44.769 1144 1144 D SurfaceFlinger: CLIENT | 0xb400006fbcf8aa10 | 0100 | RGBA_8888 | 0.0 0.0 1200.0 1920.0 | 0 0 1200 1920 | PointerLocation - display 0#3661
05-07 16:44:44.769 1144 1144 D SurfaceFlinger:
05-07 16:44:44.771 1009 25255 I QC2C2DEngine: calcYSize: unsupported or RGB color format, RGBA8888(1)
05-07 16:44:44.775 972 23421 I sensors-hal: handle_sns_client_event:44, ambient_light_event: ts=521090469267619, event=513.000000
05-07 16:44:44.795 1009 25255 I QC2C2DEngine: calcYSize: unsupported or RGB color format, RGBA8888(1)
05-07 16:44:44.814 1009 25255 I QC2C2DEngine: calcYSize: unsupported or RGB color format, RGBA8888(1)
05-07 16:44:44.831 1009 25255 I QC2C2DEngine: calcYSize: unsupported or RGB color format, RGBA8888(1)
05-07 16:44:44.833 2597 2597 D HidDeviceService: handleMessage(): msg.what=8
05-07 16:44:44.845 1009 25255 I QC2C2DEngine: calcYSize: unsupported or RGB color format, RGBA8888(1)
05-07 16:44:44.861 1009 25255 I QC2C2DEngine: calcYSize: unsupported or RGB color format, RGBA8888(1)
05-07 16:44:44.875 972 23421 I sensors-hal: handle_sns_client_event:44, ambient_light_event: ts=521090569268192, event=517.000000
05-07 16:44:44.876 1009 25255 I QC2C2DEngine: calcYSize: unsupported or RGB color format, RGBA8888(1)
05-07 16:44:44.891 1009 25255 I QC2C2DEngine: calcYSize: unsupported or RGB color format, RGBA8888(1)
05-07 16:44:44.905 1009 25255 I QC2C2DEngine: calcYSize: unsupported or RGB color format, RGBA8888(1)
05-07 16:44:44.920 1009 25255 I QC2C2DEngine: calcYSize: unsupported or RGB color format, RGBA8888(1)
05-07 16:44:44.936 1009 25255 I QC2C2DEngine: calcYSize: unsupported or RGB color format, RGBA8888(1)
05-07 16:44:44.951 1009 25255 I QC2C2DEngine: calcYSize: unsupported or RGB color format, RGBA8888(1)
05-07 16:44:44.966 1009 25255 I QC2C2DEngine: calcYSize: unsupported or RGB color format, RGBA8888(1)
05-07 16:44:44.974 1349 1944 D InputReader: Btn_touch(9): value=1 when=78915.012223
05-07 16:44:44.974 1349 1944 I InputReader: Touch event's action is 0x0 (id=2, t=0) [pCnt=1, s=0.477 ] when=78915.012223
05-07 16:44:44.974 1349 1943 I InputDispatcher: Delivering touch to (2625): action: 0x4, f=0x0, d=0, 'ede8149', t=1
05-07 16:44:44.975 1349 1943 I InputDispatcher: Delivering touch to (25153): action: 0x0, f=0x0, d=0, 'e637420', t=1
05-07 16:44:44.975 972 23421 I sensors-hal: handle_sns_client_event:44, ambient_light_event: ts=521090669267151, event=535.000000
05-07 16:44:44.975 1349 1720 I GestureDetector: obtain mCurrentDownEvent. id: 512634000 caller: com.android.server.wm.SystemGesturesPointerEventListener.onPointerEvent:204 com.android.server.wm.PointerEventDispatcher.onInputEvent:53 android.view.InputEventReceiver.dispatchInputEvent:296
05-07 16:44:44.975 1349 1720 I GestureDetector: obtain mCurrentDownEvent. id: 512634000 caller: com.android.server.wm.SystemPerformancePointerEventListener.onPointerEvent:89 com.android.server.wm.PointerEventDispatcher.onInputEvent:53 android.view.InputEventReceiver.dispatchInputEvent:296
05-07 16:44:44.977 25153 25153 I ViewRootImpl@f9c5125[QtActivity]: ViewPostIme pointer 0
05-07 16:44:44.978 25153 25153 I GestureDetector: obtain mCurrentDownEvent. id: 512634000 caller: org.qtproject.qt.android.QtWindow.onTouchEvent:74 org.qtproject.qt.android.QtLayout.onTouchEvent:53 android.view.View.dispatchTouchEvent:16212
05-07 16:44:44.984 1009 25255 I QC2C2DEngine: calcYSize: unsupported or RGB color format, RGBA8888(1)
05-07 16:44:44.989 1144 1144 I Layer : Layer [Sprite#4513] hidden!! flag(0)
05-07 16:44:44.996 1009 25255 I QC2C2DEngine: calcYSize: unsupported or RGB color format, RGBA8888(1)
05-07 16:44:45.007 1144 1144 D SurfaceFlinger: Display 4630946835308409729 HWC layers:
05-07 16:44:45.007 1144 1144 D SurfaceFlinger: CLIENT | 0xb400006fbcf8d720 | 0500 | RGBA_8888 | 0.0 0.0 1200.0 1812.0 | 0 36 1200 1848 | SurfaceView[org.qtproject.example.he[...]d.bindings.QtActivity]@0(BLAST)#4507
05-07 16:44:45.007 1144 1144 D SurfaceFlinger: CLIENT | 0xb400006fbcf8b6c0 | 0100 | RGBA_8888 | 0.0 0.0 1200.0 1920.0 | 0 0 1200 1920 | org.qtproject.example.hellogles3/org[...]roid.bindings.QtActivity$_25153#4377
05-07 16:44:45.007 1144 1144 D SurfaceFlinger: CLIENT | 0xb400006fb0fb6440 | 0100 | RGBA_8888 | 0.0 0.0 1200.0 36.0 | 0 0 1200 36 | StatusBar$_2283#84
05-07 16:44:45.007 1144 1144 D SurfaceFlinger: CLIENT | 0xb400006fbcf8b3b0 | 0100 | RGBA_8888 | 0.0 0.0 67.0 207.0 | 1133 432 1200 639 | com.sec.android.app.launcher/com.sam[...]e.edge.CocktailBarService$_2625#4278
05-07 16:44:45.007 1144 1144 D SurfaceFlinger: CLIENT | 0xb400006fbcf8b570 | 0100 | RGBA_8888 | 0.0 0.0 1200.0 72.0 | 0 1848 1200 1920 | TaskbarWindow$_2625#544
05-07 16:44:45.007 1144 1144 D SurfaceFlinger: CLIENT | 0xb400006fbcf8aa10 | 0100 | RGBA_8888 | 0.0 0.0 1200.0 1920.0 | 0 0 1200 1920 | PointerLocation - display 0#3661
05-07 16:44:45.007 1144 1144 D SurfaceFlinger: CLIENT | 0xb40
05-07 16:44:45.007 1144 1144 D SurfaceFlinger: 0006fbcf8ad90 | 0100 | RGBA_8888 | 0.0 0.0 36.0 36.0 | 957 1133 993 1169 | bbq-wrapper#4514
05-07 16:44:45.007 1144 1144 D SurfaceFlinger:
05-07 16:44:45.008 1009 25255 I QC2C2DEngine: calcYSize: unsupported or RGB color format, RGBA8888(1)
05-07 16:44:45.036 1009 25255 I QC2C2DEngine: calcYSize: unsupported or RGB color format, RGBA8888(1)
05-07 16:44:45.046 1349 1720 I GestureDetector: obtain mCurrentMotionEventRaw. action: 2 id: 610434814
05-07 16:44:45.046 1349 1720 I GestureDetector: obtain mCurrentMotionEventRaw. action: 2 id: 610434814
05-07 16:44:45.058 1009 25255 I QC2C2DEngine: calcYSize: unsupported or RGB color format, RGBA8888(1)
05-07 16:44:45.058 25153 25153 I GestureDetector: obtain mCurrentMotionEventRaw. action: 2 id: 610434814
05-07 16:44:45.061 1349 1349 I SemDvfsHyPerManager: acquire hyper - WM_SCROLL_DETECTED/1349@1, type = 268443651
05-07 16:44:45.061 975 1107 I HYPER-HAL: [RequestManager.cpp]acquire(): Acquired ID : 911926 [1349 / 1] HINT : list : [CoreNumBigMin / 2]
05-07 16:44:45.075 972 23421 I sensors-hal: handle_sns_client_event:44, ambient_light_event: ts=521090769268036, event=563.000000
05-07 16:44:45.075 1009 25255 I QC2C2DEngine: calcYSize: unsupported or RGB color format, RGBA8888(1)
05-07 16:44:45.084 1349 1944 D InputReader: Btn_touch(9): value=0 when=78915.122504
05-07 16:44:45.084 1349 1944 I InputReader: Touch event's action is 0x1 (id=2, t=0) [pCnt=1, s=] when=78915.122504
05-07 16:44:45.084 1349 1943 I InputDispatcher: Delivering touch to (25153): action: 0x1, f=0x0, d=0, 'e637420', t=1
05-07 16:44:45.085 25153 25153 I ViewRootImpl@f9c5125[QtActivity]: ViewPostIme pointer 1
05-07 16:44:45.090 1009 25255 I QC2C2DEngine: calcYSize: unsupported or RGB color format, RGBA8888(1)
05-07 16:44:45.090 1349 1349 I SemDvfsHyPerManager: acquire hyper - GESTURE_DETECTED_HRR/1349@17, type = -999
05-07 16:44:45.090 975 1107 I HYPER-HAL: [RequestManager.cpp]acquire(): Acquired ID : 933678 [1349 / 17] HINT : GESTURE_DETECTED_HRR list : [TIMEOUT / 835]
05-07 16:44:45.090 975 1107 I HYPER-HAL: [ResourceManager.cpp]updateResource(): [CPULittleMinFreq] UpdateResource Request ID : 933678 Value : 1113600
05-07 16:44:45.090 975 1107 I HYPER-HAL: [ResourceManager.cpp]updateResource(): [CPUMinFreq] UpdateResource Request ID : 933678 Value : 1401600
05-07 16:44:45.094 1349 1349 I SemDvfsHyPerManager: acquire hyper - GESTURE_DETECTED_HRR/1349@17, type = -999
05-07 16:44:45.094 975 1107 I HYPER-HAL: [RequestManager.cpp]releaseLocked(): Released ID : 911926
05-07 16:44:45.094 975 1107 I HYPER-HAL: [RequestManager.cpp]acquire(): Acquired ID : 933678 [1349 / 17] HINT : GESTURE_DETECTED_HRR list : [TIMEOUT / 835]
05-07 16:44:45.094 975 1107 I HYPER-HAL: [ResourceManager.cpp]updateResource(): [CPULittleMinFreq] UpdateResource Request ID : 933678 Value : 1113600
05-07 16:44:45.094 975 1107 I HYPER-HAL: [ResourceManager.cpp]updateResource(): [CPUMinFreq] UpdateResource Request ID : 933678 Value : 1401600
05-07 16:44:45.112 1009 25255 I QC2C2DEngine: calcYSize: unsupported or RGB color format, RGBA8888(1)
05-07 16:44:45.128 1349 1944 D InputReader: Btn_touch(9): value=1 when=78915.167122
05-07 16:44:45.129 1349 1944 I InputReader: Touch event's action is 0x0 (id=2, t=0) [pCnt=1, s=0.478 ] when=78915.167122
05-07 16:44:45.130 1349 1943 I InputDispatcher: Delivering touch to (2625): action: 0x4, f=0x0, d=0, 'ede8149', t=1
05-07 16:44:45.130 1349 1943 I InputDispatcher: Delivering touch to (25153): action: 0x0, f=0x0, d=0, 'e637420', t=1
05-07 16:44:45.131 25153 25153 I ViewRootImpl@f9c5125[QtActivity]: ViewPostIme pointer 0
05-07 16:44:45.131 1349 1720 I GestureDetector: obtain mCurrentDownEvent. id: 747335778 caller: com.android.server.wm.SystemGesturesPointerEventListener.onPointerEvent:204 com.android.server.wm.PointerEventDispatcher.onInputEvent:53 android.view.InputEventReceiver.dispatchInputEvent:296
05-07 16:44:45.132 1349 1720 I GestureDetector: obtain mCurrentDownEvent. id: 747335778 caller: com.android.server.wm.SystemPerformancePointerEventListener.onPointerEvent:89 com.android.server.wm.PointerEventDispatcher.onInputEvent:53 android.view.InputEventReceiver.dispatchInputEvent:296
05-07 16:44:45.132 25153 25153 I GestureDetector: obtain mCurrentDownEvent. id: 747335778 caller: org.qtproject.qt.android.QtWindow.onTouchEvent:74 org.qtproject.qt.android.QtLayout.onTouchEvent:53 android.view.View.dispatchTouchEvent:16212
05-07 16:44:45.136 1009 25255 I QC2C2DEngine: calcYSize: unsupported or RGB color format, RGBA8888(1)
05-07 16:44:45.154 1009 25255 I QC2C2DEngine: calcYSize: unsupported or RGB color format, RGBA8888(1)
05-07 16:44:45.163 1144 1144 I Layer : Layer [Sprite#3662] hidden!! flag(0)
05-07 16:44:45.175 1349 1720 I GestureDetector: obtain mCurrentMotionEventRaw. action: 2 id: 790660747
05-07 16:44:45.175 1349 1720 I GestureDetector: obtain mCurrentMotionEventRaw. action: 2 id: 790660747
05-07 16:44:45.175 972 23421 I sensors-hal: handle_sns_client_event:44, ambient_light_event: ts=521090869265432, event=581.000000
05-07 16:44:45.179 1349 1943 D PowerManagerService: [api] userActivityFromNative : touch displayId=0 eventTime=78915217
05-07 16:44:45.180 25153 25153 I GestureDetector: obtain mCurrentMotionEventRaw. action: 2 id: 790660747
05-07 16:44:45.183 1144 1144 D SurfaceFlinger: Display 4630946835308409729 HWC layers:
05-07 16:44:45.183 1144 1144 D SurfaceFlinger: CLIENT | 0xb400006fbcf8d720 | 0500 | RGBA_8888 | 0.0 0.0 1200.0 1812.0 | 0 36 1200 1848 | SurfaceView[org.qtproject.example.he[...]d.bindings.QtActivity]@0(BLAST)#4507
05-07 16:44:45.183 1144 1144 D SurfaceFlinger: CLIENT | 0xb400006fbcf8b6c0 | 0100 | RGBA_8888 | 0.0 0.0 1200.0 1920.0 | 0 0 1200 1920 | org.qtproject.example.hellogles3/org[...]roid.bindings.QtActivity$_25153#4377
05-07 16:44:45.183 1144 1144 D SurfaceFlinger: CLIENT | 0xb400006fb0fb6440 | 0100 | RGBA_8888 | 0.0 0.0 1200.0 36.0 | 0 0 1200 36 | StatusBar$_2283#84
05-07 16:44:45.183 1144 1144 D SurfaceFlinger: CLIENT | 0xb400006fbcf8b3b0 | 0100 | RGBA_8888 | 0.0 0.0 67.0 207.0 | 1133 432 1200 639 | com.sec.android.app.launcher/com.sam[...]e.edge.CocktailBarService$_2625#4278
05-07 16:44:45.183 1144 1144 D SurfaceFlinger: CLIENT | 0xb400006fbcf8b570 | 0100 | RGBA_8888 | 0.0 0.0 1200.0 72.0 | 0 1848 1200 1920 | TaskbarWindow$_2625#544
05-07 16:44:45.183 1144 1144 D SurfaceFlinger: CLIENT | 0xb400006fbcf8aaf0 | 0100 | RGBA_8888 | 0.0 0.0 1200.0 1920.0 | 0 0 1200 1920 | PointerLocation - display 0#3661
05-07 16:44:45.183 1144 1144 D SurfaceFlinger: CLIENT | 0xb40
05-07 16:44:45.183 1144 1144 D SurfaceFlinger: 0006fbcf8c1b0 | 0100 | RGBA_8888 | 0.0 0.0 36.0 36.0 | 609 1169 645 1205 | bbq-wrapper#3663
05-07 16:44:45.183 1144 1144 D SurfaceFlinger: CLIENT | 0xb400006fbcf8ad90 | 0100 | RGBA_8888 | 0.0 0.0 36.0 36.0 | 939 1159 975 1195 | bbq-wrapper#4514
05-07 16:44:45.183 1144 1144 D SurfaceFlinger:
05-07 16:44:45.184 1009 25255 I QC2C2DEngine: calcYSize: unsupported or RGB color format, RGBA8888(1)
05-07 16:44:45.187 1349 1349 I SemDvfsHyPerManager: acquire hyper - WM_SCROLL_DETECTED/1349@1, type = 268443651
05-07 16:44:45.188 975 1107 I HYPER-HAL: [RequestManager.cpp]acquire(): Acquired ID : 911926 [1349 / 1] HINT : list : [CoreNumBigMin / 2]
05-07 16:44:45.204 1009 25255 I QC2C2DEngine: calcYSize: unsupported or RGB color format, RGBA8888(1)
05-07 16:44:45.226 1009 25255 I QC2C2DEngine: calcYSize: unsupported or RGB color format, RGBA8888(1)
05-07 16:44:45.248 1009 25255 I QC2C2DEngine: calcYSize: unsupported or RGB color format, RGBA8888(1)
05-07 16:44:45.251 1349 1944 D InputReader: Btn_touch(9): value=0 when=78915.289634
05-07 16:44:45.251 1349 1944 I InputReader: Touch event's action is 0x1 (id=2, t=0) [pCnt=1, s=] when=78915.289634
05-07 16:44:45.251 1349 1943 I InputDispatcher: Delivering touch to (25153): action: 0x1, f=0x0, d=0, 'e637420', t=1
05-07 16:44:45.252 25153 25153 I ViewRootImpl@f9c5125[QtActivity]: ViewPostIme pointer 1
05-07 16:44:45.253 1349 1349 I SemDvfsHyPerManager: acquire hyper - SMOOTH_SCROLL/1349@8, type = -999
05-07 16:44:45.253 1349 1349 I SemDvfsHyPerManager: acquire hyper - GESTURE_DETECTED_HRR/1349@17, type = -999
05-07 16:44:45.253 975 1107 I HYPER-HAL: [RequestManager.cpp]acquire(): Acquired ID : 921411 [1349 / 8] HINT : SMOOTH_SCROLL list :
05-07 16:44:45.254 1349 1349 I SemDvfsHyPerManager: acquire hyper - GESTURE_DETECTED_HRR/1349@17, type = -999
05-07 16:44:45.254 975 1107 I HYPER-HAL: [ResourceManager.cpp]updateResource(): [CPUMinFreq] UpdateResource Request ID : 921411 Value : 1228800
05-07 16:44:45.255 975 1107 I HYPER-HAL: [ResourceManager.cpp]removeResource(): [CPUMinFreq] RemoveResource Request ID : 921411
05-07 16:44:45.255 975 1107 I HYPER-HAL: [RequestManager.cpp]releaseLocked(): Released ID : 921411
05-07 16:44:45.255 975 1107 I HYPER-HAL: [RequestManager.cpp]acquire(): Acquired ID : 933678 [1349 / 17] HINT : GESTURE_DETECTED_HRR list : [TIMEOUT / 1219]
05-07 16:44:45.255 975 1107 I HYPER-HAL: [ResourceManager.cpp]updateResource(): [CPULittleMinFreq] UpdateResource Request ID : 933678 Value : 1113600
05-07 16:44:45.255 975 1107 I HYPER-HAL: [ResourceManager.cpp]updateResource(): [CPUMinFreq] UpdateResource Request ID : 933678 Value : 1401600
05-07 16:44:45.255 975 1107 I HYPER-HAL: [RequestManager.cpp]releaseLocked(): Released ID : 911926
05-07 16:44:45.255 975 1107 I HYPER-HAL: [RequestManager.cpp]acquire(): Acquired ID : 933678 [1349 / 17] HINT : GESTURE_DETECTED_HRR list : [TIMEOUT / 1219]
05-07 16:44:45.255 975 1107 I HYPER-HAL: [ResourceManager.cpp]updateResource(): [CPULittleMinFreq] UpdateResource Request ID : 933678 Value : 1113600
05-07 16:44:45.255 975 1107 I HYPER-HAL: [ResourceManager.cpp]updateResource(): [CPUMinFreq] UpdateResource Request ID : 933678 Value : 1401600
05-07 16:44:45.267 1009 25255 I QC2C2DEngine: calcYSize: unsupported or RGB color format, RGBA8888(1)
05-07 16:44:45.275 972 23421 I sensors-hal: handle_sns_client_event:44, ambient_light_event: ts=521090969267359, event=595.000000
05-07 16:44:45.292 1009 25255 I QC2C2DEngine: calcYSize: unsupported or RGB color format, RGBA8888(1)
05-07 16:44:45.315 1009 25255 I QC2C2DEngine: calcYSize: unsupported or RGB color format, RGBA8888(1)
05-07 16:44:45.338 1144 1144 I Layer : Layer [Sprite#4513] hidden!! flag(1)
05-07 16:44:45.339 1009 25255 I QC2C2DEngine: calcYSize: unsupported or RGB color format, RGBA8888(1)
05-07 16:44:45.340 1349 1944 D InputReader: Btn_touch(9): value=1 when=78915.378742
05-07 16:44:45.340 1349 1944 I InputReader: Touch event's action is 0x0 (id=2, t=0) [pCnt=1, s=0.479 ] when=78915.378742
05-07 16:44:45.340 1349 1943 I InputDispatcher: Delivering touch to (2625): action: 0x4, f=0x0, d=0, 'ede8149', t=1
05-07 16:44:45.341 1349 1943 I InputDispatcher: Delivering touch to (25153): action: 0x0, f=0x0, d=0, 'e637420', t=1
05-07 16:44:45.341 25153 25153 I ViewRootImpl@f9c5125[QtActivity]: ViewPostIme pointer 0
05-07 16:44:45.342 1349 1720 I GestureDetector: obtain mCurrentDownEvent. id: 539930893 caller: com.android.server.wm.SystemGesturesPointerEventListener.onPointerEvent:204 com.android.server.wm.PointerEventDispatcher.onInputEvent:53 android.view.InputEventReceiver.dispatchInputEvent:296
05-07 16:44:45.342 1349 1720 I GestureDetector: obtain mCurrentDownEvent. id: 539930893 caller: com.android.server.wm.SystemPerformancePointerEventListener.onPointerEvent:89 com.android.server.wm.PointerEventDispatcher.onInputEvent:53 android.view.InputEventReceiver.dispatchInputEvent:296
05-07 16:44:45.342 25153 25153 I GestureDetector: obtain mCurrentDownEvent. id: 539930893 caller: org.qtproject.qt.android.QtWindow.onTouchEvent:74 org.qtproject.qt.android.QtLayout.onTouchEvent:53 android.view.View.dispatchTouchEvent:16212
05-07 16:44:45.352 1349 1720 I GestureDetector: obtain mCurrentMotionEventRaw. action: 2 id: 938006421
05-07 16:44:45.352 1349 1720 I GestureDetector: obtain mCurrentMotionEventRaw. action: 2 id: 938006421
05-07 16:44:45.358 1144 1144 D SurfaceFlinger: Display 4630946835308409729 HWC layers:
05-07 16:44:45.358 1144 1144 D SurfaceFlinger: CLIENT | 0xb400006fbcf8d720 | 0500 | RGBA_8888 | 0.0 0.0 1200.0 1812.0 | 0 36 1200 1848 | SurfaceView[org.qtproject.example.he[...]d.bindings.QtActivity]@0(BLAST)#4507
05-07 16:44:45.358 1144 1144 D SurfaceFlinger: CLIENT | 0xb400006fbcf8b6c0 | 0100 | RGBA_8888 | 0.0 0.0 1200.0 1920.0 | 0 0 1200 1920 | org.qtproject.example.hellogles3/org[...]roid.bindings.QtActivity$_25153#4377
05-07 16:44:45.358 1144 1144 D SurfaceFlinger: CLIENT | 0xb400006fb0fb6440 | 0100 | RGBA_8888 | 0.0 0.0 1200.0 36.0 | 0 0 1200 36 | StatusBar$_2283#84
05-07 16:44:45.358 1144 1144 D SurfaceFlinger: CLIENT | 0xb400006fbcf8b3b0 | 0100 | RGBA_8888 | 0.0 0.0 67.0 207.0 | 1133 432 1200 639 | com.sec.android.app.launcher/com.sam[...]e.edge.CocktailBarService$_2625#4278
05-07 16:44:45.358 1144 1144 D SurfaceFlinger: CLIENT | 0xb400006fbcf8b570 | 0100 | RGBA_8888 | 0.0 0.0 1200.0 72.0 | 0 1848 1200 1920 | TaskbarWindow$_2625#544
05-07 16:44:45.358 1144 1144 D SurfaceFlinger: CLIENT | 0xb400006fbcf8aaf0 | 0100 | RGBA_8888 | 0.0 0.0 1200.0 1920.0 | 0 0 1200 1920 | PointerLocation - display 0#3661
05-07 16:44:45.358 1144 1144 D SurfaceFlinger: CLIENT | 0xb40
05-07 16:44:45.358 1144 1144 D SurfaceFlinger: 0006fbcf8c1b0 | 0100 | RGBA_8888 | 0.0 0.0 36.0 36.0 | 517 1151 553 1187 | bbq-wrapper#3663
05-07 16:44:45.358 1144 1144 D SurfaceFlinger:
05-07 16:44:45.358 25153 25153 I GestureDetector: obtain mCurrentMotionEventRaw. action: 2 id: 938006421
05-07 16:44:45.359 1144 1144 I Layer : Layer [Sprite#4513] hidden!! flag(0)
05-07 16:44:45.359 1009 25255 I QC2C2DEngine: calcYSize: unsupported or RGB color format, RGBA8888(1)
05-07 16:44:45.375 972 23421 I sensors-hal: handle_sns_client_event:44, ambient_light_event: ts=521091069267672, event=608.000000
05-07 16:44:45.376 1144 1144 D SurfaceFlinger: Display 4630946835308409729 HWC layers:
05-07 16:44:45.376 1144 1144 D SurfaceFlinger: CLIENT | 0xb400006fbcf8d790 | 0500 | RGBA_8888 | 0.0 0.0 1200.0 1812.0 | 0 36 1200 1848 | SurfaceView[org.qtproject.example.he[...]d.bindings.QtActivity]@0(BLAST)#4507
05-07 16:44:45.376 1144 1144 D SurfaceFlinger: CLIENT | 0xb400006fbcf8b6c0 | 0100 | RGBA_8888 | 0.0 0.0 1200.0 1920.0 | 0 0 1200 1920 | org.qtproject.example.hellogles3/org[...]roid.bindings.QtActivity$_25153#4377
05-07 16:44:45.376 1144 1144 D SurfaceFlinger: CLIENT | 0xb400006fb0fb6440 | 0100 | RGBA_8888 | 0.0 0.0 1200.0 36.0 | 0 0 1200 36 | StatusBar$_2283#84
05-07 16:44:45.376 1144 1144 D SurfaceFlinger: CLIENT | 0xb400006fbcf8b3b0 | 0100 | RGBA_8888 | 0.0 0.0 67.0 207.0 | 1133 432 1200 639 | com.sec.android.app.launcher/com.sam[...]e.edge.CocktailBarService$_2625#4278
05-07 16:44:45.376 1144 1144 D SurfaceFlinger: CLIENT | 0xb400006fbcf8b570 | 0100 | RGBA_8888 | 0.0 0.0 1200.0 72.0 | 0 1848 1200 1920 | TaskbarWindow$_2625#544
05-07 16:44:45.376 1144 1144 D SurfaceFlinger: CLIENT | 0xb400006fbcf8abd0 | 0100 | RGBA_8888 | 0.0 0.0 1200.0 1920.0 | 0 0 1200 1920 | PointerLocation - display 0#3661
05-07 16:44:45.376 1144 1144 D SurfaceFlinger: CLIENT | 0xb40
05-07 16:44:45.376 1144 1144 D SurfaceFlinger: 0006fbcf8c1b0 | 0100 | RGBA_8888 | 0.0 0.0 36.0 36.0 | 517 1151 553 1187 | bbq-wrapper#3663
05-07 16:44:45.376 1144 1144 D SurfaceFlinger: CLIENT | 0xb400006fa3c769c0 | 0100 | RGBA_8888 | 0.0 0.0 36.0 36.0 | 567 986 603 1022 | bbq-wrapper#4514
05-07 16:44:45.376 1144 1144 D SurfaceFlinger:
05-07 16:44:45.384 1009 25255 I QC2C2DEngine: calcYSize: unsupported or RGB color format, RGBA8888(1)
05-07 16:44:45.387 1349 1349 I SemDvfsHyPerManager: acquire hyper - WM_SCROLL_DETECTED/1349@1, type = 268443651
05-07 16:44:45.387 975 1107 I HYPER-HAL: [RequestManager.cpp]acquire(): Acquired ID : 911926 [1349 / 1] HINT : list : [CoreNumBigMin / 2]
05-07 16:44:45.401 1009 25255 I QC2C2DEngine: calcYSize: unsupported or RGB color format, RGBA8888(1)
05-07 16:44:45.418 1349 1944 I InputReader: Touch event's action is 0x1 (id=2, t=0) [pCnt=1, s=1.480 ] when=78915.456663
05-07 16:44:45.418 1349 1944 I InputReader: Touch event's action is 0x0 (id=2, t=0) [pCnt=1, s=1.480 ] when=78915.456663
05-07 16:44:45.418 1349 1943 I InputDispatcher: Delivering touch to (25153): action: 0x1, f=0x0, d=0, 'e637420', t=1
05-07 16:44:45.419 1349 1943 I InputDispatcher: Delivering touch to (2625): action: 0x4, f=0x0, d=0, 'ede8149', t=1
05-07 16:44:45.419 1349 1943 I InputDispatcher: Delivering touch to (25153): action: 0x0, f=0x0, d=0, 'e637420', t=1
05-07 16:44:45.420 25153 25153 I ViewRootImpl@f9c5125[QtActivity]: ViewPostIme pointer 1
05-07 16:44:45.421 25153 25153 I ViewRootImpl@f9c5125[QtActivity]: ViewPostIme pointer 0
05-07 16:44:45.422 25153 25153 I GestureDetector: obtain mCurrentDownEvent. id: 904541565 caller: org.qtproject.qt.android.QtWindow.onTouchEvent:74 org.qtproject.qt.android.QtLayout.onTouchEvent:53 android.view.View.dispatchTouchEvent:16212
05-07 16:44:45.428 1144 1144 I Layer : Layer [Sprite#4347] hidden!! flag(0)
05-07 16:44:45.429 1009 25255 I QC2C2DEngine: calcYSize: unsupported or RGB color format, RGBA8888(1)
05-07 16:44:45.432 1349 1349 I SemDvfsHyPerManager: acquire hyper - GESTURE_DETECTED_HRR/1349@17, type = -999
05-07 16:44:45.432 1349 1349 I SemDvfsHyPerManager: acquire hyper - SMOOTH_SCROLL/1349@8, type = -999
05-07 16:44:45.432 1349 1349 I SemDvfsHyPerManager: acquire hyper - GESTURE_DETECTED_HRR/1349@17, type = -999
05-07 16:44:45.433 1349 1720 I GestureDetector: obtain mCurrentDownEvent. id: 904541565 caller: com.android.server.wm.SystemGesturesPointerEventListener.onPointerEvent:204 com.android.server.wm.PointerEventDispatcher.onInputEvent:53 android.view.InputEventReceiver.dispatchInputEvent:296
05-07 16:44:45.433 1349 1720 I GestureDetector: obtain mCurrentDownEvent. id: 904541565 caller: com.android.server.wm.SystemPerformancePointerEventListener.onPointerEvent:89 com.android.server.wm.PointerEventDispatcher.onInputEvent:53 android.view.InputEventReceiver.dispatchInputEvent:296
05-07 16:44:45.433 975 1107 I HYPER-HAL: [RequestManager.cpp]releaseLocked(): Released ID : 911926
05-07 16:44:45.433 975 1107 I HYPER-HAL: [RequestManager.cpp]acquire(): Acquired ID : 933678 [1349 / 17] HINT : GESTURE_DETECTED_HRR list : [TIMEOUT / 2077]
05-07 16:44:45.433 975 1107 I HYPER-HAL: [ResourceManager.cpp]updateResource(): [CPULittleMinFreq] UpdateResource Request ID : 933678 Value : 1113600
05-07 16:44:45.433 975 1107 I HYPER-HAL: [ResourceManager.cpp]updateResource(): [CPUMinFreq] UpdateResource Request ID : 933678 Value : 1401600
05-07 16:44:45.433 975 1107 I HYPER-HAL: [RequestManager.cpp]acquire(): Acquired ID : 921411 [1349 / 8] HINT : SMOOTH_SCROLL list :
05-07 16:44:45.433 975 1107 I HYPER-HAL: [ResourceManager.cpp]updateResource(): [CPUMinFreq] UpdateResource Request ID : 921411 Value : 1228800
05-07 16:44:45.434 975 1107 I HYPER-HAL: [ResourceManager.cpp]removeResource(): [CPUMinFreq] RemoveResource Request ID : 921411
05-07 16:44:45.435 975 1107 I HYPER-HAL: [RequestManager.cpp]releaseLocked(): Released ID : 921411
05-07 16:44:45.435 975 1107 I HYPER-HAL: [RequestManager.cpp]acquire(): Acquired ID : 933678 [1349 / 17] HINT : GESTURE_DETECTED_HRR list : [TIMEOUT / 2077]
05-07 16:44:45.435 975 1107 I HYPER-HAL: [ResourceManager.cpp]updateResource(): [CPULittleMinFreq] UpdateResource Request ID : 933678 Value : 1113600
05-07 16:44:45.435 975 1107 I HYPER-HAL: [ResourceManager.cpp]updateResource(): [CPUMinFreq] UpdateResource Request ID : 933678 Value : 1401600
05-07 16:44:45.448 25153 25153 I GestureDetector: obtain mCurrentMotionEventRaw. action: 2 id: 641808743
05-07 16:44:45.450 1144 1144 D SurfaceFlinger: Display 4630946835308409729 HWC layers:
05-07 16:44:45.450 1144 1144 D SurfaceFlinger: CLIENT | 0xb400006fbcf8d720 | 0500 | RGBA_8888 | 0.0 0.0 1200.0 1812.0 | 0 36 1200 1848 | SurfaceView[org.qtproject.example.he[...]d.bindings.QtActivity]@0(BLAST)#4507
05-07 16:44:45.450 1144 1144 D SurfaceFlinger: CLIENT | 0xb400006fbcf8b6c0 | 0100 | RGBA_8888 | 0.0 0.0 1200.0 1920.0 | 0 0 1200 1920 | org.qtproject.example.hellogles3/org[...]roid.bindings.QtActivity$_25153#4377
05-07 16:44:45.450 1144 1144 D SurfaceFlinger: CLIENT | 0xb400006fb0fb6440 | 0100 | RGBA_8888 | 0.0 0.0 1200.0 36.0 | 0 0 1200 36 | StatusBar$_2283#84
05-07 16:44:45.450 1144 1144 D SurfaceFlinger: CLIENT | 0xb400006fbcf8b3b0 | 0100 | RGBA_8888 | 0.0 0.0 67.0 207.0 | 1133 432 1200 639 | com.sec.android.app.launcher/com.sam[...]e.edge.CocktailBarService$_2625#4278
05-07 16:44:45.450 1144 1144 D SurfaceFlinger: CLIENT | 0xb400006fbcf8b570 | 0100 | RGBA_8888 | 0.0 0.0 1200.0 72.0 | 0 1848 1200 1920 | TaskbarWindow$_2625#544
05-07 16:44:45.450 1144 1144 D SurfaceFlinger: CLIENT | 0xb400006fbcf8aa10 | 0100 | RGBA_8888 | 0.0 0.0 1200.0 1920.0 | 0 0 1200 1920 | PointerLocation - display 0#3661
05-07 16:44:45.450 1144 1144 D SurfaceFlinger: CLIENT | 0xb40
05-07 16:44:45.450 1144 1144 D SurfaceFlinger: 0006fbcf8c1b0 | 0100 | RGBA_8888 | 0.0 0.0 36.0 36.0 | 517 1151 553 1187 | bbq-wrapper#3663
05-07 16:44:45.450 1144 1144 D SurfaceFlinger: CLIENT | 0xb400006fa3c769c0 | 0100 | RGBA_8888 | 0.0 0.0 36.0 36.0 | 414 850 450 886 | bbq-wrapper#4514
05-07 16:44:45.450 1144 1144 D SurfaceFlinger: CLIENT | 0xb400006fbcf8b420 | 0100 | RGBA_8888 | 0.0 0.0 36.0 36.0 | 356 798 392 834 | bbq-wrapper#4348
05-07 16:44:45.450 1144 1144 D SurfaceFlinger:
05-07 16:44:45.450 1009 25255 I QC2C2DEngine: calcYSize: unsupported or RGB color format, RGBA8888(1)
05-07 16:44:45.455 1349 1720 I GestureDetector: obtain mCurrentMotionEventRaw. action: 2 id: 641808743
05-07 16:44:45.455 1349 1720 I GestureDetector: obtain mCurrentMotionEventRaw. action: 2 id: 641808743
05-07 16:44:45.474 1349 1349 I SemDvfsHyPerManager: acquire hyper - WM_SCROLL_DETECTED/1349@1, type = 268443651
05-07 16:44:45.475 972 23421 I sensors-hal: handle_sns_client_event:44, ambient_light_event: ts=521091169268453, event=608.000000
05-07 16:44:45.477 975 1107 I HYPER-HAL: [RequestManager.cpp]acquire(): Acquired ID : 911926 [1349 / 1] HINT : list : [CoreNumBigMin / 2]
05-07 16:44:45.477 1009 25255 I QC2C2DEngine: calcYSize: unsupported or RGB color format, RGBA8888(1)
05-07 16:44:45.495 1009 25255 I QC2C2DEngine: calcYSize: unsupported or RGB color format, RGBA8888(1)
05-07 16:44:45.497 1349 1944 D InputReader: Btn_touch(9): value=0 when=78915.534651
05-07 16:44:45.497 1349 1944 I InputReader: Touch event's action is 0x1 (id=2, t=0) [pCnt=1, s=] when=78915.534651
05-07 16:44:45.497 1144 1144 I Layer : Layer [Sprite#3662] hidden!! flag(1)
05-07 16:44:45.499 1349 1943 I InputDispatcher: Delivering touch to (25153): action: 0x1, f=0x0, d=0, 'e637420', t=1
05-07 16:44:45.499 25153 25153 I ViewRootImpl@f9c5125[QtActivity]: ViewPostIme pointer 1
05-07 16:44:45.500 1349 1349 I SemDvfsHyPerManager: acquire hyper - GESTURE_DETECTED_HRR/1349@17, type = -999
05-07 16:44:45.500 1349 1349 I SemDvfsHyPerManager: acquire hyper - SMOOTH_SCROLL/1349@8, type = -999
05-07 16:44:45.500 1349 1349 I SemDvfsHyPerManager: acquire hyper - GESTURE_DETECTED_HRR/1349@17, type = -999
05-07 16:44:45.501 975 1107 I HYPER-HAL: [RequestManager.cpp]releaseLocked(): Released ID : 911926
05-07 16:44:45.501 975 1107 I HYPER-HAL: [RequestManager.cpp]acquire(): Acquired ID : 933678 [1349 / 17] HINT : GESTURE_DETECTED_HRR list : [TIMEOUT / 1613]
05-07 16:44:45.501 975 1107 I HYPER-HAL: [ResourceManager.cpp]updateResource(): [CPULittleMinFreq] UpdateResource Request ID : 933678 Value : 1113600
05-07 16:44:45.501 975 1107 I HYPER-HAL: [ResourceManager.cpp]updateResource(): [CPUMinFreq] UpdateResource Request ID : 933678 Value : 1401600
05-07 16:44:45.501 975 1107 I HYPER-HAL: [RequestManager.cpp]acquire(): Acquired ID : 921411 [1349 / 8] HINT : SMOOTH_SCROLL list :
05-07 16:44:45.501 975 1107 I HYPER-HAL: [ResourceManager.cpp]updateResource(): [CPUMinFreq] UpdateResource Request ID : 921411 Value : 1228800
05-07 16:44:45.502 975 1107 I HYPER-HAL: [ResourceManager.cpp]removeResource(): [CPUMinFreq] RemoveResource Request ID : 921411
05-07 16:44:45.502 975 1107 I HYPER-HAL: [RequestManager.cpp]releaseLocked(): Released ID : 921411
05-07 16:44:45.502 975 1107 I HYPER-HAL: [RequestManager.cpp]acquire(): Acquired ID : 933678 [1349 / 17] HINT : GESTURE_DETECTED_HRR list : [TIMEOUT / 1613]
05-07 16:44:45.502 975 1107 I HYPER-HAL: [ResourceManager.cpp]updateResource(): [CPULittleMinFreq] UpdateResource Request ID : 933678 Value : 1113600
05-07 16:44:45.502 975 1107 I HYPER-HAL: [ResourceManager.cpp]updateResource(): [CPUMinFreq] UpdateResource Request ID : 933678 Value : 1401600
05-07 16:44:45.516 1144 1144 D SurfaceFlinger: Display 4630946835308409729 HWC layers:
05-07 16:44:45.516 1144 1144 D SurfaceFlinger: CLIENT | 0xb400006fbcf8d6b0 | 0500 | RGBA_8888 | 0.0 0.0 1200.0 1812.0 | 0 36 1200 1848 | SurfaceView[org.qtproject.example.he[...]d.bindings.QtActivity]@0(BLAST)#4507
05-07 16:44:45.516 1144 1144 D SurfaceFlinger: CLIENT | 0xb400006fbcf8b6c0 | 0100 | RGBA_8888 | 0.0 0.0 1200.0 1920.0 | 0 0 1200 1920 | org.qtproject.example.hellogles3/org[...]roid.bindings.QtActivity$_25153#4377
05-07 16:44:45.516 1144 1144 D SurfaceFlinger: CLIENT | 0xb400006fb0fb6440 | 0100 | RGBA_8888 | 0.0 0.0 1200.0 36.0 | 0 0 1200 36 | StatusBar$_2283#84
05-07 16:44:45.516 1144 1144 D SurfaceFlinger: CLIENT | 0xb400006fbcf8b3b0 | 0100 | RGBA_8888 | 0.0 0.0 67.0 207.0 | 1133 432 1200 639 | com.sec.android.app.launcher/com.sam[...]e.edge.CocktailBarService$_2625#4278
05-07 16:44:45.516 1144 1144 D SurfaceFlinger: CLIENT | 0xb400006fbcf8b570 | 0100 | RGBA_8888 | 0.0 0.0 1200.0 72.0 | 0 1848 1200 1920 | TaskbarWindow$_2625#544
05-07 16:44:45.516 1144 1144 D SurfaceFlinger: CLIENT | 0xb400006fbcf8a5b0 | 0100 | RGBA_8888 | 0.0 0.0 1200.0 1920.0 | 0 0 1200 1920 | PointerLocation - display 0#3661
05-07 16:44:45.516 1144 1144 D SurfaceFlinger: CLIENT | 0xb40
05-07 16:44:45.516 1144 1144 D SurfaceFlinger: 0006fa3c769c0 | 0100 | RGBA_8888 | 0.0 0.0 36.0 36.0 | 414 850 450 886 | bbq-wrapper#4514
05-07 16:44:45.516 1144 1144 D SurfaceFlinger: CLIENT | 0xb400006fbcf8b420 | 0100 | RGBA_8888 | 0.0 0.0 36.0 36.0 | 369 736 405 772 | bbq-wrapper#4348
05-07 16:44:45.516 1144 1144 D SurfaceFlinger:
05-07 16:44:45.517 1009 25255 I QC2C2DEngine: calcYSize: unsupported or RGB color format, RGBA8888(1)
05-07 16:44:45.542 1009 25255 I QC2C2DEngine: calcYSize: unsupported or RGB color format, RGBA8888(1)
05-07 16:44:45.552 1349 1944 D InputReader: Btn_touch(9): value=1 when=78915.590305
05-07 16:44:45.552 1349 1944 I InputReader: Touch event's action is 0x0 (id=2, t=0) [pCnt=1, s=0.481 ] when=78915.590305
05-07 16:44:45.552 1349 1943 I InputDispatcher: Delivering touch to (2625): action: 0x4, f=0x0, d=0, 'ede8149', t=1
05-07 16:44:45.552 1349 1943 I InputDispatcher: Delivering touch to (25153): action: 0x0, f=0x0, d=0, 'e637420', t=1
05-07 16:44:45.552 25153 25153 I ViewRootImpl@f9c5125[QtActivity]: ViewPostIme pointer 0
05-07 16:44:45.553 1349 1720 I GestureDetector: obtain mCurrentDownEvent. id: 1060656653 caller: com.android.server.wm.SystemGesturesPointerEventListener.onPointerEvent:204 com.android.server.wm.PointerEventDispatcher.onInputEvent:53 android.view.InputEventReceiver.dispatchInputEvent:296
05-07 16:44:45.554 25153 25153 I GestureDetector: obtain mCurrentDownEvent. id: 1060656653 caller: org.qtproject.qt.android.QtWindow.onTouchEvent:74 org.qtproject.qt.android.QtLayout.onTouchEvent:53 android.view.View.dispatchTouchEvent:16212
05-07 16:44:45.554 1349 1720 I GestureDetector: obtain mCurrentDownEvent. id: 1060656653 caller: com.android.server.wm.SystemPerformancePointerEventListener.onPointerEvent:89 com.android.server.wm.PointerEventDispatcher.onInputEvent:53 android.view.InputEventReceiver.dispatchInputEvent:296
05-07 16:44:45.558 1144 1144 I Layer : Layer [Sprite#3662] hidden!! flag(0)
05-07 16:44:45.562 1009 25255 I QC2C2DEngine: calcYSize: unsupported or RGB color format, RGBA8888(1)
05-07 16:44:45.564 1349 1720 I GestureDetector: obtain mCurrentMotionEventRaw. action: 2 id: 35058335
05-07 16:44:45.564 1349 1720 I GestureDetector: obtain mCurrentMotionEventRaw. action: 2 id: 35058335
05-07 16:44:45.570 25153 25153 I GestureDetector: obtain mCurrentMotionEventRaw. action: 2 id: 35058335
05-07 16:44:45.575 972 23421 I sensors-hal: handle_sns_client_event:44, ambient_light_event: ts=521091269262463, event=604.000000
05-07 16:44:45.576 1144 1144 D SurfaceFlinger: Display 4630946835308409729 HWC layers:
05-07 16:44:45.576 1144 1144 D SurfaceFlinger: CLIENT | 0xb400006fbcf8d640 | 0500 | RGBA_8888 | 0.0 0.0 1200.0 1812.0 | 0 36 1200 1848 | SurfaceView[org.qtproject.example.he[...]d.bindings.QtActivity]@0(BLAST)#4507
05-07 16:44:45.576 1144 1144 D SurfaceFlinger: CLIENT | 0xb400006fbcf8b6c0 | 0100 | RGBA_8888 | 0.0 0.0 1200.0 1920.0 | 0 0 1200 1920 | org.qtproject.example.hellogles3/org[...]roid.bindings.QtActivity$_25153#4377
05-07 16:44:45.576 1144 1144 D SurfaceFlinger: CLIENT | 0xb400006fb0fb6440 | 0100 | RGBA_8888 | 0.0 0.0 1200.0 36.0 | 0 0 1200 36 | StatusBar$_2283#84
05-07 16:44:45.576 1144 1144 D SurfaceFlinger: CLIENT | 0xb400006fbcf8b3b0 | 0100 | RGBA_8888 | 0.0 0.0 67.0 207.0 | 1133 432 1200 639 | com.sec.android.app.launcher/com.sam[...]e.edge.CocktailBarService$_2625#4278
05-07 16:44:45.576 1144 1144 D SurfaceFlinger: CLIENT | 0xb400006fbcf8b570 | 0100 | RGBA_8888 | 0.0 0.0 1200.0 72.0 | 0 1848 1200 1920 | TaskbarWindow$_2625#544
05-07 16:44:45.576 1144 1144 D SurfaceFlinger: CLIENT | 0xb400006fbcf8abd0 | 0100 | RGBA_8888 | 0.0 0.0 1200.0 1920.0 | 0 0 1200 1920 | PointerLocation - display 0#3661
05-07 16:44:45.576 1144 1144 D SurfaceFlinger: CLIENT | 0xb40
05-07 16:44:45.576 1144 1144 D SurfaceFlinger: 0006fa3c73150 | 0100 | RGBA_8888 | 0.0 0.0 36.0 36.0 | 740 631 776 667 | bbq-wrapper#3663
