05-07 16:44:33.937 25153 25228 E SurfaceSyncGroup: Failed to receive transaction ready in 1000ms. Marking SurfaceSyncGroup(ViewRootImpl@f9c5125[QtActivity]#1) as ready
05-07 16:44:33.939 25153 25229 I ViewRootImpl@f9c5125[QtActivity]: mWNT: t=0xb4000078c0746080 mBlastBufferQueue=0xb400007918758800 fn= 1 caller= android.view.ViewRootImpl$8.onFrameDraw:13685 android.view.ThreadedRenderer$1.onFrameDraw:788
05-07 16:44:33.939 25153 25229 D ViewRootImpl@f9c5125[QtActivity]: Setting up sync and frameCommitCallback
05-07 16:44:33.940 25153 25221 I BLASTBufferQueue: [ViewRootImpl@f9c5125[QtActivity]#0](f:0,a:0,s:0) onFrameAvailable the first frame is available
05-07 16:44:33.941 25153 25221 D ViewRootImpl@f9c5125[QtActivity]: Received frameCommittedCallback lastAttemptedDrawFrameNum=1 didProduceBuffer=true
05-07 16:44:33.944 1349 2554 D WindowManager: finishDrawingWindow: Window{e637420 u0 org.qtproject.example.hellogles3/org.qtproject.qt.android.bindings.QtActivity} mDrawState=DRAW_PENDING seqId=0
05-07 16:44:33.945 25153 25221 D OpenGLRenderer: CFMS:: SetUp Pid : 25153 Tid : 25221
05-07 16:44:33.946 1349 1724 V WindowManager: Finish starting ActivityRecord{4c44815 u0 org.qtproject.example.hellogles3/org.qtproject.qt.android.bindings.QtActivity t38}: first real window is shown, no animation
05-07 16:44:33.947 25153 25153 I Choreographer: Skipped 219 frames! The application may be doing too much work on its main thread.
05-07 16:44:33.948 25153 25153 I ViewRootImpl@f9c5125[QtActivity]: registerCallbackForPendingTransactions
05-07 16:44:33.951 1349 1724 V WindowManager: Schedule remove starting ActivityRecord{4c44815 u0 org.qtproject.example.hellogles3/org.qtproject.qt.android.bindings.QtActivity t38} startingWindow=Window{d3a9a64 u0 Splash Screen org.qtproject.example.hellogles3} animate=true Callers=com.android.server.wm.ActivityRecord.removeStartingWindow:3425 com.android.server.wm.ActivityRecord.onFirstWindowDrawn:7847 com.android.server.wm.WindowState.performShowLocked:5261 com.android.server.wm.WindowStateAnimator.commitFinishDrawingLocked:280 com.android.server.wm.DisplayContent.lambda$new$8:1290
05-07 16:44:33.951 1349 1724 D TaskOrganizerController: applyStartingWindowAnimation, window=Window{e637420 u0 org.qtproject.example.hellogles3/org.qtproject.qt.android.bindings.QtActivity}, caller=com.android.server.wm.TaskOrganizerController.removeStartingWindow:743 com.android.server.wm.StartingSurfaceController$StartingSurface.remove:292 com.android.server.wm.ActivityRecord.removeStartingWindowAnimation:3505
05-07 16:44:33.951 1349 1724 I WindowManager: Reparenting to leash, surface=Surface(name=e637420 org.qtproject.example.hellogles3/org.qtproject.qt.android.bindings.QtActivity)/@0xab51561, leashParent=Surface(name=ActivityRecord{4c44815 u0 org.qtproject.example.hellogles3/org.qtproject.qt.android.bindings.QtActivity t38})/@0x38f8d0
05-07 16:44:33.951 1144 1321 I SurfaceFlinger: id=4501 createSurf, flag=24000, Surface(name=e637420 org.qtproject.example.hellogles3/org.qtproject.qt.android.bindings.QtActivity)/@0xab51561 - animation-leash of starting_reveal#4501
05-07 16:44:33.952 1349 1724 D WindowManager: makeSurface duration=1 leash=Surface(name=Surface(name=e637420 org.qtproject.example.hellogles3/org.qtproject.qt.android.bindings.QtActivity)/@0xab51561 - animation-leash of starting_reveal)/@0x5a3d886
05-07 16:44:33.952 1349 1724 V WindowManager: performShowLocked: mDrawState=HAS_DRAWN in Window{e637420 u0 org.qtproject.example.hellogles3/org.qtproject.qt.android.bindings.QtActivity}
05-07 16:44:33.953 1349 1719 W ziparchive: Unable to open '/data/app/~~ILyV9Uj9OMo2Ss2B_5OxWQ==/org.qtproject.example.hellogles3-d9Wr37P7eErVQ4cuJPlrNg==/base.dm': No such file or directory
05-07 16:44:33.955 1349 1719 D [secipm]: mSecIpmManager report to nap
05-07 16:44:33.955 1349 1719 I PkgPredictorService-SecIpmManagerServiceImpl: reportToNAP uid:10257 org.qtproject.example.hellogles3/org.qtproject.qt.android.bindings.QtActivity thisTime:5315
05-07 16:44:33.955 1349 1719 D PkgPredictorService-SecIpmManagerServiceImpl: reportToNAP: mHeavyLaunchCounter is false
05-07 16:44:33.958 1349 1719 I ActivityTaskManager: Displayed org.qtproject.example.hellogles3/org.qtproject.qt.android.bindings.QtActivity for user 0: +5s315ms
05-07 16:44:33.958 1349 1719 I Pageboost: Launch time gathered : pid 25153 org.qtproject.example.hellogles3 5315
05-07 16:44:33.959 3145 3145 E pageboostd: Received HALT command code 2
05-07 16:44:33.959 1349 1378 V WindowManager: Relayout Window{d3a9a64 u0 Splash Screen org.qtproject.example.hellogles3}: viewVisibility=0 req=1200x1920 ty=3 d0
05-07 16:44:33.960 1349 1378 D WindowManager: updateSystemBarAttributes: displayId=0, win=Window{e637420 u0 org.qtproject.example.hellogles3/org.qtproject.qt.android.bindings.QtActivity}, navColorWin=Window{d3a9a64 u0 Splash Screen org.qtproject.example.hellogles3}, focusedCanBeNavColorWin=false, behavior=1, appearance=0, statusBarAppearanceRegions=[AppearanceRegion{ bounds=[0,0][1200,1920]}], requestedVisibilities=-9, from=com.android.server.wm.DisplayPolicy.finishPostLayoutPolicyLw:2310 com.android.server.wm.DisplayContent.applySurfaceChangesTransaction:6135 com.android.server.wm.RootWindowContainer.applySurfaceChangesTransaction:1171
05-07 16:44:33.962 2283 2283 D SamsungStatusBarGrayIconHelper: isGrayAppearance=false
05-07 16:44:33.963 2283 2283 D SamsungLightBarControlHelper: onStatusBarAppearanceChanged() - sbModeChanged:false, statusBarMode:0, barState:MODE_TRANSPARENT, isKeyguardShowing:false, navbarColorManagedByIme:false, stackAppearanceChanged:true, (AppearanceRegion{ bounds=[0,0][1200,1920]}, ), packageName:org.qtproject.example.hellogles3
05-07 16:44:33.963 2283 2283 D TaskbarDelegate: onSystemBarAttributesChanged() - displayId:0, appearance:0, navbarColorManagedByIme: false, packageName: org.qtproject.example.hellogles3
05-07 16:44:33.963 2283 2283 D SamsungLightBarControlHelper: updateNavigationBar (WHITE button) isLightOpaque:false, hasLightNavigationBarFlag:false, packageName:org.qtproject.example.hellogles3, DirectReplying:false, NavBarColorMangedByIme:false, ForceDarkForScrim:false, QsCustomizing:false, PanelHasWhiteBg:true
05-07 16:44:33.963 1349 1378 V WindowManager: Relayout hash=d3a9a64, pid=2283, syncId=-1: mAttrs={(0,0)(fillxfill) sim={adjust=pan} ty=APPLICATION_STARTING fmt=TRANSLUCENT wanim=0x10302f2
05-07 16:44:33.963 1349 1378 V WindowManager: fl=81030118
05-07 16:44:33.963 1349 1378 V WindowManager: pfl=16000010
05-07 16:44:33.963 1349 1378 V WindowManager: bhv=DEFAULT
05-07 16:44:33.963 1349 1378 V WindowManager: fitSides= naviIconColor=0}
05-07 16:44:33.964 2283 2283 D SamsungLightBarControlHelper: updateStatusBar (WHITE icon) numStacks:1, StatusBarMode:MODE_TRANSPARENT, lightBarBounds:[], StatusBarState:SHADE, packageName:org.qtproject.example.hellogles3, isWhiteKeyguardStatusBar:false
05-07 16:44:33.965 2625 2691 I HoneySpace.TaskbarEventTracker: invokeEvent() called with: event = OnSystemBarAttributesChanged(displayId=0, behavior=1)
05-07 16:44:33.965 1144 1144 I Layer : Layer [org.qtproject.example.hellogles3/org.qtproject.qt.android.bindings.QtActivity$_25153#4377] hidden!! flag(0)
05-07 16:44:33.965 1144 1144 I Layer : Layer::reparent [e637420 org.qtproject.example.hellogles3/org.qtproject.qt.android.bindings.QtActivity#4376] newParent : Surface(name=e637420 org.qtproject.example.hellogles3/org.qtproject.qt.android.bindings.QtActivity)/@0xab51561 - animation-leash of starting_reveal#4501 , isRemovedFromCurrentState : 0 -------------------------
05-07 16:44:33.965 2625 2691 I HoneySpace.TaskbarEventTracker: invokeEvent() called with: event = HandleNavigationBarEvent(eventData=NavBarEvents(eventType=ON_APPEARANCE_CHANGED, iconType=null, remoteViewBundle=null, iconBitmapBundle=null, orderDefault=true, position=0, rotationLocked=false, transientShowing=false, appearance=0, pluginBundle=null, hiddenByKnox=false, insetsBundle=null))
05-07 16:44:33.965 2625 2691 I HoneySpace.TaskbarEventTracker: invokeEvent() called with: event = NavButtonsDarkIntensityChanged(darkIntensity=1.0)
05-07 16:44:33.965 1144 1144 I Layer : Layer::reparent [e637420 org.qtproject.example.hellogles3/org.qtproject.qt.android.bindings.QtActivity#4376] End -------------------------
05-07 16:44:33.965 25153 25171 I OpenGLRenderer: Davey! duration=2583ms; Flags=1, FrameTimelineVsyncId=1308302, IntendedVsync=78901396059939, Vsync=78901485171059, InputEventId=0, HandleInputStart=78901490931045, AnimationStart=78901490940264, PerformTraversalsStart=78901490943962, DrawStart=78901541001618, FrameDeadline=78901413282161, FrameInterval=78901490495264, FrameStartTime=11138890, SyncQueued=78901542188857, SyncStart=78901542295003, IssueDrawCommandsStart=78901542642816, SwapBuffers=78903977870679, FrameCompleted=78903979368752, DequeueBufferDuration=16979, QueueBufferDuration=539688, GpuCompleted=78903979066565, SwapBuffersCompleted=78903979368752, DisplayPresentTime=35192964754315, CommandSubmissionCompleted=78903977870679,
05-07 16:44:33.965 2283 2471 I BLASTBufferQueue_Java: update, w= 1200 h= 1920 mName = ViewRootImpl@94fa928[hellogles3] mNativeObject= 0xb4000078887cfc00 sc.mNativeObject= 0xb4000078842c9740 format= -3 caller= android.view.ViewRootImpl.updateBlastSurfaceIfNeeded:3004 android.view.ViewRootImpl.relayoutWindow:10060 android.view.ViewRootImpl.performTraversals:4092 android.view.ViewRootImpl.doTraversal:3275 android.view.ViewRootImpl$TraversalRunnable.run:11268 android.view.Choreographer$CallbackRecord.run:1650
05-07 16:44:33.966 2283 2471 I ViewRootImpl@94fa928[hellogles3]: Relayout returned: old=(0,0,1200,1920) new=(0,0,1200,1920) relayoutAsync=false req=(1200,1920)0 dur=7 res=0x400 s={true 0xb40000787f957800} ch=false seqId=0
05-07 16:44:33.967 2625 2625 I HoneySpace.TaskbarPot: HandleNavigationBarEvent: ON_APPEARANCE_CHANGED
05-07 16:44:33.967 2625 2625 I HoneySpace.TaskbarPot: updateAppearance appearance:0
05-07 16:44:33.969 2283 2954 I ViewRootImpl@94fa928[hellogles3]: mWNT: t=0xb40000789f2a8080 mBlastBufferQueue=0xb4000078887cfc00 fn= 2 caller= android.view.ViewRootImpl$6.onFrameDraw:5582 android.view.ViewRootImpl$2.onFrameDraw:2131 android.view.ThreadedRenderer$1.onFrameDraw:788
05-07 16:44:33.969 2283 2954 I ViewRootImpl@94fa928[hellogles3]: mWNT: t=0xb40000789f2a9b80 mBlastBufferQueue=0xb4000078887cfc00 fn= 2 caller= android.view.SyncRtSurfaceTransactionApplier.applyTransaction:96 android.view.SyncRtSurfaceTransactionApplier.lambda$scheduleApply$0:69 android.view.SyncRtSurfaceTransactionApplier.$r8$lambda$SgowXC58rj3PR958kHUfRgLZmvE:0
05-07 16:44:33.969 2283 2954 I ViewRootImpl@94fa928[hellogles3]: mWNT: t=0xb40000789f3a1f80 mBlastBufferQueue=0xb4000078887cfc00 fn= 2 caller= android.view.SyncRtSurfaceTransactionApplier.applyTransaction:96 android.view.SyncRtSurfaceTransactionApplier.lambda$scheduleApply$0:69 android.view.SyncRtSurfaceTransactionApplier.$r8$lambda$SgowXC58rj3PR958kHUfRgLZmvE:0
05-07 16:44:33.970 25153 25153 I InsetsSourceConsumer: applyRequestedVisibilityToControl: visible=true, type=navigationBars, host=org.qtproject.example.hellogles3/org.qtproject.qt.android.bindings.QtActivity
05-07 16:44:33.970 1009 25255 I QC2C2DEngine: calcYSize: unsupported or RGB color format, RGBA8888(1)
05-07 16:44:33.971 25153 25153 I InsetsSourceConsumer: applyRequestedVisibilityToControl: visible=true, type=statusBars, host=org.qtproject.example.hellogles3/org.qtproject.qt.android.bindings.QtActivity
05-07 16:44:33.972 1349 1378 D InputDispatcher: Focus entered window (0): e637420 org.qtproject.example.hellogles3/org.qtproject.qt.android.bindings.QtActivity
05-07 16:44:33.975 972 23421 I sensors-hal: handle_sns_client_event:44, ambient_light_event: ts=521079669268453, event=616.000000
05-07 16:44:33.976 25153 25153 I ViewRootImpl@f9c5125[QtActivity]: handleWindowFocusChanged: 1 0 call from android.view.ViewRootImpl.-$$Nest$mhandleWindowFocusChanged:0
05-07 16:44:33.978 25153 25153 D ViewRootImpl@f9c5125[QtActivity]: mThreadedRenderer.initializeIfNeeded()#2 mSurface={isValid=true 0xb4000078c07a8000}
05-07 16:44:33.978 2283 2471 I ViewRootImpl@94fa928[hellogles3]: registerCallbackForPendingTransactions
05-07 16:44:33.978 14414 14414 I A : onStop
05-07 16:44:33.978 2625 2691 I HoneySpace.TaskbarEventTracker: invokeEvent() called with: event = NavButtonsDarkIntensityChanged(darkIntensity=1.0)
05-07 16:44:33.979 1349 1723 I ActivityManager: Changes in 10103 2 to 5, 63 to 56
05-07 16:44:33.981 25153 25153 D InputMethodManagerUtils: startInputInner - Id : 0
05-07 16:44:33.981 25153 25153 I InputMethodManager: startInputInner - IInputMethodManagerGlobalInvoker.startInputOrWindowGainedFocus
05-07 16:44:33.982 1349 1378 I AppWidgetServiceImpl: stopListening callbacks : null
05-07 16:44:33.982 2625 2625 I ViewRootImpl@6223ebf[LauncherActivity]: stopped(true) old = false
05-07 16:44:33.983 1349 2554 D CompatibilityChangeReporter: Compat change id reported: 214016041; UID 10257; state: ENABLED
05-07 16:44:33.983 1349 2554 D InputMethodManagerService: setWindowStateInner, windowToken=android.os.BinderProxy@6dd723, state=ImeTargetWindowState{ imeToken null imeFocusChanged true hasEditorFocused false requestedImeVisible false imeDisplayId 0 softInputModeState STATE_UNSPECIFIED|ADJUST_PAN|IS_FORWARD_NAVIGATION isStartInputByGainFocus true}
05-07 16:44:33.983 1349 2554 V InputMethodManagerService: Unspecified window will hide input
05-07 16:44:33.983 1349 2554 V InputMethodManagerService: applyImeVisibility state=6
05-07 16:44:33.983 1349 2554 I ImeTracker: org.qtproject.example.hellogles3:81d8b630: onRequestHide at ORIGIN_SERVER_HIDE_INPUT reason HIDE_UNSPECIFIED_WINDOW
05-07 16:44:33.983 1349 2554 D InputMethodManagerService: setWindowStateInner, windowToken=android.os.BinderProxy@6dd723, state=ImeTargetWindowState{ imeToken android.os.Binder@8e0dee3 imeFocusChanged true hasEditorFocused false requestedImeVisible false imeDisplayId 0 softInputModeState STATE_UNSPECIFIED|ADJUST_PAN|IS_FORWARD_NAVIGATION isStartInputByGainFocus true}
05-07 16:44:33.984 1349 2554 I ImeTracker: org.qtproject.example.hellogles3:81d8b630: onCancelled at PHASE_SERVER_SHOULD_HIDE
05-07 16:44:33.984 1349 2554 V InputMethodManagerService: hideCurrentInputLocked : canceled, shouldHideSoftInput=false, mInputShown=false, mImeWindowVis=0
05-07 16:44:33.984 1349 2554 D InputMethodManagerService: DESKTOP MODE! : 2
05-07 16:44:33.984 1349 2554 D InputMethodManagerService: NOT IN KNOX DESKTOP MODE!
05-07 16:44:33.984 1349 2554 V InputMethodManagerService: getDisplayIdOfInputMethodWindowToBeAdded: displayId=0
05-07 16:44:33.985 2283 2955 I ViewRootImpl@94fa928[hellogles3]: mWNT: t=0xb40000789f3e4900 mBlastBufferQueue=0xb4000078887cfc00 fn= 3 caller= android.view.SyncRtSurfaceTransactionApplier.applyTransaction:96 android.view.SyncRtSurfaceTransactionApplier.lambda$scheduleApply$0:69 android.view.SyncRtSurfaceTransactionApplier.$r8$lambda$SgowXC58rj3PR958kHUfRgLZmvE:0
05-07 16:44:33.985 2283 2955 I ViewRootImpl@94fa928[hellogles3]: mWNT: t=0xb40000789f3e4a80 mBlastBufferQueue=0xb4000078887cfc00 fn= 3 caller= android.view.ViewRootImpl$6.onFrameDraw:5582 android.view.ViewRootImpl$2.onFrameDraw:2131 android.view.ThreadedRenderer$1.onFrameDraw:788
05-07 16:44:33.985 2625 2625 I HoneySpace.Launcher: !@Boot_EBS_D: Launcher.onStop()
05-07 16:44:33.986 2625 2625 I HoneySpace.OneUiSpace: onSaveInstanceState honeyScreen=ob.k0@38e8c55
05-07 16:44:33.985 1349 2554 V InputMethodManagerService: Creating new session for client ClientState{fd20f99 mUid=10257 mPid=25153 mSelfReportedDisplayId=0}
05-07 16:44:33.986 1349 2554 D InputTransport: Input channel constructed: 'ClientS', fd=802
05-07 16:44:33.986 1349 2554 D InputTransport: Input channel constructed: 'ClientS', fd=880
05-07 16:44:33.987 1349 2554 D InputTransport: Input channel destroyed: 'ClientS', fd=880
05-07 16:44:33.987 1349 6925 I ActivityManager: Changes in 99019 5 to 10, 56 to 0
05-07 16:44:33.989 2597 2597 D HidDeviceService: handleMessage(): msg.what=8
05-07 16:44:33.992 1349 6925 D InputMethodManagerService: isImeSwitcherDisabledPackage : false
05-07 16:44:33.992 1349 6925 D InputMethodManagerService: shouldShowImeSwitcherLocked : checking vis : 3
05-07 16:44:33.993 1349 6925 D InputMethodManagerService: checkDisplayOfStartInputAndUpdateKeyboard: displayId=0, mFocusedDisplayId=0
05-07 16:44:33.994 2625 2691 I HoneySpace.TaskbarEventTracker: invokeEvent() called with: event = NavButtonsDarkIntensityChanged(darkIntensity=0.7172242)
05-07 16:44:33.995 28251 28251 I HBD : HoneyBoardService onFinishInput
05-07 16:44:33.995 1349 6925 D InputTransport: Input channel constructed: 'ClientS', fd=797
05-07 16:44:33.996 1349 6925 D InputTransport: Input channel destroyed: 'ClientS', fd=797
05-07 16:44:33.996 28251 28251 I HBD : a IC have been unbinding, RemoteInputConnection{idHash=#9c21aab}
05-07 16:44:33.996 28251 28251 I HBD : HoneyBoardService [PF_CL][onFinishInput] 1 ms
05-07 16:44:33.996 28251 28251 I HBD : HoneyBoardService [IMI] onStartInput - caller pid : 25153 , caller uid : 10257
05-07 16:44:33.996 28251 28251 I HBD : j updateConfigs
05-07 16:44:33.996 28251 28251 I HBD : j isEnabledNightMode : false
05-07 16:44:33.996 28251 28251 I HBD : a IC have been binding, RemoteInputConnection{idHash=#707a508}
05-07 16:44:33.996 1144 1144 D SurfaceFlinger: Display 4630946835308409729 HWC layers:
05-07 16:44:33.996 1144 1144 D SurfaceFlinger: DEVICE | 0xb400006fbcf8c680 | 0102 | RGBA_8888 | 0.0 0.0 1200.0 1920.0 | 0 0 1200 1920 | org.qtproject.example.hellogles3/org[...]roid.bindings.QtActivity$_25153#4377
05-07 16:44:33.996 1144 1144 D SurfaceFlinger: CLIENT | 0xb400006fbcf8a2a0 | 0100 | RGBA_8888 | 0.0 0.0 1200.0 1920.0 | 0 0 1200 1920 | Splash Screen org.qtproject.example.hellogles3$_2283#4359
05-07 16:44:33.996 1144 1144 D SurfaceFlinger: CLIENT | 0xb400006fb0fb6440 | 0100 | RGBA_8888 | 0.0 0.0 1200.0 36.0 | 0 0 1200 36 | StatusBar$_2283#84
05-07 16:44:33.996 1144 1144 D SurfaceFlinger: CLIENT | 0xb400006fbcf8b3b0 | 0100 | RGBA_8888 | 0.0 0.0 67.0 207.0 | 1133 432 1200 639 | com.sec.android.app.launcher/com.sam[...]e.edge.CocktailBarService$_2625#4278
05-07 16:44:33.996 1144 1144 D SurfaceFlinger: CLIENT | 0xb400006fbcf8b570 | 0100 | RGBA_8888 | 0.0 0.0 1200.0 72.0 | 0 1848 1200 1920 | TaskbarWindow$_2625#544
05-07 16:44:33.996 1144 1144 D SurfaceFlinger: CLIENT | 0xb400006fbcf8aaf0 | 0100 | RGBA_8888 | 0.0 0.0 1200.0 1920.0 | 0 0 1200 1920 | PointerLocation - display 0#3661
05-07 16:44:33.996 1144 1144 D SurfaceFlinger:
05-07 16:44:33.996 28251 28251 I HBD : h [EditorInputType]setPrivateImeOptionsToTable privateImeOptions ( null )
05-07 16:44:33.996 28251 28251 I HBD : b incognitoMode : false
05-07 16:44:33.996 1349 9382 D RestrictionPolicy: isScreenCaptureEnabled : ret=true userId=0
05-07 16:44:33.997 28251 28251 I HBD : b needOff = true , isForceOff = false, isNullInputClass : true
05-07 16:44:33.997 28251 28251 I HBD : h getDefaultInputRange : UNKNOWN
05-07 16:44:33.997 28251 28251 I HBD : h getDefaultInputRange : UNKNOWN
05-07 16:44:33.997 28251 28251 I HBD : h getDefaultInputRange : UNKNOWN
05-07 16:44:33.998 1349 9382 I WindowManager: Cancelling animation restarting=true, leash=Surface(name=Surface(name=aefdedd InputMethod)/@0xe297123 - animation-leash of insets_animation)/@0x10ab2d5
05-07 16:44:33.998 1349 9382 I WindowManager: Reparenting to original parent: Surface(name=WindowToken{ac6255b type=2011 android.os.Binder@9b1ec6a})/@0xc300620, destroy=false, surface=Surface(name=aefdedd InputMethod)/@0xe297123
05-07 16:44:33.998 1349 9382 I WindowManager: Reparenting to leash, surface=Surface(name=aefdedd InputMethod)/@0xe297123, leashParent=Surface(name=WindowToken{ac6255b type=2011 android.os.Binder@9b1ec6a})/@0xc300620
05-07 16:44:33.999 1144 1221 I SurfaceFlinger: id=4503 createSurf, flag=24004, Surface(name=aefdedd InputMethod)/@0xe297123 - animation-leash of insets_animation#4503
05-07 16:44:34.001 2283 2954 I ViewRootImpl@94fa928[hellogles3]: mWNT: t=0xb40000789f3e5500 mBlastBufferQueue=0xb4000078887cfc00 fn= 4 caller= android.view.SyncRtSurfaceTransactionApplier.applyTransaction:96 android.view.SyncRtSurfaceTransactionApplier.lambda$scheduleApply$0:69 android.view.SyncRtSurfaceTransactionApplier.$r8$lambda$SgowXC58rj3PR958kHUfRgLZmvE:0
05-07 16:44:34.002 1009 25255 I QC2C2DEngine: calcYSize: unsupported or RGB color format, RGBA8888(1)
05-07 16:44:34.004 1349 9382 D WindowManager: makeSurface duration=5 leash=Surface(name=Surface(name=aefdedd InputMethod)/@0xe297123 - animation-leash of insets_animation)/@0x954566a
05-07 16:44:34.004 1349 9382 D InsetsSourceProvider: updateControlForTarget: control=InsetsSourceControl: {3 mType=ime mSurfacePosition=Point(312, 1848) mInsetsHint=Insets{left=0, top=0, right=0, bottom=561}}, target=Window{e637420 u0 org.qtproject.example.hellogles3/org.qtproject.qt.android.bindings.QtActivity}, from=com.android.server.wm.ImeInsetsSourceProvider.updateControlForTarget:164 com.android.server.wm.InsetsStateController.onControlTargetChanged:358 com.android.server.wm.InsetsStateController.onImeControlTargetChanged:302 com.android.server.wm.DisplayContent.updateImeControlTarget:5728 com.android.server.wm.DisplayContent.updateImeInputAndControlTarget:5688
05-07 16:44:34.004 2625 2691 I HoneySpace.TaskbarEventTracker: invokeEvent() called with: event = NavButtonsDarkIntensityChanged(darkIntensity=0.5300882)
05-07 16:44:34.004 2283 2955 I ViewRootImpl@94fa928[hellogles3]: mWNT: t=0xb40000789f3e5680 mBlastBufferQueue=0xb4000078887cfc00 fn= 5 caller= android.view.SyncRtSurfaceTransactionApplier.applyTransaction:96 android.view.SyncRtSurfaceTransactionApplier.lambda$scheduleApply$0:69 android.view.SyncRtSurfaceTransactionApplier.$r8$lambda$SgowXC58rj3PR958kHUfRgLZmvE:0
05-07 16:44:34.004 3478 3478 W ContextImpl: Calling a method in the system process without a qualified user: android.app.ContextImpl.sendBroadcast:1281 android.content.ContextWrapper.sendBroadcast:513 com.android.camerasaver.BootCameraService$1.run:65 android.os.Handler.handleCallback:958 android.os.Handler.dispatchMessage:99
05-07 16:44:34.005 28251 28251 I HBD : b needOff = true , isForceOff = false, isNullInputClass : true
05-07 16:44:34.005 28251 28251 I HBD : b update cached prediction status : false
05-07 16:44:34.005 28251 28251 I HBD : h getDefaultInputRange : UNKNOWN
05-07 16:44:34.005 28251 28251 I HBD : a currentState : 0
05-07 16:44:34.005 28251 28251 I HBD : a [UpdatePolicy] [post] a: 0 cl: 65538 kit: [0/0] vt: 0 ir: 1
05-07 16:44:34.007 1349 2554 E ActivityManager: Sending non-protected broadcast com.sec.android.app.camera.action.camerasaver.update from system 3478:com.sec.android.app.camerasaver/1000 pkg com.sec.android.app.camerasaver
05-07 16:44:34.007 1349 2554 E ActivityManager: java.lang.Throwable
05-07 16:44:34.007 1349 2554 E ActivityManager: at com.android.server.am.ActivityManagerService.checkBroadcastFromSystem(ActivityManagerService.java:16992)
05-07 16:44:34.007 1349 2554 E ActivityManager: at com.android.server.am.ActivityManagerService.broadcastIntentLockedTraced(ActivityManagerService.java:17937)
05-07 16:44:34.007 1349 2554 E ActivityManager: at com.android.server.am.ActivityManagerService.broadcastIntentLocked(ActivityManagerService.java:17080)
05-07 16:44:34.007 1349 2554 E ActivityManager: at com.android.server.am.ActivityManagerService.broadcastIntentLocked(ActivityManagerService.java:17057)
05-07 16:44:34.007 1349 2554 E ActivityManager: at com.android.server.am.ActivityManagerService.broadcastIntentWithFeature(ActivityManagerService.java:18164)
05-07 16:44:34.007 1349 2554 E ActivityManager: at android.app.IActivityManager$Stub.onTransact$broadcastIntentWithFeature$(IActivityManager.java:11664)
05-07 16:44:34.007 1349 2554 E ActivityManager: at android.app.IActivityManager$Stub.onTransact(IActivityManager.java:2966)
05-07 16:44:34.007 1349 2554 E ActivityManager: at com.android.server.am.ActivityManagerService.onTransact(ActivityManagerService.java:3198)
05-07 16:44:34.007 1349 2554 E ActivityManager: at android.os.Binder.execTransactInternal(Binder.java:1375)
05-07 16:44:34.007 1349 2554 E ActivityManager: at android.os.Binder.execTransact(Binder.java:1311)
05-07 16:44:34.011 25153 25153 D InputMethodManagerUtils: startInputInner - Id : 0
05-07 16:44:34.012 28251 28251 I HBD : a [NRIC] resetNoResponseState
05-07 16:44:34.012 28251 28251 I HBD : b needOff = true , isForceOff = false, isNullInputClass : true
05-07 16:44:34.012 28251 28251 I HBD : b update cached prediction status : false
05-07 16:44:34.013 28251 28251 I HBD : HoneyBoardService [PF_OP][onStartInput] 17 ms
05-07 16:44:34.014 1349 1378 E WindowManager: win=Window{15b7be u0 com.sec.android.app.launcher/com.sec.android.app.launcher.activities.LauncherActivity} destroySurfaces: appStopped=true cleanupOnResume=false win.mWindowRemovalAllowed=false win.mRemoveOnExit=false win.mViewVisibility=8 caller=com.android.server.wm.ActivityRecord.destroySurfaces:6907 com.android.server.wm.ActivityRecord.destroySurfaces:6888 com.android.server.wm.ActivityRecord.activityStopped:7597 com.android.server.wm.ActivityClientController.activityStopped:310 android.app.IActivityClientController$Stub.onTransact:702 com.android.server.wm.ActivityClientController.onTransact:175 android.os.Binder.execTransactInternal:1380
05-07 16:44:34.014 1349 1378 I WindowManager: Destroying surface Surface(name=com.sec.android.app.launcher/com.sec.android.app.launcher.activities.LauncherActivity$_2625)/@0xe596f36 called by com.android.server.wm.WindowStateAnimator.destroySurface:799 com.android.server.wm.WindowStateAnimator.destroySurfaceLocked:472 com.android.server.wm.WindowState.destroySurfaceUnchecked:4154 com.android.server.wm.WindowState.destroySurface:4128 com.android.server.wm.ActivityRecord.destroySurfaces:6907 com.android.server.wm.ActivityRecord.destroySurfaces:6888 com.android.server.wm.ActivityRecord.activityStopped:7597 com.android.server.wm.ActivityClientController.activityStopped:310
05-07 16:44:34.017 25153 25223 D libhellogles3_arm64-v8a.so: Requesting 3.0 context
05-07 16:44:34.018 1144 1144 I Layer : Layer::reparent [ImeContainer#13] newParent : ActivityRecord{4c44815 u0 org.qtproject.example.hellogles3/org.qtproject.qt.android.bindings.QtActivity t38}#4357 , isRemovedFromCurrentState : 0 -------------------------
05-07 16:44:34.019 1144 1144 I Layer : Layer::reparent [ImeContainer#13] End -------------------------
05-07 16:44:34.019 1144 1144 I Layer : Layer::reparent [aefdedd InputMethod#1388] newParent : Surface(name=aefdedd InputMethod)/@0xe297123 - animation-leash of insets_animation#4503 , isRemovedFromCurrentState : 0 -------------------------
05-07 16:44:34.019 1144 1144 I Layer : Layer::reparent [aefdedd InputMethod#1388] End -------------------------
05-07 16:44:34.019 1144 1144 I Layer : Layer::reparent [Surface(name=aefdedd InputMethod)/@0xe297123 - animation-leash of insets_animation#4354] newParentHandle : null -------------------------
05-07 16:44:34.019 1144 1144 I Layer : id=4354 removeFromCurrentState Surface(name=aefdedd InputMethod)/@0xe297123 - animation-leash of insets_animation#4354 (247)
05-07 16:44:34.019 1144 1144 I Layer : Layer::reparent [Surface(name=aefdedd InputMethod)/@0xe297123 - animation-leash of insets_animation#4354] End -------------------------
05-07 16:44:34.019 1144 1144 I Layer : Layer::reparent [com.sec.android.app.launcher/com.sec.android.app.launcher.activities.LauncherActivity$_2625#4349] newParentHandle : null -------------------------
05-07 16:44:34.019 1144 1144 I Layer : id=4349 removeFromCurrentState com.sec.android.app.launcher/com.sec.android.app.launcher.activities.LauncherActivity$_2625#4349 (247)
05-07 16:44:34.019 1144 1144 I Layer : Layer::reparent [com.sec.android.app.launcher/com.sec.android.app.launcher.activities.LauncherActivity$_2625#4349] End -------------------------
05-07 16:44:34.022 1144 1144 I Layer : id=4404 Destroyed Surface(name=aefdedd InputMethod)/@0xe297123 - animation-leash of insets_animation#4354 (Mirror)#4404
05-07 16:44:34.022 1009 25255 I QC2C2DEngine: calcYSize: unsupported or RGB color format, RGBA8888(1)
05-07 16:44:34.023 1349 1732 D CompatibilityChangeReporter: Compat change id reported: 135634846; UID 10081; state: DISABLED
05-07 16:44:34.023 1349 1732 D CompatibilityChangeReporter: Compat change id reported: 177438394; UID 10081; state: DISABLED
05-07 16:44:34.023 1349 1732 D CompatibilityChangeReporter: Compat change id reported: 135772972; UID 10081; state: DISABLED
05-07 16:44:34.023 1349 1732 D CompatibilityChangeReporter: Compat change id reported: 135754954; UID 10081; state: ENABLED
05-07 16:44:34.024 1349 1733 D CompatibilityChangeReporter: Compat change id reported: 143937733; UID 10081; state: ENABLED
05-07 16:44:34.025 1144 1144 I SurfaceFlinger: id=4354 Removed Surface(name=aefdedd InputMethod)/@0xe297123 - animation-leash of insets_animation#4354 (247)
05-07 16:44:34.026 1349 1720 D PkgPredictorService-SecIpmManagerServiceImpl: bg information pid:2625 uid:10103 pkgName:com.sec.android.app.launcher
05-07 16:44:34.027 1349 1720 D ScreenCurtainController: onForegroundActivitiesChanged: org.qtproject.example.hellogles3
05-07 16:44:34.027 1144 1144 I Layer : id=4401 Destroyed com.sec.android.app.launcher/com.sec.android.app.launcher.activities.LauncherActivity$_2625#4349 (Mirror)#4401
05-07 16:44:34.028 1349 4239 D AutoRotationHandler: not support this mode
05-07 16:44:34.030 1349 6925 V WindowManager: Relayout Window{d3a9a64 u0 Splash Screen org.qtproject.example.hellogles3}: viewVisibility=8 req=1200x1920 ty=3 d0
05-07 16:44:34.030 1349 6925 D WindowManager: updateSystemBarAttributes: displayId=0, win=Window{e637420 u0 org.qtproject.example.hellogles3/org.qtproject.qt.android.bindings.QtActivity}, navColorWin=Window{e637420 u0 org.qtproject.example.hellogles3/org.qtproject.qt.android.bindings.QtActivity}, focusedCanBeNavColorWin=false, behavior=1, appearance=16, statusBarAppearanceRegions=[AppearanceRegion{ bounds=[0,0][1200,1920]}], requestedVisibilities=-9, from=com.android.server.wm.DisplayPolicy.finishPostLayoutPolicyLw:2310 com.android.server.wm.DisplayContent.applySurfaceChangesTransaction:6135 com.android.server.wm.RootWindowContainer.applySurfaceChangesTransaction:1171
05-07 16:44:34.031 1144 1221 I SurfaceFlinger: id=4349 Removed com.sec.android.app.launcher/com.sec.android.app.launcher.activities.LauncherActivity$_2625#4349 (246)
05-07 16:44:34.032 1349 6925 V WindowManager: Relayout hash=d3a9a64, pid=2283, syncId=-1: mAttrs={(0,0)(fillxfill) sim={adjust=pan} ty=APPLICATION_STARTING fmt=TRANSLUCENT wanim=0x10302f2 alpha=0.0
05-07 16:44:34.032 1349 6925 V WindowManager: fl=81030118
05-07 16:44:34.032 1349 6925 V WindowManager: pfl=16000010
05-07 16:44:34.032 1349 6925 V WindowManager: bhv=DEFAULT
05-07 16:44:34.032 1349 6925 V WindowManager: fitSides= naviIconColor=0}
05-07 16:44:34.033 2283 2471 I InsetsController: onStateChanged: host=Splash Screen org.qtproject.example.hellogles3, from=android.view.ViewRootImpl.relayoutWindow:10001, state=InsetsState: {mDisplayFrame=Rect(0, 0 - 1200, 1920), mDisplayCutout=DisplayCutout{insets=Rect(0, 0 - 0, 0) waterfall=Insets{left=0, top=0, right=0, bottom=0} boundingRect={Bounds=[Rect(0, 0 - 0, 0), Rect(0, 0 - 0, 0), Rect(0, 0 - 0, 0), Rect(0, 0 - 0, 0)]} cutoutPathParserInfo={CutoutPathParserInfo{displayWidth=0 displayHeight=0 physicalDisplayWidth=0 physicalDisplayHeight=0 density={0.0} cutoutSpec={} rotation={0} scale={0.0} physicalPixelDisplaySizeRatio={0.0}}}}, mRoundedCorners=RoundedCorners{[RoundedCorner{position=TopLeft, radius=20, center=Point(20, 20)}, RoundedCorner{position=TopRight, radius=20, center=Point(1180, 20)}, RoundedCorner{position=BottomRight, radius=20, center=Point(1180, 1900)}, RoundedCorner{position=BottomLeft, radius=20, center=Point(20, 1900)}]} mRoundedCornerFrame=Rect(0, 0 - 1200, 1920), mPrivacyIndicatorBounds=PrivacyIndicatorBounds {static bounds=Rect(1134, 0 - 1200, 36) rotation=0}, mDisplayShape=DisplayShape{ spec=1237991957 displayWidth=1200 displayHeight=1920 physicalPixelDisplaySizeRatio=1.0 rotation=0 offsetX=0 offsetY=0 scale=1.0}, mSources= { InsetsSource: {8d230000 mType=statusBars mFrame=[0,0][1200,36] mVisible=true mFlags=[]}, InsetsSource: {8d230005 mType=mandatorySystemGestures mFrame=[0,0][1200,36] mVisible=true mFlags=[]}, InsetsSource: {8d230006 mType=tappableElement mFrame=[0,0][1200,36] mVisible=true mFlags=[]}, InsetsSource: {3 mType=ime mFrame=[0,0][0,0] mVisible=false mFlags=[]}, InsetsSource: {caf0001 mType=navigationBars mFrame=[0,1848][1200,1920] mVisible=true mFlags=[]}, InsetsSource: {caf0004 mType=systemGestures mFrame=[0,0][0,0] mVisible=true mFlags=[]}, InsetsSource: {caf0005 mType=mandatorySystemGestures mFrame=[0,1848][1200,1920] mVisible=true mFlags=[]}, InsetsSource: {caf0006 mType=tappableElement mFrame=[0,1848][1200,1920] mVisible=true mFlags=[]}, InsetsSource: {caf0024 mType=systemGestures mFrame=[0,0][0,0] mVisible=true mFlags=[]} }
05-07 16:44:34.033 2283 2471 I ViewRootImpl@94fa928[hellogles3]: Relayout returned: old=(0,0,1200,1920) new=(0,0,1200,1920) relayoutAsync=false req=(1200,1920)8 dur=4 res=0x402 s={false 0x0} ch=true seqId=0
05-07 16:44:34.033 2283 2471 W WindowOnBackDispatcher: sendCancelIfRunning: isInProgress=falsecallback=android.view.ViewRootImpl$$ExternalSyntheticLambda21@4447540
05-07 16:44:34.033 2283 2471 I ViewRootImpl@94fa928[hellogles3]: dispatchDetachedFromWindow
05-07 16:44:34.033 1349 9382 D WindowManager: Starting window removed Window{d3a9a64 u0 Splash Screen org.qtproject.example.hellogles3}
05-07 16:44:34.033 1349 9382 I WindowManager: Cancelling animation restarting=false, leash=Surface(name=Surface(name=e637420 org.qtproject.example.hellogles3/org.qtproject.qt.android.bindings.QtActivity)/@0xab51561 - animation-leash of starting_reveal)/@0x5a3d886
05-07 16:44:34.033 1349 9382 I WindowManager: Reparenting to original parent: Surface(name=ActivityRecord{4c44815 u0 org.qtproject.example.hellogles3/org.qtproject.qt.android.bindings.QtActivity t38})/@0x38f8d0, destroy=false, surface=Surface(name=e637420 org.qtproject.example.hellogles3/org.qtproject.qt.android.bindings.QtActivity)/@0xab51561
05-07 16:44:34.034 1349 9382 D InputTransport: Input channel destroyed: 'd3a9a64', fd=667
05-07 16:44:34.034 1349 9382 W InputManager-JNI: Input channel object 'd3a9a64 Splash Screen org.qtproject.example.hellogles3 (client)' was disposed without first being removed with the input manager!
05-07 16:44:34.034 1349 9382 D InputTransport: Input channel destroyed: 'd3a9a64', fd=712
05-07 16:44:34.034 1349 9382 V WindowManager: Remove Window{d3a9a64 u0 Splash Screen org.qtproject.example.hellogles3}: mSurfaceController=Surface(name=Splash Screen org.qtproject.example.hellogles3$_2283)/@0xda91109 mAnimatingExit=false mRemoveOnExit=false mHasSurface=true surfaceShowing=false animating=false app-animation=false mDisplayFrozen=false callers=com.android.server.wm.WindowManagerService.removeWindow:2149 com.android.server.wm.Session.remove:245 android.view.IWindowSession$Stub.onTransact:725 com.android.server.wm.Session.onTransact:192 android.os.Binder.execTransactInternal:1380 android.os.Binder.execTransact:1311
05-07 16:44:34.034 1349 9382 I WindowManager: Destroying surface Surface(name=Splash Screen org.qtproject.example.hellogles3$_2283)/@0xda91109 called by com.android.server.wm.WindowStateAnimator.destroySurface:799 com.android.server.wm.WindowStateAnimator.destroySurfaceLocked:472 com.android.server.wm.WindowState.removeImmediately:2911 com.android.server.wm.WindowState.removeIfPossible:3173 com.android.server.wm.WindowManagerService.removeWindow:2149 com.android.server.wm.Session.remove:245 android.view.IWindowSession$Stub.onTransact:725 com.android.server.wm.Session.onTransact:192
05-07 16:44:34.036 2625 2691 I HoneySpace.TaskbarEventTracker: invokeEvent() called with: event = NavButtonsDarkIntensityChanged(darkIntensity=0.1953811)
05-07 16:44:34.038 25153 25153 I InsetsController: onStateChanged: host=org.qtproject.example.hellogles3/org.qtproject.qt.android.bindings.QtActivity, from=android.view.ViewRootImpl$ViewRootHandler.handleMessageImpl:7134, state=InsetsState: {mDisplayFrame=Rect(0, 0 - 1200, 1920), mDisplayCutout=DisplayCutout{insets=Rect(0, 0 - 0, 0) waterfall=Insets{left=0, top=0, right=0, bottom=0} boundingRect={Bounds=[Rect(0, 0 - 0, 0), Rect(0, 0 - 0, 0), Rect(0, 0 - 0, 0), Rect(0, 0 - 0, 0)]} cutoutPathParserInfo={CutoutPathParserInfo{displayWidth=0 displayHeight=0 physicalDisplayWidth=0 physicalDisplayHeight=0 density={0.0} cutoutSpec={} rotation={0} scale={0.0} physicalPixelDisplaySizeRatio={0.0}}}}, mRoundedCorners=RoundedCorners{[RoundedCorner{position=TopLeft, radius=20, center=Point(20, 20)}, RoundedCorner{position=TopRight, radius=20, center=Point(1180, 20)}, RoundedCorner{position=BottomRight, radius=20, center=Point(1180, 1900)}, RoundedCorner{position=BottomLeft, radius=20, center=Point(20, 1900)}]} mRoundedCornerFrame=Rect(0, 0 - 1200, 1920), mPrivacyIndicatorBounds=PrivacyIndicatorBounds {static bounds=Rect(1134, 0 - 1200, 36) rotation=0}, mDisplayShape=DisplayShape{ spec=1237991957 displayWidth=1200 displayHeight=1920 physicalPixelDisplaySizeRatio=1.0 rotation=0 offsetX=0 offsetY=0 scale=1.0}, mSources= { InsetsSource: {8d230000 mType=statusBars mFrame=[0,0][1200,36] mVisible=true mFlags=[]}, InsetsSource: {8d230005 mType=mandatorySystemGestures mFrame=[0,0][1200,36] mVisible=true mFlags=[]}, InsetsSource: {8d230006 mType=tappableElement mFrame=[0,0][1200,36] mVisible=true mFlags=[]}, InsetsSource: {3 mType=ime mFrame=[0,0][0,0] mVisible=false mFlags=[]}, InsetsSource: {caf0001 mType=navigationBars mFrame=[0,1848][1200,1920] mVisible=true mFlags=[]}, InsetsSource: {caf0004 mType=systemGestures mFrame=[0,0][0,0] mVisible=true mFlags=[]}, InsetsSource: {caf0005 mType=mandatorySystemGestures mFrame=[0,1848][1200,1920] mVisible=true mFlags=[]}, InsetsSource: {caf0006 mType=tappableElement mFrame=[0,1848][1200,1920] mVisible=true mFlags=[]}, InsetsSource: {caf0024 mType=systemGestures mFrame=[0,0][0,0] mVisible=true mFlags=[]} }
05-07 16:44:34.041 2283 2471 D InputTransport: Input channel destroyed: 'd3a9a64', fd=385
05-07 16:44:34.041 1349 6925 W WindowManager: Failed looking up window session=Session{c633946 2283:u0a10047} callers=com.android.server.wm.WindowManagerService.windowForClientLocked:6651 com.android.server.wm.Session.setOnBackInvokedCallbackInfo:1087 android.view.IWindowSession$Stub.onTransact:1281
05-07 16:44:34.041 1349 6925 I WindowManager: setOnBackInvokedCallback(): No window state for package:com.android.systemui
05-07 16:44:34.042 25153 25153 I InsetsSourceConsumer: applyRequestedVisibilityToControl: visible=false, type=ime, host=org.qtproject.example.hellogles3/org.qtproject.qt.android.bindings.QtActivity
05-07 16:44:34.046 1349 1900 D CompatibilityChangeReporter: Compat change id reported: 265195908; UID 10081; state: ENABLED
05-07 16:44:34.047 1349 9382 D InputMethodManagerService: isImeSwitcherDisabledPackage : false
05-07 16:44:34.048 1384 1384 I CameraService: onUidStateChanged: uid=10047, procState is changed. (1 -> 0)
05-07 16:44:34.048 28251 28251 I InputMethodService: scheduleImeSurfaceRemoval: removeImeSurface is posted.
05-07 16:44:34.048 872 872 D Zygote : Forked child process 25271
05-07 16:44:34.049 2597 2597 D HidDeviceService: handleMessage(): msg.what=8
05-07 16:44:34.049 1349 1733 I ActivityManager: Start proc 25271:com.sec.android.app.camera/u0a81 for broadcast {com.sec.android.app.camera/com.sec.android.app.camera.widget.CameraAppWidgetProvider}
05-07 16:44:34.051 2625 2691 I HoneySpace.TaskbarEventTracker: invokeEvent() called with: event = NavButtonsDarkIntensityChanged(darkIntensity=0.12183583)
05-07 16:44:34.054 1144 1144 I Layer : Layer [Splash Screen org.qtproject.example.hellogles3$_2283#4359] hidden!! flag(1)
05-07 16:44:34.054 1144 1144 I Layer : Layer::reparent [e637420 org.qtproject.example.hellogles3/org.qtproject.qt.android.bindings.QtActivity#4376] newParent : ActivityRecord{4c44815 u0 org.qtproject.example.hellogles3/org.qtproject.qt.android.bindings.QtActivity t38}#4357 , isRemovedFromCurrentState : 0 -------------------------
05-07 16:44:34.054 1144 1144 I Layer : Layer::reparent [e637420 org.qtproject.example.hellogles3/org.qtproject.qt.android.bindings.QtActivity#4376] End -------------------------
05-07 16:44:34.054 1144 1144 I Layer : Layer::reparent [d3a9a64 Splash Screen org.qtproject.example.hellogles3#4358] newParentHandle : null -------------------------
05-07 16:44:34.055 1144 1144 I Layer : id=4358 removeFromCurrentState d3a9a64 Splash Screen org.qtproject.example.hellogles3#4358 (246)
05-07 16:44:34.055 1144 1144 I Layer : id=4359 removeFromCurrentState Splash Screen org.qtproject.example.hellogles3$_2283#4359 (246)
05-07 16:44:34.055 1144 1144 I Layer : Layer::reparent [d3a9a64 Splash Screen org.qtproject.example.hellogles3#4358] End -------------------------
05-07 16:44:34.055 1144 1144 I Layer : Layer::reparent [Surface(name=e637420 org.qtproject.example.hellogles3/org.qtproject.qt.android.bindings.QtActivity)/@0xab51561 - animation-leash of starting_reveal#4501] newParentHandle : null -------------------------
05-07 16:44:34.055 1144 1144 I Layer : id=4501 removeFromCurrentState Surface(name=e637420 org.qtproject.example.hellogles3/org.qtproject.qt.android.bindings.QtActivity)/@0xab51561 - animation-leash of starting_reveal#4501 (246)
05-07 16:44:34.055 1144 1144 I Layer : Layer::reparent [Surface(name=e637420 org.qtproject.example.hellogles3/org.qtproject.qt.android.bindings.QtActivity)/@0xab51561 - animation-leash of starting_reveal#4501] End -------------------------
05-07 16:44:34.055 1144 1144 I Layer : Layer::reparent [Splash Screen org.qtproject.example.hellogles3$_2283#4359] newParentHandle : null -------------------------
05-07 16:44:34.055 1144 1144 I Layer : id=4359 removeFromCurrentState Splash Screen org.qtproject.example.hellogles3$_2283#4359 (246)
05-07 16:44:34.055 1144 1144 I Layer : Layer::reparent [Splash Screen org.qtproject.example.hellogles3$_2283#4359] End -------------------------
05-07 16:44:34.056 1144 1144 I Layer : id=4354 Destroyed Surface(name=aefdedd InputMethod)/@0xe297123 - animation-leash of insets_animation#4354
05-07 16:44:34.057 1144 1144 I Layer : id=4349 Destroyed com.sec.android.app.launcher/com.sec.android.app.launcher.activities.LauncherActivity$_2625#4349
05-07 16:44:34.057 2283 2283 D SamsungStatusBarGrayIconHelper: isGrayAppearance=false
05-07 16:44:34.057 1009 25255 I QC2C2DEngine: calcYSize: unsupported or RGB color format, RGBA8888(1)
05-07 16:44:34.057 2283 2283 D TaskbarDelegate: onSystemBarAttributesChanged() - displayId:0, appearance:16 (APPEARANCE_LIGHT_NAVIGATION_BARS ), navbarColorManagedByIme: false, packageName: org.qtproject.example.hellogles3
05-07 16:44:34.058 2283 2283 D SamsungLightBarControlHelper: updateNavigationBar (BLACK button) isLightOpaque:false, hasLightNavigationBarFlag:true, packageName:org.qtproject.example.hellogles3, DirectReplying:false, NavBarColorMangedByIme:false, ForceDarkForScrim:false, QsCustomizing:false, PanelHasWhiteBg:true
05-07 16:44:34.058 2625 2691 I HoneySpace.TaskbarEventTracker: invokeEvent() called with: event = OnSystemBarAttributesChanged(displayId=0, behavior=1)
05-07 16:44:34.059 1144 1144 I Layer : id=4502 Destroyed Surface(name=e637420 org.qtproject.example.hellogles3/org.qtproject.qt.android.bindings.QtActivity)/@0xab51561 - animation-leash of starting_reveal#4501 (Mirror)#4502
05-07 16:44:34.059 2625 2691 I HoneySpace.TaskbarEventTracker: invokeEvent() called with: event = HandleNavigationBarEvent(eventData=NavBarEvents(eventType=ON_APPEARANCE_CHANGED, iconType=null, remoteViewBundle=null, iconBitmapBundle=null, orderDefault=true, position=0, rotationLocked=false, transientShowing=false, appearance=16, pluginBundle=null, hiddenByKnox=false, insetsBundle=null))
05-07 16:44:34.059 1144 1144 I Layer : id=4432 Destroyed d3a9a64 Splash Screen org.qtproject.example.hellogles3#4358 (Mirror)#4432
05-07 16:44:34.059 2625 2691 I HoneySpace.TaskbarEventTracker: invokeEvent() called with: event = NavButtonsDarkIntensityChanged(darkIntensity=0.12183583)
05-07 16:44:34.059 2625 2625 I HoneySpace.TaskbarPot: HandleNavigationBarEvent: ON_APPEARANCE_CHANGED
05-07 16:44:34.059 2625 2625 I HoneySpace.TaskbarPot: updateAppearance appearance:16
05-07 16:44:34.060 2625 2691 I HoneySpace.TaskbarEventTracker: invokeEvent() called with: event = NavButtonsDarkIntensityChanged(darkIntensity=0.12183583)
05-07 16:44:34.062 25153 25153 I SurfaceView@7f7dd7c: onWindowVisibilityChanged(0) true org.qtproject.qt.android.QtSurface{7f7dd7c V.E...... ......I. 0,0-0,0} of ViewRootImpl@f9c5125[QtActivity]
05-07 16:44:34.062 25153 25153 D SurfaceView@7f7dd7c: 133684604 updateSurface: has no frame
05-07 16:44:34.063 1144 1144 I SurfaceFlinger: id=4358 Removed d3a9a64 Splash Screen org.qtproject.example.hellogles3#4358 (242)
05-07 16:44:34.066 1144 1144 I Layer : id=4433 Destroyed Splash Screen org.qtproject.example.hellogles3$_2283#4359 (Mirror)#4433
05-07 16:44:34.068 1349 2554 V WindowManager: Relayout Window{e637420 u0 org.qtproject.example.hellogles3/org.qtproject.qt.android.bindings.QtActivity}: viewVisibility=0 req=1200x1920 ty=1 d0
05-07 16:44:34.071 1349 2554 V WindowManager: Relayout hash=e637420, pid=0, syncId=-1: mAttrs={(0,0)(fillxfill) sim={adjust=pan} ty=BASE_APPLICATION fmt=TRANSLUCENT wanim=0x10302f2
05-07 16:44:34.071 1349 2554 V WindowManager: fl=81810100
05-07 16:44:34.071 1349 2554 V WindowManager: pfl=16008040
05-07 16:44:34.071 1349 2554 V WindowManager: apr=LIGHT_NAVIGATION_BARS
05-07 16:44:34.071 1349 2554 V WindowManager: bhv=DEFAULT
05-07 16:44:34.071 1349 2554 V WindowManager: fitSides= naviIconColor=0
05-07 16:44:34.071 1349 2554 V WindowManager: sfl=100000}
05-07 16:44:34.072 25153 25153 I BLASTBufferQueue_Java: update, w= 1200 h= 1920 mName = ViewRootImpl@f9c5125[QtActivity] mNativeObject= 0xb400007918758800 sc.mNativeObject= 0xb40000791875c200 format= -3 caller= android.view.ViewRootImpl.updateBlastSurfaceIfNeeded:3004 android.view.ViewRootImpl.relayoutWindow:10060 android.view.ViewRootImpl.performTraversals:4092 android.view.ViewRootImpl.doTraversal:3275 android.view.ViewRootImpl$TraversalRunnable.run:11268 android.view.Choreographer$CallbackRecord.run:1650
05-07 16:44:34.073 25153 25153 I ViewRootImpl@f9c5125[QtActivity]: Relayout returned: old=(0,0,1200,1920) new=(0,0,1200,1920) relayoutAsync=true req=(1200,1920)0 dur=4 res=0x0 s={true 0xb4000078c07a8000} ch=false seqId=0
05-07 16:44:34.074 25153 25153 D SurfaceView@7f7dd7c: 133684604 updateSurface: has no frame
05-07 16:44:34.075 25153 25153 I SurfaceView: 133684604 Changes: creating=true format=true size=true visible=true alpha=false hint=false visible=true left=true top=true z=false attached=true lifecycleStrategy=false
05-07 16:44:34.075 1144 1321 I SurfaceFlinger: id=4505 createSurf, flag=20004, Bounds for - org.qtproject.example.hellogles3/org.qtproject.qt.android.bindings.QtActivity@0#4505
05-07 16:44:34.075 972 23421 I sensors-hal: handle_sns_client_event:44, ambient_light_event: ts=521079769268713, event=616.000000
05-07 16:44:34.077 1144 1321 I SurfaceFlinger: id=4506 createSurf, flag=84004, SurfaceView[org.qtproject.example.hellogles3/org.qtproject.qt.android.bindings.QtActivity]@0#4506
05-07 16:44:34.078 1144 1321 I SurfaceFlinger: id=4507 createSurf, flag=44000, SurfaceView[org.qtproject.example.hellogles3/org.qtproject.qt.android.bindings.QtActivity]@0(BLAST)#4507
05-07 16:44:34.078 1144 1321 I SurfaceFlinger: id=4508 createSurf, flag=20404, Background for SurfaceView[org.qtproject.example.hellogles3/org.qtproject.qt.android.bindings.QtActivity]@0#4508
05-07 16:44:34.080 1144 1144 D SurfaceFlinger: Display 4630946835308409729 HWC layers:
05-07 16:44:34.080 1144 1144 D SurfaceFlinger: DEVICE | 0xb400006fbcf8c680 | 0102 | RGBA_8888 | 0.0 0.0 1200.0 1920.0 | 0 0 1200 1920 | org.qtproject.example.hellogles3/org[...]roid.bindings.QtActivity$_25153#4377
05-07 16:44:34.080 1144 1144 D SurfaceFlinger: CLIENT | 0xb400006fbcf8a150 | 0100 | RGBA_8888 | 0.0 0.0 1200.0 36.0 | 0 0 1200 36 | StatusBar$_2283#84
05-07 16:44:34.080 1144 1144 D SurfaceFlinger: CLIENT | 0xb400006fbcf8b3b0 | 0100 | RGBA_8888 | 0.0 0.0 67.0 207.0 | 1133 432 1200 639 | com.sec.android.app.launcher/com.sam[...]e.edge.CocktailBarService$_2625#4278
05-07 16:44:34.080 1144 1144 D SurfaceFlinger: CLIENT | 0xb400006fbcf8afc0 | 0100 | RGBA_8888 | 0.0 0.0 1200.0 72.0 | 0 1848 1200 1920 | TaskbarWindow$_2625#544
05-07 16:44:34.080 1144 1144 D SurfaceFlinger: CLIENT | 0xb400006fbcf8aaf0 | 0100 | RGBA_8888 | 0.0 0.0 1200.0 1920.0 | 0 0 1200 1920 | PointerLocation - display 0#3661
05-07 16:44:34.080 1144 1144 D SurfaceFlinger:
05-07 16:44:34.080 25153 25153 I BLASTBufferQueue_Java: update, w= 1200 h= 1812 mName = null mNativeObject= 0xb400007918758e00 sc.mNativeObject= 0xb40000791875d280 format= 1 caller= android.view.SurfaceView.createBlastSurfaceControls:1511 android.view.SurfaceView.updateSurface:1187 android.view.SurfaceView.lambda$new$0:258 android.view.SurfaceView.$r8$lambda$cm3nmzErr-srXoT_KjIYQgdhFN0:0 android.view.SurfaceView$$ExternalSyntheticLambda2.onPreDraw:2 android.view.ViewTreeObserver.dispatchOnPreDraw:1204
05-07 16:44:34.081 25153 25153 I SurfaceView@7f7dd7c: 133684604 Cur surface: Surface(name=null)/@0x3ed4605
05-07 16:44:34.081 25153 25153 I SurfaceView@7f7dd7c: pST: sr = Rect(0, 36 - 1200, 1848) sw = 1200 sh = 1812
05-07 16:44:34.081 1144 1144 I Layer : Layer [Bounds for - org.qtproject.example.hellogles3/org.qtproject.qt.android.bindings.QtActivity@0#4505] hidden!! flag(0)
05-07 16:44:34.082 1144 1144 I Layer : id=4358 Destroyed d3a9a64 Splash Screen org.qtproject.example.hellogles3#4358
05-07 16:44:34.082 25153 25153 D SurfaceView@7f7dd7c: 133684604 performSurfaceTransaction RenderWorker position = [0, 36, 1200, 1848] surfaceSize = 1200x1812
