05-07 16:44:31.987 2283 13851 D SecPowerUI.Notification: SecBatteryStatsSnapshot{batteryLevel=80, currentBatteryMode=0, chargingTime=-1, chargingType=11, batteryHealth=2, automaticTestMode=false, isHiccupState=false}
05-07 16:44:31.987 2283 13851 D SecPowerUI.Notification: 1. restoreScreenTimeOut - saved_value : :
05-07 16:44:31.987 2283 13851 E SecPowerUI.Notification: no saved value, so we do nothing !!
05-07 16:44:31.988 2283 2283 D SecPowerUI.Notification: showChargingNotice oldChargingType : 11 / currentChargingType : 11, oldChargingTime : -1 / mChargingTime : -1
05-07 16:44:31.988 2283 2283 D SecPowerUI.Notification: showChargingNotice There is no change about charging status, so return!
05-07 16:44:31.988 2283 2283 D PowerUI : Battery swelling mode - priorBatterySwellingMode = 0 mBatterySwellingMode = 0 mBatteryStatus = 2
05-07 16:44:31.988 2283 2283 I PowerUI : mBatteryMiscEvent = 0
05-07 16:44:31.988 2283 2283 D KeyguardUpdateMonitor: handleBatteryUpdate
05-07 16:44:32.075 972 23421 I sensors-hal: handle_sns_client_event:44, ambient_light_event: ts=521077769262828, event=615.000000
05-07 16:44:32.158 975 25235 I HYPER-HAL: [ResourceManager.cpp]removeResource(): [CPULittleMinFreq] RemoveResource Request ID : 946026
05-07 16:44:32.160 975 25235 I HYPER-HAL: [ResourceManager.cpp]removeResource(): [CPUMinFreq] RemoveResource Request ID : 946026
05-07 16:44:32.160 975 25235 I HYPER-HAL: [RequestManager.cpp]releaseLocked(): Released ID : 946026
05-07 16:44:32.175 972 23421 I sensors-hal: handle_sns_client_event:44, ambient_light_event: ts=521077869269442, event=617.000000
05-07 16:44:32.208 616 616 D io_stats: !@ 8,0 r 2657718 75620672 w 570389 20417176 d 88561 17081004 f 0 0 iot 1629068 0 th 0 0 0 pt 0 inp 0 0 78902.247
05-07 16:44:32.209 616 616 D io_stats: !@ Read_top(KB): ndroid.keychain(25030) 1440 lldb-server(25231) 500 id.bbc.bbcagent(25039) 480
05-07 16:44:32.209 616 616 D io_stats: !@ Write_top(KB): kworker/u16:20(22492) 28820 kworker/u16:9(6308) 8272 system_server(1349) 1688
05-07 16:44:32.275 972 23421 I sensors-hal: handle_sns_client_event:44, ambient_light_event: ts=521077969271005, event=615.000000
05-07 16:44:32.375 972 23421 I sensors-hal: handle_sns_client_event:44, ambient_light_event: ts=521078069263713, event=617.000000
05-07 16:44:32.475 972 23421 I sensors-hal: handle_sns_client_event:44, ambient_light_event: ts=521078169268140, event=617.000000
05-07 16:44:32.576 972 23421 I sensors-hal: handle_sns_client_event:44, ambient_light_event: ts=521078269262567, event=617.000000
05-07 16:44:32.676 972 23421 I sensors-hal: handle_sns_client_event:44, ambient_light_event: ts=521078369263974, event=615.000000
05-07 16:44:32.776 972 23421 I sensors-hal: handle_sns_client_event:44, ambient_light_event: ts=521078469269703, event=617.000000
05-07 16:44:32.875 972 23421 I sensors-hal: handle_sns_client_event:44, ambient_light_event: ts=521078569272307, event=617.000000
05-07 16:44:32.891 1349 1726 E Watchdog: !@Sync: 2630 heap: 75 / 91 FD: 1043 [2024-05-07 16:44:32.891]
05-07 16:44:32.975 972 23421 I sensors-hal: handle_sns_client_event:44, ambient_light_event: ts=521078669273869, event=616.000000
05-07 16:44:33.075 972 23421 I sensors-hal: handle_sns_client_event:44, ambient_light_event: ts=521078769272047, event=617.000000
05-07 16:44:33.175 972 23421 I sensors-hal: handle_sns_client_event:44, ambient_light_event: ts=521078869271005, event=616.000000
05-07 16:44:33.268 1349 1722 W NotifHistoryProto: notification package name (com.android.systemui) not found in string cache
05-07 16:44:33.268 1349 1722 W NotifHistoryProto: notification channel name (Battery) not found in string cache
05-07 16:44:33.268 1349 1722 W NotifHistoryProto: notification channel id (CHR) not found in string cache
05-07 16:44:33.268 1349 1722 W NotifHistoryProto: notification package name (com.android.systemui) not found in string cache
05-07 16:44:33.268 1349 1722 W NotifHistoryProto: notification channel name (Battery) not found in string cache
05-07 16:44:33.268 1349 1722 W NotifHistoryProto: notification channel id (CHR) not found in string cache
05-07 16:44:33.268 1349 1722 W NotifHistoryProto: notification package name (com.android.systemui) not found in string cache
05-07 16:44:33.268 1349 1722 W NotifHistoryProto: notification channel name (Battery) not found in string cache
05-07 16:44:33.268 1349 1722 W NotifHistoryProto: notification channel id (CHR) not found in string cache
05-07 16:44:33.268 1349 1722 W NotifHistoryProto: notification package name (com.android.systemui) not found in string cache
05-07 16:44:33.268 1349 1722 W NotifHistoryProto: notification channel name (Battery) not found in string cache
05-07 16:44:33.268 1349 1722 W NotifHistoryProto: notification channel id (CHR) not found in string cache
05-07 16:44:33.268 1349 1722 W NotifHistoryProto: notification package name (com.android.systemui) not found in string cache
05-07 16:44:33.268 1349 1722 W NotifHistoryProto: notification channel name (Battery) not found in string cache
05-07 16:44:33.268 1349 1722 W NotifHistoryProto: notification channel id (CHR) not found in string cache
05-07 16:44:33.269 1349 1722 W NotifHistoryProto: notification package name (com.android.systemui) not found in string cache
05-07 16:44:33.269 1349 1722 W NotifHistoryProto: notification channel name (Battery) not found in string cache
05-07 16:44:33.269 1349 1722 W NotifHistoryProto: notification channel id (CHR) not found in string cache
05-07 16:44:33.269 1349 1722 W NotifHistoryProto: notification package name (com.android.systemui) not found in string cache
05-07 16:44:33.269 1349 1722 W NotifHistoryProto: notification channel name (Battery) not found in string cache
05-07 16:44:33.269 1349 1722 W NotifHistoryProto: notification channel id (CHR) not found in string cache
05-07 16:44:33.269 1349 1722 W NotifHistoryProto: notification package name (com.android.systemui) not found in string cache
05-07 16:44:33.269 1349 1722 W NotifHistoryProto: notification channel name (Battery) not found in string cache
05-07 16:44:33.269 1349 1722 W NotifHistoryProto: notification channel id (CHR) not found in string cache
05-07 16:44:33.269 1349 1722 W NotifHistoryProto: notification package name (com.android.systemui) not found in string cache
05-07 16:44:33.269 1349 1722 W NotifHistoryProto: notification channel name (Battery) not found in string cache
05-07 16:44:33.269 1349 1722 W NotifHistoryProto: notification channel id (CHR) not found in string cache
05-07 16:44:33.269 1349 1722 W NotifHistoryProto: notification package name (com.android.systemui) not found in string cache
05-07 16:44:33.269 1349 1722 W NotifHistoryProto: notification channel name (Battery) not found in string cache
05-07 16:44:33.269 1349 1722 W NotifHistoryProto: notification channel id (CHR) not found in string cache
05-07 16:44:33.269 1349 1722 W NotifHistoryProto: notification package name (com.android.systemui) not found in string cache
05-07 16:44:33.269 1349 1722 W NotifHistoryProto: notification channel name (Battery) not found in string cache
05-07 16:44:33.269 1349 1722 W NotifHistoryProto: notification channel id (CHR) not found in string cache
05-07 16:44:33.269 1349 1722 W NotifHistoryProto: notification package name (com.android.systemui) not found in string cache
05-07 16:44:33.269 1349 1722 W NotifHistoryProto: notification channel name (Battery) not found in string cache
05-07 16:44:33.269 1349 1722 W NotifHistoryProto: notification channel id (CHR) not found in string cache
05-07 16:44:33.269 1349 1722 W NotifHistoryProto: notification package name (com.android.systemui) not found in string cache
05-07 16:44:33.269 1349 1722 W NotifHistoryProto: notification channel name (Battery) not found in string cache
05-07 16:44:33.269 1349 1722 W NotifHistoryProto: notification channel id (CHR) not found in string cache
05-07 16:44:33.269 1349 1722 W NotifHistoryProto: notification package name (com.android.systemui) not found in string cache
05-07 16:44:33.269 1349 1722 W NotifHistoryProto: notification channel name (Battery) not found in string cache
05-07 16:44:33.269 1349 1722 W NotifHistoryProto: notification channel id (CHR) not found in string cache
05-07 16:44:33.269 1349 1722 W NotifHistoryProto: notification package name (com.android.systemui) not found in string cache
05-07 16:44:33.269 1349 1722 W NotifHistoryProto: notification channel name (Battery) not found in string cache
05-07 16:44:33.269 1349 1722 W NotifHistoryProto: notification channel id (CHR) not found in string cache
05-07 16:44:33.269 1349 1722 W NotifHistoryProto: notification package name (com.android.systemui) not found in string cache
05-07 16:44:33.269 1349 1722 W NotifHistoryProto: notification channel name (Battery) not found in string cache
05-07 16:44:33.269 1349 1722 W NotifHistoryProto: notification channel id (CHR) not found in string cache
05-07 16:44:33.269 1349 1722 W NotifHistoryProto: notification package name (com.android.systemui) not found in string cache
05-07 16:44:33.269 1349 1722 W NotifHistoryProto: notification channel name (Battery) not found in string cache
05-07 16:44:33.269 1349 1722 W NotifHistoryProto: notification channel id (CHR) not found in string cache
05-07 16:44:33.269 1349 1722 W NotifHistoryProto: notification package name (com.android.systemui) not found in string cache
05-07 16:44:33.269 1349 1722 W NotifHistoryProto: notification channel name (Battery) not found in string cache
05-07 16:44:33.269 1349 1722 W NotifHistoryProto: notification channel id (CHR) not found in string cache
05-07 16:44:33.269 1349 1722 W NotifHistoryProto: notification package name (com.android.systemui) not found in string cache
05-07 16:44:33.269 1349 1722 W NotifHistoryProto: notification channel name (Battery) not found in string cache
05-07 16:44:33.269 1349 1722 W NotifHistoryProto: notification channel id (CHR) not found in string cache
05-07 16:44:33.269 1349 1722 W NotifHistoryProto: notification package name (com.wssyncmldm) not found in string cache
05-07 16:44:33.269 1349 1722 W NotifHistoryProto: notification channel name (General) not found in string cache
05-07 16:44:33.269 1349 1722 W NotifHistoryProto: notification channel id (IDM_NOTIFICATION_CHANNEL_NO_SOUND_NO_VIBRATION) not found in string cache
05-07 16:44:33.269 1349 1722 W NotifHistoryProto: notification package name (com.android.systemui) not found in string cache
05-07 16:44:33.269 1349 1722 W NotifHistoryProto: notification channel name (Battery) not found in string cache
05-07 16:44:33.269 1349 1722 W NotifHistoryProto: notification channel id (CHR) not found in string cache
05-07 16:44:33.269 1349 1722 W NotifHistoryProto: notification package name (com.android.systemui) not found in string cache
05-07 16:44:33.269 1349 1722 W NotifHistoryProto: notification channel name (Battery) not found in string cache
05-07 16:44:33.269 1349 1722 W NotifHistoryProto: notification channel id (CHR) not found in string cache
05-07 16:44:33.269 1349 1722 W NotifHistoryProto: notification package name (com.samsung.android.homemode) not found in string cache
05-07 16:44:33.269 1349 1722 W NotifHistoryProto: notification channel name (General notifications) not found in string cache
05-07 16:44:33.269 1349 1722 W NotifHistoryProto: notification channel id (HOMEMODE_CHANNEL_DEFAULT) not found in string cache
05-07 16:44:33.269 1349 1722 W NotifHistoryProto: notification package name (android) not found in string cache
05-07 16:44:33.269 1349 1722 W NotifHistoryProto: notification channel name (USB connection) not found in string cache
05-07 16:44:33.269 1349 1722 W NotifHistoryProto: notification channel id (USB) not found in string cache
05-07 16:44:33.269 1349 1722 W NotifHistoryProto: notification package name (com.wssyncmldm) not found in string cache
05-07 16:44:33.269 1349 1722 W NotifHistoryProto: notification channel name (General) not found in string cache
05-07 16:44:33.269 1349 1722 W NotifHistoryProto: notification channel id (IDM_NOTIFICATION_CHANNEL_NO_SOUND_NO_VIBRATION) not found in string cache
05-07 16:44:33.269 1349 1722 W NotifHistoryProto: notification package name (com.wssyncmldm) not found in string cache
05-07 16:44:33.269 1349 1722 W NotifHistoryProto: notification channel name (General) not found in string cache
05-07 16:44:33.269 1349 1722 W NotifHistoryProto: notification channel id (IDM_NOTIFICATION_CHANNEL_NO_SOUND_NO_VIBRATION) not found in string cache
05-07 16:44:33.269 1349 1722 W NotifHistoryProto: notification package name (com.samsung.android.forest) not found in string cache
05-07 16:44:33.269 1349 1722 W NotifHistoryProto: notification channel name (Weekly report) not found in string cache
05-07 16:44:33.269 1349 1722 W NotifHistoryProto: notification channel id (notification_channel_weekly_report) not found in string cache
05-07 16:44:33.269 1349 1722 W NotifHistoryProto: notification package name (com.wssyncmldm) not found in string cache
05-07 16:44:33.269 1349 1722 W NotifHistoryProto: notification channel name (General) not found in string cache
05-07 16:44:33.269 1349 1722 W NotifHistoryProto: notification channel id (IDM_NOTIFICATION_CHANNEL_NO_SOUND_NO_VIBRATION) not found in string cache
05-07 16:44:33.269 1349 1722 W NotifHistoryProto: notification package name (com.wssyncmldm) not found in string cache
05-07 16:44:33.269 1349 1722 W NotifHistoryProto: notification channel name (General) not found in string cache
05-07 16:44:33.269 1349 1722 W NotifHistoryProto: notification channel id (IDM_NOTIFICATION_CHANNEL_NO_SOUND_NO_VIBRATION) not found in string cache
05-07 16:44:33.275 972 23421 I sensors-hal: handle_sns_client_event:44, ambient_light_event: ts=521078969273349, event=616.000000
05-07 16:44:33.375 972 23421 I sensors-hal: handle_sns_client_event:44, ambient_light_event: ts=521079069272047, event=616.000000
05-07 16:44:33.475 972 23421 I sensors-hal: handle_sns_client_event:44, ambient_light_event: ts=521079169273609, event=617.000000
05-07 16:44:33.554 3374 12424 W MediaProvider: isAppCloneUserPair for user 0: false
05-07 16:44:33.567 32492 27187 I MtpStorageManager: Got inotify added event for : UVRCVUctMTE3NDg3LXF0NjgwLXMyMTAtYW5kcm9pZDEzLXF0YzEzMDFhdHRhY2hwYXRjaC1oZWxsb2dsZXMubXA0
05-07 16:44:33.570 32492 27187 I MtpStorageManager: Got inotify CLOSE_WRITE event for : UVRCVUctMTE3NDg3LXF0NjgwLXMyMTAtYW5kcm9pZDEzLXF0YzEzMDFhdHRhY2hwYXRjaC1oZWxsb2dsZXMubXA0
05-07 16:44:33.572 840 840 E audit : type=1400 audit(1715089473.567:34054): avc: denied { ioctl } for pid=13933 comm="netscheduler-qu" path="/data/data/com.google.android.gms/databases/ns.db" dev="dm-51" ino=6554 ioctlcmd=0xf522 scontext=u:r:gmscore_app:s0:c512,c768 tcontext=u:object_r:privapp_data_file:s0:c512,c768 tclass=file permissive=0 SEPF_SM-X210_12_0001 audit_filtered
05-07 16:44:33.575 972 23421 I sensors-hal: handle_sns_client_event:44, ambient_light_event: ts=521079269268922, event=616.000000
05-07 16:44:33.577 25243 25243 D MediaCodecList: codecHandlesFormat: no format, so no extra checks
05-07 16:44:33.578 25243 25243 D MediaCodecList: codecHandlesFormat: no format, so no extra checks
05-07 16:44:33.585 1349 2554 D CompatibilityChangeReporter: Compat change id reported: 182734110; UID 1000; state: ENABLED
05-07 16:44:33.586 25243 25248 I CCodec : state->set(ALLOCATING)
05-07 16:44:33.588 25243 25249 I CCodec : allocate(c2.qti.avc.encoder)
05-07 16:44:33.590 32492 32526 D MediaSync: loaded: 20ms, 0
05-07 16:44:33.594 32492 32525 D SecMediaProvider: UPDATE /local/metadata 176, 200
05-07 16:44:33.594 25243 25249 I Codec2Client: Available Codec2 services: "default" "default0" "software"
05-07 16:44:33.596 25243 25249 I CCodec : setting up 'default' as default (vendor) store
05-07 16:44:33.618 1009 3894 I vendor.qti.media.c2@1.0-service: missing struct descriptor #Param::CoreIndex(-Vc01f) for field ubwcStats of struct #Param::CoreIndex(-Vc020)
05-07 16:44:33.619 1009 3894 I vendor.qti.media.c2@1.0-service: missing struct descriptor #Param::CoreIndex(--002) for field mastering of struct #Param::CoreIndex(--180a)
05-07 16:44:33.619 1009 3894 E VendorCaps: Failed to read platform default max picture width
05-07 16:44:33.619 1009 3894 E VendorCaps: Failed to read platform default max picture width
05-07 16:44:33.619 1009 3894 I vendor.qti.media.c2@1.0-service: missing struct descriptor #Param::CoreIndex(--004) for field values of struct #Param::CoreIndex(F-12004)
05-07 16:44:33.619 1009 3894 W StandardCaps: Preconditions for b-frame didn't meet. Disabling b-frame!
05-07 16:44:33.644 1009 3894 I QC2Comp : Create: Allocated component[38] for name c2.qti.avc.encoder : [32 bit]
05-07 16:44:33.644 1009 3894 I QC2CompStore: Created component(c2.qti.avc.encoder) id(38)
05-07 16:44:33.647 25243 25249 I CCodec : Created component [c2.qti.avc.encoder]
05-07 16:44:33.647 25243 25249 I CCodec : [c2.qti.avc.encoder] state->set(ALLOCATED)
05-07 16:44:33.648 1009 3894 E QC2Interface: Failed to query parameters
05-07 16:44:33.648 25243 25249 D CCodecConfig: read media type: video/avc
05-07 16:44:33.649 25243 25249 D ReflectedParamUpdater: extent() != 1 for single value type: output.buffers.pool-ids.values
05-07 16:44:33.655 25243 25249 D ReflectedParamUpdater: ignored struct field coding.gop.values
05-07 16:44:33.656 25243 25249 D ReflectedParamUpdater: extent() != 1 for single value type: vendor.qti-ext-enc-info-metadata-cvp.reserved
05-07 16:44:33.658 25243 25249 D CCodecConfig: ignoring local param raw.color (0xc2001809) as it is already supported
05-07 16:44:33.659 1009 1009 E QC2Interface: Failed to query parameters
05-07 16:44:33.660 25243 25249 I CCodecConfig: query failed after returning 23 values (BAD_INDEX)
05-07 16:44:33.660 25243 25249 D CCodecConfig: c2 config diff is Dict {
05-07 16:44:33.660 25243 25249 D CCodecConfig: c2::u32 algo.bitrate-mode.value = 3
05-07 16:44:33.660 25243 25249 D CCodecConfig: c2::u32 algo.complexity.value = 0
05-07 16:44:33.660 25243 25249 D CCodecConfig: c2::i32 algo.priority.value = 0
05-07 16:44:33.660 25243 25249 D CCodecConfig: c2::float algo.rate.value = 30
05-07 16:44:33.660 25243 25249 D CCodecConfig: c2::u32 algo.secure-mode.value = 0
05-07 16:44:33.660 25243 25249 D CCodecConfig: c2::i32 coded.average-qp.value = 0
05-07 16:44:33.660 25243 25249 D CCodecConfig: c2::u32 coded.bitrate.value = 20000000
05-07 16:44:33.660 25243 25249 D CCodecConfig: c2::float coded.frame-rate.value = 30
05-07 16:44:33.660 25243 25249 D CCodecConfig: c2::u32 coded.pl.level = 0
05-07 16:44:33.660 25243 25249 D CCodecConfig: c2::u32 coded.pl.profile = 20484
05-07 16:44:33.660 25243 25249 D CCodecConfig: c2::u32 coded.vui.color.matrix = 255
05-07 16:44:33.660 25243 25249 D CCodecConfig: c2::u32 coded.vui.color.primaries = 0
05-07 16:44:33.660 25243 25249 D CCodecConfig: c2::u32 coded.vui.color.range = 0
05-07 16:44:33.660 25243 25249 D CCodecConfig: c2::u32 coded.vui.color.transfer = 255
05-07 16:44:33.660 25243 25249 D CCodecConfig: c2::u32 coding.intra-refresh.mode = 0
05-07 16:44:33.660 25243 25249 D CCodecConfig: c2::float coding.intra-refresh.period = 0
05-07 16:44:33.660 25243 25249 D CCodecConfig: c2::u32 coding.request-sync-frame.value = 0
05-07 16:44:33.660 25243 25249 D CCodecConfig: c2::i64 coding.sync-frame-interval.value = 1000000
05-07 16:44:33.660 25243 25249 D CCodecConfig: Buffer coding.temporal-layering = {
05-07 16:44:33.660 25243 25249 D CCodecConfig: 00000000: 10 00 00 00 07 20 01 52 00 00 00 00 00 00 00 00 ..... .R........
05-07 16:44:33.660 25243 25249 D CCodecConfig: }
05-07 16:44:33.660 25243 25249 D CCodecConfig: c2::u32 default.color.matrix = 0
05-07 16:44:33.660 25243 25249 D CCodecConfig: c2::u32 default.color.primaries = 0
05-07 16:44:33.660 25243 25249 D CCodecConfig: c2::u32 default.color.range = 0
05-07 16:44:33.660 25243 25249 D CCodecConfig: c2::u32 default.color.transfer = 0
05-07 16:44:33.660 25243 25249 D CCodecConfig: c2::u32 input.delay.value = 0
05-07 16:44:33.660 25243 25249 W ColorUtils: expected specified color aspects (0:0:255:255)
05-07 16:44:33.670 25243 25243 D CodecSeeding: Seed: codec c2.qti.avc.encoder, mediatype video/avc, overrideable 1
05-07 16:44:33.670 25243 25243 D CodecProperties: setTuningValue(vq-target-bpp,0)
05-07 16:44:33.670 25243 25243 D CodecProperties: setTuningValue(vq-target-bpp-1080p,1.90)
05-07 16:44:33.670 25243 25243 D CodecProperties: setTuningValue(vq-target-bpp-720p,2.25)
05-07 16:44:33.670 25243 25243 D CodecProperties: setTuningValue(vq-target-bpp-540p,2.65)
05-07 16:44:33.670 25243 25243 D CodecProperties: setTuningValue(vq-target-bpp-480p,3.00)
05-07 16:44:33.670 25243 25243 D CodecProperties: setTuningValue(vq-target-bpp-320x240,0)
05-07 16:44:33.671 25243 25243 D CodecProperties: setTuningValue(vq-target-qpmax,-1)
05-07 16:44:33.671 25243 25243 D CodecProperties: setTuningValue(vq-target-qpmax-1080p,45)
05-07 16:44:33.671 25243 25243 D CodecProperties: setTuningValue(vq-target-qpmax-720p,43)
05-07 16:44:33.671 25243 25243 D CodecProperties: setTuningValue(vq-target-qpmax-540p,42)
05-07 16:44:33.671 25243 25243 D CodecProperties: setTuningValue(vq-target-qpmax-480p,38)
05-07 16:44:33.671 25243 25243 D CodecProperties: setTuningValue(vq-bitrate-phaseout,1.75)
05-07 16:44:33.671 25243 25243 D CodecProperties: setTuningValue(vq-boost-missing-qp,0.20)
05-07 16:44:33.671 25243 25243 D CodecProperties: setFeatureValue(can-swap-width-height,1)
05-07 16:44:33.671 25243 25243 D CodecProperties: setFeatureValue(intra-refresh,0)
05-07 16:44:33.671 25243 25243 D CodecProperties: setFeatureValue(_vq_eligible.device,1)
05-07 16:44:33.671 25243 25243 D CodecProperties: setFeatureValue(_quality.target,1)
05-07 16:44:33.671 25243 25243 D CodecSeeding: Seed: codec c2.qti.avc.encoder, mediatype video/avc, overrideable 0
05-07 16:44:33.671 25243 25243 D MediaCodec: shapeMediaFormat: deltas(1): AMessage(what = 0x00000000) = {
05-07 16:44:33.671 25243 25243 D MediaCodec: int32_t android._encoding-quality-level = 0
05-07 16:44:33.671 25243 25243 D MediaCodec: }
05-07 16:44:33.671 25243 25248 D MediaCodec: flushMediametrics
05-07 16:44:33.672 25243 25249 D CCodec : [c2.qti.avc.encoder] buffers are bound to CCodec for this session
05-07 16:44:33.672 25243 25249 I CCodec : appPid(25243) width(1920) height(1080)
05-07 16:44:33.672 25243 25249 I CCodec : Set content adaptive mode (0)
05-07 16:44:33.672 25243 25249 W CCodec : can't get ro.hardware.chipname
05-07 16:44:33.672 25243 25249 I CCodec : setup(holi) : (20000014)
05-07 16:44:33.672 25243 25249 D CCodecConfig: no c2 equivalents for color-format
05-07 16:44:33.672 25243 25249 D CCodecConfig: no c2 equivalents for max-bframes
05-07 16:44:33.672 25243 25249 D CCodecConfig: no c2 equivalents for flags
05-07 16:44:33.672 25243 25249 D CCodecConfig: no c2 equivalents for encoder
05-07 16:44:33.673 1009 3897 E VendorCaps: Failed to read platform default max picture width
05-07 16:44:33.673 1009 3897 E VendorCaps: Failed to read platform default max picture width
05-07 16:44:33.673 1009 3897 W StandardCaps: Preconditions for b-frame didn't meet. Disabling b-frame!
05-07 16:44:33.673 25243 25249 D CCodecConfig: c2 config diff is c2::float coded.frame-rate.value = 60
05-07 16:44:33.673 25243 25249 D CCodecConfig: c2::i64 coding.sync-frame-interval.value = 10000000
05-07 16:44:33.673 25243 25249 D CCodecConfig: c2::u32 raw.pixel-format.value = 34
05-07 16:44:33.673 25243 25249 D CCodecConfig: c2::u32 raw.size.height = 1080
05-07 16:44:33.673 25243 25249 D CCodecConfig: c2::u32 raw.size.width = 1920
05-07 16:44:33.673 25243 25249 D CCodecConfig: c2::u32 vendor.qti-ext-enc-content-adaptive-mode.value = 0
05-07 16:44:33.674 25243 25249 W ColorUtils: expected specified color aspects (0:0:255:255)
05-07 16:44:33.674 1009 1267 E QC2Interface: Failed to query parameters
05-07 16:44:33.674 25243 25249 W Codec2Client: query -- param skipped: index = 3254781982.
05-07 16:44:33.674 25243 25249 D CCodec : Setting encoder options for disabling wrapping
05-07 16:44:33.674 25243 25249 D CCodec : encoding statistics level = 0
05-07 16:44:33.674 25243 25249 D CCodec : setup formats input: AMessage(what = 0x00000000) = {
05-07 16:44:33.674 25243 25249 D CCodec : int32_t android._color-format = 2130708361
05-07 16:44:33.674 25243 25249 D CCodec : Rect crop(0, 0, 1919, 1079)
05-07 16:44:33.674 25243 25249 D CCodec : int32_t color-standard = 130816
05-07 16:44:33.674 25243 25249 D CCodec : int32_t color-range = 0
05-07 16:44:33.674 25243 25249 D CCodec : int32_t color-transfer = 65791
05-07 16:44:33.674 25243 25249 D CCodec : int32_t video-qp-average = 0
05-07 16:44:33.674 25243 25249 D CCodec : int32_t width = 1920
05-07 16:44:33.674 25243 25249 D CCodec : int32_t feature-secure-playback = 0
05-07 16:44:33.674 25243 25249 D CCodec : int32_t frame-rate = 60
05-07 16:44:33.674 25243 25249 D CCodec : int32_t height = 1080
05-07 16:44:33.674 25243 25249 D CCodec : int32_t intra-refresh-period = 0
05-07 16:44:33.674 25243 25249 D CCodec : string mime = "video/raw"
05-07 16:44:33.674 25243 25249 D CCodec : int32_t prepend-sps-pps-to-idr-frames = 0
05-07 16:44:33.674 25243 25249 D CCodec : int32_t priority = 0
05-07 16:44:33.674 25243 25249 D CCodec : Buffer hdr-static-info = {
05-07 16:44:33.674 25243 25249 D CCodec : 00000000: 00 00 00 00 00 00 00 00 00 00 00 00 00 00 00 00 ................
05-07 16:44:33.674 25243 25249 D CCodec : 00000010: 00 00 00 00 00 00 00 00 00 .........
05-07 16:44:33.674 25243 25249 D CCodec : }
05-07 16:44:33.674 25243 25249 D CCodec : int32_t android._dataspace = 12648448
05-07 16:44:33.674 25243 25249 D CCodec : int64_t android._C2MemoryUsage = 65536
05-07 16:44:33.674 25243 25249 D CCodec : int32_t color-format = 2130708361
05-07 16:44:33.674 25243 25249 D CCodec : int32_t bytebuffer-wrapping-disable = 1
05-07 16:44:33.674 25243 25249 D CCodec : }
05-07 16:44:33.674 25243 25249 D CCodec : setup formats output: AMessage(what = 0x00000000) = {
05-07 16:44:33.674 25243 25249 D CCodec : int32_t bitrate = 20000000
05-07 16:44:33.674 25243 25249 D CCodec : int32_t bitrate-mode = 1
05-07 16:44:33.674 25243 25249 D CCodec : Rect crop(0, 0, 1919, 1079)
05-07 16:44:33.674 25243 25249 D CCodec : int32_t width = 1920
05-07 16:44:33.674 25243 25249 D CCodec : int32_t color-standard = 130816
05-07 16:44:33.674 25243 25249 D CCodec : int32_t color-range = 0
05-07 16:44:33.674 25243 25249 D CCodec : int32_t color-transfer = 65791
05-07 16:44:33.674 25243 25249 D CCodec : int32_t feature-secure-playback = 0
05-07 16:44:33.674 25243 25249 D CCodec : int32_t frame-rate = 60
05-07 16:44:33.674 25243 25249 D CCodec : int32_t height = 1080
05-07 16:44:33.674 25243 25249 D CCodec : int32_t intra-refresh-period = 0
05-07 16:44:33.674 25243 25249 D CCodec : int32_t max-bitrate = 20000000
05-07 16:44:33.674 25243 25249 D CCodec : string mime = "video/avc"
05-07 16:44:33.674 25243 25249 D CCodec : int32_t prepend-sps-pps-to-idr-frames = 0
05-07 16:44:33.674 25243 25249 D CCodec : int32_t priority = 0
05-07 16:44:33.674 25243 25249 D CCodec : int32_t profile = 8
05-07 16:44:33.674 25243 25249 D CCodec : int32_t video-qp-average = 0
05-07 16:44:33.674 25243 25249 D CCodec : int32_t vendor.qti-ext-enc-content-adaptive-mode.value = 0
05-07 16:44:33.674 25243 25249 D CCodec : }
05-07 16:44:33.674 1009 1692 E QC2Interface: Failed to query parameters
05-07 16:44:33.674 25243 25249 I CCodecConfig: query failed after returning 24 values (BAD_INDEX)
05-07 16:44:33.675 972 23421 I sensors-hal: handle_sns_client_event:44, ambient_light_event: ts=521079369272828, event=616.000000
05-07 16:44:33.677 1349 1378 D SehCodecSolutionService: updateMediaStatisticsData: (action=1@1986621044;category=1@1986621044;label=1936222260@1986621044)
05-07 16:44:33.677 1349 1378 D CodecSolution_MediaStatisticsData: MediaStatisticsData: action=1@1986621044;category=1@1986621044;label=1936222260@1986621044
05-07 16:44:33.677 1349 1378 D CodecSolution_MediaStatisticsData: Category.valueOf: 1
05-07 16:44:33.677 1349 1378 D CodecSolution_MediaStatisticsData: Action.valueOf: 1
05-07 16:44:33.677 1349 1378 D CodecSolution_MediaStatisticsData: Label.valueOf: 0x73686834
05-07 16:44:33.677 1349 1378 D CodecSolution_MediaStatisticsData: category: VENC
05-07 16:44:33.677 1349 1378 D CodecSolution_MediaStatisticsData: action: INSTANTIATE
05-07 16:44:33.677 1349 1378 D CodecSolution_MediaStatisticsData: label: SEC_HW_H264
05-07 16:44:33.677 1349 1349 D SehCodecSolutionService: handleMessage : 900
05-07 16:44:33.677 1349 1349 D SehCodecSolutionService: event : VENC
05-07 16:44:33.677 1349 1349 D CodecSolution_Logging: dma : true, feature: VENC, extra: SEC_HW_H264, value: -1
05-07 16:44:33.677 1349 1349 D CodecSolution_Logging: insert diagmon log
05-07 16:44:33.677 1349 1349 D CodecSolution_Logging: permission granted
05-07 16:44:33.677 25243 25249 D CCodec : [CreateInputSurface] surface in app process
05-07 16:44:33.677 1349 1349 W ContextImpl: Calling a method in the system process without a qualified user: android.app.ContextImpl.sendBroadcast:1281 vendor.samsung.frameworks.codecsolution.Logging.insertDiagmonLog:13 vendor.samsung.frameworks.codecsolution.Logging.insertLog:6 vendor.samsung.frameworks.codecsolution.Logging.insertLog:1 vendor.samsung.frameworks.codecsolution.SehCodecSolutionService$1.handleMessage:24
05-07 16:44:33.678 25243 25249 E screenrecord: Unable to open libpenguin.so: dlopen failed: library "libpenguin.so" not found.
05-07 16:44:33.678 25243 25249 D CCodecConfig: set default color aspects for surface (R:2(Limited), P:1(BT709_5), M:255(Other), T:255(Other))
05-07 16:44:33.678 25243 25249 D CCodec : input format changed to AMessage(what = 0x00000000) = {
05-07 16:44:33.678 25243 25249 D CCodec : int32_t android._color-format = 2130708361
05-07 16:44:33.678 25243 25249 D CCodec : Rect crop(0, 0, 1919, 1079)
05-07 16:44:33.678 25243 25249 D CCodec : int32_t color-standard = 1
05-07 16:44:33.678 25243 25249 D CCodec : int32_t color-range = 2
05-07 16:44:33.678 25243 25249 D CCodec : int32_t color-transfer = 3
05-07 16:44:33.678 25243 25249 D CCodec : int32_t video-qp-average = 0
05-07 16:44:33.678 25243 25249 D CCodec : int32_t width = 1920
05-07 16:44:33.678 25243 25249 D CCodec : int32_t feature-secure-playback = 0
05-07 16:44:33.678 25243 25249 D CCodec : int32_t frame-rate = 60
05-07 16:44:33.678 25243 25249 D CCodec : int32_t height = 1080
05-07 16:44:33.678 25243 25249 D CCodec : int32_t intra-refresh-period = 0
05-07 16:44:33.678 25243 25249 D CCodec : string mime = "video/raw"
05-07 16:44:33.678 25243 25249 D CCodec : int32_t prepend-sps-pps-to-idr-frames = 0
05-07 16:44:33.678 25243 25249 D CCodec : int32_t priority = 0
05-07 16:44:33.678 25243 25249 D CCodec : Buffer hdr-static-info = {
05-07 16:44:33.678 25243 25249 D CCodec : 00000000: 00 00 00 00 00 00 00 00 00 00 00 00 00 00 00 00 ................
05-07 16:44:33.678 25243 25249 D CCodec : 00000010: 00 00 00 00 00 00 00 00 00 .........
05-07 16:44:33.678 25243 25249 D CCodec : }
05-07 16:44:33.678 25243 25249 D CCodec : int32_t android._dataspace = 260
05-07 16:44:33.678 25243 25249 D CCodec : int64_t android._C2MemoryUsage = 65536
05-07 16:44:33.678 25243 25249 D CCodec : int32_t color-format = 2130708361
05-07 16:44:33.678 25243 25249 D CCodec : int32_t bytebuffer-wrapping-disable = 1
05-07 16:44:33.678 25243 25249 D CCodec : }
05-07 16:44:33.679 1009 1009 E QC2Interface: Failed to query parameters
05-07 16:44:33.679 25243 25249 W Codec2Client: query -- param skipped: index = 1610614798.
05-07 16:44:33.679 25243 25249 D C2OMXNode: actual buffer count(16), input delay(0), pipeline delay(0)
05-07 16:44:33.679 25243 25249 D GraphicBufferSource: setting dataspace: 0x104, acquired=0
05-07 16:44:33.679 25243 25249 D CCodec : ISConfig not changed
05-07 16:44:33.680 25243 25248 I CCodec : [c2.qti.avc.encoder] state->set(STARTING)
05-07 16:44:33.680 3555 3555 W ContextImpl: Calling a method in the system process without a qualified user: android.app.ContextImpl.startService:1960 android.content.ContextWrapper.startService:842 android.content.ContextWrapper.startService:842 com.sec.android.diagmonagent.sa.receiver.CFLogReceiver.a:17 com.sec.android.diagmonagent.sa.receiver.CFLogReceiver.onReceive:40
05-07 16:44:33.682 1009 25255 I QC2Registry: Build pipelined codec for session
05-07 16:44:33.682 1009 25255 I QC2Registry: Getting stages for pipelined codec
05-07 16:44:33.683 1009 25255 I QC2Registry: Pipelining not enabled
05-07 16:44:33.683 1009 25255 I QC2Registry: Doesn't support pipelining. Create standalone codec
05-07 16:44:33.683 1009 25255 I QC2V4l2Driver: [avcE_38] Device /dev/video33 opened with fd: 8
05-07 16:44:33.688 1009 25255 I QC2Comp : [avcE_38] set c2d rotation angle 0
05-07 16:44:33.688 1009 25255 I QC2Comp : [avcE_38] set FastCV mirror type 0
05-07 16:44:33.688 1009 25255 W QC2V4l2Codec: [avcE_38] unknown/unsupported param coding.sync-frame-interval index = 0x52002005
05-07 16:44:33.688 1009 25255 W QC2V4l2Codec: [avcE_38] unknown/unsupported param coded.p-frame-count index = 0x5200C001
05-07 16:44:33.688 1009 25255 W QC2V4l2Driver: [avcE_38] Frame QP not set as qpEnable is false!
05-07 16:44:33.688 1009 25255 E QC2V4l2Codec: [avcE_38] OPAQUE is not a supported pixel format!
05-07 16:44:33.689 1009 3897 E QC2Interface: Failed to query parameters
05-07 16:44:33.689 25243 25249 W Codec2Client: query -- param skipped: index = 1610614798.
05-07 16:44:33.689 25243 25249 D C2OMXNode: actual buffer count(16), input delay(0), pipeline delay(0)
05-07 16:44:33.689 25243 25249 D GraphicBufferSource: update max acquired buffer count to 16
05-07 16:44:33.690 1349 1378 D SehCodecSolutionService: getVideoRecordingParameter id : 108417859452928
05-07 16:44:33.690 1009 3897 E QC2Interface: Failed to query parameters
05-07 16:44:33.690 25243 25249 W Codec2Client: query -- param skipped: index = 1342179345.
05-07 16:44:33.690 25243 25249 W Codec2Client: query -- param skipped: index = 2415921170.
05-07 16:44:33.690 25243 25249 W Codec2Client: query -- param skipped: index = 1610614798.
05-07 16:44:33.691 1009 3897 E QC2Interface: Failed to query parameters
05-07 16:44:33.691 25243 25249 D CCodecBufferChannel: [c2.qti.avc.encoder#137] Query input allocators returned 0 params => BAD_INDEX (6)
05-07 16:44:33.691 25243 25249 D CCodecBufferChannel: [c2.qti.avc.encoder#137] Using basic input block pool with poolID 1 => got 1 - OK (0)
05-07 16:44:33.691 1009 1009 E QC2Interface: Failed to query parameters
05-07 16:44:33.691 25243 25249 D CCodecBufferChannel: [c2.qti.avc.encoder#137] Query output allocators returned 0 params => BAD_INDEX (6)
05-07 16:44:33.693 1009 1009 E FMQ : grantorIdx must be less than 3
05-07 16:44:33.693 1009 1009 E FMQ : grantorIdx must be less than 3
05-07 16:44:33.694 25243 25249 I CCodecBufferChannel: [c2.qti.avc.encoder#137] Created output block pool with allocatorID 16 => poolID 34 - OK
05-07 16:44:33.694 25243 25249 D CCodecBufferChannel: [c2.qti.avc.encoder#137] Configured output block pool ids 34 => OK
05-07 16:44:33.694 1009 3897 E QC2Interface: Few parameters failed to configure
05-07 16:44:33.694 25243 25249 I CCodec : [c2.qti.avc.encoder] state->set(RUNNING)
05-07 16:44:33.695 1400 6342 W ResourceManagerService: Ignoring request to add new resource entry with value <= 0
05-07 16:44:33.696 1400 6342 I ResourceManagerService: addMediaInfo pid 25243, add (width 1920 height 1080), lowPriority 0, allocated hw codec count, 1
05-07 16:44:33.696 1400 6342 I ResourceManagerService: getMediaResourceInfo (PID : 25243, clientID : -5476376629919792400, non-secure-codec/video-codec:[]:1, 1920x1080 (fps:60) - sw codec : no, encoder : yes componentName = c2.qti.avc.encoder bitrate = 20000000)
05-07 16:44:33.697 1144 1321 I SurfaceFlinger: createDisplay:ScreenRecorder
05-07 16:44:33.697 25243 25248 I MediaCodec: setCodecState state(0), called in 6
05-07 16:44:33.697 1144 1286 W ComposerExtn: DisplayExtnImpl::SetActiveConfig: HWC Display 0 is not registered!
05-07 16:44:33.698 28308 28332 V ResourceManagerHelper-JNI: JNIMediaResourceHelper::notify eventType : 1, ext1 : 0, ext2 : 0
05-07 16:44:33.698 1349 2554 V ResourceManagerHelper-JNI: JNIMediaResourceHelper::notify eventType : 1, ext1 : 0, ext2 : 0
05-07 16:44:33.698 1349 2554 V ResourceManagerHelper-JNI: notify eventType : 1, ext1 : 0, ext2 : 0
05-07 16:44:33.698 28308 28332 V ResourceManagerHelper-JNI: notify eventType : 1, ext1 : 0, ext2 : 0
05-07 16:44:33.698 3560 3560 I SemMediaResourceHelper: onAdd
05-07 16:44:33.698 1349 1977 I SemMediaResourceHelper: onAdd
05-07 16:44:33.698 1349 2554 V ResourceManagerHelper-JNI: JNIMediaResourceHelper::notify eventType : 3, ext1 : 0, ext2 : 0
05-07 16:44:33.698 1349 2554 V ResourceManagerHelper-JNI: notify eventType : 3, ext1 : 0, ext2 : 0
05-07 16:44:33.698 3560 3560 I SemMediaResourceHelper: onState
05-07 16:44:33.698 28308 28332 V ResourceManagerHelper-JNI: JNIMediaResourceHelper::notify eventType : 3, ext1 : 0, ext2 : 0
05-07 16:44:33.698 28308 28332 V ResourceManagerHelper-JNI: notify eventType : 3, ext1 : 0, ext2 : 0
05-07 16:44:33.698 3560 3560 I SemDvfsHyPerManager: acquire hyper - BaseTABoost/3560@1, type = 1090523139
05-07 16:44:33.699 1349 1977 I SemMediaResourceHelper: onState
05-07 16:44:33.699 28308 28407 I SemMediaResourceHelper: onAdd
05-07 16:44:33.699 975 1107 I HYPER-HAL: [RequestManager.cpp]releaseLocked(): Released ID : 6342142
05-07 16:44:33.699 975 1107 I HYPER-HAL: [RequestManager.cpp]acquire(): Acquired ID : 6342142 [3560 / 1] HINT : list : [TABoost / 1]
05-07 16:44:33.699 28308 28407 I DrmMediaResourceHelper: onAdd size = 1
05-07 16:44:33.699 28308 28407 I SemMediaResourceHelper: onState
05-07 16:44:33.699 28308 28407 I DrmMediaResourceHelper: onStateChanged size = 1
05-07 16:44:33.700 28308 28407 I DrmMediaResourceHelper: resource type: 2,,,isSecured : falseIsEncoder : truegetCodecState : 0getpid : 25243
05-07 16:44:33.702 32492 27187 I MtpStorageManager: Got inotify removed event for : UVRCVUctMTE3NDg3LXF0NjgwLXMyMTAtYW5kcm9pZDEzLXF0YzEzMDFhdHRhY2hwYXRjaC1oZWxsb2dsZXMubXA0
05-07 16:44:33.703 32492 27187 I MtpStorageManager: NORMAL transitioned to NORMAL in op NONE
05-07 16:44:33.708 1144 1144 W SurfaceFlinger: Invalid layer stack -1
05-07 16:44:33.709 1144 1144 I Layer : Layer::reparent [MirrorLayerParent#4382] newParent : MirrorRoot-4630946835308409729#4381 , isRemovedFromCurrentState : 0 -------------------------
05-07 16:44:33.709 1144 1144 I Layer : Layer::reparent [MirrorLayerParent#4382] End -------------------------
05-07 16:44:33.709 1144 1144 I SurfaceFlinger: id=4382 Removed MirrorLayerParent#4382 (127)
05-07 16:44:33.709 1144 1144 I Layer : Layer::reparent [MirrorLayerParent#4384] newParent : MirrorRoot-4630946835308409729#4381 , isRemovedFromCurrentState : 0 -------------------------
05-07 16:44:33.709 1144 1144 I Layer : Layer::reparent [MirrorLayerParent#4384] End -------------------------
05-07 16:44:33.709 1144 1144 I SurfaceFlinger: id=4384 Removed MirrorLayerParent#4384 (129)
05-07 16:44:33.713 3478 3478 W ContentResolver: Failed to get type for: content://media/external/file/1000000029 (No item at content://media/external/file/1000000029)
05-07 16:44:33.713 3374 3963 I MediaProvider: Deleted 0 0 0 1 0 0 0 items on external_primary due to com.android.shell
05-07 16:44:33.713 1144 1144 I QtiSurfaceFlingerExtension: qtiCanAllocateHwcDisplayIdForVDS flag_mask_pvt_wfd(0 flag_mask_hw_video(65536)
05-07 16:44:33.719 32492 32526 D MediaSync: loaded: 8ms, 0
05-07 16:44:33.722 3374 3975 W MediaProvider: isAppCloneUserPair for user 0: false
05-07 16:44:33.725 1144 1144 I CompositionEngine: Enabling QtiRenderSurfaceExtension ...
05-07 16:44:33.727 1144 1144 D DisplayDevice: setLayerFilter : layerstack=1804289383,
05-07 16:44:33.730 32492 27187 I MtpStorageManager: Got inotify added event for : UVRCVUctMTE3NDg3LXF0NjgwLXMyMTAtYW5kcm9pZDEzLXF0YzEzMDFhdHRhY2hwYXRjaC1oZWxsb2dsZXMubXA0
05-07 16:44:33.731 25243 25243 D MPEG4Writer: PreAllocation enabled
05-07 16:44:33.739 32492 32525 D SecMediaProvider: UPDATE /local/metadata 176, 201
05-07 16:44:33.744 997 1274 I SDM : HWDeviceDRM::UpdateMixerAttributes: Mixer WxH 1200x1920-0 for Peripheral
05-07 16:44:33.745 997 1274 I SDM : HWCDisplay::SubmitDisplayConfig: Active configuration changed to: 0
05-07 16:44:33.750 32492 32526 D MediaSync: loaded: 9ms, 0
05-07 16:44:33.751 32492 32525 D SecMediaProvider: UPDATE /local/metadata 176, 204
05-07 16:44:33.773 1349 6925 D PackageManager: setEnabledSetting : userId = 0 packageName = com.google.android.providers.media.module cmp = androidx.work.impl.background.systemalarm.RescheduleReceiver newState = 1 callingPackage = com.google.android.providers.media.module
05-07 16:44:33.774 1349 6925 D ApplicationPolicy: getApplicationStateEnabled : pkg = com.google.android.providers.media.module userId : 0
05-07 16:44:33.774 1349 6925 D ApplicationPolicy: getApplicationComponentState : pkg = com.google.android.providers.media.module userId : 0
05-07 16:44:33.775 972 23421 I sensors-hal: handle_sns_client_event:44, ambient_light_event: ts=521079469272619, event=616.000000
05-07 16:44:33.806 3374 3736 I PSyncWorker: Starting proactive picker sync from sync source: 3
05-07 16:44:33.806 3374 3736 I PickerSyncTracker: Created new sync future java.util.concurrent.CompletableFuture@81346b7[Not completed, 1 dependents]. Future map: {396e9d3a-8e67-4f6f-9647-53e8bc9bd6e5=java.util.concurrent.CompletableFuture@81346b7[Not completed, 1 dependents]}
05-07 16:44:33.806 3374 3736 D PickerSyncController: syncAllMediaFromProvider() LOCAL, auth=com.android.providers.media.photopicker, retry=true
05-07 16:44:33.807 3374 3736 D PickerSyncController: getSyncRequestParams() LOCAL, auth=com.android.providers.media.photopicker
05-07 16:44:33.810 3374 3736 D PickerSyncController: Latest ID/Gen=1407:0c155362-7e6a-483a-b2a3-6d11da4d1bc0:external_primary/205
05-07 16:44:33.810 3374 3736 D PickerSyncController: Cached ID/Gen=1407:0c155362-7e6a-483a-b2a3-6d11da4d1bc0:external_primary/181
05-07 16:44:33.810 3374 3736 D PickerSyncController: RESULT=SyncRequestParams{type=MEDIA_INCREMENTAL, gen=181, latest=Bundle[{last_media_sync_generation=205, media_collection_id=1407:0c155362-7e6a-483a-b2a3-6d11da4d1bc0:external_primary}], pageSize=1000}
05-07 16:44:33.810 3374 3736 I PickerSyncController: Executing SyncAdd. isLocal: true. authority: com.android.providers.media.photopicker
05-07 16:44:33.814 3374 3736 D PickerSyncController: Clearing next page token for key: local_provider:media_add:resume
05-07 16:44:33.815 3374 3736 I PickerSyncController: Paged sync successful. QueryArgs: Bundle[{android.provider.extra.SYNC_GENERATION=181}] Total Rows: 0
05-07 16:44:33.815 3374 3736 I PickerSyncController: Executing SyncRemove. isLocal: true. authority: com.android.providers.media.photopicker
05-07 16:44:33.816 25243 25246 D GraphicBufferSource: got buffer with new dataSpace #104
05-07 16:44:33.816 25243 25246 D C2OMXNode: dataspace changed to 0x104 pixel format: 0x1
05-07 16:44:33.819 3374 3736 E PickerDbFacade: Could not get first date taken millis for media id: 1000000029
05-07 16:44:33.819 3374 3736 W PickerDbFacade: Unable to promote cloud media with localId: 1000000029
05-07 16:44:33.819 3374 3736 D PickerSyncController: Clearing next page token for key: local_provider:media_remove:resume
05-07 16:44:33.819 3374 3736 I PickerSyncController: Paged sync successful. QueryArgs: Bundle[{android.provider.extra.SYNC_GENERATION=181}] Total Rows: 0
05-07 16:44:33.820 3374 3736 I PickerSyncTracker: Marked sync future complete for work id: 396e9d3a-8e67-4f6f-9647-53e8bc9bd6e5. Future map: {}
05-07 16:44:33.820 3374 3736 I PSyncWorker: Completed picker proactive sync complete from local provider.
05-07 16:44:33.820 3374 3736 I PickerSyncTracker: Created new sync future java.util.concurrent.CompletableFuture@84b0e24[Not completed, 1 dependents]. Future map: {396e9d3a-8e67-4f6f-9647-53e8bc9bd6e5=java.util.concurrent.CompletableFuture@84b0e24[Not completed, 1 dependents]}
05-07 16:44:33.821 3374 3736 D PickerSyncController: syncAllMediaFromProvider() CLOUD, auth=null, retry=true
05-07 16:44:33.821 3374 3736 D PickerSyncController: getSyncRequestParams() CLOUD, auth=null
05-07 16:44:33.821 3374 3736 D PickerSyncController: RESULT=SyncRequestParams{type=MEDIA_RESET, gen=0, latest=null, pageSize=1000}
05-07 16:44:33.821 3374 3736 I PickerSyncController: Executing SyncReset. isLocal: false. authority: null
05-07 16:44:33.822 3374 3736 I PickerSyncController: SyncReset. isLocal:false. authority: null. result count: 0
05-07 16:44:33.822 3374 3736 D PickerSyncController: Ignoring cache media info for null authority with bundle: null
05-07 16:44:33.822 3374 3736 I PickerSyncTracker: Marked sync future complete for work id: 396e9d3a-8e67-4f6f-9647-53e8bc9bd6e5. Future map: {}
05-07 16:44:33.822 3374 3736 I PSyncWorker: Completed picker proactive sync complete from cloud provider.
05-07 16:44:33.824 3374 3925 I WM-WorkerWrapper: Worker result SUCCESS for Work [ id=396e9d3a-8e67-4f6f-9647-53e8bc9bd6e5, tags={ com.android.providers.media.photopicker.sync.ProactiveSyncWorker } ]
05-07 16:44:33.827 1349 2554 D PackageManager: setEnabledSetting : userId = 0 packageName = com.google.android.providers.media.module cmp = androidx.work.impl.background.systemalarm.RescheduleReceiver newState = 2 callingPackage = com.google.android.providers.media.module
05-07 16:44:33.833 1009 25255 I QC2ImageConverter: Constructing QC2C2D engine for image conversion
05-07 16:44:33.846 1009 25255 I QC2ImageConverter: created QC2ImageConverter: [1920x1080, RGBA8888] -- {do flip 0, then rotate 0} --> [1920x1080, VENUS_NV12]
05-07 16:44:33.846 1009 25255 I QC2Buf : use default ref tracker
05-07 16:44:33.846 1144 1217 W HWComposer: Ignoring duplicate VSYNC event from HWC for display 4630946835308409729 (t=78903883970000)
05-07 16:44:33.857 1144 1217 W HWComposer: Ignoring duplicate VSYNC event from HWC for display 4630946835308409729 (t=78903895099000)
05-07 16:44:33.862 1009 25255 I QC2C2DEngine: calcYSize: unsupported or RGB color format, RGBA8888(1)
05-07 16:44:33.868 1144 1217 W HWComposer: Ignoring duplicate VSYNC event from HWC for display 4630946835308409729 (t=78903906211000)
05-07 16:44:33.875 972 23421 I sensors-hal: handle_sns_client_event:44, ambient_light_event: ts=521079569269182, event=617.000000
05-07 16:44:33.879 1144 1217 W HWComposer: Ignoring duplicate VSYNC event from HWC for display 4630946835308409729 (t=78903917347000)
05-07 16:44:33.879 1009 25255 E QC2Interface: Few parameters failed to configure
05-07 16:44:33.880 1009 25255 E QC2Comp : [avcE_38] Delayed start: Failed to configure w/h/f on Interface
05-07 16:44:33.880 1009 25255 I QC2Comp : Memory tracker creation for [1D-34]
05-07 16:44:33.880 1009 25255 I QC2Comp : Memory tracker creation for [1D-0]
05-07 16:44:33.880 1009 25255 I QC2Comp : Memory tracker for [1D-0] is available with name [1D-0] and size 0 bytes.
05-07 16:44:33.887 1009 25255 E QC2Interface: Failed to query parameters
05-07 16:44:33.887 1009 25255 W QC2V4l2Driver: [avcE_38] Frame QP not set as qpEnable is false!
05-07 16:44:33.887 1009 25255 W QC2V4l2Codec: [avcE_38] unknown/unsupported param coding.sync-frame-interval index = 0x52002005
05-07 16:44:33.887 1009 25255 W QC2V4l2Codec: [avcE_38] unknown/unsupported param 3254796295 index = 0xC2004007
05-07 16:44:33.890 1144 1217 W HWComposer: Ignoring duplicate VSYNC event from HWC for display 4630946835308409729 (t=78903928488000)
05-07 16:44:33.908 1009 25255 E QC2Interface: Failed to query parameters
05-07 16:44:33.912 1009 25255 E FMQ : grantorIdx must be less than 3
05-07 16:44:33.914 25243 25254 D C2Store : Using ION
05-07 16:44:33.915 25243 25249 D CCodecConfig: c2 config diff is Buffer coded.init-data.value = {
05-07 16:44:33.915 25243 25249 D CCodecConfig: 00000000: 00 00 00 01 67 64 00 2a ac b4 03 c0 11 3f 2c a4 ....gd.*.....?,.
05-07 16:44:33.915 25243 25249 D CCodecConfig: 00000010: 14 18 14 1b 42 84 d4 00 00 00 01 68 ee 06 e2 c0 ....B......h....
05-07 16:44:33.915 25243 25249 D Codec2-OutputBufferQueue: set max dequeue count 11 from update
05-07 16:44:33.918 25243 25243 D MPEG4Writer: fpathconf _PC_FILESIZEBITS:64
05-07 16:44:33.918 25243 25243 D MPEG4Writer: File size limit set to 4503599627370495 bytes implicitly
05-07 16:44:33.919 25243 25243 D MPEG4Writer: MP4WtrCtrlHlpLooper Started
05-07 16:44:33.922 25243 25248 I MediaCodec: setCodecState state(1), called in 6
05-07 16:44:33.922 28308 28332 V ResourceManagerHelper-JNI: JNIMediaResourceHelper::notify eventType : 3, ext1 : 0, ext2 : 0
05-07 16:44:33.922 28308 28332 V ResourceManagerHelper-JNI: notify eventType : 3, ext1 : 0, ext2 : 0
05-07 16:44:33.922 3560 3560 I SemMediaResourceHelper: onState
05-07 16:44:33.923 28308 28407 I SemMediaResourceHelper: onState
05-07 16:44:33.923 28308 28407 I DrmMediaResourceHelper: onStateChanged size = 1
05-07 16:44:33.923 28308 28407 I DrmMediaResourceHelper: resource type: 2,,,isSecured : falseIsEncoder : truegetCodecState : 1getpid : 25243
05-07 16:44:33.923 975 1107 I HYPER-HAL: [RequestManager.cpp]releaseLocked(): Released ID : 6342142
05-07 16:44:33.924 1349 2554 V ResourceManagerHelper-JNI: JNIMediaResourceHelper::notify eventType : 3, ext1 : 0, ext2 : 0
05-07 16:44:33.924 1349 2554 V ResourceManagerHelper-JNI: notify eventType : 3, ext1 : 0, ext2 : 0
05-07 16:44:33.924 1349 1977 I SemMediaResourceHelper: onState
05-07 16:44:33.926 25243 25266 I MPEG4Writer: setStartTimestampUs: 78903854173 from Video track
05-07 16:44:33.926 25243 25266 I MPEG4Writer: Earliest track starting time: 78903854173
05-07 16:44:33.936 25153 25228 E SurfaceSyncGroup: Failed to receive transaction ready in 1000ms. Marking SurfaceSyncGroup(wmsSync-ViewRootImpl@f9c5125[QtActivity]#0) as ready
05-07 16:44:33.936 25153 25228 D ViewRootImpl@f9c5125[QtActivity]: reportDrawFinished
