05-07 16:44:28.729 2625 2691 I HoneySpace.TaskbarEventTracker: invokeEvent() called with: event = NavButtonsDarkIntensityChanged(darkIntensity=0.0)
05-07 16:44:28.729 2283 2409 V WindowManagerShell: animated by com.android.wm.shell.transition.DefaultTransitionHandler@ed6d08c
05-07 16:44:28.730 2625 24228 I HoneySpace.SystemUiRepository: systemUiFlags: allow_gesture|awake
05-07 16:44:28.730 1144 1144 I Layer : Layer::reparent [WallpaperWindowToken{4f74455 token=android.os.Binder@52ca30c}#65] newParent : Transition Root: Task=38#4360 , isRemovedFromCurrentState : 0 -------------------------
05-07 16:44:28.730 1144 1144 I Layer : Layer::reparent [WallpaperWindowToken{4f74455 token=android.os.Binder@52ca30c}#65] End -------------------------
05-07 16:44:28.730 2625 2691 I HoneySpace.TaskbarEventTracker: invokeEvent() called with: event = SystemUiStateChanged(stateFlags=268566528)
05-07 16:44:28.730 1144 1144 I Layer : Layer [Transition Root: Task=38#4360] hidden!! flag(0)
05-07 16:44:28.730 1144 1144 I Layer : Layer [Task=38#4356] hidden!! flag(0)
05-07 16:44:28.730 1144 1144 I Layer : Layer::reparent [Task=38#4356] newParent : Transition Root: Task=38#4360 , isRemovedFromCurrentState : 0 -------------------------
05-07 16:44:28.730 1144 1144 I Layer : Layer::reparent [Task=38#4356] End -------------------------
05-07 16:44:28.731 1144 1144 I Layer : Layer [d3a9a64 Splash Screen org.qtproject.example.hellogles3#4358] hidden!! flag(0)
05-07 16:44:28.731 1144 1144 I Layer : Layer [Splash Screen org.qtproject.example.hellogles3$_2283#4359] hidden!! flag(0)
05-07 16:44:28.731 1144 1144 I Layer : Layer::reparent [Task=1#48] newParent : Transition Root: Task=38#4360 , isRemovedFromCurrentState : 0 -------------------------
05-07 16:44:28.731 1144 1144 I Layer : Layer::reparent [Task=1#48] End -------------------------
05-07 16:44:28.731 1144 1144 I Layer : Layer [ActivityRecord{4c44815 u0 org.qtproject.example.hellogles3/org.qtproject.qt.android.bindings.QtActivity t38}#4357] hidden!! flag(0)
05-07 16:44:28.732 2283 2471 I InsetsSourceConsumer: applyRequestedVisibilityToControl: visible=true, type=navigationBars, host=Splash Screen org.qtproject.example.hellogles3
05-07 16:44:28.732 1349 1731 D PackageSettings: ++ writeStateForUserSyncLPr(0)
05-07 16:44:28.733 2283 2471 I InsetsSourceConsumer: applyRequestedVisibilityToControl: visible=true, type=statusBars, host=Splash Screen org.qtproject.example.hellogles3
05-07 16:44:28.733 1349 1731 W PackageSettings: -- writeStateForUserSyncLPr(0)
05-07 16:44:28.736 25153 25153 I mple.hellogles3: Late-enabling -Xcheck:jni
05-07 16:44:28.738 2625 2691 I HoneySpace.TaskbarEventTracker: invokeEvent() called with: event = NavButtonsDarkIntensityChanged(darkIntensity=0.0)
05-07 16:44:28.741 1144 1144 I Layer : Layer::reparent [ede8149 TaskbarWindow#540] newParent : Surface(name=ede8149 TaskbarWindow)/@0x39fd301 - animation-leash of insets_animation#4361 , isRemovedFromCurrentState : 0 -------------------------
05-07 16:44:28.741 1144 1144 I Layer : Layer::reparent [ede8149 TaskbarWindow#540] End -------------------------
05-07 16:44:28.741 1144 1144 I Layer : Layer::reparent [Surface(name=ede8149 TaskbarWindow)/@0x39fd301 - animation-leash of insets_animation#4350] newParentHandle : null -------------------------
05-07 16:44:28.741 1144 1144 I Layer : id=4350 removeFromCurrentState Surface(name=ede8149 TaskbarWindow)/@0x39fd301 - animation-leash of insets_animation#4350 (125)
05-07 16:44:28.741 1144 1144 I Layer : Layer::reparent [Surface(name=ede8149 TaskbarWindow)/@0x39fd301 - animation-leash of insets_animation#4350] End -------------------------
05-07 16:44:28.741 1144 1144 I Layer : Layer::reparent [f359a00 StatusBar#80] newParent : Surface(name=f359a00 StatusBar)/@0xb15e156 - animation-leash of insets_animation#4362 , isRemovedFromCurrentState : 0 -------------------------
05-07 16:44:28.742 1144 1144 I Layer : Layer::reparent [f359a00 StatusBar#80] End -------------------------
05-07 16:44:28.742 1144 1144 I Layer : Layer::reparent [Surface(name=f359a00 StatusBar)/@0xb15e156 - animation-leash of insets_animation#4351] newParentHandle : null -------------------------
05-07 16:44:28.742 1144 1144 I Layer : id=4351 removeFromCurrentState Surface(name=f359a00 StatusBar)/@0xb15e156 - animation-leash of insets_animation#4351 (125)
05-07 16:44:28.742 1144 1144 I Layer : Layer::reparent [Surface(name=f359a00 StatusBar)/@0xb15e156 - animation-leash of insets_animation#4351] End -------------------------
05-07 16:44:28.743 1144 1144 I SurfaceFlinger: id=4351 Removed Surface(name=f359a00 StatusBar)/@0xb15e156 - animation-leash of insets_animation#4351 (125)
05-07 16:44:28.743 1144 1144 I SurfaceFlinger: id=4350 Removed Surface(name=ede8149 TaskbarWindow)/@0x39fd301 - animation-leash of insets_animation#4350 (125)
05-07 16:44:28.747 2625 2691 I HoneySpace.TaskbarEventTracker: invokeEvent() called with: event = NavButtonsDarkIntensityChanged(darkIntensity=0.28277582)
05-07 16:44:28.752 1144 1144 I Layer : id=4351 Destroyed Surface(name=f359a00 StatusBar)/@0xb15e156 - animation-leash of insets_animation#4351
05-07 16:44:28.752 1144 1144 I Layer : id=4350 Destroyed Surface(name=ede8149 TaskbarWindow)/@0x39fd301 - animation-leash of insets_animation#4350
05-07 16:44:28.755 24305 25116 I Routine@Ui[4.5.00.57]: RunningNotificationGenerator: computeEnabledRoutine : routineList.size=0, routineNotiInfoList=0
05-07 16:44:28.755 24305 25116 I Routine@Ui[4.5.00.57]: RunningNotificationUpdater: update
05-07 16:44:28.755 24305 25116 I Routine@Ui[4.5.00.57]: Pref: putSharedPrefsData() key=update_noti_time
05-07 16:44:28.758 2625 2691 I HoneySpace.TaskbarEventTracker: invokeEvent() called with: event = NavButtonsDarkIntensityChanged(darkIntensity=0.46991178)
05-07 16:44:28.768 2625 2691 I HoneySpace.TaskbarEventTracker: invokeEvent() called with: event = NavButtonsDarkIntensityChanged(darkIntensity=0.6110299)
05-07 16:44:28.769 25153 25153 I mple.hellogles3: Using CollectorTypeCC GC.
05-07 16:44:28.771 1144 1144 D SurfaceFlinger: Display 4630946835308409729 HWC layers:
05-07 16:44:28.771 1144 1144 D SurfaceFlinger: CLIENT | 0xb400006fbcf8c450 | 0100 | RGBA_8888 | 360.0 0.0 1560.0 1920.0 | 0 0 1200 1920 | Wallpaper BBQ wrapper#72
05-07 16:44:28.771 1144 1144 D SurfaceFlinger: CLIENT | 0xb400006fbcf8c220 | 0100 | RGBA_8888 | 0.0 0.0 1200.0 1920.0 | 0 0 1200 1920 | com.sec.android.app.launcher/com.sec[...]tivities.LauncherActivity$_2625#4349
05-07 16:44:28.771 1144 1144 D SurfaceFlinger: CLIENT | 0xb400006fbcf8a2a0 | 0100 | RGBA_8888 | 0.0 0.0 1200.0 1920.0 | 86 138 1114 1782 | Splash Screen org.qtproject.example.hellogles3$_2283#4359
05-07 16:44:28.771 1144 1144 D SurfaceFlinger: CLIENT | 0xb400006fbcf8a850 | 0100 | RGBA_8888 | 0.0 0.0 1200.0 36.0 | 0 0 1200 36 | StatusBar$_2283#84
05-07 16:44:28.771 1144 1144 D SurfaceFlinger: CLIENT | 0xb400006fbcf8b3b0 | 0100 | RGBA_8888 | 0.0 0.0 67.0 207.0 | 1133 432 1200 639 | com.sec.android.app.launcher/com.sam[...]e.edge.CocktailBarService$_2625#4278
05-07 16:44:28.771 1144 1144 D SurfaceFlinger: CLIENT | 0xb400006fbcf8b1f0 | 0100 | RGBA_8888 | 0.0 0.0 1200.0 72.0 | 0 1848 1200 1920 | TaskbarWindow$_2625#544
05-07 16:44:28.771 1144 1144 D SurfaceFlinger: CLIENT | 0xb400006fbcf8aaf0 | 0100 | RGBA_
05-07 16:44:28.771 1144 1144 D SurfaceFlinger: 8888 | 0.0 0.0 1200.0 1920.0 | 0 0 1200 1920 | PointerLocation - display 0#3661
05-07 16:44:28.771 1144 1144 D SurfaceFlinger:
05-07 16:44:28.774 14414 14414 I A : onPause
05-07 16:44:28.775 972 23421 I sensors-hal: handle_sns_client_event:44, ambient_light_event: ts=521074469268579, event=614.000000
05-07 16:44:28.777 23733 23739 I adbd : jdwp connection from 25153
05-07 16:44:28.779 3560 9882 I SDHMS:l : onTaskStackChanged
05-07 16:44:28.780 2625 2691 I HoneySpace.TaskbarEventTracker: invokeEvent() called with: event = NavButtonsDarkIntensityChanged(darkIntensity=0.71947354)
05-07 16:44:28.781 24305 25116 I Routine@Ui[4.5.00.57]: RunningNotificationUpdater: updateNotificationImpl: no running routines, then noti cancel
05-07 16:44:28.781 24305 25116 I Routine@Ui[4.5.00.57]: FaceWidgetUpdater: update: 1
05-07 16:44:28.782 2625 25121 I HoneySpace.RecentTasks: onRecentTasksChanged
05-07 16:44:28.785 2625 2625 I HoneySpace.HistoryViewModel: task bar is not showing. skip load history items
05-07 16:44:28.788 25153 25153 D ActivityThread: setConscryptValidator
05-07 16:44:28.789 25153 25153 D ActivityThread: setConscryptValidator - put
05-07 16:44:28.790 24305 25116 I Routine@Ui[4.5.00.57]: Pref: putSharedPrefsData() key=facewidget_routine
05-07 16:44:28.791 2625 2691 I HoneySpace.TaskbarEventTracker: invokeEvent() called with: event = NavButtonsDarkIntensityChanged(darkIntensity=0.8046189)
05-07 16:44:28.799 1349 9382 V WindowManager: rotationForOrientation(orient=SCREEN_ORIENTATION_UNSPECIFIED (-1), last=ROTATION_0 (0)); user=ROTATION_0 (0)
05-07 16:44:28.799 1349 9382 D WindowManager: rotationForOrientation, orientationSource=ActivityRecord{4c44815 u0 org.qtproject.example.hellogles3/org.qtproject.qt.android.bindings.QtActivity t38}
05-07 16:44:28.799 1349 9382 V WindowManager: Computed rotation=ROTATION_0 (0) for display id=0 based on lastOrientation=SCREEN_ORIENTATION_UNSPECIFIED (-1) and oldRotation=ROTATION_0 (0), caller=com.android.server.wm.DisplayRotation.updateOrientation:517 com.android.server.wm.DisplayContent.updateOrientation:2170 com.android.server.wm.DisplayContent.updateOrientation:2096 com.android.server.wm.RootWindowContainer.ensureVisibilityAndConfig:2072 com.android.server.wm.ActivityTaskSupervisor.realStartActivityLocked:926 com.android.server.wm.RootWindowContainer$AttachApplicationHelper.test:4280
05-07 16:44:28.801 1349 9382 D SGM:PkgDataHelper: notifyAppCreate(), pkgName: org.qtproject.example.hellogles3, userId: 0, sendRet: true
05-07 16:44:28.801 1349 1960 D SGM:FgCheckThread: onLooperPrepared(), msg: MSG_APP_CREATE, pkgName: org.qtproject.example.hellogles3, userId: 0
05-07 16:44:28.802 1349 9382 D SGM:FgCheckThread: TaskStackListener.onTaskFocusChanged(), taskId=7, focused=false
05-07 16:44:28.802 1349 9382 D SGM:FgCheckThread: TaskStackListener.onTaskFocusChanged(), taskId=38, focused=true
05-07 16:44:28.802 2625 2691 I HoneySpace.TaskbarEventTracker: invokeEvent() called with: event = NavButtonsDarkIntensityChanged(darkIntensity=0.8781642)
05-07 16:44:28.804 1349 9382 D SGM:FgCheckThread: sendRunningComponentFocus(), pkgName: org.qtproject.example.hellogles3, userId: 0
05-07 16:44:28.804 1349 1960 D SGM:FgCheckThread: onLooperPrepared(), msg: MSG_TASK_FOCUSED, pkgName: org.qtproject.example.hellogles3, userId: 0
05-07 16:44:28.804 1349 1960 D SGM:FgCheckThread: handleTaskFocused().
05-07 16:44:28.804 1349 1960 D SGM:FgCheckThread: handleTaskFocused(), pkgName: org.qtproject.example.hellogles3, userID:0
05-07 16:44:28.804 1349 1960 D SGM:FgCheckThread: handleResume().
05-07 16:44:28.804 1349 1960 D SGM:FgCheckThread: sendFocusOutConditionally() - mPrevNotiPkg: (unknown), userId: 0
05-07 16:44:28.804 1349 1960 D SGM:FgCheckThread: handleResume(). pkgName: org.qtproject.example.hellogles3, userId: 0, isTunableApp: null
05-07 16:44:28.804 1349 1960 D SGM:FgCheckThread: notifyFocusInOut(). of pkg: org.qtproject.example.hellogles3, type: 4, isTunableApp: false, userId: 0
05-07 16:44:28.804 1349 1960 D SGM:FgCheckThread: notifyFocusInOut(). unexpected mPrevNotiType: -1
05-07 16:44:28.804 1349 1960 D SGM:SystemHelper: callReleaseBlock needReleaseBlock:false
05-07 16:44:28.805 1349 9382 D InputDispatcher: Focused application(0): ActivityRecord{4c44815 u0 org.qtproject.example.hellogles3/org.qtproject.qt.android.bindings.QtActivity t38}
05-07 16:44:28.805 2625 2625 I HoneySpace.HistoryViewModel: Block stack change
05-07 16:44:28.807 1349 9382 D SGM:FgCheckThread: TaskStackListener.onTaskFocusChanged(), taskId=7, focused=false
05-07 16:44:28.807 1349 9382 D SGM:FgCheckThread: TaskStackListener.onTaskFocusChanged(), taskId=38, focused=true
05-07 16:44:28.808 1349 9382 D SGM:FgCheckThread: sendRunningComponentFocus(), pkgName: org.qtproject.example.hellogles3, userId: 0
05-07 16:44:28.808 24305 25116 I Routine@Ui[4.5.00.57]: Pref: putSharedPrefsData() key=running_face_widget_ids
05-07 16:44:28.808 1349 1960 D SGM:FgCheckThread: onLooperPrepared(), msg: MSG_TASK_FOCUSED, pkgName: org.qtproject.example.hellogles3, userId: 0
05-07 16:44:28.808 1349 1960 D SGM:FgCheckThread: handleTaskFocused().
05-07 16:44:28.809 1349 1960 D SGM:FgCheckThread: handleTaskFocused(), pkgName: org.qtproject.example.hellogles3, userID:0
05-07 16:44:28.809 1349 1960 D SGM:FgCheckThread: handleResume().
05-07 16:44:28.809 1349 1960 D SGM:FgCheckThread: sendFocusOutConditionally() - mPrevNotiPkg: (unknown), userId: 0
05-07 16:44:28.809 1349 1960 D SGM:FgCheckThread: handleResume(). pkgName: org.qtproject.example.hellogles3, userId: 0, isTunableApp: null
05-07 16:44:28.809 1349 1960 D SGM:FgCheckThread: notifyFocusInOut(). of pkg: org.qtproject.example.hellogles3, type: 4, isTunableApp: false, userId: 0
05-07 16:44:28.809 1349 1960 D SGM:FgCheckThread: notifyFocusInOut(). unexpected mPrevNotiType: -1
05-07 16:44:28.809 1349 1960 D SGM:SystemHelper: callReleaseBlock needReleaseBlock:false
05-07 16:44:28.809 1349 9382 D ActivityTaskManager: scheduleTopResumedActivityChanged, onTop=true, r=ActivityRecord{4c44815 u0 org.qtproject.example.hellogles3/org.qtproject.qt.android.bindings.QtActivity t38}, caller=com.android.server.wm.ActivityTaskSupervisor.scheduleTopResumedActivityStateIfNeeded:2816 com.android.server.wm.ActivityTaskSupervisor.updateTopResumedActivityIfNeeded:2808 com.android.server.wm.TaskFragment.setResumedActivity:574 com.android.server.wm.TaskFragment.onActivityStateChanged:898 com.android.server.wm.ActivityRecord.setState:6766 com.android.server.wm.Task.minimalResumeActivityLocked:6075
05-07 16:44:28.810 1349 9382 D WindowManagerServiceExt: notifyOccludeChangeNotice: cn=ComponentInfo{org.qtproject.example.hellogles3/org.qtproject.qt.android.bindings.QtActivity} occludesParent=true isInSplitScreenMode=false styleFloating=false caller=com.android.server.wm.ActivityRecord.completeResumeLocked:7421 com.android.server.wm.Task.minimalResumeActivityLocked:6076 com.android.server.wm.ActivityTaskSupervisor.realStartActivityLocked:1152 com.android.server.wm.RootWindowContainer$AttachApplicationHelper.test:4280 com.android.server.wm.RootWindowContainer$AttachApplicationHelper.test:4230
05-07 16:44:28.811 1349 2028 D AS.MultiSoundManager: mForegroundUid = 10257
05-07 16:44:28.811 1349 2028 D AS.MultiSoundManager: mForegroundUid = 10257
05-07 16:44:28.812 1349 1723 D SGM:FgCheckThread: noteResumeComponent(), received pkgName: org.qtproject.example.hellogles3, userId: 0
05-07 16:44:28.812 1349 1723 I GameSDK@LifeCycle: noteResumeComponent(): package name : org.qtproject.example.hellogles3
05-07 16:44:28.812 1349 4239 D AutoRotationHandler: not support this mode
05-07 16:44:28.812 1349 4239 D AutoRotationHandler: not support this mode
05-07 16:44:28.812 1349 2053 I CocktailBarManagerServiceContainer: handleMessage: entry what = 5
05-07 16:44:28.813 24305 25116 I Routine@Ui[4.5.00.57]: RoutineFaceWidgetUpdateImpl: updateFaceWidget: changeCurrentPage=false
05-07 16:44:28.814 25153 25153 D CompatibilityChangeReporter: Compat change id reported: 171979766; UID 10257; state: ENABLED
05-07 16:44:28.814 2625 2691 I HoneySpace.TaskbarEventTracker: invokeEvent() called with: event = NavButtonsDarkIntensityChanged(darkIntensity=0.92620367)
05-07 16:44:28.814 25153 25153 D CompatibilityChangeReporter: Compat change id reported: 242716250; UID 10257; state: ENABLED
05-07 16:44:28.815 1349 1960 D SGM:FgCheckThread: onLooperPrepared(), msg: MSG_APP_RESUME, pkgName: org.qtproject.example.hellogles3, userid: 0
05-07 16:44:28.815 1349 1960 D SGM:FgCheckThread: handleResume().
05-07 16:44:28.815 1349 1960 D SGM:FgCheckThread: sendFocusOutConditionally() - mPrevNotiPkg: (unknown), userId: 0
05-07 16:44:28.815 1349 1960 D SGM:FgCheckThread: handleResume(). pkgName: org.qtproject.example.hellogles3, userId: 0, isTunableApp: null
05-07 16:44:28.815 1349 1960 D SGM:FgCheckThread: notifyFocusInOut(). of pkg: org.qtproject.example.hellogles3, type: 4, isTunableApp: false, userId: 0
05-07 16:44:28.815 1349 1960 D SGM:FgCheckThread: notifyFocusInOut(). unexpected mPrevNotiType: -1
05-07 16:44:28.815 1349 1960 D SGM:SystemHelper: callReleaseBlock needReleaseBlock:false
05-07 16:44:28.817 24305 25116 I Routine@Ui[4.5.00.57]: NotificationUpdateService: Stop no more task
05-07 16:44:28.818 2625 2625 I HoneySpace.HistoryViewModel: task bar is not showing. skip load history items
05-07 16:44:28.820 2625 2625 I HoneySpace.HistoryViewModel: Block stack change
05-07 16:44:28.820 2625 2696 I HoneySpace.TopTaskSource: onTaskFocusChanged(): taskId = 38
05-07 16:44:28.820 2625 2696 I HoneySpace.TopTaskSource: onTaskMovedToFront : taskId = 38
05-07 16:44:28.821 1349 1723 I ActivityManager: Changes in 10257 19 to 2, 0 to 63
05-07 16:44:28.821 2283 2283 D FaceWidgetRemoteViewsManager: updateRemoteViewsResponseMap(FaceWidgetKey{packageName='com.samsung.android.app.routines#dashboard', location=LOCKSCREEN}) removed response map
05-07 16:44:28.821 2625 2625 I HoneySpace.HistoryViewModel: task bar is not showing. skip load history items
05-07 16:44:28.821 2283 2283 D FaceWidgetRemoteViewsManager: updateRemoteViewsResponseMap(FaceWidgetKey{packageName='com.samsung.android.app.routines#dashboard', location=FULLSCREEN}) removed response map
05-07 16:44:28.821 2283 2283 D FaceWidgetRemoteViewsManager: onUpdateFaceWidgetRemoteViews() item = FaceWidgetRemoteViewsItem [com.samsung.android.app.routines, FaceWidgetRemoteInfo [pkgName - com.samsung.android.app.routines, packageNamePageId - com.samsung.android.app.routines#dashboard, pageId - dashboard, isShowing - true, remoteviews - [(LOCKSCREEN,android.widget.RemoteViews@9a22834),(FULLSCREEN,android.widget.RemoteViews@e83265d),,,,,], additionalView - null] com.samsung.android.app.facewidget.pages.remoteview.c@c75dbd2] com.samsung.android.app.facewidget.pages.remoteview.d@9ed3f07
05-07 16:44:28.821 2283 2283 D FaceWidgetRemoteViewsManager: updateFaceWidgetRemoteViewsPage() info = FaceWidgetRemoteInfo [pkgName - com.samsung.android.app.routines, packageNamePageId - com.samsung.android.app.routines#dashboard, pageId - dashboard, isShowing - true, remoteviews - [(LOCKSCREEN,android.widget.RemoteViews@9a22834),(FULLSCREEN,android.widget.RemoteViews@e83265d),,,,,], additionalView - null] com.samsung.android.app.facewidget.pages.remoteview.c@c75dbd2
05-07 16:44:28.821 2283 2283 D FaceWidgetRemoteViewsItem: updateFaceWidgetRemoteViewsInfo FaceWidgetRemoteInfo [pkgName - com.samsung.android.app.routines, packageNamePageId - com.samsung.android.app.routines#dashboard, pageId - dashboard, isShowing - true, remoteviews - [(LOCKSCREEN,android.widget.RemoteViews@9a22834),(FULLSCREEN,android.widget.RemoteViews@e83265d),,,,,], additionalView - null] com.samsung.android.app.facewidget.pages.remoteview.c@c75dbd2
05-07 16:44:28.821 2283 2283 D FaceWidgetViewModel: updateAdditionalInfoView no view
05-07 16:44:28.821 2283 2283 D FaceWidgetViewModel: updateInfoParameters(additional info) isAODState = false, clockSidePadding = (0, 0), musicSidePadding = (253, 253)
05-07 16:44:28.821 2283 2283 D FaceWidgetDashBoardViewModel: reorderPages false
05-07 16:44:28.821 2283 2283 D FaceWidgetDashBoardObserver: onChanged pagesOrder=[servicebox_music, servicebox_alarm, com.sec.android.app.voicenote#record, com.samsung.android.app.routines#dashboard], mIsNeedReorder=false
05-07 16:44:28.821 2625 2625 I Edge.ActivityUtils: HomePackage : com.sec.android.app.launcher, resumePackageName : org.qtproject.example.hellogles3
05-07 16:44:28.821 2283 2283 D SecKeyguardStatusViewObserver: onChanged() FaceWidgetContainerLiveData{mIsContainerVisible=false, mClipLayoutVisibility=0, mRotation=0, mIsAdditionalInfoVisible=8, mAdditionalInfoGravity=17, mClockSideStartPadding=0, mClockSideEndPadding=0, mMusicSideStartPadding=253, mMusicSideEndPadding=253, mInfoSideStartPadding=0, mInfoSideEndPadding=0, mClipLayoutWidth = -1, mAdditionalInfoRemoteView=null, mHasCMAS=false, mIsAdditionalViewGoingToSleep=false, mConfig=CustomConfiguration{fontScale=1.1, screenLayout=268435796, orientation=1, screenWidthDp=800, screenHeightDp=1208, smallestScreenWidthDp=800, densityDpi=240, uiMode=17, isRTL=false, mConfiguration={1.1 ?mcc0mnc [en_GB] ldltr sw800dp w800dp h1208dp 240dpi xlrg port finger -keyb/v/h -nav/h winConfig={ mBounds=Rect(0, 0 - 1200, 1920) mAppBounds=Rect(0, 0 - 1200, 1848) mMaxBounds=Rect(0, 0 - 1200, 1920) mDisplayRotation=ROTATION_0 mWindowingMode=fullscreen mDisplayWindowingMode=fullscreen mActivityType=undefined mAlwaysOnTop=undefined mRotation=ROTATION_0 mPopOver=undefined mOverlappingWithCutout=false mStageConfig=undefined mEmbedActivityMode=undefined mFreeformTaskPinningState=undefined mCompatSandboxScale=-1.0 mDexTaskDockingState=none} s.928 fontWeightAdjustment=0 ff=0 bf=0 bts=0 cst=1.0 nightDim=-1 desktop/d dm/n ?dc ?dcui themeSeq=0}}}
05-07 16:44:28.821 2283 2283 D FaceWidgetPagesController: onGravityChanged()
05-07 16:44:28.822 2283 2283 D FaceWidgetClockPage: setClockGravity() gravity = 49
05-07 16:44:28.822 2283 2283 D FaceWidgetClockPage: updateClockPadding
05-07 16:44:28.822 2625 2696 I HoneySpace.TopTaskSource: onTaskFocusChanged(): taskId = 38
05-07 16:44:28.822 1349 9382 D CompatibilityChangeReporter: Compat change id reported: 170503758; UID 10257; state: ENABLED
05-07 16:44:28.823 2625 2696 I HoneySpace.TopTaskSource: onTaskMovedToFront : taskId = 38
05-07 16:44:28.825 2625 2691 I HoneySpace.TaskbarEventTracker: invokeEvent() called with: event = NavButtonsDarkIntensityChanged(darkIntensity=0.9611706)
05-07 16:44:28.828 25153 25153 W ziparchive: Unable to open '/data/app/~~ILyV9Uj9OMo2Ss2B_5OxWQ==/org.qtproject.example.hellogles3-d9Wr37P7eErVQ4cuJPlrNg==/base.dm': No such file or directory
05-07 16:44:28.828 25153 25153 W ziparchive: Unable to open '/data/app/~~ILyV9Uj9OMo2Ss2B_5OxWQ==/org.qtproject.example.hellogles3-d9Wr37P7eErVQ4cuJPlrNg==/base.dm': No such file or directory
05-07 16:44:28.830 1349 1720 D PkgPredictorService-SecIpmManagerServiceImpl: onForegroundActivitiesChanged pid:25153 uid:10257
05-07 16:44:28.832 15106 15154 I Rubin : [124] nb.a.c(Unknown Source) : Notify com.samsung.android.rubin.inferenceengine.contextanalytics.engine.loggers.e's database is updated.
05-07 16:44:28.832 2597 2597 D HidDeviceService: handleMessage(): msg.what=8
05-07 16:44:28.836 2625 2625 I HoneySpace.TaskbarVisibilityController: onOccludeChangeNotice occlude:true cn:ComponentInfo{org.qtproject.example.hellogles3/org.qtproject.qt.android.bindings.QtActivity} isResume:false
05-07 16:44:28.838 2625 2691 I HoneySpace.TaskbarEventTracker: invokeEvent() called with: event = NavButtonsDarkIntensityChanged(darkIntensity=0.9839784)
05-07 16:44:28.841 2283 2283 D BubblesManager: onNotificationChannelModified : pkg=com.samsung.android.app.routines ,modificationType:3
05-07 16:44:28.841 2283 2283 D BubblesManager: onNotificationChannelModified : pkg=com.samsung.android.app.routines ,modificationType:1
05-07 16:44:28.841 2625 2625 I HoneySpace.TaskbarPot: update layout state = 1
05-07 16:44:28.841 2625 2625 I HoneySpace.TaskbarPot: updateLayout() [count=8,gesture=false,hint=true,floating=false,wide=1,isMoreTaskButton=false]
05-07 16:44:28.841 2625 2625 I HoneySpace.TaskbarPot: updateChildData: iconSize = 50 iconWidth = 74
05-07 16:44:28.841 2625 25121 I HoneySpace.HistoryViewModel: loadItems() called - 200
05-07 16:44:28.841 2625 2625 I HoneySpace.HotseatPot@150151941: updateData
05-07 16:44:28.841 2625 2625 I HoneySpace.HotseatPot@150151941: updateData iconSize = 50, itemWidth = 74
05-07 16:44:28.841 2625 2625 I HoneySpace.HotseatViewModel@97547659: load hotseat enter (OneUI, containerId=5, isTaskbarChild=true)
05-07 16:44:28.842 2625 2625 I HoneySpace.HotseatViewModel@97547659: load hotseat start(OneUI, isTaskbarChild=true)
05-07 16:44:28.842 2625 2625 I HoneySpace.HoneySpacePackageSourceImpl: getActiveItems : 42
05-07 16:44:28.842 2625 2625 I HoneySpace.HoneySpacePackageSourceImpl: getHiddenItems : 0
05-07 16:44:28.842 2625 2625 I HoneySpace.HotseatRepositoryImpl: init : honeyDataList count = 6 containerId=5 true false
05-07 16:44:28.842 2625 2625 I HoneySpace.HotseatViewModel@97547659: load hotseat progress(App(item=id:24 label:Notes componnet:com.samsung.android.app.notes/.memolist.MemoListActivity#UserHandle{0} badgeCount:0 drag:false iconState:NONE, rank=0))
05-07 16:44:28.842 2625 2625 I HoneySpace.HotseatViewModel@97547659: load hotseat progress(OneUI, isTaskbarChild=true)
05-07 16:44:28.842 2625 2625 I HoneySpace.HotseatViewModel@97547659: load hotseat progress(App(item=id:25 label:My Files componnet:com.sec.android.app.myfiles/.ui.MainActivity#UserHandle{0} badgeCount:0 drag:false iconState:NONE, rank=1))
05-07 16:44:28.842 2625 2625 I HoneySpace.HotseatViewModel@97547659: load hotseat progress(OneUI, isTaskbarChild=true)
05-07 16:44:28.842 2625 2625 I HoneySpace.HotseatViewModel@97547659: load hotseat progress(App(item=id:26 label:Calendar componnet:com.samsung.android.calendar/com.samsung.android.app.calendar.activity.MainActivity#UserHandle{0} badgeCount:0 drag:false iconState:NONE, rank=2))
05-07 16:44:28.842 2625 2625 I HoneySpace.HotseatViewModel@97547659: load hotseat progress(OneUI, isTaskbarChild=true)
05-07 16:44:28.842 2625 2625 I HoneySpace.HotseatViewModel@97547659: load hotseat progress(App(item=id:27 label:Messages componnet:com.google.android.apps.messaging/.ui.ConversationListActivity#UserHandle{0} badgeCount:0 drag:false iconState:NONE, rank=3))
05-07 16:44:28.842 2625 2625 I HoneySpace.HotseatViewModel@97547659: load hotseat progress(OneUI, isTaskbarChild=true)
05-07 16:44:28.842 2625 2625 I HoneySpace.HotseatViewModel@97547659: load hotseat progress(App(item=id:28 label:Internet componnet:com.sec.android.app.sbrowser/.SBrowserMainActivity#UserHandle{0} badgeCount:0 drag:false iconState:NONE, rank=4))
05-07 16:44:28.842 2625 2625 I HoneySpace.HotseatViewModel@97547659: load hotseat progress(OneUI, isTaskbarChild=true)
05-07 16:44:28.842 2625 2625 I HoneySpace.HotseatViewModel@97547659: load hotseat progress(App(item=id:29 label:Camera componnet:com.sec.android.app.camera/.Camera#UserHandle{0} badgeCount:0 drag:false iconState:NONE, rank=5))
05-07 16:44:28.842 2625 2625 I HoneySpace.HotseatViewModel@97547659: load hotseat progress(OneUI, isTaskbarChild=true)
05-07 16:44:28.842 2625 2625 I HoneySpace.HotseatViewModel@97547659: updateItem updateRank=true updateDb=true, MAIN, isTaskbarChild=true
05-07 16:44:28.843 2625 2625 I HoneySpace.DataCache: updateItem : id=24, title=null, type=APP, containerType=ITEM_GROUP, containerId=5, x=-1, y=-1, rank=0, component=com.samsung.android.app.notes/.memolist.MemoListActivity, profileId=0, intent=null, restored=0, hidden=UNHIDDEN
05-07 16:44:28.843 2625 2625 I HoneySpace.HotseatViewModel@97547659: updateItem App(item=id:24 label:Notes componnet:com.samsung.android.app.notes/.memolist.MemoListActivity#UserHandle{0} badgeCount:0 drag:false iconState:NONE, rank=0), insert=false
05-07 16:44:28.843 2625 2625 I HoneySpace.DataCache: updateItem : id=25, title=null, type=APP, containerType=ITEM_GROUP, containerId=5, x=-1, y=-1, rank=1, component=com.sec.android.app.myfiles/.ui.MainActivity, profileId=0, intent=null, restored=0, hidden=UNHIDDEN
05-07 16:44:28.843 2625 2625 I HoneySpace.HotseatViewModel@97547659: updateItem App(item=id:25 label:My Files componnet:com.sec.android.app.myfiles/.ui.MainActivity#UserHandle{0} badgeCount:0 drag:false iconState:NONE, rank=1), insert=false
05-07 16:44:28.843 2625 2625 I HoneySpace.DataCache: updateItem : id=26, title=null, type=APP, containerType=ITEM_GROUP, containerId=5, x=-1, y=-1, rank=2, component=com.samsung.android.calendar/com.samsung.android.app.calendar.activity.MainActivity, profileId=0, intent=null, restored=0, hidden=UNHIDDEN
05-07 16:44:28.843 2625 2625 I HoneySpace.HotseatViewModel@97547659: updateItem App(item=id:26 label:Calendar componnet:com.samsung.android.calendar/com.samsung.android.app.calendar.activity.MainActivity#UserHandle{0} badgeCount:0 drag:false iconState:NONE, rank=2), insert=false
05-07 16:44:28.843 2625 2625 I HoneySpace.DataCache: updateItem : id=27, title=null, type=APP, containerType=ITEM_GROUP, containerId=5, x=-1, y=-1, rank=3, component=com.google.android.apps.messaging/.ui.ConversationListActivity, profileId=0, intent=null, restored=0, hidden=UNHIDDEN
05-07 16:44:28.843 2625 2625 I HoneySpace.HotseatViewModel@97547659: updateItem App(item=id:27 label:Messages componnet:com.google.android.apps.messaging/.ui.ConversationListActivity#UserHandle{0} badgeCount:0 drag:false iconState:NONE, rank=3), insert=false
05-07 16:44:28.843 2625 2625 I HoneySpace.DataCache: updateItem : id=28, title=null, type=APP, containerType=ITEM_GROUP, containerId=5, x=-1, y=-1, rank=4, component=com.sec.android.app.sbrowser/.SBrowserMainActivity, profileId=0, intent=null, restored=0, hidden=UNHIDDEN
05-07 16:44:28.843 2625 2625 I HoneySpace.HotseatViewModel@97547659: updateItem App(item=id:28 label:Internet componnet:com.sec.android.app.sbrowser/.SBrowserMainActivity#UserHandle{0} badgeCount:0 drag:false iconState:NONE, rank=4), insert=false
05-07 16:44:28.843 2625 2625 I HoneySpace.DataCache: updateItem : id=29, title=null, type=APP, containerType=ITEM_GROUP, containerId=5, x=-1, y=-1, rank=5, component=com.sec.android.app.camera/.Camera, profileId=0, intent=null, restored=0, hidden=UNHIDDEN
05-07 16:44:28.843 2625 2625 I HoneySpace.HotseatViewModel@97547659: updateItem App(item=id:29 label:Camera componnet:com.sec.android.app.camera/.Camera#UserHandle{0} badgeCount:0 drag:false iconState:NONE, rank=5), insert=false
05-07 16:44:28.844 2625 2625 I HoneySpace.HoneySpacePackageSourceImpl: getActiveItems : 42
05-07 16:44:28.844 2625 2625 I HoneySpace.HotseatViewModel@97547659: load hotseat succeeded(OneUI, isTaskbarChild=true)
05-07 16:44:28.845 2625 2625 I HoneySpace.HistoryPot: updateData iconSize = 50, itemWidth = 74
05-07 16:44:28.845 2625 2625 I HoneySpace.TaskbarViewModel: updateBGHeight height:72
05-07 16:44:28.845 2625 2625 I HoneySpace.AttachToTaskbarWindow: Already Taskbar Tips is shown.
05-07 16:44:28.845 2625 2625 I HoneySpace.TaskbarStateChangeAnimator: animation start. task bar state true
05-07 16:44:28.848 2625 2691 I HoneySpace.TaskbarEventTracker: invokeEvent() called with: event = NavButtonsDarkIntensityChanged(darkIntensity=0.99692225)
05-07 16:44:28.849 2625 24228 I HoneySpace.TaskbarVisibilityController: updateVisibility(0) isDock:false lock:false needToHide:false hideFlag:false launcher:false recent:false minus:false homePackage:false :: state 0 -> 1
05-07 16:44:28.858 2625 2691 I HoneySpace.TaskbarEventTracker: invokeEvent() called with: event = NavButtonsDarkIntensityChanged(darkIntensity=1.0)
05-07 16:44:28.864 25153 25153 D nativeloader: Configuring clns-6 for other apk /data/app/~~ILyV9Uj9OMo2Ss2B_5OxWQ==/org.qtproject.example.hellogles3-d9Wr37P7eErVQ4cuJPlrNg==/base.apk. target_sdk_version=34, uses_libraries=, library_path=/data/app/~~ILyV9Uj9OMo2Ss2B_5OxWQ==/org.qtproject.example.hellogles3-d9Wr37P7eErVQ4cuJPlrNg==/lib/arm64:/data/app/~~ILyV9Uj9OMo2Ss2B_5OxWQ==/org.qtproject.example.hellogles3-d9Wr37P7eErVQ4cuJPlrNg==/base.apk!/lib/arm64-v8a, permitted_path=/data:/mnt/expand:/data/user/0/org.qtproject.example.hellogles3
05-07 16:44:28.875 1349 6925 D VpnManagerService: Exception: java.lang.NullPointerException: Attempt to invoke interface method 'int com.samsung.android.knox.zt.networktrust.filter.IKnoxNetworkFilterService.getKnoxNwFilterHttpProxyPort(int, java.lang.String)' on a null object reference
05-07 16:44:28.875 1349 6925 D VpnManagerService: at com.android.server.VpnManagerService.getKnoxNwFilterHttpProxyPort(VpnManagerService.java:1911)
05-07 16:44:28.875 1349 6925 D VpnManagerService: at android.net.IVpnManager$Stub.onTransact(IVpnManager.java:1055)
05-07 16:44:28.875 1349 6925 D VpnManagerService: at android.os.Binder.execTransactInternal(Binder.java:1375)
05-07 16:44:28.875 1349 6925 D VpnManagerService: at android.os.Binder.execTransact(Binder.java:1311)
05-07 16:44:28.875 972 23421 I sensors-hal: handle_sns_client_event:44, ambient_light_event: ts=521074569262694, event=614.000000
05-07 16:44:28.877 2625 24228 I SearchEngineAppSuggestion: packageUpdateEvent: com.honeyspace.sdk.source.entity.PackageOperation$Changed@394c3f0
05-07 16:44:28.878 25153 25153 V GraphicsEnvironment: Currently set values for:
05-07 16:44:28.878 2625 24228 I SearchEngineAppSuggestion: package changed: org.qtproject.example.hellogles3
05-07 16:44:28.878 25153 25153 V GraphicsEnvironment: angle_gl_driver_selection_pkgs=[]
05-07 16:44:28.878 25153 25153 V GraphicsEnvironment: angle_gl_driver_selection_values=[]
05-07 16:44:28.878 2625 24228 I SearchEngine: query: reTriggered SUGGESTED_APPS 194
05-07 16:44:28.878 2625 24228 I HoneySpace.SuggestAppDecor: cellX : 6
05-07 16:44:28.878 25153 25153 V GraphicsEnvironment: ANGLE GameManagerService for org.qtproject.example.hellogles3: false
05-07 16:44:28.878 25153 25153 V GraphicsEnvironment: org.qtproject.example.hellogles3 is not listed in per-application setting
05-07 16:44:28.878 25153 25153 V GraphicsEnvironment: Neither updatable production driver nor prerelease driver is supported.
05-07 16:44:28.879 2625 24228 I ResultDataManager: Results: keys=SUGGESTED_APPS, SUGGESTED_TAG, HISTORY_KEYWORD, SUGGESTED_DIRECTORY, HOT_WORDS, SUGGESTED_TIPCARD
05-07 16:44:28.879 2625 24228 I HoneySpace.ContentsViewModel: observed com.honeyspace.search.ui.honeypot.presentation.content.ContentsViewModel@2ec7d27
05-07 16:44:28.879 2625 24228 I HoneySpace.ContentsViewModel: result onUpdated: SUGGESTED_APPS
05-07 16:44:28.879 2625 24228 I HoneySpace.ContentsViewModel: result onRemoved: SUGGESTED_APPS
05-07 16:44:28.879 2625 24228 I HoneySpace.ContentsViewModel: result onAdded: SUGGESTED_APPS
05-07 16:44:28.882 25153 25153 W ActivityThread: Application org.qtproject.example.hellogles3 is waiting for the debugger ...
05-07 16:44:28.883 25153 25153 I System.out: Sending WAIT chunk
05-07 16:44:28.883 1349 1720 I Dialog : mIsDeviceDefault = true, mIsSamsungBasicInteraction = false, isMetaDataInActivity = false
05-07 16:44:28.885 1349 1720 I DecorView: setWindowBackground: isPopOver=false color=fff6f6f8 d=android.graphics.drawable.InsetDrawable@216af78
05-07 16:44:28.888 1349 1720 D ScrollView: initGoToTop
05-07 16:44:28.890 1349 1720 D ScrollView: initGoToTop
05-07 16:44:28.892 1349 1720 W Settings: Setting show_button_background has moved from android.provider.Settings.System to android.provider.Settings.Global, returning read-only value.
05-07 16:44:28.895 1349 1720 D CompatibilityChangeReporter: Compat change id reported: 161145287; UID 1000; state: ENABLED
05-07 16:44:28.895 1349 1720 D CompatibilityChangeReporter: Compat change id reported: 161145287; UID 1000; state: DISABLED
05-07 16:44:28.897 1349 21413 D NativeCustomFrequencyManager: [NativeCFMS] BpCustomFrequencyManager::BpCustomFrequencyManager()
05-07 16:44:28.898 1144 3054 I SurfaceFlinger: id=4364 createSurf, flag=84004, WindowToken{2f51569 type=2003 android.view.ViewRootImpl$W@8b17bf0}#4364
05-07 16:44:28.899 1349 1720 D CompatibilityChangeReporter: Compat change id reported: 168419799; UID 1000; state: DISABLED
05-07 16:44:28.899 1349 1720 D CompatibilityChangeReporter: Compat change id reported: 273564678; UID 1000; state: DISABLED
05-07 16:44:28.899 1349 1720 D InputTransport: Input channel constructed: '7164bee', fd=770
05-07 16:44:28.899 1349 1720 D InputTransport: Input channel constructed: '7164bee', fd=789
05-07 16:44:28.899 1349 1720 D InputTransport: Input channel constructed: '7164bee', fd=797
05-07 16:44:28.900 1144 3054 I SurfaceFlinger: id=4365 createSurf, flag=84004, 7164bee Waiting For Debugger: org.qtproject.example.hellogles3#4365
05-07 16:44:28.900 1349 1720 V WindowManager: Changing focus from null to Window{7164bee u0 Waiting For Debugger: org.qtproject.example.hellogles3} displayId=0 Callers=com.android.server.wm.RootWindowContainer.updateFocusedWindowLocked:569 com.android.server.wm.WindowManagerService.updateFocusedWindowLocked:6797 com.android.server.wm.WindowManagerService.addWindow:1958 com.android.server.wm.Session.addToDisplayAsUser:228
05-07 16:44:28.900 1349 1720 I WindowManager: Cancelling animation restarting=true, leash=Surface(name=Surface(name=ede8149 TaskbarWindow)/@0x39fd301 - animation-leash of insets_animation)/@0x8d7ceda
05-07 16:44:28.900 1349 1720 I WindowManager: Reparenting to original parent: Surface(name=WindowToken{ed8ad13 type=2024 android.os.BinderProxy@b8f6002})/@0x11d55a6, destroy=false, surface=Surface(name=ede8149 TaskbarWindow)/@0x39fd301
05-07 16:44:28.901 1349 1720 I WindowManager: Reparenting to leash, surface=Surface(name=ede8149 TaskbarWindow)/@0x39fd301, leashParent=Surface(name=WindowToken{ed8ad13 type=2024 android.os.BinderProxy@b8f6002})/@0x11d55a6
05-07 16:44:28.901 1144 3054 I SurfaceFlinger: id=4366 createSurf, flag=24000, Surface(name=ede8149 TaskbarWindow)/@0x39fd301 - animation-leash of insets_animation#4366
05-07 16:44:28.901 1349 1720 D WindowManager: makeSurface duration=0 leash=Surface(name=Surface(name=ede8149 TaskbarWindow)/@0x39fd301 - animation-leash of insets_animation)/@0xcc09f25
05-07 16:44:28.901 1349 1720 D InsetsSourceProvider: updateControlForTarget: control=InsetsSourceControl: {caf0001 mType=navigationBars initiallyVisible mSurfacePosition=Point(0, 1848) mInsetsHint=Insets{left=0, top=0, right=0, bottom=72}}, target=Window{7164bee u0 Waiting For Debugger: org.qtproject.example.hellogles3}, from=com.android.server.wm.InsetsStateController.onControlTargetChanged:358 com.android.server.wm.InsetsStateController.onBarControlTargetChanged:327 com.android.server.wm.InsetsPolicy.updateBarControlTarget:172 com.android.server.wm.InsetsPolicy.updateSystemBars:788 com.android.server.wm.DisplayPolicy.updateSystemBarsLw:3397
05-07 16:44:28.902 1349 1720 I WindowManager: Cancelling animation restarting=true, leash=Surface(name=Surface(name=f359a00 StatusBar)/@0xb15e156 - animation-leash of insets_animation)/@0xc311e8
05-07 16:44:28.902 1349 1720 I WindowManager: Reparenting to original parent: Surface(name=WindowToken{afb6883 type=2000 android.os.BinderProxy@a656f3d})/@0x17d55d7, destroy=false, surface=Surface(name=f359a00 StatusBar)/@0xb15e156
05-07 16:44:28.902 1349 1720 I WindowManager: Reparenting to leash, surface=Surface(name=f359a00 StatusBar)/@0xb15e156, leashParent=Surface(name=WindowToken{afb6883 type=2000 android.os.BinderProxy@a656f3d})/@0x17d55d7
05-07 16:44:28.902 1144 3054 I SurfaceFlinger: id=4367 createSurf, flag=24000, Surface(name=f359a00 StatusBar)/@0xb15e156 - animation-leash of insets_animation#4367
05-07 16:44:28.902 1349 1720 D WindowManager: makeSurface duration=1 leash=Surface(name=Surface(name=f359a00 StatusBar)/@0xb15e156 - animation-leash of insets_animation)/@0xe039eab
05-07 16:44:28.902 1349 1720 D InsetsSourceProvider: updateControlForTarget: control=InsetsSourceControl: {8d230000 mType=statusBars initiallyVisible mSurfacePosition=Point(0, 0) mInsetsHint=Insets{left=0, top=36, right=0, bottom=0}}, target=Window{7164bee u0 Waiting For Debugger: org.qtproject.example.hellogles3}, from=com.android.server.wm.InsetsStateController.onControlTargetChanged:358 com.android.server.wm.InsetsStateController.onBarControlTargetChanged:324 com.android.server.wm.InsetsPolicy.updateBarControlTarget:172 com.android.server.wm.InsetsPolicy.updateSystemBars:788 com.android.server.wm.DisplayPolicy.updateSystemBarsLw:3397
05-07 16:44:28.903 1349 1720 D WindowManager: updateSystemBarAttributes: displayId=0, win=Window{7164bee u0 Waiting For Debugger: org.qtproject.example.hellogles3}, navColorWin=Window{d3a9a64 u0 Splash Screen org.qtproject.example.hellogles3}, focusedCanBeNavColorWin=false, behavior=1, appearance=16, statusBarAppearanceRegions=[AppearanceRegion{LIGHT_STATUS_BARS bounds=[0,0][1200,1920]}], requestedVisibilities=-9, from=com.android.server.wm.DisplayPolicy.focusChangedLw:2931 com.android.server.wm.DisplayContent.updateFocusedWindowLocked:4895 com.android.server.wm.RootWindowContainer.updateFocusedWindowLocked:569
05-07 16:44:28.904 1349 1720 I InsetsController: onStateChanged: host=Waiting For Debugger: org.qtproject.example.hellogles3, from=android.view.ViewRootImpl.setView:1744, state=InsetsState: {mDisplayFrame=Rect(0, 0 - 1200, 1920), mDisplayCutout=DisplayCutout{insets=Rect(0, 0 - 0, 0) waterfall=Insets{left=0, top=0, right=0, bottom=0} boundingRect={Bounds=[Rect(0, 0 - 0, 0), Rect(0, 0 - 0, 0), Rect(0, 0 - 0, 0), Rect(0, 0 - 0, 0)]} cutoutPathParserInfo={CutoutPathParserInfo{displayWidth=0 displayHeight=0 physicalDisplayWidth=0 physicalDisplayHeight=0 density={0.0} cutoutSpec={} rotation={0} scale={0.0} physicalPixelDisplaySizeRatio={0.0}}}}, mRoundedCorners=RoundedCorners{[RoundedCorner{position=TopLeft, radius=20, center=Point(20, 20)}, RoundedCorner{position=TopRight, radius=20, center=Point(1180, 20)}, RoundedCorner{position=BottomRight, radius=20, center=Point(1180, 1900)}, RoundedCorner{position=BottomLeft, radius=20, center=Point(20, 1900)}]} mRoundedCornerFrame=Rect(0, 0 - 0, 0), mPrivacyIndicatorBounds=PrivacyIndicatorBounds {static bounds=Rect(1134, 0 - 1200, 36) rotation=0}, mDisplayShape=DisplayShape{ spec=1237991957 displayWidth=1200 displayHeight=1920 physicalPixelDisplaySizeRatio=1.0 rotation=0 offsetX=0 offsetY=0 scale=1.0}, mSources= { InsetsSource: {8d230000 mType=statusBars mFrame=[0,0][1200,36] mVisible=true mFlags=[]}, InsetsSource: {8d230005 mType=mandatorySystemGestures mFrame=[0,0][1200,36] mVisible=true mFlags=[]}, InsetsSource: {8d230006 mType=tappableElement mFrame=[0,0][1200,36] mVisible=true mFlags=[]}, InsetsSource: {caf0001 mType=navigationBars mFrame=[0,1848][1200,1920] mVisible=true mFlags=[]}, InsetsSource: {caf0004 mType=systemGestures mFrame=[0,0][0,0] mVisible=true mFlags=[]}, InsetsSource: {caf0005 mType=mandatorySystemGestures mFrame=[0,1848][1200,1920] mVisible=true mFlags=[]}, InsetsSource: {caf0006 mType=tappableElement mFrame=[0,1848][1200,1920] mVisible=true mFlags=[]}, InsetsSource: {caf0024 mType=systemGestures mFrame=[0,0][0,0] mVisible=true mFlags=[]} }
05-07 16:44:28.904 1349 1720 I ViewRootImpl@8b17bf0[hellogles3]: synced displayState. AttachInfo displayState=2
05-07 16:44:28.904 1349 1720 I ViewRootImpl@8b17bf0[hellogles3]: setView = com.android.internal.policy.DecorView@197eac6 TM=true
05-07 16:44:28.904 1349 1720 D AnimatorSet: mReversing is false. Don't call initChildren.
05-07 16:44:28.904 1349 1720 D AnimatorSet: mReversing is false. Don't call initChildren.
05-07 16:44:28.905 1349 1720 D AnimatorSet: mReversing is false. Don't call initChildren.
05-07 16:44:28.905 1349 21413 D OpenGLRenderer: HWUI - treat SMPTE_170M as sRGB
05-07 16:44:28.905 1349 1720 D CoreBackPreview: Window{7164bee u0 Waiting For Debugger: org.qtproject.example.hellogles3}: Setting back callback OnBackInvokedCallbackInfo{mCallback=android.window.WindowOnBackInvokedDispatcher$OnBackInvokedCallbackWrapper@16b3823, mPriority=0, mIsAnimationCallback=false}
05-07 16:44:28.906 1349 1720 V WindowManager: Relayout Window{7164bee u0 Waiting For Debugger: org.qtproject.example.hellogles3}: viewVisibility=0 req=576x351 ty=2003 d0
05-07 16:44:28.907 1349 1720 D RestrictionPolicy: isScreenCaptureEnabled : ret=true userId=0
05-07 16:44:28.907 1144 3054 I SurfaceFlinger: id=4368 createSurf, flag=44004, Waiting For Debugger: org.qtproject.example.hellogles3#4368
05-07 16:44:28.908 1349 1720 D WindowManager: makeSurface duration=1 name=Waiting For Debugger: org.qtproject.example.hellogles3
05-07 16:44:28.909 1349 2001 D BatteryService: Sending ACTION_BATTERY_CHANGED: level:80, status:2, health:2, remain:-1, ac:false, usb:true, wireless:false, pogo:false, misc:0x0, charge_type:0, charger_type:0, voltage:4089, temperature:225, online:4, charging_status:0, cycle_count:0, current_avg:0, ps:false, hvc:false, capacity:280000, current_event:0x0, current_now:-584000, mcc:500000, mcv:5000000, cc:4000000, present:true, scale:100, technology:Li-ion
05-07 16:44:28.911 1349 1720 V WindowManager: Relayout hash=7164bee, pid=1349, syncId=-1: mAttrs={(0,0)(wrapxwrap) gr=BOTTOM CENTER_VERTICAL sim={adjust=pan forwardNavigation} ty=SYSTEM_ALERT fmt=TRANSLUCENT wanim=0x10302f5 surfaceInsets=Rect(3, 3 - 3, 3)
05-07 16:44:28.911 1349 1720 V WindowManager: fl=1820002
05-07 16:44:28.911 1349 1720 V WindowManager: pfl=2000000
05-07 16:44:28.911 1349 1720 V WindowManager: apr=LIGHT_NAVIGATION_BARS
05-07 16:44:28.911 1349 1720 V WindowManager: bhv=DEFAULT
05-07 16:44:28.911 1349 1720 V WindowManager: fitTypes=STATUS_BARS NAVIGATION_BARS CAPTION_BAR
05-07 16:44:28.911 1349 1720 V WindowManager: fitIgnoreVis
05-07 16:44:28.911 1349 1720 V WindowManager: dimAmount=0.18 dimDuration=150 naviIconColor=0
05-07 16:44:28.911 1349 1720 V WindowManager: sfl=100000}
05-07 16:44:28.911 1349 1720 I InsetsSourceConsumer: applyRequestedVisibilityToControl: visible=true, type=navigationBars, host=Waiting For Debugger: org.qtproject.example.hellogles3
05-07 16:44:28.912 1349 1720 I InsetsSourceConsumer: applyRequestedVisibilityToControl: visible=true, type=statusBars, host=Waiting For Debugger: org.qtproject.example.hellogles3
05-07 16:44:28.912 1349 2110 I DeviceBatteryInfoService: action: android.intent.action.BATTERY_CHANGED
05-07 16:44:28.912 1349 2110 I DeviceBatteryInfoService: phone battery level: 80
05-07 16:44:28.912 1349 2110 I DeviceBatteryInfoService: phone battery status: 2
05-07 16:44:28.913 2145 2145 D SemBigDataInfoController: Intent: android.intent.action.BATTERY_CHANGED
05-07 16:44:28.913 1349 1979 D MotionRecognitionService: [SAR] onReceive : ACTION_BATTERY_CHANGED, Plugged: 2
05-07 16:44:28.913 2283 2283 I AODBatteryManager: updateBatteryData: ACTION_BATTERY_CHANGED
05-07 16:44:28.914 22942 22942 I [SCPMV2][SystemMonitorReceiver]: onReceive: android.intent.action.BATTERY_CHANGED
05-07 16:44:28.915 1349 1720 I BLASTBufferQueue_Java: new BLASTBufferQueue, mName= ViewRootImpl@8b17bf0[hellogles3] mNativeObject= 0xb400007860755500 sc.mNativeObject= 0xb400007860688140 caller= android.view.ViewRootImpl.updateBlastSurfaceIfNeeded:3015 android.view.ViewRootImpl.relayoutWindow:10060 android.view.ViewRootImpl.performTraversals:4092 android.view.ViewRootImpl.doTraversal:3275 android.view.ViewRootImpl$TraversalRunnable.run:11268 android.view.Choreographer$CallbackRecord.run:1650 android.view.Choreographer$CallbackRecord.run:1659 android.view.Choreographer.doCallbacks:1129 android.view.Choreographer.doFrame:1055 android.view.Choreographer$FrameDisplayEventReceiver.run:1622
05-07 16:44:28.915 1349 1720 I BLASTBufferQueue_Java: update, w= 582 h= 357 mName = ViewRootImpl@8b17bf0[hellogles3] mNativeObject= 0xb400007860755500 sc.mNativeObject= 0xb400007860688140 format= -3 caller= android.graphics.BLASTBufferQueue.:89 android.view.ViewRootImpl.updateBlastSurfaceIfNeeded:3015 android.view.ViewRootImpl.relayoutWindow:10060 android.view.ViewRootImpl.performTraversals:4092 android.view.ViewRootImpl.doTraversal:3275 android.view.ViewRootImpl$TraversalRunnable.run:11268
05-07 16:44:28.915 2283 2283 I AODBatteryManager: saveBatteryData : AOD BatteryData [mBatteryLevel=80, mBatteryStatus=CHARGING, mBatteryPlugType=USB, mBatteryPlugged=true, mRemainingChargeTime=-1, mBatteryChargingType=1, mBatteryChargerType=NORMAL, mBatteryOnline=USB, mBatterySwellingMode=NONE, mBatteryProtectMode=false]
05-07 16:44:28.915 2283 2283 D SamsungBatteryMeterDrawable: onBatteryLevelChanged isSomethingChanged: false
05-07 16:44:28.915 1349 1720 I ViewRootImpl@8b17bf0[hellogles3]: Relayout returned: old=(0,36,1200,1848) new=(312,1497,888,1848) relayoutAsync=false req=(576,351)0 dur=8 res=0x3 s={true 0xb400007868bee800} ch=true seqId=0
05-07 16:44:28.916 2283 2283 D SamsungBatteryMeterDrawable: onBatteryLevelChanged isSomethingChanged: false
05-07 16:44:28.916 1349 1720 D ViewRootImpl@8b17bf0[hellogles3]: mThreadedRenderer.initialize() mSurface={isValid=true 0xb400007868bee800} hwInitialized=true
05-07 16:44:28.916 2283 2283 D SamsungBatteryMeterDrawable: onBatteryLevelChanged isSomethingChanged: false
05-07 16:44:28.916 2283 2283 I PowerUI : mBootCompleted = true | mFullyConnected = true
05-07 16:44:28.916 2283 2283 I PowerUI : BATTERY_HEALTH_CHECK extraHealth=2 mBatteryMiscEvent=0
05-07 16:44:28.916 2283 2283 W PowerUI : Plug reason
05-07 16:44:28.916 2283 2283 W PowerUI : Skip charging animation - by plug status
05-07 16:44:28.916 2283 2283 D PowerUI : priorPlugType = 2 mPlugType = 2 priorBatteryStatus = 2 mBatteryStatus = 2
05-07 16:44:28.916 2283 11028 D SecPowerUI.Notification: dismissing low battery warning: level=80
05-07 16:44:28.916 2283 11028 D SecPowerUI.Notification: updateNotification mWarning=false mPlaySound=false
05-07 16:44:28.916 2283 11028 D SecPowerUI.Notification: SecBatteryStatsSnapshot{batteryLevel=80, currentBatteryMode=0, chargingTime=-1, chargingType=11, batteryHealth=2, automaticTestMode=false, isHiccupState=false}
05-07 16:44:28.917 2283 2283 W PowerUI : Plug reason
05-07 16:44:28.917 2283 2283 W PowerUI : Skip charging sound - by plug status
05-07 16:44:28.917 2283 2283 I PowerUI : oldMisalign : false, curMisalign : false
05-07 16:44:28.917 2283 11028 D SecPowerUI.Notification: 1. restoreScreenTimeOut - saved_value : :
05-07 16:44:28.917 2283 11028 E SecPowerUI.Notification: no saved value, so we do nothing !!
05-07 16:44:28.918 2283 2283 D SecPowerUI.Notification: showChargingNotice oldChargingType : 11 / currentChargingType : 11, oldChargingTime : -1 / mChargingTime : -1
05-07 16:44:28.918 2283 2283 D SecPowerUI.Notification: showChargingNotice There is no change about charging status, so return!
05-07 16:44:28.918 2283 2283 D PowerUI : Battery swelling mode - priorBatterySwellingMode = 0 mBatterySwellingMode = 0 mBatteryStatus = 2
