05-07 16:44:40.975 975 1107 I HYPER-HAL: [RequestManager.cpp]acquire(): Acquired ID : 933678 [1349 / 17] HINT : GESTURE_DETECTED_HRR list : [TIMEOUT / 1715]
05-07 16:44:40.975 975 1107 I HYPER-HAL: [ResourceManager.cpp]updateResource(): [CPULittleMinFreq] UpdateResource Request ID : 933678 Value : 1113600
05-07 16:44:40.975 975 1107 I HYPER-HAL: [ResourceManager.cpp]updateResource(): [CPUMinFreq] UpdateResource Request ID : 933678 Value : 1401600
05-07 16:44:40.975 975 1107 I HYPER-HAL: [RequestManager.cpp]acquire(): Acquired ID : 921411 [1349 / 8] HINT : SMOOTH_SCROLL list :
05-07 16:44:40.976 975 1107 I HYPER-HAL: [ResourceManager.cpp]updateResource(): [CPUMinFreq] UpdateResource Request ID : 921411 Value : 1228800
05-07 16:44:40.976 975 1107 I HYPER-HAL: [ResourceManager.cpp]removeResource(): [CPUMinFreq] RemoveResource Request ID : 921411
05-07 16:44:40.977 975 1107 I HYPER-HAL: [RequestManager.cpp]releaseLocked(): Released ID : 921411
05-07 16:44:40.994 1009 25255 I QC2C2DEngine: calcYSize: unsupported or RGB color format, RGBA8888(1)
05-07 16:44:41.017 1009 25255 I QC2C2DEngine: calcYSize: unsupported or RGB color format, RGBA8888(1)
05-07 16:44:41.035 1144 1144 I Layer : Layer [Sprite#4347] hidden!! flag(1)
05-07 16:44:41.041 1009 25255 I QC2C2DEngine: calcYSize: unsupported or RGB color format, RGBA8888(1)
05-07 16:44:41.052 1349 1944 D InputReader: Btn_touch(9): value=1 when=78911.090741
05-07 16:44:41.052 1349 1944 I InputReader: Touch event's action is 0x0 (id=2, t=0) [pCnt=1, s=0.465 ] when=78911.090741
05-07 16:44:41.052 1349 1943 I InputDispatcher: Delivering touch to (2625): action: 0x4, f=0x0, d=0, 'ede8149', t=1
05-07 16:44:41.053 1349 1943 I InputDispatcher: Delivering touch to (25153): action: 0x0, f=0x0, d=0, 'e637420', t=1
05-07 16:44:41.054 1349 1720 I GestureDetector: obtain mCurrentDownEvent. id: 869936274 caller: com.android.server.wm.SystemGesturesPointerEventListener.onPointerEvent:204 com.android.server.wm.PointerEventDispatcher.onInputEvent:53 android.view.InputEventReceiver.dispatchInputEvent:296
05-07 16:44:41.054 1349 1720 I GestureDetector: obtain mCurrentDownEvent. id: 869936274 caller: com.android.server.wm.SystemPerformancePointerEventListener.onPointerEvent:89 com.android.server.wm.PointerEventDispatcher.onInputEvent:53 android.view.InputEventReceiver.dispatchInputEvent:296
05-07 16:44:41.055 25153 25153 I ViewRootImpl@f9c5125[QtActivity]: ViewPostIme pointer 0
05-07 16:44:41.057 25153 25153 I GestureDetector: obtain mCurrentDownEvent. id: 869936274 caller: org.qtproject.qt.android.QtWindow.onTouchEvent:74 org.qtproject.qt.android.QtLayout.onTouchEvent:53 android.view.View.dispatchTouchEvent:16212
05-07 16:44:41.058 1144 1144 D SurfaceFlinger: Display 4630946835308409729 HWC layers:
05-07 16:44:41.058 1144 1144 D SurfaceFlinger: CLIENT | 0xb400006fbcf8d790 | 0500 | RGBA_8888 | 0.0 0.0 1200.0 1812.0 | 0 36 1200 1848 | SurfaceView[org.qtproject.example.he[...]d.bindings.QtActivity]@0(BLAST)#4507
05-07 16:44:41.058 1144 1144 D SurfaceFlinger: CLIENT | 0xb400006fbcf8b6c0 | 0100 | RGBA_8888 | 0.0 0.0 1200.0 1920.0 | 0 0 1200 1920 | org.qtproject.example.hellogles3/org[...]roid.bindings.QtActivity$_25153#4377
05-07 16:44:41.058 1144 1144 D SurfaceFlinger: CLIENT | 0xb400006fb0fb6440 | 0100 | RGBA_8888 | 0.0 0.0 1200.0 36.0 | 0 0 1200 36 | StatusBar$_2283#84
05-07 16:44:41.058 1144 1144 D SurfaceFlinger: CLIENT | 0xb400006fbcf8b3b0 | 0100 | RGBA_8888 | 0.0 0.0 67.0 207.0 | 1133 432 1200 639 | com.sec.android.app.launcher/com.sam[...]e.edge.CocktailBarService$_2625#4278
05-07 16:44:41.058 1144 1144 D SurfaceFlinger: CLIENT | 0xb400006fbcf8b570 | 0100 | RGBA_8888 | 0.0 0.0 1200.0 72.0 | 0 1848 1200 1920 | TaskbarWindow$_2625#544
05-07 16:44:41.058 1144 1144 D SurfaceFlinger: CLIENT | 0xb400006fbcf8aa10 | 0100 | RGBA_8888 | 0.0 0.0 1200.0 1920.0 | 0 0 1200 1920 | PointerLocation - display 0#3661
05-07 16:44:41.058 1144 1144 D SurfaceFlinger: CLIENT | 0xb40
05-07 16:44:41.058 1144 1144 D SurfaceFlinger: 0006fbcf8c1b0 | 0100 | RGBA_8888 | 0.0 0.0 36.0 36.0 | 705 389 741 425 | bbq-wrapper#3663
05-07 16:44:41.058 1144 1144 D SurfaceFlinger:
05-07 16:44:41.059 1144 1144 I Layer : Layer [Sprite#4347] hidden!! flag(0)
05-07 16:44:41.059 1009 25255 I QC2C2DEngine: calcYSize: unsupported or RGB color format, RGBA8888(1)
05-07 16:44:41.064 1349 1720 I GestureDetector: obtain mCurrentMotionEventRaw. action: 2 id: 38517995
05-07 16:44:41.064 1349 1720 I GestureDetector: obtain mCurrentMotionEventRaw. action: 2 id: 38517995
05-07 16:44:41.070 25153 25153 I GestureDetector: obtain mCurrentMotionEventRaw. action: 2 id: 38517995
05-07 16:44:41.075 972 23421 I sensors-hal: handle_sns_client_event:44, ambient_light_event: ts=521086769268192, event=528.000000
05-07 16:44:41.078 1144 1144 D SurfaceFlinger: Display 4630946835308409729 HWC layers:
05-07 16:44:41.078 1144 1144 D SurfaceFlinger: CLIENT | 0xb400006fbcf8d640 | 0500 | RGBA_8888 | 0.0 0.0 1200.0 1812.0 | 0 36 1200 1848 | SurfaceView[org.qtproject.example.he[...]d.bindings.QtActivity]@0(BLAST)#4507
05-07 16:44:41.078 1144 1144 D SurfaceFlinger: CLIENT | 0xb400006fbcf8b6c0 | 0100 | RGBA_8888 | 0.0 0.0 1200.0 1920.0 | 0 0 1200 1920 | org.qtproject.example.hellogles3/org[...]roid.bindings.QtActivity$_25153#4377
05-07 16:44:41.078 1144 1144 D SurfaceFlinger: CLIENT | 0xb400006fb0fb6440 | 0100 | RGBA_8888 | 0.0 0.0 1200.0 36.0 | 0 0 1200 36 | StatusBar$_2283#84
05-07 16:44:41.078 1144 1144 D SurfaceFlinger: CLIENT | 0xb400006fbcf8b3b0 | 0100 | RGBA_8888 | 0.0 0.0 67.0 207.0 | 1133 432 1200 639 | com.sec.android.app.launcher/com.sam[...]e.edge.CocktailBarService$_2625#4278
05-07 16:44:41.078 1144 1144 D SurfaceFlinger: CLIENT | 0xb400006fbcf8b570 | 0100 | RGBA_8888 | 0.0 0.0 1200.0 72.0 | 0 1848 1200 1920 | TaskbarWindow$_2625#544
05-07 16:44:41.078 1144 1144 D SurfaceFlinger: CLIENT | 0xb400006fbcf8aaf0 | 0100 | RGBA_8888 | 0.0 0.0 1200.0 1920.0 | 0 0 1200 1920 | PointerLocation - display 0#3661
05-07 16:44:41.078 1144 1144 D SurfaceFlinger: CLIENT | 0xb40
05-07 16:44:41.079 1144 1144 D SurfaceFlinger: 0006fbcf8c1b0 | 0100 | RGBA_8888 | 0.0 0.0 36.0 36.0 | 705 389 741 425 | bbq-wrapper#3663
05-07 16:44:41.079 1144 1144 D SurfaceFlinger: CLIENT | 0xb400006fbcf8b420 | 0100 | RGBA_8888 | 0.0 0.0 36.0 36.0 | 954 448 990 484 | bbq-wrapper#4348
05-07 16:44:41.079 1144 1144 D SurfaceFlinger:
05-07 16:44:41.081 1009 25255 I QC2C2DEngine: calcYSize: unsupported or RGB color format, RGBA8888(1)
05-07 16:44:41.099 1349 1349 I SemDvfsHyPerManager: acquire hyper - WM_SCROLL_DETECTED/1349@1, type = 268443651
05-07 16:44:41.099 975 1107 I HYPER-HAL: [RequestManager.cpp]acquire(): Acquired ID : 911926 [1349 / 1] HINT : list : [CoreNumBigMin / 2]
05-07 16:44:41.104 1009 25255 I QC2C2DEngine: calcYSize: unsupported or RGB color format, RGBA8888(1)
05-07 16:44:41.124 1009 25255 I QC2C2DEngine: calcYSize: unsupported or RGB color format, RGBA8888(1)
05-07 16:44:41.142 1349 1944 D InputReader: Btn_touch(9): value=0 when=78911.179747
05-07 16:44:41.142 1349 1944 I InputReader: Touch event's action is 0x1 (id=2, t=0) [pCnt=1, s=] when=78911.179747
05-07 16:44:41.143 1009 25255 I QC2C2DEngine: calcYSize: unsupported or RGB color format, RGBA8888(1)
05-07 16:44:41.144 25153 25153 I ViewRootImpl@f9c5125[QtActivity]: ViewPostIme pointer 1
05-07 16:44:41.144 1349 1943 I InputDispatcher: Delivering touch to (25153): action: 0x1, f=0x0, d=0, 'e637420', t=1
05-07 16:44:41.145 1349 1349 I SemDvfsHyPerManager: acquire hyper - GESTURE_DETECTED_HRR/1349@17, type = -999
05-07 16:44:41.146 1349 1349 I SemDvfsHyPerManager: acquire hyper - SMOOTH_SCROLL/1349@8, type = -999
05-07 16:44:41.146 1349 1349 I SemDvfsHyPerManager: acquire hyper - GESTURE_DETECTED_HRR/1349@17, type = -999
05-07 16:44:41.146 975 1107 I HYPER-HAL: [RequestManager.cpp]acquire(): Acquired ID : 933678 [1349 / 17] HINT : GESTURE_DETECTED_HRR list : [TIMEOUT / 1488]
05-07 16:44:41.146 975 1107 I HYPER-HAL: [ResourceManager.cpp]updateResource(): [CPULittleMinFreq] UpdateResource Request ID : 933678 Value : 1113600
05-07 16:44:41.146 975 1107 I HYPER-HAL: [ResourceManager.cpp]updateResource(): [CPUMinFreq] UpdateResource Request ID : 933678 Value : 1401600
05-07 16:44:41.146 975 1107 I HYPER-HAL: [RequestManager.cpp]releaseLocked(): Released ID : 911926
05-07 16:44:41.146 975 1107 I HYPER-HAL: [RequestManager.cpp]acquire(): Acquired ID : 921411 [1349 / 8] HINT : SMOOTH_SCROLL list :
05-07 16:44:41.147 975 1107 I HYPER-HAL: [ResourceManager.cpp]updateResource(): [CPUMinFreq] UpdateResource Request ID : 921411 Value : 1228800
05-07 16:44:41.148 975 1107 I HYPER-HAL: [ResourceManager.cpp]removeResource(): [CPUMinFreq] RemoveResource Request ID : 921411
05-07 16:44:41.149 975 1107 I HYPER-HAL: [RequestManager.cpp]releaseLocked(): Released ID : 921411
05-07 16:44:41.149 975 1107 I HYPER-HAL: [RequestManager.cpp]acquire(): Acquired ID : 933678 [1349 / 17] HINT : GESTURE_DETECTED_HRR list : [TIMEOUT / 1488]
05-07 16:44:41.149 975 1107 I HYPER-HAL: [ResourceManager.cpp]updateResource(): [CPULittleMinFreq] UpdateResource Request ID : 933678 Value : 1113600
05-07 16:44:41.149 975 1107 I HYPER-HAL: [ResourceManager.cpp]updateResource(): [CPUMinFreq] UpdateResource Request ID : 933678 Value : 1401600
05-07 16:44:41.162 1009 25255 I QC2C2DEngine: calcYSize: unsupported or RGB color format, RGBA8888(1)
05-07 16:44:41.175 972 23421 I sensors-hal: handle_sns_client_event:44, ambient_light_event: ts=521086869268974, event=448.000000
05-07 16:44:41.180 1009 25255 I QC2C2DEngine: calcYSize: unsupported or RGB color format, RGBA8888(1)
05-07 16:44:41.187 1144 1144 I Layer : Layer [Sprite#3662] hidden!! flag(1)
05-07 16:44:41.202 1349 2001 D BatteryService: Sending ACTION_BATTERY_CHANGED: level:80, status:2, health:2, remain:-1, ac:false, usb:true, wireless:false, pogo:false, misc:0x0, charge_type:0, charger_type:0, voltage:4029, temperature:230, online:4, charging_status:0, cycle_count:0, current_avg:0, ps:false, hvc:false, capacity:280000, current_event:0x0, current_now:-602000, mcc:500000, mcv:5000000, cc:4000000, present:true, scale:100, technology:Li-ion
05-07 16:44:41.206 2145 2145 D SemBigDataInfoController: Intent: android.intent.action.BATTERY_CHANGED
05-07 16:44:41.206 2283 2283 D SamsungBatteryMeterDrawable: onBatteryLevelChanged isSomethingChanged: false
05-07 16:44:41.207 2283 2283 D SamsungBatteryMeterDrawable: onBatteryLevelChanged isSomethingChanged: false
05-07 16:44:41.207 2283 2283 D SamsungBatteryMeterDrawable: onBatteryLevelChanged isSomethingChanged: false
05-07 16:44:41.207 2283 2283 I PowerUI : mBootCompleted = true | mFullyConnected = true
05-07 16:44:41.207 2283 2283 I PowerUI : BATTERY_HEALTH_CHECK extraHealth=2 mBatteryMiscEvent=0
05-07 16:44:41.207 2283 2283 W PowerUI : Plug reason
05-07 16:44:41.207 2283 2283 W PowerUI : Skip charging animation - by plug status
05-07 16:44:41.207 2283 2283 D PowerUI : priorPlugType = 2 mPlugType = 2 priorBatteryStatus = 2 mBatteryStatus = 2
05-07 16:44:41.207 2283 2283 W PowerUI : Plug reason
05-07 16:44:41.207 2283 2283 W PowerUI : Skip charging sound - by plug status
05-07 16:44:41.207 2283 2283 I PowerUI : oldMisalign : false, curMisalign : false
05-07 16:44:41.207 2283 9917 D SecPowerUI.Notification: dismissing low battery warning: level=80
05-07 16:44:41.207 1349 2110 I DeviceBatteryInfoService: action: android.intent.action.BATTERY_CHANGED
05-07 16:44:41.207 2283 9917 D SecPowerUI.Notification: updateNotification mWarning=false mPlaySound=false
05-07 16:44:41.207 1349 2110 I DeviceBatteryInfoService: phone battery level: 80
05-07 16:44:41.207 1349 2110 I DeviceBatteryInfoService: phone battery status: 2
05-07 16:44:41.207 2283 9917 D SecPowerUI.Notification: SecBatteryStatsSnapshot{batteryLevel=80, currentBatteryMode=0, chargingTime=-1, chargingType=11, batteryHealth=2, automaticTestMode=false, isHiccupState=false}
05-07 16:44:41.207 1349 1979 D MotionRecognitionService: [SAR] onReceive : ACTION_BATTERY_CHANGED, Plugged: 2
05-07 16:44:41.207 22942 22942 I [SCPMV2][SystemMonitorReceiver]: onReceive: android.intent.action.BATTERY_CHANGED
05-07 16:44:41.209 2283 9917 D SecPowerUI.Notification: 1. restoreScreenTimeOut - saved_value : :
05-07 16:44:41.209 2283 9917 E SecPowerUI.Notification: no saved value, so we do nothing !!
05-07 16:44:41.209 2283 2283 D SecPowerUI.Notification: showChargingNotice oldChargingType : 11 / currentChargingType : 11, oldChargingTime : -1 / mChargingTime : -1
05-07 16:44:41.209 2283 2283 D SecPowerUI.Notification: showChargingNotice There is no change about charging status, so return!
05-07 16:44:41.209 2283 2283 D PowerUI : Battery swelling mode - priorBatterySwellingMode = 0 mBatterySwellingMode = 0 mBatteryStatus = 2
05-07 16:44:41.209 2283 2283 I PowerUI : mBatteryMiscEvent = 0
05-07 16:44:41.209 2283 2283 D KeyguardUpdateMonitor: handleBatteryUpdate
05-07 16:44:41.210 2283 2283 I AODBatteryManager: updateBatteryData: ACTION_BATTERY_CHANGED
05-07 16:44:41.211 1144 1144 D SurfaceFlinger: Display 4630946835308409729 HWC layers:
05-07 16:44:41.211 1144 1144 D SurfaceFlinger: CLIENT | 0xb400006fbcf8d720 | 0500 | RGBA_8888 | 0.0 0.0 1200.0 1812.0 | 0 36 1200 1848 | SurfaceView[org.qtproject.example.he[...]d.bindings.QtActivity]@0(BLAST)#4507
05-07 16:44:41.211 1144 1144 D SurfaceFlinger: CLIENT | 0xb400006fbcf8b6c0 | 0100 | RGBA_8888 | 0.0 0.0 1200.0 1920.0 | 0 0 1200 1920 | org.qtproject.example.hellogles3/org[...]roid.bindings.QtActivity$_25153#4377
05-07 16:44:41.211 1144 1144 D SurfaceFlinger: CLIENT | 0xb400006fb0fb6440 | 0100 | RGBA_8888 | 0.0 0.0 1200.0 36.0 | 0 0 1200 36 | StatusBar$_2283#84
05-07 16:44:41.211 1144 1144 D SurfaceFlinger: CLIENT | 0xb400006fbcf8b3b0 | 0100 | RGBA_8888 | 0.0 0.0 67.0 207.0 | 1133 432 1200 639 | com.sec.android.app.launcher/com.sam[...]e.edge.CocktailBarService$_2625#4278
05-07 16:44:41.211 1144 1144 D SurfaceFlinger: CLIENT | 0xb400006fbcf8b570 | 0100 | RGBA_8888 | 0.0 0.0 1200.0 72.0 | 0 1848 1200 1920 | TaskbarWindow$_2625#544
05-07 16:44:41.211 1144 1144 D SurfaceFlinger: CLIENT | 0xb400006fbcf8abd0 | 0100 | RGBA_8888 | 0.0 0.0 1200.0 1920.0 | 0 0 1200 1920 | PointerLocation - display 0#3661
05-07 16:44:41.211 1144 1144 D SurfaceFlinger: CLIENT | 0xb40
05-07 16:44:41.212 1144 1144 D SurfaceFlinger: 0006fbcf8b420 | 0100 | RGBA_8888 | 0.0 0.0 36.0 36.0 | 1014 481 1050 517 | bbq-wrapper#4348
05-07 16:44:41.212 1144 1144 D SurfaceFlinger:
05-07 16:44:41.212 2283 2283 I AODBatteryManager: saveBatteryData : AOD BatteryData [mBatteryLevel=80, mBatteryStatus=CHARGING, mBatteryPlugType=USB, mBatteryPlugged=true, mRemainingChargeTime=-1, mBatteryChargingType=1, mBatteryChargerType=NORMAL, mBatteryOnline=USB, mBatterySwellingMode=NONE, mBatteryProtectMode=false]
05-07 16:44:41.212 1009 25255 I QC2C2DEngine: calcYSize: unsupported or RGB color format, RGBA8888(1)
05-07 16:44:41.235 1009 25255 I QC2C2DEngine: calcYSize: unsupported or RGB color format, RGBA8888(1)
05-07 16:44:41.267 1009 25255 I QC2C2DEngine: calcYSize: unsupported or RGB color format, RGBA8888(1)
05-07 16:44:41.275 972 23421 I sensors-hal: handle_sns_client_event:44, ambient_light_event: ts=521086969267619, event=394.000000
05-07 16:44:41.292 1009 25255 I QC2C2DEngine: calcYSize: unsupported or RGB color format, RGBA8888(1)
05-07 16:44:41.317 1009 25255 I QC2C2DEngine: calcYSize: unsupported or RGB color format, RGBA8888(1)
05-07 16:44:41.340 1009 25255 I QC2C2DEngine: calcYSize: unsupported or RGB color format, RGBA8888(1)
05-07 16:44:41.362 1144 1144 I Layer : Layer [Sprite#4347] hidden!! flag(1)
05-07 16:44:41.363 1009 25255 I QC2C2DEngine: calcYSize: unsupported or RGB color format, RGBA8888(1)
05-07 16:44:41.375 972 23421 I sensors-hal: handle_sns_client_event:44, ambient_light_event: ts=521087069267672, event=441.000000
05-07 16:44:41.385 1144 1144 D SurfaceFlinger: Display 4630946835308409729 HWC layers:
05-07 16:44:41.385 1144 1144 D SurfaceFlinger: DEVICE | 0xb400006fbcf8d6b0 | 0500 | RGBA_8888 | 0.0 0.0 1200.0 1812.0 | 0 36 1200 1848 | SurfaceView[org.qtproject.example.he[...]d.bindings.QtActivity]@0(BLAST)#4507
05-07 16:44:41.385 1144 1144 D SurfaceFlinger: CLIENT | 0xb400006fbcf8b6c0 | 0100 | RGBA_8888 | 0.0 0.0 1200.0 1920.0 | 0 0 1200 1920 | org.qtproject.example.hellogles3/org[...]roid.bindings.QtActivity$_25153#4377
05-07 16:44:41.385 1144 1144 D SurfaceFlinger: CLIENT | 0xb400006fb0fb6440 | 0100 | RGBA_8888 | 0.0 0.0 1200.0 36.0 | 0 0 1200 36 | StatusBar$_2283#84
05-07 16:44:41.385 1144 1144 D SurfaceFlinger: CLIENT | 0xb400006fbcf8b3b0 | 0100 | RGBA_8888 | 0.0 0.0 67.0 207.0 | 1133 432 1200 639 | com.sec.android.app.launcher/com.sam[...]e.edge.CocktailBarService$_2625#4278
05-07 16:44:41.385 1144 1144 D SurfaceFlinger: CLIENT | 0xb400006fbcf8b570 | 0100 | RGBA_8888 | 0.0 0.0 1200.0 72.0 | 0 1848 1200 1920 | TaskbarWindow$_2625#544
05-07 16:44:41.385 1144 1144 D SurfaceFlinger: CLIENT | 0xb400006fbcf8aa10 | 0100 | RGBA_8888 | 0.0 0.0 1200.0 1920.0 | 0 0 1200 1920 | PointerLocation - display 0#3661
05-07 16:44:41.385 1144 1144 D SurfaceFlinger:
05-07 16:44:41.387 1009 25255 I QC2C2DEngine: calcYSize: unsupported or RGB color format, RGBA8888(1)
05-07 16:44:41.397 1349 1944 D InputReader: Btn_touch(9): value=1 when=78911.435932
05-07 16:44:41.397 1349 1944 I InputReader: Touch event's action is 0x0 (id=2, t=0) [pCnt=1, s=0.466 ] when=78911.435932
05-07 16:44:41.398 1349 1943 I InputDispatcher: Delivering touch to (2625): action: 0x4, f=0x0, d=0, 'ede8149', t=1
05-07 16:44:41.398 1349 1943 I InputDispatcher: Delivering touch to (25153): action: 0x0, f=0x0, d=0, 'e637420', t=1
05-07 16:44:41.399 25153 25153 I ViewRootImpl@f9c5125[QtActivity]: ViewPostIme pointer 0
05-07 16:44:41.400 1349 1720 I GestureDetector: obtain mCurrentDownEvent. id: 565177936 caller: com.android.server.wm.SystemGesturesPointerEventListener.onPointerEvent:204 com.android.server.wm.PointerEventDispatcher.onInputEvent:53 android.view.InputEventReceiver.dispatchInputEvent:296
05-07 16:44:41.400 1349 1720 I GestureDetector: obtain mCurrentDownEvent. id: 565177936 caller: com.android.server.wm.SystemPerformancePointerEventListener.onPointerEvent:89 com.android.server.wm.PointerEventDispatcher.onInputEvent:53 android.view.InputEventReceiver.dispatchInputEvent:296
05-07 16:44:41.400 25153 25153 I GestureDetector: obtain mCurrentDownEvent. id: 565177936 caller: org.qtproject.qt.android.QtWindow.onTouchEvent:74 org.qtproject.qt.android.QtLayout.onTouchEvent:53 android.view.View.dispatchTouchEvent:16212
05-07 16:44:41.408 1009 25255 I QC2C2DEngine: calcYSize: unsupported or RGB color format, RGBA8888(1)
05-07 16:44:41.410 1144 1144 I Layer : Layer [Sprite#4347] hidden!! flag(0)
05-07 16:44:41.427 1144 1144 D SurfaceFlinger: Display 4630946835308409729 HWC layers:
05-07 16:44:41.427 1144 1144 D SurfaceFlinger: CLIENT | 0xb400006fbcf8d790 | 0500 | RGBA_8888 | 0.0 0.0 1200.0 1812.0 | 0 36 1200 1848 | SurfaceView[org.qtproject.example.he[...]d.bindings.QtActivity]@0(BLAST)#4507
05-07 16:44:41.427 1144 1144 D SurfaceFlinger: CLIENT | 0xb400006fbcf8b6c0 | 0100 | RGBA_8888 | 0.0 0.0 1200.0 1920.0 | 0 0 1200 1920 | org.qtproject.example.hellogles3/org[...]roid.bindings.QtActivity$_25153#4377
05-07 16:44:41.427 1144 1144 D SurfaceFlinger: CLIENT | 0xb400006fb0fb6440 | 0100 | RGBA_8888 | 0.0 0.0 1200.0 36.0 | 0 0 1200 36 | StatusBar$_2283#84
05-07 16:44:41.427 1144 1144 D SurfaceFlinger: CLIENT | 0xb400006fbcf8b3b0 | 0100 | RGBA_8888 | 0.0 0.0 67.0 207.0 | 1133 432 1200 639 | com.sec.android.app.launcher/com.sam[...]e.edge.CocktailBarService$_2625#4278
05-07 16:44:41.427 1144 1144 D SurfaceFlinger: CLIENT | 0xb400006fbcf8b570 | 0100 | RGBA_8888 | 0.0 0.0 1200.0 72.0 | 0 1848 1200 1920 | TaskbarWindow$_2625#544
05-07 16:44:41.427 1144 1144 D SurfaceFlinger: CLIENT | 0xb400006fbcf8aa10 | 0100 | RGBA_8888 | 0.0 0.0 1200.0 1920.0 | 0 0 1200 1920 | PointerLocation - display 0#3661
05-07 16:44:41.427 1144 1144 D SurfaceFlinger: CLIENT | 0xb40
05-07 16:44:41.427 1144 1144 D SurfaceFlinger: 0006fbcf8ab60 | 0100 | RGBA_8888 | 0.0 0.0 36.0 36.0 | 979 613 1015 649 | bbq-wrapper#4348
05-07 16:44:41.427 1144 1144 D SurfaceFlinger:
05-07 16:44:41.430 1009 25255 I QC2C2DEngine: calcYSize: unsupported or RGB color format, RGBA8888(1)
05-07 16:44:41.433 1349 1720 I GestureDetector: obtain mCurrentMotionEventRaw. action: 2 id: 319741887
05-07 16:44:41.433 1349 1720 I GestureDetector: obtain mCurrentMotionEventRaw. action: 2 id: 319741887
05-07 16:44:41.438 25153 25153 I GestureDetector: obtain mCurrentMotionEventRaw. action: 2 id: 319741887
05-07 16:44:41.452 1009 25255 I QC2C2DEngine: calcYSize: unsupported or RGB color format, RGBA8888(1)
05-07 16:44:41.466 1349 1349 I SemDvfsHyPerManager: acquire hyper - WM_SCROLL_DETECTED/1349@1, type = 268443651
05-07 16:44:41.466 975 1107 I HYPER-HAL: [RequestManager.cpp]acquire(): Acquired ID : 911926 [1349 / 1] HINT : list : [CoreNumBigMin / 2]
05-07 16:44:41.475 972 23421 I sensors-hal: handle_sns_client_event:44, ambient_light_event: ts=521087169267151, event=516.000000
05-07 16:44:41.476 1009 25255 I QC2C2DEngine: calcYSize: unsupported or RGB color format, RGBA8888(1)
05-07 16:44:41.498 1009 25255 I QC2C2DEngine: calcYSize: unsupported or RGB color format, RGBA8888(1)
05-07 16:44:41.517 1009 25255 I QC2C2DEngine: calcYSize: unsupported or RGB color format, RGBA8888(1)
05-07 16:44:41.535 1009 25255 I QC2C2DEngine: calcYSize: unsupported or RGB color format, RGBA8888(1)
05-07 16:44:41.555 1009 25255 I QC2C2DEngine: calcYSize: unsupported or RGB color format, RGBA8888(1)
05-07 16:44:41.572 1009 25255 I QC2C2DEngine: calcYSize: unsupported or RGB color format, RGBA8888(1)
05-07 16:44:41.575 972 23421 I sensors-hal: handle_sns_client_event:44, ambient_light_event: ts=521087269267151, event=540.000000
05-07 16:44:41.589 1349 1944 I InputReader: Touch event's action (MT) is 0x105 (id=2, t=0) [pCnt=2, s=0.466 1.467 ] when=78911.625250
05-07 16:44:41.591 1349 1943 I InputDispatcher: Delivering touch to (25153): action: 0x105, f=0x0, d=0, 'e637420', t=1
05-07 16:44:41.595 1144 1144 I Layer : Layer [Sprite#3662] hidden!! flag(0)
05-07 16:44:41.598 1009 25255 I QC2C2DEngine: calcYSize: unsupported or RGB color format, RGBA8888(1)
05-07 16:44:41.614 1144 1144 D SurfaceFlinger: Display 4630946835308409729 HWC layers:
05-07 16:44:41.614 1144 1144 D SurfaceFlinger: CLIENT | 0xb400006fbcf8d640 | 0500 | RGBA_8888 | 0.0 0.0 1200.0 1812.0 | 0 36 1200 1848 | SurfaceView[org.qtproject.example.he[...]d.bindings.QtActivity]@0(BLAST)#4507
05-07 16:44:41.614 1144 1144 D SurfaceFlinger: CLIENT | 0xb400006fbcf8b6c0 | 0100 | RGBA_8888 | 0.0 0.0 1200.0 1920.0 | 0 0 1200 1920 | org.qtproject.example.hellogles3/org[...]roid.bindings.QtActivity$_25153#4377
05-07 16:44:41.614 1144 1144 D SurfaceFlinger: CLIENT | 0xb400006fb0fb6440 | 0100 | RGBA_8888 | 0.0 0.0 1200.0 36.0 | 0 0 1200 36 | StatusBar$_2283#84
05-07 16:44:41.614 1144 1144 D SurfaceFlinger: CLIENT | 0xb400006fbcf8b3b0 | 0100 | RGBA_8888 | 0.0 0.0 67.0 207.0 | 1133 432 1200 639 | com.sec.android.app.launcher/com.sam[...]e.edge.CocktailBarService$_2625#4278
05-07 16:44:41.614 1144 1144 D SurfaceFlinger: CLIENT | 0xb400006fbcf8b570 | 0100 | RGBA_8888 | 0.0 0.0 1200.0 72.0 | 0 1848 1200 1920 | TaskbarWindow$_2625#544
05-07 16:44:41.614 1144 1144 D SurfaceFlinger: CLIENT | 0xb400006fbcf8aa10 | 0100 | RGBA_8888 | 0.0 0.0 1200.0 1920.0 | 0 0 1200 1920 | PointerLocation - display 0#3661
05-07 16:44:41.614 1144 1144 D SurfaceFlinger: CLIENT | 0xb40
05-07 16:44:41.614 1144 1144 D SurfaceFlinger: 0006fbcf8ab60 | 0100 | RGBA_8888 | 0.0 0.0 36.0 36.0 | 865 713 901 749 | bbq-wrapper#4348
05-07 16:44:41.614 1144 1144 D SurfaceFlinger: CLIENT | 0xb400006fa3c73150 | 0100 | RGBA_8888 | 0.0 0.0 36.0 36.0 | 302 1029 338 1065 | bbq-wrapper#3663
05-07 16:44:41.614 1144 1144 D SurfaceFlinger:
05-07 16:44:41.615 1009 25255 I QC2C2DEngine: calcYSize: unsupported or RGB color format, RGBA8888(1)
05-07 16:44:41.639 1009 25255 I QC2C2DEngine: calcYSize: unsupported or RGB color format, RGBA8888(1)
05-07 16:44:41.663 1009 25255 I QC2C2DEngine: calcYSize: unsupported or RGB color format, RGBA8888(1)
05-07 16:44:41.675 972 23421 I sensors-hal: handle_sns_client_event:44, ambient_light_event: ts=521087369267411, event=557.000000
05-07 16:44:41.683 1009 25255 I QC2C2DEngine: calcYSize: unsupported or RGB color format, RGBA8888(1)
05-07 16:44:41.707 1009 25255 I QC2C2DEngine: calcYSize: unsupported or RGB color format, RGBA8888(1)
05-07 16:44:41.728 1009 25255 I QC2C2DEngine: calcYSize: unsupported or RGB color format, RGBA8888(1)
05-07 16:44:41.753 1009 25255 I QC2C2DEngine: calcYSize: unsupported or RGB color format, RGBA8888(1)
05-07 16:44:41.775 972 23421 I sensors-hal: handle_sns_client_event:44, ambient_light_event: ts=521087469262203, event=564.000000
05-07 16:44:41.779 1009 25255 I QC2C2DEngine: calcYSize: unsupported or RGB color format, RGBA8888(1)
05-07 16:44:41.800 1349 1944 I InputReader: Touch event's action (MT) is 0x6 (id=2, t=0) [pCnt=2, s=1.467 ] when=78911.838398
05-07 16:44:41.800 1349 1943 I InputDispatcher: Delivering touch to (25153): action: 0x6, f=0x0, d=0, 'e637420', t=1
05-07 16:44:41.801 1349 1943 D PowerManagerService: [api] userActivityFromNative : touch displayId=0 eventTime=78911838
05-07 16:44:41.801 1009 25255 I QC2C2DEngine: calcYSize: unsupported or RGB color format, RGBA8888(1)
05-07 16:44:41.823 1009 25255 I QC2C2DEngine: calcYSize: unsupported or RGB color format, RGBA8888(1)
05-07 16:44:41.830 1349 2554 D CompatibilityChangeReporter: Compat change id reported: 261072174; UID 1000; state: ENABLED
05-07 16:44:41.831 1349 2554 W ProcessStats: Tracking association SourceState{3c525c7 com.google.android.gms.persistent/10183 BFgs #92582} whose proc state 4 is better than process ProcessState{debfd73 com.google.android.gms/10183 pkg=com.google.android.gms (sub)} proc state 8 (386 skipped)
05-07 16:44:41.836 1009 25255 I QC2C2DEngine: calcYSize: unsupported or RGB color format, RGBA8888(1)
05-07 16:44:41.843 1349 1944 I InputReader: Touch event's action (MT) is 0x5 (id=2, t=0) [pCnt=2, s=0.468 1.467 ] when=78911.881435
05-07 16:44:41.843 1349 1943 I InputDispatcher: Delivering touch to (25153): action: 0x5, f=0x0, d=0, 'e637420', t=1
05-07 16:44:41.844 1144 1322 I SurfaceFlinger: id=4513 createSurf, flag=6004, Sprite#4513
05-07 16:44:41.845 1144 1322 I SurfaceFlinger: id=4514 createSurf, flag=6000, bbq-wrapper#4514
05-07 16:44:41.847 1349 1723 I BLASTBufferQueue: [bbq-adapter#27](f:0,a:0,s:0) onFrameAvailable the first frame is available
05-07 16:44:41.860 1144 1144 I Layer : Layer [Sprite#4513] hidden!! flag(0)
05-07 16:44:41.862 1009 25255 I QC2C2DEngine: calcYSize: unsupported or RGB color format, RGBA8888(1)
05-07 16:44:41.875 972 23421 I sensors-hal: handle_sns_client_event:44, ambient_light_event: ts=521087569263088, event=564.000000
05-07 16:44:41.881 1144 1144 D SurfaceFlinger: Display 4630946835308409729 HWC layers:
05-07 16:44:41.881 1144 1144 D SurfaceFlinger: CLIENT | 0xb400006fbcf8d640 | 0500 | RGBA_8888 | 0.0 0.0 1200.0 1812.0 | 0 36 1200 1848 | SurfaceView[org.qtproject.example.he[...]d.bindings.QtActivity]@0(BLAST)#4507
05-07 16:44:41.881 1144 1144 D SurfaceFlinger: CLIENT | 0xb400006fbcf8b6c0 | 0100 | RGBA_8888 | 0.0 0.0 1200.0 1920.0 | 0 0 1200 1920 | org.qtproject.example.hellogles3/org[...]roid.bindings.QtActivity$_25153#4377
05-07 16:44:41.881 1144 1144 D SurfaceFlinger: CLIENT | 0xb400006fb0fb6440 | 0100 | RGBA_8888 | 0.0 0.0 1200.0 36.0 | 0 0 1200 36 | StatusBar$_2283#84
05-07 16:44:41.881 1144 1144 D SurfaceFlinger: CLIENT | 0xb400006fbcf8b3b0 | 0100 | RGBA_8888 | 0.0 0.0 67.0 207.0 | 1133 432 1200 639 | com.sec.android.app.launcher/com.sam[...]e.edge.CocktailBarService$_2625#4278
05-07 16:44:41.881 1144 1144 D SurfaceFlinger: CLIENT | 0xb400006fbcf8b570 | 0100 | RGBA_8888 | 0.0 0.0 1200.0 72.0 | 0 1848 1200 1920 | TaskbarWindow$_2625#544
05-07 16:44:41.881 1144 1144 D SurfaceFlinger: CLIENT | 0xb400006fbcf8aa10 | 0100 | RGBA_8888 | 0.0 0.0 1200.0 1920.0 | 0 0 1200 1920 | PointerLocation - display 0#3661
05-07 16:44:41.881 1144 1144 D SurfaceFlinger: CLIENT | 0xb40
05-07 16:44:41.881 1144 1144 D SurfaceFlinger: 0006fbcf8ab60 | 0100 | RGBA_8888 | 0.0 0.0 36.0 36.0 | 635 1006 671 1042 | bbq-wrapper#4348
05-07 16:44:41.881 1144 1144 D SurfaceFlinger: CLIENT | 0xb400006fa3c769c0 | 0100 | RGBA_8888 | 0.0 0.0 36.0 36.0 | 609 1128 645 1164 | bbq-wrapper#4514
05-07 16:44:41.881 1144 1144 D SurfaceFlinger: CLIENT | 0xb400006fa3c73150 | 0100 | RGBA_8888 | 0.0 0.0 36.0 36.0 | 470 1174 506 1210 | bbq-wrapper#3663
05-07 16:44:41.881 1144 1144 D SurfaceFlinger:
05-07 16:44:41.884 1009 25255 I QC2C2DEngine: calcYSize: unsupported or RGB color format, RGBA8888(1)
05-07 16:44:41.902 1009 25255 I QC2C2DEngine: calcYSize: unsupported or RGB color format, RGBA8888(1)
05-07 16:44:41.930 1009 25255 I QC2C2DEngine: calcYSize: unsupported or RGB color format, RGBA8888(1)
05-07 16:44:41.949 1009 25255 I QC2C2DEngine: calcYSize: unsupported or RGB color format, RGBA8888(1)
05-07 16:44:41.968 1009 25255 I QC2C2DEngine: calcYSize: unsupported or RGB color format, RGBA8888(1)
05-07 16:44:41.972 1349 1349 I SemDvfsHyPerManager: acquire hyper - WM_SCROLL_DETECTED/1349@1, type = 268443651
05-07 16:44:41.972 975 1107 I HYPER-HAL: [RequestManager.cpp]acquire(): Acquired ID : 911926 [1349 / 1] HINT : list : [CoreNumBigMin / 2]
05-07 16:44:41.975 972 23421 I sensors-hal: handle_sns_client_event:44, ambient_light_event: ts=521087669262359, event=560.000000
05-07 16:44:42.002 1009 25255 I QC2C2DEngine: calcYSize: unsupported or RGB color format, RGBA8888(1)
05-07 16:44:42.020 1009 25255 I QC2C2DEngine: calcYSize: unsupported or RGB color format, RGBA8888(1)
05-07 16:44:42.038 1144 1144 I Layer : Layer [Sprite#4347] hidden!! flag(1)
05-07 16:44:42.041 1009 25255 I QC2C2DEngine: calcYSize: unsupported or RGB color format, RGBA8888(1)
05-07 16:44:42.057 1144 1144 D SurfaceFlinger: Display 4630946835308409729 HWC layers:
05-07 16:44:42.057 1144 1144 D SurfaceFlinger: CLIENT | 0xb400006fbcf8d640 | 0500 | RGBA_8888 | 0.0 0.0 1200.0 1812.0 | 0 36 1200 1848 | SurfaceView[org.qtproject.example.he[...]d.bindings.QtActivity]@0(BLAST)#4507
05-07 16:44:42.057 1144 1144 D SurfaceFlinger: CLIENT | 0xb400006fbcf8b6c0 | 0100 | RGBA_8888 | 0.0 0.0 1200.0 1920.0 | 0 0 1200 1920 | org.qtproject.example.hellogles3/org[...]roid.bindings.QtActivity$_25153#4377
05-07 16:44:42.057 1144 1144 D SurfaceFlinger: CLIENT | 0xb400006fb0fb6440 | 0100 | RGBA_8888 | 0.0 0.0 1200.0 36.0 | 0 0 1200 36 | StatusBar$_2283#84
05-07 16:44:42.057 1144 1144 D SurfaceFlinger: CLIENT | 0xb400006fbcf8b3b0 | 0100 | RGBA_8888 | 0.0 0.0 67.0 207.0 | 1133 432 1200 639 | com.sec.android.app.launcher/com.sam[...]e.edge.CocktailBarService$_2625#4278
05-07 16:44:42.057 1144 1144 D SurfaceFlinger: CLIENT | 0xb400006fbcf8b570 | 0100 | RGBA_8888 | 0.0 0.0 1200.0 72.0 | 0 1848 1200 1920 | TaskbarWindow$_2625#544
05-07 16:44:42.057 1144 1144 D SurfaceFlinger: CLIENT | 0xb400006fbcf8aa10 | 0100 | RGBA_8888 | 0.0 0.0 1200.0 1920.0 | 0 0 1200 1920 | PointerLocation - display 0#3661
05-07 16:44:42.057 1144 1144 D SurfaceFlinger: CLIENT | 0xb40
05-07 16:44:42.058 1144 1144 D SurfaceFlinger: 0006fa3c769c0 | 0100 | RGBA_8888 | 0.0 0.0 36.0 36.0 | 623 1199 659 1235 | bbq-wrapper#4514
05-07 16:44:42.058 1144 1144 D SurfaceFlinger: CLIENT | 0xb400006fa3c73150 | 0100 | RGBA_8888 | 0.0 0.0 36.0 36.0 | 515 1247 551 1283 | bbq-wrapper#3663
05-07 16:44:42.058 1144 1144 D SurfaceFlinger:
05-07 16:44:42.060 1009 25255 I QC2C2DEngine: calcYSize: unsupported or RGB color format, RGBA8888(1)
05-07 16:44:42.075 972 23421 I sensors-hal: handle_sns_client_event:44, ambient_light_event: ts=521087769267932, event=560.000000
05-07 16:44:42.081 1009 25255 I QC2C2DEngine: calcYSize: unsupported or RGB color format, RGBA8888(1)
05-07 16:44:42.108 1009 25255 I QC2C2DEngine: calcYSize: unsupported or RGB color format, RGBA8888(1)
05-07 16:44:42.131 1009 25255 I QC2C2DEngine: calcYSize: unsupported or RGB color format, RGBA8888(1)
05-07 16:44:42.157 1009 25255 I QC2C2DEngine: calcYSize: unsupported or RGB color format, RGBA8888(1)
05-07 16:44:42.175 972 23421 I sensors-hal: handle_sns_client_event:44, ambient_light_event: ts=521087869267932, event=558.000000
05-07 16:44:42.176 1009 25255 I QC2C2DEngine: calcYSize: unsupported or RGB color format, RGBA8888(1)
05-07 16:44:42.199 1009 25255 I QC2C2DEngine: calcYSize: unsupported or RGB color format, RGBA8888(1)
05-07 16:44:42.217 616 616 D io_stats: !@ 8,0 r 2659451 75679756 w 570478 20444740 d 88561 17081004 f 0 0 iot 1630380 0 th 0 0 0 pt 0 inp 0 0 78912.255
05-07 16:44:42.218 1009 25255 I QC2C2DEngine: calcYSize: unsupported or RGB color format, RGBA8888(1)
05-07 16:44:42.238 1009 25255 I QC2C2DEngine: calcYSize: unsupported or RGB color format, RGBA8888(1)
05-07 16:44:42.267 1009 25255 I QC2C2DEngine: calcYSize: unsupported or RGB color format, RGBA8888(1)
05-07 16:44:42.275 972 23421 I sensors-hal: handle_sns_client_event:44, ambient_light_event: ts=521087969262724, event=558.000000
05-07 16:44:42.284 1009 25255 I QC2C2DEngine: calcYSize: unsupported or RGB color format, RGBA8888(1)
05-07 16:44:42.308 1009 25255 I QC2C2DEngine: calcYSize: unsupported or RGB color format, RGBA8888(1)
05-07 16:44:42.328 1009 25255 I QC2C2DEngine: calcYSize: unsupported or RGB color format, RGBA8888(1)
05-07 16:44:42.350 1009 25255 I QC2C2DEngine: calcYSize: unsupported or RGB color format, RGBA8888(1)
05-07 16:44:42.375 972 23421 I sensors-hal: handle_sns_client_event:44, ambient_light_event: ts=521088069264807, event=558.000000
05-07 16:44:42.377 1009 25255 I QC2C2DEngine: calcYSize: unsupported or RGB color format, RGBA8888(1)
05-07 16:44:42.395 1009 25255 I QC2C2DEngine: calcYSize: unsupported or RGB color format, RGBA8888(1)
05-07 16:44:42.416 1009 25255 I QC2C2DEngine: calcYSize: unsupported or RGB color format, RGBA8888(1)
05-07 16:44:42.432 1009 25255 I QC2C2DEngine: calcYSize: unsupported or RGB color format, RGBA8888(1)
05-07 16:44:42.433 1349 1944 I InputReader: Touch event's action (MT) is 0x106 (id=2, t=0) [pCnt=2, s=0.468 ] when=78912.471771
05-07 16:44:42.433 1349 1943 I InputDispatcher: Delivering touch to (25153): action: 0x106, f=0x0, d=0, 'e637420', t=1
05-07 16:44:42.454 1009 25255 I QC2C2DEngine: calcYSize: unsupported or RGB color format, RGBA8888(1)
05-07 16:44:42.469 1009 25255 I QC2C2DEngine: calcYSize: unsupported or RGB color format, RGBA8888(1)
05-07 16:44:42.475 1349 1349 I SemDvfsHyPerManager: acquire hyper - WM_SCROLL_DETECTED/1349@1, type = 268443651
05-07 16:44:42.475 975 1107 I HYPER-HAL: [RequestManager.cpp]acquire(): Acquired ID : 911926 [1349 / 1] HINT : list : [CoreNumBigMin / 2]
05-07 16:44:42.475 972 23421 I sensors-hal: handle_sns_client_event:44, ambient_light_event: ts=521088169264182, event=552.000000
05-07 16:44:42.500 1009 25255 I QC2C2DEngine: calcYSize: unsupported or RGB color format, RGBA8888(1)
05-07 16:44:42.516 1009 25255 I QC2C2DEngine: calcYSize: unsupported or RGB color format, RGBA8888(1)
05-07 16:44:42.522 1349 1944 D InputReader: Btn_touch(9): value=0 when=78912.560815
05-07 16:44:42.522 1349 1944 I InputReader: Touch event's action is 0x1 (id=2, t=0) [pCnt=1, s=] when=78912.560815
05-07 16:44:42.522 1349 1943 I InputDispatcher: Delivering touch to (25153): action: 0x1, f=0x0, d=0, 'e637420', t=1
05-07 16:44:42.523 975 1107 I HYPER-HAL: [RequestManager.cpp]releaseLocked(): Released ID : 911926
05-07 16:44:42.523 1349 1349 I SemDvfsHyPerManager: acquire hyper - GESTURE_DETECTED_HRR/1349@17, type = -999
05-07 16:44:42.523 1349 1349 I SemDvfsHyPerManager: acquire hyper - GESTURE_DETECTED_HRR/1349@17, type = -999
05-07 16:44:42.524 25153 25153 I ViewRootImpl@f9c5125[QtActivity]: ViewPostIme pointer 1
05-07 16:44:42.524 975 1107 I HYPER-HAL: [RequestManager.cpp]acquire(): Acquired ID : 933678 [1349 / 17] HINT : GESTURE_DETECTED_HRR list : [TIMEOUT / 528]
05-07 16:44:42.524 975 1107 I HYPER-HAL: [ResourceManager.cpp]updateResource(): [CPULittleMinFreq] UpdateResource Request ID : 933678 Value : 1113600
05-07 16:44:42.524 975 1107 I HYPER-HAL: [ResourceManager.cpp]updateResource(): [CPUMinFreq] UpdateResource Request ID : 933678 Value : 1401600
05-07 16:44:42.525 975 1107 I HYPER-HAL: [RequestManager.cpp]acquire(): Acquired ID : 933678 [1349 / 17] HINT : GESTURE_DETECTED_HRR list : [TIMEOUT / 528]
05-07 16:44:42.525 975 1107 I HYPER-HAL: [ResourceManager.cpp]updateResource(): [CPULittleMinFreq] UpdateResource Request ID : 933678 Value : 1113600
05-07 16:44:42.525 975 1107 I HYPER-HAL: [ResourceManager.cpp]updateResource(): [CPUMinFreq] UpdateResource Request ID : 933678 Value : 1401600
05-07 16:44:42.535 1009 25255 I QC2C2DEngine: calcYSize: unsupported or RGB color format, RGBA8888(1)
05-07 16:44:42.555 1009 25255 I QC2C2DEngine: calcYSize: unsupported or RGB color format, RGBA8888(1)
05-07 16:44:42.575 1009 25255 I QC2C2DEngine: calcYSize: unsupported or RGB color format, RGBA8888(1)
05-07 16:44:42.576 972 23421 I sensors-hal: handle_sns_client_event:44, ambient_light_event: ts=521088269261005, event=544.000000
05-07 16:44:42.595 1009 25255 I QC2C2DEngine: calcYSize: unsupported or RGB color format, RGBA8888(1)
05-07 16:44:42.621 1009 25255 I QC2C2DEngine: calcYSize: unsupported or RGB color format, RGBA8888(1)
05-07 16:44:42.646 1009 25255 I QC2C2DEngine: calcYSize: unsupported or RGB color format, RGBA8888(1)
05-07 16:44:42.669 1144 1144 I Layer : Layer [Sprite#3662] hidden!! flag(1)
05-07 16:44:42.670 1009 25255 I QC2C2DEngine: calcYSize: unsupported or RGB color format, RGBA8888(1)
05-07 16:44:42.675 972 23421 I sensors-hal: handle_sns_client_event:44, ambient_light_event: ts=521088369267672, event=544.000000
05-07 16:44:42.694 1144 1144 D SurfaceFlinger: Display 4630946835308409729 HWC layers:
05-07 16:44:42.694 1144 1144 D SurfaceFlinger: CLIENT | 0xb400006fbcf8d6b0 | 0500 | RGBA_8888 | 0.0 0.0 1200.0 1812.0 | 0 36 1200 1848 | SurfaceView[org.qtproject.example.he[...]d.bindings.QtActivity]@0(BLAST)#4507
05-07 16:44:42.694 1144 1144 D SurfaceFlinger: CLIENT | 0xb400006fbcf8b6c0 | 0100 | RGBA_8888 | 0.0 0.0 1200.0 1920.0 | 0 0 1200 1920 | org.qtproject.example.hellogles3/org[...]roid.bindings.QtActivity$_25153#4377
05-07 16:44:42.694 1144 1144 D SurfaceFlinger: CLIENT | 0xb400006fb0fb6440 | 0100 | RGBA_8888 | 0.0 0.0 1200.0 36.0 | 0 0 1200 36 | StatusBar$_2283#84
05-07 16:44:42.694 1144 1144 D SurfaceFlinger: CLIENT | 0xb400006fbcf8b3b0 | 0100 | RGBA_8888 | 0.0 0.0 67.0 207.0 | 1133 432 1200 639 | com.sec.android.app.launcher/com.sam[...]e.edge.CocktailBarService$_2625#4278
05-07 16:44:42.694 1144 1144 D SurfaceFlinger: CLIENT | 0xb400006fbcf8b570 | 0100 | RGBA_8888 | 0.0 0.0 1200.0 72.0 | 0 1848 1200 1920 | TaskbarWindow$_2625#544
05-07 16:44:42.694 1144 1144 D SurfaceFlinger: CLIENT | 0xb400006fbcf8abd0 | 0100 | RGBA_8888 | 0.0 0.0 1200.0 1920.0 | 0 0 1200 1920 | PointerLocation - display 0#3661
05-07 16:44:42.694 1144 1144 D SurfaceFlinger: CLIENT | 0xb40
05-07 16:44:42.694 1144 1144 D SurfaceFlinger: 0006fa3c769c0 | 0100 | RGBA_8888 | 0.0 0.0 36.0 36.0 | 885 497 921 533 | bbq-wrapper#4514
05-07 16:44:42.694 1144 1144 D SurfaceFlinger:
05-07 16:44:42.695 1009 25255 I QC2C2DEngine: calcYSize: unsupported or RGB color format, RGBA8888(1)
05-07 16:44:42.721 1009 25255 I QC2C2DEngine: calcYSize: unsupported or RGB color format, RGBA8888(1)
05-07 16:44:42.742 1144 1144 I Layer : Layer [Sprite#4513] hidden!! flag(1)
05-07 16:44:42.743 1009 25255 I QC2C2DEngine: calcYSize: unsupported or RGB color format, RGBA8888(1)
05-07 16:44:42.764 1144 1144 D SurfaceFlinger: Display 4630946835308409729 HWC layers:
05-07 16:44:42.764 1144 1144 D SurfaceFlinger: DEVICE | 0xb400006fbcf8d640 | 0500 | RGBA_8888 | 0.0 0.0 1200.0 1812.0 | 0 36 1200 1848 | SurfaceView[org.qtproject.example.he[...]d.bindings.QtActivity]@0(BLAST)#4507
05-07 16:44:42.764 1144 1144 D SurfaceFlinger: CLIENT | 0xb400006fbcf8b6c0 | 0100 | RGBA_8888 | 0.0 0.0 1200.0 1920.0 | 0 0 1200 1920 | org.qtproject.example.hellogles3/org[...]roid.bindings.QtActivity$_25153#4377
05-07 16:44:42.764 1144 1144 D SurfaceFlinger: CLIENT | 0xb400006fb0fb6440 | 0100 | RGBA_8888 | 0.0 0.0 1200.0 36.0 | 0 0 1200 36 | StatusBar$_2283#84
05-07 16:44:42.764 1144 1144 D SurfaceFlinger: CLIENT | 0xb400006fbcf8b3b0 | 0100 | RGBA_8888 | 0.0 0.0 67.0 207.0 | 1133 432 1200 639 | com.sec.android.app.launcher/com.sam[...]e.edge.CocktailBarService$_2625#4278
05-07 16:44:42.764 1144 1144 D SurfaceFlinger: CLIENT | 0xb400006fbcf8b570 | 0100 | RGBA_8888 | 0.0 0.0 1200.0 72.0 | 0 1848 1200 1920 | TaskbarWindow$_2625#544
05-07 16:44:42.764 1144 1144 D SurfaceFlinger: CLIENT | 0xb400006fbcf8abd0 | 0100 | RGBA_8888 | 0.0 0.0 1200.0 1920.0 | 0 0 1200 1920 | PointerLocation - display 0#3661
05-07 16:44:42.764 1144 1144 D SurfaceFlinger:
05-07 16:44:42.765 1009 25255 I QC2C2DEngine: calcYSize: unsupported or RGB color format, RGBA8888(1)
05-07 16:44:42.775 972 23421 I sensors-hal: handle_sns_client_event:44, ambient_light_event: ts=521088469265849, event=542.000000
05-07 16:44:42.784 1009 25255 I QC2C2DEngine: calcYSize: unsupported or RGB color format, RGBA8888(1)
05-07 16:44:42.804 1009 25255 I QC2C2DEngine: calcYSize: unsupported or RGB color format, RGBA8888(1)
05-07 16:44:42.818 1009 25255 I QC2C2DEngine: calcYSize: unsupported or RGB color format, RGBA8888(1)
05-07 16:44:42.821 23951 23951 D BoundBrokerSvc: onUnbind: Intent { act=com.google.android.gms.safetynet.service.START pkg=com.google.android.gms }
05-07 16:44:42.834 1009 25255 I QC2C2DEngine: calcYSize: unsupported or RGB color format, RGBA8888(1)
05-07 16:44:42.849 1009 25255 I QC2C2DEngine: calcYSize: unsupported or RGB color format, RGBA8888(1)
05-07 16:44:42.850 14414 14428 V ClearcutMetricXmitter: Transmission is done.
05-07 16:44:42.866 1009 25255 I QC2C2DEngine: calcYSize: unsupported or RGB color format, RGBA8888(1)
05-07 16:44:42.875 972 23421 I sensors-hal: handle_sns_client_event:44, ambient_light_event: ts=521088569272099, event=551.000000
05-07 16:44:42.885 1009 25255 I QC2C2DEngine: calcYSize: unsupported or RGB color format, RGBA8888(1)
05-07 16:44:42.900 1009 25255 I QC2C2DEngine: calcYSize: unsupported or RGB color format, RGBA8888(1)
05-07 16:44:42.917 1009 25255 I QC2C2DEngine: calcYSize: unsupported or RGB color format, RGBA8888(1)
05-07 16:44:42.935 1009 25255 I QC2C2DEngine: calcYSize: unsupported or RGB color format, RGBA8888(1)
05-07 16:44:42.951 1009 25255 I QC2C2DEngine: calcYSize: unsupported or RGB color format, RGBA8888(1)
05-07 16:44:42.965 1009 25255 I QC2C2DEngine: calcYSize: unsupported or RGB color format, RGBA8888(1)
05-07 16:44:42.975 972 23421 I sensors-hal: handle_sns_client_event:44, ambient_light_event: ts=521088669269755, event=579.000000
05-07 16:44:42.979 1349 1944 D InputReader: Btn_touch(9): value=1 when=78913.018075
05-07 16:44:42.980 1349 1944 I InputReader: Touch event's action is 0x0 (id=2, t=0) [pCnt=1, s=0.469 ] when=78913.018075
05-07 16:44:42.980 1349 1943 I InputDispatcher: Delivering touch to (2625): action: 0x4, f=0x0, d=0, 'ede8149', t=1
05-07 16:44:42.980 1349 1943 I InputDispatcher: Delivering touch to (25153): action: 0x0, f=0x0, d=0, 'e637420', t=1
05-07 16:44:42.980 1349 1943 D PowerManagerService: [api] userActivityFromNative : touch displayId=0 eventTime=78913018
05-07 16:44:42.981 25153 25153 I ViewRootImpl@f9c5125[QtActivity]: ViewPostIme pointer 0
05-07 16:44:42.981 1349 1720 I GestureDetector: obtain mCurrentDownEvent. id: 624143516 caller: com.android.server.wm.SystemGesturesPointerEventListener.onPointerEvent:204 com.android.server.wm.PointerEventDispatcher.onInputEvent:53 android.view.InputEventReceiver.dispatchInputEvent:296
05-07 16:44:42.982 1349 1720 I GestureDetector: obtain mCurrentDownEvent. id: 624143516 caller: com.android.server.wm.SystemPerformancePointerEventListener.onPointerEvent:89 com.android.server.wm.PointerEventDispatcher.onInputEvent:53 android.view.InputEventReceiver.dispatchInputEvent:296
05-07 16:44:42.982 25153 25153 I GestureDetector: obtain mCurrentDownEvent. id: 624143516 caller: org.qtproject.qt.android.QtWindow.onTouchEvent:74 org.qtproject.qt.android.QtLayout.onTouchEvent:53 android.view.View.dispatchTouchEvent:16212
05-07 16:44:42.986 1009 25255 I QC2C2DEngine: calcYSize: unsupported or RGB color format, RGBA8888(1)
05-07 16:44:42.987 1144 1144 I Layer : Layer [Sprite#4513] hidden!! flag(0)
05-07 16:44:43.007 1144 1144 D SurfaceFlinger: Display 4630946835308409729 HWC layers:
05-07 16:44:43.007 1144 1144 D SurfaceFlinger: CLIENT | 0xb400006fbcf8d720 | 0500 | RGBA_8888 | 0.0 0.0 1200.0 1812.0 | 0 36 1200 1848 | SurfaceView[org.qtproject.example.he[...]d.bindings.QtActivity]@0(BLAST)#4507
05-07 16:44:43.007 1144 1144 D SurfaceFlinger: CLIENT | 0xb400006fbcf8b6c0 | 0100 | RGBA_8888 | 0.0 0.0 1200.0 1920.0 | 0 0 1200 1920 | org.qtproject.example.hellogles3/org[...]roid.bindings.QtActivity$_25153#4377
05-07 16:44:43.007 1144 1144 D SurfaceFlinger: CLIENT | 0xb400006fb0fb6440 | 0100 | RGBA_8888 | 0.0 0.0 1200.0 36.0 | 0 0 1200 36 | StatusBar$_2283#84
05-07 16:44:43.007 1144 1144 D SurfaceFlinger: CLIENT | 0xb400006fbcf8b3b0 | 0100 | RGBA_8888 | 0.0 0.0 67.0 207.0 | 1133 432 1200 639 | com.sec.android.app.launcher/com.sam[...]e.edge.CocktailBarService$_2625#4278
05-07 16:44:43.007 1144 1144 D SurfaceFlinger: CLIENT | 0xb400006fbcf8b570 | 0100 | RGBA_8888 | 0.0 0.0 1200.0 72.0 | 0 1848 1200 1920 | TaskbarWindow$_2625#544
05-07 16:44:43.007 1144 1144 D SurfaceFlinger: CLIENT | 0xb400006fbcf8abd0 | 0100 | RGBA_8888 | 0.0 0.0 1200.0 1920.0 | 0 0 1200 1920 | PointerLocation - display 0#3661
05-07 16:44:43.007 1144 1144 D SurfaceFlinger: CLIENT | 0xb40
05-07 16:44:43.007 1144 1144 D SurfaceFlinger: 0006fbcf8ad90 | 0100 | RGBA_8888 | 0.0 0.0 36.0 36.0 | 558 640 594 676 | bbq-wrapper#4514
05-07 16:44:43.007 1144 1144 D SurfaceFlinger:
05-07 16:44:43.008 1009 25255 I QC2C2DEngine: calcYSize: unsupported or RGB color format, RGBA8888(1)
05-07 16:44:43.018 1349 1720 I GestureDetector: obtain mCurrentMotionEventRaw. action: 2 id: 1030397936
05-07 16:44:43.018 1349 1720 I GestureDetector: obtain mCurrentMotionEventRaw. action: 2 id: 1030397936
05-07 16:44:43.025 1349 1349 I SemDvfsHyPerManager: acquire hyper - WM_SCROLL_DETECTED/1349@1, type = 268443651
05-07 16:44:43.026 975 1107 I HYPER-HAL: [RequestManager.cpp]acquire(): Acquired ID : 911926 [1349 / 1] HINT : list : [CoreNumBigMin / 2]
05-07 16:44:43.030 1009 25255 I QC2C2DEngine: calcYSize: unsupported or RGB color format, RGBA8888(1)
05-07 16:44:43.031 25153 25153 I GestureDetector: obtain mCurrentMotionEventRaw. action: 2 id: 1030397936
05-07 16:44:43.049 1009 25255 I QC2C2DEngine: calcYSize: unsupported or RGB color format, RGBA8888(1)
05-07 16:44:43.053 975 25314 I HYPER-HAL: [ResourceManager.cpp]removeResource(): [CPULittleMinFreq] RemoveResource Request ID : 933678
05-07 16:44:43.054 975 25314 I HYPER-HAL: [ResourceManager.cpp]removeResource(): [CPUMinFreq] RemoveResource Request ID : 933678
05-07 16:44:43.054 975 25314 I HYPER-HAL: [RequestManager.cpp]releaseLocked(): Released ID : 933678
05-07 16:44:43.075 972 23421 I sensors-hal: handle_sns_client_event:44, ambient_light_event: ts=521088769269182, event=597.000000
05-07 16:44:43.078 1009 25255 I QC2C2DEngine: calcYSize: unsupported or RGB color format, RGBA8888(1)
05-07 16:44:43.090 1349 1944 D InputReader: Btn_touch(9): value=0 when=78913.128927
05-07 16:44:43.090 1349 1944 I InputReader: Touch event's action is 0x1 (id=2, t=0) [pCnt=1, s=] when=78913.128927
05-07 16:44:43.093 25153 25153 I ViewRootImpl@f9c5125[QtActivity]: ViewPostIme pointer 1
05-07 16:44:43.094 1349 1943 I InputDispatcher: Delivering touch to (25153): action: 0x1, f=0x0, d=0, 'e637420', t=1
05-07 16:44:43.097 1009 25255 I QC2C2DEngine: calcYSize: unsupported or RGB color format, RGBA8888(1)
05-07 16:44:43.102 1349 1349 I SemDvfsHyPerManager: acquire hyper - GESTURE_DETECTED_HRR/1349@17, type = -999
05-07 16:44:43.102 1349 1349 I SemDvfsHyPerManager: acquire hyper - GESTURE_DETECTED_HRR/1349@17, type = -999
05-07 16:44:43.103 975 1107 I HYPER-HAL: [RequestManager.cpp]releaseLocked(): Released ID : 911926
05-07 16:44:43.103 975 1107 I HYPER-HAL: [RequestManager.cpp]acquire(): Acquired ID : 933678 [1349 / 17] HINT : GESTURE_DETECTED_HRR list : [TIMEOUT / 926]
05-07 16:44:43.103 975 1107 I HYPER-HAL: [ResourceManager.cpp]updateResource(): [CPULittleMinFreq] UpdateResource Request ID : 933678 Value : 1113600
05-07 16:44:43.104 975 1107 I HYPER-HAL: [ResourceManager.cpp]updateResource(): [CPUMinFreq] UpdateResource Request ID : 933678 Value : 1401600
05-07 16:44:43.105 975 1107 I HYPER-HAL: [RequestManager.cpp]acquire(): Acquired ID : 933678 [1349 / 17] HINT : GESTURE_DETECTED_HRR list : [TIMEOUT / 926]
05-07 16:44:43.105 975 1107 I HYPER-HAL: [ResourceManager.cpp]updateResource(): [CPULittleMinFreq] UpdateResource Request ID : 933678 Value : 1113600
05-07 16:44:43.105 975 1107 I HYPER-HAL: [ResourceManager.cpp]updateResource(): [CPUMinFreq] UpdateResource Request ID : 933678 Value : 1401600
05-07 16:44:43.124 1009 25255 I QC2C2DEngine: calcYSize: unsupported or RGB color format, RGBA8888(1)
05-07 16:44:43.148 1009 25255 I QC2C2DEngine: calcYSize: unsupported or RGB color format, RGBA8888(1)
05-07 16:44:43.168 1349 1944 D InputReader: Btn_touch(9): value=1 when=78913.206846
05-07 16:44:43.168 1349 1944 I InputReader: Touch event's action is 0x0 (id=2, t=0) [pCnt=1, s=0.470 ] when=78913.206846
05-07 16:44:43.169 1349 1943 I InputDispatcher: Delivering touch to (2625): action: 0x4, f=0x0, d=0, 'ede8149', t=1
05-07 16:44:43.169 1349 1943 I InputDispatcher: Delivering touch to (25153): action: 0x0, f=0x0, d=0, 'e637420', t=1
05-07 16:44:43.169 25153 25153 I ViewRootImpl@f9c5125[QtActivity]: ViewPostIme pointer 0
