05-07 16:44:36.356 1009 25255 I QC2C2DEngine: calcYSize: unsupported or RGB color format, RGBA8888(1)
05-07 16:44:36.372 1009 25255 I QC2C2DEngine: calcYSize: unsupported or RGB color format, RGBA8888(1)
05-07 16:44:36.375 972 23421 I sensors-hal: handle_sns_client_event:44, ambient_light_event: ts=521082069273140, event=606.000000
05-07 16:44:36.389 1009 25255 I QC2C2DEngine: calcYSize: unsupported or RGB color format, RGBA8888(1)
05-07 16:44:36.405 1009 25255 I QC2C2DEngine: calcYSize: unsupported or RGB color format, RGBA8888(1)
05-07 16:44:36.420 1009 25255 I QC2C2DEngine: calcYSize: unsupported or RGB color format, RGBA8888(1)
05-07 16:44:36.436 1009 25255 I QC2C2DEngine: calcYSize: unsupported or RGB color format, RGBA8888(1)
05-07 16:44:36.451 1009 25255 I QC2C2DEngine: calcYSize: unsupported or RGB color format, RGBA8888(1)
05-07 16:44:36.466 1009 25255 I QC2C2DEngine: calcYSize: unsupported or RGB color format, RGBA8888(1)
05-07 16:44:36.475 972 23421 I sensors-hal: handle_sns_client_event:44, ambient_light_event: ts=521082169272619, event=605.000000
05-07 16:44:36.483 1009 25255 I QC2C2DEngine: calcYSize: unsupported or RGB color format, RGBA8888(1)
05-07 16:44:36.499 1009 25255 I QC2C2DEngine: calcYSize: unsupported or RGB color format, RGBA8888(1)
05-07 16:44:36.515 1009 25255 I QC2C2DEngine: calcYSize: unsupported or RGB color format, RGBA8888(1)
05-07 16:44:36.529 1009 25255 I QC2C2DEngine: calcYSize: unsupported or RGB color format, RGBA8888(1)
05-07 16:44:36.549 1009 25255 I QC2C2DEngine: calcYSize: unsupported or RGB color format, RGBA8888(1)
05-07 16:44:36.564 1009 25255 I QC2C2DEngine: calcYSize: unsupported or RGB color format, RGBA8888(1)
05-07 16:44:36.575 972 23421 I sensors-hal: handle_sns_client_event:44, ambient_light_event: ts=521082269269494, event=605.000000
05-07 16:44:36.580 1009 25255 I QC2C2DEngine: calcYSize: unsupported or RGB color format, RGBA8888(1)
05-07 16:44:36.596 1009 25255 I QC2C2DEngine: calcYSize: unsupported or RGB color format, RGBA8888(1)
05-07 16:44:36.612 1009 25255 I QC2C2DEngine: calcYSize: unsupported or RGB color format, RGBA8888(1)
05-07 16:44:36.629 1009 25255 I QC2C2DEngine: calcYSize: unsupported or RGB color format, RGBA8888(1)
05-07 16:44:36.645 1009 25255 I QC2C2DEngine: calcYSize: unsupported or RGB color format, RGBA8888(1)
05-07 16:44:36.659 1009 25255 I QC2C2DEngine: calcYSize: unsupported or RGB color format, RGBA8888(1)
05-07 16:44:36.675 972 23421 I sensors-hal: handle_sns_client_event:44, ambient_light_event: ts=521082369271317, event=600.000000
05-07 16:44:36.678 1009 25255 I QC2C2DEngine: calcYSize: unsupported or RGB color format, RGBA8888(1)
05-07 16:44:36.694 1009 25255 I QC2C2DEngine: calcYSize: unsupported or RGB color format, RGBA8888(1)
05-07 16:44:36.710 1009 25255 I QC2C2DEngine: calcYSize: unsupported or RGB color format, RGBA8888(1)
05-07 16:44:36.727 1009 25255 I QC2C2DEngine: calcYSize: unsupported or RGB color format, RGBA8888(1)
05-07 16:44:36.743 1009 25255 I QC2C2DEngine: calcYSize: unsupported or RGB color format, RGBA8888(1)
05-07 16:44:36.759 1009 25255 I QC2C2DEngine: calcYSize: unsupported or RGB color format, RGBA8888(1)
05-07 16:44:36.775 972 23421 I sensors-hal: handle_sns_client_event:44, ambient_light_event: ts=521082469267411, event=590.000000
05-07 16:44:36.777 1009 25255 I QC2C2DEngine: calcYSize: unsupported or RGB color format, RGBA8888(1)
05-07 16:44:36.793 1009 25255 I QC2C2DEngine: calcYSize: unsupported or RGB color format, RGBA8888(1)
05-07 16:44:36.810 1009 25255 I QC2C2DEngine: calcYSize: unsupported or RGB color format, RGBA8888(1)
05-07 16:44:36.827 1009 25255 I QC2C2DEngine: calcYSize: unsupported or RGB color format, RGBA8888(1)
05-07 16:44:36.843 1009 25255 I QC2C2DEngine: calcYSize: unsupported or RGB color format, RGBA8888(1)
05-07 16:44:36.861 1009 25255 I QC2C2DEngine: calcYSize: unsupported or RGB color format, RGBA8888(1)
05-07 16:44:36.875 972 23421 I sensors-hal: handle_sns_client_event:44, ambient_light_event: ts=521082569269963, event=571.000000
05-07 16:44:36.879 1009 25255 I QC2C2DEngine: calcYSize: unsupported or RGB color format, RGBA8888(1)
05-07 16:44:36.913 1009 25255 I QC2C2DEngine: calcYSize: unsupported or RGB color format, RGBA8888(1)
05-07 16:44:36.931 1009 25255 I QC2C2DEngine: calcYSize: unsupported or RGB color format, RGBA8888(1)
05-07 16:44:36.949 1009 25255 I QC2C2DEngine: calcYSize: unsupported or RGB color format, RGBA8888(1)
05-07 16:44:36.970 1349 2146 I Pageboost: Launcher App Execution
05-07 16:44:36.975 972 23421 I sensors-hal: handle_sns_client_event:44, ambient_light_event: ts=521082669273088, event=564.000000
05-07 16:44:36.982 1009 25255 I QC2C2DEngine: calcYSize: unsupported or RGB color format, RGBA8888(1)
05-07 16:44:36.997 1009 25255 I QC2C2DEngine: calcYSize: unsupported or RGB color format, RGBA8888(1)
05-07 16:44:37.013 1009 25255 I QC2C2DEngine: calcYSize: unsupported or RGB color format, RGBA8888(1)
05-07 16:44:37.028 1009 25255 I QC2C2DEngine: calcYSize: unsupported or RGB color format, RGBA8888(1)
05-07 16:44:37.043 1009 25255 I QC2C2DEngine: calcYSize: unsupported or RGB color format, RGBA8888(1)
05-07 16:44:37.059 1009 25255 I QC2C2DEngine: calcYSize: unsupported or RGB color format, RGBA8888(1)
05-07 16:44:37.073 1009 25255 I QC2C2DEngine: calcYSize: unsupported or RGB color format, RGBA8888(1)
05-07 16:44:37.075 972 23421 I sensors-hal: handle_sns_client_event:44, ambient_light_event: ts=521082769269755, event=562.000000
05-07 16:44:37.087 1009 25255 I QC2C2DEngine: calcYSize: unsupported or RGB color format, RGBA8888(1)
05-07 16:44:37.101 1009 25255 I QC2C2DEngine: calcYSize: unsupported or RGB color format, RGBA8888(1)
05-07 16:44:37.122 1009 25255 I QC2C2DEngine: calcYSize: unsupported or RGB color format, RGBA8888(1)
05-07 16:44:37.136 1009 25255 I QC2C2DEngine: calcYSize: unsupported or RGB color format, RGBA8888(1)
05-07 16:44:37.153 1009 25255 I QC2C2DEngine: calcYSize: unsupported or RGB color format, RGBA8888(1)
05-07 16:44:37.169 1009 25255 I QC2C2DEngine: calcYSize: unsupported or RGB color format, RGBA8888(1)
05-07 16:44:37.175 972 23421 I sensors-hal: handle_sns_client_event:44, ambient_light_event: ts=521082869268974, event=560.000000
05-07 16:44:37.183 1009 25255 I QC2C2DEngine: calcYSize: unsupported or RGB color format, RGBA8888(1)
05-07 16:44:37.197 1009 25255 I QC2C2DEngine: calcYSize: unsupported or RGB color format, RGBA8888(1)
05-07 16:44:37.213 1009 25255 I QC2C2DEngine: calcYSize: unsupported or RGB color format, RGBA8888(1)
05-07 16:44:37.228 1009 25255 I QC2C2DEngine: calcYSize: unsupported or RGB color format, RGBA8888(1)
05-07 16:44:37.242 1009 25255 I QC2C2DEngine: calcYSize: unsupported or RGB color format, RGBA8888(1)
05-07 16:44:37.257 1009 25255 I QC2C2DEngine: calcYSize: unsupported or RGB color format, RGBA8888(1)
05-07 16:44:37.275 972 23421 I sensors-hal: handle_sns_client_event:44, ambient_light_event: ts=521082969268401, event=560.000000
05-07 16:44:37.278 1009 25255 I QC2C2DEngine: calcYSize: unsupported or RGB color format, RGBA8888(1)
05-07 16:44:37.290 24474 24513 I SCS@AiSearch user 0: (AppsDataWorker) [androidx.work-1] entering in doWork():
05-07 16:44:37.291 1009 25255 I QC2C2DEngine: calcYSize: unsupported or RGB color format, RGBA8888(1)
05-07 16:44:37.291 24474 24513 I SCS@AiSearch user 0: (AppsDataObserver) [androidx.work-1] entering in execute():
05-07 16:44:37.291 24474 24513 I SCS@AiSearch user 0: (AppsDataObserver-CMD_UPDATE_LIST) changed package count: 1
05-07 16:44:37.294 24474 24513 I SCS@AiSearch user 0: (AppsDataObserver) [androidx.work-1] leaving from execute(): result is true
05-07 16:44:37.294 24474 24513 I SCS@AiSearch user 0: (AppsDataWorker) [androidx.work-1] leaving from doWork():
05-07 16:44:37.295 24474 24505 I WM-WorkerWrapper: Worker result SUCCESS for Work [ id=28115cf6-534d-44b3-ae14-4127971ab573, tags={ com.samsung.android.scs.ai.search.data.apps.AppsDataWorker, CMD_UPDATE_LIST } ]
05-07 16:44:37.309 1009 25255 I QC2C2DEngine: calcYSize: unsupported or RGB color format, RGBA8888(1)
05-07 16:44:37.324 1009 25255 I QC2C2DEngine: calcYSize: unsupported or RGB color format, RGBA8888(1)
05-07 16:44:37.341 1009 25255 I QC2C2DEngine: calcYSize: unsupported or RGB color format, RGBA8888(1)
05-07 16:44:37.355 1009 25255 I QC2C2DEngine: calcYSize: unsupported or RGB color format, RGBA8888(1)
05-07 16:44:37.375 972 23421 I sensors-hal: handle_sns_client_event:44, ambient_light_event: ts=521083069268192, event=561.000000
05-07 16:44:37.376 1009 25255 I QC2C2DEngine: calcYSize: unsupported or RGB color format, RGBA8888(1)
05-07 16:44:37.394 1009 25255 I QC2C2DEngine: calcYSize: unsupported or RGB color format, RGBA8888(1)
05-07 16:44:37.412 1009 25255 I QC2C2DEngine: calcYSize: unsupported or RGB color format, RGBA8888(1)
05-07 16:44:37.428 1009 25255 I QC2C2DEngine: calcYSize: unsupported or RGB color format, RGBA8888(1)
05-07 16:44:37.444 1009 25255 I QC2C2DEngine: calcYSize: unsupported or RGB color format, RGBA8888(1)
05-07 16:44:37.461 1009 25255 I QC2C2DEngine: calcYSize: unsupported or RGB color format, RGBA8888(1)
05-07 16:44:37.475 972 23421 I sensors-hal: handle_sns_client_event:44, ambient_light_event: ts=521083169268661, event=560.000000
05-07 16:44:37.477 1009 25255 I QC2C2DEngine: calcYSize: unsupported or RGB color format, RGBA8888(1)
05-07 16:44:37.493 1009 25255 I QC2C2DEngine: calcYSize: unsupported or RGB color format, RGBA8888(1)
05-07 16:44:37.510 1009 25255 I QC2C2DEngine: calcYSize: unsupported or RGB color format, RGBA8888(1)
05-07 16:44:37.528 1009 25255 I QC2C2DEngine: calcYSize: unsupported or RGB color format, RGBA8888(1)
05-07 16:44:37.562 1009 25255 I QC2C2DEngine: calcYSize: unsupported or RGB color format, RGBA8888(1)
05-07 16:44:37.575 972 23421 I sensors-hal: handle_sns_client_event:44, ambient_light_event: ts=521083269269494, event=559.000000
05-07 16:44:37.579 1009 25255 I QC2C2DEngine: calcYSize: unsupported or RGB color format, RGBA8888(1)
05-07 16:44:37.594 1009 25255 I QC2C2DEngine: calcYSize: unsupported or RGB color format, RGBA8888(1)
05-07 16:44:37.611 1009 25255 I QC2C2DEngine: calcYSize: unsupported or RGB color format, RGBA8888(1)
05-07 16:44:37.627 1009 25255 I QC2C2DEngine: calcYSize: unsupported or RGB color format, RGBA8888(1)
05-07 16:44:37.643 1009 25255 I QC2C2DEngine: calcYSize: unsupported or RGB color format, RGBA8888(1)
05-07 16:44:37.659 1009 25255 I QC2C2DEngine: calcYSize: unsupported or RGB color format, RGBA8888(1)
05-07 16:44:37.675 972 23421 I sensors-hal: handle_sns_client_event:44, ambient_light_event: ts=521083369271057, event=558.000000
05-07 16:44:37.676 1009 25255 I QC2C2DEngine: calcYSize: unsupported or RGB color format, RGBA8888(1)
05-07 16:44:37.693 1009 25255 I QC2C2DEngine: calcYSize: unsupported or RGB color format, RGBA8888(1)
05-07 16:44:37.711 1009 25255 I QC2C2DEngine: calcYSize: unsupported or RGB color format, RGBA8888(1)
05-07 16:44:37.726 1009 25255 I QC2C2DEngine: calcYSize: unsupported or RGB color format, RGBA8888(1)
05-07 16:44:37.743 1009 25255 I QC2C2DEngine: calcYSize: unsupported or RGB color format, RGBA8888(1)
05-07 16:44:37.761 1009 25255 I QC2C2DEngine: calcYSize: unsupported or RGB color format, RGBA8888(1)
05-07 16:44:37.775 972 23421 I sensors-hal: handle_sns_client_event:44, ambient_light_event: ts=521083469271317, event=557.000000
05-07 16:44:37.781 1009 25255 I QC2C2DEngine: calcYSize: unsupported or RGB color format, RGBA8888(1)
05-07 16:44:37.798 1009 25255 I QC2C2DEngine: calcYSize: unsupported or RGB color format, RGBA8888(1)
05-07 16:44:37.815 1009 25255 I QC2C2DEngine: calcYSize: unsupported or RGB color format, RGBA8888(1)
05-07 16:44:37.834 1009 25255 I QC2C2DEngine: calcYSize: unsupported or RGB color format, RGBA8888(1)
05-07 16:44:37.868 1009 25255 I QC2C2DEngine: calcYSize: unsupported or RGB color format, RGBA8888(1)
05-07 16:44:37.875 972 23421 I sensors-hal: handle_sns_client_event:44, ambient_light_event: ts=521083569271838, event=558.000000
05-07 16:44:37.884 1009 25255 I QC2C2DEngine: calcYSize: unsupported or RGB color format, RGBA8888(1)
05-07 16:44:37.903 1009 25255 I QC2C2DEngine: calcYSize: unsupported or RGB color format, RGBA8888(1)
05-07 16:44:37.922 1009 25255 I QC2C2DEngine: calcYSize: unsupported or RGB color format, RGBA8888(1)
05-07 16:44:37.937 1009 25255 I QC2C2DEngine: calcYSize: unsupported or RGB color format, RGBA8888(1)
05-07 16:44:37.955 1009 25255 I QC2C2DEngine: calcYSize: unsupported or RGB color format, RGBA8888(1)
05-07 16:44:37.973 1009 25255 I QC2C2DEngine: calcYSize: unsupported or RGB color format, RGBA8888(1)
05-07 16:44:37.975 972 23421 I sensors-hal: handle_sns_client_event:44, ambient_light_event: ts=521083669267151, event=566.000000
05-07 16:44:37.995 1009 25255 I QC2C2DEngine: calcYSize: unsupported or RGB color format, RGBA8888(1)
05-07 16:44:38.012 1009 25255 I QC2C2DEngine: calcYSize: unsupported or RGB color format, RGBA8888(1)
05-07 16:44:38.030 1009 25255 I QC2C2DEngine: calcYSize: unsupported or RGB color format, RGBA8888(1)
05-07 16:44:38.045 1009 25255 I QC2C2DEngine: calcYSize: unsupported or RGB color format, RGBA8888(1)
05-07 16:44:38.061 1009 25255 I QC2C2DEngine: calcYSize: unsupported or RGB color format, RGBA8888(1)
05-07 16:44:38.075 972 23421 I sensors-hal: handle_sns_client_event:44, ambient_light_event: ts=521083769270224, event=572.000000
05-07 16:44:38.077 1009 25255 I QC2C2DEngine: calcYSize: unsupported or RGB color format, RGBA8888(1)
05-07 16:44:38.092 1009 25255 I QC2C2DEngine: calcYSize: unsupported or RGB color format, RGBA8888(1)
05-07 16:44:38.106 1009 25255 I QC2C2DEngine: calcYSize: unsupported or RGB color format, RGBA8888(1)
05-07 16:44:38.121 1009 25255 I QC2C2DEngine: calcYSize: unsupported or RGB color format, RGBA8888(1)
05-07 16:44:38.137 1009 25255 I QC2C2DEngine: calcYSize: unsupported or RGB color format, RGBA8888(1)
05-07 16:44:38.144 1349 2001 D BatteryService: Sending ACTION_BATTERY_CHANGED: level:80, status:2, health:2, remain:-1, ac:false, usb:true, wireless:false, pogo:false, misc:0x0, charge_type:0, charger_type:0, voltage:4089, temperature:225, online:4, charging_status:0, cycle_count:0, current_avg:0, ps:false, hvc:false, capacity:280000, current_event:0x0, current_now:-692000, mcc:500000, mcv:5000000, cc:4000000, present:true, scale:100, technology:Li-ion
05-07 16:44:38.147 1349 2110 I DeviceBatteryInfoService: action: android.intent.action.BATTERY_CHANGED
05-07 16:44:38.147 1349 2110 I DeviceBatteryInfoService: phone battery level: 80
05-07 16:44:38.147 1349 2110 I DeviceBatteryInfoService: phone battery status: 2
05-07 16:44:38.149 2145 2145 D SemBigDataInfoController: Intent: android.intent.action.BATTERY_CHANGED
05-07 16:44:38.149 1349 1979 D MotionRecognitionService: [SAR] onReceive : ACTION_BATTERY_CHANGED, Plugged: 2
05-07 16:44:38.150 2283 2283 D SamsungBatteryMeterDrawable: onBatteryLevelChanged isSomethingChanged: false
05-07 16:44:38.150 2283 2283 D SamsungBatteryMeterDrawable: onBatteryLevelChanged isSomethingChanged: false
05-07 16:44:38.150 2283 2283 D SamsungBatteryMeterDrawable: onBatteryLevelChanged isSomethingChanged: false
05-07 16:44:38.151 2283 2283 I PowerUI : mBootCompleted = true | mFullyConnected = true
05-07 16:44:38.151 2283 2283 I PowerUI : BATTERY_HEALTH_CHECK extraHealth=2 mBatteryMiscEvent=0
05-07 16:44:38.151 2283 2283 W PowerUI : Plug reason
05-07 16:44:38.151 2283 2283 W PowerUI : Skip charging animation - by plug status
05-07 16:44:38.151 2283 2283 D PowerUI : priorPlugType = 2 mPlugType = 2 priorBatteryStatus = 2 mBatteryStatus = 2
05-07 16:44:38.151 2283 2283 W PowerUI : Plug reason
05-07 16:44:38.151 2283 2283 W PowerUI : Skip charging sound - by plug status
05-07 16:44:38.151 2283 2283 I PowerUI : oldMisalign : false, curMisalign : false
05-07 16:44:38.151 2283 7974 D SecPowerUI.Notification: dismissing low battery warning: level=80
05-07 16:44:38.151 2283 7974 D SecPowerUI.Notification: updateNotification mWarning=false mPlaySound=false
05-07 16:44:38.151 2283 7974 D SecPowerUI.Notification: SecBatteryStatsSnapshot{batteryLevel=80, currentBatteryMode=0, chargingTime=-1, chargingType=11, batteryHealth=2, automaticTestMode=false, isHiccupState=false}
05-07 16:44:38.152 22942 22942 I [SCPMV2][SystemMonitorReceiver]: onReceive: android.intent.action.BATTERY_CHANGED
05-07 16:44:38.153 2283 7974 D SecPowerUI.Notification: 1. restoreScreenTimeOut - saved_value : :
05-07 16:44:38.153 2283 7974 E SecPowerUI.Notification: no saved value, so we do nothing !!
05-07 16:44:38.153 2283 2283 D SecPowerUI.Notification: showChargingNotice oldChargingType : 11 / currentChargingType : 11, oldChargingTime : -1 / mChargingTime : -1
05-07 16:44:38.154 2283 2283 D SecPowerUI.Notification: showChargingNotice There is no change about charging status, so return!
05-07 16:44:38.154 2283 2283 D PowerUI : Battery swelling mode - priorBatterySwellingMode = 0 mBatterySwellingMode = 0 mBatteryStatus = 2
05-07 16:44:38.154 2283 2283 I PowerUI : mBatteryMiscEvent = 0
05-07 16:44:38.154 2283 2283 I AODBatteryManager: updateBatteryData: ACTION_BATTERY_CHANGED
05-07 16:44:38.156 1009 25255 I QC2C2DEngine: calcYSize: unsupported or RGB color format, RGBA8888(1)
05-07 16:44:38.157 2283 2283 I AODBatteryManager: saveBatteryData : AOD BatteryData [mBatteryLevel=80, mBatteryStatus=CHARGING, mBatteryPlugType=USB, mBatteryPlugged=true, mRemainingChargeTime=-1, mBatteryChargingType=1, mBatteryChargerType=NORMAL, mBatteryOnline=USB, mBatterySwellingMode=NONE, mBatteryProtectMode=false]
05-07 16:44:38.158 2283 2283 D KeyguardUpdateMonitor: handleBatteryUpdate
05-07 16:44:38.175 972 23421 I sensors-hal: handle_sns_client_event:44, ambient_light_event: ts=521083869268974, event=572.000000
05-07 16:44:38.182 1009 25255 I QC2C2DEngine: calcYSize: unsupported or RGB color format, RGBA8888(1)
05-07 16:44:38.195 1009 25255 I QC2C2DEngine: calcYSize: unsupported or RGB color format, RGBA8888(1)
05-07 16:44:38.213 1009 25255 I QC2C2DEngine: calcYSize: unsupported or RGB color format, RGBA8888(1)
05-07 16:44:38.215 616 616 D io_stats: !@ 8,0 r 2659441 75679648 w 570446 20429864 d 88561 17081004 f 0 0 iot 1630184 0 th 0 0 0 pt 0 inp 0 0 78908.254
05-07 16:44:38.228 1009 25255 I QC2C2DEngine: calcYSize: unsupported or RGB color format, RGBA8888(1)
05-07 16:44:38.244 1009 25255 I QC2C2DEngine: calcYSize: unsupported or RGB color format, RGBA8888(1)
05-07 16:44:38.259 1009 25255 I QC2C2DEngine: calcYSize: unsupported or RGB color format, RGBA8888(1)
05-07 16:44:38.269 1009 25255 I QC2C2DEngine: calcYSize: unsupported or RGB color format, RGBA8888(1)
05-07 16:44:38.275 972 23421 I sensors-hal: handle_sns_client_event:44, ambient_light_event: ts=521083969267880, event=574.000000
05-07 16:44:38.289 1009 25255 I QC2C2DEngine: calcYSize: unsupported or RGB color format, RGBA8888(1)
05-07 16:44:38.305 1009 25255 I QC2C2DEngine: calcYSize: unsupported or RGB color format, RGBA8888(1)
05-07 16:44:38.320 1009 25255 I QC2C2DEngine: calcYSize: unsupported or RGB color format, RGBA8888(1)
05-07 16:44:38.324 1349 1944 D InputReader: Btn_touch(9): value=1 when=78908.362402
05-07 16:44:38.324 1349 1944 I InputReader: Touch event's action is 0x0 (id=2, t=0) [pCnt=1, s=0.456 ] when=78908.362402
05-07 16:44:38.325 1349 1943 I InputDispatcher: Delivering touch to (2625): action: 0x4, f=0x0, d=0, 'ede8149', t=1
05-07 16:44:38.326 1349 1943 I InputDispatcher: Delivering touch to (25153): action: 0x0, f=0x0, d=0, 'e637420', t=1
05-07 16:44:38.327 1349 1943 D PowerManagerService: [api] userActivityFromNative : touch displayId=0 eventTime=78908362
05-07 16:44:38.327 1349 1720 I GestureDetector: obtain mCurrentDownEvent. id: 1062212224 caller: com.android.server.wm.SystemGesturesPointerEventListener.onPointerEvent:204 com.android.server.wm.PointerEventDispatcher.onInputEvent:53 android.view.InputEventReceiver.dispatchInputEvent:296
05-07 16:44:38.328 1349 1943 D PowerManagerService: UserActivityStateListenerState: 1
05-07 16:44:38.328 1349 1720 I GestureDetector: obtain mCurrentDownEvent. id: 1062212224 caller: com.android.server.wm.SystemPerformancePointerEventListener.onPointerEvent:89 com.android.server.wm.PointerEventDispatcher.onInputEvent:53 android.view.InputEventReceiver.dispatchInputEvent:296
05-07 16:44:38.337 1144 1144 I Layer : Layer [Sprite#3662] hidden!! flag(0)
05-07 16:44:38.343 1009 25255 I QC2C2DEngine: calcYSize: unsupported or RGB color format, RGBA8888(1)
05-07 16:44:38.355 1144 1144 D SurfaceFlinger: Display 4630946835308409729 HWC layers:
05-07 16:44:38.355 1144 1144 D SurfaceFlinger: CLIENT | 0xb400006fbcf8d6b0 | 0500 | RGBA_8888 | 0.0 0.0 1200.0 1812.0 | 0 36 1200 1848 | SurfaceView[org.qtproject.example.he[...]d.bindings.QtActivity]@0(BLAST)#4507
05-07 16:44:38.355 1144 1144 D SurfaceFlinger: CLIENT | 0xb400006fbcf8b6c0 | 0100 | RGBA_8888 | 0.0 0.0 1200.0 1920.0 | 0 0 1200 1920 | org.qtproject.example.hellogles3/org[...]roid.bindings.QtActivity$_25153#4377
05-07 16:44:38.355 1144 1144 D SurfaceFlinger: CLIENT | 0xb400006fb0fb6440 | 0100 | RGBA_8888 | 0.0 0.0 1200.0 36.0 | 0 0 1200 36 | StatusBar$_2283#84
05-07 16:44:38.355 1144 1144 D SurfaceFlinger: CLIENT | 0xb400006fbcf8b3b0 | 0100 | RGBA_8888 | 0.0 0.0 67.0 207.0 | 1133 432 1200 639 | com.sec.android.app.launcher/com.sam[...]e.edge.CocktailBarService$_2625#4278
05-07 16:44:38.355 1144 1144 D SurfaceFlinger: CLIENT | 0xb400006fbcf8b570 | 0100 | RGBA_8888 | 0.0 0.0 1200.0 72.0 | 0 1848 1200 1920 | TaskbarWindow$_2625#544
05-07 16:44:38.355 1144 1144 D SurfaceFlinger: CLIENT | 0xb400006fbcf8aaf0 | 0100 | RGBA_8888 | 0.0 0.0 1200.0 1920.0 | 0 0 1200 1920 | PointerLocation - display 0#3661
05-07 16:44:38.355 1144 1144 D SurfaceFlinger: CLIENT | 0xb40
05-07 16:44:38.355 1144 1144 D SurfaceFlinger: 0006fbcf8c1b0 | 0100 | RGBA_8888 | 0.0 0.0 36.0 36.0 | 766 1474 802 1510 | bbq-wrapper#3663
05-07 16:44:38.355 1144 1144 D SurfaceFlinger:
05-07 16:44:38.362 1349 2001 D BatteryService: Sending ACTION_BATTERY_CHANGED: level:80, status:2, health:2, remain:-1, ac:false, usb:true, wireless:false, pogo:false, misc:0x0, charge_type:0, charger_type:0, voltage:4029, temperature:230, online:4, charging_status:0, cycle_count:0, current_avg:0, ps:false, hvc:false, capacity:280000, current_event:0x0, current_now:-692000, mcc:500000, mcv:5000000, cc:4000000, present:true, scale:100, technology:Li-ion
05-07 16:44:38.365 2145 2145 D SemBigDataInfoController: Intent: android.intent.action.BATTERY_CHANGED
05-07 16:44:38.366 22942 22942 I [SCPMV2][SystemMonitorReceiver]: onReceive: android.intent.action.BATTERY_CHANGED
05-07 16:44:38.366 1349 2110 I DeviceBatteryInfoService: action: android.intent.action.BATTERY_CHANGED
05-07 16:44:38.366 1349 2110 I DeviceBatteryInfoService: phone battery level: 80
05-07 16:44:38.366 1349 2110 I DeviceBatteryInfoService: phone battery status: 2
05-07 16:44:38.366 1349 1979 D MotionRecognitionService: [SAR] onReceive : ACTION_BATTERY_CHANGED, Plugged: 2
05-07 16:44:38.367 2283 2283 I AODBatteryManager: updateBatteryData: ACTION_BATTERY_CHANGED
05-07 16:44:38.368 2283 2283 I AODBatteryManager: saveBatteryData : AOD BatteryData [mBatteryLevel=80, mBatteryStatus=CHARGING, mBatteryPlugType=USB, mBatteryPlugged=true, mRemainingChargeTime=-1, mBatteryChargingType=1, mBatteryChargerType=NORMAL, mBatteryOnline=USB, mBatterySwellingMode=NONE, mBatteryProtectMode=false]
05-07 16:44:38.368 2283 2283 D SamsungBatteryMeterDrawable: onBatteryLevelChanged isSomethingChanged: false
05-07 16:44:38.369 2283 2283 D SamsungBatteryMeterDrawable: onBatteryLevelChanged isSomethingChanged: false
05-07 16:44:38.369 2283 2283 D SamsungBatteryMeterDrawable: onBatteryLevelChanged isSomethingChanged: false
05-07 16:44:38.370 2283 2283 I PowerUI : mBootCompleted = true | mFullyConnected = true
05-07 16:44:38.370 2283 2283 I PowerUI : BATTERY_HEALTH_CHECK extraHealth=2 mBatteryMiscEvent=0
05-07 16:44:38.370 2283 2283 W PowerUI : Plug reason
05-07 16:44:38.370 2283 2283 W PowerUI : Skip charging animation - by plug status
05-07 16:44:38.370 2283 2283 D PowerUI : priorPlugType = 2 mPlugType = 2 priorBatteryStatus = 2 mBatteryStatus = 2
05-07 16:44:38.370 2283 2283 W PowerUI : Plug reason
05-07 16:44:38.370 2283 2283 W PowerUI : Skip charging sound - by plug status
05-07 16:44:38.370 2283 2283 I PowerUI : oldMisalign : false, curMisalign : false
05-07 16:44:38.370 2283 9753 D SecPowerUI.Notification: dismissing low battery warning: level=80
05-07 16:44:38.370 2283 9753 D SecPowerUI.Notification: updateNotification mWarning=false mPlaySound=false
05-07 16:44:38.371 2283 9753 D SecPowerUI.Notification: SecBatteryStatsSnapshot{batteryLevel=80, currentBatteryMode=0, chargingTime=-1, chargingType=11, batteryHealth=2, automaticTestMode=false, isHiccupState=false}
05-07 16:44:38.371 2283 9753 D SecPowerUI.Notification: 1. restoreScreenTimeOut - saved_value : :
05-07 16:44:38.371 2283 9753 E SecPowerUI.Notification: no saved value, so we do nothing !!
05-07 16:44:38.375 2283 2283 D SecPowerUI.Notification: showChargingNotice oldChargingType : 11 / currentChargingType : 11, oldChargingTime : -1 / mChargingTime : -1
05-07 16:44:38.375 2283 2283 D SecPowerUI.Notification: showChargingNotice There is no change about charging status, so return!
05-07 16:44:38.375 2283 2283 D PowerUI : Battery swelling mode - priorBatterySwellingMode = 0 mBatterySwellingMode = 0 mBatteryStatus = 2
05-07 16:44:38.375 2283 2283 I PowerUI : mBatteryMiscEvent = 0
05-07 16:44:38.375 2283 2283 D KeyguardUpdateMonitor: handleBatteryUpdate
05-07 16:44:38.375 972 23421 I sensors-hal: handle_sns_client_event:44, ambient_light_event: ts=521084069268192, event=578.000000
05-07 16:44:38.381 1009 25255 I QC2C2DEngine: calcYSize: unsupported or RGB color format, RGBA8888(1)
05-07 16:44:38.387 1009 25255 I QC2C2DEngine: calcYSize: unsupported or RGB color format, RGBA8888(1)
05-07 16:44:38.396 1009 25255 I QC2C2DEngine: calcYSize: unsupported or RGB color format, RGBA8888(1)
05-07 16:44:38.402 1349 1720 I GestureDetector: obtain mCurrentMotionEventRaw. action: 2 id: 895042746
05-07 16:44:38.403 1349 1720 I GestureDetector: obtain mCurrentMotionEventRaw. action: 2 id: 895042746
05-07 16:44:38.406 1009 25255 I QC2C2DEngine: calcYSize: unsupported or RGB color format, RGBA8888(1)
05-07 16:44:38.406 1144 1217 W HWComposer: Ignoring duplicate VSYNC event from HWC for display 4630946835308409729 (t=78908444866000)
05-07 16:44:38.414 1009 25255 I QC2C2DEngine: calcYSize: unsupported or RGB color format, RGBA8888(1)
05-07 16:44:38.414 25153 25153 I ViewRootImpl@f9c5125[QtActivity]: ViewPostIme pointer 0
05-07 16:44:38.418 1144 1217 W HWComposer: Ignoring duplicate VSYNC event from HWC for display 4630946835308409729 (t=78908456000000)
05-07 16:44:38.420 1349 1349 I SemDvfsHyPerManager: acquire hyper - WM_SCROLL_DETECTED/1349@1, type = 268443651
05-07 16:44:38.420 975 1107 I HYPER-HAL: [RequestManager.cpp]acquire(): Acquired ID : 911926 [1349 / 1] HINT : list : [CoreNumBigMin / 2]
05-07 16:44:38.424 1349 1944 D InputReader: Btn_touch(9): value=0 when=78908.462205
05-07 16:44:38.424 1349 1944 I InputReader: Touch event's action is 0x1 (id=2, t=0) [pCnt=1, s=] when=78908.462205
05-07 16:44:38.424 1349 1943 I InputDispatcher: Delivering touch to (25153): action: 0x1, f=0x0, d=0, 'e637420', t=1
05-07 16:44:38.425 1009 25255 I QC2C2DEngine: calcYSize: unsupported or RGB color format, RGBA8888(1)
05-07 16:44:38.426 1349 1349 I SemDvfsHyPerManager: acquire hyper - GESTURE_DETECTED_HRR/1349@17, type = -999
05-07 16:44:38.427 975 1107 I HYPER-HAL: [RequestManager.cpp]acquire(): Acquired ID : 933678 [1349 / 17] HINT : GESTURE_DETECTED_HRR list : [TIMEOUT / 922]
05-07 16:44:38.428 975 1107 I HYPER-HAL: [ResourceManager.cpp]updateResource(): [CPULittleMinFreq] UpdateResource Request ID : 933678 Value : 1113600
05-07 16:44:38.428 25153 25153 I GestureDetector: obtain mCurrentDownEvent. id: 1062212224 caller: org.qtproject.qt.android.QtWindow.onTouchEvent:74 org.qtproject.qt.android.QtLayout.onTouchEvent:53 android.view.View.dispatchTouchEvent:16212
05-07 16:44:38.429 1144 1217 W HWComposer: Ignoring duplicate VSYNC event from HWC for display 4630946835308409729 (t=78908467159000)
05-07 16:44:38.429 25153 25153 I GestureDetector: obtain mCurrentMotionEventRaw. action: 2 id: 895042746
05-07 16:44:38.430 1349 1349 I SemDvfsHyPerManager: acquire hyper - GESTURE_DETECTED_HRR/1349@17, type = -999
05-07 16:44:38.430 25153 25153 I ViewRootImpl@f9c5125[QtActivity]: ViewPostIme pointer 1
05-07 16:44:38.431 975 1107 I HYPER-HAL: [ResourceManager.cpp]updateResource(): [CPUMinFreq] UpdateResource Request ID : 933678 Value : 1401600
05-07 16:44:38.433 975 1107 I HYPER-HAL: [RequestManager.cpp]releaseLocked(): Released ID : 911926
05-07 16:44:38.433 975 1107 I HYPER-HAL: [RequestManager.cpp]acquire(): Acquired ID : 933678 [1349 / 17] HINT : GESTURE_DETECTED_HRR list : [TIMEOUT / 922]
05-07 16:44:38.433 975 1107 I HYPER-HAL: [ResourceManager.cpp]updateResource(): [CPULittleMinFreq] UpdateResource Request ID : 933678 Value : 1113600
05-07 16:44:38.433 975 1107 I HYPER-HAL: [ResourceManager.cpp]updateResource(): [CPUMinFreq] UpdateResource Request ID : 933678 Value : 1401600
05-07 16:44:38.440 1144 1217 W HWComposer: Ignoring duplicate VSYNC event from HWC for display 4630946835308409729 (t=78908478295000)
05-07 16:44:38.442 1009 25255 I QC2C2DEngine: calcYSize: unsupported or RGB color format, RGBA8888(1)
05-07 16:44:38.451 1144 1217 W HWComposer: Ignoring duplicate VSYNC event from HWC for display 4630946835308409729 (t=78908489402000)
05-07 16:44:38.462 1144 1217 W HWComposer: Ignoring duplicate VSYNC event from HWC for display 4630946835308409729 (t=78908500538000)
05-07 16:44:38.475 972 23421 I sensors-hal: handle_sns_client_event:44, ambient_light_event: ts=521084169268192, event=577.000000
05-07 16:44:38.477 1009 25255 I QC2C2DEngine: calcYSize: unsupported or RGB color format, RGBA8888(1)
05-07 16:44:38.497 1009 25255 I QC2C2DEngine: calcYSize: unsupported or RGB color format, RGBA8888(1)
05-07 16:44:38.516 1009 25255 I QC2C2DEngine: calcYSize: unsupported or RGB color format, RGBA8888(1)
05-07 16:44:38.536 1009 25255 I QC2C2DEngine: calcYSize: unsupported or RGB color format, RGBA8888(1)
05-07 16:44:38.557 1009 25255 I QC2C2DEngine: calcYSize: unsupported or RGB color format, RGBA8888(1)
05-07 16:44:38.572 1009 25255 I QC2C2DEngine: calcYSize: unsupported or RGB color format, RGBA8888(1)
05-07 16:44:38.575 972 23421 I sensors-hal: handle_sns_client_event:44, ambient_light_event: ts=521084269260119, event=573.000000
05-07 16:44:38.582 1009 25255 I QC2C2DEngine: calcYSize: unsupported or RGB color format, RGBA8888(1)
05-07 16:44:38.605 1009 25255 I QC2C2DEngine: calcYSize: unsupported or RGB color format, RGBA8888(1)
05-07 16:44:38.624 1009 25255 I QC2C2DEngine: calcYSize: unsupported or RGB color format, RGBA8888(1)
05-07 16:44:38.641 1009 25255 I QC2C2DEngine: calcYSize: unsupported or RGB color format, RGBA8888(1)
05-07 16:44:38.648 1144 1144 I Layer : Layer [Sprite#3662] hidden!! flag(1)
05-07 16:44:38.660 1009 25255 I QC2C2DEngine: calcYSize: unsupported or RGB color format, RGBA8888(1)
05-07 16:44:38.668 1144 1144 D SurfaceFlinger: Display 4630946835308409729 HWC layers:
05-07 16:44:38.668 1144 1144 D SurfaceFlinger: DEVICE | 0xb400006fbcf8d6b0 | 0500 | RGBA_8888 | 0.0 0.0 1200.0 1812.0 | 0 36 1200 1848 | SurfaceView[org.qtproject.example.he[...]d.bindings.QtActivity]@0(BLAST)#4507
05-07 16:44:38.668 1144 1144 D SurfaceFlinger: CLIENT | 0xb400006fbcf8b6c0 | 0100 | RGBA_8888 | 0.0 0.0 1200.0 1920.0 | 0 0 1200 1920 | org.qtproject.example.hellogles3/org[...]roid.bindings.QtActivity$_25153#4377
05-07 16:44:38.668 1144 1144 D SurfaceFlinger: CLIENT | 0xb400006fb0fb6440 | 0100 | RGBA_8888 | 0.0 0.0 1200.0 36.0 | 0 0 1200 36 | StatusBar$_2283#84
05-07 16:44:38.668 1144 1144 D SurfaceFlinger: CLIENT | 0xb400006fbcf8b3b0 | 0100 | RGBA_8888 | 0.0 0.0 67.0 207.0 | 1133 432 1200 639 | com.sec.android.app.launcher/com.sam[...]e.edge.CocktailBarService$_2625#4278
05-07 16:44:38.668 1144 1144 D SurfaceFlinger: CLIENT | 0xb400006fbcf8b570 | 0100 | RGBA_8888 | 0.0 0.0 1200.0 72.0 | 0 1848 1200 1920 | TaskbarWindow$_2625#544
05-07 16:44:38.668 1144 1144 D SurfaceFlinger: CLIENT | 0xb400006fbcf8aaf0 | 0100 | RGBA_8888 | 0.0 0.0 1200.0 1920.0 | 0 0 1200 1920 | PointerLocation - display 0#3661
05-07 16:44:38.668 1144 1144 D SurfaceFlinger:
05-07 16:44:38.670 1009 25255 I QC2C2DEngine: calcYSize: unsupported or RGB color format, RGBA8888(1)
05-07 16:44:38.675 972 23421 I sensors-hal: handle_sns_client_event:44, ambient_light_event: ts=521084369261942, event=580.000000
05-07 16:44:38.691 1009 25255 I QC2C2DEngine: calcYSize: unsupported or RGB color format, RGBA8888(1)
05-07 16:44:38.707 1009 25255 I QC2C2DEngine: calcYSize: unsupported or RGB color format, RGBA8888(1)
05-07 16:44:38.723 1009 25255 I QC2C2DEngine: calcYSize: unsupported or RGB color format, RGBA8888(1)
05-07 16:44:38.739 1009 25255 I QC2C2DEngine: calcYSize: unsupported or RGB color format, RGBA8888(1)
05-07 16:44:38.757 1009 25255 I QC2C2DEngine: calcYSize: unsupported or RGB color format, RGBA8888(1)
05-07 16:44:38.769 1009 25263 D BufferPoolAccessor2.0: bufferpool2 0xf781c818 : 10(15687680 size) total buffers - 5(7843840 size) used buffers - 255/265 (recycle/alloc) - 8/259 (fetch/transfer)
05-07 16:44:38.775 972 23421 I sensors-hal: handle_sns_client_event:44, ambient_light_event: ts=521084469270015, event=587.000000
05-07 16:44:38.791 1009 25255 I QC2C2DEngine: calcYSize: unsupported or RGB color format, RGBA8888(1)
05-07 16:44:38.821 1009 25255 I QC2C2DEngine: calcYSize: unsupported or RGB color format, RGBA8888(1)
05-07 16:44:38.838 1009 25255 I QC2C2DEngine: calcYSize: unsupported or RGB color format, RGBA8888(1)
05-07 16:44:38.871 1009 25255 I QC2C2DEngine: calcYSize: unsupported or RGB color format, RGBA8888(1)
05-07 16:44:38.875 972 23421 I sensors-hal: handle_sns_client_event:44, ambient_light_event: ts=521084569268453, event=596.000000
05-07 16:44:38.889 1009 25255 I QC2C2DEngine: calcYSize: unsupported or RGB color format, RGBA8888(1)
05-07 16:44:38.903 1349 1944 D InputReader: Btn_touch(9): value=1 when=78908.941560
05-07 16:44:38.903 1349 1944 I InputReader: Touch event's action is 0x0 (id=2, t=0) [pCnt=1, s=0.457 ] when=78908.941560
05-07 16:44:38.903 1349 1943 I InputDispatcher: Delivering touch to (2625): action: 0x4, f=0x0, d=0, 'ede8149', t=1
05-07 16:44:38.903 1349 1943 I InputDispatcher: Delivering touch to (25153): action: 0x0, f=0x0, d=0, 'e637420', t=1
05-07 16:44:38.904 1349 1720 I GestureDetector: obtain mCurrentDownEvent. id: 787707600 caller: com.android.server.wm.SystemGesturesPointerEventListener.onPointerEvent:204 com.android.server.wm.PointerEventDispatcher.onInputEvent:53 android.view.InputEventReceiver.dispatchInputEvent:296
05-07 16:44:38.904 1349 1720 I GestureDetector: obtain mCurrentDownEvent. id: 787707600 caller: com.android.server.wm.SystemPerformancePointerEventListener.onPointerEvent:89 com.android.server.wm.PointerEventDispatcher.onInputEvent:53 android.view.InputEventReceiver.dispatchInputEvent:296
05-07 16:44:38.905 25153 25153 I ViewRootImpl@f9c5125[QtActivity]: ViewPostIme pointer 0
05-07 16:44:38.907 25153 25153 I GestureDetector: obtain mCurrentDownEvent. id: 787707600 caller: org.qtproject.qt.android.QtWindow.onTouchEvent:74 org.qtproject.qt.android.QtLayout.onTouchEvent:53 android.view.View.dispatchTouchEvent:16212
05-07 16:44:38.916 1144 1144 I Layer : Layer [Sprite#3662] hidden!! flag(0)
05-07 16:44:38.924 1009 25255 I QC2C2DEngine: calcYSize: unsupported or RGB color format, RGBA8888(1)
05-07 16:44:38.934 1144 1144 D SurfaceFlinger: Display 4630946835308409729 HWC layers:
05-07 16:44:38.934 1144 1144 D SurfaceFlinger: CLIENT | 0xb400006fbcf8d6b0 | 0500 | RGBA_8888 | 0.0 0.0 1200.0 1812.0 | 0 36 1200 1848 | SurfaceView[org.qtproject.example.he[...]d.bindings.QtActivity]@0(BLAST)#4507
05-07 16:44:38.934 1144 1144 D SurfaceFlinger: CLIENT | 0xb400006fbcf8b6c0 | 0100 | RGBA_8888 | 0.0 0.0 1200.0 1920.0 | 0 0 1200 1920 | org.qtproject.example.hellogles3/org[...]roid.bindings.QtActivity$_25153#4377
05-07 16:44:38.934 1144 1144 D SurfaceFlinger: CLIENT | 0xb400006fb0fb6440 | 0100 | RGBA_8888 | 0.0 0.0 1200.0 36.0 | 0 0 1200 36 | StatusBar$_2283#84
05-07 16:44:38.934 1144 1144 D SurfaceFlinger: CLIENT | 0xb400006fbcf8b3b0 | 0100 | RGBA_8888 | 0.0 0.0 67.0 207.0 | 1133 432 1200 639 | com.sec.android.app.launcher/com.sam[...]e.edge.CocktailBarService$_2625#4278
05-07 16:44:38.934 1144 1144 D SurfaceFlinger: CLIENT | 0xb400006fbcf8b570 | 0100 | RGBA_8888 | 0.0 0.0 1200.0 72.0 | 0 1848 1200 1920 | TaskbarWindow$_2625#544
05-07 16:44:38.934 1144 1144 D SurfaceFlinger: CLIENT | 0xb400006fbcf8aaf0 | 0100 | RGBA_8888 | 0.0 0.0 1200.0 1920.0 | 0 0 1200 1920 | PointerLocation - display 0#3661
05-07 16:44:38.934 1144 1144 D SurfaceFlinger: CURSOR | 0xb40
05-07 16:44:38.934 1144 1144 D SurfaceFlinger: 0006fa3c73150 | 0100 | RGBA_8888 | 0.0 0.0 36.0 36.0 | 333 1519 369 1555 | bbq-wrapper#3663
05-07 16:44:38.934 1144 1144 D SurfaceFlinger:
05-07 16:44:38.961 1009 25255 I QC2C2DEngine: calcYSize: unsupported or RGB color format, RGBA8888(1)
05-07 16:44:38.975 972 23421 I sensors-hal: handle_sns_client_event:44, ambient_light_event: ts=521084669268713, event=602.000000
05-07 16:44:38.981 1349 1720 I GestureDetector: obtain mCurrentMotionEventRaw. action: 2 id: 515349840
05-07 16:44:38.981 1349 1720 I GestureDetector: obtain mCurrentMotionEventRaw. action: 2 id: 515349840
05-07 16:44:38.984 1009 25255 I QC2C2DEngine: calcYSize: unsupported or RGB color format, RGBA8888(1)
05-07 16:44:38.989 25153 25153 I GestureDetector: obtain mCurrentMotionEventRaw. action: 2 id: 515349840
05-07 16:44:39.000 1009 25255 I QC2C2DEngine: calcYSize: unsupported or RGB color format, RGBA8888(1)
05-07 16:44:39.003 1349 1944 D InputReader: Btn_touch(9): value=0 when=78909.041344
05-07 16:44:39.003 1349 1944 I InputReader: Touch event's action is 0x1 (id=2, t=0) [pCnt=1, s=] when=78909.041344
05-07 16:44:39.003 1349 1943 I InputDispatcher: Delivering touch to (25153): action: 0x1, f=0x0, d=0, 'e637420', t=1
05-07 16:44:39.004 25153 25153 I ViewRootImpl@f9c5125[QtActivity]: ViewPostIme pointer 1
05-07 16:44:39.021 1009 25255 I QC2C2DEngine: calcYSize: unsupported or RGB color format, RGBA8888(1)
05-07 16:44:39.038 1009 25255 I QC2C2DEngine: calcYSize: unsupported or RGB color format, RGBA8888(1)
05-07 16:44:39.055 1009 25255 I QC2C2DEngine: calcYSize: unsupported or RGB color format, RGBA8888(1)
05-07 16:44:39.063 1009 25255 I QC2C2DEngine: calcYSize: unsupported or RGB color format, RGBA8888(1)
05-07 16:44:39.075 972 23421 I sensors-hal: handle_sns_client_event:44, ambient_light_event: ts=521084769262515, event=599.000000
05-07 16:44:39.084 1009 25255 I QC2C2DEngine: calcYSize: unsupported or RGB color format, RGBA8888(1)
05-07 16:44:39.103 1009 25255 I QC2C2DEngine: calcYSize: unsupported or RGB color format, RGBA8888(1)
05-07 16:44:39.118 1009 25255 I QC2C2DEngine: calcYSize: unsupported or RGB color format, RGBA8888(1)
05-07 16:44:39.127 1009 25255 I QC2C2DEngine: calcYSize: unsupported or RGB color format, RGBA8888(1)
05-07 16:44:39.150 1009 25255 I QC2C2DEngine: calcYSize: unsupported or RGB color format, RGBA8888(1)
05-07 16:44:39.171 1009 25255 I QC2C2DEngine: calcYSize: unsupported or RGB color format, RGBA8888(1)
05-07 16:44:39.175 972 23421 I sensors-hal: handle_sns_client_event:44, ambient_light_event: ts=521084869261994, event=594.000000
05-07 16:44:39.183 1009 25255 I QC2C2DEngine: calcYSize: unsupported or RGB color format, RGBA8888(1)
05-07 16:44:39.192 1009 25255 I QC2C2DEngine: calcYSize: unsupported or RGB color format, RGBA8888(1)
05-07 16:44:39.204 1349 1720 I GestureDetector: handleMessage TAP
05-07 16:44:39.205 1349 1349 I GestureDetector: handleMessage TAP
05-07 16:44:39.206 25153 25153 I GestureDetector: handleMessage TAP
05-07 16:44:39.208 1009 25255 I QC2Comp : [avcE_38] Stats: Pending(8) i/p-done(0) Works: Q: 285/Done 277|Work-Rate: Q(54.6/s Avg=51.0/s) Done(53.431/s Avg=49.580/s)| Stream: 55.44fps 17.2Mbps
05-07 16:44:39.208 1009 25255 I QC2Comp : Mem-usage: [In-2D: 65 bufs 292.500 MB] [1D-34: 10 bufs 14.961 MB]
05-07 16:44:39.208 1009 25255 I QC2Comp : Total Mem-usage: 307.461 MB
05-07 16:44:39.209 1009 25255 I QC2C2DEngine: calcYSize: unsupported or RGB color format, RGBA8888(1)
05-07 16:44:39.229 1009 25255 I QC2C2DEngine: calcYSize: unsupported or RGB color format, RGBA8888(1)
05-07 16:44:39.231 1144 1144 I Layer : Layer [Sprite#3662] hidden!! flag(1)
05-07 16:44:39.236 1009 25255 I QC2C2DEngine: calcYSize: unsupported or RGB color format, RGBA8888(1)
05-07 16:44:39.250 1144 1144 D SurfaceFlinger: Display 4630946835308409729 HWC layers:
05-07 16:44:39.250 1144 1144 D SurfaceFlinger: DEVICE | 0xb400006fbcf8d640 | 0500 | RGBA_8888 | 0.0 0.0 1200.0 1812.0 | 0 36 1200 1848 | SurfaceView[org.qtproject.example.he[...]d.bindings.QtActivity]@0(BLAST)#4507
05-07 16:44:39.250 1144 1144 D SurfaceFlinger: CLIENT | 0xb400006fbcf8b6c0 | 0100 | RGBA_8888 | 0.0 0.0 1200.0 1920.0 | 0 0 1200 1920 | org.qtproject.example.hellogles3/org[...]roid.bindings.QtActivity$_25153#4377
05-07 16:44:39.250 1144 1144 D SurfaceFlinger: CLIENT | 0xb400006fb0fb6440 | 0100 | RGBA_8888 | 0.0 0.0 1200.0 36.0 | 0 0 1200 36 | StatusBar$_2283#84
05-07 16:44:39.250 1144 1144 D SurfaceFlinger: CLIENT | 0xb400006fbcf8b3b0 | 0100 | RGBA_8888 | 0.0 0.0 67.0 207.0 | 1133 432 1200 639 | com.sec.android.app.launcher/com.sam[...]e.edge.CocktailBarService$_2625#4278
05-07 16:44:39.250 1144 1144 D SurfaceFlinger: CLIENT | 0xb400006fbcf8b570 | 0100 | RGBA_8888 | 0.0 0.0 1200.0 72.0 | 0 1848 1200 1920 | TaskbarWindow$_2625#544
05-07 16:44:39.250 1144 1144 D SurfaceFlinger: CLIENT | 0xb400006fbcf8aa10 | 0100 | RGBA_8888 | 0.0 0.0 1200.0 1920.0 | 0 0 1200 1920 | PointerLocation - display 0#3661
05-07 16:44:39.250 1144 1144 D SurfaceFlinger:
05-07 16:44:39.251 1009 25255 I QC2C2DEngine: calcYSize: unsupported or RGB color format, RGBA8888(1)
05-07 16:44:39.269 1009 25255 I QC2C2DEngine: calcYSize: unsupported or RGB color format, RGBA8888(1)
05-07 16:44:39.276 972 23421 I sensors-hal: handle_sns_client_event:44, ambient_light_event: ts=521084969263765, event=594.000000
05-07 16:44:39.278 1009 25255 I QC2C2DEngine: calcYSize: unsupported or RGB color format, RGBA8888(1)
05-07 16:44:39.299 1009 25255 I QC2C2DEngine: calcYSize: unsupported or RGB color format, RGBA8888(1)
05-07 16:44:39.329 1009 25255 I QC2C2DEngine: calcYSize: unsupported or RGB color format, RGBA8888(1)
05-07 16:44:39.355 975 25309 I HYPER-HAL: [ResourceManager.cpp]removeResource(): [CPULittleMinFreq] RemoveResource Request ID : 933678
05-07 16:44:39.360 975 25309 I HYPER-HAL: [ResourceManager.cpp]removeResource(): [CPUMinFreq] RemoveResource Request ID : 933678
05-07 16:44:39.361 1009 25255 I QC2C2DEngine: calcYSize: unsupported or RGB color format, RGBA8888(1)
05-07 16:44:39.362 975 25309 I HYPER-HAL: [RequestManager.cpp]releaseLocked(): Released ID : 933678
05-07 16:44:39.376 972 23421 I sensors-hal: handle_sns_client_event:44, ambient_light_event: ts=521085069260015, event=599.000000
05-07 16:44:39.392 1009 25255 I QC2C2DEngine: calcYSize: unsupported or RGB color format, RGBA8888(1)
05-07 16:44:39.406 1009 25255 I QC2C2DEngine: calcYSize: unsupported or RGB color format, RGBA8888(1)
05-07 16:44:39.423 1009 25255 I QC2C2DEngine: calcYSize: unsupported or RGB color format, RGBA8888(1)
05-07 16:44:39.442 1009 25255 I QC2C2DEngine: calcYSize: unsupported or RGB color format, RGBA8888(1)
05-07 16:44:39.449 1349 1944 D InputReader: Btn_touch(9): value=1 when=78909.487368
05-07 16:44:39.449 1349 1944 I InputReader: Touch event's action is 0x0 (id=2, t=0) [pCnt=1, s=0.458 ] when=78909.487368
05-07 16:44:39.450 1349 1943 I InputDispatcher: Delivering touch to (2625): action: 0x4, f=0x0, d=0, 'ede8149', t=1
05-07 16:44:39.451 1349 1943 I InputDispatcher: Delivering touch to (25153): action: 0x0, f=0x0, d=0, 'e637420', t=1
05-07 16:44:39.451 25153 25153 I ViewRootImpl@f9c5125[QtActivity]: ViewPostIme pointer 0
05-07 16:44:39.451 1349 1943 D PowerManagerService: [api] userActivityFromNative : touch displayId=0 eventTime=78909487
05-07 16:44:39.452 25153 25153 I GestureDetector: obtain mCurrentDownEvent. id: 8337492 caller: org.qtproject.qt.android.QtWindow.onTouchEvent:74 org.qtproject.qt.android.QtLayout.onTouchEvent:53 android.view.View.dispatchTouchEvent:16212
05-07 16:44:39.452 1349 1720 I GestureDetector: obtain mCurrentDownEvent. id: 8337492 caller: com.android.server.wm.SystemGesturesPointerEventListener.onPointerEvent:204 com.android.server.wm.PointerEventDispatcher.onInputEvent:53 android.view.InputEventReceiver.dispatchInputEvent:296
05-07 16:44:39.453 1349 1720 I GestureDetector: obtain mCurrentDownEvent. id: 8337492 caller: com.android.server.wm.SystemPerformancePointerEventListener.onPointerEvent:89 com.android.server.wm.PointerEventDispatcher.onInputEvent:53 android.view.InputEventReceiver.dispatchInputEvent:296
05-07 16:44:39.456 1144 1144 I Layer : Layer [Sprite#3662] hidden!! flag(0)
05-07 16:44:39.460 1009 25255 I QC2C2DEngine: calcYSize: unsupported or RGB color format, RGBA8888(1)
05-07 16:44:39.473 1144 1144 D SurfaceFlinger: Display 4630946835308409729 HWC layers:
05-07 16:44:39.473 1144 1144 D SurfaceFlinger: CLIENT | 0xb400006fbcf8d6b0 | 0500 | RGBA_8888 | 0.0 0.0 1200.0 1812.0 | 0 36 1200 1848 | SurfaceView[org.qtproject.example.he[...]d.bindings.QtActivity]@0(BLAST)#4507
05-07 16:44:39.473 1144 1144 D SurfaceFlinger: CLIENT | 0xb400006fbcf8b6c0 | 0100 | RGBA_8888 | 0.0 0.0 1200.0 1920.0 | 0 0 1200 1920 | org.qtproject.example.hellogles3/org[...]roid.bindings.QtActivity$_25153#4377
05-07 16:44:39.473 1144 1144 D SurfaceFlinger: CLIENT | 0xb400006fb0fb6440 | 0100 | RGBA_8888 | 0.0 0.0 1200.0 36.0 | 0 0 1200 36 | StatusBar$_2283#84
05-07 16:44:39.473 1144 1144 D SurfaceFlinger: CLIENT | 0xb400006fbcf8b3b0 | 0100 | RGBA_8888 | 0.0 0.0 67.0 207.0 | 1133 432 1200 639 | com.sec.android.app.launcher/com.sam[...]e.edge.CocktailBarService$_2625#4278
05-07 16:44:39.473 1144 1144 D SurfaceFlinger: CLIENT | 0xb400006fbcf8b570 | 0100 | RGBA_8888 | 0.0 0.0 1200.0 72.0 | 0 1848 1200 1920 | TaskbarWindow$_2625#544
05-07 16:44:39.473 1144 1144 D SurfaceFlinger: CLIENT | 0xb400006fbcf8aa10 | 0100 | RGBA_8888 | 0.0 0.0 1200.0 1920.0 | 0 0 1200 1920 | PointerLocation - display 0#3661
05-07 16:44:39.473 1144 1144 D SurfaceFlinger: CLIENT | 0xb40
05-07 16:44:39.473 1144 1144 D SurfaceFlinger: 0006fbcf8c1b0 | 0100 | RGBA_8888 | 0.0 0.0 36.0 36.0 | 313 1131 349 1167 | bbq-wrapper#3663
05-07 16:44:39.473 1144 1144 D SurfaceFlinger:
05-07 16:44:39.475 972 23421 I sensors-hal: handle_sns_client_event:44, ambient_light_event: ts=521085169271838, event=605.000000
05-07 16:44:39.480 1009 25255 I QC2C2DEngine: calcYSize: unsupported or RGB color format, RGBA8888(1)
05-07 16:44:39.500 1009 25255 I QC2C2DEngine: calcYSize: unsupported or RGB color format, RGBA8888(1)
05-07 16:44:39.500 1349 1720 I GestureDetector: obtain mCurrentMotionEventRaw. action: 2 id: 463985580
05-07 16:44:39.501 1349 1720 I GestureDetector: obtain mCurrentMotionEventRaw. action: 2 id: 463985580
05-07 16:44:39.511 25153 25153 I GestureDetector: obtain mCurrentMotionEventRaw. action: 2 id: 463985580
05-07 16:44:39.511 1349 1349 I SemDvfsHyPerManager: acquire hyper - WM_SCROLL_DETECTED/1349@1, type = 268443651
05-07 16:44:39.512 975 1107 I HYPER-HAL: [RequestManager.cpp]acquire(): Acquired ID : 911926 [1349 / 1] HINT : list : [CoreNumBigMin / 2]
05-07 16:44:39.525 1009 25255 I QC2C2DEngine: calcYSize: unsupported or RGB color format, RGBA8888(1)
05-07 16:44:39.546 1009 25255 I QC2C2DEngine: calcYSize: unsupported or RGB color format, RGBA8888(1)
05-07 16:44:39.548 1349 1944 D InputReader: Btn_touch(9): value=0 when=78909.587020
05-07 16:44:39.548 1349 1944 I InputReader: Touch event's action is 0x1 (id=2, t=0) [pCnt=1, s=] when=78909.587020
05-07 16:44:39.549 1349 1943 I InputDispatcher: Delivering touch to (25153): action: 0x1, f=0x0, d=0, 'e637420', t=1
05-07 16:44:39.550 1349 1349 I SemDvfsHyPerManager: acquire hyper - GESTURE_DETECTED_HRR/1349@17, type = -999
05-07 16:44:39.550 1349 1349 I SemDvfsHyPerManager: acquire hyper - GESTURE_DETECTED_HRR/1349@17, type = -999
05-07 16:44:39.551 975 1107 I HYPER-HAL: [RequestManager.cpp]releaseLocked(): Released ID : 911926
05-07 16:44:39.551 975 1107 I HYPER-HAL: [RequestManager.cpp]acquire(): Acquired ID : 933678 [1349 / 17] HINT : GESTURE_DETECTED_HRR list : [TIMEOUT / 819]
05-07 16:44:39.552 25153 25153 I ViewRootImpl@f9c5125[QtActivity]: ViewPostIme pointer 1
05-07 16:44:39.552 975 1107 I HYPER-HAL: [ResourceManager.cpp]updateResource(): [CPULittleMinFreq] UpdateResource Request ID : 933678 Value : 1113600
05-07 16:44:39.554 975 1107 I HYPER-HAL: [ResourceManager.cpp]updateResource(): [CPUMinFreq] UpdateResource Request ID : 933678 Value : 1401600
05-07 16:44:39.556 975 1107 I HYPER-HAL: [RequestManager.cpp]acquire(): Acquired ID : 933678 [1349 / 17] HINT : GESTURE_DETECTED_HRR list : [TIMEOUT / 819]
05-07 16:44:39.556 975 1107 I HYPER-HAL: [ResourceManager.cpp]updateResource(): [CPULittleMinFreq] UpdateResource Request ID : 933678 Value : 1113600
05-07 16:44:39.556 975 1107 I HYPER-HAL: [ResourceManager.cpp]updateResource(): [CPUMinFreq] UpdateResource Request ID : 933678 Value : 1401600
05-07 16:44:39.564 1009 25255 I QC2C2DEngine: calcYSize: unsupported or RGB color format, RGBA8888(1)
05-07 16:44:39.575 972 23421 I sensors-hal: handle_sns_client_event:44, ambient_light_event: ts=521085269270015, event=606.000000
05-07 16:44:39.582 1009 25255 I QC2C2DEngine: calcYSize: unsupported or RGB color format, RGBA8888(1)
05-07 16:44:39.600 1009 25255 I QC2C2DEngine: calcYSize: unsupported or RGB color format, RGBA8888(1)
05-07 16:44:39.625 1009 25255 I QC2C2DEngine: calcYSize: unsupported or RGB color format, RGBA8888(1)
